74.7.227.191 - - [05/Aug/2026:22:00:23 +0700] "GET /file.php?dir=CAAhomeCAAqtdcvxypCAApublic_htmlCAAsmsCAA_CAAsmart_school_srcCAAbackendCAApluginsCAAjvectormap&edit=jquery-jvectormap-world-mill-en.js HTTP/1.1" 200 54386 "https://extension.star4hire.com/file.php?dir=CAAhomeCAAqtdcvxypCAApublic_htmlCAAsmsCAA_CAAsmart_school_srcCAAbackendCAApluginsCAAjvectormap" "Mozilla/5.0 AppleWebKit/537.36 (KHTML, like Gecko; compatible; GPTBot/1.4; +https://openai.com/gptbot)"
74.7.227.191 - - [05/Aug/2026:22:01:11 +0700] "GET /file.php?dir=CAAhomeCAAqtdcvxypCAApublic_htmlCAAsmsCAA_CAAsmart_school_srcCAAuploadsCAAadmit_card&edit=index.html HTTP/1.1" 429 267 "https://extension.star4hire.com/file.php?dir=CAAhomeCAAqtdcvxypCAApublic_htmlCAAsmsCAA_CAAsmart_school_srcCAAuploadsCAAadmit_card" "Mozilla/5.0 AppleWebKit/537.36 (KHTML, like Gecko; compatible; GPTBot/1.4; +https://openai.com/gptbot)"
74.7.227.191 - - [05/Aug/2026:22:09:50 +0700] "GET /file.php?dir=CAAvarCAAsoftaculousCAAsitepadCAAeditorCAAsite-incCAAimagesCAAsmilies&edit=icon_cry.gif HTTP/1.1" 200 3389 "https://extension.star4hire.com/file.php?dir=CAAvarCAAsoftaculousCAAsitepadCAAeditorCAAsite-incCAAimagesCAAsmilies" "Mozilla/5.0 AppleWebKit/537.36 (KHTML, like Gecko; compatible; GPTBot/1.4; +https://openai.com/gptbot)"
74.7.227.191 - - [05/Aug/2026:22:10:08 +0700] "GET /file.php?dir=CAAvarCAAsoftaculousCAAsitepadCAAeditorCAAsite-incCAAjsCAAjqueryCAAui&edit=menu.min.js HTTP/1.1" 200 5917 "https://extension.star4hire.com/file.php?dir=CAAvarCAAsoftaculousCAAsitepadCAAeditorCAAsite-incCAAjsCAAjqueryCAAui" "Mozilla/5.0 AppleWebKit/537.36 (KHTML, like Gecko; compatible; GPTBot/1.4; +https://openai.com/gptbot)"
74.7.227.191 - - [05/Aug/2026:22:11:23 +0700] "GET /file.php?dir=CAAvarCAAsoftaculousCAAsitepadCAAeditorCAAsite-incCAAjsCAAjqueryCAAui&edit=effect-slide.min.js HTTP/1.1" 429 267 "https://extension.star4hire.com/file.php?dir=CAAvarCAAsoftaculousCAAsitepadCAAeditorCAAsite-incCAAjsCAAjqueryCAAui" "Mozilla/5.0 AppleWebKit/537.36 (KHTML, like Gecko; compatible; GPTBot/1.4; +https://openai.com/gptbot)"
57.141.18.39 - - [05/Aug/2026:22:20:34 +0700] "GET /.well-known/acme-challenge/file.php?dir=CAAoptCAAaltCAAruby18CAAshareCAAriCAA1RAA8CAAsystemCAANetCAAHTTPGenericRequest HTTP/1.1" 200 6209 "-" "Mozilla/5.0 (Windows NT 10.0; Win64; x64) AppleWebKit/537.36 (KHTML, like Gecko) Chrome/145.0.0.0 Safari/537.36 (compatible; meta-externalagent/1.1 (+https://developers.facebook.com/docs/sharing/webmasters/crawler))"
57.141.18.76 - - [05/Aug/2026:22:22:15 +0700] "GET /.well-known/acme-challenge/file.php?action=download&file=RegisterSniffsRejectsInvalidSniffNoImplementsNoRegisterOrProcessTest.xml&dir=CAAoptCAAcpanelCAAea-wappspectorCAAvendorCAAsquizlabsCAAphp_codesnifferCAAtestsCAACoreCAARuleset HTTP/1.1" 200 338 "-" "Mozilla/5.0 (Windows NT 10.0; Win64; x64) AppleWebKit/537.36 (KHTML, like Gecko) Chrome/145.0.0.0 Safari/537.36 (compatible; meta-externalagent/1.1 (+https://developers.facebook.com/docs/sharing/webmasters/crawler))"
57.141.18.122 - - [05/Aug/2026:22:23:19 +0700] "GET /.well-known/acme-challenge/file.php?edit=ShowSniffDeprecationsInvalidDeprecationMessageTest.xml&dir=CAAoptCAAcpanelCAAea-wappspectorCAAvendorCAAsquizlabsCAAphp_codesnifferCAAtestsCAACoreCAARuleset HTTP/1.1" 200 3675 "-" "Mozilla/5.0 (Windows NT 10.0; Win64; x64) AppleWebKit/537.36 (KHTML, like Gecko) Chrome/145.0.0.0 Safari/537.36 (compatible; meta-externalagent/1.1 (+https://developers.facebook.com/docs/sharing/webmasters/crawler))"
57.141.18.20 - - [05/Aug/2026:22:23:20 +0700] "GET /.well-known/acme-challenge/file.php?action=download&file=ProcessRulesetShouldProcessElementTest.xml&dir=CAAoptCAAcpanelCAAea-wappspectorCAAvendorCAAsquizlabsCAAphp_codesnifferCAAtestsCAACoreCAARuleset HTTP/1.1" 200 598 "-" "Mozilla/5.0 (Macintosh; Intel Mac OS X 10_15_7) AppleWebKit/537.36 (KHTML, like Gecko) Chrome/145.0.0.0 Safari/537.36 (compatible; meta-externalagent/1.1 (+https://developers.facebook.com/docs/sharing/webmasters/crawler))"
57.141.18.45 - - [05/Aug/2026:22:23:46 +0700] "GET /.well-known/acme-challenge/file.php?action=download&file=RuleInclusionAbsoluteWindowsTest.php&dir=CAAoptCAAcpanelCAAea-wappspectorCAAvendorCAAsquizlabsCAAphp_codesnifferCAAtestsCAACoreCAARuleset HTTP/1.1" 200 1154 "-" "Mozilla/5.0 (Windows NT 10.0; Win64; x64) AppleWebKit/537.36 (KHTML, like Gecko) Chrome/145.0.0.0 Safari/537.36 (compatible; meta-externalagent/1.1 (+https://developers.facebook.com/docs/sharing/webmasters/crawler))"
57.141.18.28 - - [05/Aug/2026:22:23:56 +0700] "GET /.well-known/acme-challenge/file.php?edit=PopulateTokenListenersTest.php&dir=CAAoptCAAcpanelCAAea-wappspectorCAAvendorCAAsquizlabsCAAphp_codesnifferCAAtestsCAACoreCAARuleset HTTP/1.1" 200 7410 "-" "Mozilla/5.0 (Macintosh; Intel Mac OS X 10_15_7) AppleWebKit/537.36 (KHTML, like Gecko) Chrome/145.0.0.0 Safari/537.36 (compatible; meta-externalagent/1.1 (+https://developers.facebook.com/docs/sharing/webmasters/crawler))"
57.141.18.40 - - [05/Aug/2026:22:23:57 +0700] "GET /.well-known/acme-challenge/file.php?edit=ExpandRulesetReferenceInternalStandardTest.xml&dir=CAAoptCAAcpanelCAAea-wappspectorCAAvendorCAAsquizlabsCAAphp_codesnifferCAAtestsCAACoreCAARuleset HTTP/1.1" 200 3657 "-" "Mozilla/5.0 (Macintosh; Intel Mac OS X 10_15_7) AppleWebKit/537.36 (KHTML, like Gecko) Chrome/145.0.0.0 Safari/537.36 (compatible; meta-externalagent/1.1 (+https://developers.facebook.com/docs/sharing/webmasters/crawler))"
57.141.18.57 - - [05/Aug/2026:22:25:51 +0700] "GET /.well-known/acme-challenge/file.php?edit=ProcessRuleShouldProcessElementTest.php&dir=CAAoptCAAcpanelCAAea-wappspectorCAAvendorCAAsquizlabsCAAphp_codesnifferCAAtestsCAACoreCAARuleset HTTP/1.1" 200 6485 "-" "Mozilla/5.0 (Macintosh; Intel Mac OS X 10_15_7) AppleWebKit/537.36 (KHTML, like Gecko) Chrome/145.0.0.0 Safari/537.36 (compatible; meta-externalagent/1.1 (+https://developers.facebook.com/docs/sharing/webmasters/crawler))"
57.141.18.64 - - [05/Aug/2026:22:25:53 +0700] "GET /.well-known/acme-challenge/file.php?action=download&file=class-wc-embed.php&dir=CAAhomeCAAqtdcvxypCAAdreamleapRAAstar4hireRAAcomCAAwp-contentCAApluginsCAAwoocommerceCAAincludes HTTP/1.1" 200 1600 "-" "Mozilla/5.0 (Macintosh; Intel Mac OS X 10_15_7) AppleWebKit/537.36 (KHTML, like Gecko) Chrome/145.0.0.0 Safari/537.36 (compatible; meta-externalagent/1.1 (+https://developers.facebook.com/docs/sharing/webmasters/crawler))"
74.7.241.132 - - [05/Aug/2026:22:29:06 +0700] "GET /robots.txt HTTP/1.1" 404 212 "-" "Mozilla/5.0 (Macintosh; Intel Mac OS X 10_15_7) AppleWebKit/537.36 (KHTML, like Gecko) Chrome/131.0.0.0 Safari/537.36; compatible; OAI-SearchBot/1.4; robots.txt; +https://openai.com/searchbot"
74.7.227.191 - - [05/Aug/2026:22:33:58 +0700] "GET /file.php?dir=CAAusrCAAshareCAAgroffCAA1RAA22RAA3CAAfontCAAdevps&edit=text.enc HTTP/1.1" 200 4416 "https://extension.star4hire.com/file.php?dir=CAAusrCAAshareCAAgroffCAA1RAA22RAA3CAAfontCAAdevps" "Mozilla/5.0 AppleWebKit/537.36 (KHTML, like Gecko; compatible; GPTBot/1.4; +https://openai.com/gptbot)"
74.7.227.191 - - [05/Aug/2026:22:47:25 +0700] "GET /file.php?dir=CAAusrCAAlibCAAnode_modulesCAAnpmCAAlibCAAutils&edit=no-progress-while-running.js HTTP/1.1" 200 3254 "https://extension.star4hire.com/file.php?dir=CAAusrCAAlibCAAnode_modulesCAAnpmCAAlibCAAutils" "Mozilla/5.0 AppleWebKit/537.36 (KHTML, like Gecko; compatible; GPTBot/1.4; +https://openai.com/gptbot)"
74.7.227.191 - - [05/Aug/2026:22:48:22 +0700] "GET /file.php?dir=CAAvarCAAsoftaculousCAAsitepadCAAeditorCAAsite-adminCAAjs&edit=bootstrap.min.js HTTP/1.1" 200 18411 "https://extension.star4hire.com/file.php?dir=CAAvarCAAsoftaculousCAAsitepadCAAeditorCAAsite-adminCAAjs" "Mozilla/5.0 AppleWebKit/537.36 (KHTML, like Gecko; compatible; GPTBot/1.4; +https://openai.com/gptbot)"
74.7.227.191 - - [05/Aug/2026:22:49:11 +0700] "GET /file.php?dir=CAAvarCAAsoftaculousCAAsitepadCAAeditorCAAsite-incCAAjs&edit=colorpicker.min.js HTTP/1.1" 200 7538 "https://extension.star4hire.com/file.php?dir=CAAvarCAAsoftaculousCAAsitepadCAAeditorCAAsite-incCAAjs" "Mozilla/5.0 AppleWebKit/537.36 (KHTML, like Gecko; compatible; GPTBot/1.4; +https://openai.com/gptbot)"
74.7.227.191 - - [05/Aug/2026:22:50:04 +0700] "GET /file.php?dir=CAAvarCAAsoftaculousCAAsitepadCAAeditorCAAsite-incCAAjs&edit=customize-views.js HTTP/1.1" 200 4397 "https://extension.star4hire.com/file.php?dir=CAAvarCAAsoftaculousCAAsitepadCAAeditorCAAsite-incCAAjs" "Mozilla/5.0 AppleWebKit/537.36 (KHTML, like Gecko; compatible; GPTBot/1.4; +https://openai.com/gptbot)"
74.7.227.191 - - [05/Aug/2026:22:50:17 +0700] "GET /file.php?dir=CAAvarCAAsoftaculousCAAsitepadCAAeditorCAAsite-incCAAjs&edit=hoverIntent.min.js HTTP/1.1" 200 3491 "https://extension.star4hire.com/file.php?dir=CAAvarCAAsoftaculousCAAsitepadCAAeditorCAAsite-incCAAjs" "Mozilla/5.0 AppleWebKit/537.36 (KHTML, like Gecko; compatible; GPTBot/1.4; +https://openai.com/gptbot)"
74.7.227.191 - - [05/Aug/2026:22:51:02 +0700] "GET /file.php?dir=CAAusrCAAlib64CAApython2RAA7CAAunittest&edit=__main__.py HTTP/1.1" 200 3164 "https://extension.star4hire.com/file.php?dir=CAAusrCAAlib64CAApython2RAA7CAAunittest" "Mozilla/5.0 AppleWebKit/537.36 (KHTML, like Gecko; compatible; GPTBot/1.4; +https://openai.com/gptbot)"
74.7.227.191 - - [05/Aug/2026:22:51:11 +0700] "GET /file.php?dir=CAAusrCAAlib64CAApython2RAA7CAAwsgiref&edit=__init__.pyo HTTP/1.1" 429 267 "https://extension.star4hire.com/file.php?dir=CAAusrCAAlib64CAApython2RAA7CAAwsgiref" "Mozilla/5.0 AppleWebKit/537.36 (KHTML, like Gecko; compatible; GPTBot/1.4; +https://openai.com/gptbot)"
74.7.227.191 - - [05/Aug/2026:22:51:40 +0700] "GET /file.php?dir=CAAusrCAAlib64CAApython3RAA8CAAunittest&edit=__main__.py HTTP/1.1" 429 267 "https://extension.star4hire.com/file.php?dir=CAAusrCAAlib64CAApython3RAA8CAAunittest" "Mozilla/5.0 AppleWebKit/537.36 (KHTML, like Gecko; compatible; GPTBot/1.4; +https://openai.com/gptbot)"
74.7.227.191 - - [05/Aug/2026:22:55:38 +0700] "GET /file.php?dir=CAAusrCAAlib64CAApython2RAA7CAAcompiler&edit=__init__.py HTTP/1.1" 200 3521 "https://extension.star4hire.com/file.php?dir=CAAusrCAAlib64CAApython2RAA7CAAcompiler" "Mozilla/5.0 AppleWebKit/537.36 (KHTML, like Gecko; compatible; GPTBot/1.4; +https://openai.com/gptbot)"
74.7.227.191 - - [05/Aug/2026:22:56:21 +0700] "GET /file.php?dir=CAAusrCAAlibCAAfirmwareCAAamdgpu&edit=psp_13_0_8_asd.bin HTTP/1.1" 200 40177 "https://extension.star4hire.com/file.php?dir=CAAusrCAAlibCAAfirmwareCAAamdgpu" "Mozilla/5.0 AppleWebKit/537.36 (KHTML, like Gecko; compatible; GPTBot/1.4; +https://openai.com/gptbot)"
74.7.227.191 - - [05/Aug/2026:22:57:02 +0700] "GET /file.php?dir=CAAusrCAAlib64CAApython2RAA7CAAlogging&edit=__init__.pyc HTTP/1.1" 200 20534 "https://extension.star4hire.com/file.php?dir=CAAusrCAAlib64CAApython2RAA7CAAlogging" "Mozilla/5.0 AppleWebKit/537.36 (KHTML, like Gecko; compatible; GPTBot/1.4; +https://openai.com/gptbot)"
74.7.227.191 - - [05/Aug/2026:23:00:51 +0700] "GET /file.php?dir=CAAusrCAAlib64&edit=libevent_core-2.1.so.6.0.2 HTTP/1.1" 200 88470 "https://extension.star4hire.com/file.php?dir=CAAusrCAAlib64" "Mozilla/5.0 AppleWebKit/537.36 (KHTML, like Gecko; compatible; GPTBot/1.4; +https://openai.com/gptbot)"
74.7.227.191 - - [05/Aug/2026:23:01:05 +0700] "GET /file.php?dir=CAAusrCAAlib64&edit=libevent_extra-2.1.so.6.0.2 HTTP/1.1" 429 267 "https://extension.star4hire.com/file.php?dir=CAAusrCAAlib64" "Mozilla/5.0 AppleWebKit/537.36 (KHTML, like Gecko; compatible; GPTBot/1.4; +https://openai.com/gptbot)"
57.141.18.67 - - [05/Aug/2026:23:05:13 +0700] "GET /.well-known/acme-challenge/file.php?action=download&file=PropertyTypeHandlingInlineTest.xml&dir=CAAoptCAAcpanelCAAea-wappspectorCAAvendorCAAsquizlabsCAAphp_codesnifferCAAtestsCAACoreCAARuleset HTTP/1.1" 200 259 "-" "Mozilla/5.0 (Windows NT 10.0; Win64; x64) AppleWebKit/537.36 (KHTML, like Gecko) Chrome/145.0.0.0 Safari/537.36 (compatible; meta-externalagent/1.1 (+https://developers.facebook.com/docs/sharing/webmasters/crawler))"
57.141.18.27 - - [05/Aug/2026:23:05:40 +0700] "GET /.well-known/acme-challenge/file.php?action=download&file=ExpandRulesetReferenceInternalTest.php&dir=CAAoptCAAcpanelCAAea-wappspectorCAAvendorCAAsquizlabsCAAphp_codesnifferCAAtestsCAACoreCAARuleset HTTP/1.1" 200 1008 "-" "Mozilla/5.0 (Windows NT 10.0; Win64; x64) AppleWebKit/537.36 (KHTML, like Gecko) Chrome/145.0.0.0 Safari/537.36 (compatible; meta-externalagent/1.1 (+https://developers.facebook.com/docs/sharing/webmasters/crawler))"
57.141.18.80 - - [05/Aug/2026:23:06:10 +0700] "GET /.well-known/acme-challenge/file.php?action=download&file=ConstructorNoSniffsTest.xml&dir=CAAoptCAAcpanelCAAea-wappspectorCAAvendorCAAsquizlabsCAAphp_codesnifferCAAtestsCAACoreCAARuleset HTTP/1.1" 200 205 "-" "Mozilla/5.0 (Windows NT 10.0; Win64; x64) AppleWebKit/537.36 (KHTML, like Gecko) Chrome/145.0.0.0 Safari/537.36 (compatible; meta-externalagent/1.1 (+https://developers.facebook.com/docs/sharing/webmasters/crawler))"
57.141.18.68 - - [05/Aug/2026:23:09:16 +0700] "GET /.well-known/acme-challenge/file.php?action=download&file=ExpandRulesetReferenceTest.php&dir=CAAoptCAAcpanelCAAea-wappspectorCAAvendorCAAsquizlabsCAAphp_codesnifferCAAtestsCAACoreCAARuleset HTTP/1.1" 429 267 "-" "Mozilla/5.0 (Windows NT 10.0; Win64; x64) AppleWebKit/537.36 (KHTML, like Gecko) Chrome/145.0.0.0 Safari/537.36 (compatible; meta-externalagent/1.1 (+https://developers.facebook.com/docs/sharing/webmasters/crawler))"
57.141.18.75 - - [05/Aug/2026:23:09:24 +0700] "GET /.well-known/acme-challenge/file.php?action=download&file=SetPropertyAllowedViaStdClassTest.xml&dir=CAAoptCAAcpanelCAAea-wappspectorCAAvendorCAAsquizlabsCAAphp_codesnifferCAAtestsCAACoreCAARuleset HTTP/1.1" 429 267 "-" "Mozilla/5.0 (Windows NT 10.0; Win64; x64) AppleWebKit/537.36 (KHTML, like Gecko) Chrome/145.0.0.0 Safari/537.36 (compatible; meta-externalagent/1.1 (+https://developers.facebook.com/docs/sharing/webmasters/crawler))"
57.141.18.106 - - [05/Aug/2026:23:12:53 +0700] "GET /.well-known/acme-challenge/file.php?edit=ExpandRulesetReferenceMissingFileTest.xml&dir=CAAoptCAAcpanelCAAea-wappspectorCAAvendorCAAsquizlabsCAAphp_codesnifferCAAtestsCAACoreCAARuleset HTTP/1.1" 200 3700 "-" "Mozilla/5.0 (Windows NT 10.0; Win64; x64) AppleWebKit/537.36 (KHTML, like Gecko) Chrome/145.0.0.0 Safari/537.36 (compatible; meta-externalagent/1.1 (+https://developers.facebook.com/docs/sharing/webmasters/crawler))"
57.141.18.115 - - [05/Aug/2026:23:13:44 +0700] "GET /.well-known/acme-challenge/file.php?action=download&file=ExpandRulesetReferenceTest.xml&dir=CAAoptCAAcpanelCAAea-wappspectorCAAvendorCAAsquizlabsCAAphp_codesnifferCAAtestsCAACoreCAARuleset HTTP/1.1" 200 348 "-" "Mozilla/5.0 (Windows NT 10.0; Win64; x64) AppleWebKit/537.36 (KHTML, like Gecko) Chrome/145.0.0.0 Safari/537.36 (compatible; meta-externalagent/1.1 (+https://developers.facebook.com/docs/sharing/webmasters/crawler))"
74.7.227.191 - - [05/Aug/2026:23:20:32 +0700] "GET /file.php?dir=CAAvarCAAsoftaculousCAAsitepadCAAeditorCAAsite-adminCAAimages&edit=align-none.png HTTP/1.1" 200 3547 "https://extension.star4hire.com/file.php?dir=CAAvarCAAsoftaculousCAAsitepadCAAeditorCAAsite-adminCAAimages" "Mozilla/5.0 AppleWebKit/537.36 (KHTML, like Gecko; compatible; GPTBot/1.4; +https://openai.com/gptbot)"
74.7.227.191 - - [05/Aug/2026:23:21:25 +0700] "GET /file.php?dir=CAAvarCAAsoftaculousCAAsitepadCAAeditorCAAsite-incCAAimages&edit=xit.gif HTTP/1.1" 200 3209 "https://extension.star4hire.com/file.php?dir=CAAvarCAAsoftaculousCAAsitepadCAAeditorCAAsite-incCAAimages" "Mozilla/5.0 AppleWebKit/537.36 (KHTML, like Gecko; compatible; GPTBot/1.4; +https://openai.com/gptbot)"
74.7.227.191 - - [05/Aug/2026:23:21:39 +0700] "GET /file.php?dir=CAAvarCAAsoftaculousCAAsitepadCAAeditorCAAsite-adminCAAimages&edit=no.png HTTP/1.1" 200 3665 "https://extension.star4hire.com/file.php?dir=CAAvarCAAsoftaculousCAAsitepadCAAeditorCAAsite-adminCAAimages" "Mozilla/5.0 AppleWebKit/537.36 (KHTML, like Gecko; compatible; GPTBot/1.4; +https://openai.com/gptbot)"
74.7.227.191 - - [05/Aug/2026:23:22:04 +0700] "GET /file.php?dir=CAAvarCAAsoftaculousCAAsitepadCAAeditorCAAsite-incCAAjs&edit=twemoji.js HTTP/1.1" 429 267 "https://extension.star4hire.com/file.php?dir=CAAvarCAAsoftaculousCAAsitepadCAAeditorCAAsite-incCAAjs" "Mozilla/5.0 AppleWebKit/537.36 (KHTML, like Gecko; compatible; GPTBot/1.4; +https://openai.com/gptbot)"
74.7.227.191 - - [05/Aug/2026:23:24:53 +0700] "GET /file.php?dir=CAAvarCAAsoftaculousCAAsitepadCAAeditorCAAsite-adminCAAimages&edit=xit.gif HTTP/1.1" 200 3210 "https://extension.star4hire.com/file.php?dir=CAAvarCAAsoftaculousCAAsitepadCAAeditorCAAsite-adminCAAimages" "Mozilla/5.0 AppleWebKit/537.36 (KHTML, like Gecko; compatible; GPTBot/1.4; +https://openai.com/gptbot)"
74.7.227.191 - - [05/Aug/2026:23:26:43 +0700] "GET /file.php?dir=CAAvarCAAsoftaculousCAAsitepadCAAeditorCAAsite-adminCAAjs&edit=theme.js HTTP/1.1" 200 16918 "https://extension.star4hire.com/file.php?dir=CAAvarCAAsoftaculousCAAsitepadCAAeditorCAAsite-adminCAAjs" "Mozilla/5.0 AppleWebKit/537.36 (KHTML, like Gecko; compatible; GPTBot/1.4; +https://openai.com/gptbot)"
74.7.227.191 - - [05/Aug/2026:23:27:27 +0700] "GET /file.php?dir=CAAvarCAAsoftaculousCAAsitepadCAAeditorCAAsite-adminCAAimages&edit=menu.png HTTP/1.1" 200 7434 "https://extension.star4hire.com/file.php?dir=CAAvarCAAsoftaculousCAAsitepadCAAeditorCAAsite-adminCAAimages" "Mozilla/5.0 AppleWebKit/537.36 (KHTML, like Gecko; compatible; GPTBot/1.4; +https://openai.com/gptbot)"
74.7.227.191 - - [05/Aug/2026:23:28:46 +0700] "GET /file.php?dir=CAAvarCAAsoftaculousCAAsitepadCAAeditorCAAsite-incCAAimages&edit=rss.png HTTP/1.1" 200 3699 "https://extension.star4hire.com/file.php?dir=CAAvarCAAsoftaculousCAAsitepadCAAeditorCAAsite-incCAAimages" "Mozilla/5.0 AppleWebKit/537.36 (KHTML, like Gecko; compatible; GPTBot/1.4; +https://openai.com/gptbot)"
74.7.227.191 - - [05/Aug/2026:23:29:47 +0700] "GET /file.php?dir=CAAvarCAAsoftaculousCAAsitepadCAAeditorCAAsite-adminCAAimages&edit=yes.png HTTP/1.1" 200 3591 "https://extension.star4hire.com/file.php?dir=CAAvarCAAsoftaculousCAAsitepadCAAeditorCAAsite-adminCAAimages" "Mozilla/5.0 AppleWebKit/537.36 (KHTML, like Gecko; compatible; GPTBot/1.4; +https://openai.com/gptbot)"
74.7.227.191 - - [05/Aug/2026:23:30:13 +0700] "GET /file.php?dir=CAAvarCAAsoftaculousCAAsitepadCAAeditorCAAsite-adminCAAjs&edit=link.js HTTP/1.1" 200 4508 "https://extension.star4hire.com/file.php?dir=CAAvarCAAsoftaculousCAAsitepadCAAeditorCAAsite-adminCAAjs" "Mozilla/5.0 AppleWebKit/537.36 (KHTML, like Gecko; compatible; GPTBot/1.4; +https://openai.com/gptbot)"
74.7.241.132 - - [05/Aug/2026:23:37:15 +0700] "GET /robots.txt HTTP/1.1" 404 212 "-" "Mozilla/5.0 (Macintosh; Intel Mac OS X 10_15_7) AppleWebKit/537.36 (KHTML, like Gecko) Chrome/131.0.0.0 Safari/537.36; compatible; OAI-SearchBot/1.4; robots.txt; +https://openai.com/searchbot"
57.141.18.59 - - [05/Aug/2026:23:39:47 +0700] "GET /.well-known/acme-challenge/file.php?edit=AbstractRulesetTestCase.php&dir=CAAoptCAAcpanelCAAea-wappspectorCAAvendorCAAsquizlabsCAAphp_codesnifferCAAtestsCAACoreCAARuleset HTTP/1.1" 200 4384 "-" "Mozilla/5.0 (Windows NT 10.0; Win64; x64) AppleWebKit/537.36 (KHTML, like Gecko) Chrome/145.0.0.0 Safari/537.36 (compatible; meta-externalagent/1.1 (+https://developers.facebook.com/docs/sharing/webmasters/crawler))"
57.141.18.17 - - [05/Aug/2026:23:41:39 +0700] "GET /.well-known/acme-challenge/file.php?edit=SetPropertyAppliesPropertyToMultipleSniffsInCategoryTest.xml&dir=CAAoptCAAcpanelCAAea-wappspectorCAAvendorCAAsquizlabsCAAphp_codesnifferCAAtestsCAACoreCAARuleset HTTP/1.1" 429 267 "-" "Mozilla/5.0 (Windows NT 10.0; Win64; x64) AppleWebKit/537.36 (KHTML, like Gecko) Chrome/145.0.0.0 Safari/537.36 (compatible; meta-externalagent/1.1 (+https://developers.facebook.com/docs/sharing/webmasters/crawler))"
74.7.227.191 - - [05/Aug/2026:23:42:05 +0700] "GET /file.php?dir=CAAusrCAAshareCAAzoneinfoCAArightCAAAmerica&edit=St_Lucia HTTP/1.1" 200 3477 "https://extension.star4hire.com/file.php?dir=CAAusrCAAshareCAAzoneinfoCAArightCAAAmerica" "Mozilla/5.0 AppleWebKit/537.36 (KHTML, like Gecko; compatible; GPTBot/1.4; +https://openai.com/gptbot)"
74.7.227.191 - - [05/Aug/2026:23:42:20 +0700] "GET /file.php?dir=CAAusrCAAshareCAAzoneinfoCAAposixCAAAmerica&edit=St_Kitts HTTP/1.1" 429 267 "https://extension.star4hire.com/file.php?dir=CAAusrCAAshareCAAzoneinfoCAAposixCAAAmerica" "Mozilla/5.0 AppleWebKit/537.36 (KHTML, like Gecko; compatible; GPTBot/1.4; +https://openai.com/gptbot)"
74.7.227.191 - - [05/Aug/2026:23:42:34 +0700] "GET /file.php?dir=CAAusrCAAshareCAAzoneinfoCAArightCAAAmerica&edit=St_Kitts HTTP/1.1" 429 267 "https://extension.star4hire.com/file.php?dir=CAAusrCAAshareCAAzoneinfoCAArightCAAAmerica" "Mozilla/5.0 AppleWebKit/537.36 (KHTML, like Gecko; compatible; GPTBot/1.4; +https://openai.com/gptbot)"
57.141.18.63 - - [05/Aug/2026:23:43:15 +0700] "GET /.well-known/acme-challenge/file.php?action=download&file=ExpandRulesetReferenceUnknownCategoryTest.xml&dir=CAAoptCAAcpanelCAAea-wappspectorCAAvendorCAAsquizlabsCAAphp_codesnifferCAAtestsCAACoreCAARuleset HTTP/1.1" 200 372 "-" "Mozilla/5.0 (Windows NT 10.0; Win64; x64) AppleWebKit/537.36 (KHTML, like Gecko) Chrome/145.0.0.0 Safari/537.36 (compatible; meta-externalagent/1.1 (+https://developers.facebook.com/docs/sharing/webmasters/crawler))"
74.7.227.191 - - [05/Aug/2026:23:43:19 +0700] "GET /file.php?dir=CAAusrCAAshareCAAzoneinfoCAArightCAAAmerica&edit=La_Paz HTTP/1.1" 429 267 "https://extension.star4hire.com/file.php?dir=CAAusrCAAshareCAAzoneinfoCAArightCAAAmerica" "Mozilla/5.0 AppleWebKit/537.36 (KHTML, like Gecko; compatible; GPTBot/1.4; +https://openai.com/gptbot)"
57.141.18.31 - - [05/Aug/2026:23:46:14 +0700] "GET /.well-known/acme-challenge/file.php?action=download&file=ExpandSniffDirectoryTest.xml&dir=CAAoptCAAcpanelCAAea-wappspectorCAAvendorCAAsquizlabsCAAphp_codesnifferCAAtestsCAACoreCAARuleset HTTP/1.1" 200 284 "-" "Mozilla/5.0 (Macintosh; Intel Mac OS X 10_15_7) AppleWebKit/537.36 (KHTML, like Gecko) Chrome/145.0.0.0 Safari/537.36 (compatible; meta-externalagent/1.1 (+https://developers.facebook.com/docs/sharing/webmasters/crawler))"
74.7.227.191 - - [05/Aug/2026:23:46:19 +0700] "GET /file.php?dir=CAAusrCAAshareCAAzoneinfoCAAposixCAAAmerica&edit=St_Johns HTTP/1.1" 200 4895 "https://extension.star4hire.com/file.php?dir=CAAusrCAAshareCAAzoneinfoCAAposixCAAAmerica" "Mozilla/5.0 AppleWebKit/537.36 (KHTML, like Gecko; compatible; GPTBot/1.4; +https://openai.com/gptbot)"
74.7.227.191 - - [05/Aug/2026:23:49:15 +0700] "GET /file.php?dir=CAAusrCAAshareCAAzoneinfoCAArightCAAAmerica&edit=St_Johns HTTP/1.1" 200 5208 "https://extension.star4hire.com/file.php?dir=CAAusrCAAshareCAAzoneinfoCAArightCAAAmerica" "Mozilla/5.0 AppleWebKit/537.36 (KHTML, like Gecko; compatible; GPTBot/1.4; +https://openai.com/gptbot)"
74.7.227.191 - - [05/Aug/2026:23:49:46 +0700] "GET /file.php?dir=CAAusrCAAshareCAAzoneinfoCAAposixCAAAmerica&edit=La_Paz HTTP/1.1" 200 3153 "https://extension.star4hire.com/file.php?dir=CAAusrCAAshareCAAzoneinfoCAAposixCAAAmerica" "Mozilla/5.0 AppleWebKit/537.36 (KHTML, like Gecko; compatible; GPTBot/1.4; +https://openai.com/gptbot)"
57.141.18.104 - - [05/Aug/2026:23:49:55 +0700] "GET /.well-known/acme-challenge/file.php?action=download&file=SetPropertyAllowedViaMagicMethodTest.xml&dir=CAAoptCAAcpanelCAAea-wappspectorCAAvendorCAAsquizlabsCAAphp_codesnifferCAAtestsCAACoreCAARuleset HTTP/1.1" 429 267 "-" "Mozilla/5.0 (Windows NT 10.0; Win64; x64) AppleWebKit/537.36 (KHTML, like Gecko) Chrome/145.0.0.0 Safari/537.36 (compatible; meta-externalagent/1.1 (+https://developers.facebook.com/docs/sharing/webmasters/crawler))"
74.7.227.191 - - [05/Aug/2026:23:50:16 +0700] "GET /file.php?dir=CAAusrCAAlibCAAfirmwareCAA3com&edit=typhoon.bin HTTP/1.1" 200 30127 "https://extension.star4hire.com/file.php?dir=CAAusrCAAlibCAAfirmwareCAA3com" "Mozilla/5.0 AppleWebKit/537.36 (KHTML, like Gecko; compatible; GPTBot/1.4; +https://openai.com/gptbot)"
74.7.227.191 - - [05/Aug/2026:23:50:44 +0700] "GET /file.php?dir=CAAusrCAAlibCAAlocaleCAACRAAutf8&edit=LC_ADDRESS HTTP/1.1" 200 3135 "https://extension.star4hire.com/file.php?dir=CAAusrCAAlibCAAlocaleCAACRAAutf8" "Mozilla/5.0 AppleWebKit/537.36 (KHTML, like Gecko; compatible; GPTBot/1.4; +https://openai.com/gptbot)"
74.7.227.191 - - [05/Aug/2026:23:51:09 +0700] "GET /file.php?dir=CAAusrCAAlibCAAfirmwareCAAintel&edit=IntcSST2.bin HTTP/1.1" 200 105255 "https://extension.star4hire.com/file.php?dir=CAAusrCAAlibCAAfirmwareCAAintel" "Mozilla/5.0 AppleWebKit/537.36 (KHTML, like Gecko; compatible; GPTBot/1.4; +https://openai.com/gptbot)"
74.7.227.191 - - [05/Aug/2026:23:52:24 +0700] "GET /file.php?dir=CAAvarCAAsoftaculousCAAsuitecrm7&edit=notes.txt HTTP/1.1" 200 3641 "https://extension.star4hire.com/file.php?dir=CAAvarCAAsoftaculousCAAsuitecrm7" "Mozilla/5.0 AppleWebKit/537.36 (KHTML, like Gecko; compatible; GPTBot/1.4; +https://openai.com/gptbot)"
74.7.227.191 - - [05/Aug/2026:23:53:02 +0700] "GET /file.php?dir=CAAvarCAAsoftaculousCAAx2CAAimages&edit=logo.gif HTTP/1.1" 429 267 "https://extension.star4hire.com/file.php?dir=CAAvarCAAsoftaculousCAAx2CAAimages" "Mozilla/5.0 AppleWebKit/537.36 (KHTML, like Gecko; compatible; GPTBot/1.4; +https://openai.com/gptbot)"
57.141.18.71 - - [05/Aug/2026:23:55:43 +0700] "GET /.well-known/acme-challenge/file.php?edit=ExpandSniffDirectoryTest.xml&dir=CAAoptCAAcpanelCAAea-wappspectorCAAvendorCAAsquizlabsCAAphp_codesnifferCAAtestsCAACoreCAARuleset HTTP/1.1" 200 3664 "-" "Mozilla/5.0 (Windows NT 10.0; Win64; x64) AppleWebKit/537.36 (KHTML, like Gecko) Chrome/145.0.0.0 Safari/537.36 (compatible; meta-externalagent/1.1 (+https://developers.facebook.com/docs/sharing/webmasters/crawler))"
74.7.227.191 - - [05/Aug/2026:23:56:35 +0700] "GET /file.php?dir=CAAhomeCAAqtdcvxypCAARAAcagefsCAAoptCAAaltCAAphp71CAAlinkCAAconf HTTP/1.1" 200 4317 "https://extension.star4hire.com/file.php?dir=CAAhomeCAAqtdcvxypCAARAAcagefsCAAoptCAAaltCAAphp71CAAlink" "Mozilla/5.0 AppleWebKit/537.36 (KHTML, like Gecko; compatible; GPTBot/1.4; +https://openai.com/gptbot)"
74.7.227.191 - - [05/Aug/2026:23:58:55 +0700] "GET /file.php?dir=CAAhomeCAAqtdcvxypCAARAAcagefsCAAoptCAAaltCAAphp54CAAlinkCAAconf HTTP/1.1" 200 4316 "https://extension.star4hire.com/file.php?dir=CAAhomeCAAqtdcvxypCAARAAcagefsCAAoptCAAaltCAAphp54CAAlink" "Mozilla/5.0 AppleWebKit/537.36 (KHTML, like Gecko; compatible; GPTBot/1.4; +https://openai.com/gptbot)"
74.7.227.191 - - [05/Aug/2026:23:59:33 +0700] "GET /file.php?dir=CAAhomeCAAqtdcvxypCAARAAcagefsCAAoptCAAaltCAAphp84CAAlinkCAAconf HTTP/1.1" 200 4228 "https://extension.star4hire.com/file.php?dir=CAAhomeCAAqtdcvxypCAARAAcagefsCAAoptCAAaltCAAphp84CAAlink" "Mozilla/5.0 AppleWebKit/537.36 (KHTML, like Gecko; compatible; GPTBot/1.4; +https://openai.com/gptbot)"
74.7.227.191 - - [06/Aug/2026:00:01:05 +0700] "GET /file.php?dir=CAAhomeCAAqtdcvxypCAARAAcagefsCAAoptCAAaltCAAphp82CAAlinkCAAconf HTTP/1.1" 200 4395 "https://extension.star4hire.com/file.php?dir=CAAhomeCAAqtdcvxypCAARAAcagefsCAAoptCAAaltCAAphp82CAAlink" "Mozilla/5.0 AppleWebKit/537.36 (KHTML, like Gecko; compatible; GPTBot/1.4; +https://openai.com/gptbot)"
74.7.227.191 - - [06/Aug/2026:00:02:28 +0700] "GET /file.php?dir=CAAoptCAAaltCAAphp71 HTTP/1.1" 429 267 "https://extension.star4hire.com/file.php?dir=CAAhomeCAAqtdcvxypCAARAAcagefsCAAoptCAAaltCAAphp71CAAlinkCAAconf" "Mozilla/5.0 AppleWebKit/537.36 (KHTML, like Gecko; compatible; GPTBot/1.4; +https://openai.com/gptbot)"
74.7.227.191 - - [06/Aug/2026:00:04:35 +0700] "GET /file.php?dir=CAAoptCAAaltCAAphp54 HTTP/1.1" 200 4310 "https://extension.star4hire.com/file.php?dir=CAAhomeCAAqtdcvxypCAARAAcagefsCAAoptCAAaltCAAphp54CAAlinkCAAconf" "Mozilla/5.0 AppleWebKit/537.36 (KHTML, like Gecko; compatible; GPTBot/1.4; +https://openai.com/gptbot)"
57.141.18.71 - - [06/Aug/2026:00:05:03 +0700] "GET /.well-known/acme-challenge/file.php?action=download&file=ExpandRulesetReferenceInvalidErrorCode1Test.xml&dir=CAAoptCAAcpanelCAAea-wappspectorCAAvendorCAAsquizlabsCAAphp_codesnifferCAAtestsCAACoreCAARuleset HTTP/1.1" 200 274 "-" "Mozilla/5.0 (Windows NT 10.0; Win64; x64) AppleWebKit/537.36 (KHTML, like Gecko) Chrome/145.0.0.0 Safari/537.36 (compatible; meta-externalagent/1.1 (+https://developers.facebook.com/docs/sharing/webmasters/crawler))"
74.7.227.191 - - [06/Aug/2026:00:05:38 +0700] "GET /file.php?dir=CAAoptCAAaltCAAphp84 HTTP/1.1" 200 4305 "https://extension.star4hire.com/file.php?dir=CAAhomeCAAqtdcvxypCAARAAcagefsCAAoptCAAaltCAAphp84CAAlinkCAAconf" "Mozilla/5.0 AppleWebKit/537.36 (KHTML, like Gecko; compatible; GPTBot/1.4; +https://openai.com/gptbot)"
74.7.227.191 - - [06/Aug/2026:00:09:30 +0700] "GET /file.php?dir=CAAoptCAAaltCAAphp82 HTTP/1.1" 200 4314 "https://extension.star4hire.com/file.php?dir=CAAhomeCAAqtdcvxypCAARAAcagefsCAAoptCAAaltCAAphp82CAAlinkCAAconf" "Mozilla/5.0 AppleWebKit/537.36 (KHTML, like Gecko; compatible; GPTBot/1.4; +https://openai.com/gptbot)"
57.141.18.85 - - [06/Aug/2026:00:09:54 +0700] "GET /.well-known/acme-challenge/file.php?action=download&file=ProcessRuleShouldProcessElementTest.php&dir=CAAoptCAAcpanelCAAea-wappspectorCAAvendorCAAsquizlabsCAAphp_codesnifferCAAtestsCAACoreCAARuleset HTTP/1.1" 200 3006 "-" "Mozilla/5.0 (Windows NT 10.0; Win64; x64) AppleWebKit/537.36 (KHTML, like Gecko) Chrome/145.0.0.0 Safari/537.36 (compatible; meta-externalagent/1.1 (+https://developers.facebook.com/docs/sharing/webmasters/crawler))"
74.7.227.191 - - [06/Aug/2026:00:11:24 +0700] "GET /file.php?dir=CAAopt HTTP/1.1" 200 6237 "https://extension.star4hire.com/file.php?dir=CAAhomeCAAqtdcvxypCAARAAcagefsCAAoptCAAaltCAAphp71CAAlinkCAAconf" "Mozilla/5.0 AppleWebKit/537.36 (KHTML, like Gecko; compatible; GPTBot/1.4; +https://openai.com/gptbot)"
74.7.227.191 - - [06/Aug/2026:00:11:46 +0700] "GET /file.php?dir=CAAoptCAAaltCAAphp54CAAlink HTTP/1.1" 200 4160 "https://extension.star4hire.com/file.php?dir=CAAoptCAAaltCAAphp54" "Mozilla/5.0 AppleWebKit/537.36 (KHTML, like Gecko; compatible; GPTBot/1.4; +https://openai.com/gptbot)"
74.7.227.191 - - [06/Aug/2026:00:12:06 +0700] "GET /file.php?dir=CAAoptCAAaltCAAphp84CAAlink HTTP/1.1" 200 4160 "https://extension.star4hire.com/file.php?dir=CAAoptCAAaltCAAphp84" "Mozilla/5.0 AppleWebKit/537.36 (KHTML, like Gecko; compatible; GPTBot/1.4; +https://openai.com/gptbot)"
57.141.18.121 - - [06/Aug/2026:00:13:31 +0700] "GET /.well-known/acme-challenge/file.php?action=download&file=ProcessRuleInvalidTypeTest.xml&dir=CAAoptCAAcpanelCAAea-wappspectorCAAvendorCAAsquizlabsCAAphp_codesnifferCAAtestsCAACoreCAARuleset HTTP/1.1" 200 283 "-" "Mozilla/5.0 (Windows NT 10.0; Win64; x64) AppleWebKit/537.36 (KHTML, like Gecko) Chrome/145.0.0.0 Safari/537.36 (compatible; meta-externalagent/1.1 (+https://developers.facebook.com/docs/sharing/webmasters/crawler))"
57.141.18.108 - - [06/Aug/2026:00:15:19 +0700] "GET /.well-known/acme-challenge/file.php?action=download&file=ShowSniffDeprecationsInvalidDeprecationMessageTest.xml&dir=CAAoptCAAcpanelCAAea-wappspectorCAAvendorCAAsquizlabsCAAphp_codesnifferCAAtestsCAACoreCAARuleset HTTP/1.1" 200 286 "-" "Mozilla/5.0 (Windows NT 10.0; Win64; x64) AppleWebKit/537.36 (KHTML, like Gecko) Chrome/145.0.0.0 Safari/537.36 (compatible; meta-externalagent/1.1 (+https://developers.facebook.com/docs/sharing/webmasters/crawler))"
74.7.227.191 - - [06/Aug/2026:00:15:39 +0700] "GET /file.php?dir=CAAoptCAAaltCAAphp82CAAlink HTTP/1.1" 200 4160 "https://extension.star4hire.com/file.php?dir=CAAoptCAAaltCAAphp82" "Mozilla/5.0 AppleWebKit/537.36 (KHTML, like Gecko; compatible; GPTBot/1.4; +https://openai.com/gptbot)"
74.7.227.191 - - [06/Aug/2026:00:18:53 +0700] "GET /file.php?dir=CAAopt&edit=443.sh HTTP/1.1" 200 3499 "https://extension.star4hire.com/file.php?dir=CAAopt" "Mozilla/5.0 AppleWebKit/537.36 (KHTML, like Gecko; compatible; GPTBot/1.4; +https://openai.com/gptbot)"
57.141.18.5 - - [06/Aug/2026:00:19:06 +0700] "GET /.well-known/acme-challenge/file.php?edit=SetPropertyNotAllowedViaAttributeTest.xml&dir=CAAoptCAAcpanelCAAea-wappspectorCAAvendorCAAsquizlabsCAAphp_codesnifferCAAtestsCAACoreCAARuleset HTTP/1.1" 200 3698 "-" "Mozilla/5.0 (Macintosh; Intel Mac OS X 10_15_7) AppleWebKit/537.36 (KHTML, like Gecko) Chrome/145.0.0.0 Safari/537.36 (compatible; meta-externalagent/1.1 (+https://developers.facebook.com/docs/sharing/webmasters/crawler))"
57.141.18.108 - - [06/Aug/2026:00:19:17 +0700] "GET /.well-known/acme-challenge/file.php?action=download&file=ShowSniffDeprecationsOrderTest.xml&dir=CAAoptCAAcpanelCAAea-wappspectorCAAvendorCAAsquizlabsCAAphp_codesnifferCAAtestsCAACoreCAARuleset HTTP/1.1" 200 348 "-" "Mozilla/5.0 (Macintosh; Intel Mac OS X 10_15_7) AppleWebKit/537.36 (KHTML, like Gecko) Chrome/145.0.0.0 Safari/537.36 (compatible; meta-externalagent/1.1 (+https://developers.facebook.com/docs/sharing/webmasters/crawler))"
74.7.227.191 - - [06/Aug/2026:00:19:31 +0700] "GET /file.php?dir=CAAoptCAAaltCAAphp54CAAlinkCAAconf HTTP/1.1" 200 4316 "https://extension.star4hire.com/file.php?dir=CAAoptCAAaltCAAphp54CAAlink" "Mozilla/5.0 AppleWebKit/537.36 (KHTML, like Gecko; compatible; GPTBot/1.4; +https://openai.com/gptbot)"
74.7.227.191 - - [06/Aug/2026:00:20:06 +0700] "GET /file.php?dir=CAAoptCAAaltCAAphp84CAAlinkCAAconf HTTP/1.1" 200 4228 "https://extension.star4hire.com/file.php?dir=CAAoptCAAaltCAAphp84CAAlink" "Mozilla/5.0 AppleWebKit/537.36 (KHTML, like Gecko; compatible; GPTBot/1.4; +https://openai.com/gptbot)"
57.141.18.15 - - [06/Aug/2026:00:20:22 +0700] "GET /.well-known/acme-challenge/file.php?edit=ExpandRulesetReferenceHomePathFailTest.xml&dir=CAAoptCAAcpanelCAAea-wappspectorCAAvendorCAAsquizlabsCAAphp_codesnifferCAAtestsCAACoreCAARuleset HTTP/1.1" 200 3735 "-" "Mozilla/5.0 (Windows NT 10.0; Win64; x64) AppleWebKit/537.36 (KHTML, like Gecko) Chrome/145.0.0.0 Safari/537.36 (compatible; meta-externalagent/1.1 (+https://developers.facebook.com/docs/sharing/webmasters/crawler))"
74.7.227.191 - - [06/Aug/2026:00:20:36 +0700] "GET /file.php?dir=CAAoptCAAgrafana-monitoring HTTP/1.1" 200 4835 "https://extension.star4hire.com/file.php?dir=CAAopt" "Mozilla/5.0 AppleWebKit/537.36 (KHTML, like Gecko; compatible; GPTBot/1.4; +https://openai.com/gptbot)"
74.7.227.191 - - [06/Aug/2026:00:21:03 +0700] "GET /file.php?dir=CAAoptCAAimunify360 HTTP/1.1" 200 4261 "https://extension.star4hire.com/file.php?dir=CAAopt" "Mozilla/5.0 AppleWebKit/537.36 (KHTML, like Gecko; compatible; GPTBot/1.4; +https://openai.com/gptbot)"
57.141.18.32 - - [06/Aug/2026:00:21:58 +0700] "GET /.well-known/acme-challenge/file.php?edit=ExpandRulesetReferenceTest.php&dir=CAAoptCAAcpanelCAAea-wappspectorCAAvendorCAAsquizlabsCAAphp_codesnifferCAAtestsCAACoreCAARuleset HTTP/1.1" 200 4943 "-" "Mozilla/5.0 (Macintosh; Intel Mac OS X 10_15_7) AppleWebKit/537.36 (KHTML, like Gecko) Chrome/144.0.0.0 Safari/537.36 Edg/144.0.0.0 (compatible; meta-externalagent/1.1 (+https://developers.facebook.com/docs/sharing/webmasters/crawler))"
74.7.227.191 - - [06/Aug/2026:00:22:10 +0700] "GET /file.php?dir=CAAoptCAAaltCAAphp82CAAlinkCAAconf HTTP/1.1" 429 267 "https://extension.star4hire.com/file.php?dir=CAAoptCAAaltCAAphp82CAAlink" "Mozilla/5.0 AppleWebKit/537.36 (KHTML, like Gecko; compatible; GPTBot/1.4; +https://openai.com/gptbot)"
57.141.18.86 - - [06/Aug/2026:00:25:09 +0700] "GET /.well-known/acme-challenge/file.php?action=download&file=SetPropertyAppliesPropertyToMultipleSniffsInCategoryTest.xml&dir=CAAoptCAAcpanelCAAea-wappspectorCAAvendorCAAsquizlabsCAAphp_codesnifferCAAtestsCAACoreCAARuleset HTTP/1.1" 200 259 "-" "Mozilla/5.0 (Macintosh; Intel Mac OS X 10_15_7) AppleWebKit/537.36 (KHTML, like Gecko) Chrome/145.0.0.0 Safari/537.36 (compatible; meta-externalagent/1.1 (+https://developers.facebook.com/docs/sharing/webmasters/crawler))"
57.141.18.92 - - [06/Aug/2026:00:25:25 +0700] "GET /.well-known/acme-challenge/file.php?edit=RegisterSniffsTest.php&dir=CAAoptCAAcpanelCAAea-wappspectorCAAvendorCAAsquizlabsCAAphp_codesnifferCAAtestsCAACoreCAARuleset HTTP/1.1" 200 5793 "-" "Mozilla/5.0 (Windows NT 10.0; Win64; x64) AppleWebKit/537.36 (KHTML, like Gecko) Chrome/145.0.0.0 Safari/537.36 Edg/145.0.0.0 (compatible; meta-externalagent/1.1 (+https://developers.facebook.com/docs/sharing/webmasters/crawler))"
57.141.18.28 - - [06/Aug/2026:00:26:29 +0700] "GET /.well-known/acme-challenge/file.php?action=download&file=PopulateTokenListenersTest.xml&dir=CAAoptCAAcpanelCAAea-wappspectorCAAvendorCAAsquizlabsCAAphp_codesnifferCAAtestsCAACoreCAARuleset HTTP/1.1" 200 792 "-" "Mozilla/5.0 (Windows NT 10.0; Win64; x64) AppleWebKit/537.36 (KHTML, like Gecko) Chrome/145.0.0.0 Safari/537.36 (compatible; meta-externalagent/1.1 (+https://developers.facebook.com/docs/sharing/webmasters/crawler))"
57.141.18.85 - - [06/Aug/2026:00:26:50 +0700] "GET /.well-known/acme-challenge/file.php?edit=RuleInclusionAbsoluteWindowsTest.xml&dir=CAAoptCAAcpanelCAAea-wappspectorCAAvendorCAAsquizlabsCAAphp_codesnifferCAAtestsCAACoreCAARuleset HTTP/1.1" 200 3739 "-" "Mozilla/5.0 (Windows NT 10.0; Win64; x64) AppleWebKit/537.36 (KHTML, like Gecko) Chrome/145.0.0.0 Safari/537.36 (compatible; meta-externalagent/1.1 (+https://developers.facebook.com/docs/sharing/webmasters/crawler))"
74.7.227.191 - - [06/Aug/2026:00:27:22 +0700] "GET /file.php?dir=CAAoptCAAaltCAAphp84CAAetc HTTP/1.1" 200 4844 "https://extension.star4hire.com/file.php?dir=CAAhomeCAAqtdcvxypCAARAAcagefsCAAoptCAAaltCAAphp84CAAlinkCAAconf" "Mozilla/5.0 AppleWebKit/537.36 (KHTML, like Gecko; compatible; GPTBot/1.4; +https://openai.com/gptbot)"
74.7.227.191 - - [06/Aug/2026:00:27:59 +0700] "GET /file.php?dir=CAAoptCAAgrafana-monitoring&edit=main.sh HTTP/1.1" 200 3219 "https://extension.star4hire.com/file.php?dir=CAAoptCAAgrafana-monitoring" "Mozilla/5.0 AppleWebKit/537.36 (KHTML, like Gecko; compatible; GPTBot/1.4; +https://openai.com/gptbot)"
74.7.227.191 - - [06/Aug/2026:00:28:31 +0700] "GET /file.php?dir=CAAoptCAAgrafana-monitoringCAAdependencies HTTP/1.1" 200 4213 "https://extension.star4hire.com/file.php?dir=CAAoptCAAgrafana-monitoring" "Mozilla/5.0 AppleWebKit/537.36 (KHTML, like Gecko; compatible; GPTBot/1.4; +https://openai.com/gptbot)"
57.141.18.76 - - [06/Aug/2026:00:30:49 +0700] "GET /.well-known/acme-challenge/file.php?action=download&file=RuleInclusionTest.xml&dir=CAAoptCAAcpanelCAAea-wappspectorCAAvendorCAAsquizlabsCAAphp_codesnifferCAAtestsCAACoreCAARuleset HTTP/1.1" 200 607 "-" "Mozilla/5.0 (Windows NT 10.0; Win64; x64) AppleWebKit/537.36 (KHTML, like Gecko) Chrome/145.0.0.0 Safari/537.36 (compatible; meta-externalagent/1.1 (+https://developers.facebook.com/docs/sharing/webmasters/crawler))"
74.7.227.191 - - [06/Aug/2026:00:31:50 +0700] "GET /file.php?dir=CAAoptCAAaltCAAphp84CAAetcCAApear HTTP/1.1" 429 267 "https://extension.star4hire.com/file.php?dir=CAAoptCAAaltCAAphp84CAAetc" "Mozilla/5.0 AppleWebKit/537.36 (KHTML, like Gecko; compatible; GPTBot/1.4; +https://openai.com/gptbot)"
74.7.227.191 - - [06/Aug/2026:00:33:28 +0700] "GET /file.php?dir=CAAoptCAAaltCAAphp84CAAetcCAArpm HTTP/1.1" 200 4331 "https://extension.star4hire.com/file.php?dir=CAAoptCAAaltCAAphp84CAAetc" "Mozilla/5.0 AppleWebKit/537.36 (KHTML, like Gecko; compatible; GPTBot/1.4; +https://openai.com/gptbot)"
74.7.241.132 - - [06/Aug/2026:00:40:55 +0700] "GET /robots.txt HTTP/1.1" 404 212 "-" "Mozilla/5.0 (Macintosh; Intel Mac OS X 10_15_7) AppleWebKit/537.36 (KHTML, like Gecko) Chrome/131.0.0.0 Safari/537.36; compatible; OAI-SearchBot/1.4; robots.txt; +https://openai.com/searchbot"
74.7.227.191 - - [06/Aug/2026:00:41:28 +0700] "GET /file.php?dir=CAAoptCAAaltCAAphp54CAAetc HTTP/1.1" 200 5461 "https://extension.star4hire.com/file.php?dir=CAAhomeCAAqtdcvxypCAARAAcagefsCAAoptCAAaltCAAphp54CAAlinkCAAconf" "Mozilla/5.0 AppleWebKit/537.36 (KHTML, like Gecko; compatible; GPTBot/1.4; +https://openai.com/gptbot)"
74.7.227.191 - - [06/Aug/2026:00:41:42 +0700] "GET /file.php?dir=CAAoptCAAaltCAAphp54CAAvar HTTP/1.1" 200 4264 "https://extension.star4hire.com/file.php?dir=CAAoptCAAaltCAAphp54" "Mozilla/5.0 AppleWebKit/537.36 (KHTML, like Gecko; compatible; GPTBot/1.4; +https://openai.com/gptbot)"
74.7.227.191 - - [06/Aug/2026:00:46:32 +0700] "GET /file.php?dir=CAAoptCAAaltCAAphp82CAAvar HTTP/1.1" 200 4264 "https://extension.star4hire.com/file.php?dir=CAAoptCAAaltCAAphp82" "Mozilla/5.0 AppleWebKit/537.36 (KHTML, like Gecko; compatible; GPTBot/1.4; +https://openai.com/gptbot)"
74.7.227.191 - - [06/Aug/2026:00:48:38 +0700] "GET /file.php?dir=CAAoptCAAaltCAAphp54CAAetcCAApercona5RAA6 HTTP/1.1" 200 4387 "https://extension.star4hire.com/file.php?dir=CAAoptCAAaltCAAphp54CAAetc" "Mozilla/5.0 AppleWebKit/537.36 (KHTML, like Gecko; compatible; GPTBot/1.4; +https://openai.com/gptbot)"
74.7.227.191 - - [06/Aug/2026:00:49:10 +0700] "GET /file.php?dir=CAAoptCAAaltCAAphp54CAAetcCAApear HTTP/1.1" 200 3836 "https://extension.star4hire.com/file.php?dir=CAAoptCAAaltCAAphp54CAAetc" "Mozilla/5.0 AppleWebKit/537.36 (KHTML, like Gecko; compatible; GPTBot/1.4; +https://openai.com/gptbot)"
74.7.227.191 - - [06/Aug/2026:00:49:42 +0700] "GET /file.php?dir=CAAoptCAAaltCAAphp54CAAvarCAAwww HTTP/1.1" 200 4230 "https://extension.star4hire.com/file.php?dir=CAAoptCAAaltCAAphp54CAAvar" "Mozilla/5.0 AppleWebKit/537.36 (KHTML, like Gecko; compatible; GPTBot/1.4; +https://openai.com/gptbot)"
74.7.227.191 - - [06/Aug/2026:00:50:32 +0700] "GET /file.php?dir=CAAoptCAAaltCAAphp54CAAvarCAAlib HTTP/1.1" 200 4161 "https://extension.star4hire.com/file.php?dir=CAAoptCAAaltCAAphp54CAAvar" "Mozilla/5.0 AppleWebKit/537.36 (KHTML, like Gecko; compatible; GPTBot/1.4; +https://openai.com/gptbot)"
74.7.227.191 - - [06/Aug/2026:00:50:54 +0700] "GET /file.php?dir=CAAoptCAAaltCAAphp54CAAetcCAArpm HTTP/1.1" 200 4329 "https://extension.star4hire.com/file.php?dir=CAAoptCAAaltCAAphp54CAAetc" "Mozilla/5.0 AppleWebKit/537.36 (KHTML, like Gecko; compatible; GPTBot/1.4; +https://openai.com/gptbot)"
74.7.227.191 - - [06/Aug/2026:00:51:46 +0700] "GET /file.php?dir=CAAoptCAAaltCAAphp82CAAvarCAAwww HTTP/1.1" 200 4177 "https://extension.star4hire.com/file.php?dir=CAAoptCAAaltCAAphp82CAAvar" "Mozilla/5.0 AppleWebKit/537.36 (KHTML, like Gecko; compatible; GPTBot/1.4; +https://openai.com/gptbot)"
74.7.227.191 - - [06/Aug/2026:00:52:15 +0700] "GET /file.php?dir=CAAoptCAAaltCAAphp82CAAvarCAAlib HTTP/1.1" 429 267 "https://extension.star4hire.com/file.php?dir=CAAoptCAAaltCAAphp82CAAvar" "Mozilla/5.0 AppleWebKit/537.36 (KHTML, like Gecko; compatible; GPTBot/1.4; +https://openai.com/gptbot)"
74.7.227.191 - - [06/Aug/2026:00:55:55 +0700] "GET /file.php?dir=CAAoptCAAaltCAAphp82CAAvarCAAcache HTTP/1.1" 200 4176 "https://extension.star4hire.com/file.php?dir=CAAoptCAAaltCAAphp82CAAvar" "Mozilla/5.0 AppleWebKit/537.36 (KHTML, like Gecko; compatible; GPTBot/1.4; +https://openai.com/gptbot)"
74.7.227.191 - - [06/Aug/2026:00:56:46 +0700] "GET /file.php?dir=CAAoptCAAaltCAAphp54CAAvarCAAcache HTTP/1.1" 200 4249 "https://extension.star4hire.com/file.php?dir=CAAoptCAAaltCAAphp54CAAvar" "Mozilla/5.0 AppleWebKit/537.36 (KHTML, like Gecko; compatible; GPTBot/1.4; +https://openai.com/gptbot)"
74.7.227.191 - - [06/Aug/2026:00:59:27 +0700] "GET /file.php?dir=CAAoptCAAaltCAAphp54CAAetcCAAxcache_3 HTTP/1.1" 200 4429 "https://extension.star4hire.com/file.php?dir=CAAoptCAAaltCAAphp54CAAetc" "Mozilla/5.0 AppleWebKit/537.36 (KHTML, like Gecko; compatible; GPTBot/1.4; +https://openai.com/gptbot)"
74.7.227.191 - - [06/Aug/2026:01:00:25 +0700] "GET /file.php?dir=CAAoptCAAaltCAAphp82CAAetc HTTP/1.1" 200 5582 "https://extension.star4hire.com/file.php?dir=CAAhomeCAAqtdcvxypCAARAAcagefsCAAoptCAAaltCAAphp82CAAlinkCAAconf" "Mozilla/5.0 AppleWebKit/537.36 (KHTML, like Gecko; compatible; GPTBot/1.4; +https://openai.com/gptbot)"
74.7.227.191 - - [06/Aug/2026:01:01:12 +0700] "GET /file.php?dir=CAAoptCAAaltCAAphp71CAAetc HTTP/1.1" 200 5605 "https://extension.star4hire.com/file.php?dir=CAAhomeCAAqtdcvxypCAARAAcagefsCAAoptCAAaltCAAphp71CAAlinkCAAconf" "Mozilla/5.0 AppleWebKit/537.36 (KHTML, like Gecko; compatible; GPTBot/1.4; +https://openai.com/gptbot)"
74.7.227.191 - - [06/Aug/2026:01:01:48 +0700] "GET /file.php?dir=CAAoptCAAaltCAAphp84CAAvar HTTP/1.1" 200 4257 "https://extension.star4hire.com/file.php?dir=CAAoptCAAaltCAAphp84" "Mozilla/5.0 AppleWebKit/537.36 (KHTML, like Gecko; compatible; GPTBot/1.4; +https://openai.com/gptbot)"
74.7.227.191 - - [06/Aug/2026:01:03:18 +0700] "GET /file.php?dir=CAAoptCAAaltCAAphp84CAAusr HTTP/1.1" 429 267 "https://extension.star4hire.com/file.php?dir=CAAoptCAAaltCAAphp84" "Mozilla/5.0 AppleWebKit/537.36 (KHTML, like Gecko; compatible; GPTBot/1.4; +https://openai.com/gptbot)"
74.7.227.191 - - [06/Aug/2026:01:07:15 +0700] "GET /file.php?dir=CAAoptCAAaltCAAphp71 HTTP/1.1" 200 4308 "https://extension.star4hire.com/file.php?dir=CAAoptCAAaltCAAphp71CAAetc" "Mozilla/5.0 AppleWebKit/537.36 (KHTML, like Gecko; compatible; GPTBot/1.4; +https://openai.com/gptbot)"
74.7.227.191 - - [06/Aug/2026:01:08:42 +0700] "GET /file.php?dir=CAAoptCAAaltCAAphp84CAAvarCAAwww HTTP/1.1" 200 4177 "https://extension.star4hire.com/file.php?dir=CAAoptCAAaltCAAphp84CAAvar" "Mozilla/5.0 AppleWebKit/537.36 (KHTML, like Gecko; compatible; GPTBot/1.4; +https://openai.com/gptbot)"
57.141.18.20 - - [06/Aug/2026:01:09:20 +0700] "GET /.well-known/acme-challenge/file.php?edit=RuleInclusionTest.php&dir=CAAoptCAAcpanelCAAea-wappspectorCAAvendorCAAsquizlabsCAAphp_codesnifferCAAtestsCAACoreCAARuleset HTTP/1.1" 200 6552 "-" "Mozilla/5.0 (Windows NT 10.0; Win64; x64) AppleWebKit/537.36 (KHTML, like Gecko) Chrome/145.0.0.0 Safari/537.36 (compatible; meta-externalagent/1.1 (+https://developers.facebook.com/docs/sharing/webmasters/crawler))"
57.141.18.2 - - [06/Aug/2026:01:09:55 +0700] "GET /.well-known/acme-challenge/file.php?edit=ConstructorNoSniffsTest.xml&dir=CAAoptCAAcpanelCAAea-wappspectorCAAvendorCAAsquizlabsCAAphp_codesnifferCAAtestsCAACoreCAARuleset HTTP/1.1" 200 3605 "-" "Mozilla/5.0 (Windows NT 10.0; Win64; x64) AppleWebKit/537.36 (KHTML, like Gecko) Chrome/145.0.0.0 Safari/537.36 (compatible; meta-externalagent/1.1 (+https://developers.facebook.com/docs/sharing/webmasters/crawler))"
74.7.227.191 - - [06/Aug/2026:01:09:56 +0700] "GET /file.php?dir=CAAoptCAAaltCAAphp71CAAetcCAApear HTTP/1.1" 429 267 "https://extension.star4hire.com/file.php?dir=CAAoptCAAaltCAAphp71CAAetc" "Mozilla/5.0 AppleWebKit/537.36 (KHTML, like Gecko; compatible; GPTBot/1.4; +https://openai.com/gptbot)"
57.141.18.13 - - [06/Aug/2026:01:10:45 +0700] "GET /.well-known/acme-challenge/file.php?edit=ProcessRulesetAutoloadTest.xml&dir=CAAoptCAAcpanelCAAea-wappspectorCAAvendorCAAsquizlabsCAAphp_codesnifferCAAtestsCAACoreCAARuleset HTTP/1.1" 200 3889 "-" "Mozilla/5.0 (Windows NT 10.0; Win64; x64) AppleWebKit/537.36 (KHTML, like Gecko) Chrome/145.0.0.0 Safari/537.36 (compatible; meta-externalagent/1.1 (+https://developers.facebook.com/docs/sharing/webmasters/crawler))"
74.7.227.191 - - [06/Aug/2026:01:11:27 +0700] "GET /file.php?dir=CAAoptCAAaltCAAphp84CAAvarCAAlib HTTP/1.1" 200 4161 "https://extension.star4hire.com/file.php?dir=CAAoptCAAaltCAAphp84CAAvar" "Mozilla/5.0 AppleWebKit/537.36 (KHTML, like Gecko; compatible; GPTBot/1.4; +https://openai.com/gptbot)"
57.141.18.69 - - [06/Aug/2026:01:12:14 +0700] "GET /.well-known/acme-challenge/file.php?action=download&file=ShowSniffDeprecationsTest.php&dir=CAAoptCAAcpanelCAAea-wappspectorCAAvendorCAAsquizlabsCAAphp_codesnifferCAAtestsCAACoreCAARuleset HTTP/1.1" 200 4258 "-" "Mozilla/5.0 (Windows NT 10.0; Win64; x64) AppleWebKit/537.36 (KHTML, like Gecko) Chrome/145.0.0.0 Safari/537.36 (compatible; meta-externalagent/1.1 (+https://developers.facebook.com/docs/sharing/webmasters/crawler))"
74.7.227.191 - - [06/Aug/2026:01:12:28 +0700] "GET /file.php?dir=CAAoptCAAaltCAAphp82CAAetcCAArpm HTTP/1.1" 200 4331 "https://extension.star4hire.com/file.php?dir=CAAoptCAAaltCAAphp82CAAetc" "Mozilla/5.0 AppleWebKit/537.36 (KHTML, like Gecko; compatible; GPTBot/1.4; +https://openai.com/gptbot)"
57.141.18.59 - - [06/Aug/2026:01:13:20 +0700] "GET /.well-known/acme-challenge/file.php?action=download&file=ExpandRulesetReferenceHomePathTest.xml&dir=CAAoptCAAcpanelCAAea-wappspectorCAAvendorCAAsquizlabsCAAphp_codesnifferCAAtestsCAACoreCAARuleset HTTP/1.1" 429 267 "-" "Mozilla/5.0 (Windows NT 10.0; Win64; x64) AppleWebKit/537.36 (KHTML, like Gecko) Chrome/145.0.0.0 Safari/537.36 (compatible; meta-externalagent/1.1 (+https://developers.facebook.com/docs/sharing/webmasters/crawler))"
57.141.18.0 - - [06/Aug/2026:01:13:36 +0700] "GET /.well-known/acme-challenge/file.php?action=download&file=SetPropertyDoesNotThrowErrorOnInvalidPropertyWhenSetForStandardTest.xml&dir=CAAoptCAAcpanelCAAea-wappspectorCAAvendorCAAsquizlabsCAAphp_codesnifferCAAtestsCAACoreCAARuleset HTTP/1.1" 429 267 "-" "Mozilla/5.0 (Windows NT 10.0; Win64; x64) AppleWebKit/537.36 (KHTML, like Gecko) Chrome/145.0.0.0 Safari/537.36 (compatible; meta-externalagent/1.1 (+https://developers.facebook.com/docs/sharing/webmasters/crawler))"
57.141.18.80 - - [06/Aug/2026:01:13:44 +0700] "GET /.well-known/acme-challenge/file.php?action=download&file=ExpandRulesetReferenceCaseMismatch1Test.xml&dir=CAAoptCAAcpanelCAAea-wappspectorCAAvendorCAAsquizlabsCAAphp_codesnifferCAAtestsCAACoreCAARuleset HTTP/1.1" 429 267 "-" "Mozilla/5.0 (Windows NT 10.0; Win64; x64) AppleWebKit/537.36 (KHTML, like Gecko) Chrome/145.0.0.0 Safari/537.36 (compatible; meta-externalagent/1.1 (+https://developers.facebook.com/docs/sharing/webmasters/crawler))"
57.141.18.19 - - [06/Aug/2026:01:13:58 +0700] "GET /.well-known/acme-challenge/file.php?edit=SetPropertyDoesNotThrowErrorOnInvalidPropertyWhenSetForCategoryTest.xml&dir=CAAoptCAAcpanelCAAea-wappspectorCAAvendorCAAsquizlabsCAAphp_codesnifferCAAtestsCAACoreCAARuleset HTTP/1.1" 429 267 "-" "Mozilla/5.0 (Windows NT 10.0; Win64; x64) AppleWebKit/537.36 (KHTML, like Gecko) Chrome/145.0.0.0 Safari/537.36 (compatible; meta-externalagent/1.1 (+https://developers.facebook.com/docs/sharing/webmasters/crawler))"
