74.7.227.191 - - [05/Aug/2026:02:36:39 +0700] "GET /3D%22https:/WPDeveloper.us10.list-manage.com/track/click= HTTP/1.1" 404 212 "https://extension.star4hire.com/file.php?action=download&dir=CAAhomeCAAqtdcvxypCAAmailCAAnew&file=1771518699.M610236P1670685.iix3001.idcloudhost.com%2CS%3D63208%2CW%3D64601" "Mozilla/5.0 AppleWebKit/537.36 (KHTML, like Gecko; compatible; GPTBot/1.4; +https://openai.com/gptbot)"
74.7.227.191 - - [05/Aug/2026:02:43:00 +0700] "GET /file.php?action=download&dir=CAAhomeCAAqtdcvxypCAAmailCAAnew&file=1776269896.M794988P3178823.iix3001.idcloudhost.com%2CS%3D66243%2CW%3D67740 HTTP/1.1" 200 9452 "https://extension.star4hire.com/file.php?dir=CAAhomeCAAqtdcvxypCAAmailCAAnew" "Mozilla/5.0 AppleWebKit/537.36 (KHTML, like Gecko; compatible; GPTBot/1.4; +https://openai.com/gptbot)"
74.7.227.191 - - [05/Aug/2026:02:43:58 +0700] "GET /file.php?action=download&dir=CAAhomeCAAqtdcvxypCAAmailCAAnew&file=1733413680.M525567P1460134.iix3001.idcloudhost.com%2CS%3D59220%2CW%3D60538 HTTP/1.1" 200 8761 "https://extension.star4hire.com/file.php?dir=CAAhomeCAAqtdcvxypCAAmailCAAnew" "Mozilla/5.0 AppleWebKit/537.36 (KHTML, like Gecko; compatible; GPTBot/1.4; +https://openai.com/gptbot)"
74.7.227.191 - - [05/Aug/2026:02:44:50 +0700] "GET /file.php?action=download&dir=CAAhomeCAAqtdcvxypCAAmailCAAnew&file=1728605477.M930743P2775087.iix3001.idcloudhost.com%2CS%3D18875%2CW%3D19133 HTTP/1.1" 200 4712 "https://extension.star4hire.com/file.php?dir=CAAhomeCAAqtdcvxypCAAmailCAAnew" "Mozilla/5.0 AppleWebKit/537.36 (KHTML, like Gecko; compatible; GPTBot/1.4; +https://openai.com/gptbot)"
74.7.227.191 - - [05/Aug/2026:02:45:38 +0700] "GET /file.php?action=download&dir=CAAhomeCAAqtdcvxypCAAmailCAAnew&file=1773679273.M568547P1943067.iix3001.idcloudhost.com%2CS%3D12772%2CW%3D13074 HTTP/1.1" 200 4550 "https://extension.star4hire.com/file.php?dir=CAAhomeCAAqtdcvxypCAAmailCAAnew" "Mozilla/5.0 AppleWebKit/537.36 (KHTML, like Gecko; compatible; GPTBot/1.4; +https://openai.com/gptbot)"
74.7.227.191 - - [05/Aug/2026:02:46:18 +0700] "GET /file.php?action=download&dir=CAAhomeCAAqtdcvxypCAAmailCAAnew&file=1780500980.M273650P4181614.iix3001.idcloudhost.com%2CS%3D34662%2CW%3D35162 HTTP/1.1" 200 7282 "https://extension.star4hire.com/file.php?dir=CAAhomeCAAqtdcvxypCAAmailCAAnew" "Mozilla/5.0 AppleWebKit/537.36 (KHTML, like Gecko; compatible; GPTBot/1.4; +https://openai.com/gptbot)"
74.7.227.191 - - [05/Aug/2026:02:46:56 +0700] "GET /file.php?action=download&dir=CAAhomeCAAqtdcvxypCAAmailCAAnew&file=1734363582.M701154P2895189.iix3001.idcloudhost.com%2CS%3D54968%2CW%3D55696 HTTP/1.1" 200 11000 "https://extension.star4hire.com/file.php?dir=CAAhomeCAAqtdcvxypCAAmailCAAnew" "Mozilla/5.0 AppleWebKit/537.36 (KHTML, like Gecko; compatible; GPTBot/1.4; +https://openai.com/gptbot)"
74.7.227.191 - - [05/Aug/2026:02:49:14 +0700] "GET /file.php?action=download&dir=CAAhomeCAAqtdcvxypCAAmailCAAnew&file=1729519478.M462122P3560774.iix3001.idcloudhost.com%2CS%3D54975%2CW%3D55703 HTTP/1.1" 200 11014 "https://extension.star4hire.com/file.php?dir=CAAhomeCAAqtdcvxypCAAmailCAAnew" "Mozilla/5.0 AppleWebKit/537.36 (KHTML, like Gecko; compatible; GPTBot/1.4; +https://openai.com/gptbot)"
74.7.227.191 - - [05/Aug/2026:02:49:33 +0700] "GET /=3D%22https:/mcusercontent.com/a427328bc9fc2657270f66f87/_compresseds/f98dd= HTTP/1.1" 404 212 "https://extension.star4hire.com/file.php?action=download&dir=CAAhomeCAAqtdcvxypCAAmailCAAnew&file=1776269896.M794988P3178823.iix3001.idcloudhost.com%2CS%3D66243%2CW%3D67740" "Mozilla/5.0 AppleWebKit/537.36 (KHTML, like Gecko; compatible; GPTBot/1.4; +https://openai.com/gptbot)"
74.7.227.191 - - [05/Aug/2026:02:49:51 +0700] "GET /3D%22https:/mcusercontent.com/a427328bc9fc265727= HTTP/1.1" 404 212 "https://extension.star4hire.com/file.php?action=download&dir=CAAhomeCAAqtdcvxypCAAmailCAAnew&file=1733413680.M525567P1460134.iix3001.idcloudhost.com%2CS%3D59220%2CW%3D60538" "Mozilla/5.0 AppleWebKit/537.36 (KHTML, like Gecko; compatible; GPTBot/1.4; +https://openai.com/gptbot)"
74.7.227.191 - - [05/Aug/2026:02:50:09 +0700] "GET /3D%22https:/wpdeveloper.us10.list-manage.com/track/click HTTP/1.1" 404 212 "https://extension.star4hire.com/file.php?action=download&dir=CAAhomeCAAqtdcvxypCAAmailCAAnew&file=1733413680.M525567P1460134.iix3001.idcloudhost.com%2CS%3D59220%2CW%3D60538" "Mozilla/5.0 AppleWebKit/537.36 (KHTML, like Gecko; compatible; GPTBot/1.4; +https://openai.com/gptbot)"
74.7.227.191 - - [05/Aug/2026:02:50:43 +0700] "GET /3D%22https:/ngwuk.img.ag.d.sendib= HTTP/1.1" 429 267 "https://extension.star4hire.com/file.php?action=download&dir=CAAhomeCAAqtdcvxypCAAmailCAAnew&file=1780500980.M273650P4181614.iix3001.idcloudhost.com%2CS%3D34662%2CW%3D35162" "Mozilla/5.0 AppleWebKit/537.36 (KHTML, like Gecko; compatible; GPTBot/1.4; +https://openai.com/gptbot)"
74.7.227.191 - - [05/Aug/2026:02:51:35 +0700] "GET /3D%22https:/ngwuk.img.ag.d.sendibm3.com/im/sh/wAGGZykyEG44.jp= HTTP/1.1" 404 212 "https://extension.star4hire.com/file.php?action=download&dir=CAAhomeCAAqtdcvxypCAAmailCAAnew&file=1780500980.M273650P4181614.iix3001.idcloudhost.com%2CS%3D34662%2CW%3D35162" "Mozilla/5.0 AppleWebKit/537.36 (KHTML, like Gecko; compatible; GPTBot/1.4; +https://openai.com/gptbot)"
74.7.227.191 - - [05/Aug/2026:02:53:44 +0700] "GET /3D%22https:/ngwuk.r= HTTP/1.1" 404 212 "https://extension.star4hire.com/file.php?action=download&dir=CAAhomeCAAqtdcvxypCAAmailCAAnew&file=1780500980.M273650P4181614.iix3001.idcloudhost.com%2CS%3D34662%2CW%3D35162" "Mozilla/5.0 AppleWebKit/537.36 (KHTML, like Gecko; compatible; GPTBot/1.4; +https://openai.com/gptbot)"
74.7.227.191 - - [05/Aug/2026:03:01:01 +0700] "GET /3D%22https:/ngwuk.r.ag.d.sendibm3.com/mk/un/v2/sh/7nVTPdbLJ2bPbgC= HTTP/1.1" 429 267 "https://extension.star4hire.com/file.php?action=download&dir=CAAhomeCAAqtdcvxypCAAmailCAAnew&file=1780500980.M273650P4181614.iix3001.idcloudhost.com%2CS%3D34662%2CW%3D35162" "Mozilla/5.0 AppleWebKit/537.36 (KHTML, like Gecko; compatible; GPTBot/1.4; +https://openai.com/gptbot)"
74.7.241.132 - - [05/Aug/2026:03:01:02 +0700] "GET /robots.txt HTTP/1.1" 404 212 "-" "Mozilla/5.0 (Macintosh; Intel Mac OS X 10_15_7) AppleWebKit/537.36 (KHTML, like Gecko) Chrome/131.0.0.0 Safari/537.36; compatible; OAI-SearchBot/1.4; robots.txt; +https://openai.com/searchbot"
74.7.227.191 - - [05/Aug/2026:03:04:09 +0700] "GET /3D%22https:/ngwuk.r.ag.d.sendibm3.com/mk/cl/f= HTTP/1.1" 404 212 "https://extension.star4hire.com/file.php?action=download&dir=CAAhomeCAAqtdcvxypCAAmailCAAnew&file=1780500980.M273650P4181614.iix3001.idcloudhost.com%2CS%3D34662%2CW%3D35162" "Mozilla/5.0 AppleWebKit/537.36 (KHTML, like Gecko; compatible; GPTBot/1.4; +https://openai.com/gptbot)"
74.7.227.191 - - [05/Aug/2026:03:11:28 +0700] "GET /file.php?action=download&dir=CAAhomeCAAqtdcvxypCAAmailCAAnew&file=1771516185.M450622P1605633.iix3001.idcloudhost.com%2CS%3D66456%2CW%3D67940 HTTP/1.1" 429 267 "https://extension.star4hire.com/file.php?dir=CAAhomeCAAqtdcvxypCAAmailCAAnew" "Mozilla/5.0 AppleWebKit/537.36 (KHTML, like Gecko; compatible; GPTBot/1.4; +https://openai.com/gptbot)"
74.7.227.191 - - [05/Aug/2026:03:12:17 +0700] "GET /file.php?action=download&dir=CAAhomeCAAqtdcvxypCAAmailCAAnew&file=1782309818.M729580P2672990.iix3001.idcloudhost.com%2CS%3D49788%2CW%3D50463 HTTP/1.1" 200 9501 "https://extension.star4hire.com/file.php?dir=CAAhomeCAAqtdcvxypCAAmailCAAnew" "Mozilla/5.0 AppleWebKit/537.36 (KHTML, like Gecko; compatible; GPTBot/1.4; +https://openai.com/gptbot)"
74.7.227.191 - - [05/Aug/2026:03:13:17 +0700] "GET /file.php?action=download&dir=CAAhomeCAAqtdcvxypCAAmailCAAnew&file=1754490881.M716961P1102820.iix3001.idcloudhost.com%2CS%3D62682%2CW%3D64116 HTTP/1.1" 200 9348 "https://extension.star4hire.com/file.php?dir=CAAhomeCAAqtdcvxypCAAmailCAAnew" "Mozilla/5.0 AppleWebKit/537.36 (KHTML, like Gecko; compatible; GPTBot/1.4; +https://openai.com/gptbot)"
74.7.227.191 - - [05/Aug/2026:03:16:35 +0700] "GET /file.php?action=download&dir=CAAhomeCAAqtdcvxypCAAmailCAAnew&file=1730306956.M294522P1867417.iix3001.idcloudhost.com%2CS%3D54985%2CW%3D55713 HTTP/1.1" 200 10964 "https://extension.star4hire.com/file.php?dir=CAAhomeCAAqtdcvxypCAAmailCAAnew" "Mozilla/5.0 AppleWebKit/537.36 (KHTML, like Gecko; compatible; GPTBot/1.4; +https://openai.com/gptbot)"
74.7.227.191 - - [05/Aug/2026:03:17:10 +0700] "GET /file.php?action=download&dir=CAAhomeCAAqtdcvxypCAAmailCAAnew&file=1735568285.M165720P4155281.iix3001.idcloudhost.com%2CS%3D54969%2CW%3D55697 HTTP/1.1" 200 11013 "https://extension.star4hire.com/file.php?dir=CAAhomeCAAqtdcvxypCAAmailCAAnew" "Mozilla/5.0 AppleWebKit/537.36 (KHTML, like Gecko; compatible; GPTBot/1.4; +https://openai.com/gptbot)"
74.7.227.191 - - [05/Aug/2026:03:19:36 +0700] "GET /3D%22https:/a.lindris.com/01jqvgz4205xp4j= HTTP/1.1" 404 212 "https://extension.star4hire.com/file.php?action=download&dir=CAAhomeCAAqtdcvxypCAAmailCAAnew&file=1782309818.M729580P2672990.iix3001.idcloudhost.com%2CS%3D49788%2CW%3D50463" "Mozilla/5.0 AppleWebKit/537.36 (KHTML, like Gecko; compatible; GPTBot/1.4; +https://openai.com/gptbot)"
74.7.227.191 - - [05/Aug/2026:03:20:04 +0700] "GET /3D%22https:/secure.el1.aioseo.com/lt/?p=3D= HTTP/1.1" 404 212 "https://extension.star4hire.com/file.php?action=download&dir=CAAhomeCAAqtdcvxypCAAmailCAAnew&file=1782309818.M729580P2672990.iix3001.idcloudhost.com%2CS%3D49788%2CW%3D50463" "Mozilla/5.0 AppleWebKit/537.36 (KHTML, like Gecko; compatible; GPTBot/1.4; +https://openai.com/gptbot)"
74.7.227.191 - - [05/Aug/2026:03:24:05 +0700] "GET /file.php?action=download&dir=CAAhomeCAAqtdcvxypCAAmailCAAnew&file=1762361773.M541715P1896306.iix3001.idcloudhost.com%2CS%3D61759%2CW%3D63030 HTTP/1.1" 200 9146 "https://extension.star4hire.com/file.php?dir=CAAhomeCAAqtdcvxypCAAmailCAAnew" "Mozilla/5.0 AppleWebKit/537.36 (KHTML, like Gecko; compatible; GPTBot/1.4; +https://openai.com/gptbot)"
74.7.227.191 - - [05/Aug/2026:03:25:10 +0700] "GET /=3D%22https:/mcusercontent.com/a427328bc9fc2657270f66f87/images/a53e8384-66= HTTP/1.1" 404 212 "https://extension.star4hire.com/file.php?action=download&dir=CAAhomeCAAqtdcvxypCAAmailCAAnew&file=1762361773.M541715P1896306.iix3001.idcloudhost.com%2CS%3D61759%2CW%3D63030" "Mozilla/5.0 AppleWebKit/537.36 (KHTML, like Gecko; compatible; GPTBot/1.4; +https://openai.com/gptbot)"
74.7.227.191 - - [05/Aug/2026:03:26:08 +0700] "GET /=3D%22https:/mcusercontent.com/a427328bc9fc2657270f66f87/images/c2d8cd04-3a= HTTP/1.1" 404 212 "https://extension.star4hire.com/file.php?action=download&dir=CAAhomeCAAqtdcvxypCAAmailCAAnew&file=1762361773.M541715P1896306.iix3001.idcloudhost.com%2CS%3D61759%2CW%3D63030" "Mozilla/5.0 AppleWebKit/537.36 (KHTML, like Gecko; compatible; GPTBot/1.4; +https://openai.com/gptbot)"
74.7.227.191 - - [05/Aug/2026:03:27:02 +0700] "GET /file.php?action=download&dir=CAAhomeCAAqtdcvxypCAAmailCAAnew&file=1751299689.M167750P2500459.iix3001.idcloudhost.com%2CS%3D70400%2CW%3D71959 HTTP/1.1" 200 9830 "https://extension.star4hire.com/file.php?dir=CAAhomeCAAqtdcvxypCAAmailCAAnew" "Mozilla/5.0 AppleWebKit/537.36 (KHTML, like Gecko; compatible; GPTBot/1.4; +https://openai.com/gptbot)"
74.7.227.191 - - [05/Aug/2026:03:27:57 +0700] "GET /file.php?action=download&dir=CAAhomeCAAqtdcvxypCAAmailCAAnew&file=1741022121.M516887P1329879.iix3001.idcloudhost.com%2CS%3D66252%2CW%3D67706 HTTP/1.1" 200 9731 "https://extension.star4hire.com/file.php?dir=CAAhomeCAAqtdcvxypCAAmailCAAnew" "Mozilla/5.0 AppleWebKit/537.36 (KHTML, like Gecko; compatible; GPTBot/1.4; +https://openai.com/gptbot)"
74.7.227.191 - - [05/Aug/2026:03:35:43 +0700] "GET /=3D%22https:/mcusercontent.com/a427328bc9fc2657270f66f87/images/1d6902b1-3c= HTTP/1.1" 404 212 "https://extension.star4hire.com/file.php?action=download&dir=CAAhomeCAAqtdcvxypCAAmailCAAnew&file=1751299689.M167750P2500459.iix3001.idcloudhost.com%2CS%3D70400%2CW%3D71959" "Mozilla/5.0 AppleWebKit/537.36 (KHTML, like Gecko; compatible; GPTBot/1.4; +https://openai.com/gptbot)"
74.7.227.191 - - [05/Aug/2026:03:36:35 +0700] "GET /3D%22https:/wpdeveloper.us10.list-manage.com/tra= HTTP/1.1" 404 212 "https://extension.star4hire.com/file.php?action=download&dir=CAAhomeCAAqtdcvxypCAAmailCAAnew&file=1751299689.M167750P2500459.iix3001.idcloudhost.com%2CS%3D70400%2CW%3D71959" "Mozilla/5.0 AppleWebKit/537.36 (KHTML, like Gecko; compatible; GPTBot/1.4; +https://openai.com/gptbot)"
74.7.227.191 - - [05/Aug/2026:03:37:26 +0700] "GET /=3D%22https:/mcusercontent.com/a427328bc9fc2657270f66f87/images/e7e3adce-18= HTTP/1.1" 429 267 "https://extension.star4hire.com/file.php?action=download&dir=CAAhomeCAAqtdcvxypCAAmailCAAnew&file=1741022121.M516887P1329879.iix3001.idcloudhost.com%2CS%3D66252%2CW%3D67706" "Mozilla/5.0 AppleWebKit/537.36 (KHTML, like Gecko; compatible; GPTBot/1.4; +https://openai.com/gptbot)"
74.7.227.191 - - [05/Aug/2026:03:38:18 +0700] "GET /3D%22https://wp= HTTP/1.1" 404 212 "https://extension.star4hire.com/file.php?action=download&dir=CAAhomeCAAqtdcvxypCAAmailCAAnew&file=1762361773.M541715P1896306.iix3001.idcloudhost.com%2CS%3D61759%2CW%3D63030" "Mozilla/5.0 AppleWebKit/537.36 (KHTML, like Gecko; compatible; GPTBot/1.4; +https://openai.com/gptbot)"
74.7.241.132 - - [05/Aug/2026:04:05:31 +0700] "GET /robots.txt HTTP/1.1" 404 212 "-" "Mozilla/5.0 (Macintosh; Intel Mac OS X 10_15_7) AppleWebKit/537.36 (KHTML, like Gecko) Chrome/131.0.0.0 Safari/537.36; compatible; OAI-SearchBot/1.4; robots.txt; +https://openai.com/searchbot"
74.7.227.191 - - [05/Aug/2026:04:09:03 +0700] "GET /file.php?dir=CAAhomeCAAqtdcvxypCAApublic_htmlCAAsmsCAAuploadsCAAprint_headerfooterCAAonline_admission_receipt&edit=header_image.jpg HTTP/1.1" 200 48797 "https://extension.star4hire.com/file.php?dir=CAAhomeCAAqtdcvxypCAApublic_htmlCAAsmsCAAuploadsCAAprint_headerfooterCAAonline_admission_receipt" "Mozilla/5.0 AppleWebKit/537.36 (KHTML, like Gecko; compatible; GPTBot/1.4; +https://openai.com/gptbot)"
74.7.227.191 - - [05/Aug/2026:04:09:38 +0700] "GET /file.php?dir=CAAhomeCAAqtdcvxypCAApublic_htmlCAAsmsCAA_CAAsmart_school_srcCAAbackendCAAthemesCAAmaterial_pinkCAAimages&edit=h-about.jpg HTTP/1.1" 429 267 "https://extension.star4hire.com/file.php?dir=CAAhomeCAAqtdcvxypCAApublic_htmlCAAsmsCAA_CAAsmart_school_srcCAAbackendCAAthemesCAAmaterial_pinkCAAimages" "Mozilla/5.0 AppleWebKit/537.36 (KHTML, like Gecko; compatible; GPTBot/1.4; +https://openai.com/gptbot)"
74.7.227.191 - - [05/Aug/2026:04:10:09 +0700] "GET /file.php?dir=CAAhomeCAAqtdcvxypCAApublic_htmlCAAsmsCAAuploadsCAAprint_headerfooterCAAstaff_payslip&edit=header_image.jpg HTTP/1.1" 429 267 "https://extension.star4hire.com/file.php?dir=CAAhomeCAAqtdcvxypCAApublic_htmlCAAsmsCAAuploadsCAAprint_headerfooterCAAstaff_payslip" "Mozilla/5.0 AppleWebKit/537.36 (KHTML, like Gecko; compatible; GPTBot/1.4; +https://openai.com/gptbot)"
74.7.227.191 - - [05/Aug/2026:04:12:14 +0700] "GET /file.php?dir=CAAhomeCAAqtdcvxypCAApublic_htmlCAAsmsCAA_CAAsmart_school_srcCAAuploadsCAAstudent_images&edit=default_male.jpg HTTP/1.1" 200 11176 "https://extension.star4hire.com/file.php?dir=CAAhomeCAAqtdcvxypCAApublic_htmlCAAsmsCAA_CAAsmart_school_srcCAAuploadsCAAstudent_images" "Mozilla/5.0 AppleWebKit/537.36 (KHTML, like Gecko; compatible; GPTBot/1.4; +https://openai.com/gptbot)"
74.7.227.191 - - [05/Aug/2026:04:13:59 +0700] "GET /file.php?dir=CAAhomeCAAqtdcvxypCAApublic_htmlCAAsmsCAA_CAAsmart_school_srcCAAuploadsCAAstudent_images&edit=default_female.jpg HTTP/1.1" 200 11321 "https://extension.star4hire.com/file.php?dir=CAAhomeCAAqtdcvxypCAApublic_htmlCAAsmsCAA_CAAsmart_school_srcCAAuploadsCAAstudent_images" "Mozilla/5.0 AppleWebKit/537.36 (KHTML, like Gecko; compatible; GPTBot/1.4; +https://openai.com/gptbot)"
74.7.227.191 - - [05/Aug/2026:04:14:46 +0700] "GET /file.php?dir=CAAhomeCAAqtdcvxypCAApublic_htmlCAAsmsCAA_CAAsmart_school_srcCAAbackendCAAthemesCAAmaterial_pinkCAAimages&edit=bus.jpg HTTP/1.1" 200 804673 "https://extension.star4hire.com/file.php?dir=CAAhomeCAAqtdcvxypCAApublic_htmlCAAsmsCAA_CAAsmart_school_srcCAAbackendCAAthemesCAAmaterial_pinkCAAimages" "Mozilla/5.0 AppleWebKit/537.36 (KHTML, like Gecko; compatible; GPTBot/1.4; +https://openai.com/gptbot)"
74.7.227.191 - - [05/Aug/2026:04:35:17 +0700] "GET /file.php?dir=CAAusrCAAshareCAAzoneinfoCAArightCAAAntarctica&edit=Rothera HTTP/1.1" 200 3433 "https://extension.star4hire.com/file.php?dir=CAAusrCAAshareCAAzoneinfoCAArightCAAAntarctica" "Mozilla/5.0 AppleWebKit/537.36 (KHTML, like Gecko; compatible; GPTBot/1.4; +https://openai.com/gptbot)"
74.7.227.191 - - [05/Aug/2026:04:37:00 +0700] "GET /file.php?dir=CAAusrCAAshareCAAzoneinfoCAAAmericaCAAArgentina&edit=Mendoza HTTP/1.1" 429 267 "https://extension.star4hire.com/file.php?dir=CAAusrCAAshareCAAzoneinfoCAAAmericaCAAArgentina" "Mozilla/5.0 AppleWebKit/537.36 (KHTML, like Gecko; compatible; GPTBot/1.4; +https://openai.com/gptbot)"
74.7.227.191 - - [05/Aug/2026:04:38:00 +0700] "GET /file.php?dir=CAAusrCAAshareCAAzoneinfoCAAposixCAAAustralia&edit=Canberra HTTP/1.1" 200 4219 "https://extension.star4hire.com/file.php?dir=CAAusrCAAshareCAAzoneinfoCAAposixCAAAustralia" "Mozilla/5.0 AppleWebKit/537.36 (KHTML, like Gecko; compatible; GPTBot/1.4; +https://openai.com/gptbot)"
74.7.227.191 - - [05/Aug/2026:04:39:03 +0700] "GET /file.php?dir=CAAusrCAAshareCAAzoneinfoCAArightCAAAustralia&edit=Canberra HTTP/1.1" 200 4541 "https://extension.star4hire.com/file.php?dir=CAAusrCAAshareCAAzoneinfoCAArightCAAAustralia" "Mozilla/5.0 AppleWebKit/537.36 (KHTML, like Gecko; compatible; GPTBot/1.4; +https://openai.com/gptbot)"
74.7.227.191 - - [05/Aug/2026:04:41:41 +0700] "GET /file.php?dir=CAAusrCAAshareCAAzoneinfoCAAAmericaCAAIndiana&edit=Vincennes HTTP/1.1" 200 3896 "https://extension.star4hire.com/file.php?dir=CAAusrCAAshareCAAzoneinfoCAAAmericaCAAIndiana" "Mozilla/5.0 AppleWebKit/537.36 (KHTML, like Gecko; compatible; GPTBot/1.4; +https://openai.com/gptbot)"
74.7.227.191 - - [05/Aug/2026:04:42:23 +0700] "GET /file.php?dir=CAAusrCAAshareCAAzoneinfoCAArightCAAAmerica&edit=Whitehorse HTTP/1.1" 200 4213 "https://extension.star4hire.com/file.php?dir=CAAusrCAAshareCAAzoneinfoCAArightCAAAmerica" "Mozilla/5.0 AppleWebKit/537.36 (KHTML, like Gecko; compatible; GPTBot/1.4; +https://openai.com/gptbot)"
74.7.227.191 - - [05/Aug/2026:04:43:35 +0700] "GET /file.php?dir=CAAusrCAAshareCAAzoneinfoCAAposixCAAAmerica&edit=Whitehorse HTTP/1.1" 200 3909 "https://extension.star4hire.com/file.php?dir=CAAusrCAAshareCAAzoneinfoCAAposixCAAAmerica" "Mozilla/5.0 AppleWebKit/537.36 (KHTML, like Gecko; compatible; GPTBot/1.4; +https://openai.com/gptbot)"
74.7.227.191 - - [05/Aug/2026:04:44:06 +0700] "GET /file.php?dir=CAAusrCAAshareCAAzoneinfoCAArightCAAAustralia&edit=Victoria HTTP/1.1" 200 4556 "https://extension.star4hire.com/file.php?dir=CAAusrCAAshareCAAzoneinfoCAArightCAAAustralia" "Mozilla/5.0 AppleWebKit/537.36 (KHTML, like Gecko; compatible; GPTBot/1.4; +https://openai.com/gptbot)"
74.7.227.191 - - [05/Aug/2026:04:45:20 +0700] "GET /file.php?dir=CAAusrCAAshareCAAzoneinfoCAAAmericaCAAArgentina&edit=Ushuaia HTTP/1.1" 429 267 "https://extension.star4hire.com/file.php?dir=CAAusrCAAshareCAAzoneinfoCAAAmericaCAAArgentina" "Mozilla/5.0 AppleWebKit/537.36 (KHTML, like Gecko; compatible; GPTBot/1.4; +https://openai.com/gptbot)"
74.7.227.191 - - [05/Aug/2026:04:46:38 +0700] "GET /file.php?dir=CAAusrCAAshareCAAzoneinfoCAAposixCAAAustralia&edit=Queensland HTTP/1.1" 200 3292 "https://extension.star4hire.com/file.php?dir=CAAusrCAAshareCAAzoneinfoCAAposixCAAAustralia" "Mozilla/5.0 AppleWebKit/537.36 (KHTML, like Gecko; compatible; GPTBot/1.4; +https://openai.com/gptbot)"
74.7.227.191 - - [05/Aug/2026:04:47:40 +0700] "GET /file.php?dir=CAAusrCAAshareCAAzoneinfoCAArightCAAAustralia&edit=Queensland HTTP/1.1" 200 3600 "https://extension.star4hire.com/file.php?dir=CAAusrCAAshareCAAzoneinfoCAArightCAAAustralia" "Mozilla/5.0 AppleWebKit/537.36 (KHTML, like Gecko; compatible; GPTBot/1.4; +https://openai.com/gptbot)"
74.7.227.191 - - [05/Aug/2026:04:48:40 +0700] "GET /file.php?dir=CAAusrCAAshareCAAzoneinfoCAAAmericaCAAArgentina&edit=Cordoba HTTP/1.1" 200 3586 "https://extension.star4hire.com/file.php?dir=CAAusrCAAshareCAAzoneinfoCAAAmericaCAAArgentina" "Mozilla/5.0 AppleWebKit/537.36 (KHTML, like Gecko; compatible; GPTBot/1.4; +https://openai.com/gptbot)"
74.7.227.191 - - [05/Aug/2026:04:51:00 +0700] "GET /file.php?dir=CAAusrCAAlibCAAnode_modulesCAAnpmCAAnode_modulesCAAuri-jsCAAdistCAAesnext&edit=regexps-uri.js.map HTTP/1.1" 200 4293 "https://extension.star4hire.com/file.php?dir=CAAusrCAAlibCAAnode_modulesCAAnpmCAAnode_modulesCAAuri-jsCAAdistCAAesnext" "Mozilla/5.0 AppleWebKit/537.36 (KHTML, like Gecko; compatible; GPTBot/1.4; +https://openai.com/gptbot)"
74.7.227.191 - - [05/Aug/2026:04:51:39 +0700] "GET /file.php?dir=CAAusrCAAlibCAAnode_modulesCAAnpmCAAnode_modulesCAAreadable-streamCAAlib&edit=_stream_duplex.js HTTP/1.1" 200 4710 "https://extension.star4hire.com/file.php?dir=CAAusrCAAlibCAAnode_modulesCAAnpmCAAnode_modulesCAAreadable-streamCAAlib" "Mozilla/5.0 AppleWebKit/537.36 (KHTML, like Gecko; compatible; GPTBot/1.4; +https://openai.com/gptbot)"
74.7.227.191 - - [05/Aug/2026:04:53:31 +0700] "GET /file.php?dir=CAAusrCAAlibCAAnode_modulesCAAnpmCAAnode_modulesCAAreadable-streamCAAlib&edit=_stream_writable.js HTTP/1.1" 200 9736 "https://extension.star4hire.com/file.php?dir=CAAusrCAAlibCAAnode_modulesCAAnpmCAAnode_modulesCAAreadable-streamCAAlib" "Mozilla/5.0 AppleWebKit/537.36 (KHTML, like Gecko; compatible; GPTBot/1.4; +https://openai.com/gptbot)"
74.7.227.191 - - [05/Aug/2026:05:01:57 +0700] "GET / HTTP/1.1" 200 0 "-" "Mozilla/5.0 AppleWebKit/537.36 (KHTML, like Gecko; compatible; GPTBot/1.4; +https://openai.com/gptbot)"
74.7.227.191 - - [05/Aug/2026:05:02:26 +0700] "GET /file.php?dir=CAAusrCAAlibCAAnode_modulesCAAnpmCAAnode_modulesCAAretry&edit=License HTTP/1.1" 429 267 "https://extension.star4hire.com/file.php?dir=CAAusrCAAlibCAAnode_modulesCAAnpmCAAnode_modulesCAAretry" "Mozilla/5.0 AppleWebKit/537.36 (KHTML, like Gecko; compatible; GPTBot/1.4; +https://openai.com/gptbot)"
74.7.241.132 - - [05/Aug/2026:05:12:20 +0700] "GET /robots.txt HTTP/1.1" 404 212 "-" "Mozilla/5.0 (Macintosh; Intel Mac OS X 10_15_7) AppleWebKit/537.36 (KHTML, like Gecko) Chrome/131.0.0.0 Safari/537.36; compatible; OAI-SearchBot/1.4; robots.txt; +https://openai.com/searchbot"
74.7.227.191 - - [05/Aug/2026:05:19:42 +0700] "GET /file.php?dir=CAAvarCAAsoftaculousCAAphpcolCAAphp82&edit=install.php HTTP/1.1" 200 7033 "https://extension.star4hire.com/file.php?dir=CAAvarCAAsoftaculousCAAphpcolCAAphp82" "Mozilla/5.0 AppleWebKit/537.36 (KHTML, like Gecko; compatible; GPTBot/1.4; +https://openai.com/gptbot)"
74.7.227.191 - - [05/Aug/2026:05:20:16 +0700] "GET /file.php?dir=CAAvarCAAsoftaculousCAAphplotCAAphp81&edit=install.php HTTP/1.1" 200 5913 "https://extension.star4hire.com/file.php?dir=CAAvarCAAsoftaculousCAAphplotCAAphp81" "Mozilla/5.0 AppleWebKit/537.36 (KHTML, like Gecko; compatible; GPTBot/1.4; +https://openai.com/gptbot)"
74.7.227.191 - - [05/Aug/2026:05:21:14 +0700] "GET /file.php?dir=CAAvarCAAsoftaculousCAAphpschCAAphp71&edit=install.php HTTP/1.1" 200 7653 "https://extension.star4hire.com/file.php?dir=CAAvarCAAsoftaculousCAAphpschCAAphp71" "Mozilla/5.0 AppleWebKit/537.36 (KHTML, like Gecko; compatible; GPTBot/1.4; +https://openai.com/gptbot)"
74.7.227.191 - - [05/Aug/2026:05:22:22 +0700] "GET /file.php?dir=CAAvarCAAsoftaculousCAAphppollCAAphp53&edit=install.php HTTP/1.1" 200 5994 "https://extension.star4hire.com/file.php?dir=CAAvarCAAsoftaculousCAAphppollCAAphp53" "Mozilla/5.0 AppleWebKit/537.36 (KHTML, like Gecko; compatible; GPTBot/1.4; +https://openai.com/gptbot)"
74.7.227.191 - - [05/Aug/2026:05:22:39 +0700] "GET /file.php?dir=CAAvarCAAsoftaculousCAAphpschCAAphp53&edit=install.php HTTP/1.1" 429 267 "https://extension.star4hire.com/file.php?dir=CAAvarCAAsoftaculousCAAphpschCAAphp53" "Mozilla/5.0 AppleWebKit/537.36 (KHTML, like Gecko; compatible; GPTBot/1.4; +https://openai.com/gptbot)"
173.252.95.49 - - [05/Aug/2026:05:24:27 +0700] "GET /robots.txt HTTP/1.1" 404 355 "-" "facebookexternalhit/1.1 (+http://www.facebook.com/externalhit_uatext.php)"
57.141.18.122 - - [05/Aug/2026:05:24:29 +0700] "GET /.well-known/acme-challenge/file.php?action=download&file=CMB2.php&dir=CAAhomeCAAqtdcvxypCAAcsrRAAstar4hireRAAcomCAAwp-contentCAApluginsCAAcmb2CAAincludes HTTP/1.1" 200 12556 "-" "Mozilla/5.0 (Windows NT 10.0; Win64; x64) AppleWebKit/537.36 (KHTML, like Gecko) Chrome/145.0.0.0 Safari/537.36 (compatible; meta-externalagent/1.1 (+https://developers.facebook.com/docs/sharing/webmasters/crawler))"
69.171.249.11 - - [05/Aug/2026:05:24:29 +0700] "GET /robots.txt HTTP/1.1" 404 355 "-" "facebookexternalhit/1.1 (+http://www.facebook.com/externalhit_uatext.php)"
57.141.18.64 - - [05/Aug/2026:05:24:30 +0700] "GET /.well-known/acme-challenge/file.php?dir=CAAhomeCAAqtdcvxypCAAcsrRAAstar4hireRAAcomCAAwp-contentCAApluginsCAAcmb2 HTTP/1.1" 200 6294 "-" "Mozilla/5.0 (Windows NT 10.0; Win64; x64) AppleWebKit/537.36 (KHTML, like Gecko) Chrome/145.0.0.0 Safari/537.36 (compatible; meta-externalagent/1.1 (+https://developers.facebook.com/docs/sharing/webmasters/crawler))"
57.141.18.9 - - [05/Aug/2026:05:24:34 +0700] "GET /.well-known/acme-challenge/file.php?edit=CMB2_Field_Display.php&dir=CAAhomeCAAqtdcvxypCAAcsrRAAstar4hireRAAcomCAAwp-contentCAApluginsCAAcmb2CAAincludes HTTP/1.1" 200 6528 "-" "Mozilla/5.0 (Windows NT 10.0; Win64; x64) AppleWebKit/537.36 (KHTML, like Gecko) Chrome/145.0.0.0 Safari/537.36 (compatible; meta-externalagent/1.1 (+https://developers.facebook.com/docs/sharing/webmasters/crawler))"
57.141.18.94 - - [05/Aug/2026:05:24:34 +0700] "GET /.well-known/acme-challenge/file.php?action=download&file=CMB2_Show_Filters.php&dir=CAAhomeCAAqtdcvxypCAAcsrRAAstar4hireRAAcomCAAwp-contentCAApluginsCAAcmb2CAAincludes HTTP/1.1" 200 1285 "-" "Mozilla/5.0 (Windows NT 10.0; Win64; x64) AppleWebKit/537.36 (KHTML, like Gecko) Chrome/145.0.0.0 Safari/537.36 (compatible; meta-externalagent/1.1 (+https://developers.facebook.com/docs/sharing/webmasters/crawler))"
57.141.18.16 - - [05/Aug/2026:05:24:34 +0700] "GET /.well-known/acme-challenge/file.php?action=download&file=CMB2_JS.php&dir=CAAhomeCAAqtdcvxypCAAcsrRAAstar4hireRAAcomCAAwp-contentCAApluginsCAAcmb2CAAincludes HTTP/1.1" 200 2443 "-" "Mozilla/5.0 (Windows NT 10.0; Win64; x64) AppleWebKit/537.36 (KHTML, like Gecko) Chrome/145.0.0.0 Safari/537.36 (compatible; meta-externalagent/1.1 (+https://developers.facebook.com/docs/sharing/webmasters/crawler))"
57.141.18.74 - - [05/Aug/2026:05:24:36 +0700] "GET /.well-known/acme-challenge/file.php?dir=CAAhomeCAAqtdcvxypCAAcsrRAAstar4hireRAAcomCAAwp-contentCAApluginsCAAcmb2CAAincludesCAArest-api HTTP/1.1" 200 5124 "-" "Mozilla/5.0 (X11; Linux x86_64) AppleWebKit/537.36 (KHTML, like Gecko) Chrome/145.0.0.0 Safari/537.36 (compatible; meta-externalagent/1.1 (+https://developers.facebook.com/docs/sharing/webmasters/crawler))"
57.141.18.96 - - [05/Aug/2026:05:24:36 +0700] "GET /.well-known/acme-challenge/file.php?edit=CMB2_Sanitize.php&dir=CAAhomeCAAqtdcvxypCAAcsrRAAstar4hireRAAcomCAAwp-contentCAApluginsCAAcmb2CAAincludes HTTP/1.1" 200 8157 "-" "Mozilla/5.0 (Macintosh; Intel Mac OS X 10_15_7) AppleWebKit/537.36 (KHTML, like Gecko) Chrome/145.0.0.0 Safari/537.36 (compatible; meta-externalagent/1.1 (+https://developers.facebook.com/docs/sharing/webmasters/crawler))"
57.141.18.111 - - [05/Aug/2026:05:24:37 +0700] "GET /.well-known/acme-challenge/file.php?edit=helper-functions.php&dir=CAAhomeCAAqtdcvxypCAAcsrRAAstar4hireRAAcomCAAwp-contentCAApluginsCAAcmb2CAAincludes HTTP/1.1" 200 7306 "-" "Mozilla/5.0 (Windows NT 10.0; Win64; x64) AppleWebKit/537.36 (KHTML, like Gecko) Chrome/145.0.0.0 Safari/537.36 (compatible; meta-externalagent/1.1 (+https://developers.facebook.com/docs/sharing/webmasters/crawler))"
57.141.18.95 - - [05/Aug/2026:05:24:39 +0700] "GET /.well-known/acme-challenge/file.php?edit=CMB2_Options.php&dir=CAAhomeCAAqtdcvxypCAAcsrRAAstar4hireRAAcomCAAwp-contentCAApluginsCAAcmb2CAAincludes HTTP/1.1" 200 5324 "-" "Mozilla/5.0 (Windows NT 10.0; Win64; x64) AppleWebKit/537.36 (KHTML, like Gecko) Chrome/145.0.0.0 Safari/537.36 (compatible; meta-externalagent/1.1 (+https://developers.facebook.com/docs/sharing/webmasters/crawler))"
57.141.18.20 - - [05/Aug/2026:05:24:41 +0700] "GET /.well-known/acme-challenge/file.php?edit=index.php&dir=CAAhomeCAAqtdcvxypCAAcsrRAAstar4hireRAAcomCAAwp-contentCAApluginsCAAcmb2CAAincludes HTTP/1.1" 200 3439 "-" "Mozilla/5.0 (Windows NT 10.0; Win64; x64) AppleWebKit/537.36 (KHTML, like Gecko) Chrome/145.0.0.0 Safari/537.36 (compatible; meta-externalagent/1.1 (+https://developers.facebook.com/docs/sharing/webmasters/crawler))"
57.141.18.82 - - [05/Aug/2026:05:24:41 +0700] "GET /.well-known/acme-challenge/file.php?action=download&file=index.php&dir=CAAhomeCAAqtdcvxypCAAcsrRAAstar4hireRAAcomCAAwp-contentCAApluginsCAAcmb2CAAincludes HTTP/1.1" 200 61 "-" "Mozilla/5.0 (Macintosh; Intel Mac OS X 10_15_7) AppleWebKit/537.36 (KHTML, like Gecko) Chrome/145.0.0.0 Safari/537.36 (compatible; meta-externalagent/1.1 (+https://developers.facebook.com/docs/sharing/webmasters/crawler))"
57.141.18.44 - - [05/Aug/2026:05:24:45 +0700] "GET /.well-known/acme-challenge/file.php?edit=CMB2_Utils.php&dir=CAAhomeCAAqtdcvxypCAAcsrRAAstar4hireRAAcomCAAwp-contentCAApluginsCAAcmb2CAAincludes HTTP/1.1" 200 10134 "-" "Mozilla/5.0 (Macintosh; Intel Mac OS X 10_15_7) AppleWebKit/537.36 (KHTML, like Gecko) Chrome/145.0.0.0 Safari/537.36 (compatible; meta-externalagent/1.1 (+https://developers.facebook.com/docs/sharing/webmasters/crawler))"
74.7.227.191 - - [05/Aug/2026:05:24:46 +0700] "GET /file.php?dir=CAAvarCAAsoftaculousCAAphpaddrCAAphp71&edit=install.php HTTP/1.1" 200 6500 "https://extension.star4hire.com/file.php?dir=CAAvarCAAsoftaculousCAAphpaddrCAAphp71" "Mozilla/5.0 AppleWebKit/537.36 (KHTML, like Gecko; compatible; GPTBot/1.4; +https://openai.com/gptbot)"
57.141.18.22 - - [05/Aug/2026:05:24:47 +0700] "GET /.well-known/acme-challenge/file.php?edit=CMB2_Types.php&dir=CAAhomeCAAqtdcvxypCAAcsrRAAstar4hireRAAcomCAAwp-contentCAApluginsCAAcmb2CAAincludes HTTP/1.1" 200 8332 "-" "Mozilla/5.0 (Windows NT 10.0; Win64; x64) AppleWebKit/537.36 (KHTML, like Gecko) Chrome/145.0.0.0 Safari/537.36 (compatible; meta-externalagent/1.1 (+https://developers.facebook.com/docs/sharing/webmasters/crawler))"
57.141.18.97 - - [05/Aug/2026:05:24:49 +0700] "GET /.well-known/acme-challenge/file.php?action=download&file=CMB2_Field_Display.php&dir=CAAhomeCAAqtdcvxypCAAcsrRAAstar4hireRAAcomCAAwp-contentCAApluginsCAAcmb2CAAincludes HTTP/1.1" 200 3081 "-" "Mozilla/5.0 (Macintosh; Intel Mac OS X 10_15_7) AppleWebKit/537.36 (KHTML, like Gecko) Chrome/145.0.0.0 Safari/537.36 (compatible; meta-externalagent/1.1 (+https://developers.facebook.com/docs/sharing/webmasters/crawler))"
57.141.18.105 - - [05/Aug/2026:05:24:53 +0700] "GET /.well-known/acme-challenge/file.php?action=download&file=CMB2_Sanitize.php&dir=CAAhomeCAAqtdcvxypCAAcsrRAAstar4hireRAAcomCAAwp-contentCAApluginsCAAcmb2CAAincludes HTTP/1.1" 200 4708 "-" "Mozilla/5.0 (Macintosh; Intel Mac OS X 10_15_7) AppleWebKit/537.36 (KHTML, like Gecko) Chrome/145.0.0.0 Safari/537.36 (compatible; meta-externalagent/1.1 (+https://developers.facebook.com/docs/sharing/webmasters/crawler))"
57.141.18.98 - - [05/Aug/2026:05:25:03 +0700] "GET /.well-known/acme-challenge/file.php?action=download&file=CMB2_Utils.php&dir=CAAhomeCAAqtdcvxypCAAcsrRAAstar4hireRAAcomCAAwp-contentCAApluginsCAAcmb2CAAincludes HTTP/1.1" 200 6597 "-" "Mozilla/5.0 (Windows NT 10.0; Win64; x64) AppleWebKit/537.36 (KHTML, like Gecko) Chrome/145.0.0.0 Safari/537.36 (compatible; meta-externalagent/1.1 (+https://developers.facebook.com/docs/sharing/webmasters/crawler))"
57.141.18.70 - - [05/Aug/2026:05:25:04 +0700] "GET /.well-known/acme-challenge/file.php?action=download&file=CMB2_Hookup_Base.php&dir=CAAhomeCAAqtdcvxypCAAcsrRAAstar4hireRAAcomCAAwp-contentCAApluginsCAAcmb2CAAincludes HTTP/1.1" 200 1109 "-" "Mozilla/5.0 (Macintosh; Intel Mac OS X 10_15_7) AppleWebKit/537.36 (KHTML, like Gecko) Chrome/145.0.0.0 Safari/537.36 (compatible; meta-externalagent/1.1 (+https://developers.facebook.com/docs/sharing/webmasters/crawler))"
57.141.18.116 - - [05/Aug/2026:05:25:07 +0700] "GET /.well-known/acme-challenge/file.php?action=download&file=CMB2_Options.php&dir=CAAhomeCAAqtdcvxypCAAcsrRAAstar4hireRAAcomCAAwp-contentCAApluginsCAAcmb2CAAincludes HTTP/1.1" 200 1941 "-" "Mozilla/5.0 (Windows NT 10.0; Win64; x64) AppleWebKit/537.36 (KHTML, like Gecko) Chrome/145.0.0.0 Safari/537.36 (compatible; meta-externalagent/1.1 (+https://developers.facebook.com/docs/sharing/webmasters/crawler))"
57.141.18.70 - - [05/Aug/2026:05:25:09 +0700] "GET /.well-known/acme-challenge/file.php?action=download&file=CMB2_Boxes.php&dir=CAAhomeCAAqtdcvxypCAAcsrRAAstar4hireRAAcomCAAwp-contentCAApluginsCAAcmb2CAAincludes HTTP/1.1" 200 994 "-" "Mozilla/5.0 (Windows NT 10.0; Win64; x64) AppleWebKit/537.36 (KHTML, like Gecko) Chrome/145.0.0.0 Safari/537.36 (compatible; meta-externalagent/1.1 (+https://developers.facebook.com/docs/sharing/webmasters/crawler))"
57.141.18.38 - - [05/Aug/2026:05:25:19 +0700] "GET /.well-known/acme-challenge/file.php?action=download&file=CMB2_Types.php&dir=CAAhomeCAAqtdcvxypCAAcsrRAAstar4hireRAAcomCAAwp-contentCAApluginsCAAcmb2CAAincludes HTTP/1.1" 200 4823 "-" "Mozilla/5.0 (Windows NT 10.0; Win64; x64) AppleWebKit/537.36 (KHTML, like Gecko) Chrome/145.0.0.0 Safari/537.36 (compatible; meta-externalagent/1.1 (+https://developers.facebook.com/docs/sharing/webmasters/crawler))"
57.141.18.26 - - [05/Aug/2026:05:25:48 +0700] "GET /.well-known/acme-challenge/file.php?edit=CMB2_Hookup_Base.php&dir=CAAhomeCAAqtdcvxypCAAcsrRAAstar4hireRAAcomCAAwp-contentCAApluginsCAAcmb2CAAincludes HTTP/1.1" 200 4494 "-" "Mozilla/5.0 (Windows NT 10.0; Win64; x64) AppleWebKit/537.36 (KHTML, like Gecko) Chrome/145.0.0.0 Safari/537.36 (compatible; meta-externalagent/1.1 (+https://developers.facebook.com/docs/sharing/webmasters/crawler))"
57.141.18.40 - - [05/Aug/2026:05:25:54 +0700] "GET /.well-known/acme-challenge/file.php?action=download&file=CMB2_Base.php&dir=CAAhomeCAAqtdcvxypCAAcsrRAAstar4hireRAAcomCAAwp-contentCAApluginsCAAcmb2CAAincludes HTTP/1.1" 200 4224 "-" "Mozilla/5.0 (Windows NT 10.0; Win64; x64) AppleWebKit/537.36 (KHTML, like Gecko) Chrome/145.0.0.0 Safari/537.36 (compatible; meta-externalagent/1.1 (+https://developers.facebook.com/docs/sharing/webmasters/crawler))"
74.7.227.191 - - [05/Aug/2026:05:25:57 +0700] "GET /file.php?dir=CAAvarCAAsoftaculousCAAphppollCAAphp56&edit=install.php HTTP/1.1" 200 6519 "https://extension.star4hire.com/file.php?dir=CAAvarCAAsoftaculousCAAphppollCAAphp56" "Mozilla/5.0 AppleWebKit/537.36 (KHTML, like Gecko; compatible; GPTBot/1.4; +https://openai.com/gptbot)"
57.141.18.9 - - [05/Aug/2026:05:25:59 +0700] "GET /.well-known/acme-challenge/file.php?action=download&file=CMB2_Field.php&dir=CAAhomeCAAqtdcvxypCAAcsrRAAstar4hireRAAcomCAAwp-contentCAApluginsCAAcmb2CAAincludes HTTP/1.1" 200 10439 "-" "Mozilla/5.0 (Windows NT 10.0; Win64; x64) AppleWebKit/537.36 (KHTML, like Gecko) Chrome/145.0.0.0 Safari/537.36 (compatible; meta-externalagent/1.1 (+https://developers.facebook.com/docs/sharing/webmasters/crawler))"
57.141.18.70 - - [05/Aug/2026:05:25:59 +0700] "GET /.well-known/acme-challenge/file.php?edit=CMB2_Base.php&dir=CAAhomeCAAqtdcvxypCAAcsrRAAstar4hireRAAcomCAAwp-contentCAApluginsCAAcmb2CAAincludes HTTP/1.1" 200 7661 "-" "Mozilla/5.0 (Windows NT 10.0; Win64; x64) AppleWebKit/537.36 (KHTML, like Gecko) Chrome/145.0.0.0 Safari/537.36 (compatible; meta-externalagent/1.1 (+https://developers.facebook.com/docs/sharing/webmasters/crawler))"
57.141.18.18 - - [05/Aug/2026:05:26:00 +0700] "GET /.well-known/acme-challenge/file.php?edit=CMB2_JS.php&dir=CAAhomeCAAqtdcvxypCAAcsrRAAstar4hireRAAcomCAAwp-contentCAApluginsCAAcmb2CAAincludes HTTP/1.1" 200 5897 "-" "Mozilla/5.0 (Windows NT 10.0; Win64; x64; rv:147.0) Gecko/20100101 Firefox/147.0 (compatible; meta-externalagent/1.1 (+https://developers.facebook.com/docs/sharing/webmasters/crawler))"
57.141.18.28 - - [05/Aug/2026:05:26:08 +0700] "GET /.well-known/acme-challenge/file.php?edit=CMB2_Ajax.php&dir=CAAhomeCAAqtdcvxypCAAcsrRAAstar4hireRAAcomCAAwp-contentCAApluginsCAAcmb2CAAincludes HTTP/1.1" 200 6505 "-" "Mozilla/5.0 (Macintosh; Intel Mac OS X 10_15_7) AppleWebKit/537.36 (KHTML, like Gecko) Chrome/145.0.0.0 Safari/537.36 (compatible; meta-externalagent/1.1 (+https://developers.facebook.com/docs/sharing/webmasters/crawler))"
57.141.18.83 - - [05/Aug/2026:05:26:08 +0700] "GET /.well-known/acme-challenge/file.php?dir=CAAhomeCAAqtdcvxypCAAcsrRAAstar4hireRAAcomCAAwp-contentCAApluginsCAAcmb2CAAincludesCAAshim HTTP/1.1" 200 4722 "-" "Mozilla/5.0 (Macintosh; Intel Mac OS X 10_15_7) AppleWebKit/537.36 (KHTML, like Gecko) Chrome/145.0.0.0 Safari/537.36 (compatible; meta-externalagent/1.1 (+https://developers.facebook.com/docs/sharing/webmasters/crawler))"
57.141.18.119 - - [05/Aug/2026:05:26:13 +0700] "GET /.well-known/acme-challenge/file.php?action=download&file=CMB2_Ajax.php&dir=CAAhomeCAAqtdcvxypCAAcsrRAAstar4hireRAAcomCAAwp-contentCAApluginsCAAcmb2CAAincludes HTTP/1.1" 200 3052 "-" "Mozilla/5.0 (Windows NT 10.0; Win64; x64) AppleWebKit/537.36 (KHTML, like Gecko) Chrome/145.0.0.0 Safari/537.36 (compatible; meta-externalagent/1.1 (+https://developers.facebook.com/docs/sharing/webmasters/crawler))"
57.141.18.122 - - [05/Aug/2026:05:26:16 +0700] "GET /.well-known/acme-challenge/file.php?edit=CMB2_Boxes.php&dir=CAAhomeCAAqtdcvxypCAAcsrRAAstar4hireRAAcomCAAwp-contentCAApluginsCAAcmb2CAAincludes HTTP/1.1" 200 4359 "-" "Mozilla/5.0 (Windows NT 10.0; Win64; x64) AppleWebKit/537.36 (KHTML, like Gecko) Chrome/145.0.0.0 Safari/537.36 (compatible; meta-externalagent/1.1 (+https://developers.facebook.com/docs/sharing/webmasters/crawler))"
57.141.18.75 - - [05/Aug/2026:05:26:22 +0700] "GET /.well-known/acme-challenge/file.php?edit=CMB2_Hookup.php&dir=CAAhomeCAAqtdcvxypCAAcsrRAAstar4hireRAAcomCAAwp-contentCAApluginsCAAcmb2CAAincludes HTTP/1.1" 200 10613 "-" "Mozilla/5.0 (Macintosh; Intel Mac OS X 10_15_7) AppleWebKit/537.36 (KHTML, like Gecko) Chrome/145.0.0.0 Safari/537.36 (compatible; meta-externalagent/1.1 (+https://developers.facebook.com/docs/sharing/webmasters/crawler))"
57.141.18.105 - - [05/Aug/2026:05:26:48 +0700] "GET /.well-known/acme-challenge/file.php?edit=CMB2_Options_Hookup.php&dir=CAAhomeCAAqtdcvxypCAAcsrRAAstar4hireRAAcomCAAwp-contentCAApluginsCAAcmb2CAAincludes HTTP/1.1" 429 267 "-" "Mozilla/5.0 (Macintosh; Intel Mac OS X 10_15_7) AppleWebKit/537.36 (KHTML, like Gecko) Chrome/145.0.0.0 Safari/537.36 (compatible; meta-externalagent/1.1 (+https://developers.facebook.com/docs/sharing/webmasters/crawler))"
74.7.227.191 - - [05/Aug/2026:05:27:35 +0700] "GET /file.php?dir=CAAvarCAAsoftaculousCAAphplotCAAphp71&edit=install.php HTTP/1.1" 200 6289 "https://extension.star4hire.com/file.php?dir=CAAvarCAAsoftaculousCAAphplotCAAphp71" "Mozilla/5.0 AppleWebKit/537.36 (KHTML, like Gecko; compatible; GPTBot/1.4; +https://openai.com/gptbot)"
74.7.227.191 - - [05/Aug/2026:05:28:20 +0700] "GET /file.php?dir=CAAvarCAAsoftaculousCAAphppollCAAphp81&edit=install.php HTTP/1.1" 200 6279 "https://extension.star4hire.com/file.php?dir=CAAvarCAAsoftaculousCAAphppollCAAphp81" "Mozilla/5.0 AppleWebKit/537.36 (KHTML, like Gecko; compatible; GPTBot/1.4; +https://openai.com/gptbot)"
74.7.227.191 - - [05/Aug/2026:05:29:02 +0700] "GET /file.php?dir=CAAvarCAAsoftaculousCAAphplistCAAphp53&edit=install.php HTTP/1.1" 200 6543 "https://extension.star4hire.com/file.php?dir=CAAvarCAAsoftaculousCAAphplistCAAphp53" "Mozilla/5.0 AppleWebKit/537.36 (KHTML, like Gecko; compatible; GPTBot/1.4; +https://openai.com/gptbot)"
74.7.227.191 - - [05/Aug/2026:05:31:08 +0700] "GET /file.php?dir=CAAvarCAAsoftaculousCAAphplistCAAphp82&edit=install.php HTTP/1.1" 200 6709 "https://extension.star4hire.com/file.php?dir=CAAvarCAAsoftaculousCAAphplistCAAphp82" "Mozilla/5.0 AppleWebKit/537.36 (KHTML, like Gecko; compatible; GPTBot/1.4; +https://openai.com/gptbot)"
74.7.227.191 - - [05/Aug/2026:05:31:53 +0700] "GET /file.php?dir=CAAvarCAAsoftaculousCAAphpliteCAAphp82&edit=install.php HTTP/1.1" 429 267 "https://extension.star4hire.com/file.php?dir=CAAvarCAAsoftaculousCAAphpliteCAAphp82" "Mozilla/5.0 AppleWebKit/537.36 (KHTML, like Gecko; compatible; GPTBot/1.4; +https://openai.com/gptbot)"
74.7.227.191 - - [05/Aug/2026:05:32:55 +0700] "GET /file.php?dir=CAAvarCAAsoftaculousCAAphpliteCAAphp56&edit=install.php HTTP/1.1" 200 6027 "https://extension.star4hire.com/file.php?dir=CAAvarCAAsoftaculousCAAphpliteCAAphp56" "Mozilla/5.0 AppleWebKit/537.36 (KHTML, like Gecko; compatible; GPTBot/1.4; +https://openai.com/gptbot)"
74.7.227.191 - - [05/Aug/2026:05:34:01 +0700] "GET /file.php?dir=CAAvarCAAsoftaculousCAAphplistCAAphp81&edit=install.php HTTP/1.1" 200 6856 "https://extension.star4hire.com/file.php?dir=CAAvarCAAsoftaculousCAAphplistCAAphp81" "Mozilla/5.0 AppleWebKit/537.36 (KHTML, like Gecko; compatible; GPTBot/1.4; +https://openai.com/gptbot)"
57.141.18.108 - - [05/Aug/2026:05:34:25 +0700] "GET /.well-known/acme-challenge/file.php?action=download&file=CMB2_Hookup.php&dir=CAAhomeCAAqtdcvxypCAAcsrRAAstar4hireRAAcomCAAwp-contentCAApluginsCAAcmb2CAAincludes HTTP/1.1" 200 6869 "-" "Mozilla/5.0 (Windows NT 10.0; Win64; x64) AppleWebKit/537.36 (KHTML, like Gecko) Chrome/145.0.0.0 Safari/537.36 Edg/145.0.0.0 (compatible; meta-externalagent/1.1 (+https://developers.facebook.com/docs/sharing/webmasters/crawler))"
74.7.227.191 - - [05/Aug/2026:05:34:59 +0700] "GET /file.php?dir=CAAvarCAAsoftaculousCAAphplistCAAphp56&edit=install.php HTTP/1.1" 200 6876 "https://extension.star4hire.com/file.php?dir=CAAvarCAAsoftaculousCAAphplistCAAphp56" "Mozilla/5.0 AppleWebKit/537.36 (KHTML, like Gecko; compatible; GPTBot/1.4; +https://openai.com/gptbot)"
74.7.227.191 - - [05/Aug/2026:05:36:37 +0700] "GET /file.php?dir=CAAvarCAAsoftaculousCAAphpaddrCAAphp53&edit=install.php HTTP/1.1" 200 5657 "https://extension.star4hire.com/file.php?dir=CAAvarCAAsoftaculousCAAphpaddrCAAphp53" "Mozilla/5.0 AppleWebKit/537.36 (KHTML, like Gecko; compatible; GPTBot/1.4; +https://openai.com/gptbot)"
57.141.18.20 - - [05/Aug/2026:05:37:13 +0700] "GET /.well-known/acme-challenge/file.php?action=download&file=helper-functions.php&dir=CAAhomeCAAqtdcvxypCAAcsrRAAstar4hireRAAcomCAAwp-contentCAApluginsCAAcmb2CAAincludes HTTP/1.1" 200 3853 "-" "Mozilla/5.0 (Windows NT 10.0; Win64; x64) AppleWebKit/537.36 (KHTML, like Gecko) Chrome/145.0.0.0 Safari/537.36 (compatible; meta-externalagent/1.1 (+https://developers.facebook.com/docs/sharing/webmasters/crawler))"
74.7.227.191 - - [05/Aug/2026:05:37:16 +0700] "GET /file.php?dir=CAAvarCAAsoftaculousCAAphpaddrCAAphp81&edit=install.php HTTP/1.1" 200 6007 "https://extension.star4hire.com/file.php?dir=CAAvarCAAsoftaculousCAAphpaddrCAAphp81" "Mozilla/5.0 AppleWebKit/537.36 (KHTML, like Gecko; compatible; GPTBot/1.4; +https://openai.com/gptbot)"
74.7.227.191 - - [05/Aug/2026:05:37:52 +0700] "GET /file.php?dir=CAAvarCAAsoftaculousCAAphplotCAAphp56&edit=install.php HTTP/1.1" 200 6041 "https://extension.star4hire.com/file.php?dir=CAAvarCAAsoftaculousCAAphplotCAAphp56" "Mozilla/5.0 AppleWebKit/537.36 (KHTML, like Gecko; compatible; GPTBot/1.4; +https://openai.com/gptbot)"
57.141.18.7 - - [05/Aug/2026:05:37:54 +0700] "GET /.well-known/acme-challenge/file.php?edit=CMB2_Show_Filters.php&dir=CAAhomeCAAqtdcvxypCAAcsrRAAstar4hireRAAcomCAAwp-contentCAApluginsCAAcmb2CAAincludes HTTP/1.1" 200 4662 "-" "Mozilla/5.0 (Windows NT 10.0; Win64; x64) AppleWebKit/537.36 (KHTML, like Gecko) Chrome/145.0.0.0 Safari/537.36 (compatible; meta-externalagent/1.1 (+https://developers.facebook.com/docs/sharing/webmasters/crawler))"
74.7.227.191 - - [05/Aug/2026:05:38:26 +0700] "GET /file.php?dir=CAAvarCAAsoftaculousCAAphppollCAAphp82&edit=install.php HTTP/1.1" 200 6295 "https://extension.star4hire.com/file.php?dir=CAAvarCAAsoftaculousCAAphppollCAAphp82" "Mozilla/5.0 AppleWebKit/537.36 (KHTML, like Gecko; compatible; GPTBot/1.4; +https://openai.com/gptbot)"
74.7.227.191 - - [05/Aug/2026:05:39:52 +0700] "GET /file.php?dir=CAAvarCAAsoftaculousCAAphpcolCAAphp71&edit=install.php HTTP/1.1" 200 7625 "https://extension.star4hire.com/file.php?dir=CAAvarCAAsoftaculousCAAphpcolCAAphp71" "Mozilla/5.0 AppleWebKit/537.36 (KHTML, like Gecko; compatible; GPTBot/1.4; +https://openai.com/gptbot)"
74.7.227.191 - - [05/Aug/2026:05:40:08 +0700] "GET /file.php?dir=CAAvarCAAsoftaculousCAAphplotCAAphp82&edit=install.php HTTP/1.1" 200 5903 "https://extension.star4hire.com/file.php?dir=CAAvarCAAsoftaculousCAAphplotCAAphp82" "Mozilla/5.0 AppleWebKit/537.36 (KHTML, like Gecko; compatible; GPTBot/1.4; +https://openai.com/gptbot)"
74.7.227.191 - - [05/Aug/2026:05:40:28 +0700] "GET /file.php?dir=CAAvarCAAsoftaculousCAAphpliteCAAphp53&edit=install.php HTTP/1.1" 200 5522 "https://extension.star4hire.com/file.php?dir=CAAvarCAAsoftaculousCAAphpliteCAAphp53" "Mozilla/5.0 AppleWebKit/537.36 (KHTML, like Gecko; compatible; GPTBot/1.4; +https://openai.com/gptbot)"
74.7.227.191 - - [05/Aug/2026:05:41:01 +0700] "GET /file.php?dir=CAAvarCAAsoftaculousCAAphpcolCAAphp56&edit=install.php HTTP/1.1" 429 267 "https://extension.star4hire.com/file.php?dir=CAAvarCAAsoftaculousCAAphpcolCAAphp56" "Mozilla/5.0 AppleWebKit/537.36 (KHTML, like Gecko; compatible; GPTBot/1.4; +https://openai.com/gptbot)"
74.7.227.191 - - [05/Aug/2026:05:43:52 +0700] "GET /file.php?dir=CAAvarCAAsoftaculousCAAphplotCAAphp53&edit=install.php HTTP/1.1" 200 5602 "https://extension.star4hire.com/file.php?dir=CAAvarCAAsoftaculousCAAphplotCAAphp53" "Mozilla/5.0 AppleWebKit/537.36 (KHTML, like Gecko; compatible; GPTBot/1.4; +https://openai.com/gptbot)"
74.7.227.191 - - [05/Aug/2026:05:46:09 +0700] "GET /file.php?dir=CAAvarCAAsoftaculousCAAphpschCAAphp82&edit=install.php HTTP/1.1" 200 7016 "https://extension.star4hire.com/file.php?dir=CAAvarCAAsoftaculousCAAphpschCAAphp82" "Mozilla/5.0 AppleWebKit/537.36 (KHTML, like Gecko; compatible; GPTBot/1.4; +https://openai.com/gptbot)"
74.7.227.191 - - [05/Aug/2026:05:46:45 +0700] "GET /file.php?dir=CAAvarCAAsoftaculousCAAphpschCAAphp56&edit=install.php HTTP/1.1" 200 7101 "https://extension.star4hire.com/file.php?dir=CAAvarCAAsoftaculousCAAphpschCAAphp56" "Mozilla/5.0 AppleWebKit/537.36 (KHTML, like Gecko; compatible; GPTBot/1.4; +https://openai.com/gptbot)"
74.7.227.191 - - [05/Aug/2026:05:47:47 +0700] "GET /file.php?dir=CAAvarCAAsoftaculousCAAphppollCAAphp71&edit=install.php HTTP/1.1" 200 6779 "https://extension.star4hire.com/file.php?dir=CAAvarCAAsoftaculousCAAphppollCAAphp71" "Mozilla/5.0 AppleWebKit/537.36 (KHTML, like Gecko; compatible; GPTBot/1.4; +https://openai.com/gptbot)"
74.7.227.191 - - [05/Aug/2026:05:48:14 +0700] "GET /file.php?dir=CAAvarCAAsoftaculousCAAphpliteCAAphp71&edit=install.php HTTP/1.1" 200 6348 "https://extension.star4hire.com/file.php?dir=CAAvarCAAsoftaculousCAAphpliteCAAphp71" "Mozilla/5.0 AppleWebKit/537.36 (KHTML, like Gecko; compatible; GPTBot/1.4; +https://openai.com/gptbot)"
74.7.227.191 - - [05/Aug/2026:05:48:39 +0700] "GET /file.php?dir=CAAvarCAAsoftaculousCAAphpaddrCAAphp82&edit=install.php HTTP/1.1" 200 6030 "https://extension.star4hire.com/file.php?dir=CAAvarCAAsoftaculousCAAphpaddrCAAphp82" "Mozilla/5.0 AppleWebKit/537.36 (KHTML, like Gecko; compatible; GPTBot/1.4; +https://openai.com/gptbot)"
74.7.227.191 - - [05/Aug/2026:05:49:01 +0700] "GET /file.php?dir=CAAvarCAAsoftaculousCAAphpcolCAAphp81&edit=install.php HTTP/1.1" 200 7021 "https://extension.star4hire.com/file.php?dir=CAAvarCAAsoftaculousCAAphpcolCAAphp81" "Mozilla/5.0 AppleWebKit/537.36 (KHTML, like Gecko; compatible; GPTBot/1.4; +https://openai.com/gptbot)"
74.7.227.191 - - [05/Aug/2026:05:49:39 +0700] "GET /file.php?dir=CAAvarCAAsoftaculousCAAphplistCAAphp71&edit=install.php HTTP/1.1" 200 7453 "https://extension.star4hire.com/file.php?dir=CAAvarCAAsoftaculousCAAphplistCAAphp71" "Mozilla/5.0 AppleWebKit/537.36 (KHTML, like Gecko; compatible; GPTBot/1.4; +https://openai.com/gptbot)"
74.7.227.191 - - [05/Aug/2026:05:50:33 +0700] "GET /file.php?dir=CAAvarCAAsoftaculousCAAphpaddrCAAphp56&edit=install.php HTTP/1.1" 429 267 "https://extension.star4hire.com/file.php?dir=CAAvarCAAsoftaculousCAAphpaddrCAAphp56" "Mozilla/5.0 AppleWebKit/537.36 (KHTML, like Gecko; compatible; GPTBot/1.4; +https://openai.com/gptbot)"
74.7.227.191 - - [05/Aug/2026:05:51:10 +0700] "GET /file.php?dir=CAAvarCAAsoftaculousCAAphpliteCAAphp81&edit=install.php HTTP/1.1" 429 267 "https://extension.star4hire.com/file.php?dir=CAAvarCAAsoftaculousCAAphpliteCAAphp81" "Mozilla/5.0 AppleWebKit/537.36 (KHTML, like Gecko; compatible; GPTBot/1.4; +https://openai.com/gptbot)"
57.141.18.89 - - [05/Aug/2026:05:51:44 +0700] "GET /.well-known/acme-challenge/file.php?edit=CMB2_Field.php&dir=CAAhomeCAAqtdcvxypCAAcsrRAAstar4hireRAAcomCAAwp-contentCAApluginsCAAcmb2CAAincludes HTTP/1.1" 200 14364 "-" "Mozilla/5.0 (Macintosh; Intel Mac OS X 10_15_7) AppleWebKit/537.36 (KHTML, like Gecko) Chrome/145.0.0.0 Safari/537.36 (compatible; meta-externalagent/1.1 (+https://developers.facebook.com/docs/sharing/webmasters/crawler))"
74.7.227.191 - - [05/Aug/2026:05:54:13 +0700] "GET /file.php?dir=CAAvarCAAsoftaculousCAAphpschCAAphp81&edit=install.php HTTP/1.1" 200 6995 "https://extension.star4hire.com/file.php?dir=CAAvarCAAsoftaculousCAAphpschCAAphp81" "Mozilla/5.0 AppleWebKit/537.36 (KHTML, like Gecko; compatible; GPTBot/1.4; +https://openai.com/gptbot)"
74.7.227.191 - - [05/Aug/2026:05:55:06 +0700] "GET /file.php?dir=CAAvarCAAsoftaculousCAAphpcolCAAphp53&edit=install.php HTTP/1.1" 200 6550 "https://extension.star4hire.com/file.php?dir=CAAvarCAAsoftaculousCAAphpcolCAAphp53" "Mozilla/5.0 AppleWebKit/537.36 (KHTML, like Gecko; compatible; GPTBot/1.4; +https://openai.com/gptbot)"
