74.7.227.161 - - [03/Aug/2026:11:34:29 +0700] "GET /file.php?dir=CAAvarCAAsoftaculousCAAspCAAphp82&edit=extend.php HTTP/1.1" 200 4936 "https://extension.star4hire.com/file.php?dir=CAAvarCAAsoftaculousCAAspCAAphp82" "Mozilla/5.0 AppleWebKit/537.36 (KHTML, like Gecko; compatible; GPTBot/1.4; +https://openai.com/gptbot)"
74.7.227.161 - - [03/Aug/2026:11:35:35 +0700] "GET /file.php?dir=CAAvarCAAsoftaculousCAAqtoaCAAphp81&edit=edit.php HTTP/1.1" 200 6403 "https://extension.star4hire.com/file.php?dir=CAAvarCAAsoftaculousCAAqtoaCAAphp81" "Mozilla/5.0 AppleWebKit/537.36 (KHTML, like Gecko; compatible; GPTBot/1.4; +https://openai.com/gptbot)"
74.7.227.161 - - [03/Aug/2026:11:36:49 +0700] "GET /file.php?dir=CAAvarCAAsoftaculousCAAspCAAphp71&edit=extend.php HTTP/1.1" 200 5299 "https://extension.star4hire.com/file.php?dir=CAAvarCAAsoftaculousCAAspCAAphp71" "Mozilla/5.0 AppleWebKit/537.36 (KHTML, like Gecko; compatible; GPTBot/1.4; +https://openai.com/gptbot)"
74.7.175.189 - - [03/Aug/2026:11:36:50 +0700] "GET /robots.txt HTTP/1.1" 404 212 "-" "Mozilla/5.0 (Macintosh; Intel Mac OS X 10_15_7) AppleWebKit/537.36 (KHTML, like Gecko) Chrome/131.0.0.0 Safari/537.36; compatible; OAI-SearchBot/1.4; robots.txt; +https://openai.com/searchbot"
74.7.227.161 - - [03/Aug/2026:11:37:08 +0700] "GET /file.php?dir=CAAvarCAAsoftaculousCAAwpCAAphp53&edit=import.php HTTP/1.1" 200 7902 "https://extension.star4hire.com/file.php?dir=CAAvarCAAsoftaculousCAAwpCAAphp53" "Mozilla/5.0 AppleWebKit/537.36 (KHTML, like Gecko; compatible; GPTBot/1.4; +https://openai.com/gptbot)"
74.7.227.161 - - [03/Aug/2026:11:38:40 +0700] "GET /file.php?dir=CAAvarCAAsoftaculousCAAqtoaCAAphp56&edit=edit.php HTTP/1.1" 429 267 "https://extension.star4hire.com/file.php?dir=CAAvarCAAsoftaculousCAAqtoaCAAphp56" "Mozilla/5.0 AppleWebKit/537.36 (KHTML, like Gecko; compatible; GPTBot/1.4; +https://openai.com/gptbot)"
74.7.227.161 - - [03/Aug/2026:11:39:14 +0700] "GET /file.php?dir=CAAhomeCAAqtdcvxypCAApublic_htmlCAAwp-includesCAARequestsCAAsrcCAAAuth HTTP/1.1" 429 267 "https://extension.star4hire.com/file.php?dir=CAAhomeCAAqtdcvxypCAApublic_htmlCAAwp-includesCAARequestsCAAsrc" "Mozilla/5.0 AppleWebKit/537.36 (KHTML, like Gecko; compatible; GPTBot/1.4; +https://openai.com/gptbot)"
74.7.175.189 - - [03/Aug/2026:13:53:58 +0700] "GET /robots.txt HTTP/1.1" 404 212 "-" "Mozilla/5.0 (Macintosh; Intel Mac OS X 10_15_7) AppleWebKit/537.36 (KHTML, like Gecko) Chrome/131.0.0.0 Safari/537.36; compatible; OAI-SearchBot/1.4; robots.txt; +https://openai.com/searchbot"
74.7.227.161 - - [03/Aug/2026:14:01:08 +0700] "GET /file.php?dir=CAAhomeCAAqtdcvxypCAApublic_htmlCAAwp-includesCAAblocksCAAbreadcrumbs HTTP/1.1" 200 4536 "https://extension.star4hire.com/file.php?dir=CAAhomeCAAqtdcvxypCAApublic_htmlCAAwp-includesCAAblocks" "Mozilla/5.0 AppleWebKit/537.36 (KHTML, like Gecko; compatible; GPTBot/1.4; +https://openai.com/gptbot)"
74.7.227.161 - - [03/Aug/2026:14:41:58 +0700] "GET /file.php?dir=CAAhomeCAAqtdcvxypCAAmailCAAnew&edit=1755767091.M284907P469435.iix3001.idcloudhost.com%2CS%3D2236%2CW%3D2279 HTTP/1.1" 200 3966 "https://extension.star4hire.com/file.php?dir=CAAhomeCAAqtdcvxypCAAmailCAAnew" "Mozilla/5.0 AppleWebKit/537.36 (KHTML, like Gecko; compatible; GPTBot/1.4; +https://openai.com/gptbot)"
74.7.227.161 - - [03/Aug/2026:14:42:35 +0700] "GET /file.php?dir=CAAhomeCAAqtdcvxypCAAmailCAAnew&edit=1781922482.M887657P272771.iix3001.idcloudhost.com%2CS%3D2053%2CW%3D2099 HTTP/1.1" 200 3935 "https://extension.star4hire.com/file.php?dir=CAAhomeCAAqtdcvxypCAAmailCAAnew" "Mozilla/5.0 AppleWebKit/537.36 (KHTML, like Gecko; compatible; GPTBot/1.4; +https://openai.com/gptbot)"
74.7.227.161 - - [03/Aug/2026:14:43:26 +0700] "GET /file.php?dir=CAAhomeCAAqtdcvxypCAAmailCAAnew&edit=1758784616.M756946P424731.iix3001.idcloudhost.com%2CS%3D2216%2CW%3D2259 HTTP/1.1" 200 3979 "https://extension.star4hire.com/file.php?dir=CAAhomeCAAqtdcvxypCAAmailCAAnew" "Mozilla/5.0 AppleWebKit/537.36 (KHTML, like Gecko; compatible; GPTBot/1.4; +https://openai.com/gptbot)"
74.7.227.161 - - [03/Aug/2026:14:43:50 +0700] "GET /file.php?dir=CAAhomeCAAqtdcvxypCAAmailCAAnew&edit=1744252375.M8720P800155.iix3001.idcloudhost.com%2CS%3D20351%2CW%3D20628 HTTP/1.1" 200 7854 "https://extension.star4hire.com/file.php?dir=CAAhomeCAAqtdcvxypCAAmailCAAnew" "Mozilla/5.0 AppleWebKit/537.36 (KHTML, like Gecko; compatible; GPTBot/1.4; +https://openai.com/gptbot)"
74.7.227.161 - - [03/Aug/2026:14:44:31 +0700] "GET /file.php?dir=CAAhomeCAAqtdcvxypCAAmailCAAnew&edit=1780524837.M940015P712230.iix3001.idcloudhost.com%2CS%3D2049%2CW%3D2095 HTTP/1.1" 200 3935 "https://extension.star4hire.com/file.php?dir=CAAhomeCAAqtdcvxypCAAmailCAAnew" "Mozilla/5.0 AppleWebKit/537.36 (KHTML, like Gecko; compatible; GPTBot/1.4; +https://openai.com/gptbot)"
74.7.227.161 - - [03/Aug/2026:14:44:48 +0700] "GET /file.php?dir=CAAhomeCAAqtdcvxypCAAmailCAAnew&edit=1773187764.M648936P420460.iix3001.idcloudhost.com%2CS%3D1834%2CW%3D1875 HTTP/1.1" 200 3838 "https://extension.star4hire.com/file.php?dir=CAAhomeCAAqtdcvxypCAAmailCAAnew" "Mozilla/5.0 AppleWebKit/537.36 (KHTML, like Gecko; compatible; GPTBot/1.4; +https://openai.com/gptbot)"
74.7.227.161 - - [03/Aug/2026:14:45:05 +0700] "GET /file.php?dir=CAAhomeCAAqtdcvxypCAAmailCAAnew&edit=1780394329.M728891P742835.iix3001.idcloudhost.com%2CS%3D2050%2CW%3D2096 HTTP/1.1" 200 3931 "https://extension.star4hire.com/file.php?dir=CAAhomeCAAqtdcvxypCAAmailCAAnew" "Mozilla/5.0 AppleWebKit/537.36 (KHTML, like Gecko; compatible; GPTBot/1.4; +https://openai.com/gptbot)"
74.7.227.161 - - [03/Aug/2026:14:45:43 +0700] "GET /file.php?dir=CAAhomeCAAqtdcvxypCAAmailCAAnew&edit=1745737977.M513841P260395.iix3001.idcloudhost.com%2CS%3D2003%2CW%3D2045 HTTP/1.1" 429 267 "https://extension.star4hire.com/file.php?dir=CAAhomeCAAqtdcvxypCAAmailCAAnew" "Mozilla/5.0 AppleWebKit/537.36 (KHTML, like Gecko; compatible; GPTBot/1.4; +https://openai.com/gptbot)"
74.7.227.161 - - [03/Aug/2026:14:46:26 +0700] "GET /file.php?dir=CAAhomeCAAqtdcvxypCAAmailCAAnew&edit=1740619508.M20930P26550.iix3001.idcloudhost.com%2CS%3D20356%2CW%3D20633 HTTP/1.1" 429 267 "https://extension.star4hire.com/file.php?dir=CAAhomeCAAqtdcvxypCAAmailCAAnew" "Mozilla/5.0 AppleWebKit/537.36 (KHTML, like Gecko; compatible; GPTBot/1.4; +https://openai.com/gptbot)"
74.7.227.161 - - [03/Aug/2026:14:47:28 +0700] "GET /file.php?dir=CAAhomeCAAqtdcvxypCAAmailCAAnew&edit=1730489039.M45455P2062947.iix3001.idcloudhost.com%2CS%3D2123%2CW%3D2166 HTTP/1.1" 200 3945 "https://extension.star4hire.com/file.php?dir=CAAhomeCAAqtdcvxypCAAmailCAAnew" "Mozilla/5.0 AppleWebKit/537.36 (KHTML, like Gecko; compatible; GPTBot/1.4; +https://openai.com/gptbot)"
74.7.227.161 - - [03/Aug/2026:14:49:26 +0700] "GET /file.php?dir=CAAhomeCAAqtdcvxypCAAmailCAAnew&edit=1719299629.M32398P2115460.iix3001.idcloudhost.com%2CS%3D1732%2CW%3D1772 HTTP/1.1" 200 3812 "https://extension.star4hire.com/file.php?dir=CAAhomeCAAqtdcvxypCAAmailCAAnew" "Mozilla/5.0 AppleWebKit/537.36 (KHTML, like Gecko; compatible; GPTBot/1.4; +https://openai.com/gptbot)"
74.7.227.161 - - [03/Aug/2026:14:52:19 +0700] "GET /file.php?dir=CAAhomeCAAqtdcvxypCAAmailCAAnew&edit=1726367491.M89421P3077040.iix3001.idcloudhost.com%2CS%3D1732%2CW%3D1772 HTTP/1.1" 200 3811 "https://extension.star4hire.com/file.php?dir=CAAhomeCAAqtdcvxypCAAmailCAAnew" "Mozilla/5.0 AppleWebKit/537.36 (KHTML, like Gecko; compatible; GPTBot/1.4; +https://openai.com/gptbot)"
74.7.227.161 - - [03/Aug/2026:14:53:28 +0700] "GET /file.php?dir=CAAhomeCAAqtdcvxypCAAmailCAAnew&edit=1778650451.M387477P960880.iix3001.idcloudhost.com%2CS%3D2548%2CW%3D2589 HTTP/1.1" 200 4112 "https://extension.star4hire.com/file.php?dir=CAAhomeCAAqtdcvxypCAAmailCAAnew" "Mozilla/5.0 AppleWebKit/537.36 (KHTML, like Gecko; compatible; GPTBot/1.4; +https://openai.com/gptbot)"
74.7.227.161 - - [03/Aug/2026:14:54:51 +0700] "GET /file.php?dir=CAAhomeCAAqtdcvxypCAAmailCAAnew&edit=1745979635.M611601P120524.iix3001.idcloudhost.com%2CS%3D2020%2CW%3D2062 HTTP/1.1" 200 3866 "https://extension.star4hire.com/file.php?dir=CAAhomeCAAqtdcvxypCAAmailCAAnew" "Mozilla/5.0 AppleWebKit/537.36 (KHTML, like Gecko; compatible; GPTBot/1.4; +https://openai.com/gptbot)"
74.7.227.161 - - [03/Aug/2026:14:55:49 +0700] "GET /file.php?dir=CAAhomeCAAqtdcvxypCAAmailCAAnew&edit=1774306873.M57141P3677172.iix3001.idcloudhost.com%2CS%3D1651%2CW%3D1689 HTTP/1.1" 429 267 "https://extension.star4hire.com/file.php?dir=CAAhomeCAAqtdcvxypCAAmailCAAnew" "Mozilla/5.0 AppleWebKit/537.36 (KHTML, like Gecko; compatible; GPTBot/1.4; +https://openai.com/gptbot)"
74.7.227.161 - - [03/Aug/2026:14:56:42 +0700] "GET /file.php?dir=CAAhomeCAAqtdcvxypCAAmailCAAnew&edit=1731548618.M108678P200104.iix3001.idcloudhost.com%2CS%3D1828%2CW%3D1869 HTTP/1.1" 429 267 "https://extension.star4hire.com/file.php?dir=CAAhomeCAAqtdcvxypCAAmailCAAnew" "Mozilla/5.0 AppleWebKit/537.36 (KHTML, like Gecko; compatible; GPTBot/1.4; +https://openai.com/gptbot)"
74.7.175.189 - - [03/Aug/2026:14:56:43 +0700] "GET /robots.txt HTTP/1.1" 404 212 "-" "Mozilla/5.0 (Macintosh; Intel Mac OS X 10_15_7) AppleWebKit/537.36 (KHTML, like Gecko) Chrome/131.0.0.0 Safari/537.36; compatible; OAI-SearchBot/1.4; robots.txt; +https://openai.com/searchbot"
74.7.227.161 - - [03/Aug/2026:14:58:47 +0700] "GET /file.php?dir=CAAhomeCAAqtdcvxypCAAmailCAAnew&edit=1733871810.M253828P5501.iix3001.idcloudhost.com%2CS%3D20339%2CW%3D20616 HTTP/1.1" 200 7864 "https://extension.star4hire.com/file.php?dir=CAAhomeCAAqtdcvxypCAAmailCAAnew" "Mozilla/5.0 AppleWebKit/537.36 (KHTML, like Gecko; compatible; GPTBot/1.4; +https://openai.com/gptbot)"
74.7.227.161 - - [03/Aug/2026:14:59:45 +0700] "GET /file.php?dir=CAAhomeCAAqtdcvxypCAAmailCAAnew&edit=1736227239.M5514P950359.iix3001.idcloudhost.com%2CS%3D20347%2CW%3D20624 HTTP/1.1" 200 7894 "https://extension.star4hire.com/file.php?dir=CAAhomeCAAqtdcvxypCAAmailCAAnew" "Mozilla/5.0 AppleWebKit/537.36 (KHTML, like Gecko; compatible; GPTBot/1.4; +https://openai.com/gptbot)"
74.7.227.161 - - [03/Aug/2026:15:00:36 +0700] "GET /file.php?dir=CAAhomeCAAqtdcvxypCAAmailCAAnew&edit=1781209362.M523287P210179.iix3001.idcloudhost.com%2CS%3D2052%2CW%3D2098 HTTP/1.1" 200 3935 "https://extension.star4hire.com/file.php?dir=CAAhomeCAAqtdcvxypCAAmailCAAnew" "Mozilla/5.0 AppleWebKit/537.36 (KHTML, like Gecko; compatible; GPTBot/1.4; +https://openai.com/gptbot)"
74.7.227.161 - - [03/Aug/2026:15:03:46 +0700] "GET /file.php?dir=CAAhomeCAAqtdcvxypCAAmailCAAnew&edit=1782033852.M65052P3395296.iix3001.idcloudhost.com%2CS%3D2053%2CW%3D2099 HTTP/1.1" 200 3935 "https://extension.star4hire.com/file.php?dir=CAAhomeCAAqtdcvxypCAAmailCAAnew" "Mozilla/5.0 AppleWebKit/537.36 (KHTML, like Gecko; compatible; GPTBot/1.4; +https://openai.com/gptbot)"
74.7.227.161 - - [03/Aug/2026:15:04:13 +0700] "GET /file.php?dir=CAAhomeCAAqtdcvxypCAAmailCAAnew&edit=1752915640.M34852P3854599.iix3001.idcloudhost.com%2CS%3D2346%2CW%3D2390 HTTP/1.1" 200 4047 "https://extension.star4hire.com/file.php?dir=CAAhomeCAAqtdcvxypCAAmailCAAnew" "Mozilla/5.0 AppleWebKit/537.36 (KHTML, like Gecko; compatible; GPTBot/1.4; +https://openai.com/gptbot)"
74.7.227.161 - - [03/Aug/2026:15:04:37 +0700] "GET /file.php?dir=CAAhomeCAAqtdcvxypCAAmailCAAnew&edit=1740478587.M5393P696521.iix3001.idcloudhost.com%2CS%3D20368%2CW%3D20645 HTTP/1.1" 200 7894 "https://extension.star4hire.com/file.php?dir=CAAhomeCAAqtdcvxypCAAmailCAAnew" "Mozilla/5.0 AppleWebKit/537.36 (KHTML, like Gecko; compatible; GPTBot/1.4; +https://openai.com/gptbot)"
74.7.227.161 - - [03/Aug/2026:15:05:20 +0700] "GET /file.php?dir=CAAhomeCAAqtdcvxypCAAmailCAAnew&edit=1764576593.M273042P623532.iix3001.idcloudhost.com%2CS%3D2213%2CW%3D2256 HTTP/1.1" 200 3970 "https://extension.star4hire.com/file.php?dir=CAAhomeCAAqtdcvxypCAAmailCAAnew" "Mozilla/5.0 AppleWebKit/537.36 (KHTML, like Gecko; compatible; GPTBot/1.4; +https://openai.com/gptbot)"
74.7.227.161 - - [03/Aug/2026:15:06:20 +0700] "GET /file.php?dir=CAAhomeCAAqtdcvxypCAAmailCAAnew&edit=1781646755.M378182P512189.iix3001.idcloudhost.com%2CS%3D2051%2CW%3D2097 HTTP/1.1" 429 267 "https://extension.star4hire.com/file.php?dir=CAAhomeCAAqtdcvxypCAAmailCAAnew" "Mozilla/5.0 AppleWebKit/537.36 (KHTML, like Gecko; compatible; GPTBot/1.4; +https://openai.com/gptbot)"
74.7.227.161 - - [03/Aug/2026:15:08:01 +0700] "GET /file.php?dir=CAAhomeCAAqtdcvxypCAAmailCAAnew&edit=1745667346.M54009P1402178.iix3001.idcloudhost.com%2CS%3D2517%2CW%3D2560 HTTP/1.1" 200 4118 "https://extension.star4hire.com/file.php?dir=CAAhomeCAAqtdcvxypCAAmailCAAnew" "Mozilla/5.0 AppleWebKit/537.36 (KHTML, like Gecko; compatible; GPTBot/1.4; +https://openai.com/gptbot)"
74.7.227.161 - - [03/Aug/2026:15:12:57 +0700] "GET /file.php?dir=CAAhomeCAAqtdcvxypCAAmailCAAnew&edit=1782860118.M464702P386120.iix3001.idcloudhost.com%2CS%3D1723%2CW%3D1762 HTTP/1.1" 200 3815 "https://extension.star4hire.com/file.php?dir=CAAhomeCAAqtdcvxypCAAmailCAAnew" "Mozilla/5.0 AppleWebKit/537.36 (KHTML, like Gecko; compatible; GPTBot/1.4; +https://openai.com/gptbot)"
74.7.227.161 - - [03/Aug/2026:15:13:30 +0700] "GET /file.php?dir=CAAhomeCAAqtdcvxypCAAmailCAAnew&edit=1758788533.M673386P525887.iix3001.idcloudhost.com%2CS%3D2246%2CW%3D2290 HTTP/1.1" 200 3985 "https://extension.star4hire.com/file.php?dir=CAAhomeCAAqtdcvxypCAAmailCAAnew" "Mozilla/5.0 AppleWebKit/537.36 (KHTML, like Gecko; compatible; GPTBot/1.4; +https://openai.com/gptbot)"
74.7.227.161 - - [03/Aug/2026:15:14:29 +0700] "GET /file.php?dir=CAAhomeCAAqtdcvxypCAAmailCAAnew&edit=1781514459.M579402P887853.iix3001.idcloudhost.com%2CS%3D2052%2CW%3D2098 HTTP/1.1" 200 3932 "https://extension.star4hire.com/file.php?dir=CAAhomeCAAqtdcvxypCAAmailCAAnew" "Mozilla/5.0 AppleWebKit/537.36 (KHTML, like Gecko; compatible; GPTBot/1.4; +https://openai.com/gptbot)"
74.7.227.161 - - [03/Aug/2026:15:14:54 +0700] "GET /file.php?dir=CAAhomeCAAqtdcvxypCAAmailCAAnew&edit=1753875275.M713220P608870.iix3001.idcloudhost.com%2CS%3D2236%2CW%3D2279 HTTP/1.1" 200 3966 "https://extension.star4hire.com/file.php?dir=CAAhomeCAAqtdcvxypCAAmailCAAnew" "Mozilla/5.0 AppleWebKit/537.36 (KHTML, like Gecko; compatible; GPTBot/1.4; +https://openai.com/gptbot)"
74.7.227.161 - - [03/Aug/2026:15:15:37 +0700] "GET /file.php?dir=CAAhomeCAAqtdcvxypCAAmailCAAnew&edit=1735013441.M50727P87116.iix3001.idcloudhost.com%2CS%3D20356%2CW%3D20633 HTTP/1.1" 200 7845 "https://extension.star4hire.com/file.php?dir=CAAhomeCAAqtdcvxypCAAmailCAAnew" "Mozilla/5.0 AppleWebKit/537.36 (KHTML, like Gecko; compatible; GPTBot/1.4; +https://openai.com/gptbot)"
74.7.227.161 - - [03/Aug/2026:15:15:54 +0700] "GET /file.php?dir=CAAhomeCAAqtdcvxypCAAmailCAAnew&edit=1745858749.M142603P278672.iix3001.idcloudhost.com%2CS%3D2043%2CW%3D2085 HTTP/1.1" 200 3879 "https://extension.star4hire.com/file.php?dir=CAAhomeCAAqtdcvxypCAAmailCAAnew" "Mozilla/5.0 AppleWebKit/537.36 (KHTML, like Gecko; compatible; GPTBot/1.4; +https://openai.com/gptbot)"
74.7.227.161 - - [03/Aug/2026:15:16:10 +0700] "GET /file.php?dir=CAAhomeCAAqtdcvxypCAAmailCAAnew&edit=1745857351.M840107P230401.iix3001.idcloudhost.com%2CS%3D2041%2CW%3D2083 HTTP/1.1" 200 3879 "https://extension.star4hire.com/file.php?dir=CAAhomeCAAqtdcvxypCAAmailCAAnew" "Mozilla/5.0 AppleWebKit/537.36 (KHTML, like Gecko; compatible; GPTBot/1.4; +https://openai.com/gptbot)"
74.7.227.161 - - [03/Aug/2026:15:16:25 +0700] "GET /file.php?dir=CAAhomeCAAqtdcvxypCAAmailCAAnew&edit=1753875275.M814316P608870.iix3001.idcloudhost.com%2CS%3D2253%2CW%3D2297 HTTP/1.1" 200 3977 "https://extension.star4hire.com/file.php?dir=CAAhomeCAAqtdcvxypCAAmailCAAnew" "Mozilla/5.0 AppleWebKit/537.36 (KHTML, like Gecko; compatible; GPTBot/1.4; +https://openai.com/gptbot)"
74.7.227.161 - - [03/Aug/2026:15:16:59 +0700] "GET /file.php?dir=CAAhomeCAAqtdcvxypCAAmailCAAnew&edit=1752849750.M83298P1985897.iix3001.idcloudhost.com%2CS%3D2350%2CW%3D2394 HTTP/1.1" 200 4054 "https://extension.star4hire.com/file.php?dir=CAAhomeCAAqtdcvxypCAAmailCAAnew" "Mozilla/5.0 AppleWebKit/537.36 (KHTML, like Gecko; compatible; GPTBot/1.4; +https://openai.com/gptbot)"
74.7.227.161 - - [03/Aug/2026:15:17:09 +0700] "GET /file.php?dir=CAAhomeCAAqtdcvxypCAAmailCAAnew&edit=1740484582.M1503P837352.iix3001.idcloudhost.com%2CS%3D20383%2CW%3D20660 HTTP/1.1" 200 7900 "https://extension.star4hire.com/file.php?dir=CAAhomeCAAqtdcvxypCAAmailCAAnew" "Mozilla/5.0 AppleWebKit/537.36 (KHTML, like Gecko; compatible; GPTBot/1.4; +https://openai.com/gptbot)"
74.7.175.189 - - [03/Aug/2026:17:40:38 +0700] "GET /robots.txt HTTP/1.1" 404 212 "-" "Mozilla/5.0 (Macintosh; Intel Mac OS X 10_15_7) AppleWebKit/537.36 (KHTML, like Gecko) Chrome/131.0.0.0 Safari/537.36; compatible; OAI-SearchBot/1.4; robots.txt; +https://openai.com/searchbot"
74.7.227.161 - - [03/Aug/2026:17:48:18 +0700] "GET /file.php?dir=CAAvarCAAsoftaculousCAAsitepadCAAeditorCAAsite-dataCAApluginsCAAkkart-proCAAassetsCAAcss&edit=_animation.scss HTTP/1.1" 200 3179 "https://extension.star4hire.com/file.php?dir=CAAvarCAAsoftaculousCAAsitepadCAAeditorCAAsite-dataCAApluginsCAAkkart-proCAAassetsCAAcss" "Mozilla/5.0 AppleWebKit/537.36 (KHTML, like Gecko; compatible; GPTBot/1.4; +https://openai.com/gptbot)"
74.7.227.161 - - [03/Aug/2026:17:57:14 +0700] "GET /file.php?dir=CAAvarCAAsoftaculousCAAsitepadCAAeditorCAAsite-dataCAApluginsCAAkkart-proCAAassetsCAAjsCAAadmin&edit=users.min.js HTTP/1.1" 200 3908 "https://extension.star4hire.com/file.php?dir=CAAvarCAAsoftaculousCAAsitepadCAAeditorCAAsite-dataCAApluginsCAAkkart-proCAAassetsCAAjsCAAadmin" "Mozilla/5.0 AppleWebKit/537.36 (KHTML, like Gecko; compatible; GPTBot/1.4; +https://openai.com/gptbot)"
74.7.227.161 - - [03/Aug/2026:17:57:51 +0700] "GET /file.php?dir=CAAvarCAAsoftaculousCAAsitepadCAAeditorCAAsite-dataCAApluginsCAAkkart-proCAAassetsCAAcss&edit=_variables.scss HTTP/1.1" 200 3439 "https://extension.star4hire.com/file.php?dir=CAAvarCAAsoftaculousCAAsitepadCAAeditorCAAsite-dataCAApluginsCAAkkart-proCAAassetsCAAcss" "Mozilla/5.0 AppleWebKit/537.36 (KHTML, like Gecko; compatible; GPTBot/1.4; +https://openai.com/gptbot)"
74.7.227.161 - - [03/Aug/2026:18:09:31 +0700] "GET /file.php?dir=CAAusrCAAincludeCAAc%2B%2BCAA8&edit=limits HTTP/1.1" 200 10065 "https://extension.star4hire.com/file.php?dir=CAAusrCAAincludeCAAc%2B%2BCAA8" "Mozilla/5.0 AppleWebKit/537.36 (KHTML, like Gecko; compatible; GPTBot/1.4; +https://openai.com/gptbot)"
74.7.227.161 - - [03/Aug/2026:18:11:05 +0700] "GET /file.php?dir=CAAhomeCAAqtdcvxypCAApublic_htmlCAAsmsCAAaaCAAapplicationCAAcontrollersCAAinstall HTTP/1.1" 200 4592 "https://extension.star4hire.com/file.php?dir=CAAhomeCAAqtdcvxypCAApublic_htmlCAAsmsCAAaaCAAapplicationCAAcontrollers" "Mozilla/5.0 AppleWebKit/537.36 (KHTML, like Gecko; compatible; GPTBot/1.4; +https://openai.com/gptbot)"
74.7.227.161 - - [03/Aug/2026:18:17:36 +0700] "GET /file.php?action=download&dir=CAAhomeCAAqtdcvxypCAApublic_htmlCAAsmsCAAaaCAAapplicationCAAcontrollersCAAinstall&file=requirements.php HTTP/1.1" 200 817 "https://extension.star4hire.com/file.php?dir=CAAhomeCAAqtdcvxypCAApublic_htmlCAAsmsCAAaaCAAapplicationCAAcontrollersCAAinstall" "Mozilla/5.0 AppleWebKit/537.36 (KHTML, like Gecko; compatible; GPTBot/1.4; +https://openai.com/gptbot)"
74.7.227.161 - - [03/Aug/2026:18:18:18 +0700] "GET /file.php?dir=CAAusrCAAlocalCAAlib64CAAperl5CAAautoCAAAlienCAALibxml2 HTTP/1.1" 200 4358 "https://extension.star4hire.com/file.php?dir=CAAusrCAAlocalCAAlib64CAAperl5CAAautoCAAAlien" "Mozilla/5.0 AppleWebKit/537.36 (KHTML, like Gecko; compatible; GPTBot/1.4; +https://openai.com/gptbot)"
74.7.227.161 - - [03/Aug/2026:18:20:54 +0700] "GET /file.php?dir=CAAusrCAAlib64&edit=libk5crypto.so.3 HTTP/1.1" 200 35764 "https://extension.star4hire.com/file.php?dir=CAAusrCAAlib64" "Mozilla/5.0 AppleWebKit/537.36 (KHTML, like Gecko; compatible; GPTBot/1.4; +https://openai.com/gptbot)"
74.7.227.161 - - [03/Aug/2026:18:21:36 +0700] "GET /file.php?dir=CAAusrCAAlib64&edit=libarchive.so.13 HTTP/1.1" 200 293774 "https://extension.star4hire.com/file.php?dir=CAAusrCAAlib64" "Mozilla/5.0 AppleWebKit/537.36 (KHTML, like Gecko; compatible; GPTBot/1.4; +https://openai.com/gptbot)"
74.7.227.161 - - [03/Aug/2026:18:22:10 +0700] "GET /file.php?dir=CAAusrCAAlib64&edit=libpython3.6m.so HTTP/1.1" 200 1223153 "https://extension.star4hire.com/file.php?dir=CAAusrCAAlib64" "Mozilla/5.0 AppleWebKit/537.36 (KHTML, like Gecko; compatible; GPTBot/1.4; +https://openai.com/gptbot)"
74.7.227.161 - - [03/Aug/2026:18:22:36 +0700] "GET /file.php?dir=CAAusrCAAlib64&edit=libnghttp2.so.14 HTTP/1.1" 200 63260 "https://extension.star4hire.com/file.php?dir=CAAusrCAAlib64" "Mozilla/5.0 AppleWebKit/537.36 (KHTML, like Gecko; compatible; GPTBot/1.4; +https://openai.com/gptbot)"
74.7.227.161 - - [03/Aug/2026:18:23:07 +0700] "GET /file.php?dir=CAAusrCAAshareCAAgroffCAA1RAA22RAA3CAAfontCAAdevps&edit=freeeuro.afm HTTP/1.1" 200 3645 "https://extension.star4hire.com/file.php?dir=CAAusrCAAshareCAAgroffCAA1RAA22RAA3CAAfontCAAdevps" "Mozilla/5.0 AppleWebKit/537.36 (KHTML, like Gecko; compatible; GPTBot/1.4; +https://openai.com/gptbot)"
74.7.227.161 - - [03/Aug/2026:18:23:40 +0700] "GET /file.php?dir=CAAusrCAAlibCAAnode_modulesCAAnpmCAAlibCAAinstall&edit=and-ignore-errors.js HTTP/1.1" 200 3157 "https://extension.star4hire.com/file.php?dir=CAAusrCAAlibCAAnode_modulesCAAnpmCAAlibCAAinstall" "Mozilla/5.0 AppleWebKit/537.36 (KHTML, like Gecko; compatible; GPTBot/1.4; +https://openai.com/gptbot)"
74.7.227.161 - - [03/Aug/2026:18:23:43 +0700] "GET /file.php?dir=CAAusrCAAshareCAAzoneinfoCAAAmericaCAAIndiana&edit=Vevay HTTP/1.1" 200 3789 "https://extension.star4hire.com/file.php?dir=CAAusrCAAshareCAAzoneinfoCAAAmericaCAAIndiana" "Mozilla/5.0 AppleWebKit/537.36 (KHTML, like Gecko; compatible; GPTBot/1.4; +https://openai.com/gptbot)"
74.7.227.161 - - [03/Aug/2026:18:24:02 +0700] "GET /file.php?dir=CAAusrCAAshareCAAzoneinfoCAAposixCAAAustralia&edit=LHI HTTP/1.1" 200 4022 "https://extension.star4hire.com/file.php?dir=CAAusrCAAshareCAAzoneinfoCAAposixCAAAustralia" "Mozilla/5.0 AppleWebKit/537.36 (KHTML, like Gecko; compatible; GPTBot/1.4; +https://openai.com/gptbot)"
74.7.227.161 - - [03/Aug/2026:18:24:12 +0700] "GET /file.php?dir=CAAusrCAAshareCAAzoneinfoCAAposixCAAAustralia&edit=NSW HTTP/1.1" 200 4217 "https://extension.star4hire.com/file.php?dir=CAAusrCAAshareCAAzoneinfoCAAposixCAAAustralia" "Mozilla/5.0 AppleWebKit/537.36 (KHTML, like Gecko; compatible; GPTBot/1.4; +https://openai.com/gptbot)"
74.7.227.161 - - [03/Aug/2026:18:24:15 +0700] "GET /file.php?dir=CAAusrCAAshareCAAzoneinfoCAAposixCAAAmerica&edit=Thule HTTP/1.1" 200 3874 "https://extension.star4hire.com/file.php?dir=CAAusrCAAshareCAAzoneinfoCAAposixCAAAmerica" "Mozilla/5.0 AppleWebKit/537.36 (KHTML, like Gecko; compatible; GPTBot/1.4; +https://openai.com/gptbot)"
74.7.227.161 - - [03/Aug/2026:18:24:17 +0700] "GET /file.php?dir=CAAusrCAAshareCAAzoneinfoCAAposixCAAAmerica&edit=Sitka HTTP/1.1" 200 4333 "https://extension.star4hire.com/file.php?dir=CAAusrCAAshareCAAzoneinfoCAAposixCAAAmerica" "Mozilla/5.0 AppleWebKit/537.36 (KHTML, like Gecko; compatible; GPTBot/1.4; +https://openai.com/gptbot)"
74.7.227.161 - - [03/Aug/2026:18:24:23 +0700] "GET /file.php?dir=CAAusrCAAshareCAAzoneinfoCAArightCAAAustralia&edit=LHI HTTP/1.1" 200 4342 "https://extension.star4hire.com/file.php?dir=CAAusrCAAshareCAAzoneinfoCAArightCAAAustralia" "Mozilla/5.0 AppleWebKit/537.36 (KHTML, like Gecko; compatible; GPTBot/1.4; +https://openai.com/gptbot)"
74.7.227.161 - - [03/Aug/2026:18:24:25 +0700] "GET /file.php?dir=CAAusrCAAshareCAAzoneinfoCAArightCAAAustralia&edit=NSW HTTP/1.1" 429 267 "https://extension.star4hire.com/file.php?dir=CAAusrCAAshareCAAzoneinfoCAArightCAAAustralia" "Mozilla/5.0 AppleWebKit/537.36 (KHTML, like Gecko; compatible; GPTBot/1.4; +https://openai.com/gptbot)"
74.7.227.161 - - [03/Aug/2026:18:24:43 +0700] "GET /file.php?dir=CAAusrCAAshareCAAzoneinfoCAAAmericaCAAIndiana&edit=Knox HTTP/1.1" 200 4275 "https://extension.star4hire.com/file.php?dir=CAAusrCAAshareCAAzoneinfoCAAAmericaCAAIndiana" "Mozilla/5.0 AppleWebKit/537.36 (KHTML, like Gecko; compatible; GPTBot/1.4; +https://openai.com/gptbot)"
69.63.189.115 - - [03/Aug/2026:18:50:47 +0700] "GET /robots.txt HTTP/1.1" 404 355 "-" "facebookexternalhit/1.1 (+http://www.facebook.com/externalhit_uatext.php)"
57.141.18.125 - - [03/Aug/2026:19:14:52 +0700] "GET /.well-known/acme-challenge/file.php?dir=CAAhomeCAAqtdcvxypCAAcsrRAAstar4hireRAAcomCAAwp-contentCAApluginsCAAcmb2CAAincludes HTTP/1.1" 200 7029 "-" "Mozilla/5.0 (Windows NT 10.0; Win64; x64) AppleWebKit/537.36 (KHTML, like Gecko) Chrome/145.0.0.0 Safari/537.36 (compatible; meta-externalagent/1.1 (+https://developers.facebook.com/docs/sharing/webmasters/crawler))"
74.7.175.189 - - [03/Aug/2026:19:59:29 +0700] "GET /robots.txt HTTP/1.1" 404 212 "-" "Mozilla/5.0 (Macintosh; Intel Mac OS X 10_15_7) AppleWebKit/537.36 (KHTML, like Gecko) Chrome/131.0.0.0 Safari/537.36; compatible; OAI-SearchBot/1.4; robots.txt; +https://openai.com/searchbot"
74.7.227.161 - - [03/Aug/2026:20:06:53 +0700] "GET /file.php?dir=CAAusrCAAlib64CAAdovecot&edit=libdovecot-sieve.so.0 HTTP/1.1" 200 315982 "https://extension.star4hire.com/file.php?dir=CAAusrCAAlib64CAAdovecot" "Mozilla/5.0 AppleWebKit/537.36 (KHTML, like Gecko; compatible; GPTBot/1.4; +https://openai.com/gptbot)"
74.7.227.161 - - [03/Aug/2026:20:07:38 +0700] "GET /file.php?dir=CAAusrCAAlib64&edit=libpng16.so HTTP/1.1" 200 93798 "https://extension.star4hire.com/file.php?dir=CAAusrCAAlib64" "Mozilla/5.0 AppleWebKit/537.36 (KHTML, like Gecko; compatible; GPTBot/1.4; +https://openai.com/gptbot)"
74.7.227.161 - - [03/Aug/2026:20:09:00 +0700] "GET /file.php?dir=CAAusrCAAshareCAAvimCAAvim80CAAlangCAAjaRAAeuc-jpCAALC_MESSAGES HTTP/1.1" 200 4281 "https://extension.star4hire.com/file.php?dir=CAAusrCAAshareCAAvimCAAvim80CAAlangCAAjaRAAeuc-jp" "Mozilla/5.0 AppleWebKit/537.36 (KHTML, like Gecko; compatible; GPTBot/1.4; +https://openai.com/gptbot)"
74.7.227.161 - - [03/Aug/2026:20:09:11 +0700] "GET /file.php?dir=CAAusrCAAlibCAApython3RAA6CAAsite-packagesCAApyudevCAA_ctypeslib HTTP/1.1" 200 4723 "https://extension.star4hire.com/file.php?dir=CAAusrCAAlibCAApython3RAA6CAAsite-packagesCAApyudev" "Mozilla/5.0 AppleWebKit/537.36 (KHTML, like Gecko; compatible; GPTBot/1.4; +https://openai.com/gptbot)"
74.7.227.161 - - [03/Aug/2026:20:16:37 +0700] "GET /file.php?dir=CAAusrCAAlibCAApython3RAA6CAAsite-packagesCAApyudevCAA_ctypeslibCAA__pycache__ HTTP/1.1" 200 4828 "https://extension.star4hire.com/file.php?dir=CAAusrCAAlibCAApython3RAA6CAAsite-packagesCAApyudevCAA_ctypeslib" "Mozilla/5.0 AppleWebKit/537.36 (KHTML, like Gecko; compatible; GPTBot/1.4; +https://openai.com/gptbot)"
74.7.227.161 - - [03/Aug/2026:20:21:08 +0700] "GET /file.php?dir=CAAusrCAAshareCAAvimCAAvim80CAAsyntax&edit=voscm.vim HTTP/1.1" 200 5531 "https://extension.star4hire.com/file.php?dir=CAAusrCAAshareCAAvimCAAvim80CAAsyntax" "Mozilla/5.0 AppleWebKit/537.36 (KHTML, like Gecko; compatible; GPTBot/1.4; +https://openai.com/gptbot)"
74.7.227.161 - - [03/Aug/2026:20:22:07 +0700] "GET /file.php?dir=CAAvarCAAsoftaculousCAAelgg2CAAimages&edit=elgg2.png HTTP/1.1" 200 15720 "https://extension.star4hire.com/file.php?dir=CAAvarCAAsoftaculousCAAelgg2CAAimages" "Mozilla/5.0 AppleWebKit/537.36 (KHTML, like Gecko; compatible; GPTBot/1.4; +https://openai.com/gptbot)"
74.7.227.161 - - [03/Aug/2026:20:23:55 +0700] "GET /file.php?dir=CAAusrCAAshareCAAvimCAAvim80CAAsyntax&edit=lout.vim HTTP/1.1" 200 4688 "https://extension.star4hire.com/file.php?dir=CAAusrCAAshareCAAvimCAAvim80CAAsyntax" "Mozilla/5.0 AppleWebKit/537.36 (KHTML, like Gecko; compatible; GPTBot/1.4; +https://openai.com/gptbot)"
74.7.227.161 - - [03/Aug/2026:20:24:38 +0700] "GET /file.php?dir=CAAvarCAAsoftaculousCAAelgg3CAAimages&edit=elgg3.png HTTP/1.1" 200 15720 "https://extension.star4hire.com/file.php?dir=CAAvarCAAsoftaculousCAAelgg3CAAimages" "Mozilla/5.0 AppleWebKit/537.36 (KHTML, like Gecko; compatible; GPTBot/1.4; +https://openai.com/gptbot)"
74.7.227.161 - - [03/Aug/2026:20:25:57 +0700] "GET /file.php?dir=CAAvarCAAsoftaculousCAAelgg4CAAimages&edit=elgg4.png HTTP/1.1" 200 15720 "https://extension.star4hire.com/file.php?dir=CAAvarCAAsoftaculousCAAelgg4CAAimages" "Mozilla/5.0 AppleWebKit/537.36 (KHTML, like Gecko; compatible; GPTBot/1.4; +https://openai.com/gptbot)"
74.7.227.161 - - [03/Aug/2026:20:28:13 +0700] "GET /file.php?dir=CAAhomeCAAqtdcvxypCAApublic_htmlCAAsmsCAAaaCAAapplicationCAAthird_partyCAAomnipayCAAvendorCAAmoneyphpCAAmoneyCAAspecCAACalculator HTTP/1.1" 200 4620 "https://extension.star4hire.com/file.php?dir=CAAhomeCAAqtdcvxypCAApublic_htmlCAAsmsCAAaaCAAapplicationCAAthird_partyCAAomnipayCAAvendorCAAmoneyphpCAAmoneyCAAspec" "Mozilla/5.0 AppleWebKit/537.36 (KHTML, like Gecko; compatible; GPTBot/1.4; +https://openai.com/gptbot)"
74.7.227.161 - - [03/Aug/2026:20:30:15 +0700] "GET /file.php?dir=CAAusrCAAlib64&edit=libidn.so.11.6.18 HTTP/1.1" 200 0 "https://extension.star4hire.com/file.php?dir=CAAusrCAAlib64" "Mozilla/5.0 AppleWebKit/537.36 (KHTML, like Gecko; compatible; GPTBot/1.4; +https://openai.com/gptbot)"
74.7.227.161 - - [03/Aug/2026:20:32:18 +0700] "GET /file.php?dir=CAAusrCAAlib64CAAsssd&edit=libifp_iface_sync.so HTTP/1.1" 200 17446 "https://extension.star4hire.com/file.php?dir=CAAusrCAAlib64CAAsssd" "Mozilla/5.0 AppleWebKit/537.36 (KHTML, like Gecko; compatible; GPTBot/1.4; +https://openai.com/gptbot)"
57.141.18.85 - - [03/Aug/2026:21:19:24 +0700] "GET /.well-known/acme-challenge/file.php?dir=CAAhomeCAAqtdcvxypCAAglobalenglishRAAstar4hireRAAcomCAAwp-contentCAApluginsCAAone-click-demo-importCAAinc HTTP/1.1" 200 6901 "-" "Mozilla/5.0 (Windows NT 10.0; Win64; x64) AppleWebKit/537.36 (KHTML, like Gecko) Chrome/145.0.0.0 Safari/537.36 (compatible; meta-externalagent/1.1 (+https://developers.facebook.com/docs/sharing/webmasters/crawler))"
57.141.18.104 - - [03/Aug/2026:21:21:52 +0700] "GET /.well-known/file.php?dir=CAAoptCAAaltCAAphp54CAAusrCAAshareCAApearCAASymfonyCAAComponent HTTP/1.1" 200 6717 "-" "Mozilla/5.0 (Macintosh; Intel Mac OS X 10_15_7) AppleWebKit/537.36 (KHTML, like Gecko) Chrome/145.0.0.0 Safari/537.36 (compatible; meta-externalagent/1.1 (+https://developers.facebook.com/docs/sharing/webmasters/crawler))"
74.7.175.189 - - [03/Aug/2026:21:23:11 +0700] "GET /robots.txt HTTP/1.1" 404 212 "-" "Mozilla/5.0 (Macintosh; Intel Mac OS X 10_15_7) AppleWebKit/537.36 (KHTML, like Gecko) Chrome/131.0.0.0 Safari/537.36; compatible; OAI-SearchBot/1.4; robots.txt; +https://openai.com/searchbot"
74.7.227.161 - - [03/Aug/2026:21:23:32 +0700] "GET /file.php?dir=CAAvarCAAsoftaculousCAAosclassifiedCAAimages&edit=osclassified.png HTTP/1.1" 200 6290 "https://extension.star4hire.com/file.php?dir=CAAvarCAAsoftaculousCAAosclassifiedCAAimages" "Mozilla/5.0 AppleWebKit/537.36 (KHTML, like Gecko; compatible; GPTBot/1.4; +https://openai.com/gptbot)"
74.7.227.161 - - [03/Aug/2026:21:23:34 +0700] "GET /file.php?dir=CAAusrCAAshareCAAautoconfCAAm4sugar&edit=m4sh.m4 HTTP/1.1" 200 27671 "https://extension.star4hire.com/file.php?dir=CAAusrCAAshareCAAautoconfCAAm4sugar" "Mozilla/5.0 AppleWebKit/537.36 (KHTML, like Gecko; compatible; GPTBot/1.4; +https://openai.com/gptbot)"
74.7.227.161 - - [03/Aug/2026:21:23:38 +0700] "GET /file.php?dir=CAAvarCAAsoftaculousCAAheskCAAlanguages&edit=da.zip HTTP/1.1" 200 78387 "https://extension.star4hire.com/file.php?dir=CAAvarCAAsoftaculousCAAheskCAAlanguages" "Mozilla/5.0 AppleWebKit/537.36 (KHTML, like Gecko; compatible; GPTBot/1.4; +https://openai.com/gptbot)"
74.7.227.161 - - [03/Aug/2026:21:23:54 +0700] "GET /file.php?dir=CAAusrCAAlib64CAApython3RAA6CAA__pycache__&edit=_pyio.cpython-36.pyc HTTP/1.1" 200 27957 "https://extension.star4hire.com/file.php?dir=CAAusrCAAlib64CAApython3RAA6CAA__pycache__" "Mozilla/5.0 AppleWebKit/537.36 (KHTML, like Gecko; compatible; GPTBot/1.4; +https://openai.com/gptbot)"
74.7.227.161 - - [03/Aug/2026:22:07:31 +0700] "GET /file.php?dir=CAAhomeCAAqtdcvxypCAApublic_htmlCAAsmsCAA_CAAsmart_school_srcCAAbackendCAApluginsCAAbootstrap-slider&edit=bootstrap-slider.js HTTP/1.1" 200 11325 "https://extension.star4hire.com/file.php?dir=CAAhomeCAAqtdcvxypCAApublic_htmlCAAsmsCAA_CAAsmart_school_srcCAAbackendCAApluginsCAAbootstrap-slider" "Mozilla/5.0 AppleWebKit/537.36 (KHTML, like Gecko; compatible; GPTBot/1.4; +https://openai.com/gptbot)"
74.7.227.161 - - [03/Aug/2026:22:12:28 +0700] "GET /file.php?dir=CAAusrCAAlibCAAnode_modulesCAAnpmCAAnode_modulesCAAuri-jsCAAdistCAAesnext&edit=uri.d.ts HTTP/1.1" 200 3673 "https://extension.star4hire.com/file.php?dir=CAAusrCAAlibCAAnode_modulesCAAnpmCAAnode_modulesCAAuri-jsCAAdistCAAesnext" "Mozilla/5.0 AppleWebKit/537.36 (KHTML, like Gecko; compatible; GPTBot/1.4; +https://openai.com/gptbot)"
74.7.175.189 - - [03/Aug/2026:22:53:00 +0700] "GET /robots.txt HTTP/1.1" 404 212 "-" "Mozilla/5.0 (Macintosh; Intel Mac OS X 10_15_7) AppleWebKit/537.36 (KHTML, like Gecko) Chrome/131.0.0.0 Safari/537.36; compatible; OAI-SearchBot/1.4; robots.txt; +https://openai.com/searchbot"
74.7.227.161 - - [03/Aug/2026:22:58:32 +0700] "GET /file.php?dir=CAAhomeCAAqtdcvxypCAAlscacheCAAcCAAa&edit=file.php HTTP/1.1" 429 267 "https://extension.star4hire.com/file.php?dir=CAAhomeCAAqtdcvxypCAAlscacheCAAcCAAa" "Mozilla/5.0 AppleWebKit/537.36 (KHTML, like Gecko; compatible; GPTBot/1.4; +https://openai.com/gptbot)"
74.7.227.161 - - [03/Aug/2026:23:02:24 +0700] "GET /file.php?dir=CAAhomeCAAqtdcvxypCAAlscacheCAAaCAAd&edit=file.php HTTP/1.1" 200 10602 "https://extension.star4hire.com/file.php?dir=CAAhomeCAAqtdcvxypCAAlscacheCAAaCAAd" "Mozilla/5.0 AppleWebKit/537.36 (KHTML, like Gecko; compatible; GPTBot/1.4; +https://openai.com/gptbot)"
74.7.227.161 - - [03/Aug/2026:23:03:08 +0700] "GET /file.php?dir=CAAhomeCAAqtdcvxypCAAlscacheCAAaCAAc&edit=file.php HTTP/1.1" 200 10602 "https://extension.star4hire.com/file.php?dir=CAAhomeCAAqtdcvxypCAAlscacheCAAaCAAc" "Mozilla/5.0 AppleWebKit/537.36 (KHTML, like Gecko; compatible; GPTBot/1.4; +https://openai.com/gptbot)"
74.7.227.161 - - [03/Aug/2026:23:07:22 +0700] "GET /file.php?dir=CAAhomeCAAqtdcvxypCAAmailCAARAAspamCAAnew&edit=1783177108.M330893P505221.iix3001.idcloudhost.com%2CS%3D42910%2CW%3D43491 HTTP/1.1" 200 13249 "https://extension.star4hire.com/file.php?dir=CAAhomeCAAqtdcvxypCAAmailCAARAAspamCAAnew" "Mozilla/5.0 AppleWebKit/537.36 (KHTML, like Gecko; compatible; GPTBot/1.4; +https://openai.com/gptbot)"
74.7.227.161 - - [03/Aug/2026:23:08:06 +0700] "GET /file.php?dir=CAAusrCAAincludeCAAasm&edit=a.out.h HTTP/1.1" 200 3299 "https://extension.star4hire.com/file.php?dir=CAAusrCAAincludeCAAasm" "Mozilla/5.0 AppleWebKit/537.36 (KHTML, like Gecko; compatible; GPTBot/1.4; +https://openai.com/gptbot)"
74.7.227.161 - - [03/Aug/2026:23:08:18 +0700] "GET /file.php?dir=CAAusrCAAinclude&edit=ldap_schema.h HTTP/1.1" 200 5039 "https://extension.star4hire.com/file.php?dir=CAAusrCAAinclude" "Mozilla/5.0 AppleWebKit/537.36 (KHTML, like Gecko; compatible; GPTBot/1.4; +https://openai.com/gptbot)"
74.7.227.161 - - [03/Aug/2026:23:08:38 +0700] "GET /file.php?dir=CAAusrCAAinclude&edit=fpu_control.h HTTP/1.1" 429 267 "https://extension.star4hire.com/file.php?dir=CAAusrCAAinclude" "Mozilla/5.0 AppleWebKit/537.36 (KHTML, like Gecko; compatible; GPTBot/1.4; +https://openai.com/gptbot)"
57.141.18.46 - - [03/Aug/2026:23:10:05 +0700] "GET /.well-known/acme-challenge/file.php?dir=CAAhomeCAAqtdcvxypCAAgminstituteRAAstar4hireRAAcomCAAwp-includesCAAblock-supports HTTP/1.1" 200 7510 "-" "Mozilla/5.0 (Windows NT 10.0; Win64; x64) AppleWebKit/537.36 (KHTML, like Gecko) Chrome/145.0.0.0 Safari/537.36 (compatible; meta-externalagent/1.1 (+https://developers.facebook.com/docs/sharing/webmasters/crawler))"
74.7.227.161 - - [03/Aug/2026:23:11:15 +0700] "GET /file.php?dir=CAAusrCAAlibCAAudev&edit=fc_wwpn_id HTTP/1.1" 200 3548 "https://extension.star4hire.com/file.php?dir=CAAusrCAAlibCAAudev" "Mozilla/5.0 AppleWebKit/537.36 (KHTML, like Gecko; compatible; GPTBot/1.4; +https://openai.com/gptbot)"
74.7.227.161 - - [03/Aug/2026:23:41:21 +0700] "GET /file.php?dir=CAAusrCAAshareCAAzoneinfoCAAposixCAAAmericaCAANorth_Dakota HTTP/1.1" 200 4403 "https://extension.star4hire.com/file.php?dir=CAAusrCAAshareCAAzoneinfoCAAposixCAAAmerica" "Mozilla/5.0 AppleWebKit/537.36 (KHTML, like Gecko; compatible; GPTBot/1.4; +https://openai.com/gptbot)"
74.7.227.161 - - [03/Aug/2026:23:44:09 +0700] "GET /file.php?dir=CAAusrCAAshareCAAzoneinfoCAArightCAAAmericaCAANorth_Dakota HTTP/1.1" 200 4403 "https://extension.star4hire.com/file.php?dir=CAAusrCAAshareCAAzoneinfoCAArightCAAAmerica" "Mozilla/5.0 AppleWebKit/537.36 (KHTML, like Gecko; compatible; GPTBot/1.4; +https://openai.com/gptbot)"
74.7.227.161 - - [03/Aug/2026:23:49:23 +0700] "GET /file.php?dir=CAAvarCAAsoftaculousCAAsitepadCAAeditorCAAsite-incCAAimagesCAAsmilies&edit=icon_arrow.gif HTTP/1.1" 200 3250 "https://extension.star4hire.com/file.php?dir=CAAvarCAAsoftaculousCAAsitepadCAAeditorCAAsite-incCAAimagesCAAsmilies" "Mozilla/5.0 AppleWebKit/537.36 (KHTML, like Gecko; compatible; GPTBot/1.4; +https://openai.com/gptbot)"
57.141.18.68 - - [04/Aug/2026:00:00:30 +0700] "GET /.well-known/acme-challenge/file.php?dir=CAAhomeCAAqtdcvxypCAAmailCAAstar4hireRAAcomCAAnaura21salwaCAAnew HTTP/1.1" 200 31884 "-" "Mozilla/5.0 (Macintosh; Intel Mac OS X 10_15_7) AppleWebKit/537.36 (KHTML, like Gecko) Chrome/145.0.0.0 Safari/537.36 (compatible; meta-externalagent/1.1 (+https://developers.facebook.com/docs/sharing/webmasters/crawler))"
74.7.175.189 - - [04/Aug/2026:00:11:06 +0700] "GET /robots.txt HTTP/1.1" 404 212 "-" "Mozilla/5.0 (Macintosh; Intel Mac OS X 10_15_7) AppleWebKit/537.36 (KHTML, like Gecko) Chrome/131.0.0.0 Safari/537.36; compatible; OAI-SearchBot/1.4; robots.txt; +https://openai.com/searchbot"
74.7.227.161 - - [04/Aug/2026:00:12:30 +0700] "GET /file.php?dir=CAAusrCAAlibCAAnode_modulesCAAnpmCAAnode_modulesCAAes-abstractCAAhelpers&edit=isPrimitive.js HTTP/1.1" 200 3135 "https://extension.star4hire.com/file.php?dir=CAAusrCAAlibCAAnode_modulesCAAnpmCAAnode_modulesCAAes-abstractCAAhelpers" "Mozilla/5.0 AppleWebKit/537.36 (KHTML, like Gecko; compatible; GPTBot/1.4; +https://openai.com/gptbot)"
74.7.227.161 - - [04/Aug/2026:00:12:33 +0700] "GET /file.php?dir=CAAusrCAAlibCAAnode_modulesCAAnpmCAAnode_modulesCAArun-queueCAAnode_modulesCAAaproba&edit=LICENSE HTTP/1.1" 200 3575 "https://extension.star4hire.com/file.php?dir=CAAusrCAAlibCAAnode_modulesCAAnpmCAAnode_modulesCAArun-queueCAAnode_modulesCAAaproba" "Mozilla/5.0 AppleWebKit/537.36 (KHTML, like Gecko; compatible; GPTBot/1.4; +https://openai.com/gptbot)"
57.141.18.66 - - [04/Aug/2026:00:13:12 +0700] "GET /file.php?dir=CAAusrCAAshareCAAzoneinfoCAArightCAAAfrica HTTP/1.1" 200 10509 "-" "Mozilla/5.0 (Macintosh; Intel Mac OS X 10_15_7) AppleWebKit/537.36 (KHTML, like Gecko) Chrome/145.0.0.0 Safari/537.36 (compatible; meta-externalagent/1.1 (+https://developers.facebook.com/docs/sharing/webmasters/crawler))"
57.141.18.10 - - [04/Aug/2026:00:31:39 +0700] "GET /.well-known/acme-challenge/file.php?dir=CAAoptCAAaltCAAruby18CAAshareCAAriCAA1RAA8CAAsystemCAAREXMLCAAParsersCAABaseParser HTTP/1.1" 200 6294 "-" "Mozilla/5.0 (Windows NT 10.0; Win64; x64) AppleWebKit/537.36 (KHTML, like Gecko) Chrome/145.0.0.0 Safari/537.36 (compatible; meta-externalagent/1.1 (+https://developers.facebook.com/docs/sharing/webmasters/crawler))"
74.7.227.161 - - [04/Aug/2026:01:06:59 +0700] "GET /file.php?dir=CAAusrCAAlib64CAApkgconfig&edit=ea-apr16-util-1.pc HTTP/1.1" 200 3246 "https://extension.star4hire.com/file.php?dir=CAAusrCAAlib64CAApkgconfig" "Mozilla/5.0 AppleWebKit/537.36 (KHTML, like Gecko; compatible; GPTBot/1.4; +https://openai.com/gptbot)"
74.7.227.161 - - [04/Aug/2026:01:12:58 +0700] "GET /file.php?dir=CAAusrCAAlibCAAmodulesCAA4RAA18RAA0-553RAA123RAA2RAAlveRAAel8RAAx86_64 HTTP/1.1" 200 6051 "https://extension.star4hire.com/file.php?dir=CAAusrCAAlibCAAmodules" "Mozilla/5.0 AppleWebKit/537.36 (KHTML, like Gecko; compatible; GPTBot/1.4; +https://openai.com/gptbot)"
74.7.227.161 - - [04/Aug/2026:01:13:07 +0700] "GET /file.php?dir=CAAusrCAAlibCAAfirmwareCAA4RAA18RAA0-553RAA109RAA1RAAlveRAAel8RAAx86_64 HTTP/1.1" 200 4807 "https://extension.star4hire.com/file.php?dir=CAAusrCAAlibCAAfirmware" "Mozilla/5.0 AppleWebKit/537.36 (KHTML, like Gecko; compatible; GPTBot/1.4; +https://openai.com/gptbot)"
74.7.227.161 - - [04/Aug/2026:01:13:23 +0700] "GET /file.php?dir=CAAusrCAAlibCAAfirmwareCAA4RAA18RAA0-553RAA123RAA2RAAlveRAAel8RAAx86_64 HTTP/1.1" 200 4808 "https://extension.star4hire.com/file.php?dir=CAAusrCAAlibCAAfirmware" "Mozilla/5.0 AppleWebKit/537.36 (KHTML, like Gecko; compatible; GPTBot/1.4; +https://openai.com/gptbot)"
74.7.227.161 - - [04/Aug/2026:01:13:30 +0700] "GET /file.php?dir=CAAusrCAAincludeCAAX11CAAextensions&edit=XKBstr.h HTTP/1.1" 200 8189 "https://extension.star4hire.com/file.php?dir=CAAusrCAAincludeCAAX11CAAextensions" "Mozilla/5.0 AppleWebKit/537.36 (KHTML, like Gecko; compatible; GPTBot/1.4; +https://openai.com/gptbot)"
74.7.227.161 - - [04/Aug/2026:01:20:42 +0700] "GET /file.php?dir=CAAusrCAAlibCAAfirmwareCAA4RAA18RAA0-553RAA123RAA2RAAlveRAAel8RAAx86_64CAAintel-ucode HTTP/1.1" 200 8386 "https://extension.star4hire.com/file.php?dir=CAAusrCAAlibCAAfirmwareCAA4RAA18RAA0-553RAA123RAA2RAAlveRAAel8RAAx86_64" "Mozilla/5.0 AppleWebKit/537.36 (KHTML, like Gecko; compatible; GPTBot/1.4; +https://openai.com/gptbot)"
74.7.175.189 - - [04/Aug/2026:01:20:43 +0700] "GET /robots.txt HTTP/1.1" 404 212 "-" "Mozilla/5.0 (Macintosh; Intel Mac OS X 10_15_7) AppleWebKit/537.36 (KHTML, like Gecko) Chrome/131.0.0.0 Safari/537.36; compatible; OAI-SearchBot/1.4; robots.txt; +https://openai.com/searchbot"
74.7.227.161 - - [04/Aug/2026:01:27:53 +0700] "GET /file.php?dir=CAAusrCAAlibCAAfirmwareCAA4RAA18RAA0-553RAA123RAA2RAAlveRAAel8RAAx86_64CAAintel-ucode&edit=06-be-00 HTTP/1.1" 200 3091 "https://extension.star4hire.com/file.php?dir=CAAusrCAAlibCAAfirmwareCAA4RAA18RAA0-553RAA123RAA2RAAlveRAAel8RAAx86_64CAAintel-ucode" "Mozilla/5.0 AppleWebKit/537.36 (KHTML, like Gecko; compatible; GPTBot/1.4; +https://openai.com/gptbot)"
74.7.227.161 - - [04/Aug/2026:01:28:12 +0700] "GET /file.php?dir=CAAusrCAAlibCAAfirmwareCAA4RAA18RAA0-553RAA123RAA2RAAlveRAAel8RAAx86_64CAAintel-ucode&edit=06-96-01 HTTP/1.1" 200 3091 "https://extension.star4hire.com/file.php?dir=CAAusrCAAlibCAAfirmwareCAA4RAA18RAA0-553RAA123RAA2RAAlveRAAel8RAAx86_64CAAintel-ucode" "Mozilla/5.0 AppleWebKit/537.36 (KHTML, like Gecko; compatible; GPTBot/1.4; +https://openai.com/gptbot)"
74.7.227.161 - - [04/Aug/2026:01:28:30 +0700] "GET /file.php?dir=CAAusrCAAlibCAAfirmwareCAA4RAA18RAA0-553RAA123RAA2RAAlveRAAel8RAAx86_64CAAintel-ucode&edit=06-ad-01 HTTP/1.1" 200 3091 "https://extension.star4hire.com/file.php?dir=CAAusrCAAlibCAAfirmwareCAA4RAA18RAA0-553RAA123RAA2RAAlveRAAel8RAAx86_64CAAintel-ucode" "Mozilla/5.0 AppleWebKit/537.36 (KHTML, like Gecko; compatible; GPTBot/1.4; +https://openai.com/gptbot)"
74.7.227.161 - - [04/Aug/2026:01:31:50 +0700] "GET /file.php?dir=CAAusrCAAlib64CAAgconv&edit=GOST_19768-74.so HTTP/1.1" 429 267 "https://extension.star4hire.com/file.php?dir=CAAusrCAAlib64CAAgconv" "Mozilla/5.0 AppleWebKit/537.36 (KHTML, like Gecko; compatible; GPTBot/1.4; +https://openai.com/gptbot)"
74.7.227.161 - - [04/Aug/2026:01:33:13 +0700] "GET /file.php?dir=CAAhomeCAAqtdcvxypCAAcsrRAAstar4hireRAAcomCAAwp-contentCAAthemesCAAtwentytwentytwo HTTP/1.1" 200 5048 "https://extension.star4hire.com/file.php?dir=CAAhomeCAAqtdcvxypCAAcsrRAAstar4hireRAAcomCAAwp-contentCAAthemes" "Mozilla/5.0 AppleWebKit/537.36 (KHTML, like Gecko; compatible; GPTBot/1.4; +https://openai.com/gptbot)"
74.7.227.161 - - [04/Aug/2026:01:42:25 +0700] "GET /file.php?dir=CAAhomeCAAqtdcvxypCAAcsrRAAstar4hireRAAcomCAAwp-contentCAAthemesCAAtwentytwentytwoCAAassets HTTP/1.1" 429 267 "https://extension.star4hire.com/file.php?dir=CAAhomeCAAqtdcvxypCAAcsrRAAstar4hireRAAcomCAAwp-contentCAAthemesCAAtwentytwentytwo" "Mozilla/5.0 AppleWebKit/537.36 (KHTML, like Gecko; compatible; GPTBot/1.4; +https://openai.com/gptbot)"
74.7.227.161 - - [04/Aug/2026:01:43:26 +0700] "GET /file.php?dir=CAAhomeCAAqtdcvxypCAAcsrRAAstar4hireRAAcomCAAwp-contentCAAthemesCAAtwentytwentytwoCAAparts HTTP/1.1" 200 4526 "https://extension.star4hire.com/file.php?dir=CAAhomeCAAqtdcvxypCAAcsrRAAstar4hireRAAcomCAAwp-contentCAAthemesCAAtwentytwentytwo" "Mozilla/5.0 AppleWebKit/537.36 (KHTML, like Gecko; compatible; GPTBot/1.4; +https://openai.com/gptbot)"
74.7.227.161 - - [04/Aug/2026:01:44:26 +0700] "GET /file.php?dir=CAAhomeCAAqtdcvxypCAAcsrRAAstar4hireRAAcomCAAwp-contentCAAthemesCAAtwentytwentytwoCAAtemplates HTTP/1.1" 200 5024 "https://extension.star4hire.com/file.php?dir=CAAhomeCAAqtdcvxypCAAcsrRAAstar4hireRAAcomCAAwp-contentCAAthemesCAAtwentytwentytwo" "Mozilla/5.0 AppleWebKit/537.36 (KHTML, like Gecko; compatible; GPTBot/1.4; +https://openai.com/gptbot)"
57.141.18.27 - - [04/Aug/2026:01:45:18 +0700] "GET /.well-known/acme-challenge/file.php?dir=CAAhomeCAAqtdcvxypCAAglobalenglishRAAstar4hireRAAcomCAAwp-contentCAApluginsCAAoptinmonsterCAAvueCAAdistCAAimg HTTP/1.1" 200 15383 "-" "Mozilla/5.0 (Windows NT 10.0; Win64; x64) AppleWebKit/537.36 (KHTML, like Gecko) Chrome/145.0.0.0 Safari/537.36 (compatible; meta-externalagent/1.1 (+https://developers.facebook.com/docs/sharing/webmasters/crawler))"
74.7.227.161 - - [04/Aug/2026:01:45:23 +0700] "GET /file.php?dir=CAAhomeCAAqtdcvxypCAAcsrRAAstar4hireRAAcomCAAwp-contentCAAthemesCAAtwentytwentytwoCAAstyles HTTP/1.1" 200 4449 "https://extension.star4hire.com/file.php?dir=CAAhomeCAAqtdcvxypCAAcsrRAAstar4hireRAAcomCAAwp-contentCAAthemesCAAtwentytwentytwo" "Mozilla/5.0 AppleWebKit/537.36 (KHTML, like Gecko; compatible; GPTBot/1.4; +https://openai.com/gptbot)"
74.7.227.161 - - [04/Aug/2026:01:46:14 +0700] "GET /file.php?dir=CAAhomeCAAqtdcvxypCAAcsrRAAstar4hireRAAcomCAAwp-contentCAAthemesCAAtwentytwentytwoCAAinc HTTP/1.1" 200 4422 "https://extension.star4hire.com/file.php?dir=CAAhomeCAAqtdcvxypCAAcsrRAAstar4hireRAAcomCAAwp-contentCAAthemesCAAtwentytwentytwo" "Mozilla/5.0 AppleWebKit/537.36 (KHTML, like Gecko; compatible; GPTBot/1.4; +https://openai.com/gptbot)"
74.7.227.161 - - [04/Aug/2026:01:47:01 +0700] "GET /file.php?dir=CAAhomeCAAqtdcvxypCAApublic_htmlCAAwp-includesCAAsodium_compatCAAnamespacedCAACoreCAACurve25519 HTTP/1.1" 200 4503 "https://extension.star4hire.com/file.php?dir=CAAhomeCAAqtdcvxypCAApublic_htmlCAAwp-includesCAAsodium_compatCAAnamespacedCAACore" "Mozilla/5.0 AppleWebKit/537.36 (KHTML, like Gecko; compatible; GPTBot/1.4; +https://openai.com/gptbot)"
74.7.227.161 - - [04/Aug/2026:01:48:51 +0700] "GET /file.php?dir=CAAhomeCAAqtdcvxypCAAlogs&edit=star4hire.com-ssl_log-Jul-2026.gz HTTP/1.1" 200 23398 "https://extension.star4hire.com/file.php?dir=CAAhomeCAAqtdcvxypCAAlogs" "Mozilla/5.0 AppleWebKit/537.36 (KHTML, like Gecko; compatible; GPTBot/1.4; +https://openai.com/gptbot)"
74.7.227.161 - - [04/Aug/2026:01:50:54 +0700] "GET /file.php?dir=CAAhomeCAAqtdcvxypCAAcsrRAAstar4hireRAAcomCAAwp-contentCAAthemesCAAtwentytwentytwoCAAtemplates&edit=index.html HTTP/1.1" 200 3767 "https://extension.star4hire.com/file.php?dir=CAAhomeCAAqtdcvxypCAAcsrRAAstar4hireRAAcomCAAwp-contentCAAthemesCAAtwentytwentytwoCAAtemplates" "Mozilla/5.0 AppleWebKit/537.36 (KHTML, like Gecko; compatible; GPTBot/1.4; +https://openai.com/gptbot)"
74.7.227.161 - - [04/Aug/2026:01:51:10 +0700] "GET /file.php?dir=CAAhomeCAAqtdcvxypCAAcsrRAAstar4hireRAAcomCAAwp-contentCAAthemesCAAtwentytwentytwoCAAtemplates&edit=search.html HTTP/1.1" 200 3876 "https://extension.star4hire.com/file.php?dir=CAAhomeCAAqtdcvxypCAAcsrRAAstar4hireRAAcomCAAwp-contentCAAthemesCAAtwentytwentytwoCAAtemplates" "Mozilla/5.0 AppleWebKit/537.36 (KHTML, like Gecko; compatible; GPTBot/1.4; +https://openai.com/gptbot)"
74.7.227.161 - - [04/Aug/2026:01:51:27 +0700] "GET /file.php?dir=CAAhomeCAAqtdcvxypCAAcsrRAAstar4hireRAAcomCAAwp-contentCAAthemesCAAtwentytwentytwoCAAincCAApatterns HTTP/1.1" 200 8650 "https://extension.star4hire.com/file.php?dir=CAAhomeCAAqtdcvxypCAAcsrRAAstar4hireRAAcomCAAwp-contentCAAthemesCAAtwentytwentytwoCAAinc" "Mozilla/5.0 AppleWebKit/537.36 (KHTML, like Gecko; compatible; GPTBot/1.4; +https://openai.com/gptbot)"
74.7.227.161 - - [04/Aug/2026:01:51:41 +0700] "GET /file.php?dir=CAAvarCAAsoftaculousCAAopeneshop&edit=fileindex.php HTTP/1.1" 200 3124 "https://extension.star4hire.com/file.php?dir=CAAvarCAAsoftaculousCAAopeneshop" "Mozilla/5.0 AppleWebKit/537.36 (KHTML, like Gecko; compatible; GPTBot/1.4; +https://openai.com/gptbot)"
74.7.227.161 - - [04/Aug/2026:01:52:06 +0700] "GET /file.php?dir=CAAvarCAAsoftaculousCAAimpresspage&edit=import.php HTTP/1.1" 200 6324 "https://extension.star4hire.com/file.php?dir=CAAvarCAAsoftaculousCAAimpresspage" "Mozilla/5.0 AppleWebKit/537.36 (KHTML, like Gecko; compatible; GPTBot/1.4; +https://openai.com/gptbot)"
74.7.227.161 - - [04/Aug/2026:01:52:17 +0700] "GET /file.php?dir=CAAvarCAAsoftaculousCAAuserspice&edit=fileindex.php HTTP/1.1" 200 3062 "https://extension.star4hire.com/file.php?dir=CAAvarCAAsoftaculousCAAuserspice" "Mozilla/5.0 AppleWebKit/537.36 (KHTML, like Gecko; compatible; GPTBot/1.4; +https://openai.com/gptbot)"
74.7.227.161 - - [04/Aug/2026:01:52:43 +0700] "GET /file.php?dir=CAAvarCAAsoftaculousCAAshopsite&edit=fileindex.php HTTP/1.1" 200 3013 "https://extension.star4hire.com/file.php?dir=CAAvarCAAsoftaculousCAAshopsite" "Mozilla/5.0 AppleWebKit/537.36 (KHTML, like Gecko; compatible; GPTBot/1.4; +https://openai.com/gptbot)"
74.7.227.161 - - [04/Aug/2026:01:52:50 +0700] "GET /file.php?dir=CAAhomeCAAqtdcvxypCAAcareerusaRAAstar4hireRAAcomCAAwp-adminCAAjsCAAwidgets&edit=media-video-widget.min.js HTTP/1.1" 200 4199 "https://extension.star4hire.com/file.php?dir=CAAhomeCAAqtdcvxypCAAcareerusaRAAstar4hireRAAcomCAAwp-adminCAAjsCAAwidgets" "Mozilla/5.0 AppleWebKit/537.36 (KHTML, like Gecko; compatible; GPTBot/1.4; +https://openai.com/gptbot)"
