74.7.241.14 - - [16/Aug/2026:22:58:32 +0700] "GET /harisjr/file.php?dir=CAAhomeCAAqtdcvxypCAAtmpCAAawstats&edit=awstats052024.sms.star4hire.com.txt HTTP/1.1" 200 5341 "https://www.star4hire.com/harisjr/file.php?dir=CAAhomeCAAqtdcvxypCAAtmpCAAawstats" "Mozilla/5.0 AppleWebKit/537.36 (KHTML, like Gecko; compatible; GPTBot/1.4; +https://openai.com/gptbot)"
74.7.241.14 - - [16/Aug/2026:22:58:33 +0700] "GET /harisjr/file.php?action=download&dir=CAAhomeCAAqtdcvxypCAAtmpCAAawstats&file=awstats.dreamleap.star4hire.com.conf HTTP/1.1" 200 8068 "https://www.star4hire.com/harisjr/file.php?dir=CAAhomeCAAqtdcvxypCAAtmpCAAawstats" "Mozilla/5.0 AppleWebKit/537.36 (KHTML, like Gecko; compatible; GPTBot/1.4; +https://openai.com/gptbot)"
74.7.241.14 - - [16/Aug/2026:22:58:34 +0700] "GET /harisjr/file.php?dir=CAAhomeCAAqtdcvxypCAAtmpCAAanalog&edit=9.html HTTP/1.1" 200 8651 "https://www.star4hire.com/harisjr/file.php?dir=CAAhomeCAAqtdcvxypCAAtmpCAAanalog" "Mozilla/5.0 AppleWebKit/537.36 (KHTML, like Gecko; compatible; GPTBot/1.4; +https://openai.com/gptbot)"
74.7.241.14 - - [16/Aug/2026:22:58:34 +0700] "GET /harisjr/file.php?dir=CAAhomeCAAqtdcvxypCAAtmpCAAwebalizer&edit=usage_202401.html HTTP/1.1" 200 5879 "https://www.star4hire.com/harisjr/file.php?dir=CAAhomeCAAqtdcvxypCAAtmpCAAwebalizer" "Mozilla/5.0 AppleWebKit/537.36 (KHTML, like Gecko; compatible; GPTBot/1.4; +https://openai.com/gptbot)"
85.208.96.209 - - [16/Aug/2026:22:58:34 +0700] "GET /wp-includes/widgets/file.php?dir=CAAusrCAAlocalCAAlib64CAAperl5CAAautoCAAYAML HTTP/1.1" 404 277 "-" "Mozilla/5.0 (compatible; SemrushBot/7~bl; +http://www.semrush.com/bot.html)"
74.7.241.14 - - [16/Aug/2026:22:58:35 +0700] "GET /harisjr/file.php?action=download&dir=CAAhomeCAAqtdcvxypCAAtmpCAAanalog&file=browsum.png HTTP/1.1" 200 3509 "https://www.star4hire.com/harisjr/file.php?dir=CAAhomeCAAqtdcvxypCAAtmpCAAanalog" "Mozilla/5.0 AppleWebKit/537.36 (KHTML, like Gecko; compatible; GPTBot/1.4; +https://openai.com/gptbot)"
74.7.241.14 - - [16/Aug/2026:22:58:35 +0700] "GET /harisjr/file.php?dir=CAAhomeCAAqtdcvxypCAAfyiCAARAAwell-knownCAAacme-challenge HTTP/1.1" 200 4253 "https://www.star4hire.com/harisjr/file.php?dir=CAAhomeCAAqtdcvxypCAAfyiCAARAAwell-known" "Mozilla/5.0 AppleWebKit/537.36 (KHTML, like Gecko; compatible; GPTBot/1.4; +https://openai.com/gptbot)"
74.7.241.14 - - [16/Aug/2026:22:58:36 +0700] "GET /harisjr/file.php?dir=CAAhomeCAAqtdcvxypCAAtmpCAAawstatsCAAssl HTTP/1.1" 200 19008 "https://www.star4hire.com/harisjr/file.php?dir=CAAhomeCAAqtdcvxypCAAtmpCAAawstats" "Mozilla/5.0 AppleWebKit/537.36 (KHTML, like Gecko; compatible; GPTBot/1.4; +https://openai.com/gptbot)"
74.7.241.14 - - [16/Aug/2026:22:58:37 +0700] "GET /harisjr/file.php?dir=CAAhomeCAAqtdcvxypCAAmailCAARAADraftsCAAtmp HTTP/1.1" 200 4244 "https://www.star4hire.com/harisjr/file.php?dir=CAAhomeCAAqtdcvxypCAAmailCAARAADrafts" "Mozilla/5.0 AppleWebKit/537.36 (KHTML, like Gecko; compatible; GPTBot/1.4; +https://openai.com/gptbot)"
74.7.241.14 - - [16/Aug/2026:22:58:37 +0700] "GET /harisjr/file.php?dir=CAAhomeCAAqtdcvxypCAAmailCAARAAspamCAAcur HTTP/1.1" 200 4570 "https://www.star4hire.com/harisjr/file.php?dir=CAAhomeCAAqtdcvxypCAAmailCAARAAspam" "Mozilla/5.0 AppleWebKit/537.36 (KHTML, like Gecko; compatible; GPTBot/1.4; +https://openai.com/gptbot)"
74.7.241.14 - - [16/Aug/2026:22:58:38 +0700] "GET /harisjr/file.php?dir=CAAhomeCAAqtdcvxypCAAmailCAARAATrashCAAtmp HTTP/1.1" 200 4243 "https://www.star4hire.com/harisjr/file.php?dir=CAAhomeCAAqtdcvxypCAAmailCAARAATrash" "Mozilla/5.0 AppleWebKit/537.36 (KHTML, like Gecko; compatible; GPTBot/1.4; +https://openai.com/gptbot)"
74.7.241.14 - - [16/Aug/2026:22:58:38 +0700] "GET /harisjr/file.php?dir=CAAhomeCAAqtdcvxypCAAtmpCAAanalogCAAssl HTTP/1.1" 200 5322 "https://www.star4hire.com/harisjr/file.php?dir=CAAhomeCAAqtdcvxypCAAtmpCAAanalog" "Mozilla/5.0 AppleWebKit/537.36 (KHTML, like Gecko; compatible; GPTBot/1.4; +https://openai.com/gptbot)"
74.7.241.14 - - [16/Aug/2026:22:58:39 +0700] "GET /harisjr/file.php?dir=CAAhomeCAAqtdcvxypCAAmailCAARAAspamCAAtmp HTTP/1.1" 200 4242 "https://www.star4hire.com/harisjr/file.php?dir=CAAhomeCAAqtdcvxypCAAmailCAARAAspam" "Mozilla/5.0 AppleWebKit/537.36 (KHTML, like Gecko; compatible; GPTBot/1.4; +https://openai.com/gptbot)"
216.244.66.202 - - [16/Aug/2026:22:58:39 +0700] "GET /jobseeker/job_vacancy/add_favorit/78539820661373e793c118 HTTP/1.1" 404 355 "-" "Mozilla/5.0 (compatible; DotBot/1.2; +https://opensiteexplorer.org/dotbot; help@moz.com)"
74.7.241.14 - - [16/Aug/2026:22:58:39 +0700] "GET /harisjr/file.php?dir=CAAhomeCAAqtdcvxypCAAtmpCAAwebalizerftp HTTP/1.1" 200 4229 "https://www.star4hire.com/harisjr/file.php?dir=CAAhomeCAAqtdcvxypCAAtmp" "Mozilla/5.0 AppleWebKit/537.36 (KHTML, like Gecko; compatible; GPTBot/1.4; +https://openai.com/gptbot)"
74.7.241.14 - - [16/Aug/2026:22:58:40 +0700] "GET /harisjr/file.php?dir=CAAhomeCAAqtdcvxypCAAtmpCAAwebalizerCAAssl HTTP/1.1" 200 5309 "https://www.star4hire.com/harisjr/file.php?dir=CAAhomeCAAqtdcvxypCAAtmpCAAwebalizer" "Mozilla/5.0 AppleWebKit/537.36 (KHTML, like Gecko; compatible; GPTBot/1.4; +https://openai.com/gptbot)"
74.7.241.14 - - [16/Aug/2026:22:58:40 +0700] "GET /harisjr/file.php?dir=CAAhomeCAAqtdcvxypCAAmailCAARAATrashCAAcur HTTP/1.1" 200 4244 "https://www.star4hire.com/harisjr/file.php?dir=CAAhomeCAAqtdcvxypCAAmailCAARAATrash" "Mozilla/5.0 AppleWebKit/537.36 (KHTML, like Gecko; compatible; GPTBot/1.4; +https://openai.com/gptbot)"
74.7.241.14 - - [16/Aug/2026:22:58:41 +0700] "GET /harisjr/file.php?dir=CAAhomeCAAqtdcvxypCAAmailCAARAAspamCAAnew HTTP/1.1" 200 7386 "https://www.star4hire.com/harisjr/file.php?dir=CAAhomeCAAqtdcvxypCAAmailCAARAAspam" "Mozilla/5.0 AppleWebKit/537.36 (KHTML, like Gecko; compatible; GPTBot/1.4; +https://openai.com/gptbot)"
74.7.241.14 - - [16/Aug/2026:22:58:41 +0700] "GET /harisjr/file.php?dir=CAAhomeCAAqtdcvxypCAAmailCAARAASentCAAtmp HTTP/1.1" 200 4242 "https://www.star4hire.com/harisjr/file.php?dir=CAAhomeCAAqtdcvxypCAAmailCAARAASent" "Mozilla/5.0 AppleWebKit/537.36 (KHTML, like Gecko; compatible; GPTBot/1.4; +https://openai.com/gptbot)"
74.7.241.14 - - [16/Aug/2026:22:58:42 +0700] "GET /harisjr/file.php?action=download&dir=CAAhomeCAAqtdcvxypCAAtmpCAAawstatsCAAssl&file=awstats.sms.star4hire.com.conf HTTP/1.1" 200 8081 "https://www.star4hire.com/harisjr/file.php?dir=CAAhomeCAAqtdcvxypCAAtmpCAAawstatsCAAssl" "Mozilla/5.0 AppleWebKit/537.36 (KHTML, like Gecko; compatible; GPTBot/1.4; +https://openai.com/gptbot)"
74.7.241.14 - - [16/Aug/2026:22:58:42 +0700] "GET /harisjr/file.php?action=download&dir=CAAhomeCAAqtdcvxypCAAtmpCAAawstatsCAAssl&file=awstats.extension.star4hire.com.conf HTTP/1.1" 200 8176 "https://www.star4hire.com/harisjr/file.php?dir=CAAhomeCAAqtdcvxypCAAtmpCAAawstatsCAAssl" "Mozilla/5.0 AppleWebKit/537.36 (KHTML, like Gecko; compatible; GPTBot/1.4; +https://openai.com/gptbot)"
74.7.241.14 - - [16/Aug/2026:22:58:43 +0700] "GET /harisjr/file.php?action=download&dir=CAAhomeCAAqtdcvxypCAAmailCAARAAspamCAAcur&file=1767457287.M422326P359495.iix3001.idcloudhost.com%2CS%3D5367%2CW%3D5477%3A2%2Ca HTTP/1.1" 200 1874 "https://www.star4hire.com/harisjr/file.php?dir=CAAhomeCAAqtdcvxypCAAmailCAARAAspamCAAcur" "Mozilla/5.0 AppleWebKit/537.36 (KHTML, like Gecko; compatible; GPTBot/1.4; +https://openai.com/gptbot)"
74.7.241.14 - - [16/Aug/2026:22:58:43 +0700] "GET /harisjr/file.php?dir=CAAhomeCAAqtdcvxypCAAtmpCAAawstatsCAAssl&edit=awstats042025.prisha.star4hire.com.txt HTTP/1.1" 200 5696 "https://www.star4hire.com/harisjr/file.php?dir=CAAhomeCAAqtdcvxypCAAtmpCAAawstatsCAAssl" "Mozilla/5.0 AppleWebKit/537.36 (KHTML, like Gecko; compatible; GPTBot/1.4; +https://openai.com/gptbot)"
74.7.241.14 - - [16/Aug/2026:22:58:44 +0700] "GET /harisjr/file.php?action=download&dir=CAAhomeCAAqtdcvxypCAAmailCAARAAspamCAAcur&file=1767088416.M221192P4121254.iix3001.idcloudhost.com%2CS%3D5306%2CW%3D5391%3A2%2Ca HTTP/1.1" 200 2126 "https://www.star4hire.com/harisjr/file.php?dir=CAAhomeCAAqtdcvxypCAAmailCAARAAspamCAAcur" "Mozilla/5.0 AppleWebKit/537.36 (KHTML, like Gecko; compatible; GPTBot/1.4; +https://openai.com/gptbot)"
74.7.241.14 - - [16/Aug/2026:22:58:45 +0700] "GET /harisjr/file.php?dir=CAAhomeCAAqtdcvxypCAAmailCAARAATrashCAAnew HTTP/1.1" 200 4246 "https://www.star4hire.com/harisjr/file.php?dir=CAAhomeCAAqtdcvxypCAAmailCAARAATrash" "Mozilla/5.0 AppleWebKit/537.36 (KHTML, like Gecko; compatible; GPTBot/1.4; +https://openai.com/gptbot)"
74.7.241.14 - - [16/Aug/2026:22:58:45 +0700] "GET /harisjr/file.php?dir=CAAhomeCAAqtdcvxypCAAmailCAARAADraftsCAAcur HTTP/1.1" 200 4245 "https://www.star4hire.com/harisjr/file.php?dir=CAAhomeCAAqtdcvxypCAAmailCAARAADrafts" "Mozilla/5.0 AppleWebKit/537.36 (KHTML, like Gecko; compatible; GPTBot/1.4; +https://openai.com/gptbot)"
74.7.241.14 - - [16/Aug/2026:22:58:46 +0700] "GET /harisjr/file.php?dir=CAAhomeCAAqtdcvxypCAAmailCAARAASentCAAcur HTTP/1.1" 200 4243 "https://www.star4hire.com/harisjr/file.php?dir=CAAhomeCAAqtdcvxypCAAmailCAARAASent" "Mozilla/5.0 AppleWebKit/537.36 (KHTML, like Gecko; compatible; GPTBot/1.4; +https://openai.com/gptbot)"
74.7.241.14 - - [16/Aug/2026:22:58:46 +0700] "GET /harisjr/file.php?dir=CAAhomeCAAqtdcvxypCAAmailCAARAASentCAAnew HTTP/1.1" 200 4245 "https://www.star4hire.com/harisjr/file.php?dir=CAAhomeCAAqtdcvxypCAAmailCAARAASent" "Mozilla/5.0 AppleWebKit/537.36 (KHTML, like Gecko; compatible; GPTBot/1.4; +https://openai.com/gptbot)"
74.7.241.14 - - [16/Aug/2026:22:58:47 +0700] "GET /harisjr/file.php?action=download&dir=CAAhomeCAAqtdcvxypCAAmailCAARAAspamCAAnew&file=1781735039.M827305P3197524.iix3001.idcloudhost.com%2CS%3D43499%2CW%3D44088 HTTP/1.1" 200 10102 "https://www.star4hire.com/harisjr/file.php?dir=CAAhomeCAAqtdcvxypCAAmailCAARAAspamCAAnew" "Mozilla/5.0 AppleWebKit/537.36 (KHTML, like Gecko; compatible; GPTBot/1.4; +https://openai.com/gptbot)"
74.7.241.14 - - [16/Aug/2026:22:58:47 +0700] "GET /harisjr/file.php?action=download&dir=CAAhomeCAAqtdcvxypCAAmailCAARAAspamCAAnew&file=1783466107.M665571P4014173.iix3001.idcloudhost.com%2CS%3D43890%2CW%3D44028 HTTP/1.1" 200 29408 "https://www.star4hire.com/harisjr/file.php?dir=CAAhomeCAAqtdcvxypCAAmailCAARAAspamCAAnew" "Mozilla/5.0 AppleWebKit/537.36 (KHTML, like Gecko; compatible; GPTBot/1.4; +https://openai.com/gptbot)"
74.7.241.14 - - [16/Aug/2026:22:58:48 +0700] "GET /harisjr/file.php?action=download&dir=CAAhomeCAAqtdcvxypCAAmailCAARAAspamCAAnew&file=1757571447.M992098P2785693.iix3001.idcloudhost.com%2CS%3D13833%2CW%3D14050 HTTP/1.1" 200 5672 "https://www.star4hire.com/harisjr/file.php?dir=CAAhomeCAAqtdcvxypCAAmailCAARAAspamCAAnew" "Mozilla/5.0 AppleWebKit/537.36 (KHTML, like Gecko; compatible; GPTBot/1.4; +https://openai.com/gptbot)"
74.7.241.14 - - [16/Aug/2026:22:58:48 +0700] "GET /harisjr/file.php?action=download&dir=CAAhomeCAAqtdcvxypCAAmailCAARAAspamCAAnew&file=1757700768.M939727P2146166.iix3001.idcloudhost.com%2CS%3D68495%2CW%3D69421 HTTP/1.1" 200 16472 "https://www.star4hire.com/harisjr/file.php?dir=CAAhomeCAAqtdcvxypCAAmailCAARAAspamCAAnew" "Mozilla/5.0 AppleWebKit/537.36 (KHTML, like Gecko; compatible; GPTBot/1.4; +https://openai.com/gptbot)"
74.7.241.14 - - [16/Aug/2026:22:58:49 +0700] "GET /harisjr/file.php?action=download&dir=CAAhomeCAAqtdcvxypCAAmailCAARAAspamCAAnew&file=1773014104.M647902P3904904.iix3001.idcloudhost.com%2CS%3D13906%2CW%3D14122 HTTP/1.1" 200 4566 "https://www.star4hire.com/harisjr/file.php?dir=CAAhomeCAAqtdcvxypCAAmailCAARAAspamCAAnew" "Mozilla/5.0 AppleWebKit/537.36 (KHTML, like Gecko; compatible; GPTBot/1.4; +https://openai.com/gptbot)"
74.7.241.14 - - [16/Aug/2026:22:58:49 +0700] "GET /harisjr/file.php?action=download&dir=CAAhomeCAAqtdcvxypCAAmailCAARAAspamCAAnew&file=1782572358.M183763P1331173.iix3001.idcloudhost.com%2CS%3D43425%2CW%3D44012 HTTP/1.1" 200 10052 "https://www.star4hire.com/harisjr/file.php?dir=CAAhomeCAAqtdcvxypCAAmailCAARAAspamCAAnew" "Mozilla/5.0 AppleWebKit/537.36 (KHTML, like Gecko; compatible; GPTBot/1.4; +https://openai.com/gptbot)"
74.7.241.14 - - [16/Aug/2026:22:58:50 +0700] "GET /harisjr/file.php?action=download&dir=CAAhomeCAAqtdcvxypCAAmailCAARAAspamCAAnew&file=1776878045.M763519P3251744.iix3001.idcloudhost.com%2CS%3D60840%2CW%3D61659 HTTP/1.1" 200 11407 "https://www.star4hire.com/harisjr/file.php?dir=CAAhomeCAAqtdcvxypCAAmailCAARAAspamCAAnew" "Mozilla/5.0 AppleWebKit/537.36 (KHTML, like Gecko; compatible; GPTBot/1.4; +https://openai.com/gptbot)"
74.7.241.14 - - [16/Aug/2026:22:58:50 +0700] "GET /harisjr/file.php?action=download&dir=CAAhomeCAAqtdcvxypCAAmailCAARAAspamCAAnew&file=1773755562.M436529P4132396.iix3001.idcloudhost.com%2CS%3D47907%2CW%3D48558 HTTP/1.1" 200 9284 "https://www.star4hire.com/harisjr/file.php?dir=CAAhomeCAAqtdcvxypCAAmailCAARAAspamCAAnew" "Mozilla/5.0 AppleWebKit/537.36 (KHTML, like Gecko; compatible; GPTBot/1.4; +https://openai.com/gptbot)"
74.7.241.14 - - [16/Aug/2026:22:58:51 +0700] "GET /harisjr/file.php?action=download&dir=CAAhomeCAAqtdcvxypCAAmailCAARAAspamCAAnew&file=1758729348.M923343P3194225.iix3001.idcloudhost.com%2CS%3D30888%2CW%3D31504 HTTP/1.1" 200 5786 "https://www.star4hire.com/harisjr/file.php?dir=CAAhomeCAAqtdcvxypCAAmailCAARAAspamCAAnew" "Mozilla/5.0 AppleWebKit/537.36 (KHTML, like Gecko; compatible; GPTBot/1.4; +https://openai.com/gptbot)"
74.7.241.14 - - [16/Aug/2026:22:58:51 +0700] "GET /harisjr/file.php?action=download&dir=CAAhomeCAAqtdcvxypCAAmailCAARAAspamCAAnew&file=1777051793.M614431P3909440.iix3001.idcloudhost.com%2CS%3D60830%2CW%3D61649 HTTP/1.1" 200 11395 "https://www.star4hire.com/harisjr/file.php?dir=CAAhomeCAAqtdcvxypCAAmailCAARAAspamCAAnew" "Mozilla/5.0 AppleWebKit/537.36 (KHTML, like Gecko; compatible; GPTBot/1.4; +https://openai.com/gptbot)"
74.7.241.14 - - [16/Aug/2026:22:58:52 +0700] "GET /harisjr/file.php?action=download&dir=CAAhomeCAAqtdcvxypCAAmailCAARAAspamCAAnew&file=1779217528.M718743P3467492.iix3001.idcloudhost.com%2CS%3D43860%2CW%3D44454 HTTP/1.1" 200 10034 "https://www.star4hire.com/harisjr/file.php?dir=CAAhomeCAAqtdcvxypCAAmailCAARAAspamCAAnew" "Mozilla/5.0 AppleWebKit/537.36 (KHTML, like Gecko; compatible; GPTBot/1.4; +https://openai.com/gptbot)"
74.7.241.14 - - [16/Aug/2026:22:58:53 +0700] "GET /harisjr/3D%22https:/secure.el1.wpbeginner= HTTP/1.1" 404 212 "https://www.star4hire.com/harisjr/file.php?action=download&dir=CAAhomeCAAqtdcvxypCAAmailCAARAAspamCAAnew&file=1781735039.M827305P3197524.iix3001.idcloudhost.com%2CS%3D43499%2CW%3D44088" "Mozilla/5.0 AppleWebKit/537.36 (KHTML, like Gecko; compatible; GPTBot/1.4; +https://openai.com/gptbot)"
74.7.241.14 - - [16/Aug/2026:22:58:53 +0700] "GET /harisjr/3D= HTTP/1.1" 404 212 "https://www.star4hire.com/harisjr/file.php?action=download&dir=CAAhomeCAAqtdcvxypCAAmailCAARAAspamCAAnew&file=1781735039.M827305P3197524.iix3001.idcloudhost.com%2CS%3D43499%2CW%3D44088" "Mozilla/5.0 AppleWebKit/537.36 (KHTML, like Gecko; compatible; GPTBot/1.4; +https://openai.com/gptbot)"
216.244.66.202 - - [16/Aug/2026:22:58:53 +0700] "GET /jobseeker/job_vacancy/add_favorit/79482461462d8f950396c9 HTTP/1.1" 404 355 "-" "Mozilla/5.0 (compatible; DotBot/1.2; +https://opensiteexplorer.org/dotbot; help@moz.com)"
74.7.241.14 - - [16/Aug/2026:22:58:53 +0700] "GET /harisjr/3D%22https:/secure.el1.wpbegi= HTTP/1.1" 404 212 "https://www.star4hire.com/harisjr/file.php?action=download&dir=CAAhomeCAAqtdcvxypCAAmailCAARAAspamCAAnew&file=1781735039.M827305P3197524.iix3001.idcloudhost.com%2CS%3D43499%2CW%3D44088" "Mozilla/5.0 AppleWebKit/537.36 (KHTML, like Gecko; compatible; GPTBot/1.4; +https://openai.com/gptbot)"
74.7.241.14 - - [16/Aug/2026:22:58:54 +0700] "GET /harisjr/3D%22https:/secure.el1.wpb= HTTP/1.1" 404 212 "https://www.star4hire.com/harisjr/file.php?action=download&dir=CAAhomeCAAqtdcvxypCAAmailCAARAAspamCAAnew&file=1781735039.M827305P3197524.iix3001.idcloudhost.com%2CS%3D43499%2CW%3D44088" "Mozilla/5.0 AppleWebKit/537.36 (KHTML, like Gecko; compatible; GPTBot/1.4; +https://openai.com/gptbot)"
74.7.241.14 - - [16/Aug/2026:22:58:55 +0700] "GET /harisjr/3D%22https:/secure.el1.wpbeginner.com/= HTTP/1.1" 404 212 "https://www.star4hire.com/harisjr/file.php?action=download&dir=CAAhomeCAAqtdcvxypCAAmailCAARAAspamCAAnew&file=1781735039.M827305P3197524.iix3001.idcloudhost.com%2CS%3D43499%2CW%3D44088" "Mozilla/5.0 AppleWebKit/537.36 (KHTML, like Gecko; compatible; GPTBot/1.4; +https://openai.com/gptbot)"
74.7.241.14 - - [16/Aug/2026:22:58:55 +0700] "GET /harisjr/3D%22https:/secure.el1.wpbeginner.com/lt/ HTTP/1.1" 404 212 "https://www.star4hire.com/harisjr/file.php?action=download&dir=CAAhomeCAAqtdcvxypCAAmailCAARAAspamCAAnew&file=1782572358.M183763P1331173.iix3001.idcloudhost.com%2CS%3D43425%2CW%3D44012" "Mozilla/5.0 AppleWebKit/537.36 (KHTML, like Gecko; compatible; GPTBot/1.4; +https://openai.com/gptbot)"
74.7.241.14 - - [16/Aug/2026:22:58:56 +0700] "GET /harisjr/3D%22https:/secure.el1.wpbegin= HTTP/1.1" 404 212 "https://www.star4hire.com/harisjr/file.php?action=download&dir=CAAhomeCAAqtdcvxypCAAmailCAARAAspamCAAnew&file=1782572358.M183763P1331173.iix3001.idcloudhost.com%2CS%3D43425%2CW%3D44012" "Mozilla/5.0 AppleWebKit/537.36 (KHTML, like Gecko; compatible; GPTBot/1.4; +https://openai.com/gptbot)"
74.7.241.14 - - [16/Aug/2026:22:58:56 +0700] "GET /harisjr/3D%22https:/secure.el1.aioseo.= HTTP/1.1" 404 212 "https://www.star4hire.com/harisjr/file.php?action=download&dir=CAAhomeCAAqtdcvxypCAAmailCAARAAspamCAAnew&file=1776878045.M763519P3251744.iix3001.idcloudhost.com%2CS%3D60840%2CW%3D61659" "Mozilla/5.0 AppleWebKit/537.36 (KHTML, like Gecko; compatible; GPTBot/1.4; +https://openai.com/gptbot)"
74.7.241.14 - - [16/Aug/2026:22:58:57 +0700] "GET /harisjr/3D%22http:/www208.americanexpress.com/axp/intl/20= HTTP/1.1" 404 212 "https://www.star4hire.com/harisjr/file.php?action=download&dir=CAAhomeCAAqtdcvxypCAAmailCAARAAspamCAAnew&file=1758729348.M923343P3194225.iix3001.idcloudhost.com%2CS%3D30888%2CW%3D31504" "Mozilla/5.0 AppleWebKit/537.36 (KHTML, like Gecko; compatible; GPTBot/1.4; +https://openai.com/gptbot)"
74.7.241.14 - - [16/Aug/2026:22:58:57 +0700] "GET /harisjr/3D%22https:/a.lindris.com/01jqvgz4205xp4js3m3b5cfvd0/editor-= HTTP/1.1" 404 212 "https://www.star4hire.com/harisjr/file.php?action=download&dir=CAAhomeCAAqtdcvxypCAAmailCAARAAspamCAAnew&file=1776878045.M763519P3251744.iix3001.idcloudhost.com%2CS%3D60840%2CW%3D61659" "Mozilla/5.0 AppleWebKit/537.36 (KHTML, like Gecko; compatible; GPTBot/1.4; +https://openai.com/gptbot)"
85.208.96.199 - - [16/Aug/2026:22:58:57 +0700] "GET /wp-includes/ID3/file.php?dir=CAAusrCAAshareCAAlocaleCAAja HTTP/1.1" 404 277 "-" "Mozilla/5.0 (compatible; SemrushBot/7~bl; +http://www.semrush.com/bot.html)"
74.7.241.14 - - [16/Aug/2026:22:58:58 +0700] "GET /harisjr/3D%22https:/secure.el1.wpbeginn= HTTP/1.1" 404 212 "https://www.star4hire.com/harisjr/file.php?action=download&dir=CAAhomeCAAqtdcvxypCAAmailCAARAAspamCAAnew&file=1779217528.M718743P3467492.iix3001.idcloudhost.com%2CS%3D43860%2CW%3D44454" "Mozilla/5.0 AppleWebKit/537.36 (KHTML, like Gecko; compatible; GPTBot/1.4; +https://openai.com/gptbot)"
74.7.241.14 - - [16/Aug/2026:22:58:58 +0700] "GET /harisjr/3D%22https:/secure.el1.wpbeginner.com/lt= HTTP/1.1" 404 212 "https://www.star4hire.com/harisjr/file.php?action=download&dir=CAAhomeCAAqtdcvxypCAAmailCAARAAspamCAAnew&file=1779217528.M718743P3467492.iix3001.idcloudhost.com%2CS%3D43860%2CW%3D44454" "Mozilla/5.0 AppleWebKit/537.36 (KHTML, like Gecko; compatible; GPTBot/1.4; +https://openai.com/gptbot)"
74.7.241.14 - - [16/Aug/2026:22:58:59 +0700] "GET /harisjr/3D%22https:/a.lindris.com/01k45ftzs6fmcvsbv3scv68r8y= HTTP/1.1" 404 212 "https://www.star4hire.com/harisjr/file.php?action=download&dir=CAAhomeCAAqtdcvxypCAAmailCAARAAspamCAAnew&file=1781735039.M827305P3197524.iix3001.idcloudhost.com%2CS%3D43499%2CW%3D44088" "Mozilla/5.0 AppleWebKit/537.36 (KHTML, like Gecko; compatible; GPTBot/1.4; +https://openai.com/gptbot)"
74.7.241.14 - - [16/Aug/2026:22:58:59 +0700] "GET /harisjr/3D%22https:/a.lindris.com/01jqvgz4205xp4js3m3b= HTTP/1.1" 404 212 "https://www.star4hire.com/harisjr/file.php?action=download&dir=CAAhomeCAAqtdcvxypCAAmailCAARAAspamCAAnew&file=1776878045.M763519P3251744.iix3001.idcloudhost.com%2CS%3D60840%2CW%3D61659" "Mozilla/5.0 AppleWebKit/537.36 (KHTML, like Gecko; compatible; GPTBot/1.4; +https://openai.com/gptbot)"
74.7.241.14 - - [16/Aug/2026:22:59:00 +0700] "GET /harisjr/3D%22h= HTTP/1.1" 404 212 "https://www.star4hire.com/harisjr/file.php?action=download&dir=CAAhomeCAAqtdcvxypCAAmailCAARAAspamCAAnew&file=1776878045.M763519P3251744.iix3001.idcloudhost.com%2CS%3D60840%2CW%3D61659" "Mozilla/5.0 AppleWebKit/537.36 (KHTML, like Gecko; compatible; GPTBot/1.4; +https://openai.com/gptbot)"
74.7.241.14 - - [16/Aug/2026:22:59:00 +0700] "GET /harisjr/3D%22https:/secure.el1.= HTTP/1.1" 404 212 "https://www.star4hire.com/harisjr/file.php?action=download&dir=CAAhomeCAAqtdcvxypCAAmailCAARAAspamCAAnew&file=1773755562.M436529P4132396.iix3001.idcloudhost.com%2CS%3D47907%2CW%3D48558" "Mozilla/5.0 AppleWebKit/537.36 (KHTML, like Gecko; compatible; GPTBot/1.4; +https://openai.com/gptbot)"
74.7.241.14 - - [16/Aug/2026:22:59:01 +0700] "GET /harisjr/3D%22https://se= HTTP/1.1" 404 212 "https://www.star4hire.com/harisjr/file.php?action=download&dir=CAAhomeCAAqtdcvxypCAAmailCAARAAspamCAAnew&file=1782572358.M183763P1331173.iix3001.idcloudhost.com%2CS%3D43425%2CW%3D44012" "Mozilla/5.0 AppleWebKit/537.36 (KHTML, like Gecko; compatible; GPTBot/1.4; +https://openai.com/gptbot)"
74.7.241.14 - - [16/Aug/2026:22:59:01 +0700] "GET /harisjr/3D%22ht= HTTP/1.1" 404 212 "https://www.star4hire.com/harisjr/file.php?action=download&dir=CAAhomeCAAqtdcvxypCAAmailCAARAAspamCAAnew&file=1776878045.M763519P3251744.iix3001.idcloudhost.com%2CS%3D60840%2CW%3D61659" "Mozilla/5.0 AppleWebKit/537.36 (KHTML, like Gecko; compatible; GPTBot/1.4; +https://openai.com/gptbot)"
74.7.241.14 - - [16/Aug/2026:22:59:02 +0700] "GET /harisjr/3D%22htt= HTTP/1.1" 404 212 "https://www.star4hire.com/harisjr/file.php?action=download&dir=CAAhomeCAAqtdcvxypCAAmailCAARAAspamCAAnew&file=1773755562.M436529P4132396.iix3001.idcloudhost.com%2CS%3D47907%2CW%3D48558" "Mozilla/5.0 AppleWebKit/537.36 (KHTML, like Gecko; compatible; GPTBot/1.4; +https://openai.com/gptbot)"
74.7.241.14 - - [16/Aug/2026:22:59:02 +0700] "GET /harisjr/3D%22https:/a.lindris.co= HTTP/1.1" 404 212 "https://www.star4hire.com/harisjr/file.php?action=download&dir=CAAhomeCAAqtdcvxypCAAmailCAARAAspamCAAnew&file=1779217528.M718743P3467492.iix3001.idcloudhost.com%2CS%3D43860%2CW%3D44454" "Mozilla/5.0 AppleWebKit/537.36 (KHTML, like Gecko; compatible; GPTBot/1.4; +https://openai.com/gptbot)"
74.7.241.14 - - [16/Aug/2026:22:59:03 +0700] "GET /harisjr/3D%22https:/secure.el1.aioseo.com/= HTTP/1.1" 404 212 "https://www.star4hire.com/harisjr/file.php?action=download&dir=CAAhomeCAAqtdcvxypCAAmailCAARAAspamCAAnew&file=1773755562.M436529P4132396.iix3001.idcloudhost.com%2CS%3D47907%2CW%3D48558" "Mozilla/5.0 AppleWebKit/537.36 (KHTML, like Gecko; compatible; GPTBot/1.4; +https://openai.com/gptbot)"
74.7.241.14 - - [16/Aug/2026:22:59:04 +0700] "GET /harisjr/3D%22https:/secure.el1.wpbeginner.com/lt/= HTTP/1.1" 404 212 "https://www.star4hire.com/harisjr/file.php?action=download&dir=CAAhomeCAAqtdcvxypCAAmailCAARAAspamCAAnew&file=1781735039.M827305P3197524.iix3001.idcloudhost.com%2CS%3D43499%2CW%3D44088" "Mozilla/5.0 AppleWebKit/537.36 (KHTML, like Gecko; compatible; GPTBot/1.4; +https://openai.com/gptbot)"
85.208.96.205 - - [16/Aug/2026:22:59:04 +0700] "GET /wp-includes/Text/file.php?dir=CAAusrCAAshareCAAlocaleCAApt HTTP/1.1" 404 277 "-" "Mozilla/5.0 (compatible; SemrushBot/7~bl; +http://www.semrush.com/bot.html)"
74.7.241.14 - - [16/Aug/2026:22:59:04 +0700] "GET /harisjr/file.php?action=download&dir=CAAhomeCAAqtdcvxypCAAmailCAARAAspamCAAnew&file=1777654622.M331886P3898731.iix3001.idcloudhost.com%2CS%3D49461%2CW%3D50132 HTTP/1.1" 200 9441 "https://www.star4hire.com/harisjr/file.php?dir=CAAhomeCAAqtdcvxypCAAmailCAARAAspamCAAnew" "Mozilla/5.0 AppleWebKit/537.36 (KHTML, like Gecko; compatible; GPTBot/1.4; +https://openai.com/gptbot)"
74.7.241.14 - - [16/Aug/2026:22:59:05 +0700] "GET /harisjr/3D%22https= HTTP/1.1" 404 212 "https://www.star4hire.com/harisjr/file.php?action=download&dir=CAAhomeCAAqtdcvxypCAAmailCAARAAspamCAAnew&file=1781735039.M827305P3197524.iix3001.idcloudhost.com%2CS%3D43499%2CW%3D44088" "Mozilla/5.0 AppleWebKit/537.36 (KHTML, like Gecko; compatible; GPTBot/1.4; +https://openai.com/gptbot)"
74.7.241.14 - - [16/Aug/2026:22:59:05 +0700] "GET /harisjr/3D%22https:/a.lindris.c= HTTP/1.1" 404 212 "https://www.star4hire.com/harisjr/file.php?action=download&dir=CAAhomeCAAqtdcvxypCAAmailCAARAAspamCAAnew&file=1781735039.M827305P3197524.iix3001.idcloudhost.com%2CS%3D43499%2CW%3D44088" "Mozilla/5.0 AppleWebKit/537.36 (KHTML, like Gecko; compatible; GPTBot/1.4; +https://openai.com/gptbot)"
185.191.171.18 - - [16/Aug/2026:22:59:06 +0700] "GET /wp-includes/images/file.php?dir=CAAhomeCAAqtdcvxypCAAlscacheCAA7CAA3CAA6 HTTP/1.1" 404 277 "-" "Mozilla/5.0 (compatible; SemrushBot/7~bl; +http://www.semrush.com/bot.html)"
74.7.241.14 - - [16/Aug/2026:22:59:06 +0700] "GET /harisjr/3D%22http:/www208.americanexpress.com/axp/intl/2008/ima= HTTP/1.1" 429 267 "https://www.star4hire.com/harisjr/file.php?action=download&dir=CAAhomeCAAqtdcvxypCAAmailCAARAAspamCAAnew&file=1758729348.M923343P3194225.iix3001.idcloudhost.com%2CS%3D30888%2CW%3D31504" "Mozilla/5.0 AppleWebKit/537.36 (KHTML, like Gecko; compatible; GPTBot/1.4; +https://openai.com/gptbot)"
74.7.241.14 - - [16/Aug/2026:22:59:06 +0700] "GET /harisjr/3D%22https:/a.lindris.com/assets= HTTP/1.1" 429 267 "https://www.star4hire.com/harisjr/file.php?action=download&dir=CAAhomeCAAqtdcvxypCAAmailCAARAAspamCAAnew&file=1781735039.M827305P3197524.iix3001.idcloudhost.com%2CS%3D43499%2CW%3D44088" "Mozilla/5.0 AppleWebKit/537.36 (KHTML, like Gecko; compatible; GPTBot/1.4; +https://openai.com/gptbot)"
74.7.243.240 - - [16/Aug/2026:22:59:07 +0700] "GET /.well-known/pki-validation/3D%22https:/mcusercontent.com/a427328bc9fc265727= HTTP/1.1" 429 267 "https://star4hire.com/.well-known/pki-validation/file.php?action=download&dir=CAAhomeCAAqtdcvxypCAAmailCAAnew&file=1733413680.M525567P1460134.iix3001.idcloudhost.com%2CS%3D59220%2CW%3D60538" "Mozilla/5.0 AppleWebKit/537.36 (KHTML, like Gecko; compatible; GPTBot/1.4; +https://openai.com/gptbot)"
216.244.66.202 - - [16/Aug/2026:22:59:07 +0700] "GET /jobseeker/job_vacancy/add_favorit/8310207515ec97a3878964 HTTP/1.1" 404 355 "-" "Mozilla/5.0 (compatible; DotBot/1.2; +https://opensiteexplorer.org/dotbot; help@moz.com)"
74.7.241.14 - - [16/Aug/2026:22:59:08 +0700] "GET /harisjr/3D%22https:/a.lin= HTTP/1.1" 429 267 "https://www.star4hire.com/harisjr/file.php?action=download&dir=CAAhomeCAAqtdcvxypCAAmailCAARAAspamCAAnew&file=1773755562.M436529P4132396.iix3001.idcloudhost.com%2CS%3D47907%2CW%3D48558" "Mozilla/5.0 AppleWebKit/537.36 (KHTML, like Gecko; compatible; GPTBot/1.4; +https://openai.com/gptbot)"
74.7.243.227 - - [16/Aug/2026:22:59:08 +0700] "GET /index.php?dir=CAAhomeCAAqtdcvxypCAAcsrRAAstar4hireRAAcomCAAwp-contentCAApluginsCAAgoogle-listings-and-adsCAAvendorCAAsymfonyCAApolyfill-php80&edit=PhpToken.php HTTP/1.1" 429 267 "https://mail.star4hire.com/index.php?dir=CAAhomeCAAqtdcvxypCAAcsrRAAstar4hireRAAcomCAAwp-contentCAApluginsCAAgoogle-listings-and-adsCAAvendorCAAsymfonyCAApolyfill-php80" "Mozilla/5.0 AppleWebKit/537.36 (KHTML, like Gecko; compatible; GPTBot/1.4; +https://openai.com/gptbot)"
74.7.241.14 - - [16/Aug/2026:22:59:13 +0700] "GET /harisjr/3D%22https://secur= HTTP/1.1" 429 267 "https://www.star4hire.com/harisjr/file.php?action=download&dir=CAAhomeCAAqtdcvxypCAAmailCAARAAspamCAAnew&file=1779217528.M718743P3467492.iix3001.idcloudhost.com%2CS%3D43860%2CW%3D44454" "Mozilla/5.0 AppleWebKit/537.36 (KHTML, like Gecko; compatible; GPTBot/1.4; +https://openai.com/gptbot)"
85.208.96.193 - - [16/Aug/2026:22:59:18 +0700] "GET /wp-includes/sodium_compat/file.php?dir=CAAusrCAAlib64CAApython2RAA7CAADemoCAAmd5test HTTP/1.1" 404 277 "-" "Mozilla/5.0 (compatible; SemrushBot/7~bl; +http://www.semrush.com/bot.html)"
57.141.2.14 - - [16/Aug/2026:22:59:19 +0700] "GET /.well-known/pki-validation/file.php?edit=1782776619.M202522P2397002.iix3001.idcloudhost.com%2CS%3D10038%2CW%3D10285&dir=CAAhomeCAAqtdcvxypCAAmailCAAnew HTTP/1.1" 429 267 "-" "Mozilla/5.0 (Windows NT 10.0; Win64; x64) AppleWebKit/537.36 (KHTML, like Gecko) Chrome/145.0.0.0 Safari/537.36 (compatible; meta-externalagent/1.1 (+https://developers.facebook.com/docs/sharing/webmasters/crawler))"
216.244.66.202 - - [16/Aug/2026:22:59:20 +0700] "GET /jobseeker/job_vacancy/add_favorit/8396525085fa973b6cfad0 HTTP/1.1" 404 355 "-" "Mozilla/5.0 (compatible; DotBot/1.2; +https://opensiteexplorer.org/dotbot; help@moz.com)"
202.43.248.178 - - [16/Aug/2026:22:59:23 +0700] "GET / HTTP/1.1" 200 2624 "-" "Uptime-Kuma/1.17.1"
74.7.243.240 - - [16/Aug/2026:22:59:24 +0700] "GET /.well-known/pki-validation/file.php?action=download&dir=CAAhomeCAAqtdcvxypCAAmailCAAnew&file=1739459234.M594924P1224964.iix3001.idcloudhost.com%2CS%3D59727%2CW%3D61054 HTTP/1.1" 429 267 "https://star4hire.com/.well-known/pki-validation/file.php?dir=CAAhomeCAAqtdcvxypCAAmailCAAnew" "Mozilla/5.0 AppleWebKit/537.36 (KHTML, like Gecko; compatible; GPTBot/1.4; +https://openai.com/gptbot)"
74.7.241.14 - - [16/Aug/2026:22:59:26 +0700] "GET /harisjr/3D%22https:/a.lindris.com/= HTTP/1.1" 429 267 "https://www.star4hire.com/harisjr/file.php?action=download&dir=CAAhomeCAAqtdcvxypCAAmailCAARAAspamCAAnew&file=1776878045.M763519P3251744.iix3001.idcloudhost.com%2CS%3D60840%2CW%3D61659" "Mozilla/5.0 AppleWebKit/537.36 (KHTML, like Gecko; compatible; GPTBot/1.4; +https://openai.com/gptbot)"
216.244.66.202 - - [16/Aug/2026:22:59:31 +0700] "GET /jobseeker/job_vacancy/add_favorit/843603349630cd282db84f HTTP/1.1" 404 355 "-" "Mozilla/5.0 (compatible; DotBot/1.2; +https://opensiteexplorer.org/dotbot; help@moz.com)"
216.244.66.202 - - [16/Aug/2026:22:59:42 +0700] "GET /jobseeker/job_vacancy/add_favorit/88226016861b2fa5a7d16d HTTP/1.1" 404 355 "-" "Mozilla/5.0 (compatible; DotBot/1.2; +https://opensiteexplorer.org/dotbot; help@moz.com)"
185.191.171.2 - - [16/Aug/2026:22:59:43 +0700] "GET /wp-includes/php-ai-client/file.php?dir=CAAvarCAAsoftaculousCAAjcowCAAphp71 HTTP/1.1" 404 277 "-" "Mozilla/5.0 (compatible; SemrushBot/7~bl; +http://www.semrush.com/bot.html)"
185.191.171.1 - - [16/Aug/2026:22:59:46 +0700] "GET /wp-includes/sitemaps/file.php?dir=CAAvarCAAsoftaculousCAAatlantisCAAphp53 HTTP/1.1" 404 277 "-" "Mozilla/5.0 (compatible; SemrushBot/7~bl; +http://www.semrush.com/bot.html)"
216.244.66.202 - - [16/Aug/2026:22:59:51 +0700] "GET /jobseeker/job_vacancy/add_favorit/911970432602585ca4139d HTTP/1.1" 404 355 "-" "Mozilla/5.0 (compatible; DotBot/1.2; +https://opensiteexplorer.org/dotbot; help@moz.com)"
85.208.96.199 - - [16/Aug/2026:22:59:53 +0700] "GET /wp-includes/fonts/file.php?dir=CAAusrCAAshareCAAperl5CAAunicoreCAAlibCAAQMark HTTP/1.1" 404 277 "-" "Mozilla/5.0 (compatible; SemrushBot/7~bl; +http://www.semrush.com/bot.html)"
216.244.66.202 - - [16/Aug/2026:22:59:59 +0700] "GET /jobseeker/job_vacancy/add_favorit/9367486465fa973d3774da HTTP/1.1" 404 355 "-" "Mozilla/5.0 (compatible; DotBot/1.2; +https://opensiteexplorer.org/dotbot; help@moz.com)"
216.244.66.202 - - [16/Aug/2026:23:00:07 +0700] "GET /jobseeker/job_vacancy/add_favorit/9783442355ea25745cc79d HTTP/1.1" 404 355 "-" "Mozilla/5.0 (compatible; DotBot/1.2; +https://opensiteexplorer.org/dotbot; help@moz.com)"
74.7.241.14 - - [16/Aug/2026:23:00:09 +0700] "GET /harisjr/3D%22https://= HTTP/1.1" 429 267 "https://www.star4hire.com/harisjr/file.php?action=download&dir=CAAhomeCAAqtdcvxypCAAmailCAARAAspamCAAnew&file=1781735039.M827305P3197524.iix3001.idcloudhost.com%2CS%3D43499%2CW%3D44088" "Mozilla/5.0 AppleWebKit/537.36 (KHTML, like Gecko; compatible; GPTBot/1.4; +https://openai.com/gptbot)"
74.7.243.227 - - [16/Aug/2026:23:00:11 +0700] "GET /index.php?dir=CAAhomeCAAqtdcvxypCAAcsrRAAstar4hireRAAcomCAAwp-contentCAApluginsCAAgoogle-listings-and-adsCAAvendorCAAsymfonyCAApolyfill-php81&edit=bootstrap.php HTTP/1.1" 429 267 "https://mail.star4hire.com/index.php?dir=CAAhomeCAAqtdcvxypCAAcsrRAAstar4hireRAAcomCAAwp-contentCAApluginsCAAgoogle-listings-and-adsCAAvendorCAAsymfonyCAApolyfill-php81" "Mozilla/5.0 AppleWebKit/537.36 (KHTML, like Gecko; compatible; GPTBot/1.4; +https://openai.com/gptbot)"
74.7.243.240 - - [16/Aug/2026:23:00:12 +0700] "GET /.well-known/pki-validation/file.php?action=download&dir=CAAhomeCAAqtdcvxypCAAmailCAAnew&file=1741243878.M539645P2399708.iix3001.idcloudhost.com%2CS%3D32503%2CW%3D33136 HTTP/1.1" 429 267 "https://star4hire.com/.well-known/pki-validation/file.php?dir=CAAhomeCAAqtdcvxypCAAmailCAAnew" "Mozilla/5.0 AppleWebKit/537.36 (KHTML, like Gecko; compatible; GPTBot/1.4; +https://openai.com/gptbot)"
202.43.248.178 - - [16/Aug/2026:23:00:23 +0700] "GET / HTTP/1.1" 200 2624 "-" "Uptime-Kuma/1.17.1"
185.191.171.12 - - [16/Aug/2026:23:00:24 +0700] "GET /wp-includes/php-ai-client/file.php?dir=CAAvarCAAsoftaculousCAAmagento17CAAphp71 HTTP/1.1" 404 277 "-" "Mozilla/5.0 (compatible; SemrushBot/7~bl; +http://www.semrush.com/bot.html)"
216.244.66.202 - - [16/Aug/2026:23:00:35 +0700] "GET /jobseeker/job_vacancy/apply_job/10371691086360dc3f0737a HTTP/1.1" 404 355 "-" "Mozilla/5.0 (compatible; DotBot/1.2; +https://opensiteexplorer.org/dotbot; help@moz.com)"
85.208.96.199 - - [16/Aug/2026:23:00:40 +0700] "GET /wp-includes/php-ai-client/file.php?dir=CAAusrCAAlibCAARAAbuild-idCAA6f HTTP/1.1" 404 277 "-" "Mozilla/5.0 (compatible; SemrushBot/7~bl; +http://www.semrush.com/bot.html)"
216.244.66.202 - - [16/Aug/2026:23:00:45 +0700] "GET /jobseeker/job_vacancy/apply_job/1083770695645a18d42c9a6 HTTP/1.1" 404 355 "-" "Mozilla/5.0 (compatible; DotBot/1.2; +https://opensiteexplorer.org/dotbot; help@moz.com)"
216.244.66.202 - - [16/Aug/2026:23:00:55 +0700] "GET /jobseeker/job_vacancy/apply_job/12207297226282a63e4fcb0 HTTP/1.1" 404 355 "-" "Mozilla/5.0 (compatible; DotBot/1.2; +https://opensiteexplorer.org/dotbot; help@moz.com)"
185.191.171.12 - - [16/Aug/2026:23:00:56 +0700] "GET /.well-known/file.php?dir=CAAoptCAAaltCAApython35CAAbin&edit=python3 HTTP/1.1" 200 7014 "-" "Mozilla/5.0 (compatible; SemrushBot/7~bl; +http://www.semrush.com/bot.html)"
85.208.96.199 - - [16/Aug/2026:23:01:03 +0700] "GET /wp-includes/PHPMailer/file.php?dir=CAAusrCAAshareCAAlocaleCAAath HTTP/1.1" 404 277 "-" "Mozilla/5.0 (compatible; SemrushBot/7~bl; +http://www.semrush.com/bot.html)"
216.244.66.202 - - [16/Aug/2026:23:01:04 +0700] "GET /jobseeker/job_vacancy/apply_job/124077943761155fb87c38e HTTP/1.1" 404 355 "-" "Mozilla/5.0 (compatible; DotBot/1.2; +https://opensiteexplorer.org/dotbot; help@moz.com)"
74.7.241.14 - - [16/Aug/2026:23:01:10 +0700] "GET /harisjr/3D%22https:/= HTTP/1.1" 404 212 "https://www.star4hire.com/harisjr/file.php?action=download&dir=CAAhomeCAAqtdcvxypCAAmailCAARAAspamCAAnew&file=1776878045.M763519P3251744.iix3001.idcloudhost.com%2CS%3D60840%2CW%3D61659" "Mozilla/5.0 AppleWebKit/537.36 (KHTML, like Gecko; compatible; GPTBot/1.4; +https://openai.com/gptbot)"
216.244.66.202 - - [16/Aug/2026:23:01:11 +0700] "GET /jobseeker/job_vacancy/apply_job/126559610361682bd121a28 HTTP/1.1" 404 355 "-" "Mozilla/5.0 (compatible; DotBot/1.2; +https://opensiteexplorer.org/dotbot; help@moz.com)"
74.7.243.227 - - [16/Aug/2026:23:01:16 +0700] "GET /index.php?dir=CAAhomeCAAqtdcvxypCAAdreamleapRAAstar4hireRAAcomCAAwp-contentCAApluginsCAAgoogle-listings-and-adsCAAvendorCAAsymfonyCAApolyfill-php80&edit=PhpToken.php HTTP/1.1" 404 31 "https://mail.star4hire.com/index.php?dir=CAAhomeCAAqtdcvxypCAAdreamleapRAAstar4hireRAAcomCAAwp-contentCAApluginsCAAgoogle-listings-and-adsCAAvendorCAAsymfonyCAApolyfill-php80" "Mozilla/5.0 AppleWebKit/537.36 (KHTML, like Gecko; compatible; GPTBot/1.4; +https://openai.com/gptbot)"
216.244.66.202 - - [16/Aug/2026:23:01:18 +0700] "GET /jobseeker/job_vacancy/apply_job/131996881163bd63c0e06aa HTTP/1.1" 404 355 "-" "Mozilla/5.0 (compatible; DotBot/1.2; +https://opensiteexplorer.org/dotbot; help@moz.com)"
85.208.96.201 - - [16/Aug/2026:23:01:19 +0700] "GET /wp-includes/ai-client/file.php?dir=CAAusrCAAlibCAARAAbuild-idCAA8a HTTP/1.1" 404 277 "-" "Mozilla/5.0 (compatible; SemrushBot/7~bl; +http://www.semrush.com/bot.html)"
185.191.171.15 - - [16/Aug/2026:23:01:22 +0700] "GET /wp-includes/customize/file.php?dir=CAAusrCAAlibCAARAAbuild-idCAA34 HTTP/1.1" 404 277 "-" "Mozilla/5.0 (compatible; SemrushBot/7~bl; +http://www.semrush.com/bot.html)"
202.43.248.178 - - [16/Aug/2026:23:01:23 +0700] "GET / HTTP/1.1" 200 2624 "-" "Uptime-Kuma/1.17.1"
216.244.66.202 - - [16/Aug/2026:23:01:24 +0700] "GET /jobseeker/job_vacancy/apply_job/136192707663928d5d823d9 HTTP/1.1" 404 355 "-" "Mozilla/5.0 (compatible; DotBot/1.2; +https://opensiteexplorer.org/dotbot; help@moz.com)"
85.208.96.210 - - [16/Aug/2026:23:01:26 +0700] "GET /wp-includes/build/file.php?dir=CAAusrCAAlibCAAtunedCAAcloudlinux-default-cgv2 HTTP/1.1" 404 277 "-" "Mozilla/5.0 (compatible; SemrushBot/7~bl; +http://www.semrush.com/bot.html)"
216.244.66.202 - - [16/Aug/2026:23:01:29 +0700] "GET /jobseeker/job_vacancy/apply_job/1553674057630b19864665c HTTP/1.1" 404 355 "-" "Mozilla/5.0 (compatible; DotBot/1.2; +https://opensiteexplorer.org/dotbot; help@moz.com)"
216.244.66.202 - - [16/Aug/2026:23:01:33 +0700] "GET /jobseeker/job_vacancy/apply_job/155799326163bd767bd1629 HTTP/1.1" 404 355 "-" "Mozilla/5.0 (compatible; DotBot/1.2; +https://opensiteexplorer.org/dotbot; help@moz.com)"
216.244.66.202 - - [16/Aug/2026:23:01:38 +0700] "GET /jobseeker/job_vacancy/apply_job/1602859852636aa2940f3eb HTTP/1.1" 404 355 "-" "Mozilla/5.0 (compatible; DotBot/1.2; +https://opensiteexplorer.org/dotbot; help@moz.com)"
216.244.66.202 - - [16/Aug/2026:23:01:41 +0700] "GET /jobseeker/job_vacancy/apply_job/16387010345e2ad03719aab HTTP/1.1" 404 355 "-" "Mozilla/5.0 (compatible; DotBot/1.2; +https://opensiteexplorer.org/dotbot; help@moz.com)"
216.244.66.202 - - [16/Aug/2026:23:01:44 +0700] "GET /jobseeker/job_vacancy/apply_job/180614716263186e9075536 HTTP/1.1" 404 355 "-" "Mozilla/5.0 (compatible; DotBot/1.2; +https://opensiteexplorer.org/dotbot; help@moz.com)"
216.244.66.202 - - [16/Aug/2026:23:01:47 +0700] "GET /jobseeker/job_vacancy/apply_job/194656303361a9e2e16a7ff HTTP/1.1" 404 355 "-" "Mozilla/5.0 (compatible; DotBot/1.2; +https://opensiteexplorer.org/dotbot; help@moz.com)"
216.244.66.202 - - [16/Aug/2026:23:01:49 +0700] "GET /jobseeker/job_vacancy/apply_job/207233609860eb13979d69b HTTP/1.1" 404 355 "-" "Mozilla/5.0 (compatible; DotBot/1.2; +https://opensiteexplorer.org/dotbot; help@moz.com)"
216.244.66.202 - - [16/Aug/2026:23:01:51 +0700] "GET /jobseeker/job_vacancy/apply_job/2098420511618a4d0b8979b HTTP/1.1" 404 355 "-" "Mozilla/5.0 (compatible; DotBot/1.2; +https://opensiteexplorer.org/dotbot; help@moz.com)"
85.208.96.209 - - [16/Aug/2026:23:01:56 +0700] "GET /wp-includes/block-supports/file.php?dir=CAAvarCAAsoftaculousCAAmagento17CAAimages HTTP/1.1" 404 277 "-" "Mozilla/5.0 (compatible; SemrushBot/7~bl; +http://www.semrush.com/bot.html)"
185.191.171.16 - - [16/Aug/2026:23:02:00 +0700] "GET /wp-includes/block-supports/file.php?dir=CAAvarCAAsoftaculousCAAftoolsCAAphp82 HTTP/1.1" 404 277 "-" "Mozilla/5.0 (compatible; SemrushBot/7~bl; +http://www.semrush.com/bot.html)"
85.208.96.203 - - [16/Aug/2026:23:02:03 +0700] "GET /wp-includes/ID3/file.php?dir=CAAvarCAAsoftaculousCAAmoodle45 HTTP/1.1" 404 277 "-" "Mozilla/5.0 (compatible; SemrushBot/7~bl; +http://www.semrush.com/bot.html)"
85.208.96.201 - - [16/Aug/2026:23:02:08 +0700] "GET /wp-includes/block-supports/file.php?dir=CAAvarCAAsoftaculousCAAclipperCAAphp53 HTTP/1.1" 404 277 "-" "Mozilla/5.0 (compatible; SemrushBot/7~bl; +http://www.semrush.com/bot.html)"
74.7.241.14 - - [16/Aug/2026:23:02:12 +0700] "GET /harisjr/3D%22https://fon= HTTP/1.1" 404 212 "https://www.star4hire.com/harisjr/file.php?action=download&dir=CAAhomeCAAqtdcvxypCAAmailCAARAAspamCAAnew&file=1776878045.M763519P3251744.iix3001.idcloudhost.com%2CS%3D60840%2CW%3D61659" "Mozilla/5.0 AppleWebKit/537.36 (KHTML, like Gecko; compatible; GPTBot/1.4; +https://openai.com/gptbot)"
74.7.243.227 - - [16/Aug/2026:23:02:19 +0700] "GET /index.php?dir=CAAhomeCAAqtdcvxypCAAcareerusaRAAstar4hireRAAcomCAAwp-adminCAAincludes&edit=theme-install.php HTTP/1.1" 404 31 "https://mail.star4hire.com/index.php?dir=CAAhomeCAAqtdcvxypCAAcareerusaRAAstar4hireRAAcomCAAwp-adminCAAincludes" "Mozilla/5.0 AppleWebKit/537.36 (KHTML, like Gecko; compatible; GPTBot/1.4; +https://openai.com/gptbot)"
185.191.171.8 - - [16/Aug/2026:23:02:22 +0700] "GET /wp-includes/collaboration/file.php?dir=CAAusrCAAshareCAAfontsCAAliberation-mono HTTP/1.1" 404 277 "-" "Mozilla/5.0 (compatible; SemrushBot/7~bl; +http://www.semrush.com/bot.html)"
202.43.248.178 - - [16/Aug/2026:23:02:23 +0700] "GET / HTTP/1.1" 200 2624 "-" "Uptime-Kuma/1.17.1"
74.7.243.240 - - [16/Aug/2026:23:02:23 +0700] "GET /.well-known/pki-validation/file.php?action=download&dir=CAAhomeCAAqtdcvxypCAAmailCAAnew&file=1776269896.M794988P3178823.iix3001.idcloudhost.com%2CS%3D66243%2CW%3D67740 HTTP/1.1" 200 9452 "https://star4hire.com/.well-known/pki-validation/file.php?dir=CAAhomeCAAqtdcvxypCAAmailCAAnew" "Mozilla/5.0 AppleWebKit/537.36 (KHTML, like Gecko; compatible; GPTBot/1.4; +https://openai.com/gptbot)"
85.208.96.206 - - [16/Aug/2026:23:02:34 +0700] "GET /robots.txt HTTP/1.1" 200 70 "-" "Mozilla/5.0 (compatible; SemrushBot/7~bl; +http://www.semrush.com/bot.html)"
185.191.171.8 - - [16/Aug/2026:23:02:35 +0700] "GET /wp-includes/php-ai-client/file.php?dir=CAAvarCAAsoftaculousCAAdolphCAAupgrade HTTP/1.1" 404 277 "-" "Mozilla/5.0 (compatible; SemrushBot/7~bl; +http://www.semrush.com/bot.html)"
185.191.171.9 - - [16/Aug/2026:23:02:56 +0700] "GET /wp-includes/l10n/file.php?dir=CAAusrCAAshareCAAlocaleCAAvenCAALC_MESSAGES HTTP/1.1" 404 277 "-" "Mozilla/5.0 (compatible; SemrushBot/7~bl; +http://www.semrush.com/bot.html)"
185.191.171.2 - - [16/Aug/2026:23:03:06 +0700] "GET /wp-includes/collaboration/file.php?dir=CAAusrCAAshareCAAlocaleCAAgayCAALC_MESSAGES HTTP/1.1" 404 277 "-" "Mozilla/5.0 (compatible; SemrushBot/7~bl; +http://www.semrush.com/bot.html)"
85.208.96.209 - - [16/Aug/2026:23:03:10 +0700] "GET /wp-includes/php-ai-client/file.php?dir=CAAvarCAAsoftaculousCAAvanilla HTTP/1.1" 404 277 "-" "Mozilla/5.0 (compatible; SemrushBot/7~bl; +http://www.semrush.com/bot.html)"
74.7.241.14 - - [16/Aug/2026:23:03:16 +0700] "GET /harisjr/3D%22https:= HTTP/1.1" 404 212 "https://www.star4hire.com/harisjr/file.php?action=download&dir=CAAhomeCAAqtdcvxypCAAmailCAARAAspamCAAnew&file=1777654622.M331886P3898731.iix3001.idcloudhost.com%2CS%3D49461%2CW%3D50132" "Mozilla/5.0 AppleWebKit/537.36 (KHTML, like Gecko; compatible; GPTBot/1.4; +https://openai.com/gptbot)"
74.7.243.227 - - [16/Aug/2026:23:03:19 +0700] "GET /index.php?dir=CAAhomeCAAqtdcvxypCAAcsrRAAstar4hireRAAcomCAAwp-adminCAAincludes&edit=translation-install.php HTTP/1.1" 404 31 "https://mail.star4hire.com/index.php?dir=CAAhomeCAAqtdcvxypCAAcsrRAAstar4hireRAAcomCAAwp-adminCAAincludes" "Mozilla/5.0 AppleWebKit/537.36 (KHTML, like Gecko; compatible; GPTBot/1.4; +https://openai.com/gptbot)"
85.208.96.209 - - [16/Aug/2026:23:03:19 +0700] "GET /wp-includes/sodium_compat/file.php?dir=CAAusrCAAshareCAAlocaleCAAnubCAALC_MESSAGES HTTP/1.1" 404 277 "-" "Mozilla/5.0 (compatible; SemrushBot/7~bl; +http://www.semrush.com/bot.html)"
202.43.248.178 - - [16/Aug/2026:23:03:23 +0700] "GET / HTTP/1.1" 200 2624 "-" "Uptime-Kuma/1.17.1"
185.191.171.12 - - [16/Aug/2026:23:03:49 +0700] "GET /wp-includes/style-engine/file.php?dir=CAAusrCAAlibCAAfirmwareCAAqcomCAAqcs9100 HTTP/1.1" 404 277 "-" "Mozilla/5.0 (compatible; SemrushBot/7~bl; +http://www.semrush.com/bot.html)"
185.191.171.11 - - [16/Aug/2026:23:04:03 +0700] "GET /wp-includes/rest-api/file.php?dir=CAAvarCAAcpanelCAAphpCAAsessionsCAAea-php55 HTTP/1.1" 404 277 "-" "Mozilla/5.0 (compatible; SemrushBot/7~bl; +http://www.semrush.com/bot.html)"
85.208.96.206 - - [16/Aug/2026:23:04:07 +0700] "GET /wp-includes/html-api/file.php?dir=CAAusrCAAlib64CAAperl5CAATie HTTP/1.1" 404 277 "-" "Mozilla/5.0 (compatible; SemrushBot/7~bl; +http://www.semrush.com/bot.html)"
74.7.241.14 - - [16/Aug/2026:23:04:22 +0700] "GET /harisjr/3D%22https://a= HTTP/1.1" 404 212 "https://www.star4hire.com/harisjr/file.php?action=download&dir=CAAhomeCAAqtdcvxypCAAmailCAARAAspamCAAnew&file=1777654622.M331886P3898731.iix3001.idcloudhost.com%2CS%3D49461%2CW%3D50132" "Mozilla/5.0 AppleWebKit/537.36 (KHTML, like Gecko; compatible; GPTBot/1.4; +https://openai.com/gptbot)"
202.43.248.178 - - [16/Aug/2026:23:04:23 +0700] "GET / HTTP/1.1" 200 2624 "-" "Uptime-Kuma/1.17.1"
74.7.243.227 - - [16/Aug/2026:23:04:24 +0700] "GET /index.php?dir=CAAhomeCAAqtdcvxypCAAcareerusaRAAstar4hireRAAcomCAAwp-adminCAAnetwork&edit=theme-install.php HTTP/1.1" 404 31 "https://mail.star4hire.com/index.php?dir=CAAhomeCAAqtdcvxypCAAcareerusaRAAstar4hireRAAcomCAAwp-adminCAAnetwork" "Mozilla/5.0 AppleWebKit/537.36 (KHTML, like Gecko; compatible; GPTBot/1.4; +https://openai.com/gptbot)"
85.208.96.210 - - [16/Aug/2026:23:04:38 +0700] "GET /wp-includes/block-supports/file.php?dir=CAAvarCAAsoftaculousCAAxmsCAAimages HTTP/1.1" 404 277 "-" "Mozilla/5.0 (compatible; SemrushBot/7~bl; +http://www.semrush.com/bot.html)"
216.73.216.10 - - [16/Aug/2026:23:04:39 +0700] "GET /file.php?dir=CAAsmsCAA_CAAsmart_school_srcCAAapplicationCAAcontrollersCAAuser&edit=Chat.php HTTP/1.1" 200 4799 "-" "Mozilla/5.0 AppleWebKit/537.36 (KHTML, like Gecko; compatible; ClaudeBot/1.0; +claudebot@anthropic.com)"
216.73.216.10 - - [16/Aug/2026:23:04:44 +0700] "GET /file.php?dir=CAAsmsCAA_CAAsmart_school_srcCAAapplicationCAAcore&edit=MY_Controller.php HTTP/1.1" 200 5359 "-" "Mozilla/5.0 AppleWebKit/537.36 (KHTML, like Gecko; compatible; ClaudeBot/1.0; +claudebot@anthropic.com)"
185.191.171.16 - - [16/Aug/2026:23:05:00 +0700] "GET /wp-includes/PHPMailer/file.php?dir=CAAusrCAAshareCAAperl5CAAunicoreCAAlibCAACE HTTP/1.1" 404 277 "-" "Mozilla/5.0 (compatible; SemrushBot/7~bl; +http://www.semrush.com/bot.html)"
85.208.96.201 - - [16/Aug/2026:23:05:15 +0700] "GET /wp-includes/file.php?dir=CAAusrCAAinclude&edit=search.h HTTP/1.1" 404 277 "-" "Mozilla/5.0 (compatible; SemrushBot/7~bl; +http://www.semrush.com/bot.html)"
185.191.171.7 - - [16/Aug/2026:23:05:19 +0700] "GET /wp-includes/style-engine/file.php?dir=CAAusrCAAlib64CAApm-utils HTTP/1.1" 404 277 "-" "Mozilla/5.0 (compatible; SemrushBot/7~bl; +http://www.semrush.com/bot.html)"
85.208.96.194 - - [16/Aug/2026:23:05:21 +0700] "GET /wp-includes/block-supports/file.php?dir=CAAvarCAAsoftaculousCAAphplotCAAimages HTTP/1.1" 404 277 "-" "Mozilla/5.0 (compatible; SemrushBot/7~bl; +http://www.semrush.com/bot.html)"
202.43.248.178 - - [16/Aug/2026:23:05:23 +0700] "GET / HTTP/1.1" 200 2624 "-" "Uptime-Kuma/1.17.1"
185.191.171.14 - - [16/Aug/2026:23:05:24 +0700] "GET /wp-includes/ai-client/file.php?dir=CAAusrCAAlibCAARAAbuild-idCAA02 HTTP/1.1" 404 277 "-" "Mozilla/5.0 (compatible; SemrushBot/7~bl; +http://www.semrush.com/bot.html)"
74.7.241.14 - - [16/Aug/2026:23:05:26 +0700] "GET /harisjr/file.php?action=download&dir=CAAhomeCAAqtdcvxypCAAmailCAARAAspamCAAnew&file=1783007705.M436054P190824.iix3001.idcloudhost.com%2CS%3D42871%2CW%3D43451 HTTP/1.1" 200 9722 "https://www.star4hire.com/harisjr/file.php?dir=CAAhomeCAAqtdcvxypCAAmailCAARAAspamCAAnew" "Mozilla/5.0 AppleWebKit/537.36 (KHTML, like Gecko; compatible; GPTBot/1.4; +https://openai.com/gptbot)"
74.7.243.227 - - [16/Aug/2026:23:05:27 +0700] "GET /index.php?dir=CAAhomeCAAqtdcvxypCAAetcCAAstar4hireRAAcomCAA%40pwcache&edit=hello%40star4hire.com HTTP/1.1" 404 31 "https://mail.star4hire.com/index.php?dir=CAAhomeCAAqtdcvxypCAAetcCAAstar4hireRAAcomCAA%40pwcache" "Mozilla/5.0 AppleWebKit/537.36 (KHTML, like Gecko; compatible; GPTBot/1.4; +https://openai.com/gptbot)"
185.191.171.3 - - [16/Aug/2026:23:05:34 +0700] "GET /wp-includes/Text/file.php?dir=CAAusrCAAlib64CAApython3RAA8CAAvenv HTTP/1.1" 404 277 "-" "Mozilla/5.0 (compatible; SemrushBot/7~bl; +http://www.semrush.com/bot.html)"
185.191.171.14 - - [16/Aug/2026:23:06:03 +0700] "GET /wp-includes/collaboration/file.php?dir=CAAusrCAAlib64CAAsecurityCAApam_filter HTTP/1.1" 404 277 "-" "Mozilla/5.0 (compatible; SemrushBot/7~bl; +http://www.semrush.com/bot.html)"
85.208.96.207 - - [16/Aug/2026:23:06:10 +0700] "GET /wp-includes/fonts/file.php?dir=CAAusrCAAlibCAArpmCAAplatformCAAalphaev5-linux HTTP/1.1" 404 277 "-" "Mozilla/5.0 (compatible; SemrushBot/7~bl; +http://www.semrush.com/bot.html)"
85.208.96.205 - - [16/Aug/2026:23:06:15 +0700] "GET /wp-includes/js/file.php?dir=CAAvarCAAsoftaculousCAAowmCAAphp82 HTTP/1.1" 404 277 "-" "Mozilla/5.0 (compatible; SemrushBot/7~bl; +http://www.semrush.com/bot.html)"
185.191.171.6 - - [16/Aug/2026:23:06:20 +0700] "GET /wp-includes/html-api/file.php?dir=CAAusrCAAshareCAAmanCAAesCAAman7 HTTP/1.1" 404 277 "-" "Mozilla/5.0 (compatible; SemrushBot/7~bl; +http://www.semrush.com/bot.html)"
202.43.248.178 - - [16/Aug/2026:23:06:23 +0700] "GET / HTTP/1.1" 200 2624 "-" "Uptime-Kuma/1.17.1"
185.191.171.16 - - [16/Aug/2026:23:06:24 +0700] "GET /wp-includes/Requests/file.php?dir=CAAvarCAAsoftaculousCAAmicroweberCAAphp53 HTTP/1.1" 404 277 "-" "Mozilla/5.0 (compatible; SemrushBot/7~bl; +http://www.semrush.com/bot.html)"
74.7.241.14 - - [16/Aug/2026:23:06:29 +0700] "GET /harisjr/file.php?action=download&dir=CAAhomeCAAqtdcvxypCAAmailCAARAAspamCAAnew&file=1779550043.M160973P819834.iix3001.idcloudhost.com%2CS%3D42875%2CW%3D43455 HTTP/1.1" 200 9865 "https://www.star4hire.com/harisjr/file.php?dir=CAAhomeCAAqtdcvxypCAAmailCAARAAspamCAAnew" "Mozilla/5.0 AppleWebKit/537.36 (KHTML, like Gecko; compatible; GPTBot/1.4; +https://openai.com/gptbot)"
74.7.243.227 - - [16/Aug/2026:23:06:31 +0700] "GET /index.php?dir=CAAoptCAAaltCAApython-internalCAAlib64CAApython3RAA11CAAencodings&edit=utf_32_le.py HTTP/1.1" 404 31 "https://mail.star4hire.com/index.php?dir=CAAoptCAAaltCAApython-internalCAAlib64CAApython3RAA11CAAencodings" "Mozilla/5.0 AppleWebKit/537.36 (KHTML, like Gecko; compatible; GPTBot/1.4; +https://openai.com/gptbot)"
