185.191.171.18 - - [16/Aug/2026:20:47:10 +0700] "GET /wp-includes/rest-api/file.php?dir=CAAusrCAAlocalCAAshareCAAperl5CAACPANCAAAPI HTTP/1.1" 404 277 "-" "Mozilla/5.0 (compatible; SemrushBot/7~bl; +http://www.semrush.com/bot.html)"
202.43.248.178 - - [16/Aug/2026:20:47:12 +0700] "GET / HTTP/1.1" 200 2624 "-" "Uptime-Kuma/1.17.1"
185.191.171.11 - - [16/Aug/2026:20:47:18 +0700] "GET /wp-includes/html-api/file.php?dir=CAAusrCAAlib64CAAX11 HTTP/1.1" 404 277 "-" "Mozilla/5.0 (compatible; SemrushBot/7~bl; +http://www.semrush.com/bot.html)"
216.244.66.202 - - [16/Aug/2026:20:47:18 +0700] "GET /jobseeker/job_vacancy/add_favorit/8250996663512d5274d97 HTTP/1.1" 404 355 "-" "Mozilla/5.0 (compatible; DotBot/1.2; +https://opensiteexplorer.org/dotbot; help@moz.com)"
74.7.241.14 - - [16/Aug/2026:20:47:22 +0700] "GET /file.php?dir=CAAusrCAAshareCAAzoneinfoCAAposixCAAEurope&edit=Sofia HTTP/1.1" 200 4242 "https://www.star4hire.com/file.php?dir=CAAusrCAAshareCAAzoneinfoCAAposixCAAEurope" "Mozilla/5.0 AppleWebKit/537.36 (KHTML, like Gecko; compatible; GPTBot/1.4; +https://openai.com/gptbot)"
216.244.66.202 - - [16/Aug/2026:20:47:27 +0700] "GET /jobseeker/job_vacancy/add_favorit/87418747063904f6c61fca HTTP/1.1" 404 355 "-" "Mozilla/5.0 (compatible; DotBot/1.2; +https://opensiteexplorer.org/dotbot; help@moz.com)"
74.7.243.227 - - [16/Aug/2026:20:47:30 +0700] "GET /index.php?dir=CAAoptCAAaltCAAalt-nodejs14CAArootCAAusrCAAlibCAAnode_modulesCAAnpmCAAnode_modulesRAAbundledCAAduplexifyCAAnode_modulesCAAstring_decoder&edit=package.json HTTP/1.1" 404 31 "https://mail.star4hire.com/index.php?dir=CAAoptCAAaltCAAalt-nodejs14CAArootCAAusrCAAlibCAAnode_modulesCAAnpmCAAnode_modulesRAAbundledCAAduplexifyCAAnode_modulesCAAstring_decoder" "Mozilla/5.0 AppleWebKit/537.36 (KHTML, like Gecko; compatible; GPTBot/1.4; +https://openai.com/gptbot)"
216.244.66.202 - - [16/Aug/2026:20:47:36 +0700] "GET /jobseeker/job_vacancy/add_favorit/89827141163bd49f70ee14 HTTP/1.1" 404 355 "-" "Mozilla/5.0 (compatible; DotBot/1.2; +https://opensiteexplorer.org/dotbot; help@moz.com)"
216.244.66.202 - - [16/Aug/2026:20:47:43 +0700] "GET /jobseeker/job_vacancy/add_favorit/911394390630b3f06c0c8e HTTP/1.1" 404 355 "-" "Mozilla/5.0 (compatible; DotBot/1.2; +https://opensiteexplorer.org/dotbot; help@moz.com)"
216.244.66.202 - - [16/Aug/2026:20:47:49 +0700] "GET /jobseeker/job_vacancy/add_favorit/91360866362aebc208c737 HTTP/1.1" 404 355 "-" "Mozilla/5.0 (compatible; DotBot/1.2; +https://opensiteexplorer.org/dotbot; help@moz.com)"
85.208.96.201 - - [16/Aug/2026:20:47:49 +0700] "GET /wp-includes/block-supports/file.php?dir=CAAusrCAAlibCAARAAbuild-idCAAf8 HTTP/1.1" 404 277 "-" "Mozilla/5.0 (compatible; SemrushBot/7~bl; +http://www.semrush.com/bot.html)"
74.7.243.240 - - [16/Aug/2026:20:47:49 +0700] "GET /.well-known/pki-validation/file.php?dir=CAAhomeCAAqtdcvxypCAAcareerusaRAAstar4hireRAAcomCAAwp-contentCAApluginsCAAessential-addons-for-elementor-liteCAAassetsCAAfront-endCAAjsCAAlib-viewCAAmarquee HTTP/1.1" 200 4511 "https://star4hire.com/.well-known/pki-validation/file.php?dir=CAAhomeCAAqtdcvxypCAAcareerusaRAAstar4hireRAAcomCAAwp-contentCAApluginsCAAessential-addons-for-elementor-liteCAAassetsCAAfront-endCAAjsCAAlib-view" "Mozilla/5.0 AppleWebKit/537.36 (KHTML, like Gecko; compatible; GPTBot/1.4; +https://openai.com/gptbot)"
85.208.96.208 - - [16/Aug/2026:20:47:53 +0700] "GET /wp-includes/interactivity-api/file.php?dir=CAAusrCAAlibCAARAAbuild-idCAAb3 HTTP/1.1" 404 277 "-" "Mozilla/5.0 (compatible; SemrushBot/7~bl; +http://www.semrush.com/bot.html)"
216.244.66.202 - - [16/Aug/2026:20:47:54 +0700] "GET /jobseeker/job_vacancy/add_favorit/9167621626261721dbccf2 HTTP/1.1" 404 355 "-" "Mozilla/5.0 (compatible; DotBot/1.2; +https://opensiteexplorer.org/dotbot; help@moz.com)"
74.7.241.14 - - [16/Aug/2026:20:47:54 +0700] "GET /file.php?dir=CAAsmsCAAaaCAAbackendCAAdistCAAjsCAAlocale&edit=yo.js HTTP/1.1" 200 3979 "https://www.star4hire.com/file.php?dir=CAAsmsCAAaaCAAbackendCAAdistCAAjsCAAlocale" "Mozilla/5.0 AppleWebKit/537.36 (KHTML, like Gecko; compatible; GPTBot/1.4; +https://openai.com/gptbot)"
216.244.66.202 - - [16/Aug/2026:20:47:58 +0700] "GET /jobseeker/job_vacancy/apply_job/10015607856140493f1eb51 HTTP/1.1" 404 355 "-" "Mozilla/5.0 (compatible; DotBot/1.2; +https://opensiteexplorer.org/dotbot; help@moz.com)"
216.244.66.202 - - [16/Aug/2026:20:48:06 +0700] "GET /jobseeker/job_vacancy/apply_job/14506114895eff873e462ee HTTP/1.1" 404 355 "-" "Mozilla/5.0 (compatible; DotBot/1.2; +https://opensiteexplorer.org/dotbot; help@moz.com)"
202.43.248.178 - - [16/Aug/2026:20:48:12 +0700] "GET / HTTP/1.1" 200 2624 "-" "Uptime-Kuma/1.17.1"
74.7.241.14 - - [16/Aug/2026:20:48:22 +0700] "GET /file.php?dir=CAAsmsCAAaaCAAbackendCAAdistCAAjsCAAlocale&edit=ky.js HTTP/1.1" 200 4220 "https://www.star4hire.com/file.php?dir=CAAsmsCAAaaCAAbackendCAAdistCAAjsCAAlocale" "Mozilla/5.0 AppleWebKit/537.36 (KHTML, like Gecko; compatible; GPTBot/1.4; +https://openai.com/gptbot)"
74.7.243.227 - - [16/Aug/2026:20:48:35 +0700] "GET /index.php?dir=CAAoptCAAaltCAAalt-nodejs9CAArootCAAusrCAAlibCAAnode_modulesCAAnpmCAAnode_modulesRAAbundledCAAmove-concurrentlyCAAnode_modulesCAAcopy-concurrently&edit=is-windows.js HTTP/1.1" 404 31 "https://mail.star4hire.com/index.php?dir=CAAoptCAAaltCAAalt-nodejs9CAArootCAAusrCAAlibCAAnode_modulesCAAnpmCAAnode_modulesRAAbundledCAAmove-concurrentlyCAAnode_modulesCAAcopy-concurrently" "Mozilla/5.0 AppleWebKit/537.36 (KHTML, like Gecko; compatible; GPTBot/1.4; +https://openai.com/gptbot)"
74.7.241.14 - - [16/Aug/2026:20:48:45 +0700] "GET /file.php?dir=CAAsmsCAAaaCAAbackendCAAdistCAAjsCAAlocale&edit=ku.js HTTP/1.1" 200 4348 "https://www.star4hire.com/file.php?dir=CAAsmsCAAaaCAAbackendCAAdistCAAjsCAAlocale" "Mozilla/5.0 AppleWebKit/537.36 (KHTML, like Gecko; compatible; GPTBot/1.4; +https://openai.com/gptbot)"
85.208.96.206 - - [16/Aug/2026:20:49:02 +0700] "GET /wp-includes/IXR/file.php?dir=CAAvarCAAsoftaculousCAAjcowCAAphp56 HTTP/1.1" 404 277 "-" "Mozilla/5.0 (compatible; SemrushBot/7~bl; +http://www.semrush.com/bot.html)"
216.244.66.202 - - [16/Aug/2026:20:49:03 +0700] "GET /jobseeker/job_vacancy/apply_job/16287725196213a1a8c8546 HTTP/1.1" 404 355 "-" "Mozilla/5.0 (compatible; DotBot/1.2; +https://opensiteexplorer.org/dotbot; help@moz.com)"
74.7.241.14 - - [16/Aug/2026:20:49:07 +0700] "GET /file.php?dir=CAAsmsCAAaaCAAbackendCAAdistCAAjsCAAlocale&edit=bg.js HTTP/1.1" 200 4188 "https://www.star4hire.com/file.php?dir=CAAsmsCAAaaCAAbackendCAAdistCAAjsCAAlocale" "Mozilla/5.0 AppleWebKit/537.36 (KHTML, like Gecko; compatible; GPTBot/1.4; +https://openai.com/gptbot)"
202.43.248.178 - - [16/Aug/2026:20:49:12 +0700] "GET / HTTP/1.1" 200 2624 "-" "Uptime-Kuma/1.17.1"
74.7.243.240 - - [16/Aug/2026:20:49:23 +0700] "GET /.well-known/pki-validation/file.php?dir=CAAhomeCAAqtdcvxypCAAcareerusaRAAstar4hireRAAcomCAAwp-contentCAApluginsCAAessential-addons-for-elementor-liteCAAassetsCAAfront-endCAAjsCAAlib-viewCAAtypeform HTTP/1.1" 200 4509 "https://star4hire.com/.well-known/pki-validation/file.php?dir=CAAhomeCAAqtdcvxypCAAcareerusaRAAstar4hireRAAcomCAAwp-contentCAApluginsCAAessential-addons-for-elementor-liteCAAassetsCAAfront-endCAAjsCAAlib-view" "Mozilla/5.0 AppleWebKit/537.36 (KHTML, like Gecko; compatible; GPTBot/1.4; +https://openai.com/gptbot)"
74.7.241.14 - - [16/Aug/2026:20:49:26 +0700] "GET /file.php?dir=CAAsmsCAAaaCAAbackendCAAdistCAAjsCAAlocale&edit=fy.js HTTP/1.1" 200 4104 "https://www.star4hire.com/file.php?dir=CAAsmsCAAaaCAAbackendCAAdistCAAjsCAAlocale" "Mozilla/5.0 AppleWebKit/537.36 (KHTML, like Gecko; compatible; GPTBot/1.4; +https://openai.com/gptbot)"
74.7.243.227 - - [16/Aug/2026:20:49:36 +0700] "GET /index.php?dir=CAAoptCAAaltCAAalt-nodejs12CAArootCAAusrCAAlibCAAnode_modulesCAAnpmCAAnode_modulesRAAbundledCAAduplexifyCAAnode_modulesCAAstring_decoder&edit=package.json HTTP/1.1" 404 31 "https://mail.star4hire.com/index.php?dir=CAAoptCAAaltCAAalt-nodejs12CAArootCAAusrCAAlibCAAnode_modulesCAAnpmCAAnode_modulesRAAbundledCAAduplexifyCAAnode_modulesCAAstring_decoder" "Mozilla/5.0 AppleWebKit/537.36 (KHTML, like Gecko; compatible; GPTBot/1.4; +https://openai.com/gptbot)"
216.244.66.202 - - [16/Aug/2026:20:49:41 +0700] "GET /jobseeker/job_vacancy/apply_job/1682387728635a5572c4ede HTTP/1.1" 404 355 "-" "Mozilla/5.0 (compatible; DotBot/1.2; +https://opensiteexplorer.org/dotbot; help@moz.com)"
74.7.241.14 - - [16/Aug/2026:20:49:44 +0700] "GET /file.php?dir=CAAsmsCAAaaCAAbackendCAAdistCAAjsCAAlocale&edit=uk.js HTTP/1.1" 200 5026 "https://www.star4hire.com/file.php?dir=CAAsmsCAAaaCAAbackendCAAdistCAAjsCAAlocale" "Mozilla/5.0 AppleWebKit/537.36 (KHTML, like Gecko; compatible; GPTBot/1.4; +https://openai.com/gptbot)"
185.191.171.4 - - [16/Aug/2026:20:49:59 +0700] "GET /wp-includes/abilities-api/file.php?dir=CAAhomeCAAqtdcvxypCAAlscacheCAAaCAA5CAAa HTTP/1.1" 404 277 "-" "Mozilla/5.0 (compatible; SemrushBot/7~bl; +http://www.semrush.com/bot.html)"
74.7.241.14 - - [16/Aug/2026:20:50:01 +0700] "GET /file.php?dir=CAAusrCAAincludeCAAmysqlCAAserverCAAprivate&edit=sp.h HTTP/1.1" 200 7620 "https://www.star4hire.com/file.php?dir=CAAusrCAAincludeCAAmysqlCAAserverCAAprivate" "Mozilla/5.0 AppleWebKit/537.36 (KHTML, like Gecko; compatible; GPTBot/1.4; +https://openai.com/gptbot)"
216.73.216.10 - - [16/Aug/2026:20:50:01 +0700] "GET /file.php?dir=CAAsmsCAAbackendCAApluginsCAAbootstrap-wysihtml5&edit=bootstrap3-wysihtml5.all.min.js HTTP/1.1" 200 59093 "-" "Mozilla/5.0 AppleWebKit/537.36 (KHTML, like Gecko; compatible; ClaudeBot/1.0; +claudebot@anthropic.com)"
216.73.216.10 - - [16/Aug/2026:20:50:05 +0700] "GET /file.php?action=download&dir=CAAsmsCAA_CAAsmart_school_srcCAAapplicationCAAcontrollersCAAuser&file=Notification.php HTTP/1.1" 200 711 "-" "Mozilla/5.0 AppleWebKit/537.36 (KHTML, like Gecko; compatible; ClaudeBot/1.0; +claudebot@anthropic.com)"
185.191.171.11 - - [16/Aug/2026:20:50:08 +0700] "GET /wp-includes/js/file.php?dir=CAAusrCAAlibCAAfirmwareCAAmesonCAAvdec HTTP/1.1" 404 277 "-" "Mozilla/5.0 (compatible; SemrushBot/7~bl; +http://www.semrush.com/bot.html)"
216.73.216.10 - - [16/Aug/2026:20:50:10 +0700] "GET /file.php?dir=CAAsmsCAAbackendCAApluginsCAAiCheckCAAflat&edit=grey.png HTTP/1.1" 200 4555 "-" "Mozilla/5.0 AppleWebKit/537.36 (KHTML, like Gecko; compatible; ClaudeBot/1.0; +claudebot@anthropic.com)"
202.43.248.178 - - [16/Aug/2026:20:50:12 +0700] "GET / HTTP/1.1" 200 2624 "-" "Uptime-Kuma/1.17.1"
216.73.216.10 - - [16/Aug/2026:20:50:15 +0700] "GET /file.php?dir=CAAsmsCAAbackendCAApluginsCAAiCheckCAAflat&edit=blue.png HTTP/1.1" 200 4559 "-" "Mozilla/5.0 AppleWebKit/537.36 (KHTML, like Gecko; compatible; ClaudeBot/1.0; +claudebot@anthropic.com)"
74.7.241.14 - - [16/Aug/2026:20:50:16 +0700] "GET /file.php?dir=CAAsmsCAAaaCAAbackendCAAdistCAAjsCAAlocale&edit=hu.js HTTP/1.1" 200 4336 "https://www.star4hire.com/file.php?dir=CAAsmsCAAaaCAAbackendCAAdistCAAjsCAAlocale" "Mozilla/5.0 AppleWebKit/537.36 (KHTML, like Gecko; compatible; GPTBot/1.4; +https://openai.com/gptbot)"
216.73.216.10 - - [16/Aug/2026:20:50:20 +0700] "GET /file.php?action=download&dir=CAAsmsCAA_CAAsmart_school_srcCAAapplicationCAAcontrollersCAAadmin&file=Content.php HTTP/1.1" 200 2342 "-" "Mozilla/5.0 AppleWebKit/537.36 (KHTML, like Gecko; compatible; ClaudeBot/1.0; +claudebot@anthropic.com)"
216.73.216.10 - - [16/Aug/2026:20:50:23 +0700] "GET /file.php?dir=CAAsmsCAA_CAAsmart_school_srcCAAapplicationCAAviewsCAAadminCAAgeneratestaffidcard HTTP/1.1" 200 4442 "-" "Mozilla/5.0 AppleWebKit/537.36 (KHTML, like Gecko; compatible; ClaudeBot/1.0; +claudebot@anthropic.com)"
216.73.216.10 - - [16/Aug/2026:20:50:28 +0700] "GET /file.php?dir=CAAsmsCAAbackendCAApluginsCAAiCheckCAAflat&edit=aero.png HTTP/1.1" 200 4547 "-" "Mozilla/5.0 AppleWebKit/537.36 (KHTML, like Gecko; compatible; ClaudeBot/1.0; +claudebot@anthropic.com)"
74.7.241.14 - - [16/Aug/2026:20:50:28 +0700] "GET /file.php?dir=CAAsmsCAAaaCAAbackendCAAdistCAAjsCAAlocale&edit=my.js HTTP/1.1" 200 4222 "https://www.star4hire.com/file.php?dir=CAAsmsCAAaaCAAbackendCAAdistCAAjsCAAlocale" "Mozilla/5.0 AppleWebKit/537.36 (KHTML, like Gecko; compatible; GPTBot/1.4; +https://openai.com/gptbot)"
216.73.216.10 - - [16/Aug/2026:20:50:33 +0700] "GET /file.php?action=download&dir=CAAsmsCAA_CAAsmart_school_srcCAAapplicationCAAcontrollersCAAadmin&file=Generatecertificate.php HTTP/1.1" 200 1141 "-" "Mozilla/5.0 AppleWebKit/537.36 (KHTML, like Gecko; compatible; ClaudeBot/1.0; +claudebot@anthropic.com)"
216.73.216.10 - - [16/Aug/2026:20:50:38 +0700] "GET /file.php?action=download&dir=CAAsmsCAA_CAAsmart_school_srcCAAapplicationCAAcontrollersCAAadmin&file=Income.php HTTP/1.1" 200 3241 "-" "Mozilla/5.0 AppleWebKit/537.36 (KHTML, like Gecko; compatible; ClaudeBot/1.0; +claudebot@anthropic.com)"
74.7.241.14 - - [16/Aug/2026:20:50:39 +0700] "GET /file.php?dir=CAAsmsCAAaaCAAbackendCAAdistCAAjsCAAlocale&edit=ur.js HTTP/1.1" 200 4079 "https://www.star4hire.com/file.php?dir=CAAsmsCAAaaCAAbackendCAAdistCAAjsCAAlocale" "Mozilla/5.0 AppleWebKit/537.36 (KHTML, like Gecko; compatible; GPTBot/1.4; +https://openai.com/gptbot)"
74.7.243.227 - - [16/Aug/2026:20:50:41 +0700] "GET /index.php?dir=CAAoptCAAaltCAAalt-nodejs14CAArootCAAusrCAAlibCAAnode_modulesCAAnpmCAAnode_modulesRAAbundledCAAnormalize-package-dataCAAnode_modulesCAAresolve&edit=readme.markdown HTTP/1.1" 404 31 "https://mail.star4hire.com/index.php?dir=CAAoptCAAaltCAAalt-nodejs14CAArootCAAusrCAAlibCAAnode_modulesCAAnpmCAAnode_modulesRAAbundledCAAnormalize-package-dataCAAnode_modulesCAAresolve" "Mozilla/5.0 AppleWebKit/537.36 (KHTML, like Gecko; compatible; GPTBot/1.4; +https://openai.com/gptbot)"
216.73.216.10 - - [16/Aug/2026:20:50:43 +0700] "GET /file.php?dir=CAAsmsCAAbackendCAApluginsCAAiCheckCAAflat&edit=flat%402x.png HTTP/1.1" 200 6068 "-" "Mozilla/5.0 AppleWebKit/537.36 (KHTML, like Gecko; compatible; ClaudeBot/1.0; +claudebot@anthropic.com)"
216.73.216.10 - - [16/Aug/2026:20:50:48 +0700] "GET /file.php?dir=CAAsmsCAA_CAAsmart_school_srcCAAapplicationCAAviewsCAAadminCAAvehroute HTTP/1.1" 200 4414 "-" "Mozilla/5.0 AppleWebKit/537.36 (KHTML, like Gecko; compatible; ClaudeBot/1.0; +claudebot@anthropic.com)"
74.7.241.14 - - [16/Aug/2026:20:50:50 +0700] "GET /file.php?dir=CAAusrCAAshareCAAmcCAAsyntax&edit=texinfo.syntax HTTP/1.1" 200 4176 "https://www.star4hire.com/file.php?dir=CAAusrCAAshareCAAmcCAAsyntax" "Mozilla/5.0 AppleWebKit/537.36 (KHTML, like Gecko; compatible; GPTBot/1.4; +https://openai.com/gptbot)"
74.7.243.240 - - [16/Aug/2026:20:50:53 +0700] "GET /.well-known/pki-validation/file.php?dir=CAAhomeCAAqtdcvxypCAAcareerusaRAAstar4hireRAAcomCAAwp-contentCAApluginsCAAessential-addons-for-elementor-liteCAAassetsCAAfront-endCAAjsCAAlib-viewCAAwaypoint HTTP/1.1" 200 4505 "https://star4hire.com/.well-known/pki-validation/file.php?dir=CAAhomeCAAqtdcvxypCAAcareerusaRAAstar4hireRAAcomCAAwp-contentCAApluginsCAAessential-addons-for-elementor-liteCAAassetsCAAfront-endCAAjsCAAlib-view" "Mozilla/5.0 AppleWebKit/537.36 (KHTML, like Gecko; compatible; GPTBot/1.4; +https://openai.com/gptbot)"
216.73.216.10 - - [16/Aug/2026:20:50:53 +0700] "GET /file.php?action=download&dir=CAAsmsCAA_CAAsmart_school_srcCAAapplicationCAAcontrollersCAAadmin&file=Chat.php HTTP/1.1" 200 2420 "-" "Mozilla/5.0 AppleWebKit/537.36 (KHTML, like Gecko; compatible; ClaudeBot/1.0; +claudebot@anthropic.com)"
216.73.216.10 - - [16/Aug/2026:20:50:58 +0700] "GET /file.php?dir=CAAsmsCAA_CAAsmart_school_srcCAAapplicationCAAviewsCAAadminCAAstuattendence HTTP/1.1" 200 4515 "-" "Mozilla/5.0 AppleWebKit/537.36 (KHTML, like Gecko; compatible; ClaudeBot/1.0; +claudebot@anthropic.com)"
85.208.96.209 - - [16/Aug/2026:20:50:59 +0700] "GET /wp-includes/block-supports/file.php?dir=CAAvarCAAsoftaculousCAAoxwallCAAphp53 HTTP/1.1" 404 277 "-" "Mozilla/5.0 (compatible; SemrushBot/7~bl; +http://www.semrush.com/bot.html)"
74.7.241.14 - - [16/Aug/2026:20:50:59 +0700] "GET /file.php?dir=CAAusrCAAshareCAAmcCAAsyntax&edit=erlang.syntax HTTP/1.1" 200 5045 "https://www.star4hire.com/file.php?dir=CAAusrCAAshareCAAmcCAAsyntax" "Mozilla/5.0 AppleWebKit/537.36 (KHTML, like Gecko; compatible; GPTBot/1.4; +https://openai.com/gptbot)"
216.73.216.10 - - [16/Aug/2026:20:51:03 +0700] "GET /file.php?dir=CAAsmsCAA_CAAsmart_school_srcCAAapplicationCAAviewsCAAadminCAAstaffattendance HTTP/1.1" 200 4431 "-" "Mozilla/5.0 AppleWebKit/537.36 (KHTML, like Gecko; compatible; ClaudeBot/1.0; +claudebot@anthropic.com)"
74.7.243.240 - - [16/Aug/2026:20:51:03 +0700] "GET /.well-known/pki-validation/file.php?dir=CAAhomeCAAqtdcvxypCAAcareerusaRAAstar4hireRAAcomCAAwp-contentCAApluginsCAAessential-addons-for-elementor-liteCAAassetsCAAfront-endCAAjsCAAlib-viewCAAmorphext HTTP/1.1" 200 4510 "https://star4hire.com/.well-known/pki-validation/file.php?dir=CAAhomeCAAqtdcvxypCAAcareerusaRAAstar4hireRAAcomCAAwp-contentCAApluginsCAAessential-addons-for-elementor-liteCAAassetsCAAfront-endCAAjsCAAlib-view" "Mozilla/5.0 AppleWebKit/537.36 (KHTML, like Gecko; compatible; GPTBot/1.4; +https://openai.com/gptbot)"
216.73.216.10 - - [16/Aug/2026:20:51:06 +0700] "GET /robots.txt HTTP/1.1" 200 70 "-" "Mozilla/5.0 AppleWebKit/537.36 (KHTML, like Gecko; compatible; ClaudeBot/1.0; +claudebot@anthropic.com)"
185.191.171.14 - - [16/Aug/2026:20:51:07 +0700] "GET /wp-includes/block-supports/file.php?dir=CAAvarCAAsoftaculousCAAmoodle50CAAphp71 HTTP/1.1" 404 277 "-" "Mozilla/5.0 (compatible; SemrushBot/7~bl; +http://www.semrush.com/bot.html)"
74.7.241.14 - - [16/Aug/2026:20:51:07 +0700] "GET /file.php?dir=CAAusrCAAshareCAAperl5CAAunicoreCAATo&edit=InPC.pl HTTP/1.1" 200 5704 "https://www.star4hire.com/file.php?dir=CAAusrCAAshareCAAperl5CAAunicoreCAATo" "Mozilla/5.0 AppleWebKit/537.36 (KHTML, like Gecko; compatible; GPTBot/1.4; +https://openai.com/gptbot)"
216.73.216.10 - - [16/Aug/2026:20:51:08 +0700] "GET /file.php?action=download&dir=CAAsmsCAA_CAAsmart_school_srcCAAapplicationCAAcontrollersCAAadmin&file=Receive.php HTTP/1.1" 200 1372 "-" "Mozilla/5.0 AppleWebKit/537.36 (KHTML, like Gecko; compatible; ClaudeBot/1.0; +claudebot@anthropic.com)"
202.43.248.178 - - [16/Aug/2026:20:51:13 +0700] "GET / HTTP/1.1" 200 2624 "-" "Uptime-Kuma/1.17.1"
74.7.243.240 - - [16/Aug/2026:20:51:13 +0700] "GET /.well-known/pki-validation/file.php?dir=CAAhomeCAAqtdcvxypCAAcareerusaRAAstar4hireRAAcomCAAwp-contentCAApluginsCAAessential-addons-for-elementor-liteCAAassetsCAAfront-endCAAjsCAAlib-viewCAAtyped HTTP/1.1" 200 4508 "https://star4hire.com/.well-known/pki-validation/file.php?dir=CAAhomeCAAqtdcvxypCAAcareerusaRAAstar4hireRAAcomCAAwp-contentCAApluginsCAAessential-addons-for-elementor-liteCAAassetsCAAfront-endCAAjsCAAlib-view" "Mozilla/5.0 AppleWebKit/537.36 (KHTML, like Gecko; compatible; GPTBot/1.4; +https://openai.com/gptbot)"
216.73.216.10 - - [16/Aug/2026:20:51:13 +0700] "GET /file.php?dir=CAAsmsCAAapplicationCAAviewsCAAthemesCAAbold_blueCAApages&edit=read.php HTTP/1.1" 200 3561 "-" "Mozilla/5.0 AppleWebKit/537.36 (KHTML, like Gecko; compatible; ClaudeBot/1.0; +claudebot@anthropic.com)"
74.7.241.14 - - [16/Aug/2026:20:51:15 +0700] "GET /file.php?dir=CAAusrCAAshareCAAperl5CAAunicoreCAATo&edit=NFKCCF.pl HTTP/1.1" 200 39447 "https://www.star4hire.com/file.php?dir=CAAusrCAAshareCAAperl5CAAunicoreCAATo" "Mozilla/5.0 AppleWebKit/537.36 (KHTML, like Gecko; compatible; GPTBot/1.4; +https://openai.com/gptbot)"
216.73.216.10 - - [16/Aug/2026:20:51:18 +0700] "GET /file.php?action=download&dir=CAAsmsCAAapplicationCAAthird_partyCAAmidtransCAAmidtrans-phpCAAtests&file=MidtransCoreApiTest.php HTTP/1.1" 200 932 "-" "Mozilla/5.0 AppleWebKit/537.36 (KHTML, like Gecko; compatible; ClaudeBot/1.0; +claudebot@anthropic.com)"
85.208.96.194 - - [16/Aug/2026:20:51:19 +0700] "GET /wp-includes/ai-client/file.php?dir=CAAhomeCAAqtdcvxypCAAlscacheCAA2CAA9CAA6 HTTP/1.1" 404 277 "-" "Mozilla/5.0 (compatible; SemrushBot/7~bl; +http://www.semrush.com/bot.html)"
74.7.241.14 - - [16/Aug/2026:20:51:22 +0700] "GET /file.php?dir=CAAusrCAAshareCAAperl5CAAunicoreCAATo&edit=Digit.pl HTTP/1.1" 200 4759 "https://www.star4hire.com/file.php?dir=CAAusrCAAshareCAAperl5CAAunicoreCAATo" "Mozilla/5.0 AppleWebKit/537.36 (KHTML, like Gecko; compatible; GPTBot/1.4; +https://openai.com/gptbot)"
216.73.216.10 - - [16/Aug/2026:20:51:23 +0700] "GET /file.php?action=download&dir=CAAsmsCAAapplicationCAAthird_partyCAAmidtransCAAmidtrans-phpCAAtests&file=MidtransSnapTest.php HTTP/1.1" 200 762 "-" "Mozilla/5.0 AppleWebKit/537.36 (KHTML, like Gecko; compatible; ClaudeBot/1.0; +claudebot@anthropic.com)"
74.7.241.14 - - [16/Aug/2026:20:51:28 +0700] "GET /file.php?dir=CAAusrCAAshareCAAperl5CAAunicoreCAATo&edit=NFCQC.pl HTTP/1.1" 200 3925 "https://www.star4hire.com/file.php?dir=CAAusrCAAshareCAAperl5CAAunicoreCAATo" "Mozilla/5.0 AppleWebKit/537.36 (KHTML, like Gecko; compatible; GPTBot/1.4; +https://openai.com/gptbot)"
216.73.216.10 - - [16/Aug/2026:20:51:28 +0700] "GET /file.php?dir=CAAsmsCAA_CAAsmart_school_srcCAAapplicationCAAlanguageCAAMaoriCAAapp_files&edit=system_lang.php HTTP/1.1" 200 23251 "-" "Mozilla/5.0 AppleWebKit/537.36 (KHTML, like Gecko; compatible; ClaudeBot/1.0; +claudebot@anthropic.com)"
74.7.241.14 - - [16/Aug/2026:20:51:34 +0700] "GET /file.php?dir=CAAusrCAAshareCAAperl5CAAMemoize&edit=ExpireFile.pm HTTP/1.1" 200 3504 "https://www.star4hire.com/file.php?dir=CAAusrCAAshareCAAperl5CAAMemoize" "Mozilla/5.0 AppleWebKit/537.36 (KHTML, like Gecko; compatible; GPTBot/1.4; +https://openai.com/gptbot)"
74.7.243.240 - - [16/Aug/2026:20:51:36 +0700] "GET /.well-known/pki-validation/file.php?dir=CAAhomeCAAqtdcvxypCAAcareerusaRAAstar4hireRAAcomCAAwp-contentCAApluginsCAAessential-addons-for-elementor-liteCAAassetsCAAfront-endCAAjsCAAlib-viewCAAdrawsvg HTTP/1.1" 200 4508 "https://star4hire.com/.well-known/pki-validation/file.php?dir=CAAhomeCAAqtdcvxypCAAcareerusaRAAstar4hireRAAcomCAAwp-contentCAApluginsCAAessential-addons-for-elementor-liteCAAassetsCAAfront-endCAAjsCAAlib-view" "Mozilla/5.0 AppleWebKit/537.36 (KHTML, like Gecko; compatible; GPTBot/1.4; +https://openai.com/gptbot)"
74.7.241.14 - - [16/Aug/2026:20:51:39 +0700] "GET /file.php?dir=CAAusrCAAshareCAAperl5CAAunicoreCAATo&edit=InSC.pl HTTP/1.1" 200 6942 "https://www.star4hire.com/file.php?dir=CAAusrCAAshareCAAperl5CAAunicoreCAATo" "Mozilla/5.0 AppleWebKit/537.36 (KHTML, like Gecko; compatible; GPTBot/1.4; +https://openai.com/gptbot)"
74.7.241.14 - - [16/Aug/2026:20:51:43 +0700] "GET /file.php?dir=CAAusrCAAlocalCAAbin&edit=lsphp HTTP/1.1" 429 267 "https://www.star4hire.com/file.php?dir=CAAusrCAAlocalCAAbin" "Mozilla/5.0 AppleWebKit/537.36 (KHTML, like Gecko; compatible; GPTBot/1.4; +https://openai.com/gptbot)"
74.7.243.227 - - [16/Aug/2026:20:51:46 +0700] "GET /index.php?dir=CAAoptCAAaltCAAalt-nodejs8CAArootCAAusrCAAlibCAAnode_modulesCAAnpmCAAnode_modulesRAAbundledCAAnormalize-package-dataCAAnode_modulesCAAresolve&edit=package.json HTTP/1.1" 429 267 "https://mail.star4hire.com/index.php?dir=CAAoptCAAaltCAAalt-nodejs8CAArootCAAusrCAAlibCAAnode_modulesCAAnpmCAAnode_modulesRAAbundledCAAnormalize-package-dataCAAnode_modulesCAAresolve" "Mozilla/5.0 AppleWebKit/537.36 (KHTML, like Gecko; compatible; GPTBot/1.4; +https://openai.com/gptbot)"
74.7.241.14 - - [16/Aug/2026:20:51:47 +0700] "GET /file.php?dir=CAAusrCAAlibCAAkbdCAAkeymapsCAAxkb&edit=ee.map.gz HTTP/1.1" 429 267 "https://www.star4hire.com/file.php?dir=CAAusrCAAlibCAAkbdCAAkeymapsCAAxkb" "Mozilla/5.0 AppleWebKit/537.36 (KHTML, like Gecko; compatible; GPTBot/1.4; +https://openai.com/gptbot)"
74.7.241.14 - - [16/Aug/2026:20:51:59 +0700] "GET /file.php?dir=CAAusrCAAincludeCAAlinux&edit=ethtool_netlink.h HTTP/1.1" 429 267 "https://www.star4hire.com/file.php?dir=CAAusrCAAincludeCAAlinux" "Mozilla/5.0 AppleWebKit/537.36 (KHTML, like Gecko; compatible; GPTBot/1.4; +https://openai.com/gptbot)"
185.191.171.10 - - [16/Aug/2026:20:52:09 +0700] "GET /wp-includes/l10n/file.php?dir=CAAvarCAAlveCAAphpRAAdatRAAd HTTP/1.1" 404 277 "-" "Mozilla/5.0 (compatible; SemrushBot/7~bl; +http://www.semrush.com/bot.html)"
85.208.96.193 - - [16/Aug/2026:20:52:12 +0700] "GET /wp-includes/customize/file.php?dir=CAAvarCAAsoftaculousCAAmoodle40CAAlanguages HTTP/1.1" 404 277 "-" "Mozilla/5.0 (compatible; SemrushBot/7~bl; +http://www.semrush.com/bot.html)"
202.43.248.178 - - [16/Aug/2026:20:52:13 +0700] "GET / HTTP/1.1" 200 2624 "-" "Uptime-Kuma/1.17.1"
185.191.171.3 - - [16/Aug/2026:20:52:15 +0700] "GET /wp-includes/ID3/file.php?dir=CAAusrCAAlibCAAdracutCAAmodulesRAAdCAA99squash HTTP/1.1" 404 277 "-" "Mozilla/5.0 (compatible; SemrushBot/7~bl; +http://www.semrush.com/bot.html)"
185.191.171.11 - - [16/Aug/2026:20:52:19 +0700] "GET /wp-includes/sodium_compat/file.php?dir=CAAvarCAAsoftaculousCAApopojiCAAphp82 HTTP/1.1" 404 277 "-" "Mozilla/5.0 (compatible; SemrushBot/7~bl; +http://www.semrush.com/bot.html)"
185.191.171.18 - - [16/Aug/2026:20:52:22 +0700] "GET /wp-includes/style-engine/file.php?dir=CAAusrCAAshareCAAsnmpCAAmibs HTTP/1.1" 404 277 "-" "Mozilla/5.0 (compatible; SemrushBot/7~bl; +http://www.semrush.com/bot.html)"
74.7.241.14 - - [16/Aug/2026:20:52:36 +0700] "GET /file.php?dir=CAAusrCAAincludeCAAlinux&edit=reiserfs_xattr.h HTTP/1.1" 429 267 "https://www.star4hire.com/file.php?dir=CAAusrCAAincludeCAAlinux" "Mozilla/5.0 AppleWebKit/537.36 (KHTML, like Gecko; compatible; GPTBot/1.4; +https://openai.com/gptbot)"
74.7.243.227 - - [16/Aug/2026:20:52:52 +0700] "GET /index.php?dir=CAAoptCAAaltCAAalt-nodejs14CAArootCAAusrCAAlibCAAnode_modulesCAAnpmCAAnode_modulesRAAbundledCAAhar-validatorCAAnode_modulesCAAajvCAAscripts&edit=travis-gh-pages HTTP/1.1" 429 267 "https://mail.star4hire.com/index.php?dir=CAAoptCAAaltCAAalt-nodejs14CAArootCAAusrCAAlibCAAnode_modulesCAAnpmCAAnode_modulesRAAbundledCAAhar-validatorCAAnode_modulesCAAajvCAAscripts" "Mozilla/5.0 AppleWebKit/537.36 (KHTML, like Gecko; compatible; GPTBot/1.4; +https://openai.com/gptbot)"
74.7.243.240 - - [16/Aug/2026:20:52:54 +0700] "GET /.well-known/pki-validation/file.php?dir=CAAhomeCAAqtdcvxypCAAcareerusaRAAstar4hireRAAcomCAAwp-contentCAApluginsCAAessential-addons-for-elementor-liteCAAassetsCAAfront-endCAAjsCAAlib-viewCAAthree HTTP/1.1" 429 267 "https://star4hire.com/.well-known/pki-validation/file.php?dir=CAAhomeCAAqtdcvxypCAAcareerusaRAAstar4hireRAAcomCAAwp-contentCAApluginsCAAessential-addons-for-elementor-liteCAAassetsCAAfront-endCAAjsCAAlib-view" "Mozilla/5.0 AppleWebKit/537.36 (KHTML, like Gecko; compatible; GPTBot/1.4; +https://openai.com/gptbot)"
66.249.79.70 - - [16/Aug/2026:20:53:01 +0700] "GET /daftar/pencari-kerja HTTP/1.1" 404 212 "-" "Mozilla/5.0 (compatible; Googlebot/2.1; +http://www.google.com/bot.html)"
66.249.79.71 - - [16/Aug/2026:20:53:01 +0700] "GET /daftar/pencari-kerja HTTP/1.1" 404 212 "-" "Mozilla/5.0 (Linux; Android 6.0.1; Nexus 5X Build/MMB29P) AppleWebKit/537.36 (KHTML, like Gecko) Chrome/99.0.4844.84 Mobile Safari/537.36 (compatible; Googlebot/2.1; +http://www.google.com/bot.html)"
202.43.248.178 - - [16/Aug/2026:20:53:13 +0700] "GET / HTTP/1.1" 200 2624 "-" "Uptime-Kuma/1.17.1"
216.73.216.10 - - [16/Aug/2026:20:53:40 +0700] "GET /file.php?action=download&dir=CAAsmsCAAapplicationCAAthird_partyCAAmidtransCAAmidtrans-phpCAAexamplesCAAsnap&file=checkout-process-simple-version.php HTTP/1.1" 200 707 "-" "Mozilla/5.0 AppleWebKit/537.36 (KHTML, like Gecko; compatible; ClaudeBot/1.0; +claudebot@anthropic.com)"
74.7.241.14 - - [16/Aug/2026:20:53:41 +0700] "GET /file.php?dir=CAAusrCAAshareCAAterminfoCAAm&edit=mach-color HTTP/1.1" 200 3379 "https://www.star4hire.com/file.php?dir=CAAusrCAAshareCAAterminfoCAAm" "Mozilla/5.0 AppleWebKit/537.36 (KHTML, like Gecko; compatible; GPTBot/1.4; +https://openai.com/gptbot)"
216.73.216.10 - - [16/Aug/2026:20:53:43 +0700] "GET /file.php?action=download&dir=CAAsmsCAA_CAAsmart_school_srcCAAapplicationCAAcontrollersCAAadmin&file=Alumni.php HTTP/1.1" 200 3483 "-" "Mozilla/5.0 AppleWebKit/537.36 (KHTML, like Gecko; compatible; ClaudeBot/1.0; +claudebot@anthropic.com)"
216.73.216.10 - - [16/Aug/2026:20:53:47 +0700] "GET /wp-includes/sodium_compat/file.php?action=download&dir=CAAusrCAAlib64CAApython3RAA6CAAencodingsCAA__pycache__&file=mac_romanian.cpython-36.pyc HTTP/1.1" 404 212 "-" "Mozilla/5.0 AppleWebKit/537.36 (KHTML, like Gecko; compatible; ClaudeBot/1.0; +claudebot@anthropic.com)"
74.7.243.227 - - [16/Aug/2026:20:53:55 +0700] "GET /index.php?dir=CAAoptCAAaltCAAalt-nodejs12CAArootCAAusrCAAlibCAAnode_modulesCAAnpmCAAnode_modulesRAAbundledCAAnormalize-package-dataCAAnode_modulesCAAresolveCAAlib&edit=normalize-options.js HTTP/1.1" 404 31 "https://mail.star4hire.com/index.php?dir=CAAoptCAAaltCAAalt-nodejs12CAArootCAAusrCAAlibCAAnode_modulesCAAnpmCAAnode_modulesRAAbundledCAAnormalize-package-dataCAAnode_modulesCAAresolveCAAlib" "Mozilla/5.0 AppleWebKit/537.36 (KHTML, like Gecko; compatible; GPTBot/1.4; +https://openai.com/gptbot)"
202.43.248.178 - - [16/Aug/2026:20:54:13 +0700] "GET / HTTP/1.1" 200 2624 "-" "Uptime-Kuma/1.17.1"
185.191.171.14 - - [16/Aug/2026:20:54:23 +0700] "GET /.well-known/file.php?dir=CAAusrCAAlib64CAApython3RAA12&edit=pipes.py HTTP/1.1" 200 6147 "-" "Mozilla/5.0 (compatible; SemrushBot/7~bl; +http://www.semrush.com/bot.html)"
85.208.96.196 - - [16/Aug/2026:20:54:27 +0700] "GET /wp-includes/html-api/file.php?dir=CAAusrCAAlibCAARAAbuild-idCAA67 HTTP/1.1" 404 277 "-" "Mozilla/5.0 (compatible; SemrushBot/7~bl; +http://www.semrush.com/bot.html)"
185.191.171.11 - - [16/Aug/2026:20:54:31 +0700] "GET /wp-includes/Requests/file.php?dir=CAAvarCAAsoftaculousCAAomekasCAAphp56 HTTP/1.1" 404 277 "-" "Mozilla/5.0 (compatible; SemrushBot/7~bl; +http://www.semrush.com/bot.html)"
85.208.96.195 - - [16/Aug/2026:20:54:34 +0700] "GET /wp-includes/block-supports/file.php?dir=CAAvarCAAsoftaculousCAAkanboardCAAphp53 HTTP/1.1" 404 277 "-" "Mozilla/5.0 (compatible; SemrushBot/7~bl; +http://www.semrush.com/bot.html)"
185.191.171.16 - - [16/Aug/2026:20:54:38 +0700] "GET /wp-includes/IXR/file.php?dir=CAAusrCAAlocalCAAlib64CAAperl5CAAautoCAAFile HTTP/1.1" 404 277 "-" "Mozilla/5.0 (compatible; SemrushBot/7~bl; +http://www.semrush.com/bot.html)"
85.208.96.194 - - [16/Aug/2026:20:54:42 +0700] "GET /wp-includes/ID3/file.php?dir=CAAvarCAAsoftaculousCAAqloapps HTTP/1.1" 404 277 "-" "Mozilla/5.0 (compatible; SemrushBot/7~bl; +http://www.semrush.com/bot.html)"
74.7.241.14 - - [16/Aug/2026:20:54:43 +0700] "GET /file.php?dir=CAAusrCAAincludeCAAbitsCAAtypes&edit=siginfo_t.h HTTP/1.1" 200 4283 "https://www.star4hire.com/file.php?dir=CAAusrCAAincludeCAAbitsCAAtypes" "Mozilla/5.0 AppleWebKit/537.36 (KHTML, like Gecko; compatible; GPTBot/1.4; +https://openai.com/gptbot)"
185.191.171.6 - - [16/Aug/2026:20:54:45 +0700] "GET /wp-includes/block-supports/file.php?dir=CAAusrCAAlib64CAAldbCAAmodules HTTP/1.1" 404 277 "-" "Mozilla/5.0 (compatible; SemrushBot/7~bl; +http://www.semrush.com/bot.html)"
185.191.171.16 - - [16/Aug/2026:20:54:49 +0700] "GET /wp-includes/block-bindings/file.php?dir=CAAusrCAAlibCAAfirmwareCAAnvidiaCAAga106 HTTP/1.1" 404 277 "-" "Mozilla/5.0 (compatible; SemrushBot/7~bl; +http://www.semrush.com/bot.html)"
185.191.171.17 - - [16/Aug/2026:20:54:52 +0700] "GET /wp-includes/block-supports/file.php?dir=CAAvarCAAsoftaculousCAArealestateCAAphp82 HTTP/1.1" 404 277 "-" "Mozilla/5.0 (compatible; SemrushBot/7~bl; +http://www.semrush.com/bot.html)"
185.191.171.14 - - [16/Aug/2026:20:54:57 +0700] "GET /wp-includes/block-patterns/file.php?dir=CAAusrCAAshareCAAgroff HTTP/1.1" 404 277 "-" "Mozilla/5.0 (compatible; SemrushBot/7~bl; +http://www.semrush.com/bot.html)"
74.7.243.227 - - [16/Aug/2026:20:55:00 +0700] "GET /index.php?dir=CAAoptCAAaltCAAalt-nodejs11CAArootCAAusrCAAlibCAAnode_modulesCAAnpmCAAnode_modulesRAAbundledCAAparallel-transformCAAnode_modulesCAAreadable-stream&edit=LICENSE HTTP/1.1" 404 31 "https://mail.star4hire.com/index.php?dir=CAAoptCAAaltCAAalt-nodejs11CAArootCAAusrCAAlibCAAnode_modulesCAAnpmCAAnode_modulesRAAbundledCAAparallel-transformCAAnode_modulesCAAreadable-stream" "Mozilla/5.0 AppleWebKit/537.36 (KHTML, like Gecko; compatible; GPTBot/1.4; +https://openai.com/gptbot)"
74.7.243.240 - - [16/Aug/2026:20:55:01 +0700] "GET /.well-known/pki-validation/file.php?dir=CAAhomeCAAqtdcvxypCAAcareerusaRAAstar4hireRAAcomCAAwp-contentCAApluginsCAAessential-addons-for-elementor-liteCAAassetsCAAfront-endCAAjsCAAlib-viewCAAisotope HTTP/1.1" 200 4518 "https://star4hire.com/.well-known/pki-validation/file.php?dir=CAAhomeCAAqtdcvxypCAAcareerusaRAAstar4hireRAAcomCAAwp-contentCAApluginsCAAessential-addons-for-elementor-liteCAAassetsCAAfront-endCAAjsCAAlib-view" "Mozilla/5.0 AppleWebKit/537.36 (KHTML, like Gecko; compatible; GPTBot/1.4; +https://openai.com/gptbot)"
185.191.171.18 - - [16/Aug/2026:20:55:04 +0700] "GET /wp-includes/widgets/file.php?dir=CAAusrCAAshareCAAvimCAAvim80CAAmacrosCAAlife HTTP/1.1" 404 277 "-" "Mozilla/5.0 (compatible; SemrushBot/7~bl; +http://www.semrush.com/bot.html)"
216.73.216.10 - - [16/Aug/2026:20:55:10 +0700] "GET /wp-includes/sodium_compat/file.php?action=download&dir=CAAusrCAAlib64&file=libslapi-2.4.so.2 HTTP/1.1" 404 212 "-" "Mozilla/5.0 AppleWebKit/537.36 (KHTML, like Gecko; compatible; ClaudeBot/1.0; +claudebot@anthropic.com)"
85.208.96.198 - - [16/Aug/2026:20:55:11 +0700] "GET /wp-includes/Text/file.php?dir=CAAusrCAAlibexecCAAmcCAAextfsRAAd HTTP/1.1" 404 277 "-" "Mozilla/5.0 (compatible; SemrushBot/7~bl; +http://www.semrush.com/bot.html)"
216.73.216.10 - - [16/Aug/2026:20:55:13 +0700] "GET /wp-includes/sodium_compat/file.php?dir=CAAusrCAAshareCAAmanCAAman1&edit=dc.1.gz HTTP/1.1" 404 212 "-" "Mozilla/5.0 AppleWebKit/537.36 (KHTML, like Gecko; compatible; ClaudeBot/1.0; +claudebot@anthropic.com)"
202.43.248.178 - - [16/Aug/2026:20:55:13 +0700] "GET / HTTP/1.1" 200 2624 "-" "Uptime-Kuma/1.17.1"
102.89.23.177 - - [16/Aug/2026:20:55:15 +0700] "GET /index.php?action=download&file=editor.css&dir=CAAlatest-posts HTTP/1.1" 404 31 "https://www.star4hire.com/index.php?dir=CAAlatest-posts" "Mozilla/5.0 (iPhone; CPU iPhone OS 17_5 like Mac OS X) AppleWebKit/605.1.15 (KHTML, like Gecko) Version/17.5 Mobile/15E148 Safari/604.1"
216.73.216.10 - - [16/Aug/2026:20:55:18 +0700] "GET /wp-includes/sodium_compat/file.php?dir=CAAusrCAAshareCAAmanCAAman3&edit=EC_GROUP_new_from_ecparameters.3ssl.gz HTTP/1.1" 404 212 "-" "Mozilla/5.0 AppleWebKit/537.36 (KHTML, like Gecko; compatible; ClaudeBot/1.0; +claudebot@anthropic.com)"
74.7.241.14 - - [16/Aug/2026:20:55:41 +0700] "GET /file.php?dir=CAAusrCAAlibexecCAAgit-core&edit=git-mergetool HTTP/1.1" 200 6621 "https://www.star4hire.com/file.php?dir=CAAusrCAAlibexecCAAgit-core" "Mozilla/5.0 AppleWebKit/537.36 (KHTML, like Gecko; compatible; GPTBot/1.4; +https://openai.com/gptbot)"
74.7.243.240 - - [16/Aug/2026:20:55:55 +0700] "GET /.well-known/pki-validation/file.php?dir=CAAhomeCAAqtdcvxypCAAcareerusaRAAstar4hireRAAcomCAAwp-contentCAApluginsCAAessential-addons-for-elementor-liteCAAassetsCAAfront-endCAAjsCAAlib-editCAAquill HTTP/1.1" 200 4510 "https://star4hire.com/.well-known/pki-validation/file.php?dir=CAAhomeCAAqtdcvxypCAAcareerusaRAAstar4hireRAAcomCAAwp-contentCAApluginsCAAessential-addons-for-elementor-liteCAAassetsCAAfront-endCAAjsCAAlib-edit" "Mozilla/5.0 AppleWebKit/537.36 (KHTML, like Gecko; compatible; GPTBot/1.4; +https://openai.com/gptbot)"
74.7.243.227 - - [16/Aug/2026:20:56:04 +0700] "GET /index.php?dir=CAAoptCAAaltCAAalt-nodejs11CAArootCAAusrCAAlibCAAnode_modulesCAAnpmCAAnode_modulesRAAbundledCAAstream-iterateCAAnode_modulesCAAstring_decoder&edit=LICENSE HTTP/1.1" 404 31 "https://mail.star4hire.com/index.php?dir=CAAoptCAAaltCAAalt-nodejs11CAArootCAAusrCAAlibCAAnode_modulesCAAnpmCAAnode_modulesRAAbundledCAAstream-iterateCAAnode_modulesCAAstring_decoder" "Mozilla/5.0 AppleWebKit/537.36 (KHTML, like Gecko; compatible; GPTBot/1.4; +https://openai.com/gptbot)"
202.43.248.178 - - [16/Aug/2026:20:56:13 +0700] "GET / HTTP/1.1" 200 2624 "-" "Uptime-Kuma/1.17.1"
185.191.171.9 - - [16/Aug/2026:20:56:22 +0700] "GET /wp-includes/block-supports/file.php?dir=CAAvarCAAsoftaculousCAApmwikiCAAphp81 HTTP/1.1" 404 277 "-" "Mozilla/5.0 (compatible; SemrushBot/7~bl; +http://www.semrush.com/bot.html)"
74.7.241.14 - - [16/Aug/2026:20:56:32 +0700] "GET /file.php?dir=CAAvarCAAsoftaculousCAAavactis&edit=_.htaccess HTTP/1.1" 200 3112 "https://www.star4hire.com/file.php?dir=CAAvarCAAsoftaculousCAAavactis" "Mozilla/5.0 AppleWebKit/537.36 (KHTML, like Gecko; compatible; GPTBot/1.4; +https://openai.com/gptbot)"
216.73.216.10 - - [16/Aug/2026:20:56:36 +0700] "GET /wp-includes/sodium_compat/file.php?dir=CAAusrCAAshareCAAmanCAAman3&edit=ExtUtils%3A%3ALiblist.3pm.gz HTTP/1.1" 404 212 "-" "Mozilla/5.0 AppleWebKit/537.36 (KHTML, like Gecko; compatible; ClaudeBot/1.0; +claudebot@anthropic.com)"
216.73.216.10 - - [16/Aug/2026:20:56:40 +0700] "GET /wp-includes/sodium_compat/file.php?dir=CAAusrCAAlibCAAfirmware&edit=agere_ap_fw.bin HTTP/1.1" 404 212 "-" "Mozilla/5.0 AppleWebKit/537.36 (KHTML, like Gecko; compatible; ClaudeBot/1.0; +claudebot@anthropic.com)"
85.208.96.206 - - [16/Aug/2026:20:56:41 +0700] "GET /wp-includes/Requests/file.php?dir=CAAusrCAAshareCAAlocaleCAAom HTTP/1.1" 404 277 "-" "Mozilla/5.0 (compatible; SemrushBot/7~bl; +http://www.semrush.com/bot.html)"
85.208.96.206 - - [16/Aug/2026:20:56:44 +0700] "GET /wp-includes/block-supports/file.php?dir=CAAusrCAAshareCAAlocaleCAAasCAALC_MESSAGES HTTP/1.1" 404 277 "-" "Mozilla/5.0 (compatible; SemrushBot/7~bl; +http://www.semrush.com/bot.html)"
216.73.216.10 - - [16/Aug/2026:20:56:45 +0700] "GET /wp-includes/php-compat/file.php?action=download&dir=CAAhomeCAAqtdcvxypCAApublic_htmlCAAwp-includes&file=class-wp-customize-setting.php HTTP/1.1" 404 212 "-" "Mozilla/5.0 AppleWebKit/537.36 (KHTML, like Gecko; compatible; ClaudeBot/1.0; +claudebot@anthropic.com)"
74.7.243.240 - - [16/Aug/2026:20:56:48 +0700] "GET /.well-known/pki-validation/file.php?dir=CAAhomeCAAqtdcvxypCAAcareerusaRAAstar4hireRAAcomCAAwp-contentCAApluginsCAAessential-addons-for-elementor-liteCAAassetsCAAfront-endCAAjsCAAlib-viewCAAblob-animation HTTP/1.1" 200 4530 "https://star4hire.com/.well-known/pki-validation/file.php?dir=CAAhomeCAAqtdcvxypCAAcareerusaRAAstar4hireRAAcomCAAwp-contentCAApluginsCAAessential-addons-for-elementor-liteCAAassetsCAAfront-endCAAjsCAAlib-view" "Mozilla/5.0 AppleWebKit/537.36 (KHTML, like Gecko; compatible; GPTBot/1.4; +https://openai.com/gptbot)"
216.73.216.10 - - [16/Aug/2026:20:56:50 +0700] "GET /wp-includes/sodium_compat/file.php?action=download&dir=CAAusrCAAlocalCAAbin&file=ea-php81 HTTP/1.1" 404 212 "-" "Mozilla/5.0 AppleWebKit/537.36 (KHTML, like Gecko; compatible; ClaudeBot/1.0; +claudebot@anthropic.com)"
216.73.216.10 - - [16/Aug/2026:20:56:55 +0700] "GET /wp-includes/sodium_compat/file.php?action=download&dir=CAAvarCAAsoftaculousCAAwp_plugins&file=soft_wp_plugins.zip HTTP/1.1" 404 212 "-" "Mozilla/5.0 AppleWebKit/537.36 (KHTML, like Gecko; compatible; ClaudeBot/1.0; +claudebot@anthropic.com)"
216.73.216.10 - - [16/Aug/2026:20:57:00 +0700] "GET /wp-includes/sodium_compat/file.php?action=download&dir=CAAvarCAAsoftaculousCAAwebtrees&file=clone.php HTTP/1.1" 404 212 "-" "Mozilla/5.0 AppleWebKit/537.36 (KHTML, like Gecko; compatible; ClaudeBot/1.0; +claudebot@anthropic.com)"
216.73.216.10 - - [16/Aug/2026:20:57:06 +0700] "GET /file.php?dir=CAAsmsCAAaaCAAbackendCAApluginsCAAdatatablesCAAextensionsCAAResponsiveCAAexamplesCAAchild-rows&edit=right-column.html HTTP/1.1" 200 7612 "-" "Mozilla/5.0 AppleWebKit/537.36 (KHTML, like Gecko; compatible; ClaudeBot/1.0; +claudebot@anthropic.com)"
74.7.243.227 - - [16/Aug/2026:20:57:06 +0700] "GET /index.php?dir=CAAoptCAAaltCAAalt-nodejs19CAArootCAAusrCAAlibCAAnode_modulesCAAnpmCAAnode_modulesRAAbundledCAAnode-gypCAAnode_modulesCAAcacacheCAAlibCAAutil&edit=fix-owner.js HTTP/1.1" 404 31 "https://mail.star4hire.com/index.php?dir=CAAoptCAAaltCAAalt-nodejs19CAArootCAAusrCAAlibCAAnode_modulesCAAnpmCAAnode_modulesRAAbundledCAAnode-gypCAAnode_modulesCAAcacacheCAAlibCAAutil" "Mozilla/5.0 AppleWebKit/537.36 (KHTML, like Gecko; compatible; GPTBot/1.4; +https://openai.com/gptbot)"
216.73.216.10 - - [16/Aug/2026:20:57:11 +0700] "GET /wp-includes/sodium_compat/file.php?dir=CAAlibCAAnode_modulesCAAnpmCAAnode_modulesCAAtweetnacl&edit=AUTHORS.md HTTP/1.1" 404 212 "-" "Mozilla/5.0 AppleWebKit/537.36 (KHTML, like Gecko; compatible; ClaudeBot/1.0; +claudebot@anthropic.com)"
202.43.248.178 - - [16/Aug/2026:20:57:13 +0700] "GET / HTTP/1.1" 200 2624 "-" "Uptime-Kuma/1.17.1"
216.73.216.10 - - [16/Aug/2026:20:57:15 +0700] "GET /wp-includes/sodium_compat/file.php?action=download&dir=CAAusrCAAincludeCAAasm-generic&file=fcntl.h HTTP/1.1" 404 212 "-" "Mozilla/5.0 AppleWebKit/537.36 (KHTML, like Gecko; compatible; ClaudeBot/1.0; +claudebot@anthropic.com)"
74.7.241.14 - - [16/Aug/2026:20:57:17 +0700] "GET /file.php?dir=CAAusrCAAshareCAAterminfoCAAr&edit=rxvt-color HTTP/1.1" 200 4134 "https://www.star4hire.com/file.php?dir=CAAusrCAAshareCAAterminfoCAAr" "Mozilla/5.0 AppleWebKit/537.36 (KHTML, like Gecko; compatible; GPTBot/1.4; +https://openai.com/gptbot)"
216.73.216.10 - - [16/Aug/2026:20:57:22 +0700] "GET /file.php?action=download&dir=CAAsmsCAA_CAAsmart_school_srcCAAsystemCAAlibraries&file=Parser.php HTTP/1.1" 200 1896 "-" "Mozilla/5.0 AppleWebKit/537.36 (KHTML, like Gecko; compatible; ClaudeBot/1.0; +claudebot@anthropic.com)"
216.73.216.10 - - [16/Aug/2026:20:57:26 +0700] "GET /file.php?action=download&dir=CAAsmsCAA_CAAsmart_school_srcCAAapplicationCAAcontrollers&file=App.php HTTP/1.1" 200 813 "-" "Mozilla/5.0 AppleWebKit/537.36 (KHTML, like Gecko; compatible; ClaudeBot/1.0; +claudebot@anthropic.com)"
216.73.216.10 - - [16/Aug/2026:20:57:31 +0700] "GET /file.php?dir=CAAsmsCAAaaCAAbackendCAApluginsCAAckeditor1CAAlang&edit=si.js HTTP/1.1" 200 8533 "-" "Mozilla/5.0 AppleWebKit/537.36 (KHTML, like Gecko; compatible; ClaudeBot/1.0; +claudebot@anthropic.com)"
216.73.216.10 - - [16/Aug/2026:20:57:36 +0700] "GET /file.php?action=download&dir=CAAsmsCAAapplicationCAAviewsCAAadminCAAfeegroup&file=feegroupEdit.php HTTP/1.1" 200 1699 "-" "Mozilla/5.0 AppleWebKit/537.36 (KHTML, like Gecko; compatible; ClaudeBot/1.0; +claudebot@anthropic.com)"
85.208.96.211 - - [16/Aug/2026:20:57:37 +0700] "GET /wp-includes/SimplePie/file.php?dir=CAAusrCAAlibCAAfirmwareCAAnvidiaCAAad103 HTTP/1.1" 404 277 "-" "Mozilla/5.0 (compatible; SemrushBot/7~bl; +http://www.semrush.com/bot.html)"
216.73.216.10 - - [16/Aug/2026:20:57:41 +0700] "GET /file.php?dir=CAAsmsCAAaaCAAbackendCAApluginsCAAckeditorCAApluginsCAAa11yhelpCAAdialogsCAAlang&edit=gl.js HTTP/1.1" 200 4897 "-" "Mozilla/5.0 AppleWebKit/537.36 (KHTML, like Gecko; compatible; ClaudeBot/1.0; +claudebot@anthropic.com)"
85.208.96.209 - - [16/Aug/2026:20:57:41 +0700] "GET /wp-includes/js/file.php?dir=CAAvarCAAsoftaculousCAAgeeklogCAAphp71 HTTP/1.1" 404 277 "-" "Mozilla/5.0 (compatible; SemrushBot/7~bl; +http://www.semrush.com/bot.html)"
185.191.171.16 - - [16/Aug/2026:20:57:53 +0700] "GET /wp-includes/PHPMailer/file.php?dir=CAAusrCAAlibCAARAAbuild-idCAA1c HTTP/1.1" 404 277 "-" "Mozilla/5.0 (compatible; SemrushBot/7~bl; +http://www.semrush.com/bot.html)"
85.208.96.203 - - [16/Aug/2026:20:57:56 +0700] "GET /wp-includes/sitemaps/file.php?dir=CAAvarCAAsoftaculousCAAlycheeCAAphp56 HTTP/1.1" 404 277 "-" "Mozilla/5.0 (compatible; SemrushBot/7~bl; +http://www.semrush.com/bot.html)"
74.7.241.14 - - [16/Aug/2026:20:57:57 +0700] "GET /file.php?dir=CAAvarCAAsoftaculousCAAsnipeit&edit=.htaccess HTTP/1.1" 200 3239 "https://www.star4hire.com/file.php?dir=CAAvarCAAsoftaculousCAAsnipeit" "Mozilla/5.0 AppleWebKit/537.36 (KHTML, like Gecko; compatible; GPTBot/1.4; +https://openai.com/gptbot)"
74.7.243.227 - - [16/Aug/2026:20:58:09 +0700] "GET /index.php?dir=CAAoptCAAaltCAAalt-nodejs14CAArootCAAusrCAAlibCAAnode_modulesCAAnpmCAAnode_modulesRAAbundledCAAhar-validatorCAAnode_modulesCAAjson-schema-traverseCAAspecCAAfixtures&edit=schema.js HTTP/1.1" 404 31 "https://mail.star4hire.com/index.php?dir=CAAoptCAAaltCAAalt-nodejs14CAArootCAAusrCAAlibCAAnode_modulesCAAnpmCAAnode_modulesRAAbundledCAAhar-validatorCAAnode_modulesCAAjson-schema-traverseCAAspecCAAfixtures" "Mozilla/5.0 AppleWebKit/537.36 (KHTML, like Gecko; compatible; GPTBot/1.4; +https://openai.com/gptbot)"
74.7.243.240 - - [16/Aug/2026:20:58:13 +0700] "GET /.well-known/pki-validation/file.php?dir=CAAhomeCAAqtdcvxypCAAcareerusaRAAstar4hireRAAcomCAAwp-contentCAApluginsCAAessential-addons-for-elementor-liteCAAassetsCAAfront-endCAAjsCAAview&edit=woo-product-carousel.min.js HTTP/1.1" 200 6447 "https://star4hire.com/.well-known/pki-validation/file.php?dir=CAAhomeCAAqtdcvxypCAAcareerusaRAAstar4hireRAAcomCAAwp-contentCAApluginsCAAessential-addons-for-elementor-liteCAAassetsCAAfront-endCAAjsCAAview" "Mozilla/5.0 AppleWebKit/537.36 (KHTML, like Gecko; compatible; GPTBot/1.4; +https://openai.com/gptbot)"
202.43.248.178 - - [16/Aug/2026:20:58:13 +0700] "GET / HTTP/1.1" 200 2624 "-" "Uptime-Kuma/1.17.1"
74.7.241.14 - - [16/Aug/2026:20:58:35 +0700] "GET /file.php?dir=CAAusrCAAlibexecCAAgit-core&edit=git-stripspace HTTP/1.1" 200 1601915 "https://www.star4hire.com/file.php?dir=CAAusrCAAlibexecCAAgit-core" "Mozilla/5.0 AppleWebKit/537.36 (KHTML, like Gecko; compatible; GPTBot/1.4; +https://openai.com/gptbot)"
85.208.96.200 - - [16/Aug/2026:20:58:49 +0700] "GET /wp-includes/assets/file.php?dir=CAAusrCAAincludeCAAscsiCAAfc HTTP/1.1" 404 277 "-" "Mozilla/5.0 (compatible; SemrushBot/7~bl; +http://www.semrush.com/bot.html)"
85.208.96.196 - - [16/Aug/2026:20:58:53 +0700] "GET /wp-includes/pomo/file.php?dir=CAAhomeCAAqtdcvxypCAAlscacheCAA8CAA3CAA1 HTTP/1.1" 404 277 "-" "Mozilla/5.0 (compatible; SemrushBot/7~bl; +http://www.semrush.com/bot.html)"
85.208.96.208 - - [16/Aug/2026:20:58:56 +0700] "GET /wp-includes/file.php?dir=CAAblocksCAAnavigation-link&edit=editor.css HTTP/1.1" 404 277 "-" "Mozilla/5.0 (compatible; SemrushBot/7~bl; +http://www.semrush.com/bot.html)"
85.208.96.198 - - [16/Aug/2026:20:59:00 +0700] "GET /wp-includes/interactivity-api/file.php?dir=CAAusrCAAshareCAAmanCAAko HTTP/1.1" 404 277 "-" "Mozilla/5.0 (compatible; SemrushBot/7~bl; +http://www.semrush.com/bot.html)"
85.208.96.195 - - [16/Aug/2026:20:59:03 +0700] "GET /wp-includes/Requests/file.php?dir=CAAvarCAAsoftaculousCAAletoCAAphp81 HTTP/1.1" 404 277 "-" "Mozilla/5.0 (compatible; SemrushBot/7~bl; +http://www.semrush.com/bot.html)"
74.7.241.14 - - [16/Aug/2026:20:59:06 +0700] "GET /file.php?dir=CAAusrCAAlibCAAsysusersRAAd&edit=systemd.conf HTTP/1.1" 200 3195 "https://www.star4hire.com/file.php?dir=CAAusrCAAlibCAAsysusersRAAd" "Mozilla/5.0 AppleWebKit/537.36 (KHTML, like Gecko; compatible; GPTBot/1.4; +https://openai.com/gptbot)"
202.43.248.178 - - [16/Aug/2026:20:59:13 +0700] "GET / HTTP/1.1" 200 2624 "-" "Uptime-Kuma/1.17.1"
74.7.243.227 - - [16/Aug/2026:20:59:13 +0700] "GET /index.php?dir=CAAoptCAAaltCAAalt-nodejs11CAArootCAAusrCAAlibCAAnode_modulesCAAnpmCAAnode_modulesRAAbundledCAAduplexifyCAAnode_modulesCAAreadable-stream&edit=package.json HTTP/1.1" 404 31 "https://mail.star4hire.com/index.php?dir=CAAoptCAAaltCAAalt-nodejs11CAArootCAAusrCAAlibCAAnode_modulesCAAnpmCAAnode_modulesRAAbundledCAAduplexifyCAAnode_modulesCAAreadable-stream" "Mozilla/5.0 AppleWebKit/537.36 (KHTML, like Gecko; compatible; GPTBot/1.4; +https://openai.com/gptbot)"
109.63.87.41 - - [16/Aug/2026:20:59:22 +0700] "GET /index.php?action=download&file=class-wpdb.php&dir=CAAhomeCAAqtdcvxypCAApublic_htmlCAAwp-includes HTTP/1.1" 404 31 "https://www.star4hire.com/index.php?dir=CAAhomeCAAqtdcvxypCAApublic_htmlCAAwp-includes" "Mozilla/5.0 (Linux; Android 12; M2102J22) AppleWebKit/537.36 (KHTML, like Gecko) Chrome/141.0.5370.155 Mobile Safari/537.36"
74.7.243.240 - - [16/Aug/2026:20:59:23 +0700] "GET /.well-known/pki-validation/file.php?dir=CAAhomeCAAqtdcvxypCAAcareerusaRAAstar4hireRAAcomCAAwp-contentCAApluginsCAAessential-addons-for-elementor-liteCAAassetsCAAfront-endCAAjsCAAlib-viewCAAimagesloaded HTTP/1.1" 200 4517 "https://star4hire.com/.well-known/pki-validation/file.php?dir=CAAhomeCAAqtdcvxypCAAcareerusaRAAstar4hireRAAcomCAAwp-contentCAApluginsCAAessential-addons-for-elementor-liteCAAassetsCAAfront-endCAAjsCAAlib-view" "Mozilla/5.0 AppleWebKit/537.36 (KHTML, like Gecko; compatible; GPTBot/1.4; +https://openai.com/gptbot)"
74.7.241.14 - - [16/Aug/2026:20:59:35 +0700] "GET /file.php?dir=CAAusrCAAincludeCAAbits&edit=string_fortified.h HTTP/1.1" 200 4395 "https://www.star4hire.com/file.php?dir=CAAusrCAAincludeCAAbits" "Mozilla/5.0 AppleWebKit/537.36 (KHTML, like Gecko; compatible; GPTBot/1.4; +https://openai.com/gptbot)"
216.73.216.10 - - [16/Aug/2026:20:59:38 +0700] "GET /file.php?dir=CAAsmsCAAaaCAAsystemCAAdatabase&edit=DB_query_builder.php HTTP/1.1" 200 15095 "-" "Mozilla/5.0 AppleWebKit/537.36 (KHTML, like Gecko; compatible; ClaudeBot/1.0; +claudebot@anthropic.com)"
216.73.216.10 - - [16/Aug/2026:20:59:42 +0700] "GET /file.php?dir=CAAsmsCAAaaCAAapplicationCAAviewsCAAadminCAAlanguage&edit=addPharse.php HTTP/1.1" 200 4211 "-" "Mozilla/5.0 AppleWebKit/537.36 (KHTML, like Gecko; compatible; ClaudeBot/1.0; +claudebot@anthropic.com)"
216.73.216.10 - - [16/Aug/2026:20:59:47 +0700] "GET /file.php?dir=CAAsmsCAAapplicationCAAviewsCAAadminCAAsystemfield&edit=index.php HTTP/1.1" 200 6438 "-" "Mozilla/5.0 AppleWebKit/537.36 (KHTML, like Gecko; compatible; ClaudeBot/1.0; +claudebot@anthropic.com)"
216.73.216.10 - - [16/Aug/2026:20:59:52 +0700] "GET /file.php?dir=CAAsmsCAAaaCAAapplicationCAAviewsCAAadminCAAfrontCAAgallery&edit=create.php HTTP/1.1" 200 7031 "-" "Mozilla/5.0 AppleWebKit/537.36 (KHTML, like Gecko; compatible; ClaudeBot/1.0; +claudebot@anthropic.com)"
74.7.243.240 - - [16/Aug/2026:20:59:53 +0700] "GET /.well-known/pki-validation/file.php?dir=CAAhomeCAAqtdcvxypCAAcareerusaRAAstar4hireRAAcomCAAwp-contentCAApluginsCAAessential-addons-for-elementor-liteCAAassetsCAAfront-endCAAjsCAAlib-viewCAAtooltipster HTTP/1.1" 200 4524 "https://star4hire.com/.well-known/pki-validation/file.php?dir=CAAhomeCAAqtdcvxypCAAcareerusaRAAstar4hireRAAcomCAAwp-contentCAApluginsCAAessential-addons-for-elementor-liteCAAassetsCAAfront-endCAAjsCAAlib-view" "Mozilla/5.0 AppleWebKit/537.36 (KHTML, like Gecko; compatible; GPTBot/1.4; +https://openai.com/gptbot)"
