74.7.243.240 - - [16/Aug/2026:20:38:20 +0700] "GET /.well-known/pki-validation/file.php?dir=CAAhomeCAAqtdcvxypCAAcareerusaRAAstar4hireRAAcomCAAwp-contentCAApluginsCAAessential-addons-for-elementor-liteCAAassetsCAAfront-endCAAjsCAAlib-viewCAAmagnific-popup HTTP/1.1" 200 4525 "https://star4hire.com/.well-known/pki-validation/file.php?dir=CAAhomeCAAqtdcvxypCAAcareerusaRAAstar4hireRAAcomCAAwp-contentCAApluginsCAAessential-addons-for-elementor-liteCAAassetsCAAfront-endCAAjsCAAlib-view" "Mozilla/5.0 AppleWebKit/537.36 (KHTML, like Gecko; compatible; GPTBot/1.4; +https://openai.com/gptbot)"
197.146.1.250 - - [16/Aug/2026:20:38:24 +0700] "GET /index.php?action=download&file=class-wp-recovery-mode-cookie-service.php&dir=CAAhomeCAAqtdcvxypCAApublic_htmlCAAwp-includes HTTP/1.1" 404 31 "https://www.star4hire.com/index.php?dir=CAAhomeCAAqtdcvxypCAApublic_htmlCAAwp-includes" "Mozilla/5.0 (iPhone; CPU iPhone OS 18_3 like Mac OS X) AppleWebKit/605.1.15 (KHTML, like Gecko) Version/18.3 Mobile/15E148 Safari/604.1"
74.7.241.14 - - [16/Aug/2026:20:38:28 +0700] "GET /file.php?dir=CAAsmsCAA_CAAonlineCAAsmart_school_online_course_srcCAAstep-2CAAapplicationCAAlanguageCAAAfrikaans HTTP/1.1" 200 4291 "https://www.star4hire.com/file.php?dir=CAAsmsCAA_CAAonlineCAAsmart_school_online_course_srcCAAstep-2CAAapplicationCAAlanguage" "Mozilla/5.0 AppleWebKit/537.36 (KHTML, like Gecko; compatible; GPTBot/1.4; +https://openai.com/gptbot)"
74.7.243.240 - - [16/Aug/2026:20:38:40 +0700] "GET /.well-known/pki-validation/file.php?dir=CAAhomeCAAqtdcvxypCAAcareerusaRAAstar4hireRAAcomCAAwp-contentCAApluginsCAAessential-addons-for-elementor-liteCAAassetsCAAfront-endCAAjsCAAlib-viewCAAimage-zoom HTTP/1.1" 200 4519 "https://star4hire.com/.well-known/pki-validation/file.php?dir=CAAhomeCAAqtdcvxypCAAcareerusaRAAstar4hireRAAcomCAAwp-contentCAApluginsCAAessential-addons-for-elementor-liteCAAassetsCAAfront-endCAAjsCAAlib-view" "Mozilla/5.0 AppleWebKit/537.36 (KHTML, like Gecko; compatible; GPTBot/1.4; +https://openai.com/gptbot)"
74.7.241.14 - - [16/Aug/2026:20:38:47 +0700] "GET /hello/file.php?dir=CAAhomeCAAqtdcvxypCAApublic_htmlCAAsmsCAA_CAAsmart_school_srcCAAuploadsCAAschool_content HTTP/1.1" 200 4577 "https://www.star4hire.com/hello/file.php?dir=CAAhomeCAAqtdcvxypCAApublic_htmlCAAsmsCAA_CAAsmart_school_srcCAAuploads" "Mozilla/5.0 AppleWebKit/537.36 (KHTML, like Gecko; compatible; GPTBot/1.4; +https://openai.com/gptbot)"
216.244.66.202 - - [16/Aug/2026:20:38:50 +0700] "GET /jobseeker/job_vacancy/add_favorit/103571310362e88dca7b1aa HTTP/1.1" 404 355 "-" "Mozilla/5.0 (compatible; DotBot/1.2; +https://opensiteexplorer.org/dotbot; help@moz.com)"
216.244.66.202 - - [16/Aug/2026:20:38:53 +0700] "GET /jobseeker/job_vacancy/add_favorit/10851276515e37ff4857d82 HTTP/1.1" 404 355 "-" "Mozilla/5.0 (compatible; DotBot/1.2; +https://opensiteexplorer.org/dotbot; help@moz.com)"
216.244.66.202 - - [16/Aug/2026:20:38:56 +0700] "GET /jobseeker/job_vacancy/add_favorit/1158612043636aa2928b844 HTTP/1.1" 404 355 "-" "Mozilla/5.0 (compatible; DotBot/1.2; +https://opensiteexplorer.org/dotbot; help@moz.com)"
185.191.171.16 - - [16/Aug/2026:20:38:58 +0700] "GET /wp-includes/certificates/file.php?dir=CAAusrCAAlibCAARAAbuild-idCAA23 HTTP/1.1" 404 277 "-" "Mozilla/5.0 (compatible; SemrushBot/7~bl; +http://www.semrush.com/bot.html)"
216.244.66.202 - - [16/Aug/2026:20:38:59 +0700] "GET /jobseeker/job_vacancy/add_favorit/12096142405ef2586200600 HTTP/1.1" 404 355 "-" "Mozilla/5.0 (compatible; DotBot/1.2; +https://opensiteexplorer.org/dotbot; help@moz.com)"
216.244.66.202 - - [16/Aug/2026:20:39:01 +0700] "GET /jobseeker/job_vacancy/add_favorit/1210932080636a73b0dcc39 HTTP/1.1" 404 355 "-" "Mozilla/5.0 (compatible; DotBot/1.2; +https://opensiteexplorer.org/dotbot; help@moz.com)"
74.7.243.227 - - [16/Aug/2026:20:39:02 +0700] "GET /index.php?dir=CAAoptCAAaltCAAalt-nodejs12CAArootCAAusrCAAlibCAAnode_modulesCAAnpmCAAnode_modulesRAAbundledCAAparallel-transformCAAnode_modulesCAAstring_decoder&edit=package.json HTTP/1.1" 404 31 "https://mail.star4hire.com/index.php?dir=CAAoptCAAaltCAAalt-nodejs12CAArootCAAusrCAAlibCAAnode_modulesCAAnpmCAAnode_modulesRAAbundledCAAparallel-transformCAAnode_modulesCAAstring_decoder" "Mozilla/5.0 AppleWebKit/537.36 (KHTML, like Gecko; compatible; GPTBot/1.4; +https://openai.com/gptbot)"
185.191.171.16 - - [16/Aug/2026:20:39:03 +0700] "GET /wp-includes/fonts/file.php?dir=CAAusrCAAlibCAAsysctlRAAd HTTP/1.1" 404 277 "-" "Mozilla/5.0 (compatible; SemrushBot/7~bl; +http://www.semrush.com/bot.html)"
74.7.241.14 - - [16/Aug/2026:20:39:04 +0700] "GET /file.php?dir=CAAusrCAAlib64CAAlibuser&edit=libuser_ldap.so HTTP/1.1" 200 19575 "https://www.star4hire.com/file.php?dir=CAAusrCAAlib64CAAlibuser" "Mozilla/5.0 AppleWebKit/537.36 (KHTML, like Gecko; compatible; GPTBot/1.4; +https://openai.com/gptbot)"
216.244.66.202 - - [16/Aug/2026:20:39:05 +0700] "GET /jobseeker/job_vacancy/add_favorit/1232730629611a0817014c4 HTTP/1.1" 404 355 "-" "Mozilla/5.0 (compatible; DotBot/1.2; +https://opensiteexplorer.org/dotbot; help@moz.com)"
185.191.171.2 - - [16/Aug/2026:20:39:08 +0700] "GET /wp-includes/abilities-api/file.php?dir=CAAusrCAAlibCAARAAbuild-idCAA7f HTTP/1.1" 404 277 "-" "Mozilla/5.0 (compatible; SemrushBot/7~bl; +http://www.semrush.com/bot.html)"
202.43.248.178 - - [16/Aug/2026:20:39:10 +0700] "GET / HTTP/1.1" 200 2624 "-" "Uptime-Kuma/1.17.1"
216.244.66.202 - - [16/Aug/2026:20:39:11 +0700] "GET /jobseeker/job_vacancy/add_favorit/12637175995f1bd60c023c2 HTTP/1.1" 404 355 "-" "Mozilla/5.0 (compatible; DotBot/1.2; +https://opensiteexplorer.org/dotbot; help@moz.com)"
185.191.171.7 - - [16/Aug/2026:20:39:13 +0700] "GET /wp-includes/Requests/file.php?dir=CAAvarCAAsoftaculousCAAkokenCAAimages HTTP/1.1" 404 277 "-" "Mozilla/5.0 (compatible; SemrushBot/7~bl; +http://www.semrush.com/bot.html)"
216.244.66.202 - - [16/Aug/2026:20:39:16 +0700] "GET /jobseeker/job_vacancy/add_favorit/134940637661601363eca2a HTTP/1.1" 404 355 "-" "Mozilla/5.0 (compatible; DotBot/1.2; +https://opensiteexplorer.org/dotbot; help@moz.com)"
185.191.171.12 - - [16/Aug/2026:20:39:17 +0700] "GET /wp-includes/certificates/file.php?dir=CAAusrCAAshareCAAperl5CAAvendor_perlCAAModule HTTP/1.1" 404 277 "-" "Mozilla/5.0 (compatible; SemrushBot/7~bl; +http://www.semrush.com/bot.html)"
74.7.241.14 - - [16/Aug/2026:20:39:20 +0700] "GET /file.php?dir=CAAusrCAAshareCAAmanCAAdeCAAman1&edit=sg.1.gz HTTP/1.1" 200 4195 "https://www.star4hire.com/file.php?dir=CAAusrCAAshareCAAmanCAAdeCAAman1" "Mozilla/5.0 AppleWebKit/537.36 (KHTML, like Gecko; compatible; GPTBot/1.4; +https://openai.com/gptbot)"
185.191.171.16 - - [16/Aug/2026:20:39:20 +0700] "GET /wp-includes/html-api/file.php?dir=CAAusrCAAlibCAAlocaleCAAen_PH HTTP/1.1" 404 277 "-" "Mozilla/5.0 (compatible; SemrushBot/7~bl; +http://www.semrush.com/bot.html)"
216.244.66.202 - - [16/Aug/2026:20:39:21 +0700] "GET /jobseeker/job_vacancy/add_favorit/136708353260aca3fe8ad7b HTTP/1.1" 404 355 "-" "Mozilla/5.0 (compatible; DotBot/1.2; +https://opensiteexplorer.org/dotbot; help@moz.com)"
85.208.96.210 - - [16/Aug/2026:20:39:24 +0700] "GET /wp-includes/l10n/file.php?dir=CAAusrCAAlibCAARAAbuild-idCAAc1 HTTP/1.1" 404 277 "-" "Mozilla/5.0 (compatible; SemrushBot/7~bl; +http://www.semrush.com/bot.html)"
216.244.66.202 - - [16/Aug/2026:20:39:26 +0700] "GET /jobseeker/job_vacancy/add_favorit/14728032296392944e3343d HTTP/1.1" 404 355 "-" "Mozilla/5.0 (compatible; DotBot/1.2; +https://opensiteexplorer.org/dotbot; help@moz.com)"
74.7.243.240 - - [16/Aug/2026:20:39:27 +0700] "GET /.well-known/pki-validation/file.php?dir=CAAhomeCAAqtdcvxypCAAcareerusaRAAstar4hireRAAcomCAAwp-contentCAApluginsCAAessential-addons-for-elementor-liteCAAassetsCAAfront-endCAAjsCAAlib-viewCAAdom-purify HTTP/1.1" 200 4418 "https://star4hire.com/.well-known/pki-validation/file.php?dir=CAAhomeCAAqtdcvxypCAAcareerusaRAAstar4hireRAAcomCAAwp-contentCAApluginsCAAessential-addons-for-elementor-liteCAAassetsCAAfront-endCAAjsCAAlib-view" "Mozilla/5.0 AppleWebKit/537.36 (KHTML, like Gecko; compatible; GPTBot/1.4; +https://openai.com/gptbot)"
185.191.171.17 - - [16/Aug/2026:20:39:28 +0700] "GET /wp-includes/css/file.php?dir=CAAusrCAAlib64CAApython3RAA8CAApydoc_data HTTP/1.1" 404 277 "-" "Mozilla/5.0 (compatible; SemrushBot/7~bl; +http://www.semrush.com/bot.html)"
216.244.66.202 - - [16/Aug/2026:20:39:30 +0700] "GET /jobseeker/job_vacancy/add_favorit/14828510646163f37dc047e HTTP/1.1" 404 355 "-" "Mozilla/5.0 (compatible; DotBot/1.2; +https://opensiteexplorer.org/dotbot; help@moz.com)"
185.191.171.14 - - [16/Aug/2026:20:39:32 +0700] "GET /wp-includes/l10n/file.php?dir=CAAusrCAAshareCAAlocaleCAAspCAALC_MESSAGES HTTP/1.1" 404 277 "-" "Mozilla/5.0 (compatible; SemrushBot/7~bl; +http://www.semrush.com/bot.html)"
74.7.241.14 - - [16/Aug/2026:20:39:34 +0700] "GET /file.php?dir=CAAusrCAAshareCAAmanCAAdeCAAman1&edit=gsnd.1.gz HTTP/1.1" 200 3568 "https://www.star4hire.com/file.php?dir=CAAusrCAAshareCAAmanCAAdeCAAman1" "Mozilla/5.0 AppleWebKit/537.36 (KHTML, like Gecko; compatible; GPTBot/1.4; +https://openai.com/gptbot)"
216.73.216.10 - - [16/Aug/2026:20:39:38 +0700] "GET /file.php?dir=CAAsmsCAA_CAAsmart_school_srcCAAapplicationCAAcontrollersCAAadmin&edit=Generateidcard.php HTTP/1.1" 200 4210 "-" "Mozilla/5.0 AppleWebKit/537.36 (KHTML, like Gecko; compatible; ClaudeBot/1.0; +claudebot@anthropic.com)"
216.244.66.202 - - [16/Aug/2026:20:39:40 +0700] "GET /jobseeker/job_vacancy/add_favorit/14972469706338953f3f0eb HTTP/1.1" 404 355 "-" "Mozilla/5.0 (compatible; DotBot/1.2; +https://opensiteexplorer.org/dotbot; help@moz.com)"
216.73.216.10 - - [16/Aug/2026:20:39:41 +0700] "GET /file.php?dir=CAAsmsCAA_CAAsmart_school_srcCAAapplicationCAAcontrollers&edit=Welcome.php HTTP/1.1" 200 12240 "-" "Mozilla/5.0 AppleWebKit/537.36 (KHTML, like Gecko; compatible; ClaudeBot/1.0; +claudebot@anthropic.com)"
185.191.171.19 - - [16/Aug/2026:20:39:41 +0700] "GET /wp-includes/certificates/file.php?dir=CAAusrCAAshareCAAlocaleCAAmlCAALC_MESSAGES HTTP/1.1" 404 277 "-" "Mozilla/5.0 (compatible; SemrushBot/7~bl; +http://www.semrush.com/bot.html)"
216.73.216.10 - - [16/Aug/2026:20:39:45 +0700] "GET /file.php?dir=CAAsmsCAA_CAAsmart_school_srcCAAsystemCAAcore&edit=Model.php HTTP/1.1" 200 4379 "-" "Mozilla/5.0 AppleWebKit/537.36 (KHTML, like Gecko; compatible; ClaudeBot/1.0; +claudebot@anthropic.com)"
85.208.96.209 - - [16/Aug/2026:20:39:45 +0700] "GET /wp-includes/php-ai-client/file.php?dir=CAAusrCAAshareCAAlocaleCAAbhCAALC_MESSAGES HTTP/1.1" 404 277 "-" "Mozilla/5.0 (compatible; SemrushBot/7~bl; +http://www.semrush.com/bot.html)"
74.7.241.14 - - [16/Aug/2026:20:39:47 +0700] "GET /file.php?dir=CAAusrCAAshareCAAperl5CAAunicoreCAAlibCAAXIDC&edit=Y.pl HTTP/1.1" 200 6276 "https://www.star4hire.com/file.php?dir=CAAusrCAAshareCAAperl5CAAunicoreCAAlibCAAXIDC" "Mozilla/5.0 AppleWebKit/537.36 (KHTML, like Gecko; compatible; GPTBot/1.4; +https://openai.com/gptbot)"
185.191.171.10 - - [16/Aug/2026:20:39:48 +0700] "GET /wp-includes/interactivity-api/file.php?dir=CAAhomeCAAqtdcvxypCAAlscacheCAAcCAAaCAA6 HTTP/1.1" 404 277 "-" "Mozilla/5.0 (compatible; SemrushBot/7~bl; +http://www.semrush.com/bot.html)"
216.73.216.10 - - [16/Aug/2026:20:39:49 +0700] "GET /file.php?dir=CAAsmsCAAaaCAAsystemCAAhelpers&edit=string_helper.php HTTP/1.1" 200 5643 "-" "Mozilla/5.0 AppleWebKit/537.36 (KHTML, like Gecko; compatible; ClaudeBot/1.0; +claudebot@anthropic.com)"
185.191.171.19 - - [16/Aug/2026:20:39:51 +0700] "GET /.well-known/file.php?dir=CAAvarCAAsoftaculousCAAbolt&edit=Notes.txt HTTP/1.1" 200 4178 "-" "Mozilla/5.0 (compatible; SemrushBot/7~bl; +http://www.semrush.com/bot.html)"
74.7.243.240 - - [16/Aug/2026:20:39:51 +0700] "GET /.well-known/pki-validation/file.php?dir=CAAhomeCAAqtdcvxypCAAcareerusaRAAstar4hireRAAcomCAAwp-contentCAApluginsCAAessential-addons-for-elementor-liteCAAassetsCAAfront-endCAAjsCAAview&edit=post-grid.min.js HTTP/1.1" 200 3843 "https://star4hire.com/.well-known/pki-validation/file.php?dir=CAAhomeCAAqtdcvxypCAAcareerusaRAAstar4hireRAAcomCAAwp-contentCAApluginsCAAessential-addons-for-elementor-liteCAAassetsCAAfront-endCAAjsCAAview" "Mozilla/5.0 AppleWebKit/537.36 (KHTML, like Gecko; compatible; GPTBot/1.4; +https://openai.com/gptbot)"
85.208.96.206 - - [16/Aug/2026:20:39:53 +0700] "GET /wp-includes/IXR/file.php?dir=CAAvarCAAsoftaculousCAAphpschCAAphp53 HTTP/1.1" 404 277 "-" "Mozilla/5.0 (compatible; SemrushBot/7~bl; +http://www.semrush.com/bot.html)"
216.73.216.10 - - [16/Aug/2026:20:39:55 +0700] "GET /file.php?dir=CAAsmsCAAbackendCAApluginsCAAiCheckCAAflat&edit=aero.css HTTP/1.1" 200 3390 "-" "Mozilla/5.0 AppleWebKit/537.36 (KHTML, like Gecko; compatible; ClaudeBot/1.0; +claudebot@anthropic.com)"
85.208.96.209 - - [16/Aug/2026:20:39:56 +0700] "GET /wp-includes/Requests/file.php?dir=CAAvarCAAsoftaculousCAAowm HTTP/1.1" 404 277 "-" "Mozilla/5.0 (compatible; SemrushBot/7~bl; +http://www.semrush.com/bot.html)"
74.7.241.14 - - [16/Aug/2026:20:39:59 +0700] "GET /file.php?dir=CAAusrCAAlocalCAAshareCAAperl5CAAIO&edit=AtomicFile.pm HTTP/1.1" 200 4941 "https://www.star4hire.com/file.php?dir=CAAusrCAAlocalCAAshareCAAperl5CAAIO" "Mozilla/5.0 AppleWebKit/537.36 (KHTML, like Gecko; compatible; GPTBot/1.4; +https://openai.com/gptbot)"
85.208.96.197 - - [16/Aug/2026:20:40:00 +0700] "GET /wp-includes/block-supports/file.php?dir=CAAvarCAAsoftaculousCAAcommenticsCAAphp53 HTTP/1.1" 404 277 "-" "Mozilla/5.0 (compatible; SemrushBot/7~bl; +http://www.semrush.com/bot.html)"
74.7.243.240 - - [16/Aug/2026:20:40:01 +0700] "GET /.well-known/pki-validation/file.php?dir=CAAhomeCAAqtdcvxypCAAcareerusaRAAstar4hireRAAcomCAAwp-contentCAApluginsCAAessential-addons-for-elementor-liteCAAassetsCAAfront-endCAAjsCAAview&edit=post-grid.js HTTP/1.1" 200 4568 "https://star4hire.com/.well-known/pki-validation/file.php?dir=CAAhomeCAAqtdcvxypCAAcareerusaRAAstar4hireRAAcomCAAwp-contentCAApluginsCAAessential-addons-for-elementor-liteCAAassetsCAAfront-endCAAjsCAAview" "Mozilla/5.0 AppleWebKit/537.36 (KHTML, like Gecko; compatible; GPTBot/1.4; +https://openai.com/gptbot)"
85.208.96.206 - - [16/Aug/2026:20:40:03 +0700] "GET /wp-includes/l10n/file.php?dir=CAAusrCAAshareCAAlocaleCAAosaCAALC_MESSAGES HTTP/1.1" 404 277 "-" "Mozilla/5.0 (compatible; SemrushBot/7~bl; +http://www.semrush.com/bot.html)"
74.7.243.227 - - [16/Aug/2026:20:40:06 +0700] "GET /index.php?dir=CAAoptCAAaltCAAalt-nodejs6CAArootCAAusrCAAlibCAAnode_modulesCAAnpmCAAnode_modulesRAAbundledCAAnpm-registry-clientCAAnode_modulesCAAretry&edit=package.json HTTP/1.1" 404 31 "https://mail.star4hire.com/index.php?dir=CAAoptCAAaltCAAalt-nodejs6CAArootCAAusrCAAlibCAAnode_modulesCAAnpmCAAnode_modulesRAAbundledCAAnpm-registry-clientCAAnode_modulesCAAretry" "Mozilla/5.0 AppleWebKit/537.36 (KHTML, like Gecko; compatible; GPTBot/1.4; +https://openai.com/gptbot)"
185.191.171.10 - - [16/Aug/2026:20:40:08 +0700] "GET /wp-includes/html-api/file.php?dir=CAAusrCAAshareCAAlocaleCAAefiCAALC_MESSAGES HTTP/1.1" 404 277 "-" "Mozilla/5.0 (compatible; SemrushBot/7~bl; +http://www.semrush.com/bot.html)"
74.7.241.14 - - [16/Aug/2026:20:40:10 +0700] "GET /file.php?dir=CAAusrCAAshareCAAperl5CAAunicoreCAAlibCAANFDQC&edit=N.pl HTTP/1.1" 429 267 "https://www.star4hire.com/file.php?dir=CAAusrCAAshareCAAperl5CAAunicoreCAAlibCAANFDQC" "Mozilla/5.0 AppleWebKit/537.36 (KHTML, like Gecko; compatible; GPTBot/1.4; +https://openai.com/gptbot)"
202.43.248.178 - - [16/Aug/2026:20:40:10 +0700] "GET / HTTP/1.1" 200 2624 "-" "Uptime-Kuma/1.17.1"
216.244.66.202 - - [16/Aug/2026:20:40:12 +0700] "GET /jobseeker/job_vacancy/add_favorit/15313989365ec979e718294 HTTP/1.1" 404 355 "-" "Mozilla/5.0 (compatible; DotBot/1.2; +https://opensiteexplorer.org/dotbot; help@moz.com)"
74.7.243.240 - - [16/Aug/2026:20:40:19 +0700] "GET /.well-known/pki-validation/file.php?dir=CAAhomeCAAqtdcvxypCAAcareerusaRAAstar4hireRAAcomCAAwp-contentCAApluginsCAAessential-addons-for-elementor-liteCAAassetsCAAfront-endCAAjsCAAview&edit=quick-view.js HTTP/1.1" 429 267 "https://star4hire.com/.well-known/pki-validation/file.php?dir=CAAhomeCAAqtdcvxypCAAcareerusaRAAstar4hireRAAcomCAAwp-contentCAApluginsCAAessential-addons-for-elementor-liteCAAassetsCAAfront-endCAAjsCAAview" "Mozilla/5.0 AppleWebKit/537.36 (KHTML, like Gecko; compatible; GPTBot/1.4; +https://openai.com/gptbot)"
74.7.241.14 - - [16/Aug/2026:20:40:20 +0700] "GET /file.php?dir=CAAusrCAAshareCAAperl5CAAunicoreCAAlibCAAIDS&edit=Y.pl HTTP/1.1" 429 267 "https://www.star4hire.com/file.php?dir=CAAusrCAAshareCAAperl5CAAunicoreCAAlibCAAIDS" "Mozilla/5.0 AppleWebKit/537.36 (KHTML, like Gecko; compatible; GPTBot/1.4; +https://openai.com/gptbot)"
216.244.66.202 - - [16/Aug/2026:20:40:42 +0700] "GET /jobseeker/job_vacancy/add_favorit/16288215286036a93a112d8 HTTP/1.1" 404 355 "-" "Mozilla/5.0 (compatible; DotBot/1.2; +https://opensiteexplorer.org/dotbot; help@moz.com)"
74.7.241.14 - - [16/Aug/2026:20:40:48 +0700] "GET /file.php?dir=CAAusrCAAshareCAAperl5CAAunicoreCAAlibCAANFDQC&edit=Y.pl HTTP/1.1" 429 267 "https://www.star4hire.com/file.php?dir=CAAusrCAAshareCAAperl5CAAunicoreCAAlibCAANFDQC" "Mozilla/5.0 AppleWebKit/537.36 (KHTML, like Gecko; compatible; GPTBot/1.4; +https://openai.com/gptbot)"
216.73.216.10 - - [16/Aug/2026:20:40:54 +0700] "GET /file.php?action=download&dir=CAAsmsCAAaaCAAapplicationCAAviewsCAAerrorsCAAcli&file=error_general.php HTTP/1.1" 200 119 "-" "Mozilla/5.0 AppleWebKit/537.36 (KHTML, like Gecko; compatible; ClaudeBot/1.0; +claudebot@anthropic.com)"
216.73.216.10 - - [16/Aug/2026:20:40:55 +0700] "GET /file.php?dir=CAAsmsCAA_CAAsmart_school_srcCAAapplicationCAAcontrollersCAAadmin&edit=Examgroup.php HTTP/1.1" 200 9732 "-" "Mozilla/5.0 AppleWebKit/537.36 (KHTML, like Gecko; compatible; ClaudeBot/1.0; +claudebot@anthropic.com)"
216.73.216.10 - - [16/Aug/2026:20:40:58 +0700] "GET /file.php?dir=CAAsmsCAA_CAAsmart_school_srcCAAapplicationCAAmodels&edit=Vehicle_model.php HTTP/1.1" 200 3846 "-" "Mozilla/5.0 AppleWebKit/537.36 (KHTML, like Gecko; compatible; ClaudeBot/1.0; +claudebot@anthropic.com)"
216.73.216.10 - - [16/Aug/2026:20:41:01 +0700] "GET /file.php?dir=CAAsmsCAAaaCAAbackendCAApluginsCAAckeditorCAApluginsCAAckeditor_wirisCAAcacheCAAcd HTTP/1.1" 200 4265 "-" "Mozilla/5.0 AppleWebKit/537.36 (KHTML, like Gecko; compatible; ClaudeBot/1.0; +claudebot@anthropic.com)"
185.191.171.12 - - [16/Aug/2026:20:41:06 +0700] "GET /wp-includes/php-ai-client/file.php?dir=CAAusrCAAshareCAAlocaleCAAaycCAALC_MESSAGES HTTP/1.1" 404 277 "-" "Mozilla/5.0 (compatible; SemrushBot/7~bl; +http://www.semrush.com/bot.html)"
216.73.216.10 - - [16/Aug/2026:20:41:06 +0700] "GET /file.php?dir=CAAsmsCAA_CAAsmart_school_srcCAAapplicationCAAviewsCAAadminCAAnotification HTTP/1.1" 200 4814 "-" "Mozilla/5.0 AppleWebKit/537.36 (KHTML, like Gecko; compatible; ClaudeBot/1.0; +claudebot@anthropic.com)"
74.7.243.227 - - [16/Aug/2026:20:41:08 +0700] "GET /index.php?dir=CAAoptCAAaltCAAalt-nodejs12CAArootCAAusrCAAlibCAAnode_modulesCAAnpmCAAnode_modulesRAAbundledCAAduplexifyCAAnode_modulesCAAstring_decoder&edit=.travis.yml HTTP/1.1" 429 267 "https://mail.star4hire.com/index.php?dir=CAAoptCAAaltCAAalt-nodejs12CAArootCAAusrCAAlibCAAnode_modulesCAAnpmCAAnode_modulesRAAbundledCAAduplexifyCAAnode_modulesCAAstring_decoder" "Mozilla/5.0 AppleWebKit/537.36 (KHTML, like Gecko; compatible; GPTBot/1.4; +https://openai.com/gptbot)"
216.244.66.202 - - [16/Aug/2026:20:41:10 +0700] "GET /jobseeker/job_vacancy/add_favorit/164190118863512f2534ee0 HTTP/1.1" 404 355 "-" "Mozilla/5.0 (compatible; DotBot/1.2; +https://opensiteexplorer.org/dotbot; help@moz.com)"
202.43.248.178 - - [16/Aug/2026:20:41:11 +0700] "GET / HTTP/1.1" 200 2624 "-" "Uptime-Kuma/1.17.1"
216.73.216.10 - - [16/Aug/2026:20:41:11 +0700] "GET /file.php?dir=CAAsmsCAA_CAAsmart_school_srcCAAapplicationCAAmodels&edit=Accountant_model.php HTTP/1.1" 200 3763 "-" "Mozilla/5.0 AppleWebKit/537.36 (KHTML, like Gecko; compatible; ClaudeBot/1.0; +claudebot@anthropic.com)"
216.73.216.10 - - [16/Aug/2026:20:41:16 +0700] "GET /file.php?dir=CAAsmsCAA_CAAsmart_school_srcCAAapplicationCAAcontrollersCAAadmin&edit=Batchsubject.php HTTP/1.1" 200 4075 "-" "Mozilla/5.0 AppleWebKit/537.36 (KHTML, like Gecko; compatible; ClaudeBot/1.0; +claudebot@anthropic.com)"
216.73.216.10 - - [16/Aug/2026:20:41:21 +0700] "GET /file.php?dir=CAAsmsCAA_CAAsmart_school_srcCAAapplicationCAAcontrollersCAAadmin&edit=Examresult.php HTTP/1.1" 200 5498 "-" "Mozilla/5.0 AppleWebKit/537.36 (KHTML, like Gecko; compatible; ClaudeBot/1.0; +claudebot@anthropic.com)"
216.73.216.10 - - [16/Aug/2026:20:41:26 +0700] "GET /file.php?dir=CAAsmsCAA_CAAsmart_school_srcCAAapplicationCAAcontrollersCAAadmin&edit=Examschedule.php HTTP/1.1" 200 4387 "-" "Mozilla/5.0 AppleWebKit/537.36 (KHTML, like Gecko; compatible; ClaudeBot/1.0; +claudebot@anthropic.com)"
216.73.216.10 - - [16/Aug/2026:20:41:31 +0700] "GET /file.php?dir=CAAsmsCAAapplicationCAAthird_partyCAAomnipayCAAvendorCAAphp-httpCAAhttplugCAARAAgitCAAobjects HTTP/1.1" 200 4353 "-" "Mozilla/5.0 AppleWebKit/537.36 (KHTML, like Gecko; compatible; ClaudeBot/1.0; +claudebot@anthropic.com)"
216.73.216.10 - - [16/Aug/2026:20:41:37 +0700] "GET /file.php?dir=CAAsmsCAA_CAAsmart_school_srcCAAapplicationCAAcontrollersCAAadmin&edit=Subjectgroup.php HTTP/1.1" 200 4825 "-" "Mozilla/5.0 AppleWebKit/537.36 (KHTML, like Gecko; compatible; ClaudeBot/1.0; +claudebot@anthropic.com)"
216.244.66.202 - - [16/Aug/2026:20:41:39 +0700] "GET /jobseeker/job_vacancy/add_favorit/17127276276143318aa9b93 HTTP/1.1" 404 355 "-" "Mozilla/5.0 (compatible; DotBot/1.2; +https://opensiteexplorer.org/dotbot; help@moz.com)"
216.73.216.10 - - [16/Aug/2026:20:41:41 +0700] "GET /file.php?dir=CAAsmsCAA_CAAsmart_school_srcCAAapplicationCAAcontrollersCAAadmin&edit=Visitorspurpose.php HTTP/1.1" 200 3723 "-" "Mozilla/5.0 AppleWebKit/537.36 (KHTML, like Gecko; compatible; ClaudeBot/1.0; +claudebot@anthropic.com)"
74.7.243.240 - - [16/Aug/2026:20:41:46 +0700] "GET /.well-known/pki-validation/file.php?dir=CAAhomeCAAqtdcvxypCAAcareerusaRAAstar4hireRAAcomCAAwp-contentCAApluginsCAAessential-addons-for-elementor-liteCAAassetsCAAfront-endCAAjsCAAlib-viewCAAinview HTTP/1.1" 200 4505 "https://star4hire.com/.well-known/pki-validation/file.php?dir=CAAhomeCAAqtdcvxypCAAcareerusaRAAstar4hireRAAcomCAAwp-contentCAApluginsCAAessential-addons-for-elementor-liteCAAassetsCAAfront-endCAAjsCAAlib-view" "Mozilla/5.0 AppleWebKit/537.36 (KHTML, like Gecko; compatible; GPTBot/1.4; +https://openai.com/gptbot)"
74.7.241.14 - - [16/Aug/2026:20:41:52 +0700] "GET /file.php?dir=CAAsmsCAA_CAAonlineCAAsmart_school_online_course_srcCAAstep-2CAAapplicationCAAlanguageCAAArabicCAAapp_files HTTP/1.1" 200 4372 "https://www.star4hire.com/file.php?dir=CAAsmsCAA_CAAonlineCAAsmart_school_online_course_srcCAAstep-2CAAapplicationCAAlanguageCAAArabic" "Mozilla/5.0 AppleWebKit/537.36 (KHTML, like Gecko; compatible; GPTBot/1.4; +https://openai.com/gptbot)"
185.191.171.5 - - [16/Aug/2026:20:41:56 +0700] "GET /wp-includes/PHPMailer/file.php?dir=CAAusrCAAlibCAAfirmwareCAAcirrus HTTP/1.1" 404 277 "-" "Mozilla/5.0 (compatible; SemrushBot/7~bl; +http://www.semrush.com/bot.html)"
185.191.171.18 - - [16/Aug/2026:20:41:59 +0700] "GET /wp-includes/SimplePie/file.php?dir=CAAusrCAAlib64CAApython3RAA12CAAasyncio HTTP/1.1" 404 277 "-" "Mozilla/5.0 (compatible; SemrushBot/7~bl; +http://www.semrush.com/bot.html)"
185.191.171.6 - - [16/Aug/2026:20:42:02 +0700] "GET /wp-includes/block-supports/file.php?dir=CAAhomeCAAqtdcvxypCAAlscacheCAAdCAA2CAAf HTTP/1.1" 404 277 "-" "Mozilla/5.0 (compatible; SemrushBot/7~bl; +http://www.semrush.com/bot.html)"
85.208.96.201 - - [16/Aug/2026:20:42:06 +0700] "GET /wp-includes/collaboration/file.php?dir=CAAusrCAAshareCAAlocaleCAAfur HTTP/1.1" 404 277 "-" "Mozilla/5.0 (compatible; SemrushBot/7~bl; +http://www.semrush.com/bot.html)"
216.244.66.202 - - [16/Aug/2026:20:42:06 +0700] "GET /jobseeker/job_vacancy/add_favorit/183576142561e44be5a7019 HTTP/1.1" 404 355 "-" "Mozilla/5.0 (compatible; DotBot/1.2; +https://opensiteexplorer.org/dotbot; help@moz.com)"
185.191.171.19 - - [16/Aug/2026:20:42:09 +0700] "GET /wp-includes/IXR/file.php?dir=CAAvarCAAsoftaculousCAAmodxCAAphp82 HTTP/1.1" 404 277 "-" "Mozilla/5.0 (compatible; SemrushBot/7~bl; +http://www.semrush.com/bot.html)"
74.7.243.227 - - [16/Aug/2026:20:42:11 +0700] "GET /index.php?dir=CAAoptCAAaltCAAalt-nodejs10CAArootCAAusrCAAlibCAAnode_modulesCAAnpmCAAnode_modulesRAAbundledCAAduplexifyCAAnode_modulesCAAstring_decoder&edit=package.json HTTP/1.1" 404 31 "https://mail.star4hire.com/index.php?dir=CAAoptCAAaltCAAalt-nodejs10CAArootCAAusrCAAlibCAAnode_modulesCAAnpmCAAnode_modulesRAAbundledCAAduplexifyCAAnode_modulesCAAstring_decoder" "Mozilla/5.0 AppleWebKit/537.36 (KHTML, like Gecko; compatible; GPTBot/1.4; +https://openai.com/gptbot)"
202.43.248.178 - - [16/Aug/2026:20:42:11 +0700] "GET / HTTP/1.1" 200 2624 "-" "Uptime-Kuma/1.17.1"
185.191.171.12 - - [16/Aug/2026:20:42:12 +0700] "GET /wp-includes/html-api/file.php?dir=CAAusrCAAshareCAAperl5CAAvendor_perlCAAEncode HTTP/1.1" 404 277 "-" "Mozilla/5.0 (compatible; SemrushBot/7~bl; +http://www.semrush.com/bot.html)"
85.208.96.208 - - [16/Aug/2026:20:42:14 +0700] "GET /wp-includes/sitemaps/file.php?dir=CAAusrCAAshareCAAperl5CAAvendor_perlCAAText HTTP/1.1" 404 277 "-" "Mozilla/5.0 (compatible; SemrushBot/7~bl; +http://www.semrush.com/bot.html)"
85.208.96.197 - - [16/Aug/2026:20:42:18 +0700] "GET /wp-includes/sodium_compat/file.php?dir=CAAusrCAAshareCAAlocaleCAAsidCAALC_MESSAGES HTTP/1.1" 404 277 "-" "Mozilla/5.0 (compatible; SemrushBot/7~bl; +http://www.semrush.com/bot.html)"
185.191.171.5 - - [16/Aug/2026:20:42:20 +0700] "GET /wp-includes/interactivity-api/file.php?dir=CAAvarCAAsoftaculousCAAleptonCAAphp82 HTTP/1.1" 404 277 "-" "Mozilla/5.0 (compatible; SemrushBot/7~bl; +http://www.semrush.com/bot.html)"
185.191.171.19 - - [16/Aug/2026:20:42:23 +0700] "GET /wp-includes/sodium_compat/file.php?dir=CAAvarCAAsoftaculousCAAojsCAAphp53 HTTP/1.1" 404 277 "-" "Mozilla/5.0 (compatible; SemrushBot/7~bl; +http://www.semrush.com/bot.html)"
85.208.96.211 - - [16/Aug/2026:20:42:26 +0700] "GET /wp-includes/customize/file.php?dir=CAAvarCAAsoftaculousCAAwp60CAAplugins HTTP/1.1" 404 277 "-" "Mozilla/5.0 (compatible; SemrushBot/7~bl; +http://www.semrush.com/bot.html)"
216.244.66.202 - - [16/Aug/2026:20:42:32 +0700] "GET /jobseeker/job_vacancy/add_favorit/194179299160caccaf0fd0e HTTP/1.1" 404 355 "-" "Mozilla/5.0 (compatible; DotBot/1.2; +https://opensiteexplorer.org/dotbot; help@moz.com)"
74.7.243.240 - - [16/Aug/2026:20:42:49 +0700] "GET /.well-known/pki-validation/file.php?dir=CAAhomeCAAqtdcvxypCAAcareerusaRAAstar4hireRAAcomCAAwp-contentCAApluginsCAAessential-addons-for-elementor-liteCAAassetsCAAfront-endCAAjsCAAlib-viewCAAicons HTTP/1.1" 200 4581 "https://star4hire.com/.well-known/pki-validation/file.php?dir=CAAhomeCAAqtdcvxypCAAcareerusaRAAstar4hireRAAcomCAAwp-contentCAApluginsCAAessential-addons-for-elementor-liteCAAassetsCAAfront-endCAAjsCAAlib-view" "Mozilla/5.0 AppleWebKit/537.36 (KHTML, like Gecko; compatible; GPTBot/1.4; +https://openai.com/gptbot)"
74.7.241.14 - - [16/Aug/2026:20:42:53 +0700] "GET /file.php?dir=CAAsmsCAA_CAAonlineCAAsmart_school_online_course_srcCAAstep-2CAAapplicationCAAlanguageCAAAfrikaansCAAapp_files HTTP/1.1" 200 4364 "https://www.star4hire.com/file.php?dir=CAAsmsCAA_CAAonlineCAAsmart_school_online_course_srcCAAstep-2CAAapplicationCAAlanguageCAAAfrikaans" "Mozilla/5.0 AppleWebKit/537.36 (KHTML, like Gecko; compatible; GPTBot/1.4; +https://openai.com/gptbot)"
216.244.66.202 - - [16/Aug/2026:20:42:58 +0700] "GET /jobseeker/job_vacancy/add_favorit/20434899796387af4865f56 HTTP/1.1" 404 355 "-" "Mozilla/5.0 (compatible; DotBot/1.2; +https://opensiteexplorer.org/dotbot; help@moz.com)"
104.28.38.184 - - [16/Aug/2026:20:43:01 +0700] "GET /.well-known/passkey-endpoints HTTP/1.1" 404 212 "-" "com.apple.AuthenticationServicesCore.AuthenticationServicesAgent/8624.4.5.10.5 CFNetwork/3860.700.1 Darwin/25.6.0"
202.43.248.178 - - [16/Aug/2026:20:43:11 +0700] "GET / HTTP/1.1" 200 2624 "-" "Uptime-Kuma/1.17.1"
74.7.243.227 - - [16/Aug/2026:20:43:15 +0700] "GET /index.php?dir=CAAoptCAAaltCAAalt-nodejs8CAArootCAAusrCAAlibCAAnode_modulesCAAnpmCAAnode_modulesRAAbundledCAAnormalize-package-dataCAAnode_modulesCAAresolveCAAlib&edit=async.js HTTP/1.1" 404 31 "https://mail.star4hire.com/index.php?dir=CAAoptCAAaltCAAalt-nodejs8CAArootCAAusrCAAlibCAAnode_modulesCAAnpmCAAnode_modulesRAAbundledCAAnormalize-package-dataCAAnode_modulesCAAresolveCAAlib" "Mozilla/5.0 AppleWebKit/537.36 (KHTML, like Gecko; compatible; GPTBot/1.4; +https://openai.com/gptbot)"
216.244.66.202 - - [16/Aug/2026:20:43:22 +0700] "GET /jobseeker/job_vacancy/add_favorit/2080657185e37e28a833c1 HTTP/1.1" 404 355 "-" "Mozilla/5.0 (compatible; DotBot/1.2; +https://opensiteexplorer.org/dotbot; help@moz.com)"
185.191.171.1 - - [16/Aug/2026:20:43:24 +0700] "GET /wp-includes/ai-client/file.php?dir=CAAusrCAAshareCAAzoneinfoCAAPacific HTTP/1.1" 404 0 "-" "Mozilla/5.0 (compatible; SemrushBot/7~bl; +http://www.semrush.com/bot.html)"
185.191.171.1 - - [16/Aug/2026:20:43:25 +0700] "GET /wp-includes/ai-client/file.php?dir=CAAusrCAAshareCAAzoneinfoCAAPacific HTTP/1.1" 404 277 "-" "Mozilla/5.0 (compatible; SemrushBot/7~bl; +http://www.semrush.com/bot.html)"
85.208.96.211 - - [16/Aug/2026:20:43:30 +0700] "GET /wp-includes/sodium_compat/file.php?dir=CAAlibCAAfirmwareCAAnvidiaCAAga103CAAgsp HTTP/1.1" 404 277 "-" "Mozilla/5.0 (compatible; SemrushBot/7~bl; +http://www.semrush.com/bot.html)"
216.244.66.202 - - [16/Aug/2026:20:43:49 +0700] "GET /jobseeker/job_vacancy/add_favorit/2184643986299d3de89459 HTTP/1.1" 404 355 "-" "Mozilla/5.0 (compatible; DotBot/1.2; +https://opensiteexplorer.org/dotbot; help@moz.com)"
74.7.241.14 - - [16/Aug/2026:20:43:52 +0700] "GET /hello/file.php?dir=CAAhomeCAAqtdcvxypCAApublic_htmlCAAsmsCAA_CAAsmart_school_srcCAAuploadsCAAschool_contentCAAmaterial HTTP/1.1" 200 4316 "https://www.star4hire.com/hello/file.php?dir=CAAhomeCAAqtdcvxypCAApublic_htmlCAAsmsCAA_CAAsmart_school_srcCAAuploadsCAAschool_content" "Mozilla/5.0 AppleWebKit/537.36 (KHTML, like Gecko; compatible; GPTBot/1.4; +https://openai.com/gptbot)"
5.140.76.221 - - [16/Aug/2026:20:43:54 +0700] "GET /index.php?dir=CAAhomeCAAqtdcvxypCAAlscacheCAAeCAA5 HTTP/1.1" 404 31 "https://www.star4hire.com/index.php?dir=CAAhomeCAAqtdcvxypCAAlscacheCAAe" "Mozilla/5.0 (Linux; Android 15; V2180) AppleWebKit/537.36 (KHTML, like Gecko) Chrome/154.0.5403.47 Mobile Safari/537.36"
216.244.66.202 - - [16/Aug/2026:20:44:12 +0700] "GET /jobseeker/job_vacancy/add_favorit/226215572636254230c9ae HTTP/1.1" 404 355 "-" "Mozilla/5.0 (compatible; DotBot/1.2; +https://opensiteexplorer.org/dotbot; help@moz.com)"
202.43.248.178 - - [16/Aug/2026:20:44:12 +0700] "GET / HTTP/1.1" 200 2624 "-" "Uptime-Kuma/1.17.1"
74.7.243.227 - - [16/Aug/2026:20:44:19 +0700] "GET /index.php?dir=CAAoptCAAaltCAAalt-nodejs10CAArootCAAusrCAAlibCAAnode_modulesCAAnpmCAAnode_modulesRAAbundledCAAduplexifyCAAnode_modulesCAAstring_decoder&edit=.travis.yml HTTP/1.1" 404 31 "https://mail.star4hire.com/index.php?dir=CAAoptCAAaltCAAalt-nodejs10CAArootCAAusrCAAlibCAAnode_modulesCAAnpmCAAnode_modulesRAAbundledCAAduplexifyCAAnode_modulesCAAstring_decoder" "Mozilla/5.0 AppleWebKit/537.36 (KHTML, like Gecko; compatible; GPTBot/1.4; +https://openai.com/gptbot)"
185.191.171.8 - - [16/Aug/2026:20:44:20 +0700] "GET /wp-includes/file.php?dir=CAAimagesCAAicon-library&edit=file.svg HTTP/1.1" 404 277 "-" "Mozilla/5.0 (compatible; SemrushBot/7~bl; +http://www.semrush.com/bot.html)"
185.191.171.9 - - [16/Aug/2026:20:44:24 +0700] "GET /wp-includes/ID3/file.php?dir=CAAusrCAAlibCAARAAbuild-idCAAe0 HTTP/1.1" 404 277 "-" "Mozilla/5.0 (compatible; SemrushBot/7~bl; +http://www.semrush.com/bot.html)"
85.208.96.200 - - [16/Aug/2026:20:44:27 +0700] "GET /wp-includes/ID3/file.php?dir=CAAvarCAAsoftaculousCAAwp51CAAphp53 HTTP/1.1" 404 277 "-" "Mozilla/5.0 (compatible; SemrushBot/7~bl; +http://www.semrush.com/bot.html)"
216.73.216.10 - - [16/Aug/2026:20:44:28 +0700] "GET /file.php?dir=CAAsmsCAA_CAAsmart_school_srcCAAapplicationCAAviewsCAAadminCAAquestion HTTP/1.1" 200 4739 "-" "Mozilla/5.0 AppleWebKit/537.36 (KHTML, like Gecko; compatible; ClaudeBot/1.0; +claudebot@anthropic.com)"
185.191.171.9 - - [16/Aug/2026:20:44:29 +0700] "GET /wp-includes/pomo/file.php?dir=CAAusrCAAlib64CAAperl5CAAautoCAAI18N HTTP/1.1" 404 277 "-" "Mozilla/5.0 (compatible; SemrushBot/7~bl; +http://www.semrush.com/bot.html)"
216.73.216.10 - - [16/Aug/2026:20:44:31 +0700] "GET /file.php?dir=CAAsmsCAAapplicationCAAthird_partyCAAmidtransCAAmidtrans-phpCAAtests&edit=VtTests.php HTTP/1.1" 200 3448 "-" "Mozilla/5.0 AppleWebKit/537.36 (KHTML, like Gecko; compatible; ClaudeBot/1.0; +claudebot@anthropic.com)"
85.208.96.195 - - [16/Aug/2026:20:44:32 +0700] "GET /wp-includes/Text/file.php?dir=CAAvarCAAlogCAAalt-php74-newrelic HTTP/1.1" 404 277 "-" "Mozilla/5.0 (compatible; SemrushBot/7~bl; +http://www.semrush.com/bot.html)"
216.244.66.202 - - [16/Aug/2026:20:44:33 +0700] "GET /jobseeker/job_vacancy/add_favorit/307871996339e6c305d1b HTTP/1.1" 404 355 "-" "Mozilla/5.0 (compatible; DotBot/1.2; +https://opensiteexplorer.org/dotbot; help@moz.com)"
216.73.216.10 - - [16/Aug/2026:20:44:34 +0700] "GET /file.php?dir=CAAsmsCAA_CAAsmart_school_srcCAAapplicationCAAviewsCAAadmin&edit=dashboard.php HTTP/1.1" 200 9454 "-" "Mozilla/5.0 AppleWebKit/537.36 (KHTML, like Gecko; compatible; ClaudeBot/1.0; +claudebot@anthropic.com)"
85.208.96.209 - - [16/Aug/2026:20:44:35 +0700] "GET /wp-includes/block-supports/file.php?dir=CAAusrCAAshareCAAlocaleCAAruCAALC_TIME HTTP/1.1" 404 277 "-" "Mozilla/5.0 (compatible; SemrushBot/7~bl; +http://www.semrush.com/bot.html)"
74.7.243.240 - - [16/Aug/2026:20:44:37 +0700] "GET /.well-known/pki-validation/file.php?dir=CAAhomeCAAqtdcvxypCAAcareerusaRAAstar4hireRAAcomCAAwp-contentCAApluginsCAAessential-addons-for-elementor-liteCAAassetsCAAfront-endCAAjsCAAlib-viewCAAgsap HTTP/1.1" 200 4513 "https://star4hire.com/.well-known/pki-validation/file.php?dir=CAAhomeCAAqtdcvxypCAAcareerusaRAAstar4hireRAAcomCAAwp-contentCAApluginsCAAessential-addons-for-elementor-liteCAAassetsCAAfront-endCAAjsCAAlib-view" "Mozilla/5.0 AppleWebKit/537.36 (KHTML, like Gecko; compatible; GPTBot/1.4; +https://openai.com/gptbot)"
185.191.171.11 - - [16/Aug/2026:20:44:38 +0700] "GET /wp-includes/fonts/file.php?dir=CAAusrCAAlibCAAfirmwareCAAamdgpu HTTP/1.1" 404 277 "-" "Mozilla/5.0 (compatible; SemrushBot/7~bl; +http://www.semrush.com/bot.html)"
85.208.96.198 - - [16/Aug/2026:20:44:41 +0700] "GET /wp-includes/sitemaps/file.php?dir=CAAusrCAAincludeCAAopenssl HTTP/1.1" 404 277 "-" "Mozilla/5.0 (compatible; SemrushBot/7~bl; +http://www.semrush.com/bot.html)"
85.208.96.197 - - [16/Aug/2026:20:44:44 +0700] "GET /wp-includes/interactivity-api/file.php?dir=CAAusrCAAshareCAAlocaleCAAaa HTTP/1.1" 404 277 "-" "Mozilla/5.0 (compatible; SemrushBot/7~bl; +http://www.semrush.com/bot.html)"
74.7.241.14 - - [16/Aug/2026:20:44:45 +0700] "GET /hello/file.php?dir=CAAhomeCAAqtdcvxypCAApublic_htmlCAAsmsCAA_CAAsmart_school_srcCAAuploadsCAAschool_contentCAAlogo HTTP/1.1" 200 4556 "https://www.star4hire.com/hello/file.php?dir=CAAhomeCAAqtdcvxypCAApublic_htmlCAAsmsCAA_CAAsmart_school_srcCAAuploadsCAAschool_content" "Mozilla/5.0 AppleWebKit/537.36 (KHTML, like Gecko; compatible; GPTBot/1.4; +https://openai.com/gptbot)"
85.208.96.193 - - [16/Aug/2026:20:44:48 +0700] "GET /wp-includes/block-bindings/file.php?dir=CAAusrCAAlibCAAfirmwareCAAqcomCAAvenus-4RAA2 HTTP/1.1" 404 277 "-" "Mozilla/5.0 (compatible; SemrushBot/7~bl; +http://www.semrush.com/bot.html)"
185.191.171.11 - - [16/Aug/2026:20:44:50 +0700] "GET /wp-includes/Requests/file.php?dir=CAAusrCAAlib64CAApython2RAA7CAAlib-tkCAAtest HTTP/1.1" 404 277 "-" "Mozilla/5.0 (compatible; SemrushBot/7~bl; +http://www.semrush.com/bot.html)"
216.244.66.202 - - [16/Aug/2026:20:44:52 +0700] "GET /jobseeker/job_vacancy/add_favorit/3600587725e45a3bbe66d7 HTTP/1.1" 404 355 "-" "Mozilla/5.0 (compatible; DotBot/1.2; +https://opensiteexplorer.org/dotbot; help@moz.com)"
216.73.216.10 - - [16/Aug/2026:20:44:54 +0700] "GET /file.php?dir=CAAsmsCAA_CAAsmart_school_srcCAAapplicationCAAcontrollersCAAuser&edit=Book.php HTTP/1.1" 200 4070 "-" "Mozilla/5.0 AppleWebKit/537.36 (KHTML, like Gecko; compatible; ClaudeBot/1.0; +claudebot@anthropic.com)"
85.208.96.205 - - [16/Aug/2026:20:44:57 +0700] "GET /wp-includes/customize/file.php?dir=CAAvarCAAsoftaculousCAAwp68CAAphp71 HTTP/1.1" 404 277 "-" "Mozilla/5.0 (compatible; SemrushBot/7~bl; +http://www.semrush.com/bot.html)"
216.73.216.10 - - [16/Aug/2026:20:44:58 +0700] "GET /file.php?action=download&dir=CAAsmsCAA_CAAsmart_school_srcCAAapplicationCAAcontrollersCAAadmin&file=Module.php HTTP/1.1" 200 544 "-" "Mozilla/5.0 AppleWebKit/537.36 (KHTML, like Gecko; compatible; ClaudeBot/1.0; +claudebot@anthropic.com)"
85.208.96.206 - - [16/Aug/2026:20:45:01 +0700] "GET /wp-includes/Text/file.php?dir=CAAusrCAAlibCAAlocaleCAAen_NZCAALC_MESSAGES HTTP/1.1" 404 277 "-" "Mozilla/5.0 (compatible; SemrushBot/7~bl; +http://www.semrush.com/bot.html)"
216.73.216.10 - - [16/Aug/2026:20:45:03 +0700] "GET /file.php?dir=CAAsmsCAA_CAAsmart_school_srcCAAapplicationCAAlanguageCAABasqueCAAapp_files&edit=system_lang.php HTTP/1.1" 200 24191 "-" "Mozilla/5.0 AppleWebKit/537.36 (KHTML, like Gecko; compatible; ClaudeBot/1.0; +claudebot@anthropic.com)"
216.73.216.10 - - [16/Aug/2026:20:45:08 +0700] "GET /file.php?dir=CAAsmsCAAbackendCAApluginsCAAiCheckCAAline&edit=orange.css HTTP/1.1" 200 3513 "-" "Mozilla/5.0 AppleWebKit/537.36 (KHTML, like Gecko; compatible; ClaudeBot/1.0; +claudebot@anthropic.com)"
216.244.66.202 - - [16/Aug/2026:20:45:11 +0700] "GET /jobseeker/job_vacancy/add_favorit/378472191639acb6db6c7e HTTP/1.1" 404 355 "-" "Mozilla/5.0 (compatible; DotBot/1.2; +https://opensiteexplorer.org/dotbot; help@moz.com)"
202.43.248.178 - - [16/Aug/2026:20:45:12 +0700] "GET / HTTP/1.1" 200 2624 "-" "Uptime-Kuma/1.17.1"
185.191.171.11 - - [16/Aug/2026:20:45:13 +0700] "GET /wp-includes/abilities-api/file.php?dir=CAAusrCAAshareCAAlocaleCAAeuCAALC_MESSAGES HTTP/1.1" 404 277 "-" "Mozilla/5.0 (compatible; SemrushBot/7~bl; +http://www.semrush.com/bot.html)"
216.73.216.10 - - [16/Aug/2026:20:45:15 +0700] "GET /file.php?dir=CAAsmsCAAaaCAAbackendCAApluginsCAAckeditorCAApluginsCAAckeditor_wirisCAAcacheCAA82 HTTP/1.1" 200 4265 "-" "Mozilla/5.0 AppleWebKit/537.36 (KHTML, like Gecko; compatible; ClaudeBot/1.0; +claudebot@anthropic.com)"
77.246.68.135 - - [16/Aug/2026:20:45:16 +0700] "GET /index.php?dir=CAAhomeCAAqtdcvxypCAAlscacheCAA8CAA2 HTTP/1.1" 404 31 "https://www.star4hire.com/index.php?dir=CAAhomeCAAqtdcvxypCAAlscacheCAA8" "Mozilla/5.0 (Linux; Android 13; M2102J22) AppleWebKit/537.36 (KHTML, like Gecko) Chrome/153.0.5528.0 Mobile Safari/537.36"
85.208.96.209 - - [16/Aug/2026:20:45:16 +0700] "GET /wp-includes/block-patterns/file.php?dir=CAAusrCAAlib64CAAfirebirdCAAplugins HTTP/1.1" 404 277 "-" "Mozilla/5.0 (compatible; SemrushBot/7~bl; +http://www.semrush.com/bot.html)"
216.73.216.10 - - [16/Aug/2026:20:45:19 +0700] "GET /file.php?dir=CAAsmsCAA_CAAsmart_school_srcCAAapplicationCAAviewsCAAadminCAAlanguage HTTP/1.1" 200 4901 "-" "Mozilla/5.0 AppleWebKit/537.36 (KHTML, like Gecko; compatible; ClaudeBot/1.0; +claudebot@anthropic.com)"
74.7.243.227 - - [16/Aug/2026:20:45:20 +0700] "GET /index.php?dir=CAAoptCAAaltCAAalt-nodejs10CAArootCAAusrCAAlibCAAnode_modulesCAAnpmCAAnode_modulesRAAbundledCAAhar-validatorCAAnode_modulesCAAajvCAAscripts&edit=travis-gh-pages HTTP/1.1" 404 31 "https://mail.star4hire.com/index.php?dir=CAAoptCAAaltCAAalt-nodejs10CAArootCAAusrCAAlibCAAnode_modulesCAAnpmCAAnode_modulesRAAbundledCAAhar-validatorCAAnode_modulesCAAajvCAAscripts" "Mozilla/5.0 AppleWebKit/537.36 (KHTML, like Gecko; compatible; GPTBot/1.4; +https://openai.com/gptbot)"
85.208.96.210 - - [16/Aug/2026:20:45:20 +0700] "GET /wp-includes/ID3/file.php?dir=CAAusrCAAlocalCAAlib64CAAperl5CAAautoCAACanary HTTP/1.1" 404 277 "-" "Mozilla/5.0 (compatible; SemrushBot/7~bl; +http://www.semrush.com/bot.html)"
85.208.96.193 - - [16/Aug/2026:20:45:23 +0700] "GET /wp-includes/widgets/file.php?dir=CAAusrCAAshareCAAlocaleCAAathCAALC_MESSAGES HTTP/1.1" 404 277 "-" "Mozilla/5.0 (compatible; SemrushBot/7~bl; +http://www.semrush.com/bot.html)"
216.73.216.10 - - [16/Aug/2026:20:45:24 +0700] "GET /file.php?dir=CAAsmsCAA_CAAsmart_school_srcCAAapplicationCAAviewsCAAadmin&edit=search.php HTTP/1.1" 200 5448 "-" "Mozilla/5.0 AppleWebKit/537.36 (KHTML, like Gecko; compatible; ClaudeBot/1.0; +claudebot@anthropic.com)"
74.7.243.240 - - [16/Aug/2026:20:45:24 +0700] "GET /.well-known/pki-validation/file.php?dir=CAAhomeCAAqtdcvxypCAAcareerusaRAAstar4hireRAAcomCAAwp-contentCAApluginsCAAessential-addons-for-elementor-liteCAAassetsCAAfront-endCAAjsCAAlib-viewCAAcountdown HTTP/1.1" 200 4515 "https://star4hire.com/.well-known/pki-validation/file.php?dir=CAAhomeCAAqtdcvxypCAAcareerusaRAAstar4hireRAAcomCAAwp-contentCAApluginsCAAessential-addons-for-elementor-liteCAAassetsCAAfront-endCAAjsCAAlib-view" "Mozilla/5.0 AppleWebKit/537.36 (KHTML, like Gecko; compatible; GPTBot/1.4; +https://openai.com/gptbot)"
185.191.171.9 - - [16/Aug/2026:20:45:27 +0700] "GET /wp-includes/build/file.php?dir=CAAusrCAAshareCAAlocaleCAAartCAALC_MESSAGES HTTP/1.1" 404 277 "-" "Mozilla/5.0 (compatible; SemrushBot/7~bl; +http://www.semrush.com/bot.html)"
216.73.216.10 - - [16/Aug/2026:20:45:30 +0700] "GET /file.php?dir=CAAsmsCAA_CAAsmart_school_srcCAAapplicationCAAviewsCAAadmin&edit=forgotpassword.php HTTP/1.1" 200 4427 "-" "Mozilla/5.0 AppleWebKit/537.36 (KHTML, like Gecko; compatible; ClaudeBot/1.0; +claudebot@anthropic.com)"
216.244.66.202 - - [16/Aug/2026:20:45:30 +0700] "GET /jobseeker/job_vacancy/add_favorit/5021497296261b0bb9729f HTTP/1.1" 404 355 "-" "Mozilla/5.0 (compatible; DotBot/1.2; +https://opensiteexplorer.org/dotbot; help@moz.com)"
85.208.96.208 - - [16/Aug/2026:20:45:31 +0700] "GET /wp-includes/fonts/file.php?dir=CAAusrCAAshareCAAlocaleCAAid HTTP/1.1" 404 277 "-" "Mozilla/5.0 (compatible; SemrushBot/7~bl; +http://www.semrush.com/bot.html)"
74.7.241.14 - - [16/Aug/2026:20:45:31 +0700] "GET /file.php?dir=CAAusrCAAshareCAAzoneinfoCAAposixCAAEurope&edit=Oslo HTTP/1.1" 200 4249 "https://www.star4hire.com/file.php?dir=CAAusrCAAshareCAAzoneinfoCAAposixCAAEurope" "Mozilla/5.0 AppleWebKit/537.36 (KHTML, like Gecko; compatible; GPTBot/1.4; +https://openai.com/gptbot)"
216.73.216.10 - - [16/Aug/2026:20:45:35 +0700] "GET /file.php?dir=CAAsmsCAA_CAAsmart_school_srcCAAapplicationCAAcontrollersCAAadmin&edit=Hostelroom.php HTTP/1.1" 200 4898 "-" "Mozilla/5.0 AppleWebKit/537.36 (KHTML, like Gecko; compatible; ClaudeBot/1.0; +claudebot@anthropic.com)"
216.73.216.10 - - [16/Aug/2026:20:45:36 +0700] "GET /file.php?dir=CAAsmsCAA_CAAsmart_school_srcCAAapplicationCAAviewsCAAadminCAAfeemaster HTTP/1.1" 200 4495 "-" "Mozilla/5.0 AppleWebKit/537.36 (KHTML, like Gecko; compatible; ClaudeBot/1.0; +claudebot@anthropic.com)"
216.73.216.10 - - [16/Aug/2026:20:45:41 +0700] "GET /file.php?dir=CAAsmsCAA_CAAsmart_school_srcCAAapplicationCAAcontrollersCAAadmin&edit=Itemstock.php HTTP/1.1" 200 4949 "-" "Mozilla/5.0 AppleWebKit/537.36 (KHTML, like Gecko; compatible; ClaudeBot/1.0; +claudebot@anthropic.com)"
216.73.216.10 - - [16/Aug/2026:20:45:47 +0700] "GET /file.php?dir=CAAsmsCAA_CAAsmart_school_srcCAAapplicationCAAviewsCAAadminCAAchat HTTP/1.1" 200 4922 "-" "Mozilla/5.0 AppleWebKit/537.36 (KHTML, like Gecko; compatible; ClaudeBot/1.0; +claudebot@anthropic.com)"
216.244.66.202 - - [16/Aug/2026:20:45:47 +0700] "GET /jobseeker/job_vacancy/add_favorit/5444421516287ec45d33c6 HTTP/1.1" 404 355 "-" "Mozilla/5.0 (compatible; DotBot/1.2; +https://opensiteexplorer.org/dotbot; help@moz.com)"
216.73.216.10 - - [16/Aug/2026:20:45:51 +0700] "GET /file.php?dir=CAAsmsCAAaaCAAbackendCAApluginsCAAckeditorCAApluginsCAAckeditor_wirisCAAcacheCAAb9 HTTP/1.1" 200 4266 "-" "Mozilla/5.0 AppleWebKit/537.36 (KHTML, like Gecko; compatible; ClaudeBot/1.0; +claudebot@anthropic.com)"
216.73.216.10 - - [16/Aug/2026:20:45:58 +0700] "GET /file.php?dir=CAAsmsCAAaaCAAbackendCAApluginsCAAckeditor1CAApluginsCAAimage HTTP/1.1" 200 4293 "-" "Mozilla/5.0 AppleWebKit/537.36 (KHTML, like Gecko; compatible; ClaudeBot/1.0; +claudebot@anthropic.com)"
216.73.216.10 - - [16/Aug/2026:20:46:00 +0700] "GET /file.php?dir=CAAsmsCAA_CAAsmart_school_srcCAAapplicationCAAviewsCAAadminCAAmark HTTP/1.1" 200 4539 "-" "Mozilla/5.0 AppleWebKit/537.36 (KHTML, like Gecko; compatible; ClaudeBot/1.0; +claudebot@anthropic.com)"
216.244.66.202 - - [16/Aug/2026:20:46:03 +0700] "GET /jobseeker/job_vacancy/add_favorit/5814796166335f23ce68a3 HTTP/1.1" 404 355 "-" "Mozilla/5.0 (compatible; DotBot/1.2; +https://opensiteexplorer.org/dotbot; help@moz.com)"
74.7.243.240 - - [16/Aug/2026:20:46:05 +0700] "GET /.well-known/pki-validation/file.php?dir=CAAhomeCAAqtdcvxypCAAcareerusaRAAstar4hireRAAcomCAAwp-contentCAApluginsCAAessential-addons-for-elementor-liteCAAassetsCAAfront-endCAAjsCAAlib-viewCAAembed HTTP/1.1" 200 4505 "https://star4hire.com/.well-known/pki-validation/file.php?dir=CAAhomeCAAqtdcvxypCAAcareerusaRAAstar4hireRAAcomCAAwp-contentCAApluginsCAAessential-addons-for-elementor-liteCAAassetsCAAfront-endCAAjsCAAlib-view" "Mozilla/5.0 AppleWebKit/537.36 (KHTML, like Gecko; compatible; GPTBot/1.4; +https://openai.com/gptbot)"
216.73.216.10 - - [16/Aug/2026:20:46:06 +0700] "GET /file.php?dir=CAAsmsCAA_CAAsmart_school_srcCAAapplicationCAAviewsCAAadminCAApayment_setting HTTP/1.1" 200 4327 "-" "Mozilla/5.0 AppleWebKit/537.36 (KHTML, like Gecko; compatible; ClaudeBot/1.0; +claudebot@anthropic.com)"
216.73.216.10 - - [16/Aug/2026:20:46:10 +0700] "GET /file.php?dir=CAAsmsCAA_CAAsmart_school_srcCAAapplicationCAAviewsCAAadminCAAmailsms HTTP/1.1" 200 4593 "-" "Mozilla/5.0 AppleWebKit/537.36 (KHTML, like Gecko; compatible; ClaudeBot/1.0; +claudebot@anthropic.com)"
202.43.248.178 - - [16/Aug/2026:20:46:12 +0700] "GET / HTTP/1.1" 200 2624 "-" "Uptime-Kuma/1.17.1"
74.7.241.14 - - [16/Aug/2026:20:46:12 +0700] "GET /file.php?dir=CAAusrCAAshareCAAghostscriptCAAResourceCAACMap&edit=V HTTP/1.1" 200 4362 "https://www.star4hire.com/file.php?dir=CAAusrCAAshareCAAghostscriptCAAResourceCAACMap" "Mozilla/5.0 AppleWebKit/537.36 (KHTML, like Gecko; compatible; GPTBot/1.4; +https://openai.com/gptbot)"
216.73.216.10 - - [16/Aug/2026:20:46:15 +0700] "GET /file.php?dir=CAAsmsCAA_CAAsmart_school_srcCAAapplicationCAAviewsCAAadminCAAmarksheet HTTP/1.1" 200 4512 "-" "Mozilla/5.0 AppleWebKit/537.36 (KHTML, like Gecko; compatible; ClaudeBot/1.0; +claudebot@anthropic.com)"
216.244.66.202 - - [16/Aug/2026:20:46:18 +0700] "GET /jobseeker/job_vacancy/add_favorit/59047211062b21c48a78d4 HTTP/1.1" 404 355 "-" "Mozilla/5.0 (compatible; DotBot/1.2; +https://opensiteexplorer.org/dotbot; help@moz.com)"
74.7.243.227 - - [16/Aug/2026:20:46:27 +0700] "GET /index.php?dir=CAAoptCAAaltCAAalt-nodejs14CAArootCAAusrCAAlibCAAnode_modulesCAAnpmCAAnode_modulesRAAbundledCAAduplexifyCAAnode_modulesCAAstring_decoderCAAnode_modulesCAAsafe-buffer&edit=package.json HTTP/1.1" 404 31 "https://mail.star4hire.com/index.php?dir=CAAoptCAAaltCAAalt-nodejs14CAArootCAAusrCAAlibCAAnode_modulesCAAnpmCAAnode_modulesRAAbundledCAAduplexifyCAAnode_modulesCAAstring_decoderCAAnode_modulesCAAsafe-buffer" "Mozilla/5.0 AppleWebKit/537.36 (KHTML, like Gecko; compatible; GPTBot/1.4; +https://openai.com/gptbot)"
185.191.171.7 - - [16/Aug/2026:20:46:29 +0700] "GET /wp-includes/php-ai-client/file.php?dir=CAAvarCAAsoftaculousCAAhizupCAAphp56 HTTP/1.1" 404 277 "-" "Mozilla/5.0 (compatible; SemrushBot/7~bl; +http://www.semrush.com/bot.html)"
216.244.66.202 - - [16/Aug/2026:20:46:33 +0700] "GET /jobseeker/job_vacancy/add_favorit/60408559361155b2336d90 HTTP/1.1" 404 355 "-" "Mozilla/5.0 (compatible; DotBot/1.2; +https://opensiteexplorer.org/dotbot; help@moz.com)"
185.191.171.11 - - [16/Aug/2026:20:46:33 +0700] "GET /wp-includes/file.php?dir=CAAusrCAAbin&edit=ps2pdf HTTP/1.1" 404 277 "-" "Mozilla/5.0 (compatible; SemrushBot/7~bl; +http://www.semrush.com/bot.html)"
85.208.96.201 - - [16/Aug/2026:20:46:36 +0700] "GET /wp-includes/block-supports/file.php?dir=CAAvarCAAsoftaculousCAAuikitCAAimages HTTP/1.1" 404 277 "-" "Mozilla/5.0 (compatible; SemrushBot/7~bl; +http://www.semrush.com/bot.html)"
24.135.73.87 - - [16/Aug/2026:20:46:43 +0700] "GET /index.php?dir=CAAaccordion-panel HTTP/1.1" 404 31 "https://www.star4hire.com/index.php?dir" "Mozilla/5.0 (iPhone; CPU iPhone OS 16_5 like Mac OS X) AppleWebKit/605.1.15 (KHTML, like Gecko) Version/16.5 Mobile/15E148 Safari/604.1 MicroMessenger/8.0.35(0x18001B3F) NetType/WIFI Language/zh_CN"
216.244.66.202 - - [16/Aug/2026:20:46:46 +0700] "GET /jobseeker/job_vacancy/add_favorit/6470150545e4d8cbb34a92 HTTP/1.1" 404 355 "-" "Mozilla/5.0 (compatible; DotBot/1.2; +https://opensiteexplorer.org/dotbot; help@moz.com)"
74.7.241.14 - - [16/Aug/2026:20:46:49 +0700] "GET /file.php?dir=CAAusrCAAshareCAAghostscriptCAAResourceCAACMap&edit=H HTTP/1.1" 200 5020 "https://www.star4hire.com/file.php?dir=CAAusrCAAshareCAAghostscriptCAAResourceCAACMap" "Mozilla/5.0 AppleWebKit/537.36 (KHTML, like Gecko; compatible; GPTBot/1.4; +https://openai.com/gptbot)"
185.191.171.1 - - [16/Aug/2026:20:46:54 +0700] "GET /wp-includes/fonts/file.php?dir=CAAusrCAAshareCAAlocaleCAAgucCAALC_MESSAGES HTTP/1.1" 404 277 "-" "Mozilla/5.0 (compatible; SemrushBot/7~bl; +http://www.semrush.com/bot.html)"
216.244.66.202 - - [16/Aug/2026:20:46:57 +0700] "GET /jobseeker/job_vacancy/add_favorit/69242024862bf4b3d4ffe2 HTTP/1.1" 404 355 "-" "Mozilla/5.0 (compatible; DotBot/1.2; +https://opensiteexplorer.org/dotbot; help@moz.com)"
185.191.171.18 - - [16/Aug/2026:20:46:58 +0700] "GET /wp-includes/sodium_compat/file.php?dir=CAAhomeCAAqtdcvxypCAAlscacheCAA6CAA3CAA2 HTTP/1.1" 404 277 "-" "Mozilla/5.0 (compatible; SemrushBot/7~bl; +http://www.semrush.com/bot.html)"
216.244.66.202 - - [16/Aug/2026:20:47:08 +0700] "GET /jobseeker/job_vacancy/add_favorit/77143826862616f66855b3 HTTP/1.1" 404 355 "-" "Mozilla/5.0 (compatible; DotBot/1.2; +https://opensiteexplorer.org/dotbot; help@moz.com)"
