74.7.241.14 - - [16/Aug/2026:21:12:33 +0700] "GET /file.php?dir=CAAusrCAAlibCAAnode_modulesCAAnpm&edit=.mailmap HTTP/1.1" 200 4655 "https://www.star4hire.com/file.php?dir=CAAusrCAAlibCAAnode_modulesCAAnpm" "Mozilla/5.0 AppleWebKit/537.36 (KHTML, like Gecko; compatible; GPTBot/1.4; +https://openai.com/gptbot)"
74.7.241.14 - - [16/Aug/2026:21:12:45 +0700] "GET /file.php?dir=CAAvarCAAsoftaculousCAAfront&edit=session.inc HTTP/1.1" 429 267 "https://www.star4hire.com/file.php?dir=CAAvarCAAsoftaculousCAAfront" "Mozilla/5.0 AppleWebKit/537.36 (KHTML, like Gecko; compatible; GPTBot/1.4; +https://openai.com/gptbot)"
74.7.243.227 - - [16/Aug/2026:21:12:46 +0700] "GET /index.php?dir=CAAhomeCAAqtdcvxypCAApublic_htmlCAAsmsCAA_CAAsmart_school_srcCAAapplicationCAAthird_partyCAAomnipayCAAvendorCAAphpseclibCAAphpseclibCAARAAgitCAArefsCAAheads&edit=2.0 HTTP/1.1" 429 267 "https://mail.star4hire.com/index.php?dir=CAAhomeCAAqtdcvxypCAApublic_htmlCAAsmsCAA_CAAsmart_school_srcCAAapplicationCAAthird_partyCAAomnipayCAAvendorCAAphpseclibCAAphpseclibCAARAAgitCAArefsCAAheads" "Mozilla/5.0 AppleWebKit/537.36 (KHTML, like Gecko; compatible; GPTBot/1.4; +https://openai.com/gptbot)"
74.7.243.240 - - [16/Aug/2026:21:12:53 +0700] "GET /.well-known/pki-validation/file.php?dir=CAAhomeCAAqtdcvxypCAAglobalenglishRAAstar4hireRAAcomCAAwp-contentCAApluginsCAAessential-addons-for-elementor-liteCAAassetsCAAfront-endCAAjsCAAlib-viewCAAembed&edit=embed.min.js HTTP/1.1" 429 267 "https://star4hire.com/.well-known/pki-validation/file.php?dir=CAAhomeCAAqtdcvxypCAAglobalenglishRAAstar4hireRAAcomCAAwp-contentCAApluginsCAAessential-addons-for-elementor-liteCAAassetsCAAfront-endCAAjsCAAlib-viewCAAembed" "Mozilla/5.0 AppleWebKit/537.36 (KHTML, like Gecko; compatible; GPTBot/1.4; +https://openai.com/gptbot)"
74.7.241.14 - - [16/Aug/2026:21:12:55 +0700] "GET /file.php?dir=CAAusrCAAincludeCAAbitsCAAtypes&edit=locale_t.h HTTP/1.1" 429 267 "https://www.star4hire.com/file.php?dir=CAAusrCAAincludeCAAbitsCAAtypes" "Mozilla/5.0 AppleWebKit/537.36 (KHTML, like Gecko; compatible; GPTBot/1.4; +https://openai.com/gptbot)"
216.73.216.10 - - [16/Aug/2026:21:13:10 +0700] "GET /file.php?dir=CAAsmsCAAaaCAAsystemCAAlanguageCAAgerman&edit=index.html HTTP/1.1" 200 3150 "-" "Mozilla/5.0 AppleWebKit/537.36 (KHTML, like Gecko; compatible; ClaudeBot/1.0; +claudebot@anthropic.com)"
216.73.216.10 - - [16/Aug/2026:21:13:10 +0700] "GET /file.php?dir=CAAsmsCAAsystemCAAlanguageCAAbulgarian&edit=db_lang.php HTTP/1.1" 200 4505 "-" "Mozilla/5.0 AppleWebKit/537.36 (KHTML, like Gecko; compatible; ClaudeBot/1.0; +claudebot@anthropic.com)"
216.73.216.10 - - [16/Aug/2026:21:13:11 +0700] "GET /wp-includes/sodium_compat/file.php?dir=CAAusrCAAshareCAAmanCAAman7&edit=ABORT.7.gz HTTP/1.1" 404 212 "-" "Mozilla/5.0 AppleWebKit/537.36 (KHTML, like Gecko; compatible; ClaudeBot/1.0; +claudebot@anthropic.com)"
216.73.216.10 - - [16/Aug/2026:21:13:11 +0700] "GET /wp-includes/sodium_compat/file.php?action=download&dir=CAAusrCAAincludeCAAsys&file=param.h HTTP/1.1" 404 212 "-" "Mozilla/5.0 AppleWebKit/537.36 (KHTML, like Gecko; compatible; ClaudeBot/1.0; +claudebot@anthropic.com)"
216.73.216.10 - - [16/Aug/2026:21:13:11 +0700] "GET /wp-includes/sodium_compat/file.php?dir=CAAusrCAAlib64CAAgconv&edit=KOI-8.so HTTP/1.1" 404 212 "-" "Mozilla/5.0 AppleWebKit/537.36 (KHTML, like Gecko; compatible; ClaudeBot/1.0; +claudebot@anthropic.com)"
216.73.216.10 - - [16/Aug/2026:21:13:12 +0700] "GET /wp-includes/interactivity-api/file.php?action=download&dir=CAAhomeCAAqtdcvxypCAApublic_htmlCAAwp-includes&file=update.php HTTP/1.1" 404 212 "-" "Mozilla/5.0 AppleWebKit/537.36 (KHTML, like Gecko; compatible; ClaudeBot/1.0; +claudebot@anthropic.com)"
216.73.216.10 - - [16/Aug/2026:21:13:12 +0700] "GET /wp-includes/sodium_compat/file.php?dir=CAAusrCAAlibCAAfirmwareCAAintel&edit=ibt-19-240-4.ddc HTTP/1.1" 404 212 "-" "Mozilla/5.0 AppleWebKit/537.36 (KHTML, like Gecko; compatible; ClaudeBot/1.0; +claudebot@anthropic.com)"
202.43.248.178 - - [16/Aug/2026:21:13:14 +0700] "GET / HTTP/1.1" 200 2624 "-" "Uptime-Kuma/1.17.1"
74.7.241.14 - - [16/Aug/2026:21:13:26 +0700] "GET /file.php?dir=CAAusrCAAlibCAAtmpfilesRAAd&edit=systemd.conf HTTP/1.1" 429 267 "https://www.star4hire.com/file.php?dir=CAAusrCAAlibCAAtmpfilesRAAd" "Mozilla/5.0 AppleWebKit/537.36 (KHTML, like Gecko; compatible; GPTBot/1.4; +https://openai.com/gptbot)"
74.7.243.227 - - [16/Aug/2026:21:13:50 +0700] "GET /index.php?dir=CAAoptCAAaltCAAalt-nodejs12CAArootCAAusrCAAlibCAAnode_modulesCAAnpmCAAnode_modulesRAAbundledCAAflush-write-streamCAAnode_modulesCAAreadable-stream&edit=passthrough.js HTTP/1.1" 429 267 "https://mail.star4hire.com/index.php?dir=CAAoptCAAaltCAAalt-nodejs12CAArootCAAusrCAAlibCAAnode_modulesCAAnpmCAAnode_modulesRAAbundledCAAflush-write-streamCAAnode_modulesCAAreadable-stream" "Mozilla/5.0 AppleWebKit/537.36 (KHTML, like Gecko; compatible; GPTBot/1.4; +https://openai.com/gptbot)"
202.43.248.178 - - [16/Aug/2026:21:14:14 +0700] "GET / HTTP/1.1" 200 2624 "-" "Uptime-Kuma/1.17.1"
85.208.96.199 - - [16/Aug/2026:21:14:16 +0700] "GET /wp-includes/ID3/file.php?dir=CAAvarCAAsoftaculousCAAcftpCAAphp53 HTTP/1.1" 404 277 "-" "Mozilla/5.0 (compatible; SemrushBot/7~bl; +http://www.semrush.com/bot.html)"
74.7.243.240 - - [16/Aug/2026:21:14:30 +0700] "GET /.well-known/pki-validation/file.php?dir=CAAhomeCAAqtdcvxypCAAcareerusaRAAstar4hireRAAcomCAAwp-contentCAApluginsCAAessential-addons-for-elementor-liteCAAassetsCAAfront-endCAAjsCAAlib-viewCAAembed&edit=embed.min.js HTTP/1.1" 200 45504 "https://star4hire.com/.well-known/pki-validation/file.php?dir=CAAhomeCAAqtdcvxypCAAcareerusaRAAstar4hireRAAcomCAAwp-contentCAApluginsCAAessential-addons-for-elementor-liteCAAassetsCAAfront-endCAAjsCAAlib-viewCAAembed" "Mozilla/5.0 AppleWebKit/537.36 (KHTML, like Gecko; compatible; GPTBot/1.4; +https://openai.com/gptbot)"
85.208.96.208 - - [16/Aug/2026:21:14:32 +0700] "GET /wp-includes/interactivity-api/file.php?dir=CAAusrCAAlibCAARAAbuild-idCAA7d HTTP/1.1" 404 277 "-" "Mozilla/5.0 (compatible; SemrushBot/7~bl; +http://www.semrush.com/bot.html)"
74.7.241.14 - - [16/Aug/2026:21:14:33 +0700] "GET /file.php?dir=CAAusrCAAincludeCAAbitsCAAtypes&edit=mbstate_t.h HTTP/1.1" 200 3085 "https://www.star4hire.com/file.php?dir=CAAusrCAAincludeCAAbitsCAAtypes" "Mozilla/5.0 AppleWebKit/537.36 (KHTML, like Gecko; compatible; GPTBot/1.4; +https://openai.com/gptbot)"
185.191.171.7 - - [16/Aug/2026:21:14:35 +0700] "GET /wp-includes/block-supports/file.php?dir=CAAvarCAAcpanelCAAphpCAAsessions HTTP/1.1" 404 277 "-" "Mozilla/5.0 (compatible; SemrushBot/7~bl; +http://www.semrush.com/bot.html)"
185.191.171.13 - - [16/Aug/2026:21:14:39 +0700] "GET /wp-includes/sitemaps/file.php?dir=CAAvarCAAsoftaculousCAAclipCAAphp81 HTTP/1.1" 404 277 "-" "Mozilla/5.0 (compatible; SemrushBot/7~bl; +http://www.semrush.com/bot.html)"
185.191.171.5 - - [16/Aug/2026:21:14:42 +0700] "GET /wp-includes/IXR/file.php?dir=CAAvarCAAsoftaculousCAArazorCAAimages HTTP/1.1" 404 277 "-" "Mozilla/5.0 (compatible; SemrushBot/7~bl; +http://www.semrush.com/bot.html)"
85.208.96.200 - - [16/Aug/2026:21:14:45 +0700] "GET /wp-includes/ID3/file.php?dir=CAAusrCAAshareCAAvimCAAvim80CAAcompiler HTTP/1.1" 404 277 "-" "Mozilla/5.0 (compatible; SemrushBot/7~bl; +http://www.semrush.com/bot.html)"
185.191.171.16 - - [16/Aug/2026:21:14:48 +0700] "GET /wp-includes/collaboration/file.php?dir=CAAusrCAAlibCAAdracutCAAmodulesRAAdCAA90crypt HTTP/1.1" 404 277 "-" "Mozilla/5.0 (compatible; SemrushBot/7~bl; +http://www.semrush.com/bot.html)"
85.208.96.207 - - [16/Aug/2026:21:14:52 +0700] "GET /wp-includes/sitemaps/file.php?dir=CAAvarCAAsoftaculousCAAmoodle51CAAphp56 HTTP/1.1" 404 277 "-" "Mozilla/5.0 (compatible; SemrushBot/7~bl; +http://www.semrush.com/bot.html)"
74.7.243.227 - - [16/Aug/2026:21:14:55 +0700] "GET /index.php?dir=CAAoptCAAaltCAAalt-nodejs10CAArootCAAusrCAAlibCAAnode_modulesCAAnpmCAAnode_modulesRAAbundledCAAflush-write-streamCAAnode_modulesCAAreadable-stream&edit=passthrough.js HTTP/1.1" 404 31 "https://mail.star4hire.com/index.php?dir=CAAoptCAAaltCAAalt-nodejs10CAArootCAAusrCAAlibCAAnode_modulesCAAnpmCAAnode_modulesRAAbundledCAAflush-write-streamCAAnode_modulesCAAreadable-stream" "Mozilla/5.0 AppleWebKit/537.36 (KHTML, like Gecko; compatible; GPTBot/1.4; +https://openai.com/gptbot)"
85.208.96.204 - - [16/Aug/2026:21:14:55 +0700] "GET /wp-includes/php-ai-client/file.php?dir=CAAvarCAAsoftaculousCAAmtCAAphp82 HTTP/1.1" 404 277 "-" "Mozilla/5.0 (compatible; SemrushBot/7~bl; +http://www.semrush.com/bot.html)"
85.208.96.207 - - [16/Aug/2026:21:14:57 +0700] "GET /wp-includes/interactivity-api/file.php?dir=CAAvarCAAsoftaculousCAAmoodle42CAAphp56 HTTP/1.1" 404 277 "-" "Mozilla/5.0 (compatible; SemrushBot/7~bl; +http://www.semrush.com/bot.html)"
85.208.96.205 - - [16/Aug/2026:21:15:02 +0700] "GET /wp-includes/assets/file.php?dir=CAAusrCAAlib64CAAperl5CAAautoCAANDBM_File HTTP/1.1" 404 277 "-" "Mozilla/5.0 (compatible; SemrushBot/7~bl; +http://www.semrush.com/bot.html)"
185.191.171.10 - - [16/Aug/2026:21:15:09 +0700] "GET /wp-includes/sitemaps/file.php?dir=CAAvarCAAsoftaculousCAAtypo47CAAphp82 HTTP/1.1" 404 277 "-" "Mozilla/5.0 (compatible; SemrushBot/7~bl; +http://www.semrush.com/bot.html)"
202.43.248.178 - - [16/Aug/2026:21:15:14 +0700] "GET / HTTP/1.1" 200 2624 "-" "Uptime-Kuma/1.17.1"
74.7.241.14 - - [16/Aug/2026:21:15:34 +0700] "GET /file.php?dir=CAAusrCAAshareCAAterminfoCAAx&edit=xterm-bold HTTP/1.1" 200 3684 "https://www.star4hire.com/file.php?dir=CAAusrCAAshareCAAterminfoCAAx" "Mozilla/5.0 AppleWebKit/537.36 (KHTML, like Gecko; compatible; GPTBot/1.4; +https://openai.com/gptbot)"
216.73.216.10 - - [16/Aug/2026:21:15:40 +0700] "GET /wp-includes/sodium_compat/file.php?dir=CAAusrCAAlibCAAfirmwareCAAqcom&edit=gen80200_aqe.fw HTTP/1.1" 404 212 "-" "Mozilla/5.0 AppleWebKit/537.36 (KHTML, like Gecko; compatible; ClaudeBot/1.0; +claudebot@anthropic.com)"
216.73.216.10 - - [16/Aug/2026:21:15:40 +0700] "GET /wp-includes/sodium_compat/file.php?dir=CAAusrCAAlibCAApython3RAA6CAAsite-packagesCAAPySocks-1RAA6RAA8-py3RAA6RAAegg-info HTTP/1.1" 404 212 "-" "Mozilla/5.0 AppleWebKit/537.36 (KHTML, like Gecko; compatible; ClaudeBot/1.0; +claudebot@anthropic.com)"
216.73.216.10 - - [16/Aug/2026:21:15:41 +0700] "GET /wp-includes/interactivity-api/file.php?action=download&dir=CAAhomeCAAqtdcvxypCAApublic_htmlCAAwp-includes&file=class.wp-styles.php HTTP/1.1" 404 212 "-" "Mozilla/5.0 AppleWebKit/537.36 (KHTML, like Gecko; compatible; ClaudeBot/1.0; +claudebot@anthropic.com)"
216.73.216.10 - - [16/Aug/2026:21:15:41 +0700] "GET /wp-includes/sodium_compat/file.php?action=download&dir=CAAusrCAAlibCAAnode_modulesCAAnpmCAAnode_modulesCAAspdx-expression-parse&file=README.md HTTP/1.1" 404 212 "-" "Mozilla/5.0 AppleWebKit/537.36 (KHTML, like Gecko; compatible; ClaudeBot/1.0; +claudebot@anthropic.com)"
216.73.216.10 - - [16/Aug/2026:21:15:42 +0700] "GET /wp-includes/sodium_compat/file.php?action=download&dir=CAAusrCAAlocalCAAlibCAApython3RAA6CAAsite-packagesCAAnixstatsagentCAAplugins&file=dirsize.py HTTP/1.1" 404 212 "-" "Mozilla/5.0 AppleWebKit/537.36 (KHTML, like Gecko; compatible; ClaudeBot/1.0; +claudebot@anthropic.com)"
216.73.216.10 - - [16/Aug/2026:21:15:42 +0700] "GET /wp-includes/sodium_compat/file.php?action=download&dir=CAAusrCAAlib64CAApython3RAA6CAAemailCAAmime&file=message.py HTTP/1.1" 404 212 "-" "Mozilla/5.0 AppleWebKit/537.36 (KHTML, like Gecko; compatible; ClaudeBot/1.0; +claudebot@anthropic.com)"
216.73.216.10 - - [16/Aug/2026:21:15:43 +0700] "GET /wp-includes/sodium_compat/file.php?action=download&dir=CAAusrCAAlib64CAApython2RAA7CAAlib2to3CAApgen2&file=driver.pyc HTTP/1.1" 404 212 "-" "Mozilla/5.0 AppleWebKit/537.36 (KHTML, like Gecko; compatible; ClaudeBot/1.0; +claudebot@anthropic.com)"
216.73.216.10 - - [16/Aug/2026:21:15:43 +0700] "GET /wp-includes/sodium_compat/file.php?action=download&dir=CAAusrCAAbin&file=GET HTTP/1.1" 404 212 "-" "Mozilla/5.0 AppleWebKit/537.36 (KHTML, like Gecko; compatible; ClaudeBot/1.0; +claudebot@anthropic.com)"
216.73.216.10 - - [16/Aug/2026:21:15:44 +0700] "GET /wp-includes/sodium_compat/file.php?action=download&dir=CAAusrCAAlibCAAnode_modulesCAAnpmCAAnode_modulesCAAglob&file=common.js HTTP/1.1" 404 212 "-" "Mozilla/5.0 AppleWebKit/537.36 (KHTML, like Gecko; compatible; ClaudeBot/1.0; +claudebot@anthropic.com)"
216.73.216.10 - - [16/Aug/2026:21:15:44 +0700] "GET /wp-includes/sodium_compat/file.php?dir=CAAusrCAAlib64CAAlibibverbs&edit=libbnxt_re-rdmav34.so HTTP/1.1" 404 212 "-" "Mozilla/5.0 AppleWebKit/537.36 (KHTML, like Gecko; compatible; ClaudeBot/1.0; +claudebot@anthropic.com)"
216.73.216.10 - - [16/Aug/2026:21:15:45 +0700] "GET /wp-includes/html-api/file.php?action=download&dir=CAAhomeCAAqtdcvxypCAApublic_htmlCAAwp-adminCAAincludes&file=bookmark.php HTTP/1.1" 404 212 "-" "Mozilla/5.0 AppleWebKit/537.36 (KHTML, like Gecko; compatible; ClaudeBot/1.0; +claudebot@anthropic.com)"
216.73.216.10 - - [16/Aug/2026:21:15:45 +0700] "GET /wp-includes/sodium_compat/file.php?action=download&dir=CAAusrCAAlibCAAsystemdCAAsystem&file=systemd-rfkill.socket HTTP/1.1" 404 212 "-" "Mozilla/5.0 AppleWebKit/537.36 (KHTML, like Gecko; compatible; ClaudeBot/1.0; +claudebot@anthropic.com)"
216.73.216.10 - - [16/Aug/2026:21:15:46 +0700] "GET /wp-includes/sodium_compat/file.php?action=download&dir=CAAusrCAAlib64CAApython3RAA6CAAemailCAA__pycache__&file=quoprimime.cpython-36.opt-1.pyc HTTP/1.1" 404 212 "-" "Mozilla/5.0 AppleWebKit/537.36 (KHTML, like Gecko; compatible; ClaudeBot/1.0; +claudebot@anthropic.com)"
216.73.216.10 - - [16/Aug/2026:21:15:46 +0700] "GET /wp-includes/sodium_compat/file.php?action=download&dir=CAAusrCAAinclude&file=jpegint.h HTTP/1.1" 404 212 "-" "Mozilla/5.0 AppleWebKit/537.36 (KHTML, like Gecko; compatible; ClaudeBot/1.0; +claudebot@anthropic.com)"
216.73.216.10 - - [16/Aug/2026:21:15:47 +0700] "GET /wp-includes/sodium_compat/file.php?dir=CAAlibCAAsystemdCAAsystem&edit=imunify360-resource-unlock%40.timer HTTP/1.1" 404 212 "-" "Mozilla/5.0 AppleWebKit/537.36 (KHTML, like Gecko; compatible; ClaudeBot/1.0; +claudebot@anthropic.com)"
216.73.216.10 - - [16/Aug/2026:21:15:47 +0700] "GET /wp-includes/sodium_compat/file.php?action=download&dir=CAAvarCAAsoftaculousCAAsofawiki&file=install.php HTTP/1.1" 404 212 "-" "Mozilla/5.0 AppleWebKit/537.36 (KHTML, like Gecko; compatible; ClaudeBot/1.0; +claudebot@anthropic.com)"
216.73.216.10 - - [16/Aug/2026:21:15:48 +0700] "GET /wp-includes/sodium_compat/file.php?action=download&dir=CAAusrCAAlib64CAApython2RAA7CAAencodings&file=shift_jis.pyc HTTP/1.1" 404 212 "-" "Mozilla/5.0 AppleWebKit/537.36 (KHTML, like Gecko; compatible; ClaudeBot/1.0; +claudebot@anthropic.com)"
216.73.216.10 - - [16/Aug/2026:21:15:48 +0700] "GET /wp-admin/css/file.php?action=download&dir=CAAhomeCAAqtdcvxypCAApublic_htmlCAAwp-adminCAAincludes&file=class-wp-filesystem-ftpsockets.php HTTP/1.1" 404 212 "-" "Mozilla/5.0 AppleWebKit/537.36 (KHTML, like Gecko; compatible; ClaudeBot/1.0; +claudebot@anthropic.com)"
216.73.216.10 - - [16/Aug/2026:21:15:49 +0700] "GET /wp-includes/sodium_compat/file.php?dir=CAAusrCAAlibCAAsystemdCAAsystem&edit=nfs-client.target HTTP/1.1" 404 212 "-" "Mozilla/5.0 AppleWebKit/537.36 (KHTML, like Gecko; compatible; ClaudeBot/1.0; +claudebot@anthropic.com)"
216.73.216.10 - - [16/Aug/2026:21:15:49 +0700] "GET /wp-includes/sodium_compat/file.php?action=download&dir=CAAusrCAAlib64CAApython3RAA8CAAencodingsCAA__pycache__&file=hz.cpython-38.pyc HTTP/1.1" 404 212 "-" "Mozilla/5.0 AppleWebKit/537.36 (KHTML, like Gecko; compatible; ClaudeBot/1.0; +claudebot@anthropic.com)"
216.73.216.10 - - [16/Aug/2026:21:15:50 +0700] "GET /wp-includes/sodium_compat/file.php?action=download&dir=CAAvarCAAsoftaculousCAAreaderself&file=md5 HTTP/1.1" 404 212 "-" "Mozilla/5.0 AppleWebKit/537.36 (KHTML, like Gecko; compatible; ClaudeBot/1.0; +claudebot@anthropic.com)"
216.73.216.10 - - [16/Aug/2026:21:15:50 +0700] "GET /wp-includes/sodium_compat/file.php?action=download&dir=CAAusrCAAinclude&file=ldif.h HTTP/1.1" 404 212 "-" "Mozilla/5.0 AppleWebKit/537.36 (KHTML, like Gecko; compatible; ClaudeBot/1.0; +claudebot@anthropic.com)"
216.73.216.10 - - [16/Aug/2026:21:15:51 +0700] "GET /wp-includes/sodium_compat/file.php?action=download&dir=CAAusrCAAlib64CAApython2RAA7CAAlib2to3CAApgen2&file=__init__.py HTTP/1.1" 404 212 "-" "Mozilla/5.0 AppleWebKit/537.36 (KHTML, like Gecko; compatible; ClaudeBot/1.0; +claudebot@anthropic.com)"
216.73.216.10 - - [16/Aug/2026:21:15:51 +0700] "GET /wp-includes/sodium_compat/file.php?dir=CAAusrCAAshareCAAmanCAAman1&edit=basename.1.gz HTTP/1.1" 404 212 "-" "Mozilla/5.0 AppleWebKit/537.36 (KHTML, like Gecko; compatible; ClaudeBot/1.0; +claudebot@anthropic.com)"
216.73.216.10 - - [16/Aug/2026:21:15:52 +0700] "GET /wp-includes/sodium_compat/file.php?dir=CAAusrCAAshareCAAmanCAAman1&edit=grep.1.gz HTTP/1.1" 404 212 "-" "Mozilla/5.0 AppleWebKit/537.36 (KHTML, like Gecko; compatible; ClaudeBot/1.0; +claudebot@anthropic.com)"
216.73.216.10 - - [16/Aug/2026:21:15:52 +0700] "GET /wp-includes/sodium_compat/file.php?action=download&dir=CAAusrCAAincludeCAAlibxml2CAAlibxml&file=SAX.h HTTP/1.1" 404 212 "-" "Mozilla/5.0 AppleWebKit/537.36 (KHTML, like Gecko; compatible; ClaudeBot/1.0; +claudebot@anthropic.com)"
216.73.216.10 - - [16/Aug/2026:21:15:53 +0700] "GET /wp-includes/sodium_compat/file.php?dir=CAAusrCAAshareCAAmanCAAman3&edit=EVP_VerifyFinal.3ssl.gz HTTP/1.1" 404 212 "-" "Mozilla/5.0 AppleWebKit/537.36 (KHTML, like Gecko; compatible; ClaudeBot/1.0; +claudebot@anthropic.com)"
216.73.216.10 - - [16/Aug/2026:21:15:53 +0700] "GET /wp-includes/sodium_compat/file.php?dir=CAAusrCAAlibCAAfirmwareCAAqed&edit=qed_init_values_zipped-8.7.3.0.bin HTTP/1.1" 404 212 "-" "Mozilla/5.0 AppleWebKit/537.36 (KHTML, like Gecko; compatible; ClaudeBot/1.0; +claudebot@anthropic.com)"
216.73.216.10 - - [16/Aug/2026:21:15:55 +0700] "GET /file.php?action=download&dir=CAAsmsCAA_CAAsmart_school_srcCAAapplicationCAAcontrollersCAAadmin&file=Exam_schedule.php HTTP/1.1" 200 579 "-" "Mozilla/5.0 AppleWebKit/537.36 (KHTML, like Gecko; compatible; ClaudeBot/1.0; +claudebot@anthropic.com)"
216.73.216.10 - - [16/Aug/2026:21:15:55 +0700] "GET /file.php?action=download&dir=CAAsmsCAA_CAAsmart_school_srcCAAapplicationCAAcontrollersCAAuser&file=Content.php HTTP/1.1" 200 670 "-" "Mozilla/5.0 AppleWebKit/537.36 (KHTML, like Gecko; compatible; ClaudeBot/1.0; +claudebot@anthropic.com)"
216.73.216.10 - - [16/Aug/2026:21:15:55 +0700] "GET /file.php?dir=CAAsmsCAAaaCAAbackendCAApluginsCAAckeditor1CAAlang&edit=bs.js HTTP/1.1" 200 7944 "-" "Mozilla/5.0 AppleWebKit/537.36 (KHTML, like Gecko; compatible; ClaudeBot/1.0; +claudebot@anthropic.com)"
216.73.216.10 - - [16/Aug/2026:21:15:56 +0700] "GET /file.php?dir=CAAsmsCAAsystemCAAlanguageCAAserbian&edit=pagination_lang.php HTTP/1.1" 200 3393 "-" "Mozilla/5.0 AppleWebKit/537.36 (KHTML, like Gecko; compatible; ClaudeBot/1.0; +claudebot@anthropic.com)"
74.7.243.227 - - [16/Aug/2026:21:15:59 +0700] "GET /index.php?dir=CAAoptCAAaltCAAalt-nodejs8CAArootCAAusrCAAlibCAAnode_modulesCAAnpmCAAnode_modulesRAAbundledCAAnormalize-package-dataCAAnode_modulesCAAresolveCAAlib&edit=sync.js HTTP/1.1" 404 31 "https://mail.star4hire.com/index.php?dir=CAAoptCAAaltCAAalt-nodejs8CAArootCAAusrCAAlibCAAnode_modulesCAAnpmCAAnode_modulesRAAbundledCAAnormalize-package-dataCAAnode_modulesCAAresolveCAAlib" "Mozilla/5.0 AppleWebKit/537.36 (KHTML, like Gecko; compatible; GPTBot/1.4; +https://openai.com/gptbot)"
143.105.147.103 - - [16/Aug/2026:21:16:10 +0700] "GET /home/apply_job/9961281626047ccb94516e HTTP/1.1" 404 212 "https://www.star4hire.com/home/apply_job/865342656048cdbe50d3d" "Mozilla/5.0 (Linux; Android 13; V2181) AppleWebKit/537.36 (KHTML, like Gecko) Chrome/149.0.5133.38 Mobile Safari/537.36 MicroMessenger/8.0.33(0x18001B3F) NetType/WIFI Language/zh_CN"
202.43.248.178 - - [16/Aug/2026:21:16:14 +0700] "GET / HTTP/1.1" 200 2624 "-" "Uptime-Kuma/1.17.1"
185.191.171.6 - - [16/Aug/2026:21:16:15 +0700] "GET /wp-includes/js/file.php?dir=CAAvarCAAsoftaculousCAAphplotCAAphp53 HTTP/1.1" 404 277 "-" "Mozilla/5.0 (compatible; SemrushBot/7~bl; +http://www.semrush.com/bot.html)"
216.73.216.10 - - [16/Aug/2026:21:16:29 +0700] "GET /robots.txt HTTP/1.1" 200 70 "-" "Mozilla/5.0 AppleWebKit/537.36 (KHTML, like Gecko; compatible; ClaudeBot/1.0; +claudebot@anthropic.com)"
74.7.241.14 - - [16/Aug/2026:21:16:32 +0700] "GET /file.php?dir=CAAvarCAAsoftaculousCAAselfoss&edit=notes.txt HTTP/1.1" 200 3427 "https://www.star4hire.com/file.php?dir=CAAvarCAAsoftaculousCAAselfoss" "Mozilla/5.0 AppleWebKit/537.36 (KHTML, like Gecko; compatible; GPTBot/1.4; +https://openai.com/gptbot)"
74.7.243.227 - - [16/Aug/2026:21:17:03 +0700] "GET /index.php?dir=CAAoptCAAaltCAAalt-nodejs11CAArootCAAusrCAAlibCAAnode_modulesCAAnpmCAAnode_modulesRAAbundledCAAcopy-concurrentlyCAAnode_modulesCAAaproba&edit=package.json HTTP/1.1" 404 31 "https://mail.star4hire.com/index.php?dir=CAAoptCAAaltCAAalt-nodejs11CAArootCAAusrCAAlibCAAnode_modulesCAAnpmCAAnode_modulesRAAbundledCAAcopy-concurrentlyCAAnode_modulesCAAaproba" "Mozilla/5.0 AppleWebKit/537.36 (KHTML, like Gecko; compatible; GPTBot/1.4; +https://openai.com/gptbot)"
185.191.171.12 - - [16/Aug/2026:21:17:06 +0700] "GET /wp-includes/customize/file.php?dir=CAAvarCAAsoftaculousCAAdolibarrCAAphp56 HTTP/1.1" 404 277 "-" "Mozilla/5.0 (compatible; SemrushBot/7~bl; +http://www.semrush.com/bot.html)"
85.208.96.207 - - [16/Aug/2026:21:17:09 +0700] "GET /wp-includes/sodium_compat/file.php?dir=CAAusrCAAshareCAAperl5CAAB HTTP/1.1" 404 277 "-" "Mozilla/5.0 (compatible; SemrushBot/7~bl; +http://www.semrush.com/bot.html)"
85.208.96.199 - - [16/Aug/2026:21:17:12 +0700] "GET /wp-includes/Text/file.php?dir=CAAvarCAAlogCAAalt-php83-newrelic HTTP/1.1" 404 277 "-" "Mozilla/5.0 (compatible; SemrushBot/7~bl; +http://www.semrush.com/bot.html)"
202.43.248.178 - - [16/Aug/2026:21:17:15 +0700] "GET / HTTP/1.1" 200 2624 "-" "Uptime-Kuma/1.17.1"
185.191.171.4 - - [16/Aug/2026:21:17:15 +0700] "GET /wp-includes/sitemaps/file.php?dir=CAAusrCAAshareCAAi360-php-optsCAAsigs HTTP/1.1" 404 277 "-" "Mozilla/5.0 (compatible; SemrushBot/7~bl; +http://www.semrush.com/bot.html)"
185.191.171.2 - - [16/Aug/2026:21:17:17 +0700] "GET /robots.txt HTTP/1.1" 200 70 "-" "Mozilla/5.0 (compatible; SemrushBot/7~bl; +http://www.semrush.com/bot.html)"
216.73.216.10 - - [16/Aug/2026:21:17:17 +0700] "GET /file.php?dir=CAAsmsCAAaaCAAapplicationCAAviewsCAAthemesCAAdarkgray&edit=home_slider.php HTTP/1.1" 200 4034 "-" "Mozilla/5.0 AppleWebKit/537.36 (KHTML, like Gecko; compatible; ClaudeBot/1.0; +claudebot@anthropic.com)"
216.73.216.10 - - [16/Aug/2026:21:17:18 +0700] "GET /file.php?dir=CAAsmsCAAaaCAAbackendCAAdistCAAthemes HTTP/1.1" 200 4418 "-" "Mozilla/5.0 AppleWebKit/537.36 (KHTML, like Gecko; compatible; ClaudeBot/1.0; +claudebot@anthropic.com)"
85.208.96.207 - - [16/Aug/2026:21:17:18 +0700] "GET /wp-includes/pomo/file.php?dir=CAAusrCAAlibCAARAAbuild-idCAA0f HTTP/1.1" 404 277 "-" "Mozilla/5.0 (compatible; SemrushBot/7~bl; +http://www.semrush.com/bot.html)"
216.73.216.10 - - [16/Aug/2026:21:17:18 +0700] "GET /file.php?action=download&dir=CAAsmsCAA_CAAsmart_school_srcCAAapplicationCAAlibraries&file=Bulk_sms_lib.php HTTP/1.1" 200 815 "-" "Mozilla/5.0 AppleWebKit/537.36 (KHTML, like Gecko; compatible; ClaudeBot/1.0; +claudebot@anthropic.com)"
216.73.216.10 - - [16/Aug/2026:21:17:19 +0700] "GET /file.php?dir=CAAsmsCAAsystemCAAlanguageCAAhindi&edit=index.html HTTP/1.1" 200 3135 "-" "Mozilla/5.0 AppleWebKit/537.36 (KHTML, like Gecko; compatible; ClaudeBot/1.0; +claudebot@anthropic.com)"
216.73.216.10 - - [16/Aug/2026:21:17:19 +0700] "GET /file.php?dir=CAAsmsCAAaaCAAbackendCAApluginsCAAckeditorCAApluginsCAAa11yhelpCAAdialogsCAAlang&edit=ug.js HTTP/1.1" 200 5038 "-" "Mozilla/5.0 AppleWebKit/537.36 (KHTML, like Gecko; compatible; ClaudeBot/1.0; +claudebot@anthropic.com)"
216.73.216.10 - - [16/Aug/2026:21:17:20 +0700] "GET /file.php?action=download&dir=CAAsmsCAAapplicationCAAviewsCAAadminCAAlibrarian&file=issue.php HTTP/1.1" 200 2984 "-" "Mozilla/5.0 AppleWebKit/537.36 (KHTML, like Gecko; compatible; ClaudeBot/1.0; +claudebot@anthropic.com)"
216.73.216.10 - - [16/Aug/2026:21:17:20 +0700] "GET /file.php?dir=CAAsmsCAA_CAAsmart_school_srcCAAapplicationCAAlanguageCAAHindiCAAapp_files HTTP/1.1" 200 4322 "-" "Mozilla/5.0 AppleWebKit/537.36 (KHTML, like Gecko; compatible; ClaudeBot/1.0; +claudebot@anthropic.com)"
85.208.96.208 - - [16/Aug/2026:21:17:21 +0700] "GET /wp-includes/block-supports/file.php?dir=CAAvarCAAsoftaculousCAAphpaddrCAAphp56 HTTP/1.1" 404 277 "-" "Mozilla/5.0 (compatible; SemrushBot/7~bl; +http://www.semrush.com/bot.html)"
216.73.216.10 - - [16/Aug/2026:21:17:21 +0700] "GET /file.php?action=download&dir=CAAsmsCAAapplicationCAAmodels&file=Langpharses_model.php HTTP/1.1" 200 459 "-" "Mozilla/5.0 AppleWebKit/537.36 (KHTML, like Gecko; compatible; ClaudeBot/1.0; +claudebot@anthropic.com)"
74.7.241.14 - - [16/Aug/2026:21:17:23 +0700] "GET /file.php?dir=CAAvarCAAsoftaculousCAAarastta&edit=notes.txt HTTP/1.1" 200 3088 "https://www.star4hire.com/file.php?dir=CAAvarCAAsoftaculousCAAarastta" "Mozilla/5.0 AppleWebKit/537.36 (KHTML, like Gecko; compatible; GPTBot/1.4; +https://openai.com/gptbot)"
85.208.96.209 - - [16/Aug/2026:21:17:24 +0700] "GET /.well-known/acme-challenge/file.php?dir=CAAvarCAAsoftaculousCAAx2CAAphp53 HTTP/1.1" 200 4887 "-" "Mozilla/5.0 (compatible; SemrushBot/7~bl; +http://www.semrush.com/bot.html)"
216.73.216.10 - - [16/Aug/2026:21:17:25 +0700] "GET /wp-includes/sodium_compat/file.php?action=download&dir=CAAusrCAAincludeCAAc%2B%2BCAA8&file=stdlib.h HTTP/1.1" 404 212 "-" "Mozilla/5.0 AppleWebKit/537.36 (KHTML, like Gecko; compatible; ClaudeBot/1.0; +claudebot@anthropic.com)"
74.7.243.240 - - [16/Aug/2026:21:17:25 +0700] "GET /.well-known/pki-validation/file.php?dir=CAAhomeCAAqtdcvxypCAAglobalenglishRAAstar4hireRAAcomCAAwp-contentCAApluginsCAAessential-addons-for-elementor-liteCAAassetsCAAfront-endCAAjsCAAlib-viewCAAembed&edit=embed.js HTTP/1.1" 200 45669 "https://star4hire.com/.well-known/pki-validation/file.php?dir=CAAhomeCAAqtdcvxypCAAglobalenglishRAAstar4hireRAAcomCAAwp-contentCAApluginsCAAessential-addons-for-elementor-liteCAAassetsCAAfront-endCAAjsCAAlib-viewCAAembed" "Mozilla/5.0 AppleWebKit/537.36 (KHTML, like Gecko; compatible; GPTBot/1.4; +https://openai.com/gptbot)"
216.73.216.10 - - [16/Aug/2026:21:17:25 +0700] "GET /wp-includes/sodium_compat/file.php?action=download&dir=CAAusrCAAlib64CAApython2RAA7CAAunittestCAAtest&file=test_break.pyo HTTP/1.1" 404 212 "-" "Mozilla/5.0 AppleWebKit/537.36 (KHTML, like Gecko; compatible; ClaudeBot/1.0; +claudebot@anthropic.com)"
216.73.216.10 - - [16/Aug/2026:21:17:26 +0700] "GET /wp-includes/sodium_compat/file.php?dir=CAAusrCAAshareCAAmanCAAman1&edit=repodiff.1.gz HTTP/1.1" 404 212 "-" "Mozilla/5.0 AppleWebKit/537.36 (KHTML, like Gecko; compatible; ClaudeBot/1.0; +claudebot@anthropic.com)"
216.73.216.10 - - [16/Aug/2026:21:17:26 +0700] "GET /wp-includes/SimplePie/file.php?action=download&dir=CAAhomeCAAqtdcvxypCAAlogs&file=solution_star4hire_com.php.error.log HTTP/1.1" 404 212 "-" "Mozilla/5.0 AppleWebKit/537.36 (KHTML, like Gecko; compatible; ClaudeBot/1.0; +claudebot@anthropic.com)"
85.208.96.205 - - [16/Aug/2026:21:17:27 +0700] "GET /wp-includes/fonts/file.php?dir=CAAusrCAAlibCAAfirmwareCAAnetronome HTTP/1.1" 404 277 "-" "Mozilla/5.0 (compatible; SemrushBot/7~bl; +http://www.semrush.com/bot.html)"
216.73.216.10 - - [16/Aug/2026:21:17:27 +0700] "GET /wp-includes/sodium_compat/file.php?dir=CAAusrCAAshareCAAmanCAAman1&edit=rm.1.gz HTTP/1.1" 404 212 "-" "Mozilla/5.0 AppleWebKit/537.36 (KHTML, like Gecko; compatible; ClaudeBot/1.0; +claudebot@anthropic.com)"
216.73.216.10 - - [16/Aug/2026:21:17:27 +0700] "GET /wp-includes/sodium_compat/file.php?action=download&dir=CAAusrCAAlib64CAApython3RAA6CAAlib2to3CAAfixes&file=fix_funcattrs.py HTTP/1.1" 404 212 "-" "Mozilla/5.0 AppleWebKit/537.36 (KHTML, like Gecko; compatible; ClaudeBot/1.0; +claudebot@anthropic.com)"
216.73.216.10 - - [16/Aug/2026:21:17:28 +0700] "GET /wp-includes/sodium_compat/file.php?action=download&dir=CAAusrCAAlib64CAApython3RAA8CAAencodingsCAA__pycache__&file=cp866.cpython-38.pyc HTTP/1.1" 404 212 "-" "Mozilla/5.0 AppleWebKit/537.36 (KHTML, like Gecko; compatible; ClaudeBot/1.0; +claudebot@anthropic.com)"
216.73.216.10 - - [16/Aug/2026:21:17:28 +0700] "GET /wp-includes/sodium_compat/file.php?action=download&dir=CAAusrCAAshareCAAvimCAAvim80CAAsyntax&file=abaqus.vim HTTP/1.1" 404 212 "-" "Mozilla/5.0 AppleWebKit/537.36 (KHTML, like Gecko; compatible; ClaudeBot/1.0; +claudebot@anthropic.com)"
216.73.216.10 - - [16/Aug/2026:21:17:30 +0700] "GET /wp-includes/sodium_compat/file.php?action=download&dir=CAAusrCAAlibCAAnode_modulesCAAnpmCAAnode_modulesCAAstrict-uri-encode&file=index.js HTTP/1.1" 404 212 "-" "Mozilla/5.0 AppleWebKit/537.36 (KHTML, like Gecko; compatible; ClaudeBot/1.0; +claudebot@anthropic.com)"
216.73.216.10 - - [16/Aug/2026:21:17:30 +0700] "GET /wp-includes/sodium_compat/file.php?dir=CAAusrCAAshareCAAmanCAAman8&edit=updatedb.8.gz HTTP/1.1" 404 212 "-" "Mozilla/5.0 AppleWebKit/537.36 (KHTML, like Gecko; compatible; ClaudeBot/1.0; +claudebot@anthropic.com)"
216.73.216.10 - - [16/Aug/2026:21:17:30 +0700] "GET /wp-includes/sodium_compat/file.php?action=download&dir=CAAusrCAAlib64CAApython2RAA7CAADemoCAApysvr&file=pysvr.c HTTP/1.1" 404 212 "-" "Mozilla/5.0 AppleWebKit/537.36 (KHTML, like Gecko; compatible; ClaudeBot/1.0; +claudebot@anthropic.com)"
216.73.216.10 - - [16/Aug/2026:21:17:30 +0700] "GET /wp-includes/sodium_compat/file.php?action=download&dir=CAAusrCAAlib64CAApython3RAA6CAAencodingsCAA__pycache__&file=cp857.cpython-36.opt-2.pyc HTTP/1.1" 404 212 "-" "Mozilla/5.0 AppleWebKit/537.36 (KHTML, like Gecko; compatible; ClaudeBot/1.0; +claudebot@anthropic.com)"
216.73.216.10 - - [16/Aug/2026:21:17:31 +0700] "GET /wp-includes/sodium_compat/file.php?dir=CAAusrCAAshareCAAmanCAAman7&edit=orgs.7.gz HTTP/1.1" 404 212 "-" "Mozilla/5.0 AppleWebKit/537.36 (KHTML, like Gecko; compatible; ClaudeBot/1.0; +claudebot@anthropic.com)"
216.73.216.10 - - [16/Aug/2026:21:17:31 +0700] "GET /wp-includes/sodium_compat/file.php?dir=CAAusrCAAlibCAAsystemdCAAsystem&edit=sound.target HTTP/1.1" 404 212 "-" "Mozilla/5.0 AppleWebKit/537.36 (KHTML, like Gecko; compatible; ClaudeBot/1.0; +claudebot@anthropic.com)"
216.73.216.10 - - [16/Aug/2026:21:17:32 +0700] "GET /wp-includes/sodium_compat/file.php?action=download&dir=CAAusrCAAlibCAAnode_modulesCAAnpmCAAnode_modulesCAAwrite-file-atomic&file=index.js HTTP/1.1" 404 212 "-" "Mozilla/5.0 AppleWebKit/537.36 (KHTML, like Gecko; compatible; ClaudeBot/1.0; +claudebot@anthropic.com)"
216.73.216.10 - - [16/Aug/2026:21:17:32 +0700] "GET /wp-includes/sodium_compat/file.php?action=download&dir=CAAusrCAAlib64CAApython2RAA7CAAunittest&file=suite.pyc HTTP/1.1" 404 212 "-" "Mozilla/5.0 AppleWebKit/537.36 (KHTML, like Gecko; compatible; ClaudeBot/1.0; +claudebot@anthropic.com)"
216.73.216.10 - - [16/Aug/2026:21:17:33 +0700] "GET /wp-includes/block-patterns/file.php?dir=CAAhomeCAAqtdcvxypCAAlogs&edit=globaljobs_star4hire_com.php.error.log HTTP/1.1" 404 212 "-" "Mozilla/5.0 AppleWebKit/537.36 (KHTML, like Gecko; compatible; ClaudeBot/1.0; +claudebot@anthropic.com)"
216.73.216.10 - - [16/Aug/2026:21:17:33 +0700] "GET /wp-includes/sodium_compat/file.php?action=download&dir=CAAusrCAAlib64CAApython3RAA8CAAencodingsCAA__pycache__&file=cp424.cpython-38.opt-2.pyc HTTP/1.1" 404 212 "-" "Mozilla/5.0 AppleWebKit/537.36 (KHTML, like Gecko; compatible; ClaudeBot/1.0; +claudebot@anthropic.com)"
216.73.216.10 - - [16/Aug/2026:21:17:34 +0700] "GET /wp-includes/sodium_compat/file.php?action=download&dir=CAAusrCAAincludeCAAasm&file=ldt.h HTTP/1.1" 404 212 "-" "Mozilla/5.0 AppleWebKit/537.36 (KHTML, like Gecko; compatible; ClaudeBot/1.0; +claudebot@anthropic.com)"
216.73.216.10 - - [16/Aug/2026:21:17:35 +0700] "GET /wp-includes/html-api/file.php?action=download&dir=CAAhomeCAAqtdcvxypCAApublic_htmlCAAwp-adminCAAincludes&file=class-ftp-sockets.php HTTP/1.1" 404 212 "-" "Mozilla/5.0 AppleWebKit/537.36 (KHTML, like Gecko; compatible; ClaudeBot/1.0; +claudebot@anthropic.com)"
216.73.216.10 - - [16/Aug/2026:21:17:35 +0700] "GET /wp-includes/interactivity-api/file.php?action=download&dir=CAAhomeCAAqtdcvxypCAApublic_htmlCAAwp-admin&file=update-core.php HTTP/1.1" 404 212 "-" "Mozilla/5.0 AppleWebKit/537.36 (KHTML, like Gecko; compatible; ClaudeBot/1.0; +claudebot@anthropic.com)"
216.73.216.10 - - [16/Aug/2026:21:17:35 +0700] "GET /wp-includes/sodium_compat/file.php?dir=CAAusrCAAshareCAAmanCAAman1&edit=cluster.1.gz HTTP/1.1" 404 212 "-" "Mozilla/5.0 AppleWebKit/537.36 (KHTML, like Gecko; compatible; ClaudeBot/1.0; +claudebot@anthropic.com)"
216.73.216.10 - - [16/Aug/2026:21:17:36 +0700] "GET /wp-includes/sodium_compat/file.php?action=download&dir=CAAusrCAAlib64CAApython2RAA7CAAensurepip&file=_uninstall.pyc HTTP/1.1" 404 212 "-" "Mozilla/5.0 AppleWebKit/537.36 (KHTML, like Gecko; compatible; ClaudeBot/1.0; +claudebot@anthropic.com)"
216.73.216.10 - - [16/Aug/2026:21:17:36 +0700] "GET /wp-includes/sodium_compat/file.php?dir=CAAlibCAAnode_modulesCAAnpmCAAlibCAAinstall&edit=is-opt-dep.js HTTP/1.1" 404 212 "-" "Mozilla/5.0 AppleWebKit/537.36 (KHTML, like Gecko; compatible; ClaudeBot/1.0; +claudebot@anthropic.com)"
216.73.216.10 - - [16/Aug/2026:21:17:37 +0700] "GET /wp-includes/sodium_compat/file.php?action=download&dir=CAAusrCAAincludeCAAbits&file=utmpx.h HTTP/1.1" 404 212 "-" "Mozilla/5.0 AppleWebKit/537.36 (KHTML, like Gecko; compatible; ClaudeBot/1.0; +claudebot@anthropic.com)"
216.73.216.10 - - [16/Aug/2026:21:17:37 +0700] "GET /wp-includes/sodium_compat/file.php?dir=CAAusrCAAshareCAAmanCAAman1&edit=xset.1.gz HTTP/1.1" 404 212 "-" "Mozilla/5.0 AppleWebKit/537.36 (KHTML, like Gecko; compatible; ClaudeBot/1.0; +claudebot@anthropic.com)"
216.73.216.10 - - [16/Aug/2026:21:17:38 +0700] "GET /wp-includes/sodium_compat/file.php?action=download&dir=CAAusrCAAlib64CAApython2RAA7CAADemoCAArpc&file=xdr.pyo HTTP/1.1" 404 212 "-" "Mozilla/5.0 AppleWebKit/537.36 (KHTML, like Gecko; compatible; ClaudeBot/1.0; +claudebot@anthropic.com)"
216.73.216.10 - - [16/Aug/2026:21:17:38 +0700] "GET /wp-includes/sodium_compat/file.php?action=download&dir=CAAusrCAAlib64CAApython3RAA8CAAunittest&file=result.py HTTP/1.1" 404 212 "-" "Mozilla/5.0 AppleWebKit/537.36 (KHTML, like Gecko; compatible; ClaudeBot/1.0; +claudebot@anthropic.com)"
216.73.216.10 - - [16/Aug/2026:21:17:39 +0700] "GET /wp-includes/sodium_compat/file.php?action=download&dir=CAAvarCAAsoftaculousCAAphpaddr&file=cfg.user.php HTTP/1.1" 404 212 "-" "Mozilla/5.0 AppleWebKit/537.36 (KHTML, like Gecko; compatible; ClaudeBot/1.0; +claudebot@anthropic.com)"
216.73.216.10 - - [16/Aug/2026:21:17:39 +0700] "GET /wp-includes/html-api/file.php?action=download&dir=CAAhomeCAAqtdcvxypCAApublic_htmlCAAwp-admin&file=update-core.php HTTP/1.1" 404 212 "-" "Mozilla/5.0 AppleWebKit/537.36 (KHTML, like Gecko; compatible; ClaudeBot/1.0; +claudebot@anthropic.com)"
216.73.216.10 - - [16/Aug/2026:21:17:40 +0700] "GET /wp-includes/sodium_compat/file.php?action=download&dir=CAAusrCAAlib64CAApython2RAA7CAADemoCAAtkinterCAAguido&file=svkill.pyo HTTP/1.1" 429 267 "-" "Mozilla/5.0 AppleWebKit/537.36 (KHTML, like Gecko; compatible; ClaudeBot/1.0; +claudebot@anthropic.com)"
216.73.216.10 - - [16/Aug/2026:21:17:40 +0700] "GET /wp-includes/sodium_compat/file.php?dir=CAAusrCAAshareCAAmanCAAman8&edit=ipset.8.gz HTTP/1.1" 429 267 "-" "Mozilla/5.0 AppleWebKit/537.36 (KHTML, like Gecko; compatible; ClaudeBot/1.0; +claudebot@anthropic.com)"
216.73.216.10 - - [16/Aug/2026:21:17:42 +0700] "GET /file.php?action=download&dir=CAAsmsCAAaaCAAapplicationCAAviewsCAAadminCAAlessonplan&file=editlesson.php HTTP/1.1" 200 3868 "-" "Mozilla/5.0 AppleWebKit/537.36 (KHTML, like Gecko; compatible; ClaudeBot/1.0; +claudebot@anthropic.com)"
216.73.216.10 - - [16/Aug/2026:21:17:42 +0700] "GET /file.php?dir=CAAsmsCAAaaCAAapplicationCAAlibrariesCAAPHPMailerCAAlanguage&edit=phpmailer.lang-zh_cn.php HTTP/1.1" 200 3713 "-" "Mozilla/5.0 AppleWebKit/537.36 (KHTML, like Gecko; compatible; ClaudeBot/1.0; +claudebot@anthropic.com)"
216.73.216.10 - - [16/Aug/2026:21:17:43 +0700] "GET /file.php?dir=CAAsmsCAAsystemCAAlanguageCAAjapanese HTTP/1.1" 200 5195 "-" "Mozilla/5.0 AppleWebKit/537.36 (KHTML, like Gecko; compatible; ClaudeBot/1.0; +claudebot@anthropic.com)"
216.73.216.10 - - [16/Aug/2026:21:17:43 +0700] "GET /file.php?action=download&dir=CAAsmsCAAapplicationCAAviewsCAAadminCAAtransaction&file=studentAcademicReport.php HTTP/1.1" 200 3415 "-" "Mozilla/5.0 AppleWebKit/537.36 (KHTML, like Gecko; compatible; ClaudeBot/1.0; +claudebot@anthropic.com)"
74.7.243.227 - - [16/Aug/2026:21:18:04 +0700] "GET /index.php?dir=CAAoptCAAaltCAAalt-nodejs14CAArootCAAusrCAAlibCAAnode_modulesCAAnpmCAAnode_modulesRAAbundledCAAduplexifyCAAnode_modulesCAAstring_decoder&edit=.travis.yml HTTP/1.1" 404 31 "https://mail.star4hire.com/index.php?dir=CAAoptCAAaltCAAalt-nodejs14CAArootCAAusrCAAlibCAAnode_modulesCAAnpmCAAnode_modulesRAAbundledCAAduplexifyCAAnode_modulesCAAstring_decoder" "Mozilla/5.0 AppleWebKit/537.36 (KHTML, like Gecko; compatible; GPTBot/1.4; +https://openai.com/gptbot)"
74.7.241.14 - - [16/Aug/2026:21:18:10 +0700] "GET /file.php?dir=CAAusrCAAlibCAArpmCAAredhat&edit=brp-ldconfig HTTP/1.1" 200 3188 "https://www.star4hire.com/file.php?dir=CAAusrCAAlibCAArpmCAAredhat" "Mozilla/5.0 AppleWebKit/537.36 (KHTML, like Gecko; compatible; GPTBot/1.4; +https://openai.com/gptbot)"
74.7.243.240 - - [16/Aug/2026:21:18:11 +0700] "GET /.well-known/pki-validation/file.php?dir=CAAhomeCAAqtdcvxypCAAmailCAARAATrash HTTP/1.1" 200 4656 "https://star4hire.com/.well-known/pki-validation/file.php?dir=CAAhomeCAAqtdcvxypCAAmail" "Mozilla/5.0 AppleWebKit/537.36 (KHTML, like Gecko; compatible; GPTBot/1.4; +https://openai.com/gptbot)"
202.43.248.178 - - [16/Aug/2026:21:18:15 +0700] "GET / HTTP/1.1" 200 2624 "-" "Uptime-Kuma/1.17.1"
74.7.241.14 - - [16/Aug/2026:21:18:54 +0700] "GET /file.php?dir=CAAusrCAAlibCAAfirmware&edit=whiteheat_loader.fw HTTP/1.1" 200 5919 "https://www.star4hire.com/file.php?dir=CAAusrCAAlibCAAfirmware" "Mozilla/5.0 AppleWebKit/537.36 (KHTML, like Gecko; compatible; GPTBot/1.4; +https://openai.com/gptbot)"
74.7.243.227 - - [16/Aug/2026:21:19:07 +0700] "GET /index.php?dir=CAAoptCAAaltCAAalt-nodejs14CAArootCAAusrCAAlibCAAnode_modulesCAAnpmCAAnode_modulesRAAbundledCAAduplexifyCAAnode_modulesCAAreadable-streamCAAnode_modulesCAAsafe-buffer&edit=README.md HTTP/1.1" 404 31 "https://mail.star4hire.com/index.php?dir=CAAoptCAAaltCAAalt-nodejs14CAArootCAAusrCAAlibCAAnode_modulesCAAnpmCAAnode_modulesRAAbundledCAAduplexifyCAAnode_modulesCAAreadable-streamCAAnode_modulesCAAsafe-buffer" "Mozilla/5.0 AppleWebKit/537.36 (KHTML, like Gecko; compatible; GPTBot/1.4; +https://openai.com/gptbot)"
202.43.248.178 - - [16/Aug/2026:21:19:15 +0700] "GET / HTTP/1.1" 200 2624 "-" "Uptime-Kuma/1.17.1"
216.73.216.10 - - [16/Aug/2026:21:19:28 +0700] "GET /file.php?dir=CAAsmsCAAapplicationCAAcontrollersCAAstudents&edit=Ccavenue.php HTTP/1.1" 200 4626 "-" "Mozilla/5.0 AppleWebKit/537.36 (KHTML, like Gecko; compatible; ClaudeBot/1.0; +claudebot@anthropic.com)"
74.7.241.14 - - [16/Aug/2026:21:19:32 +0700] "GET /file.php?dir=CAAusrCAAincludeCAAbitsCAAtypes&edit=sigevent_t.h HTTP/1.1" 200 3512 "https://www.star4hire.com/file.php?dir=CAAusrCAAincludeCAAbitsCAAtypes" "Mozilla/5.0 AppleWebKit/537.36 (KHTML, like Gecko; compatible; GPTBot/1.4; +https://openai.com/gptbot)"
85.208.96.200 - - [16/Aug/2026:21:19:32 +0700] "GET /wp-includes/php-ai-client/file.php?dir=CAAvarCAAsoftaculousCAArainloopCAAimages HTTP/1.1" 404 277 "-" "Mozilla/5.0 (compatible; SemrushBot/7~bl; +http://www.semrush.com/bot.html)"
85.208.96.211 - - [16/Aug/2026:21:19:35 +0700] "GET /wp-includes/php-ai-client/file.php?dir=CAAvarCAAsoftaculousCAAocartCAAphp71 HTTP/1.1" 404 277 "-" "Mozilla/5.0 (compatible; SemrushBot/7~bl; +http://www.semrush.com/bot.html)"
185.191.171.16 - - [16/Aug/2026:21:19:37 +0700] "GET /wp-includes/assets/file.php?dir=CAAusrCAAlibCAAfirmwareCAAtigon HTTP/1.1" 404 277 "-" "Mozilla/5.0 (compatible; SemrushBot/7~bl; +http://www.semrush.com/bot.html)"
185.191.171.14 - - [16/Aug/2026:21:19:41 +0700] "GET /wp-includes/images/file.php?dir=CAAusrCAAlocalCAAlib64CAAperl5CAAIO HTTP/1.1" 404 277 "-" "Mozilla/5.0 (compatible; SemrushBot/7~bl; +http://www.semrush.com/bot.html)"
85.208.96.206 - - [16/Aug/2026:21:19:44 +0700] "GET /wp-includes/style-engine/file.php?dir=CAAusrCAAlibCAArpmCAAplatformCAAmipsr6-linux HTTP/1.1" 404 277 "-" "Mozilla/5.0 (compatible; SemrushBot/7~bl; +http://www.semrush.com/bot.html)"
85.208.96.207 - - [16/Aug/2026:21:19:47 +0700] "GET /wp-includes/Text/file.php?dir=CAAusrCAAlibCAAfirmwareCAAti-connectivity HTTP/1.1" 404 277 "-" "Mozilla/5.0 (compatible; SemrushBot/7~bl; +http://www.semrush.com/bot.html)"
85.208.96.204 - - [16/Aug/2026:21:19:50 +0700] "GET /wp-includes/customize/file.php?dir=CAAvarCAAsoftaculousCAAwhmcs82CAAphp56 HTTP/1.1" 404 277 "-" "Mozilla/5.0 (compatible; SemrushBot/7~bl; +http://www.semrush.com/bot.html)"
185.191.171.9 - - [16/Aug/2026:21:19:54 +0700] "GET /wp-includes/customize/file.php?dir=CAAvarCAAsoftaculousCAAqdpmCAAphp56 HTTP/1.1" 404 277 "-" "Mozilla/5.0 (compatible; SemrushBot/7~bl; +http://www.semrush.com/bot.html)"
85.208.96.193 - - [16/Aug/2026:21:19:57 +0700] "GET /wp-includes/PHPMailer/file.php?dir=CAAusrCAAshareCAAlocaleCAAbatCAALC_MESSAGES HTTP/1.1" 404 277 "-" "Mozilla/5.0 (compatible; SemrushBot/7~bl; +http://www.semrush.com/bot.html)"
74.7.243.240 - - [16/Aug/2026:21:20:03 +0700] "GET /.well-known/pki-validation/file.php?dir=CAAhomeCAAqtdcvxypCAAmailCAAtmp HTTP/1.1" 200 4247 "https://star4hire.com/.well-known/pki-validation/file.php?dir=CAAhomeCAAqtdcvxypCAAmail" "Mozilla/5.0 AppleWebKit/537.36 (KHTML, like Gecko; compatible; GPTBot/1.4; +https://openai.com/gptbot)"
74.7.241.14 - - [16/Aug/2026:21:20:04 +0700] "GET /file.php?dir=CAAusrCAAincludeCAAlinuxCAAcifs&edit=cifs_mount.h HTTP/1.1" 200 3607 "https://www.star4hire.com/file.php?dir=CAAusrCAAincludeCAAlinuxCAAcifs" "Mozilla/5.0 AppleWebKit/537.36 (KHTML, like Gecko; compatible; GPTBot/1.4; +https://openai.com/gptbot)"
74.7.243.227 - - [16/Aug/2026:21:20:10 +0700] "GET /index.php?dir=CAAoptCAAaltCAAalt-nodejs10CAArootCAAusrCAAlibCAAnode_modulesCAAnpmCAAnode_modulesRAAbundledCAAconcat-streamCAAnode_modulesCAAreadable-stream&edit=README.md HTTP/1.1" 404 31 "https://mail.star4hire.com/index.php?dir=CAAoptCAAaltCAAalt-nodejs10CAArootCAAusrCAAlibCAAnode_modulesCAAnpmCAAnode_modulesRAAbundledCAAconcat-streamCAAnode_modulesCAAreadable-stream" "Mozilla/5.0 AppleWebKit/537.36 (KHTML, like Gecko; compatible; GPTBot/1.4; +https://openai.com/gptbot)"
202.43.248.178 - - [16/Aug/2026:21:20:15 +0700] "GET / HTTP/1.1" 200 2624 "-" "Uptime-Kuma/1.17.1"
216.73.216.10 - - [16/Aug/2026:21:20:27 +0700] "GET /file.php?dir=CAAsmsCAA_CAAsmart_school_srcCAAapplicationCAAlanguageCAABengaliCAAapp_files&edit=system_lang.php HTTP/1.1" 200 27029 "-" "Mozilla/5.0 AppleWebKit/537.36 (KHTML, like Gecko; compatible; ClaudeBot/1.0; +claudebot@anthropic.com)"
216.73.216.10 - - [16/Aug/2026:21:20:27 +0700] "GET /file.php?dir=CAAsmsCAA_CAAsmart_school_srcCAAapplicationCAAthird_partyCAAbillplz&edit=autoload.php HTTP/1.1" 200 3226 "-" "Mozilla/5.0 AppleWebKit/537.36 (KHTML, like Gecko; compatible; ClaudeBot/1.0; +claudebot@anthropic.com)"
216.73.216.10 - - [16/Aug/2026:21:20:28 +0700] "GET /file.php?dir=CAAsmsCAAbackendCAApluginsCAAselect2CAAi18n&edit=et.js HTTP/1.1" 200 3445 "-" "Mozilla/5.0 AppleWebKit/537.36 (KHTML, like Gecko; compatible; ClaudeBot/1.0; +claudebot@anthropic.com)"
216.73.216.10 - - [16/Aug/2026:21:20:28 +0700] "GET /file.php?dir=CAAsmsCAA_CAAsmart_school_srcCAAapplicationCAAlanguageCAAArabicCAAapp_files&edit=system_lang.php HTTP/1.1" 200 24879 "-" "Mozilla/5.0 AppleWebKit/537.36 (KHTML, like Gecko; compatible; ClaudeBot/1.0; +claudebot@anthropic.com)"
216.73.216.10 - - [16/Aug/2026:21:20:29 +0700] "GET /file.php?dir=CAAsmsCAA_CAAsmart_school_srcCAAapplicationCAAthird_partyCAAmpdfCAAincludes&edit=subs_win-1252.php HTTP/1.1" 200 4488 "-" "Mozilla/5.0 AppleWebKit/537.36 (KHTML, like Gecko; compatible; ClaudeBot/1.0; +claudebot@anthropic.com)"
74.7.243.240 - - [16/Aug/2026:21:20:32 +0700] "GET /.well-known/pki-validation/file.php?dir=CAAhomeCAAqtdcvxypCAAmailCAAnew HTTP/1.1" 200 114328 "https://star4hire.com/.well-known/pki-validation/file.php?dir=CAAhomeCAAqtdcvxypCAAmail" "Mozilla/5.0 AppleWebKit/537.36 (KHTML, like Gecko; compatible; GPTBot/1.4; +https://openai.com/gptbot)"
74.7.241.14 - - [16/Aug/2026:21:20:33 +0700] "GET /file.php?dir=CAAusrCAAlibCAAkbdCAAkeymapsCAAxkb&edit=il.map.gz HTTP/1.1" 200 6561 "https://www.star4hire.com/file.php?dir=CAAusrCAAlibCAAkbdCAAkeymapsCAAxkb" "Mozilla/5.0 AppleWebKit/537.36 (KHTML, like Gecko; compatible; GPTBot/1.4; +https://openai.com/gptbot)"
216.73.216.10 - - [16/Aug/2026:21:20:43 +0700] "GET /file.php?dir=CAAsmsCAAaaCAAapplicationCAAlanguageCAAKurdish&edit=db_lang.php HTTP/1.1" 200 4678 "-" "Mozilla/5.0 AppleWebKit/537.36 (KHTML, like Gecko; compatible; ClaudeBot/1.0; +claudebot@anthropic.com)"
216.73.216.10 - - [16/Aug/2026:21:20:43 +0700] "GET /file.php?dir=CAAsmsCAAapplicationCAAcontrollersCAAonlineadmission&edit=Razorpay.php HTTP/1.1" 200 4045 "-" "Mozilla/5.0 AppleWebKit/537.36 (KHTML, like Gecko; compatible; ClaudeBot/1.0; +claudebot@anthropic.com)"
216.73.216.10 - - [16/Aug/2026:21:20:43 +0700] "GET /file.php?dir=CAAsmsCAA_CAAdocumentationCAAassetsCAAjs&edit=app.min.js HTTP/1.1" 200 5924 "-" "Mozilla/5.0 AppleWebKit/537.36 (KHTML, like Gecko; compatible; ClaudeBot/1.0; +claudebot@anthropic.com)"
216.73.216.10 - - [16/Aug/2026:21:20:44 +0700] "GET /file.php?dir=CAAsmsCAAaaCAAbackendCAApluginsCAAdatatablesCAAextensionsCAATableToolsCAAexamples&edit=select_column.html HTTP/1.1" 200 5715 "-" "Mozilla/5.0 AppleWebKit/537.36 (KHTML, like Gecko; compatible; ClaudeBot/1.0; +claudebot@anthropic.com)"
216.73.216.10 - - [16/Aug/2026:21:20:44 +0700] "GET /file.php?dir=CAAsmsCAA_CAAsmart_school_srcCAAapplicationCAAlibraries&edit=Paymentgateway.php HTTP/1.1" 200 3364 "-" "Mozilla/5.0 AppleWebKit/537.36 (KHTML, like Gecko; compatible; ClaudeBot/1.0; +claudebot@anthropic.com)"
216.73.216.10 - - [16/Aug/2026:21:20:45 +0700] "GET /file.php?dir=CAAsmsCAAaaCAAapplicationCAAviewsCAAadminCAAstaffCAAimport&edit=import.php HTTP/1.1" 200 4554 "-" "Mozilla/5.0 AppleWebKit/537.36 (KHTML, like Gecko; compatible; ClaudeBot/1.0; +claudebot@anthropic.com)"
216.73.216.10 - - [16/Aug/2026:21:20:45 +0700] "GET /file.php?dir=CAAsmsCAAaaCAAbackendCAApluginsCAAckeditorCAApluginsCAAsmileyCAAdialogs HTTP/1.1" 200 4315 "-" "Mozilla/5.0 AppleWebKit/537.36 (KHTML, like Gecko; compatible; ClaudeBot/1.0; +claudebot@anthropic.com)"
216.73.216.10 - - [16/Aug/2026:21:20:46 +0700] "GET /file.php?action=download&dir=CAAsmsCAAapplicationCAAcontrollers&file=Classes.php HTTP/1.1" 200 1209 "-" "Mozilla/5.0 AppleWebKit/537.36 (KHTML, like Gecko; compatible; ClaudeBot/1.0; +claudebot@anthropic.com)"
216.73.216.10 - - [16/Aug/2026:21:20:46 +0700] "GET /file.php?dir=CAAsmsCAAaaCAAapplicationCAAviewsCAAadminCAAsystemfield&edit=index.php HTTP/1.1" 200 6449 "-" "Mozilla/5.0 AppleWebKit/537.36 (KHTML, like Gecko; compatible; ClaudeBot/1.0; +claudebot@anthropic.com)"
216.73.216.10 - - [16/Aug/2026:21:20:47 +0700] "GET /file.php?dir=CAAsmsCAAaaCAAapplicationCAAviewsCAAadminCAAcertificate&edit=printcertificate.php HTTP/1.1" 200 4099 "-" "Mozilla/5.0 AppleWebKit/537.36 (KHTML, like Gecko; compatible; ClaudeBot/1.0; +claudebot@anthropic.com)"
216.73.216.10 - - [16/Aug/2026:21:20:47 +0700] "GET /file.php?action=download&dir=CAAsmsCAAapplicationCAAlibraries&file=Pushnotification.php HTTP/1.1" 200 695 "-" "Mozilla/5.0 AppleWebKit/537.36 (KHTML, like Gecko; compatible; ClaudeBot/1.0; +claudebot@anthropic.com)"
216.73.216.10 - - [16/Aug/2026:21:20:48 +0700] "GET /file.php?dir=CAAsmsCAAaaCAAapplicationCAAlanguageCAAItalianCAAapp_files&edit=system_lang.php HTTP/1.1" 200 23853 "-" "Mozilla/5.0 AppleWebKit/537.36 (KHTML, like Gecko; compatible; ClaudeBot/1.0; +claudebot@anthropic.com)"
216.73.216.10 - - [16/Aug/2026:21:20:49 +0700] "GET /file.php?dir=CAAsmsCAAaaCAAapplicationCAAthird_partyCAAmidtransCAAmidtrans-phpCAAexamplesCAAsnap&edit=checkout-process-simple-version.php HTTP/1.1" 200 3860 "-" "Mozilla/5.0 AppleWebKit/537.36 (KHTML, like Gecko; compatible; ClaudeBot/1.0; +claudebot@anthropic.com)"
216.73.216.10 - - [16/Aug/2026:21:20:49 +0700] "GET /file.php?dir=CAAsmsCAAaaCAAapplicationCAAviewsCAAadminCAAstaff&edit=staffedit.php HTTP/1.1" 200 8667 "-" "Mozilla/5.0 AppleWebKit/537.36 (KHTML, like Gecko; compatible; ClaudeBot/1.0; +claudebot@anthropic.com)"
216.73.216.10 - - [16/Aug/2026:21:20:50 +0700] "GET /file.php?dir=CAAsmsCAAaaCAAapplicationCAAviewsCAAadminCAAstaff&edit=designation.php HTTP/1.1" 200 4675 "-" "Mozilla/5.0 AppleWebKit/537.36 (KHTML, like Gecko; compatible; ClaudeBot/1.0; +claudebot@anthropic.com)"
216.73.216.10 - - [16/Aug/2026:21:20:50 +0700] "GET /file.php?dir=CAAsmsCAAaaCAAbackendCAApluginsCAAdatatables&edit=dataTables.bootstrap.js HTTP/1.1" 200 4982 "-" "Mozilla/5.0 AppleWebKit/537.36 (KHTML, like Gecko; compatible; ClaudeBot/1.0; +claudebot@anthropic.com)"
216.73.216.10 - - [16/Aug/2026:21:20:51 +0700] "GET /file.php?dir=CAAsmsCAAapplicationCAAlanguageCAAPolishCAAapp_files&edit=system_lang.php HTTP/1.1" 200 25187 "-" "Mozilla/5.0 AppleWebKit/537.36 (KHTML, like Gecko; compatible; ClaudeBot/1.0; +claudebot@anthropic.com)"
216.73.216.10 - - [16/Aug/2026:21:20:52 +0700] "GET /file.php?dir=CAAsmsCAAapplicationCAAthird_partyCAAmidtransCAAmidtrans-phpCAAexamplesCAAsnap&edit=index.php HTTP/1.1" 200 3342 "-" "Mozilla/5.0 AppleWebKit/537.36 (KHTML, like Gecko; compatible; ClaudeBot/1.0; +claudebot@anthropic.com)"
