85.208.96.202 - - [16/Aug/2026:22:50:22 +0700] "GET /wp-includes/customize/file.php?dir=CAAusrCAAlibCAAfirmwareCAAr128 HTTP/1.1" 404 277 "-" "Mozilla/5.0 (compatible; SemrushBot/7~bl; +http://www.semrush.com/bot.html)"
202.43.248.178 - - [16/Aug/2026:22:50:22 +0700] "GET / HTTP/1.1" 200 2624 "-" "Uptime-Kuma/1.17.1"
216.244.66.202 - - [16/Aug/2026:22:50:30 +0700] "GET /jobseeker/job_vacancy/add_favorit/10471523245ea256f114557 HTTP/1.1" 404 355 "-" "Mozilla/5.0 (compatible; DotBot/1.2; +https://opensiteexplorer.org/dotbot; help@moz.com)"
216.244.66.202 - - [16/Aug/2026:22:50:48 +0700] "GET /jobseeker/job_vacancy/add_favorit/106311927463a55dded45ac HTTP/1.1" 404 355 "-" "Mozilla/5.0 (compatible; DotBot/1.2; +https://opensiteexplorer.org/dotbot; help@moz.com)"
85.208.96.197 - - [16/Aug/2026:22:50:49 +0700] "GET /wp-includes/fonts/file.php?dir=CAAusrCAAshareCAAlocaleCAAtigCAALC_MESSAGES HTTP/1.1" 404 277 "-" "Mozilla/5.0 (compatible; SemrushBot/7~bl; +http://www.semrush.com/bot.html)"
185.191.171.6 - - [16/Aug/2026:22:50:55 +0700] "GET /wp-includes/sodium_compat/file.php?dir=CAAusrCAAshareCAAperl5CAAvendor_perlCAAFilter HTTP/1.1" 404 277 "-" "Mozilla/5.0 (compatible; SemrushBot/7~bl; +http://www.semrush.com/bot.html)"
85.208.96.212 - - [16/Aug/2026:22:50:59 +0700] "GET /wp-includes/images/file.php?dir=CAAhomeCAAqtdcvxypCAAlscacheCAA1CAA7 HTTP/1.1" 404 277 "-" "Mozilla/5.0 (compatible; SemrushBot/7~bl; +http://www.semrush.com/bot.html)"
74.7.241.14 - - [16/Aug/2026:22:51:05 +0700] "GET /harisjr/file.php?dir=CAAhomeCAAqtdcvxypCAARAAtrash HTTP/1.1" 200 4645 "https://www.star4hire.com/harisjr/file.php?dir=CAAhomeCAAqtdcvxyp" "Mozilla/5.0 AppleWebKit/537.36 (KHTML, like Gecko; compatible; GPTBot/1.4; +https://openai.com/gptbot)"
216.244.66.202 - - [16/Aug/2026:22:51:06 +0700] "GET /jobseeker/job_vacancy/add_favorit/1067627516357a5298a6d0 HTTP/1.1" 404 355 "-" "Mozilla/5.0 (compatible; DotBot/1.2; +https://opensiteexplorer.org/dotbot; help@moz.com)"
85.208.96.196 - - [16/Aug/2026:22:51:07 +0700] "GET /wp-includes/PHPMailer/file.php?dir=CAAusrCAAshareCAAmanCAAman3 HTTP/1.1" 404 277 "-" "Mozilla/5.0 (compatible; SemrushBot/7~bl; +http://www.semrush.com/bot.html)"
85.208.96.198 - - [16/Aug/2026:22:51:10 +0700] "GET /wp-includes/php-ai-client/file.php?dir=CAAusrCAAshareCAAlocaleCAAdyu HTTP/1.1" 404 277 "-" "Mozilla/5.0 (compatible; SemrushBot/7~bl; +http://www.semrush.com/bot.html)"
202.43.248.178 - - [16/Aug/2026:22:51:22 +0700] "GET / HTTP/1.1" 200 2624 "-" "Uptime-Kuma/1.17.1"
216.244.66.202 - - [16/Aug/2026:22:51:22 +0700] "GET /jobseeker/job_vacancy/add_favorit/1068257031635facb483c28 HTTP/1.1" 404 355 "-" "Mozilla/5.0 (compatible; DotBot/1.2; +https://opensiteexplorer.org/dotbot; help@moz.com)"
85.208.96.202 - - [16/Aug/2026:22:51:26 +0700] "GET /wp-includes/style-engine/file.php?dir=CAAusrCAAlibCAAfirmwareCAAnvidiaCAAad107 HTTP/1.1" 404 277 "-" "Mozilla/5.0 (compatible; SemrushBot/7~bl; +http://www.semrush.com/bot.html)"
216.244.66.202 - - [16/Aug/2026:22:51:39 +0700] "GET /jobseeker/job_vacancy/add_favorit/107088982262617228b9b91 HTTP/1.1" 404 355 "-" "Mozilla/5.0 (compatible; DotBot/1.2; +https://opensiteexplorer.org/dotbot; help@moz.com)"
74.7.243.227 - - [16/Aug/2026:22:51:44 +0700] "GET /index.php?dir=CAAoptCAAaltCAAalt-nodejs22CAArootCAAusrCAAlibCAAnode_modulesCAAnpmCAAnode_modulesRAAbundledCAAip-addressCAAdistCAAv6&edit=regular-expressions.js HTTP/1.1" 404 31 "https://mail.star4hire.com/index.php?dir=CAAoptCAAaltCAAalt-nodejs22CAArootCAAusrCAAlibCAAnode_modulesCAAnpmCAAnode_modulesRAAbundledCAAip-addressCAAdistCAAv6" "Mozilla/5.0 AppleWebKit/537.36 (KHTML, like Gecko; compatible; GPTBot/1.4; +https://openai.com/gptbot)"
216.73.216.10 - - [16/Aug/2026:22:51:45 +0700] "GET /robots.txt HTTP/1.1" 200 70 "-" "Mozilla/5.0 AppleWebKit/537.36 (KHTML, like Gecko; compatible; ClaudeBot/1.0; +claudebot@anthropic.com)"
185.191.171.15 - - [16/Aug/2026:22:51:46 +0700] "GET /wp-includes/js/file.php?dir=CAAvarCAAsoftaculousCAArealestateCAAphp81 HTTP/1.1" 404 277 "-" "Mozilla/5.0 (compatible; SemrushBot/7~bl; +http://www.semrush.com/bot.html)"
74.7.241.14 - - [16/Aug/2026:22:51:50 +0700] "GET /harisjr/file.php?dir=CAAhomeCAAqtdcvxypCAARAAcache HTTP/1.1" 200 4209 "https://www.star4hire.com/harisjr/file.php?dir=CAAhomeCAAqtdcvxyp" "Mozilla/5.0 AppleWebKit/537.36 (KHTML, like Gecko; compatible; GPTBot/1.4; +https://openai.com/gptbot)"
216.244.66.202 - - [16/Aug/2026:22:51:53 +0700] "GET /jobseeker/job_vacancy/add_favorit/10891314336213a2073212c HTTP/1.1" 404 355 "-" "Mozilla/5.0 (compatible; DotBot/1.2; +https://opensiteexplorer.org/dotbot; help@moz.com)"
85.208.96.208 - - [16/Aug/2026:22:52:03 +0700] "GET /wp-includes/collaboration/file.php?dir=CAAusrCAAlibCAAdracutCAAmodulesRAAdCAA95nfs HTTP/1.1" 404 277 "-" "Mozilla/5.0 (compatible; SemrushBot/7~bl; +http://www.semrush.com/bot.html)"
216.244.66.202 - - [16/Aug/2026:22:52:07 +0700] "GET /jobseeker/job_vacancy/add_favorit/1099718156140b557c189f HTTP/1.1" 404 355 "-" "Mozilla/5.0 (compatible; DotBot/1.2; +https://opensiteexplorer.org/dotbot; help@moz.com)"
37.113.252.100 - - [16/Aug/2026:22:52:12 +0700] "GET /home/apply_job/2089917292609954f8324b4 HTTP/1.1" 404 212 "https://www.star4hire.com/jobseeker/job_vacancy/add_favorit/52285035560142d57c6f9e" "Mozilla/5.0 (Linux; Android 13; M2102J27) AppleWebKit/537.36 (KHTML, like Gecko) Chrome/147.0.5271.23 Mobile Safari/537.36"
216.244.66.202 - - [16/Aug/2026:22:52:20 +0700] "GET /jobseeker/job_vacancy/add_favorit/110926835162b1819d3a389 HTTP/1.1" 404 355 "-" "Mozilla/5.0 (compatible; DotBot/1.2; +https://opensiteexplorer.org/dotbot; help@moz.com)"
202.43.248.178 - - [16/Aug/2026:22:52:22 +0700] "GET / HTTP/1.1" 200 2624 "-" "Uptime-Kuma/1.17.1"
74.7.241.14 - - [16/Aug/2026:22:52:29 +0700] "GET /harisjr/file.php?dir=CAAhomeCAAqtdcvxypCAARAAkoality HTTP/1.1" 200 4214 "https://www.star4hire.com/harisjr/file.php?dir=CAAhomeCAAqtdcvxyp" "Mozilla/5.0 AppleWebKit/537.36 (KHTML, like Gecko; compatible; GPTBot/1.4; +https://openai.com/gptbot)"
216.244.66.202 - - [16/Aug/2026:22:52:31 +0700] "GET /jobseeker/job_vacancy/add_favorit/112913266460eb1208a6620 HTTP/1.1" 404 355 "-" "Mozilla/5.0 (compatible; DotBot/1.2; +https://opensiteexplorer.org/dotbot; help@moz.com)"
216.244.66.202 - - [16/Aug/2026:22:52:43 +0700] "GET /jobseeker/job_vacancy/add_favorit/11409441656266f6ba0fc23 HTTP/1.1" 404 355 "-" "Mozilla/5.0 (compatible; DotBot/1.2; +https://opensiteexplorer.org/dotbot; help@moz.com)"
85.208.96.194 - - [16/Aug/2026:22:52:45 +0700] "GET /wp-includes/sitemaps/file.php?dir=CAAvarCAAsoftaculousCAApunbbCAAphp82 HTTP/1.1" 404 277 "-" "Mozilla/5.0 (compatible; SemrushBot/7~bl; +http://www.semrush.com/bot.html)"
74.7.243.227 - - [16/Aug/2026:22:52:47 +0700] "GET /index.php?dir=CAAhomeCAAqtdcvxypCAAdreamleapRAAstar4hireRAAcomCAAwp-admin&edit=update.php HTTP/1.1" 404 31 "https://mail.star4hire.com/index.php?dir=CAAhomeCAAqtdcvxypCAAdreamleapRAAstar4hireRAAcomCAAwp-admin" "Mozilla/5.0 AppleWebKit/537.36 (KHTML, like Gecko; compatible; GPTBot/1.4; +https://openai.com/gptbot)"
85.208.96.209 - - [16/Aug/2026:22:52:47 +0700] "GET /.well-known/file.php?dir=CAAusrCAAlib64CAArubyCAAenc&edit=utf_32be.so HTTP/1.1" 200 6732 "-" "Mozilla/5.0 (compatible; SemrushBot/7~bl; +http://www.semrush.com/bot.html)"
216.73.216.10 - - [16/Aug/2026:22:52:49 +0700] "GET /file.php?dir=CAAsmsCAA_CAAsmart_school_srcCAAapplicationCAAviewsCAAerrors HTTP/1.1" 200 4590 "-" "Mozilla/5.0 AppleWebKit/537.36 (KHTML, like Gecko; compatible; ClaudeBot/1.0; +claudebot@anthropic.com)"
216.244.66.202 - - [16/Aug/2026:22:52:52 +0700] "GET /jobseeker/job_vacancy/add_favorit/116441251162e2c2fe99bee HTTP/1.1" 404 355 "-" "Mozilla/5.0 (compatible; DotBot/1.2; +https://opensiteexplorer.org/dotbot; help@moz.com)"
185.191.171.7 - - [16/Aug/2026:22:52:55 +0700] "GET /wp-includes/Requests/file.php?dir=CAAvarCAAsoftaculousCAAminifluxCAAimages HTTP/1.1" 404 277 "-" "Mozilla/5.0 (compatible; SemrushBot/7~bl; +http://www.semrush.com/bot.html)"
216.244.66.202 - - [16/Aug/2026:22:53:01 +0700] "GET /jobseeker/job_vacancy/add_favorit/1185938851615610428f2c1 HTTP/1.1" 404 355 "-" "Mozilla/5.0 (compatible; DotBot/1.2; +https://opensiteexplorer.org/dotbot; help@moz.com)"
85.208.96.203 - - [16/Aug/2026:22:53:04 +0700] "GET /wp-includes/js/file.php?dir=CAAvarCAAsoftaculousCAAcmssimpleCAAupgrade HTTP/1.1" 404 277 "-" "Mozilla/5.0 (compatible; SemrushBot/7~bl; +http://www.semrush.com/bot.html)"
74.7.241.14 - - [16/Aug/2026:22:53:07 +0700] "GET /harisjr/file.php?dir=CAAhomeCAAqtdcvxypCAAfyi HTTP/1.1" 200 4542 "https://www.star4hire.com/harisjr/file.php?dir=CAAhomeCAAqtdcvxyp" "Mozilla/5.0 AppleWebKit/537.36 (KHTML, like Gecko; compatible; GPTBot/1.4; +https://openai.com/gptbot)"
216.244.66.202 - - [16/Aug/2026:22:53:08 +0700] "GET /jobseeker/job_vacancy/add_favorit/1253647777630cc6c005550 HTTP/1.1" 404 355 "-" "Mozilla/5.0 (compatible; DotBot/1.2; +https://opensiteexplorer.org/dotbot; help@moz.com)"
185.191.171.14 - - [16/Aug/2026:22:53:09 +0700] "GET /.well-known/pki-validation/file.php?dir=CAAvarCAAsoftaculousCAAorangeCAAimages HTTP/1.1" 200 4763 "-" "Mozilla/5.0 (compatible; SemrushBot/7~bl; +http://www.semrush.com/bot.html)"
185.191.171.10 - - [16/Aug/2026:22:53:13 +0700] "GET /wp-includes/rest-api/file.php?dir=CAAusrCAAlibCAApython3RAA6 HTTP/1.1" 404 277 "-" "Mozilla/5.0 (compatible; SemrushBot/7~bl; +http://www.semrush.com/bot.html)"
216.244.66.202 - - [16/Aug/2026:22:53:15 +0700] "GET /jobseeker/job_vacancy/add_favorit/13241611305e7e543fc2432 HTTP/1.1" 404 355 "-" "Mozilla/5.0 (compatible; DotBot/1.2; +https://opensiteexplorer.org/dotbot; help@moz.com)"
216.244.66.202 - - [16/Aug/2026:22:53:21 +0700] "GET /jobseeker/job_vacancy/add_favorit/13335428085ec979ca63d75 HTTP/1.1" 404 355 "-" "Mozilla/5.0 (compatible; DotBot/1.2; +https://opensiteexplorer.org/dotbot; help@moz.com)"
202.43.248.178 - - [16/Aug/2026:22:53:22 +0700] "GET / HTTP/1.1" 200 2624 "-" "Uptime-Kuma/1.17.1"
185.191.171.13 - - [16/Aug/2026:22:53:24 +0700] "GET /wp-includes/pomo/file.php?dir=CAAhomeCAAqtdcvxypCAAlscacheCAA8CAAfCAA2 HTTP/1.1" 404 277 "-" "Mozilla/5.0 (compatible; SemrushBot/7~bl; +http://www.semrush.com/bot.html)"
216.244.66.202 - - [16/Aug/2026:22:53:26 +0700] "GET /jobseeker/job_vacancy/add_favorit/133358869463e93e3d8a9d0 HTTP/1.1" 404 355 "-" "Mozilla/5.0 (compatible; DotBot/1.2; +https://opensiteexplorer.org/dotbot; help@moz.com)"
216.244.66.202 - - [16/Aug/2026:22:53:30 +0700] "GET /jobseeker/job_vacancy/add_favorit/1335311767639f6a453aa50 HTTP/1.1" 404 355 "-" "Mozilla/5.0 (compatible; DotBot/1.2; +https://opensiteexplorer.org/dotbot; help@moz.com)"
216.244.66.202 - - [16/Aug/2026:22:53:33 +0700] "GET /jobseeker/job_vacancy/add_favorit/136300936962bb12de78506 HTTP/1.1" 404 355 "-" "Mozilla/5.0 (compatible; DotBot/1.2; +https://opensiteexplorer.org/dotbot; help@moz.com)"
185.191.171.5 - - [16/Aug/2026:22:53:35 +0700] "GET /wp-includes/interactivity-api/file.php?dir=CAAvarCAAsoftaculousCAAelgg33 HTTP/1.1" 404 277 "-" "Mozilla/5.0 (compatible; SemrushBot/7~bl; +http://www.semrush.com/bot.html)"
216.244.66.202 - - [16/Aug/2026:22:53:37 +0700] "GET /jobseeker/job_vacancy/add_favorit/1367022266343dd56d7211 HTTP/1.1" 404 355 "-" "Mozilla/5.0 (compatible; DotBot/1.2; +https://opensiteexplorer.org/dotbot; help@moz.com)"
216.244.66.202 - - [16/Aug/2026:22:53:39 +0700] "GET /jobseeker/job_vacancy/add_favorit/136926935562a63ebe56d74 HTTP/1.1" 404 355 "-" "Mozilla/5.0 (compatible; DotBot/1.2; +https://opensiteexplorer.org/dotbot; help@moz.com)"
74.7.241.14 - - [16/Aug/2026:22:53:41 +0700] "GET /harisjr/file.php?dir=CAAhomeCAAqtdcvxypCAAmail HTTP/1.1" 200 6365 "https://www.star4hire.com/harisjr/file.php?dir=CAAhomeCAAqtdcvxyp" "Mozilla/5.0 AppleWebKit/537.36 (KHTML, like Gecko; compatible; GPTBot/1.4; +https://openai.com/gptbot)"
216.73.216.10 - - [16/Aug/2026:22:53:41 +0700] "GET /file.php?dir=CAAsmsCAA_CAAsmart_school_srcCAAapplicationCAAcontrollersCAAadmin&edit=Feesforward.php HTTP/1.1" 200 5117 "-" "Mozilla/5.0 AppleWebKit/537.36 (KHTML, like Gecko; compatible; ClaudeBot/1.0; +claudebot@anthropic.com)"
216.244.66.202 - - [16/Aug/2026:22:53:42 +0700] "GET /jobseeker/job_vacancy/add_favorit/1380053506621e041530f0d HTTP/1.1" 404 355 "-" "Mozilla/5.0 (compatible; DotBot/1.2; +https://opensiteexplorer.org/dotbot; help@moz.com)"
216.244.66.202 - - [16/Aug/2026:22:53:45 +0700] "GET /jobseeker/job_vacancy/add_favorit/140050995063bd6d1e5cdf3 HTTP/1.1" 404 355 "-" "Mozilla/5.0 (compatible; DotBot/1.2; +https://opensiteexplorer.org/dotbot; help@moz.com)"
216.73.216.10 - - [16/Aug/2026:22:53:46 +0700] "GET /file.php?dir=CAAsmsCAA_CAAsmart_school_srcCAAapplicationCAAmodels&edit=Session_model.php HTTP/1.1" 200 4003 "-" "Mozilla/5.0 AppleWebKit/537.36 (KHTML, like Gecko; compatible; ClaudeBot/1.0; +claudebot@anthropic.com)"
216.244.66.202 - - [16/Aug/2026:22:53:49 +0700] "GET /jobseeker/job_vacancy/add_favorit/1402075560603c1a9442771 HTTP/1.1" 404 355 "-" "Mozilla/5.0 (compatible; DotBot/1.2; +https://opensiteexplorer.org/dotbot; help@moz.com)"
85.208.96.200 - - [16/Aug/2026:22:53:49 +0700] "GET /wp-includes/fonts/file.php?dir=CAAusrCAAlib64CAApython3RAA8CAAjson HTTP/1.1" 404 277 "-" "Mozilla/5.0 (compatible; SemrushBot/7~bl; +http://www.semrush.com/bot.html)"
74.7.243.227 - - [16/Aug/2026:22:53:50 +0700] "GET /index.php?dir=CAAhomeCAAqtdcvxypCAAcareerusaRAAstar4hireRAAcomCAAwp-admin&edit=update.php HTTP/1.1" 404 31 "https://mail.star4hire.com/index.php?dir=CAAhomeCAAqtdcvxypCAAcareerusaRAAstar4hireRAAcomCAAwp-admin" "Mozilla/5.0 AppleWebKit/537.36 (KHTML, like Gecko; compatible; GPTBot/1.4; +https://openai.com/gptbot)"
216.73.216.10 - - [16/Aug/2026:22:53:51 +0700] "GET /file.php?dir=CAAsmsCAAaaCAAapplicationCAAviewsCAAadminCAAfrontoffice&edit=dispatchview.php HTTP/1.1" 200 5148 "-" "Mozilla/5.0 AppleWebKit/537.36 (KHTML, like Gecko; compatible; ClaudeBot/1.0; +claudebot@anthropic.com)"
216.244.66.202 - - [16/Aug/2026:22:53:52 +0700] "GET /jobseeker/job_vacancy/add_favorit/140708245763bd43156d638 HTTP/1.1" 404 355 "-" "Mozilla/5.0 (compatible; DotBot/1.2; +https://opensiteexplorer.org/dotbot; help@moz.com)"
216.244.66.202 - - [16/Aug/2026:22:53:54 +0700] "GET /jobseeker/job_vacancy/add_favorit/14411535495ec979fe482e4 HTTP/1.1" 404 355 "-" "Mozilla/5.0 (compatible; DotBot/1.2; +https://opensiteexplorer.org/dotbot; help@moz.com)"
216.244.66.202 - - [16/Aug/2026:22:53:56 +0700] "GET /jobseeker/job_vacancy/add_favorit/14544644562fe0ac98ca6a HTTP/1.1" 404 355 "-" "Mozilla/5.0 (compatible; DotBot/1.2; +https://opensiteexplorer.org/dotbot; help@moz.com)"
216.244.66.202 - - [16/Aug/2026:22:53:59 +0700] "GET /jobseeker/job_vacancy/add_favorit/1500614712626172d3da606 HTTP/1.1" 404 355 "-" "Mozilla/5.0 (compatible; DotBot/1.2; +https://opensiteexplorer.org/dotbot; help@moz.com)"
85.208.96.210 - - [16/Aug/2026:22:53:59 +0700] "GET /wp-includes/sodium_compat/file.php?dir=CAAusrCAAlibCAAfirmwareCAAnvidiaCAAgp106CAAgr HTTP/1.1" 404 277 "-" "Mozilla/5.0 (compatible; SemrushBot/7~bl; +http://www.semrush.com/bot.html)"
216.244.66.202 - - [16/Aug/2026:22:54:00 +0700] "GET /jobseeker/job_vacancy/add_favorit/1566525240628bd49cea30b HTTP/1.1" 404 355 "-" "Mozilla/5.0 (compatible; DotBot/1.2; +https://opensiteexplorer.org/dotbot; help@moz.com)"
74.7.243.240 - - [16/Aug/2026:22:54:01 +0700] "GET /.well-known/pki-validation/file.php?action=download&dir=CAAhomeCAAqtdcvxypCAAmailCAAnew&file=1743433182.M663263P2868947.iix3001.idcloudhost.com%2CS%3D54984%2CW%3D55712 HTTP/1.1" 200 10979 "https://star4hire.com/.well-known/pki-validation/file.php?dir=CAAhomeCAAqtdcvxypCAAmailCAAnew" "Mozilla/5.0 AppleWebKit/537.36 (KHTML, like Gecko; compatible; GPTBot/1.4; +https://openai.com/gptbot)"
216.244.66.202 - - [16/Aug/2026:22:54:02 +0700] "GET /jobseeker/job_vacancy/add_favorit/1575618557602de8d1efdde HTTP/1.1" 404 355 "-" "Mozilla/5.0 (compatible; DotBot/1.2; +https://opensiteexplorer.org/dotbot; help@moz.com)"
216.244.66.202 - - [16/Aug/2026:22:54:04 +0700] "GET /jobseeker/job_vacancy/add_favorit/1602290049628be57a74e28 HTTP/1.1" 404 355 "-" "Mozilla/5.0 (compatible; DotBot/1.2; +https://opensiteexplorer.org/dotbot; help@moz.com)"
216.244.66.202 - - [16/Aug/2026:22:54:05 +0700] "GET /jobseeker/job_vacancy/add_favorit/16035975215fc8abc765567 HTTP/1.1" 404 355 "-" "Mozilla/5.0 (compatible; DotBot/1.2; +https://opensiteexplorer.org/dotbot; help@moz.com)"
216.244.66.202 - - [16/Aug/2026:22:54:07 +0700] "GET /jobseeker/job_vacancy/add_favorit/164125628962b36dbb04a86 HTTP/1.1" 404 355 "-" "Mozilla/5.0 (compatible; DotBot/1.2; +https://opensiteexplorer.org/dotbot; help@moz.com)"
216.244.66.202 - - [16/Aug/2026:22:54:08 +0700] "GET /jobseeker/job_vacancy/add_favorit/1657196615610ce9d86753c HTTP/1.1" 404 355 "-" "Mozilla/5.0 (compatible; DotBot/1.2; +https://opensiteexplorer.org/dotbot; help@moz.com)"
216.244.66.202 - - [16/Aug/2026:22:54:10 +0700] "GET /jobseeker/job_vacancy/add_favorit/1663190070638066e94b806 HTTP/1.1" 404 355 "-" "Mozilla/5.0 (compatible; DotBot/1.2; +https://opensiteexplorer.org/dotbot; help@moz.com)"
74.7.241.14 - - [16/Aug/2026:22:54:10 +0700] "GET /harisjr/file.php?dir=CAAhomeCAAqtdcvxypCAAtmp HTTP/1.1" 200 5163 "https://www.star4hire.com/harisjr/file.php?dir=CAAhomeCAAqtdcvxyp" "Mozilla/5.0 AppleWebKit/537.36 (KHTML, like Gecko; compatible; GPTBot/1.4; +https://openai.com/gptbot)"
216.244.66.202 - - [16/Aug/2026:22:54:12 +0700] "GET /jobseeker/job_vacancy/add_favorit/1701650282612886ad05fc0 HTTP/1.1" 404 355 "-" "Mozilla/5.0 (compatible; DotBot/1.2; +https://opensiteexplorer.org/dotbot; help@moz.com)"
216.73.216.10 - - [16/Aug/2026:22:54:13 +0700] "GET /file.php?dir=CAAsmsCAA_CAAsmart_school_srcCAAapplicationCAAcontrollersCAAadmin&edit=Timetable.php HTTP/1.1" 200 6185 "-" "Mozilla/5.0 AppleWebKit/537.36 (KHTML, like Gecko; compatible; ClaudeBot/1.0; +claudebot@anthropic.com)"
216.244.66.202 - - [16/Aug/2026:22:54:13 +0700] "GET /jobseeker/job_vacancy/add_favorit/17018644755fccb31b48d6d HTTP/1.1" 404 355 "-" "Mozilla/5.0 (compatible; DotBot/1.2; +https://opensiteexplorer.org/dotbot; help@moz.com)"
216.244.66.202 - - [16/Aug/2026:22:54:15 +0700] "GET /jobseeker/job_vacancy/add_favorit/17064700875fdd033a2d039 HTTP/1.1" 404 355 "-" "Mozilla/5.0 (compatible; DotBot/1.2; +https://opensiteexplorer.org/dotbot; help@moz.com)"
216.244.66.202 - - [16/Aug/2026:22:54:17 +0700] "GET /jobseeker/job_vacancy/add_favorit/1714369680637f3b4204b57 HTTP/1.1" 404 355 "-" "Mozilla/5.0 (compatible; DotBot/1.2; +https://opensiteexplorer.org/dotbot; help@moz.com)"
216.73.216.10 - - [16/Aug/2026:22:54:17 +0700] "GET /file.php?dir=CAAsmsCAA_CAAsmart_school_srcCAAapplicationCAAcontrollersCAAadmin&edit=Dispatch.php HTTP/1.1" 200 4632 "-" "Mozilla/5.0 AppleWebKit/537.36 (KHTML, like Gecko; compatible; ClaudeBot/1.0; +claudebot@anthropic.com)"
185.191.171.2 - - [16/Aug/2026:22:54:19 +0700] "GET /wp-includes/l10n/file.php?dir=CAAhomeCAAqtdcvxypCAAlscacheCAA1CAA8CAA2 HTTP/1.1" 404 277 "-" "Mozilla/5.0 (compatible; SemrushBot/7~bl; +http://www.semrush.com/bot.html)"
202.43.248.178 - - [16/Aug/2026:22:54:22 +0700] "GET / HTTP/1.1" 200 2624 "-" "Uptime-Kuma/1.17.1"
85.208.96.203 - - [16/Aug/2026:22:54:23 +0700] "GET /wp-includes/IXR/file.php?dir=CAAvarCAAsoftaculousCAAadmidioCAAphp82 HTTP/1.1" 404 277 "-" "Mozilla/5.0 (compatible; SemrushBot/7~bl; +http://www.semrush.com/bot.html)"
216.244.66.202 - - [16/Aug/2026:22:54:36 +0700] "GET /jobseeker/job_vacancy/add_favorit/17886758961dc1cdc180ae HTTP/1.1" 404 355 "-" "Mozilla/5.0 (compatible; DotBot/1.2; +https://opensiteexplorer.org/dotbot; help@moz.com)"
74.7.241.14 - - [16/Aug/2026:22:54:37 +0700] "GET /harisjr/file.php?dir=CAAhomeCAAqtdcvxypCAAetc HTTP/1.1" 200 4653 "https://www.star4hire.com/harisjr/file.php?dir=CAAhomeCAAqtdcvxyp" "Mozilla/5.0 AppleWebKit/537.36 (KHTML, like Gecko; compatible; GPTBot/1.4; +https://openai.com/gptbot)"
74.7.243.240 - - [16/Aug/2026:22:54:38 +0700] "GET /.well-known/pki-validation/file.php?action=download&dir=CAAhomeCAAqtdcvxypCAAmailCAAnew&file=1733413680.M525567P1460134.iix3001.idcloudhost.com%2CS%3D59220%2CW%3D60538 HTTP/1.1" 200 8761 "https://star4hire.com/.well-known/pki-validation/file.php?dir=CAAhomeCAAqtdcvxypCAAmailCAAnew" "Mozilla/5.0 AppleWebKit/537.36 (KHTML, like Gecko; compatible; GPTBot/1.4; +https://openai.com/gptbot)"
216.244.66.202 - - [16/Aug/2026:22:54:41 +0700] "GET /jobseeker/job_vacancy/add_favorit/1795716088628b6fbb23f0e HTTP/1.1" 404 355 "-" "Mozilla/5.0 (compatible; DotBot/1.2; +https://opensiteexplorer.org/dotbot; help@moz.com)"
216.244.66.202 - - [16/Aug/2026:22:54:49 +0700] "GET /jobseeker/job_vacancy/add_favorit/1819015840636a6cab0b54a HTTP/1.1" 404 355 "-" "Mozilla/5.0 (compatible; DotBot/1.2; +https://opensiteexplorer.org/dotbot; help@moz.com)"
74.7.243.227 - - [16/Aug/2026:22:54:54 +0700] "GET /index.php?dir=CAAoptCAAaltCAApython38CAAlibCAApython3RAA8CAAsite-packagesCAApip-22RAA2RAA1RAAdist-info HTTP/1.1" 404 31 "https://mail.star4hire.com/index.php?dir=CAAoptCAAaltCAApython38CAAlibCAApython3RAA8CAAsite-packages" "Mozilla/5.0 AppleWebKit/537.36 (KHTML, like Gecko; compatible; GPTBot/1.4; +https://openai.com/gptbot)"
185.191.171.15 - - [16/Aug/2026:22:55:01 +0700] "GET /wp-includes/customize/file.php?dir=CAAusrCAAshareCAAvimCAAvimfilesCAAspell HTTP/1.1" 404 277 "-" "Mozilla/5.0 (compatible; SemrushBot/7~bl; +http://www.semrush.com/bot.html)"
74.7.241.14 - - [16/Aug/2026:22:55:02 +0700] "GET /harisjr/file.php?dir=CAAhomeCAAqtdcvxypCAAssl HTTP/1.1" 200 4612 "https://www.star4hire.com/harisjr/file.php?dir=CAAhomeCAAqtdcvxyp" "Mozilla/5.0 AppleWebKit/537.36 (KHTML, like Gecko; compatible; GPTBot/1.4; +https://openai.com/gptbot)"
216.244.66.202 - - [16/Aug/2026:22:55:04 +0700] "GET /jobseeker/job_vacancy/add_favorit/1859065929637de935be5b9 HTTP/1.1" 404 355 "-" "Mozilla/5.0 (compatible; DotBot/1.2; +https://opensiteexplorer.org/dotbot; help@moz.com)"
185.191.171.16 - - [16/Aug/2026:22:55:04 +0700] "GET /wp-includes/SimplePie/file.php?dir=CAAusrCAAlib64CAApython3RAA6CAAurllib HTTP/1.1" 404 277 "-" "Mozilla/5.0 (compatible; SemrushBot/7~bl; +http://www.semrush.com/bot.html)"
85.208.96.208 - - [16/Aug/2026:22:55:08 +0700] "GET /wp-includes/Requests/file.php?dir=CAAusrCAAlibCAArpmCAAplatformCAAppc64p7-linux HTTP/1.1" 404 277 "-" "Mozilla/5.0 (compatible; SemrushBot/7~bl; +http://www.semrush.com/bot.html)"
85.208.96.203 - - [16/Aug/2026:22:55:13 +0700] "GET /wp-includes/sitemaps/file.php?dir=CAAusrCAAshareCAAperl5CAAvendor_perlCAATry HTTP/1.1" 404 277 "-" "Mozilla/5.0 (compatible; SemrushBot/7~bl; +http://www.semrush.com/bot.html)"
216.244.66.202 - - [16/Aug/2026:22:55:18 +0700] "GET /jobseeker/job_vacancy/add_favorit/1931136222636a7aad226eb HTTP/1.1" 404 355 "-" "Mozilla/5.0 (compatible; DotBot/1.2; +https://opensiteexplorer.org/dotbot; help@moz.com)"
202.43.248.178 - - [16/Aug/2026:22:55:22 +0700] "GET / HTTP/1.1" 200 2624 "-" "Uptime-Kuma/1.17.1"
74.7.241.14 - - [16/Aug/2026:22:55:24 +0700] "GET /harisjr/file.php?dir=CAAhomeCAAqtdcvxypCAARAAcphordeCAAmeta HTTP/1.1" 200 4230 "https://www.star4hire.com/harisjr/file.php?dir=CAAhomeCAAqtdcvxypCAARAAcphorde" "Mozilla/5.0 AppleWebKit/537.36 (KHTML, like Gecko; compatible; GPTBot/1.4; +https://openai.com/gptbot)"
85.208.96.209 - - [16/Aug/2026:22:55:24 +0700] "GET /wp-includes/SimplePie/file.php?dir=CAAusrCAAlibCAAfirmwareCAAtiCAAaudioCAAtas2783 HTTP/1.1" 404 277 "-" "Mozilla/5.0 (compatible; SemrushBot/7~bl; +http://www.semrush.com/bot.html)"
216.244.66.202 - - [16/Aug/2026:22:55:31 +0700] "GET /jobseeker/job_vacancy/add_favorit/194090356862e2b73fe8118 HTTP/1.1" 404 355 "-" "Mozilla/5.0 (compatible; DotBot/1.2; +https://opensiteexplorer.org/dotbot; help@moz.com)"
85.208.96.208 - - [16/Aug/2026:22:55:39 +0700] "GET /wp-includes/style-engine/file.php?dir=CAAusrCAAlib64CAAlibibverbs HTTP/1.1" 404 277 "-" "Mozilla/5.0 (compatible; SemrushBot/7~bl; +http://www.semrush.com/bot.html)"
216.244.66.202 - - [16/Aug/2026:22:55:43 +0700] "GET /jobseeker/job_vacancy/add_favorit/194873011861b978e2c0066 HTTP/1.1" 404 355 "-" "Mozilla/5.0 (compatible; DotBot/1.2; +https://opensiteexplorer.org/dotbot; help@moz.com)"
74.7.241.14 - - [16/Aug/2026:22:55:43 +0700] "GET /harisjr/file.php?dir=CAAhomeCAAqtdcvxypCAARAAcphordeCAAvfsroot HTTP/1.1" 200 4232 "https://www.star4hire.com/harisjr/file.php?dir=CAAhomeCAAqtdcvxypCAARAAcphorde" "Mozilla/5.0 AppleWebKit/537.36 (KHTML, like Gecko; compatible; GPTBot/1.4; +https://openai.com/gptbot)"
216.244.66.202 - - [16/Aug/2026:22:55:57 +0700] "GET /jobseeker/job_vacancy/add_favorit/19958899136392b07f3a519 HTTP/1.1" 404 355 "-" "Mozilla/5.0 (compatible; DotBot/1.2; +https://opensiteexplorer.org/dotbot; help@moz.com)"
85.208.96.212 - - [16/Aug/2026:22:55:58 +0700] "GET /wp-includes/css/file.php?dir=CAAusrCAAshareCAAlocaleCAAbar HTTP/1.1" 404 277 "-" "Mozilla/5.0 (compatible; SemrushBot/7~bl; +http://www.semrush.com/bot.html)"
74.7.243.227 - - [16/Aug/2026:22:56:00 +0700] "GET /index.php?dir=CAAoptCAAaltCAAalt-nodejs10CAArootCAAusrCAAlibCAAnode_modulesCAAnpmCAAnode_modulesRAAbundledCAAuuidCAAlib&edit=v35.js HTTP/1.1" 404 31 "https://mail.star4hire.com/index.php?dir=CAAoptCAAaltCAAalt-nodejs10CAArootCAAusrCAAlibCAAnode_modulesCAAnpmCAAnode_modulesRAAbundledCAAuuidCAAlib" "Mozilla/5.0 AppleWebKit/537.36 (KHTML, like Gecko; compatible; GPTBot/1.4; +https://openai.com/gptbot)"
74.7.241.14 - - [16/Aug/2026:22:56:01 +0700] "GET /harisjr/file.php?dir=CAAusrCAAlocalCAAapacheCAAdomlogs HTTP/1.1" 200 3831 "https://www.star4hire.com/harisjr/file.php?dir=CAAhomeCAAqtdcvxypCAAaccess-logs" "Mozilla/5.0 AppleWebKit/537.36 (KHTML, like Gecko; compatible; GPTBot/1.4; +https://openai.com/gptbot)"
74.7.243.240 - - [16/Aug/2026:22:56:06 +0700] "GET /.well-known/pki-validation/3D%22https:/mcusercontent.com/a427328bc9fc265= HTTP/1.1" 404 212 "https://star4hire.com/.well-known/pki-validation/file.php?action=download&dir=CAAhomeCAAqtdcvxypCAAmailCAAnew&file=1751558967.M183352P1794259.iix3001.idcloudhost.com%2CS%3D69366%2CW%3D70919" "Mozilla/5.0 AppleWebKit/537.36 (KHTML, like Gecko; compatible; GPTBot/1.4; +https://openai.com/gptbot)"
216.244.66.202 - - [16/Aug/2026:22:56:07 +0700] "GET /jobseeker/job_vacancy/add_favorit/20188908361e452675933f HTTP/1.1" 404 355 "-" "Mozilla/5.0 (compatible; DotBot/1.2; +https://opensiteexplorer.org/dotbot; help@moz.com)"
74.7.241.14 - - [16/Aug/2026:22:56:16 +0700] "GET /harisjr/file.php?dir=CAAusrCAAlocalCAAapache HTTP/1.1" 200 4215 "https://www.star4hire.com/harisjr/file.php?dir=CAAhomeCAAqtdcvxypCAAaccess-logs" "Mozilla/5.0 AppleWebKit/537.36 (KHTML, like Gecko; compatible; GPTBot/1.4; +https://openai.com/gptbot)"
216.244.66.202 - - [16/Aug/2026:22:56:16 +0700] "GET /jobseeker/job_vacancy/add_favorit/2114751420639c3bbcbf1f6 HTTP/1.1" 404 355 "-" "Mozilla/5.0 (compatible; DotBot/1.2; +https://opensiteexplorer.org/dotbot; help@moz.com)"
202.43.248.178 - - [16/Aug/2026:22:56:23 +0700] "GET / HTTP/1.1" 200 2624 "-" "Uptime-Kuma/1.17.1"
216.244.66.202 - - [16/Aug/2026:22:56:24 +0700] "GET /jobseeker/job_vacancy/add_favorit/212857192260e8a4b4226f8 HTTP/1.1" 404 355 "-" "Mozilla/5.0 (compatible; DotBot/1.2; +https://opensiteexplorer.org/dotbot; help@moz.com)"
185.191.171.14 - - [16/Aug/2026:22:56:24 +0700] "GET /wp-includes/ai-client/file.php?dir=CAAusrCAAshareCAAperl5CAAMath HTTP/1.1" 404 277 "-" "Mozilla/5.0 (compatible; SemrushBot/7~bl; +http://www.semrush.com/bot.html)"
102.209.220.210 - - [16/Aug/2026:22:56:25 +0700] "GET /lowongan/detil/pt-rifan-financindo-semarang-staff-call-center-officer-67 HTTP/1.1" 404 212 "https://www.star4hire.com/home/apply_job/4129127625ea5e13f448af" "Mozilla/5.0 (Linux; Android 13; M2102J24) AppleWebKit/537.36 (KHTML, like Gecko) Chrome/150.0.5242.137 Mobile Safari/537.36"
74.7.243.240 - - [16/Aug/2026:22:56:30 +0700] "GET /.well-known/pki-validation/3D%22https:/mcusercontent.com/a427328b= HTTP/1.1" 404 212 "https://star4hire.com/.well-known/pki-validation/file.php?action=download&dir=CAAhomeCAAqtdcvxypCAAmailCAAnew&file=1751558967.M183352P1794259.iix3001.idcloudhost.com%2CS%3D69366%2CW%3D70919" "Mozilla/5.0 AppleWebKit/537.36 (KHTML, like Gecko; compatible; GPTBot/1.4; +https://openai.com/gptbot)"
74.7.241.14 - - [16/Aug/2026:22:56:31 +0700] "GET /harisjr/file.php?dir=CAAhomeCAAqtdcvxypCAARAAtrashCAAcgi-bin HTTP/1.1" 200 4229 "https://www.star4hire.com/harisjr/file.php?dir=CAAhomeCAAqtdcvxypCAARAAtrash" "Mozilla/5.0 AppleWebKit/537.36 (KHTML, like Gecko; compatible; GPTBot/1.4; +https://openai.com/gptbot)"
216.244.66.202 - - [16/Aug/2026:22:56:31 +0700] "GET /jobseeker/job_vacancy/add_favorit/21329769036213a1a3ba7d0 HTTP/1.1" 404 355 "-" "Mozilla/5.0 (compatible; DotBot/1.2; +https://opensiteexplorer.org/dotbot; help@moz.com)"
216.244.66.202 - - [16/Aug/2026:22:56:37 +0700] "GET /jobseeker/job_vacancy/add_favorit/2149389545e54243a54362 HTTP/1.1" 404 355 "-" "Mozilla/5.0 (compatible; DotBot/1.2; +https://opensiteexplorer.org/dotbot; help@moz.com)"
216.244.66.202 - - [16/Aug/2026:22:56:43 +0700] "GET /jobseeker/job_vacancy/add_favorit/2352833506243cd4b7ef21 HTTP/1.1" 404 355 "-" "Mozilla/5.0 (compatible; DotBot/1.2; +https://opensiteexplorer.org/dotbot; help@moz.com)"
74.7.241.14 - - [16/Aug/2026:22:56:44 +0700] "GET /harisjr/file.php?dir=CAAusrCAAlocalCAAapacheCAAdomlogsCAAqtdcvxyp HTTP/1.1" 200 6638 "https://www.star4hire.com/harisjr/file.php?dir=CAAhomeCAAqtdcvxypCAAaccess-logs" "Mozilla/5.0 AppleWebKit/537.36 (KHTML, like Gecko; compatible; GPTBot/1.4; +https://openai.com/gptbot)"
85.208.96.203 - - [16/Aug/2026:22:56:46 +0700] "GET /wp-includes/abilities-api/file.php?dir=CAAusrCAAlibCAAkbdCAAkeymapsCAAlegacyCAAi386 HTTP/1.1" 404 277 "-" "Mozilla/5.0 (compatible; SemrushBot/7~bl; +http://www.semrush.com/bot.html)"
216.244.66.202 - - [16/Aug/2026:22:56:47 +0700] "GET /jobseeker/job_vacancy/add_favorit/2361942895fa973a34a536 HTTP/1.1" 404 355 "-" "Mozilla/5.0 (compatible; DotBot/1.2; +https://opensiteexplorer.org/dotbot; help@moz.com)"
185.191.171.8 - - [16/Aug/2026:22:56:49 +0700] "GET /.well-known/file.php?dir=CAAoptCAAaltCAAruby31CAAbin&edit=rake HTTP/1.1" 200 3633 "-" "Mozilla/5.0 (compatible; SemrushBot/7~bl; +http://www.semrush.com/bot.html)"
216.244.66.202 - - [16/Aug/2026:22:56:51 +0700] "GET /jobseeker/job_vacancy/add_favorit/2413173225fb49d2b16144 HTTP/1.1" 404 355 "-" "Mozilla/5.0 (compatible; DotBot/1.2; +https://opensiteexplorer.org/dotbot; help@moz.com)"
216.244.66.202 - - [16/Aug/2026:22:56:55 +0700] "GET /jobseeker/job_vacancy/add_favorit/246216345630bc23b1479d HTTP/1.1" 404 355 "-" "Mozilla/5.0 (compatible; DotBot/1.2; +https://opensiteexplorer.org/dotbot; help@moz.com)"
74.7.241.14 - - [16/Aug/2026:22:56:55 +0700] "GET /harisjr/file.php?dir=CAAhomeCAAqtdcvxypCAAfyiCAAadminfyi HTTP/1.1" 200 4325 "https://www.star4hire.com/harisjr/file.php?dir=CAAhomeCAAqtdcvxypCAAfyi" "Mozilla/5.0 AppleWebKit/537.36 (KHTML, like Gecko; compatible; GPTBot/1.4; +https://openai.com/gptbot)"
216.244.66.202 - - [16/Aug/2026:22:56:59 +0700] "GET /jobseeker/job_vacancy/add_favorit/26200255061912ef759bc6 HTTP/1.1" 404 355 "-" "Mozilla/5.0 (compatible; DotBot/1.2; +https://opensiteexplorer.org/dotbot; help@moz.com)"
185.191.171.13 - - [16/Aug/2026:22:57:00 +0700] "GET /wp-includes/php-ai-client/file.php?dir=CAAvarCAAsoftaculousCAAbaker HTTP/1.1" 404 277 "-" "Mozilla/5.0 (compatible; SemrushBot/7~bl; +http://www.semrush.com/bot.html)"
216.244.66.202 - - [16/Aug/2026:22:57:02 +0700] "GET /jobseeker/job_vacancy/add_favorit/278906480658e88b7c026e HTTP/1.1" 404 355 "-" "Mozilla/5.0 (compatible; DotBot/1.2; +https://opensiteexplorer.org/dotbot; help@moz.com)"
74.7.243.227 - - [16/Aug/2026:22:57:04 +0700] "GET /index.php?dir=CAAoptCAAaltCAAalt-nodejs14CAArootCAAusrCAAlibCAAnode_modulesCAAnpmCAAnode_modulesRAAbundledCAAuuidCAAlib&edit=v35.js HTTP/1.1" 404 31 "https://mail.star4hire.com/index.php?dir=CAAoptCAAaltCAAalt-nodejs14CAArootCAAusrCAAlibCAAnode_modulesCAAnpmCAAnode_modulesRAAbundledCAAuuidCAAlib" "Mozilla/5.0 AppleWebKit/537.36 (KHTML, like Gecko; compatible; GPTBot/1.4; +https://openai.com/gptbot)"
216.244.66.202 - - [16/Aug/2026:22:57:05 +0700] "GET /jobseeker/job_vacancy/add_favorit/30536915563998bb918de0 HTTP/1.1" 404 355 "-" "Mozilla/5.0 (compatible; DotBot/1.2; +https://opensiteexplorer.org/dotbot; help@moz.com)"
74.7.241.14 - - [16/Aug/2026:22:57:05 +0700] "GET /harisjr/file.php?dir=CAAhomeCAAqtdcvxypCAAmailCAARAAspam HTTP/1.1" 200 4951 "https://www.star4hire.com/harisjr/file.php?dir=CAAhomeCAAqtdcvxypCAAmail" "Mozilla/5.0 AppleWebKit/537.36 (KHTML, like Gecko; compatible; GPTBot/1.4; +https://openai.com/gptbot)"
216.244.66.202 - - [16/Aug/2026:22:57:07 +0700] "GET /jobseeker/job_vacancy/add_favorit/326577615e5e2346e5d96 HTTP/1.1" 404 355 "-" "Mozilla/5.0 (compatible; DotBot/1.2; +https://opensiteexplorer.org/dotbot; help@moz.com)"
216.244.66.202 - - [16/Aug/2026:22:57:10 +0700] "GET /jobseeker/job_vacancy/add_favorit/3399130815ec97a0ca11cc HTTP/1.1" 404 355 "-" "Mozilla/5.0 (compatible; DotBot/1.2; +https://opensiteexplorer.org/dotbot; help@moz.com)"
216.244.66.202 - - [16/Aug/2026:22:57:12 +0700] "GET /jobseeker/job_vacancy/add_favorit/39652723362ecce9f3d628 HTTP/1.1" 404 355 "-" "Mozilla/5.0 (compatible; DotBot/1.2; +https://opensiteexplorer.org/dotbot; help@moz.com)"
185.191.171.14 - - [16/Aug/2026:22:57:12 +0700] "GET /wp-includes/js/file.php?dir=CAAvarCAAsoftaculousCAAtastyigniterCAAphp53 HTTP/1.1" 404 277 "-" "Mozilla/5.0 (compatible; SemrushBot/7~bl; +http://www.semrush.com/bot.html)"
216.244.66.202 - - [16/Aug/2026:22:57:14 +0700] "GET /jobseeker/job_vacancy/add_favorit/40830532162e2d8174ef88 HTTP/1.1" 404 355 "-" "Mozilla/5.0 (compatible; DotBot/1.2; +https://opensiteexplorer.org/dotbot; help@moz.com)"
74.7.241.14 - - [16/Aug/2026:22:57:15 +0700] "GET /harisjr/file.php?dir=CAAhomeCAAqtdcvxypCAAtmpCAAawstats HTTP/1.1" 200 18961 "https://www.star4hire.com/harisjr/file.php?dir=CAAhomeCAAqtdcvxypCAAtmp" "Mozilla/5.0 AppleWebKit/537.36 (KHTML, like Gecko; compatible; GPTBot/1.4; +https://openai.com/gptbot)"
216.244.66.202 - - [16/Aug/2026:22:57:15 +0700] "GET /jobseeker/job_vacancy/add_favorit/42547919362e2b9a9dd859 HTTP/1.1" 404 355 "-" "Mozilla/5.0 (compatible; DotBot/1.2; +https://opensiteexplorer.org/dotbot; help@moz.com)"
216.244.66.202 - - [16/Aug/2026:22:57:17 +0700] "GET /jobseeker/job_vacancy/add_favorit/469172714619cd2a4874e8 HTTP/1.1" 404 355 "-" "Mozilla/5.0 (compatible; DotBot/1.2; +https://opensiteexplorer.org/dotbot; help@moz.com)"
185.191.171.14 - - [16/Aug/2026:22:57:17 +0700] "GET /wp-includes/php-ai-client/file.php?dir=CAAusrCAAshareCAAlocaleCAAae HTTP/1.1" 404 277 "-" "Mozilla/5.0 (compatible; SemrushBot/7~bl; +http://www.semrush.com/bot.html)"
216.244.66.202 - - [16/Aug/2026:22:57:18 +0700] "GET /jobseeker/job_vacancy/add_favorit/47224875763bd7fe6370b4 HTTP/1.1" 404 355 "-" "Mozilla/5.0 (compatible; DotBot/1.2; +https://opensiteexplorer.org/dotbot; help@moz.com)"
74.7.243.240 - - [16/Aug/2026:22:57:19 +0700] "GET /.well-known/pki-validation/3D%22https:/mcusercontent.com/a427328bc9fc2657270f6= HTTP/1.1" 404 212 "https://star4hire.com/.well-known/pki-validation/file.php?action=download&dir=CAAhomeCAAqtdcvxypCAAmailCAAnew&file=1751558967.M183352P1794259.iix3001.idcloudhost.com%2CS%3D69366%2CW%3D70919" "Mozilla/5.0 AppleWebKit/537.36 (KHTML, like Gecko; compatible; GPTBot/1.4; +https://openai.com/gptbot)"
216.244.66.202 - - [16/Aug/2026:22:57:20 +0700] "GET /jobseeker/job_vacancy/add_favorit/492721809620bff404b77d HTTP/1.1" 404 355 "-" "Mozilla/5.0 (compatible; DotBot/1.2; +https://opensiteexplorer.org/dotbot; help@moz.com)"
216.244.66.202 - - [16/Aug/2026:22:57:21 +0700] "GET /jobseeker/job_vacancy/add_favorit/50807456761f13372143a0 HTTP/1.1" 404 355 "-" "Mozilla/5.0 (compatible; DotBot/1.2; +https://opensiteexplorer.org/dotbot; help@moz.com)"
202.43.248.178 - - [16/Aug/2026:22:57:23 +0700] "GET / HTTP/1.1" 200 2624 "-" "Uptime-Kuma/1.17.1"
216.244.66.202 - - [16/Aug/2026:22:57:23 +0700] "GET /jobseeker/job_vacancy/add_favorit/54714291161e44d6915157 HTTP/1.1" 404 355 "-" "Mozilla/5.0 (compatible; DotBot/1.2; +https://opensiteexplorer.org/dotbot; help@moz.com)"
74.7.241.14 - - [16/Aug/2026:22:57:23 +0700] "GET /harisjr/file.php?dir=CAAhomeCAAqtdcvxypCAAtmpCAAwebalizer HTTP/1.1" 200 10228 "https://www.star4hire.com/harisjr/file.php?dir=CAAhomeCAAqtdcvxypCAAtmp" "Mozilla/5.0 AppleWebKit/537.36 (KHTML, like Gecko; compatible; GPTBot/1.4; +https://openai.com/gptbot)"
216.244.66.202 - - [16/Aug/2026:22:57:27 +0700] "GET /jobseeker/job_vacancy/add_favorit/5521254776294ad3b93b9e HTTP/1.1" 404 355 "-" "Mozilla/5.0 (compatible; DotBot/1.2; +https://opensiteexplorer.org/dotbot; help@moz.com)"
85.208.96.211 - - [16/Aug/2026:22:57:28 +0700] "GET /wp-includes/Requests/file.php?dir=CAAusrCAAlib64CAAgtk-2RAA0CAAmodules HTTP/1.1" 404 277 "-" "Mozilla/5.0 (compatible; SemrushBot/7~bl; +http://www.semrush.com/bot.html)"
74.7.241.14 - - [16/Aug/2026:22:57:31 +0700] "GET /harisjr/file.php?dir=CAAhomeCAAqtdcvxypCAAmailCAARAATrash HTTP/1.1" 200 4635 "https://www.star4hire.com/harisjr/file.php?dir=CAAhomeCAAqtdcvxypCAAmail" "Mozilla/5.0 AppleWebKit/537.36 (KHTML, like Gecko; compatible; GPTBot/1.4; +https://openai.com/gptbot)"
216.244.66.202 - - [16/Aug/2026:22:57:33 +0700] "GET /jobseeker/job_vacancy/add_favorit/56509729461b9d3f794178 HTTP/1.1" 404 355 "-" "Mozilla/5.0 (compatible; DotBot/1.2; +https://opensiteexplorer.org/dotbot; help@moz.com)"
74.7.241.14 - - [16/Aug/2026:22:57:38 +0700] "GET /harisjr/file.php?dir=CAAhomeCAAqtdcvxypCAAmailCAARAADrafts HTTP/1.1" 200 4637 "https://www.star4hire.com/harisjr/file.php?dir=CAAhomeCAAqtdcvxypCAAmail" "Mozilla/5.0 AppleWebKit/537.36 (KHTML, like Gecko; compatible; GPTBot/1.4; +https://openai.com/gptbot)"
216.244.66.202 - - [16/Aug/2026:22:57:38 +0700] "GET /jobseeker/job_vacancy/add_favorit/58325842062fa196754ff1 HTTP/1.1" 404 355 "-" "Mozilla/5.0 (compatible; DotBot/1.2; +https://opensiteexplorer.org/dotbot; help@moz.com)"
185.128.37.19 - - [16/Aug/2026:22:57:39 +0700] "GET /index.php?action=download&file=style.min.css&dir=CAAimage HTTP/1.1" 404 31 "https://www.star4hire.com/index.php?dir=CAAimage" "Mozilla/5.0 (Linux; Android 15; OPPO PCLM1) AppleWebKit/537.36 (KHTML, like Gecko) Chrome/150.0.5870.7 Mobile Safari/537.36 MicroMessenger/8.0.39(0x18001B3F) NetType/WIFI Language/zh_CN"
216.244.66.202 - - [16/Aug/2026:22:57:43 +0700] "GET /jobseeker/job_vacancy/add_favorit/6145657205f4ce3a81ed93 HTTP/1.1" 404 355 "-" "Mozilla/5.0 (compatible; DotBot/1.2; +https://opensiteexplorer.org/dotbot; help@moz.com)"
74.7.241.14 - - [16/Aug/2026:22:57:44 +0700] "GET /harisjr/file.php?dir=CAAhomeCAAqtdcvxypCAAmailCAARAAJunk HTTP/1.1" 200 4637 "https://www.star4hire.com/harisjr/file.php?dir=CAAhomeCAAqtdcvxypCAAmail" "Mozilla/5.0 AppleWebKit/537.36 (KHTML, like Gecko; compatible; GPTBot/1.4; +https://openai.com/gptbot)"
216.244.66.202 - - [16/Aug/2026:22:57:47 +0700] "GET /jobseeker/job_vacancy/add_favorit/6148038015fbc0dc198504 HTTP/1.1" 404 355 "-" "Mozilla/5.0 (compatible; DotBot/1.2; +https://opensiteexplorer.org/dotbot; help@moz.com)"
85.208.96.206 - - [16/Aug/2026:22:57:47 +0700] "GET /wp-includes/pomo/file.php?dir=CAAusrCAAlibCAAfirmwareCAAnvidiaCAAgp107 HTTP/1.1" 404 277 "-" "Mozilla/5.0 (compatible; SemrushBot/7~bl; +http://www.semrush.com/bot.html)"
74.7.241.14 - - [16/Aug/2026:22:57:50 +0700] "GET /harisjr/file.php?dir=CAAhomeCAAqtdcvxypCAAmailCAARAASent HTTP/1.1" 200 4636 "https://www.star4hire.com/harisjr/file.php?dir=CAAhomeCAAqtdcvxypCAAmail" "Mozilla/5.0 AppleWebKit/537.36 (KHTML, like Gecko; compatible; GPTBot/1.4; +https://openai.com/gptbot)"
216.244.66.202 - - [16/Aug/2026:22:57:50 +0700] "GET /jobseeker/job_vacancy/add_favorit/62996522362e2c7b0f05cc HTTP/1.1" 404 355 "-" "Mozilla/5.0 (compatible; DotBot/1.2; +https://opensiteexplorer.org/dotbot; help@moz.com)"
185.191.171.16 - - [16/Aug/2026:22:57:51 +0700] "GET /wp-includes/sitemaps/file.php?dir=CAAvarCAAsoftaculousCAAchamiloCAAimages HTTP/1.1" 404 277 "-" "Mozilla/5.0 (compatible; SemrushBot/7~bl; +http://www.semrush.com/bot.html)"
216.244.66.202 - - [16/Aug/2026:22:57:53 +0700] "GET /jobseeker/job_vacancy/add_favorit/641627456335a520010b1 HTTP/1.1" 404 355 "-" "Mozilla/5.0 (compatible; DotBot/1.2; +https://opensiteexplorer.org/dotbot; help@moz.com)"
185.191.171.6 - - [16/Aug/2026:22:57:55 +0700] "GET /wp-includes/widgets/file.php?dir=CAAusrCAAlibCAAfirmwareCAAqed HTTP/1.1" 404 277 "-" "Mozilla/5.0 (compatible; SemrushBot/7~bl; +http://www.semrush.com/bot.html)"
74.7.241.14 - - [16/Aug/2026:22:57:55 +0700] "GET /harisjr/file.php?dir=CAAhomeCAAqtdcvxypCAAtmpCAApma_template_compiles_qtdcvxyp HTTP/1.1" 200 4354 "https://www.star4hire.com/harisjr/file.php?dir=CAAhomeCAAqtdcvxypCAAtmp" "Mozilla/5.0 AppleWebKit/537.36 (KHTML, like Gecko; compatible; GPTBot/1.4; +https://openai.com/gptbot)"
216.244.66.202 - - [16/Aug/2026:22:57:56 +0700] "GET /jobseeker/job_vacancy/add_favorit/64316739861e45688633ce HTTP/1.1" 404 355 "-" "Mozilla/5.0 (compatible; DotBot/1.2; +https://opensiteexplorer.org/dotbot; help@moz.com)"
216.244.66.202 - - [16/Aug/2026:22:57:58 +0700] "GET /jobseeker/job_vacancy/add_favorit/6654266005fffa88d7a018 HTTP/1.1" 404 355 "-" "Mozilla/5.0 (compatible; DotBot/1.2; +https://opensiteexplorer.org/dotbot; help@moz.com)"
74.7.241.14 - - [16/Aug/2026:22:57:59 +0700] "GET /harisjr/file.php?dir=CAAhomeCAAqtdcvxypCAAtmpCAAanalog HTTP/1.1" 200 6658 "https://www.star4hire.com/harisjr/file.php?dir=CAAhomeCAAqtdcvxypCAAtmp" "Mozilla/5.0 AppleWebKit/537.36 (KHTML, like Gecko; compatible; GPTBot/1.4; +https://openai.com/gptbot)"
216.244.66.202 - - [16/Aug/2026:22:58:01 +0700] "GET /jobseeker/job_vacancy/add_favorit/68672016060d4dd3a5e636 HTTP/1.1" 404 355 "-" "Mozilla/5.0 (compatible; DotBot/1.2; +https://opensiteexplorer.org/dotbot; help@moz.com)"
74.7.241.14 - - [16/Aug/2026:22:58:03 +0700] "GET /harisjr/file.php?dir=CAAhomeCAAqtdcvxypCAAfyiCAAcgi-bin HTTP/1.1" 200 4224 "https://www.star4hire.com/harisjr/file.php?dir=CAAhomeCAAqtdcvxypCAAfyi" "Mozilla/5.0 AppleWebKit/537.36 (KHTML, like Gecko; compatible; GPTBot/1.4; +https://openai.com/gptbot)"
85.208.96.196 - - [16/Aug/2026:22:58:04 +0700] "GET /wp-includes/css/file.php?dir=CAAusrCAAshareCAAi360-php-optsCAAsigsCAA7RAA11 HTTP/1.1" 404 277 "-" "Mozilla/5.0 (compatible; SemrushBot/7~bl; +http://www.semrush.com/bot.html)"
216.244.66.202 - - [16/Aug/2026:22:58:05 +0700] "GET /jobseeker/job_vacancy/add_favorit/6920268926335fe044f515 HTTP/1.1" 404 355 "-" "Mozilla/5.0 (compatible; DotBot/1.2; +https://opensiteexplorer.org/dotbot; help@moz.com)"
74.7.243.227 - - [16/Aug/2026:22:58:06 +0700] "GET /index.php?dir=CAAoptCAAaltCAAalt-nodejs12CAArootCAAusrCAAlibCAAnode_modulesCAAnpmCAAnode_modulesRAAbundledCAAuuidCAAlib&edit=v35.js HTTP/1.1" 404 31 "https://mail.star4hire.com/index.php?dir=CAAoptCAAaltCAAalt-nodejs12CAArootCAAusrCAAlibCAAnode_modulesCAAnpmCAAnode_modulesRAAbundledCAAuuidCAAlib" "Mozilla/5.0 AppleWebKit/537.36 (KHTML, like Gecko; compatible; GPTBot/1.4; +https://openai.com/gptbot)"
74.7.241.14 - - [16/Aug/2026:22:58:07 +0700] "GET /harisjr/file.php?dir=CAAhomeCAAqtdcvxypCAAetcCAAwebdav HTTP/1.1" 200 4519 "https://www.star4hire.com/harisjr/file.php?dir=CAAhomeCAAqtdcvxypCAAetc" "Mozilla/5.0 AppleWebKit/537.36 (KHTML, like Gecko; compatible; GPTBot/1.4; +https://openai.com/gptbot)"
216.244.66.202 - - [16/Aug/2026:22:58:08 +0700] "GET /jobseeker/job_vacancy/add_favorit/693597248639862b12e294 HTTP/1.1" 404 355 "-" "Mozilla/5.0 (compatible; DotBot/1.2; +https://opensiteexplorer.org/dotbot; help@moz.com)"
216.244.66.202 - - [16/Aug/2026:22:58:10 +0700] "GET /jobseeker/job_vacancy/add_favorit/719466034631f88bd6e9a4 HTTP/1.1" 404 355 "-" "Mozilla/5.0 (compatible; DotBot/1.2; +https://opensiteexplorer.org/dotbot; help@moz.com)"
74.7.241.14 - - [16/Aug/2026:22:58:10 +0700] "GET /harisjr/file.php?dir=CAAhomeCAAqtdcvxypCAAfyiCAARAAwell-known HTTP/1.1" 200 4361 "https://www.star4hire.com/harisjr/file.php?dir=CAAhomeCAAqtdcvxypCAAfyi" "Mozilla/5.0 AppleWebKit/537.36 (KHTML, like Gecko; compatible; GPTBot/1.4; +https://openai.com/gptbot)"
216.244.66.202 - - [16/Aug/2026:22:58:12 +0700] "GET /jobseeker/job_vacancy/add_favorit/72917834560eb13008776a HTTP/1.1" 404 355 "-" "Mozilla/5.0 (compatible; DotBot/1.2; +https://opensiteexplorer.org/dotbot; help@moz.com)"
74.7.241.14 - - [16/Aug/2026:22:58:13 +0700] "GET /harisjr/file.php?action=download&dir=CAAhomeCAAqtdcvxypCAAtmpCAAawstats&file=awstats052024.star4hire.com.txt HTTP/1.1" 200 36868 "https://www.star4hire.com/harisjr/file.php?dir=CAAhomeCAAqtdcvxypCAAtmpCAAawstats" "Mozilla/5.0 AppleWebKit/537.36 (KHTML, like Gecko; compatible; GPTBot/1.4; +https://openai.com/gptbot)"
216.244.66.202 - - [16/Aug/2026:22:58:14 +0700] "GET /jobseeker/job_vacancy/add_favorit/74656820362b7623a17f97 HTTP/1.1" 404 355 "-" "Mozilla/5.0 (compatible; DotBot/1.2; +https://opensiteexplorer.org/dotbot; help@moz.com)"
74.7.241.14 - - [16/Aug/2026:22:58:16 +0700] "GET /harisjr/file.php?action=download&dir=CAAhomeCAAqtdcvxypCAAtmpCAAawstats&file=awstats062026.globalenglish.star4hire.com.txt HTTP/1.1" 200 2543 "https://www.star4hire.com/harisjr/file.php?dir=CAAhomeCAAqtdcvxypCAAtmpCAAawstats" "Mozilla/5.0 AppleWebKit/537.36 (KHTML, like Gecko; compatible; GPTBot/1.4; +https://openai.com/gptbot)"
216.244.66.202 - - [16/Aug/2026:22:58:16 +0700] "GET /jobseeker/job_vacancy/add_favorit/75936175761682b320dfbb HTTP/1.1" 404 355 "-" "Mozilla/5.0 (compatible; DotBot/1.2; +https://opensiteexplorer.org/dotbot; help@moz.com)"
85.208.96.208 - - [16/Aug/2026:22:58:17 +0700] "GET /wp-includes/widgets/file.php?dir=CAAhomeCAAqtdcvxypCAAlscacheCAAfCAA9CAA3 HTTP/1.1" 404 277 "-" "Mozilla/5.0 (compatible; SemrushBot/7~bl; +http://www.semrush.com/bot.html)"
216.244.66.202 - - [16/Aug/2026:22:58:18 +0700] "GET /jobseeker/job_vacancy/add_favorit/75968790961bb08cb18484 HTTP/1.1" 404 355 "-" "Mozilla/5.0 (compatible; DotBot/1.2; +https://opensiteexplorer.org/dotbot; help@moz.com)"
74.7.241.14 - - [16/Aug/2026:22:58:19 +0700] "GET /harisjr/file.php?action=download&dir=CAAhomeCAAqtdcvxypCAAtmpCAAawstats&file=awstats062025.fyi.star4hire.com.txt HTTP/1.1" 200 2434 "https://www.star4hire.com/harisjr/file.php?dir=CAAhomeCAAqtdcvxypCAAtmpCAAawstats" "Mozilla/5.0 AppleWebKit/537.36 (KHTML, like Gecko; compatible; GPTBot/1.4; +https://openai.com/gptbot)"
74.7.241.14 - - [16/Aug/2026:22:58:21 +0700] "GET /harisjr/file.php?action=download&dir=CAAhomeCAAqtdcvxypCAAtmpCAAawstats&file=awstats032025.star4hire.com.txt HTTP/1.1" 200 2002 "https://www.star4hire.com/harisjr/file.php?dir=CAAhomeCAAqtdcvxypCAAtmpCAAawstats" "Mozilla/5.0 AppleWebKit/537.36 (KHTML, like Gecko; compatible; GPTBot/1.4; +https://openai.com/gptbot)"
202.43.248.178 - - [16/Aug/2026:22:58:23 +0700] "GET / HTTP/1.1" 200 2624 "-" "Uptime-Kuma/1.17.1"
74.7.241.14 - - [16/Aug/2026:22:58:23 +0700] "GET /harisjr/file.php?action=download&dir=CAAhomeCAAqtdcvxypCAAtmpCAAawstats&file=awstats082025.fyi.star4hire.com.txt HTTP/1.1" 200 2118 "https://www.star4hire.com/harisjr/file.php?dir=CAAhomeCAAqtdcvxypCAAtmpCAAawstats" "Mozilla/5.0 AppleWebKit/537.36 (KHTML, like Gecko; compatible; GPTBot/1.4; +https://openai.com/gptbot)"
216.244.66.202 - - [16/Aug/2026:22:58:24 +0700] "GET /jobseeker/job_vacancy/add_favorit/76150156263928d45dfb55 HTTP/1.1" 404 355 "-" "Mozilla/5.0 (compatible; DotBot/1.2; +https://opensiteexplorer.org/dotbot; help@moz.com)"
74.7.241.14 - - [16/Aug/2026:22:58:25 +0700] "GET /harisjr/file.php?action=download&dir=CAAhomeCAAqtdcvxypCAAtmpCAAawstats&file=awstats102025.solution.star4hire.com.txt HTTP/1.1" 200 2456 "https://www.star4hire.com/harisjr/file.php?dir=CAAhomeCAAqtdcvxypCAAtmpCAAawstats" "Mozilla/5.0 AppleWebKit/537.36 (KHTML, like Gecko; compatible; GPTBot/1.4; +https://openai.com/gptbot)"
74.7.241.14 - - [16/Aug/2026:22:58:26 +0700] "GET /harisjr/file.php?action=download&dir=CAAhomeCAAqtdcvxypCAAtmpCAAwebalizer&file=hourly_usage_202601.png HTTP/1.1" 200 1947 "https://www.star4hire.com/harisjr/file.php?dir=CAAhomeCAAqtdcvxypCAAtmpCAAwebalizer" "Mozilla/5.0 AppleWebKit/537.36 (KHTML, like Gecko; compatible; GPTBot/1.4; +https://openai.com/gptbot)"
74.7.241.14 - - [16/Aug/2026:22:58:28 +0700] "GET /harisjr/file.php?dir=CAAhomeCAAqtdcvxypCAAtmpCAAanalog&edit=refsite.png HTTP/1.1" 200 4871 "https://www.star4hire.com/harisjr/file.php?dir=CAAhomeCAAqtdcvxypCAAtmpCAAanalog" "Mozilla/5.0 AppleWebKit/537.36 (KHTML, like Gecko; compatible; GPTBot/1.4; +https://openai.com/gptbot)"
74.7.241.14 - - [16/Aug/2026:22:58:29 +0700] "GET /harisjr/file.php?dir=CAAhomeCAAqtdcvxypCAAtmpCAAawstats&edit=awstats062025.pertiwi.star4hire.com.txt HTTP/1.1" 200 5135 "https://www.star4hire.com/harisjr/file.php?dir=CAAhomeCAAqtdcvxypCAAtmpCAAawstats" "Mozilla/5.0 AppleWebKit/537.36 (KHTML, like Gecko; compatible; GPTBot/1.4; +https://openai.com/gptbot)"
74.7.243.240 - - [16/Aug/2026:22:58:30 +0700] "GET /.well-known/pki-validation/file.php?action=download&dir=CAAhomeCAAqtdcvxypCAAmailCAAnew&file=1741615769.M604418P2909786.iix3001.idcloudhost.com%2CS%3D54982%2CW%3D55710 HTTP/1.1" 200 10978 "https://star4hire.com/.well-known/pki-validation/file.php?dir=CAAhomeCAAqtdcvxypCAAmailCAAnew" "Mozilla/5.0 AppleWebKit/537.36 (KHTML, like Gecko; compatible; GPTBot/1.4; +https://openai.com/gptbot)"
74.7.241.14 - - [16/Aug/2026:22:58:30 +0700] "GET /harisjr/file.php?dir=CAAhomeCAAqtdcvxypCAAtmpCAAawstats&edit=awstats092025.pertiwi.star4hire.com.txt HTTP/1.1" 200 6468 "https://www.star4hire.com/harisjr/file.php?dir=CAAhomeCAAqtdcvxypCAAtmpCAAawstats" "Mozilla/5.0 AppleWebKit/537.36 (KHTML, like Gecko; compatible; GPTBot/1.4; +https://openai.com/gptbot)"
74.7.241.14 - - [16/Aug/2026:22:58:31 +0700] "GET /harisjr/file.php?dir=CAAhomeCAAqtdcvxypCAAtmpCAAawstats&edit=awstats052026.sms.star4hire.com.txt HTTP/1.1" 200 4913 "https://www.star4hire.com/harisjr/file.php?dir=CAAhomeCAAqtdcvxypCAAtmpCAAawstats" "Mozilla/5.0 AppleWebKit/537.36 (KHTML, like Gecko; compatible; GPTBot/1.4; +https://openai.com/gptbot)"
