216.73.216.10 - - [16/Aug/2026:22:43:30 +0700] "GET /wp-includes/sodium_compat/file.php?action=download&dir=CAAusrCAAlib64CAApython2RAA7CAAemail&file=iterators.pyc HTTP/1.1" 404 212 "-" "Mozilla/5.0 AppleWebKit/537.36 (KHTML, like Gecko; compatible; ClaudeBot/1.0; +claudebot@anthropic.com)"
216.73.216.10 - - [16/Aug/2026:22:43:30 +0700] "GET /wp-includes/sodium_compat/file.php?action=download&dir=CAAusrCAAlib64CAApython2RAA7CAADemoCAAtkinterCAAguido&file=tkman.py HTTP/1.1" 404 212 "-" "Mozilla/5.0 AppleWebKit/537.36 (KHTML, like Gecko; compatible; ClaudeBot/1.0; +claudebot@anthropic.com)"
216.73.216.10 - - [16/Aug/2026:22:43:31 +0700] "GET /wp-includes/sodium_compat/file.php?action=download&dir=CAAlibCAApython3RAA6CAAsite-packagesCAAtunedCAAplugins&file=plugin_irqbalance.py HTTP/1.1" 404 212 "-" "Mozilla/5.0 AppleWebKit/537.36 (KHTML, like Gecko; compatible; ClaudeBot/1.0; +claudebot@anthropic.com)"
216.73.216.10 - - [16/Aug/2026:22:43:31 +0700] "GET /wp-includes/sodium_compat/file.php?action=download&dir=CAAusrCAAbin&file=readelf HTTP/1.1" 404 212 "-" "Mozilla/5.0 AppleWebKit/537.36 (KHTML, like Gecko; compatible; ClaudeBot/1.0; +claudebot@anthropic.com)"
216.73.216.10 - - [16/Aug/2026:22:43:32 +0700] "GET /wp-includes/sodium_compat/file.php?dir=CAAusrCAAshareCAAmanCAAman3&edit=ENGINE_get_cmd_defns.3ssl.gz HTTP/1.1" 404 212 "-" "Mozilla/5.0 AppleWebKit/537.36 (KHTML, like Gecko; compatible; ClaudeBot/1.0; +claudebot@anthropic.com)"
216.73.216.10 - - [16/Aug/2026:22:43:32 +0700] "GET /wp-includes/sodium_compat/file.php?dir=CAAusrCAAshareCAAmanCAAman3&edit=cap_from_name.3.gz HTTP/1.1" 404 212 "-" "Mozilla/5.0 AppleWebKit/537.36 (KHTML, like Gecko; compatible; ClaudeBot/1.0; +claudebot@anthropic.com)"
216.73.216.10 - - [16/Aug/2026:22:43:33 +0700] "GET /wp-includes/file.php?dir=CAAimagesCAAicon-library&edit=drawer-left.svg HTTP/1.1" 404 212 "-" "Mozilla/5.0 AppleWebKit/537.36 (KHTML, like Gecko; compatible; ClaudeBot/1.0; +claudebot@anthropic.com)"
216.73.216.10 - - [16/Aug/2026:22:43:33 +0700] "GET /wp-includes/sodium_compat/file.php?dir=CAAlibCAAfirmware&edit=agere_sta_fw.bin HTTP/1.1" 404 212 "-" "Mozilla/5.0 AppleWebKit/537.36 (KHTML, like Gecko; compatible; ClaudeBot/1.0; +claudebot@anthropic.com)"
216.73.216.10 - - [16/Aug/2026:22:43:34 +0700] "GET /wp-includes/php-compat/file.php?action=download&dir=CAAhomeCAAqtdcvxypCAApublic_htmlCAAwp-includes&file=class-wp-embed.php HTTP/1.1" 404 212 "-" "Mozilla/5.0 AppleWebKit/537.36 (KHTML, like Gecko; compatible; ClaudeBot/1.0; +claudebot@anthropic.com)"
216.73.216.10 - - [16/Aug/2026:22:43:34 +0700] "GET /wp-includes/sodium_compat/file.php?action=download&dir=CAAlibCAAnode_modulesCAAnpmCAAnode_modulesCAAsafe-buffer&file=README.md HTTP/1.1" 404 212 "-" "Mozilla/5.0 AppleWebKit/537.36 (KHTML, like Gecko; compatible; ClaudeBot/1.0; +claudebot@anthropic.com)"
216.73.216.10 - - [16/Aug/2026:22:43:35 +0700] "GET /wp-includes/file.php?action=download&dir=CAAblocksCAAsite-logo&file=editor-rtl.css HTTP/1.1" 404 212 "-" "Mozilla/5.0 AppleWebKit/537.36 (KHTML, like Gecko; compatible; ClaudeBot/1.0; +claudebot@anthropic.com)"
185.191.171.6 - - [16/Aug/2026:22:43:35 +0700] "GET /wp-includes/ID3/file.php?dir=CAAvarCAAsoftaculousCAAwp58 HTTP/1.1" 404 277 "-" "Mozilla/5.0 (compatible; SemrushBot/7~bl; +http://www.semrush.com/bot.html)"
216.73.216.10 - - [16/Aug/2026:22:43:35 +0700] "GET /wp-includes/sodium_compat/file.php?dir=CAAlibCAAfirmwareCAAqca&edit=rampatch_usb_00130201.bin HTTP/1.1" 404 212 "-" "Mozilla/5.0 AppleWebKit/537.36 (KHTML, like Gecko; compatible; ClaudeBot/1.0; +claudebot@anthropic.com)"
216.73.216.10 - - [16/Aug/2026:22:43:36 +0700] "GET /wp-includes/sodium_compat/file.php?dir=CAAusrCAAshareCAAmanCAAman3&edit=BIO_gets.3ssl.gz HTTP/1.1" 404 212 "-" "Mozilla/5.0 AppleWebKit/537.36 (KHTML, like Gecko; compatible; ClaudeBot/1.0; +claudebot@anthropic.com)"
216.73.216.10 - - [16/Aug/2026:22:43:36 +0700] "GET /wp-includes/php-compat/file.php?dir=CAAhomeCAAqtdcvxypCAAlogs&edit=globaljobs_star4hire_com.php.error.log HTTP/1.1" 404 212 "-" "Mozilla/5.0 AppleWebKit/537.36 (KHTML, like Gecko; compatible; ClaudeBot/1.0; +claudebot@anthropic.com)"
216.73.216.10 - - [16/Aug/2026:22:43:37 +0700] "GET /wp-includes/sodium_compat/file.php?action=download&dir=CAAlibCAApython2RAA7CAAsite-packagesCAAsetuptoolsCAAcommand&file=egg_info.py HTTP/1.1" 404 212 "-" "Mozilla/5.0 AppleWebKit/537.36 (KHTML, like Gecko; compatible; ClaudeBot/1.0; +claudebot@anthropic.com)"
216.73.216.10 - - [16/Aug/2026:22:43:38 +0700] "GET /wp-includes/sodium_compat/file.php?action=download&dir=CAAlibCAApython2RAA7CAAsite-packagesCAAgoogleCAAprotobufCAAinternal&file=message_factory_test.py HTTP/1.1" 404 212 "-" "Mozilla/5.0 AppleWebKit/537.36 (KHTML, like Gecko; compatible; ClaudeBot/1.0; +claudebot@anthropic.com)"
216.73.216.10 - - [16/Aug/2026:22:43:38 +0700] "GET /wp-includes/images/file.php?dir=CAAicon-library&edit=post-author.svg HTTP/1.1" 404 212 "-" "Mozilla/5.0 AppleWebKit/537.36 (KHTML, like Gecko; compatible; ClaudeBot/1.0; +claudebot@anthropic.com)"
216.73.216.10 - - [16/Aug/2026:22:43:39 +0700] "GET /wp-includes/file.php?action=download&dir=CAAjsCAAdistCAAscript-modulesCAAcore-abilities&file=index.min.js HTTP/1.1" 404 212 "-" "Mozilla/5.0 AppleWebKit/537.36 (KHTML, like Gecko; compatible; ClaudeBot/1.0; +claudebot@anthropic.com)"
216.73.216.10 - - [16/Aug/2026:22:43:42 +0700] "GET /file.php?dir=CAAhomeCAAqtdcvxypCAAlogs&edit=csr_star4hire_com.php.error.log HTTP/1.1" 200 0 "-" "Mozilla/5.0 AppleWebKit/537.36 (KHTML, like Gecko; compatible; ClaudeBot/1.0; +claudebot@anthropic.com)"
74.7.241.14 - - [16/Aug/2026:22:43:45 +0700] "GET /file.php?dir=CAAhomeCAAqtdcvxypCAAdreamleapRAAstar4hireRAAcomCAAwp-admin&edit=post.php HTTP/1.1" 200 6002 "https://www.star4hire.com/file.php?dir=CAAhomeCAAqtdcvxypCAAdreamleapRAAstar4hireRAAcomCAAwp-admin" "Mozilla/5.0 AppleWebKit/537.36 (KHTML, like Gecko; compatible; GPTBot/1.4; +https://openai.com/gptbot)"
74.7.243.240 - - [16/Aug/2026:22:43:56 +0700] "GET /.well-known/pki-validation/file.php?action=download&dir=CAAhomeCAAqtdcvxypCAAmailCAAnew&file=1771519653.M408247P1709786.iix3001.idcloudhost.com%2CS%3D59324%2CW%3D60664 HTTP/1.1" 200 8941 "https://star4hire.com/.well-known/pki-validation/file.php?dir=CAAhomeCAAqtdcvxypCAAmailCAAnew" "Mozilla/5.0 AppleWebKit/537.36 (KHTML, like Gecko; compatible; GPTBot/1.4; +https://openai.com/gptbot)"
85.208.96.200 - - [16/Aug/2026:22:44:05 +0700] "GET /wp-includes/interactivity-api/file.php?dir=CAAhomeCAAqtdcvxypCAAlscacheCAAcCAAaCAAd HTTP/1.1" 404 277 "-" "Mozilla/5.0 (compatible; SemrushBot/7~bl; +http://www.semrush.com/bot.html)"
74.7.241.14 - - [16/Aug/2026:22:44:15 +0700] "GET /file.php?dir=CAAhomeCAAqtdcvxypCAAcareerusaRAAstar4hireRAAcomCAAwp-admin&edit=post.php HTTP/1.1" 200 6002 "https://www.star4hire.com/file.php?dir=CAAhomeCAAqtdcvxypCAAcareerusaRAAstar4hireRAAcomCAAwp-admin" "Mozilla/5.0 AppleWebKit/537.36 (KHTML, like Gecko; compatible; GPTBot/1.4; +https://openai.com/gptbot)"
74.7.243.227 - - [16/Aug/2026:22:44:18 +0700] "GET /index.php?dir=CAAhomeCAAqtdcvxypCAAkarirRAAstar4hireRAAcomCAAmodulesCAAJob&edit=Hook.php HTTP/1.1" 404 31 "https://mail.star4hire.com/index.php?dir=CAAhomeCAAqtdcvxypCAAkarirRAAstar4hireRAAcomCAAmodulesCAAJob" "Mozilla/5.0 AppleWebKit/537.36 (KHTML, like Gecko; compatible; GPTBot/1.4; +https://openai.com/gptbot)"
202.43.248.178 - - [16/Aug/2026:22:44:22 +0700] "GET / HTTP/1.1" 200 2624 "-" "Uptime-Kuma/1.17.1"
185.191.171.19 - - [16/Aug/2026:22:44:30 +0700] "GET /wp-includes/style-engine/file.php?dir=CAAusrCAAlibCAAfirmwareCAAintelCAAcatptCAAbdw HTTP/1.1" 404 277 "-" "Mozilla/5.0 (compatible; SemrushBot/7~bl; +http://www.semrush.com/bot.html)"
185.191.171.16 - - [16/Aug/2026:22:44:33 +0700] "GET /wp-includes/IXR/file.php?dir=CAAvarCAAsoftaculousCAAdolphCAAphp56 HTTP/1.1" 404 277 "-" "Mozilla/5.0 (compatible; SemrushBot/7~bl; +http://www.semrush.com/bot.html)"
74.7.241.14 - - [16/Aug/2026:22:44:42 +0700] "GET /file.php?dir=CAAhomeCAAqtdcvxypCAAcareerusaRAAstar4hireRAAcomCAAwp-admin&edit=site-health-info.php HTTP/1.1" 200 4607 "https://www.star4hire.com/file.php?dir=CAAhomeCAAqtdcvxypCAAcareerusaRAAstar4hireRAAcomCAAwp-admin" "Mozilla/5.0 AppleWebKit/537.36 (KHTML, like Gecko; compatible; GPTBot/1.4; +https://openai.com/gptbot)"
185.191.171.15 - - [16/Aug/2026:22:44:47 +0700] "GET /wp-includes/PHPMailer/file.php?dir=CAAhomeCAAqtdcvxypCAAlscacheCAAaCAA7 HTTP/1.1" 404 277 "-" "Mozilla/5.0 (compatible; SemrushBot/7~bl; +http://www.semrush.com/bot.html)"
74.7.243.240 - - [16/Aug/2026:22:44:49 +0700] "GET /.well-known/pki-validation/file.php?action=download&dir=CAAhomeCAAqtdcvxypCAAmailCAAnew&file=1778082523.M903585P2957807.iix3001.idcloudhost.com%2CS%3D57254%2CW%3D58564 HTTP/1.1" 200 8626 "https://star4hire.com/.well-known/pki-validation/file.php?dir=CAAhomeCAAqtdcvxypCAAmailCAAnew" "Mozilla/5.0 AppleWebKit/537.36 (KHTML, like Gecko; compatible; GPTBot/1.4; +https://openai.com/gptbot)"
85.208.96.211 - - [16/Aug/2026:22:44:51 +0700] "GET /wp-includes/build/file.php?dir=CAAusrCAAshareCAAlocaleCAAcarCAALC_MESSAGES HTTP/1.1" 404 277 "-" "Mozilla/5.0 (compatible; SemrushBot/7~bl; +http://www.semrush.com/bot.html)"
85.208.96.209 - - [16/Aug/2026:22:44:55 +0700] "GET /wp-includes/rest-api/file.php?dir=CAAusrCAAlibexecCAAopenldap HTTP/1.1" 404 277 "-" "Mozilla/5.0 (compatible; SemrushBot/7~bl; +http://www.semrush.com/bot.html)"
85.208.96.208 - - [16/Aug/2026:22:44:59 +0700] "GET /wp-includes/ID3/file.php?dir=CAAusrCAAshareCAAlocaleCAAfrs HTTP/1.1" 404 277 "-" "Mozilla/5.0 (compatible; SemrushBot/7~bl; +http://www.semrush.com/bot.html)"
85.208.96.210 - - [16/Aug/2026:22:45:03 +0700] "GET /wp-includes/sitemaps/file.php?dir=CAAhomeCAAqtdcvxypCAAlscacheCAA5CAA6CAA6 HTTP/1.1" 404 277 "-" "Mozilla/5.0 (compatible; SemrushBot/7~bl; +http://www.semrush.com/bot.html)"
74.7.241.14 - - [16/Aug/2026:22:45:06 +0700] "GET /file.php?dir=CAAhomeCAAqtdcvxypCAAdreamleapRAAstar4hireRAAcomCAAwp-admin&edit=site-health-info.php HTTP/1.1" 200 4608 "https://www.star4hire.com/file.php?dir=CAAhomeCAAqtdcvxypCAAdreamleapRAAstar4hireRAAcomCAAwp-admin" "Mozilla/5.0 AppleWebKit/537.36 (KHTML, like Gecko; compatible; GPTBot/1.4; +https://openai.com/gptbot)"
216.73.216.10 - - [16/Aug/2026:22:45:09 +0700] "GET /wp-includes/interactivity-api/file.php?action=download&dir=CAAhomeCAAqtdcvxypCAApublic_htmlCAAwp-includes&file=class-wp-widget.php HTTP/1.1" 404 212 "-" "Mozilla/5.0 AppleWebKit/537.36 (KHTML, like Gecko; compatible; ClaudeBot/1.0; +claudebot@anthropic.com)"
216.73.216.10 - - [16/Aug/2026:22:45:10 +0700] "GET /wp-includes/sodium_compat/file.php?action=download&dir=CAAvarCAAsoftaculousCAAops&file=clone.php HTTP/1.1" 404 212 "-" "Mozilla/5.0 AppleWebKit/537.36 (KHTML, like Gecko; compatible; ClaudeBot/1.0; +claudebot@anthropic.com)"
216.73.216.10 - - [16/Aug/2026:22:45:10 +0700] "GET /wp-includes/sodium_compat/file.php?action=download&dir=CAAusrCAAincludeCAAlibxml2CAAlibxml&file=xmlregexp.h HTTP/1.1" 404 212 "-" "Mozilla/5.0 AppleWebKit/537.36 (KHTML, like Gecko; compatible; ClaudeBot/1.0; +claudebot@anthropic.com)"
216.73.216.10 - - [16/Aug/2026:22:45:10 +0700] "GET /wp-includes/sodium_compat/file.php?dir=CAAusrCAAshareCAAmanCAAman8&edit=cache_metadata_size.8.gz HTTP/1.1" 404 212 "-" "Mozilla/5.0 AppleWebKit/537.36 (KHTML, like Gecko; compatible; ClaudeBot/1.0; +claudebot@anthropic.com)"
216.73.216.10 - - [16/Aug/2026:22:45:11 +0700] "GET /wp-includes/sodium_compat/file.php?action=download&dir=CAAusrCAAlib64CAApython3RAA6CAAencodingsCAA__pycache__&file=cp862.cpython-36.opt-2.pyc HTTP/1.1" 404 212 "-" "Mozilla/5.0 AppleWebKit/537.36 (KHTML, like Gecko; compatible; ClaudeBot/1.0; +claudebot@anthropic.com)"
216.73.216.10 - - [16/Aug/2026:22:45:11 +0700] "GET /wp-includes/sodium_compat/file.php?dir=CAAusrCAAshareCAAmanCAAman3&edit=DSAparams_print_fp.3ssl.gz HTTP/1.1" 404 212 "-" "Mozilla/5.0 AppleWebKit/537.36 (KHTML, like Gecko; compatible; ClaudeBot/1.0; +claudebot@anthropic.com)"
216.73.216.10 - - [16/Aug/2026:22:45:12 +0700] "GET /wp-includes/sodium_compat/file.php?dir=CAAusrCAAshareCAAmanCAAman1&edit=dig.1.gz HTTP/1.1" 404 212 "-" "Mozilla/5.0 AppleWebKit/537.36 (KHTML, like Gecko; compatible; ClaudeBot/1.0; +claudebot@anthropic.com)"
85.208.96.209 - - [16/Aug/2026:22:45:12 +0700] "GET /wp-includes/php-ai-client/file.php?dir=CAAvarCAAsoftaculousCAAhizupCAAphp82 HTTP/1.1" 404 277 "-" "Mozilla/5.0 (compatible; SemrushBot/7~bl; +http://www.semrush.com/bot.html)"
216.73.216.10 - - [16/Aug/2026:22:45:12 +0700] "GET /wp-includes/sodium_compat/file.php?dir=CAAusrCAAshareCAAmanCAAman1&edit=bc.1.gz HTTP/1.1" 404 212 "-" "Mozilla/5.0 AppleWebKit/537.36 (KHTML, like Gecko; compatible; ClaudeBot/1.0; +claudebot@anthropic.com)"
216.73.216.10 - - [16/Aug/2026:22:45:13 +0700] "GET /wp-includes/sodium_compat/file.php?dir=CAAusrCAAshareCAAmanCAAman1&edit=expect.1.gz HTTP/1.1" 404 212 "-" "Mozilla/5.0 AppleWebKit/537.36 (KHTML, like Gecko; compatible; ClaudeBot/1.0; +claudebot@anthropic.com)"
216.73.216.10 - - [16/Aug/2026:22:45:13 +0700] "GET /wp-includes/images/file.php?dir=CAAicon-library&edit=flip-horizontal.svg HTTP/1.1" 404 212 "-" "Mozilla/5.0 AppleWebKit/537.36 (KHTML, like Gecko; compatible; ClaudeBot/1.0; +claudebot@anthropic.com)"
216.73.216.10 - - [16/Aug/2026:22:45:14 +0700] "GET /wp-includes/sodium_compat/file.php?dir=CAAusrCAAshareCAAmanCAAman5&edit=systemd-system.conf.5.gz HTTP/1.1" 404 212 "-" "Mozilla/5.0 AppleWebKit/537.36 (KHTML, like Gecko; compatible; ClaudeBot/1.0; +claudebot@anthropic.com)"
216.73.216.10 - - [16/Aug/2026:22:45:14 +0700] "GET /wp-includes/sodium_compat/file.php?action=download&dir=CAAusrCAAlibexecCAAgit-coreCAAmergetools&file=meld HTTP/1.1" 404 212 "-" "Mozilla/5.0 AppleWebKit/537.36 (KHTML, like Gecko; compatible; ClaudeBot/1.0; +claudebot@anthropic.com)"
216.73.216.10 - - [16/Aug/2026:22:45:15 +0700] "GET /wp-includes/html-api/file.php?action=download&dir=CAAhomeCAAqtdcvxypCAApublic_htmlCAAwp-adminCAAincludes&file=ms.php HTTP/1.1" 404 212 "-" "Mozilla/5.0 AppleWebKit/537.36 (KHTML, like Gecko; compatible; ClaudeBot/1.0; +claudebot@anthropic.com)"
216.73.216.10 - - [16/Aug/2026:22:45:15 +0700] "GET /wp-includes/file.php?action=download&dir=CAAblocksCAArss&file=block.json HTTP/1.1" 404 212 "-" "Mozilla/5.0 AppleWebKit/537.36 (KHTML, like Gecko; compatible; ClaudeBot/1.0; +claudebot@anthropic.com)"
216.73.216.10 - - [16/Aug/2026:22:45:16 +0700] "GET /wp-includes/html-api/file.php?action=download&dir=CAAhomeCAAqtdcvxypCAApublic_htmlCAAwp-adminCAAincludes&file=list-table.php HTTP/1.1" 404 212 "-" "Mozilla/5.0 AppleWebKit/537.36 (KHTML, like Gecko; compatible; ClaudeBot/1.0; +claudebot@anthropic.com)"
216.73.216.10 - - [16/Aug/2026:22:45:16 +0700] "GET /wp-includes/sodium_compat/file.php?action=download&dir=CAAvarCAAsoftaculousCAApostfixCAAphp53&file=import.php HTTP/1.1" 404 212 "-" "Mozilla/5.0 AppleWebKit/537.36 (KHTML, like Gecko; compatible; ClaudeBot/1.0; +claudebot@anthropic.com)"
216.73.216.10 - - [16/Aug/2026:22:45:17 +0700] "GET /wp-includes/sodium_compat/file.php?dir=CAAusrCAAlibCAAnode_modulesCAAnpmCAAnode_modulesCAAglob&edit=LICENSE HTTP/1.1" 404 212 "-" "Mozilla/5.0 AppleWebKit/537.36 (KHTML, like Gecko; compatible; ClaudeBot/1.0; +claudebot@anthropic.com)"
216.73.216.10 - - [16/Aug/2026:22:45:18 +0700] "GET /file.php?dir=CAAsmsCAAapplicationCAAthird_partyCAAmpdfCAAcollations&edit=Spanish_Nicaragua.php HTTP/1.1" 200 3482 "-" "Mozilla/5.0 AppleWebKit/537.36 (KHTML, like Gecko; compatible; ClaudeBot/1.0; +claudebot@anthropic.com)"
216.73.216.10 - - [16/Aug/2026:22:45:18 +0700] "GET /file.php?action=download&dir=CAAsmsCAAaaCAAapplicationCAAviewsCAAuserCAAcontent&file=assignment.php HTTP/1.1" 200 932 "-" "Mozilla/5.0 AppleWebKit/537.36 (KHTML, like Gecko; compatible; ClaudeBot/1.0; +claudebot@anthropic.com)"
216.73.216.10 - - [16/Aug/2026:22:45:19 +0700] "GET /file.php?dir=CAAsmsCAA_CAAsmart_school_srcCAAsystemCAAlibrariesCAACacheCAAdrivers HTTP/1.1" 200 4790 "-" "Mozilla/5.0 AppleWebKit/537.36 (KHTML, like Gecko; compatible; ClaudeBot/1.0; +claudebot@anthropic.com)"
216.73.216.10 - - [16/Aug/2026:22:45:19 +0700] "GET /file.php?dir=CAAhomeCAAqtdcvxypCAAlogs&edit=sms_star4hire_com.php.error.log HTTP/1.1" 200 54917 "-" "Mozilla/5.0 AppleWebKit/537.36 (KHTML, like Gecko; compatible; ClaudeBot/1.0; +claudebot@anthropic.com)"
216.73.216.10 - - [16/Aug/2026:22:45:20 +0700] "GET /file.php?dir=CAAsmsCAA_CAAsmart_school_srcCAAapplicationCAAthird_partyCAAmpdfCAAiccprofiles HTTP/1.1" 200 4440 "-" "Mozilla/5.0 AppleWebKit/537.36 (KHTML, like Gecko; compatible; ClaudeBot/1.0; +claudebot@anthropic.com)"
216.73.216.10 - - [16/Aug/2026:22:45:20 +0700] "GET /file.php?dir=CAAsmsCAAaaCAAbackendCAApluginsCAAckeditor1CAAlang&edit=ms.js HTTP/1.1" 200 7974 "-" "Mozilla/5.0 AppleWebKit/537.36 (KHTML, like Gecko; compatible; ClaudeBot/1.0; +claudebot@anthropic.com)"
74.7.243.227 - - [16/Aug/2026:22:45:21 +0700] "GET /index.php?dir=CAAoptCAAcpanelCAAea-php83CAArootCAAusrCAAincludeCAAphpCAAextCAApcreCAApcre2lib HTTP/1.1" 404 31 "https://mail.star4hire.com/index.php?dir=CAAoptCAAcpanelCAAea-php83CAArootCAAusrCAAincludeCAAphpCAAextCAApcre" "Mozilla/5.0 AppleWebKit/537.36 (KHTML, like Gecko; compatible; GPTBot/1.4; +https://openai.com/gptbot)"
216.73.216.10 - - [16/Aug/2026:22:45:21 +0700] "GET /file.php?dir=CAAsmsCAA_CAAsmart_school_srcCAAapplicationCAAlibrariesCAAPHPMailerCAAlanguage&edit=phpmailer.lang-he.php HTTP/1.1" 200 3815 "-" "Mozilla/5.0 AppleWebKit/537.36 (KHTML, like Gecko; compatible; ClaudeBot/1.0; +claudebot@anthropic.com)"
202.43.248.178 - - [16/Aug/2026:22:45:22 +0700] "GET / HTTP/1.1" 200 2624 "-" "Uptime-Kuma/1.17.1"
74.7.241.14 - - [16/Aug/2026:22:45:27 +0700] "GET /harisjr/file.php?dir=CAAhomeCAAqtdcvxypCAARAAsoftaculousCAAbackups HTTP/1.1" 200 4574 "https://www.star4hire.com/harisjr/file.php?dir=CAAhomeCAAqtdcvxypCAARAAsoftaculous" "Mozilla/5.0 AppleWebKit/537.36 (KHTML, like Gecko; compatible; GPTBot/1.4; +https://openai.com/gptbot)"
74.7.243.240 - - [16/Aug/2026:22:45:33 +0700] "GET /.well-known/pki-validation/file.php?action=download&dir=CAAhomeCAAqtdcvxypCAAmailCAAnew&file=1776095394.M778644P2422821.iix3001.idcloudhost.com%2CS%3D34926%2CW%3D35494 HTTP/1.1" 200 4481 "https://star4hire.com/.well-known/pki-validation/file.php?dir=CAAhomeCAAqtdcvxypCAAmailCAAnew" "Mozilla/5.0 AppleWebKit/537.36 (KHTML, like Gecko; compatible; GPTBot/1.4; +https://openai.com/gptbot)"
185.191.171.14 - - [16/Aug/2026:22:45:35 +0700] "GET /wp-includes/ID3/file.php?dir=CAAusrCAAincludeCAAc%2B%2BCAA8CAAbits HTTP/1.1" 404 277 "-" "Mozilla/5.0 (compatible; SemrushBot/7~bl; +http://www.semrush.com/bot.html)"
74.7.241.14 - - [16/Aug/2026:22:45:47 +0700] "GET /harisjr/file.php?dir=CAAhomeCAAqtdcvxypCAARAAsoftaculousCAAtmp HTTP/1.1" 200 3845 "https://www.star4hire.com/harisjr/file.php?dir=CAAhomeCAAqtdcvxypCAARAAsoftaculous" "Mozilla/5.0 AppleWebKit/537.36 (KHTML, like Gecko; compatible; GPTBot/1.4; +https://openai.com/gptbot)"
216.73.216.10 - - [16/Aug/2026:22:45:52 +0700] "GET /file.php?action=download&dir=CAAsmsCAA_CAAsmart_school_srcCAAapplicationCAAcontrollersCAAadmin&file=Examgroup.php HTTP/1.1" 200 6259 "-" "Mozilla/5.0 AppleWebKit/537.36 (KHTML, like Gecko; compatible; ClaudeBot/1.0; +claudebot@anthropic.com)"
185.191.171.12 - - [16/Aug/2026:22:46:01 +0700] "GET /wp-includes/css/file.php?dir=CAAusrCAAshareCAAvimCAAvim80CAAlangCAAnb HTTP/1.1" 404 277 "-" "Mozilla/5.0 (compatible; SemrushBot/7~bl; +http://www.semrush.com/bot.html)"
74.7.241.14 - - [16/Aug/2026:22:46:06 +0700] "GET /harisjr/file.php?dir=CAAhomeCAAqtdcvxypCAARAAsoftaculousCAAlogs HTTP/1.1" 429 267 "https://www.star4hire.com/harisjr/file.php?dir=CAAhomeCAAqtdcvxypCAARAAsoftaculous" "Mozilla/5.0 AppleWebKit/537.36 (KHTML, like Gecko; compatible; GPTBot/1.4; +https://openai.com/gptbot)"
85.208.96.202 - - [16/Aug/2026:22:46:14 +0700] "GET /wp-includes/IXR/file.php?dir=CAAvarCAAsoftaculousCAAwhmcs82CAAphp56 HTTP/1.1" 404 277 "-" "Mozilla/5.0 (compatible; SemrushBot/7~bl; +http://www.semrush.com/bot.html)"
74.7.243.240 - - [16/Aug/2026:22:46:15 +0700] "GET /.well-known/pki-validation/file.php?action=download&dir=CAAhomeCAAqtdcvxypCAAmailCAAnew&file=1737562013.M647602P4103104.iix3001.idcloudhost.com%2CS%3D56149%2CW%3D57398 HTTP/1.1" 429 267 "https://star4hire.com/.well-known/pki-validation/file.php?dir=CAAhomeCAAqtdcvxypCAAmailCAAnew" "Mozilla/5.0 AppleWebKit/537.36 (KHTML, like Gecko; compatible; GPTBot/1.4; +https://openai.com/gptbot)"
185.191.171.11 - - [16/Aug/2026:22:46:20 +0700] "GET /wp-includes/sodium_compat/file.php?dir=CAAvarCAAsoftaculousCAAforkCAAphp56 HTTP/1.1" 404 277 "-" "Mozilla/5.0 (compatible; SemrushBot/7~bl; +http://www.semrush.com/bot.html)"
74.7.241.14 - - [16/Aug/2026:22:46:21 +0700] "GET /harisjr/file.php?dir=CAAhomeCAAqtdcvxypCAARAAsoftaculousCAAsess HTTP/1.1" 429 267 "https://www.star4hire.com/harisjr/file.php?dir=CAAhomeCAAqtdcvxypCAARAAsoftaculous" "Mozilla/5.0 AppleWebKit/537.36 (KHTML, like Gecko; compatible; GPTBot/1.4; +https://openai.com/gptbot)"
202.43.248.178 - - [16/Aug/2026:22:46:22 +0700] "GET / HTTP/1.1" 200 2624 "-" "Uptime-Kuma/1.17.1"
74.7.243.227 - - [16/Aug/2026:22:46:24 +0700] "GET /index.php?dir=CAAoptCAAcpanelCAAea-php81CAArootCAAusrCAAincludeCAAphpCAAextCAApcreCAApcre2lib HTTP/1.1" 429 267 "https://mail.star4hire.com/index.php?dir=CAAoptCAAcpanelCAAea-php81CAArootCAAusrCAAincludeCAAphpCAAextCAApcre" "Mozilla/5.0 AppleWebKit/537.36 (KHTML, like Gecko; compatible; GPTBot/1.4; +https://openai.com/gptbot)"
216.73.216.10 - - [16/Aug/2026:22:46:34 +0700] "GET /file.php?action=download&dir=CAAsmsCAA_CAAsmart_school_srcCAAapplicationCAAcontrollers&file=Studentfee.php HTTP/1.1" 200 7257 "-" "Mozilla/5.0 AppleWebKit/537.36 (KHTML, like Gecko; compatible; ClaudeBot/1.0; +claudebot@anthropic.com)"
216.73.216.10 - - [16/Aug/2026:22:46:34 +0700] "GET /file.php?dir=CAAsmsCAA_CAAsmart_school_srcCAAapplicationCAAthird_partyCAAmpdfCAAincludes&edit=linebrdictK.dat HTTP/1.1" 200 252082 "-" "Mozilla/5.0 AppleWebKit/537.36 (KHTML, like Gecko; compatible; ClaudeBot/1.0; +claudebot@anthropic.com)"
216.73.216.10 - - [16/Aug/2026:22:46:35 +0700] "GET /file.php?dir=CAAsmsCAAaaCAAapplicationCAAviewsCAAadminCAAstaffidcard&edit=staffidcardpreview.php HTTP/1.1" 200 5143 "-" "Mozilla/5.0 AppleWebKit/537.36 (KHTML, like Gecko; compatible; ClaudeBot/1.0; +claudebot@anthropic.com)"
216.73.216.10 - - [16/Aug/2026:22:46:35 +0700] "GET /file.php?action=download&dir=CAAsmsCAA_CAAsmart_school_srcCAAapplicationCAAcontrollersCAAuser&file=Chat.php HTTP/1.1" 200 1659 "-" "Mozilla/5.0 AppleWebKit/537.36 (KHTML, like Gecko; compatible; ClaudeBot/1.0; +claudebot@anthropic.com)"
185.191.171.5 - - [16/Aug/2026:22:46:46 +0700] "GET /wp-includes/ai-client/file.php?dir=CAAusrCAAlibCAApython2RAA7 HTTP/1.1" 404 277 "-" "Mozilla/5.0 (compatible; SemrushBot/7~bl; +http://www.semrush.com/bot.html)"
74.7.243.240 - - [16/Aug/2026:22:46:50 +0700] "GET /.well-known/pki-validation/file.php?action=download&dir=CAAhomeCAAqtdcvxypCAAmailCAAnew&file=1774539236.M160793P1637117.iix3001.idcloudhost.com%2CS%3D59168%2CW%3D60507 HTTP/1.1" 429 267 "https://star4hire.com/.well-known/pki-validation/file.php?dir=CAAhomeCAAqtdcvxypCAAmailCAAnew" "Mozilla/5.0 AppleWebKit/537.36 (KHTML, like Gecko; compatible; GPTBot/1.4; +https://openai.com/gptbot)"
185.191.171.5 - - [16/Aug/2026:22:46:51 +0700] "GET /wp-includes/PHPMailer/file.php?dir=CAAusrCAAshareCAAlocaleCAAplCAALC_MESSAGES HTTP/1.1" 404 277 "-" "Mozilla/5.0 (compatible; SemrushBot/7~bl; +http://www.semrush.com/bot.html)"
85.208.96.208 - - [16/Aug/2026:22:46:56 +0700] "GET /wp-includes/ID3/file.php?dir=CAAusrCAAlibCAARAAbuild-idCAAaf HTTP/1.1" 404 277 "-" "Mozilla/5.0 (compatible; SemrushBot/7~bl; +http://www.semrush.com/bot.html)"
85.208.96.204 - - [16/Aug/2026:22:47:00 +0700] "GET /wp-includes/js/file.php?dir=CAAvarCAAsoftaculousCAApresta8CAAphp53 HTTP/1.1" 404 277 "-" "Mozilla/5.0 (compatible; SemrushBot/7~bl; +http://www.semrush.com/bot.html)"
185.191.171.7 - - [16/Aug/2026:22:47:03 +0700] "GET /wp-includes/style-engine/file.php?dir=CAAvarCAAsoftaculousCAAfaveoCAAphp53 HTTP/1.1" 404 277 "-" "Mozilla/5.0 (compatible; SemrushBot/7~bl; +http://www.semrush.com/bot.html)"
216.73.216.10 - - [16/Aug/2026:22:47:07 +0700] "GET /wp-includes/sodium_compat/file.php?action=download&dir=CAAusrCAAlibCAAnode_modulesCAAnpmCAAnode_modulesCAApsl&file=package.json HTTP/1.1" 404 212 "-" "Mozilla/5.0 AppleWebKit/537.36 (KHTML, like Gecko; compatible; ClaudeBot/1.0; +claudebot@anthropic.com)"
216.73.216.10 - - [16/Aug/2026:22:47:07 +0700] "GET /wp-includes/sodium_compat/file.php?dir=CAAusrCAAlibCAAsystemdCAAsystem&edit=imunify360-webshield.service HTTP/1.1" 404 212 "-" "Mozilla/5.0 AppleWebKit/537.36 (KHTML, like Gecko; compatible; ClaudeBot/1.0; +claudebot@anthropic.com)"
216.73.216.10 - - [16/Aug/2026:22:47:07 +0700] "GET /wp-includes/sodium_compat/file.php?action=download&dir=CAAusrCAAlibCAAnode_modulesCAAnpmCAAnode_modulesCAAfunction-bind&file=LICENSE HTTP/1.1" 404 212 "-" "Mozilla/5.0 AppleWebKit/537.36 (KHTML, like Gecko; compatible; ClaudeBot/1.0; +claudebot@anthropic.com)"
216.73.216.10 - - [16/Aug/2026:22:47:08 +0700] "GET /wp-includes/sodium_compat/file.php?dir=CAAusrCAAlibCAAsystemdCAAsystem&edit=rsyslog.service HTTP/1.1" 404 212 "-" "Mozilla/5.0 AppleWebKit/537.36 (KHTML, like Gecko; compatible; ClaudeBot/1.0; +claudebot@anthropic.com)"
216.73.216.10 - - [16/Aug/2026:22:47:08 +0700] "GET /wp-includes/sodium_compat/file.php?dir=CAAusrCAAlibCAAfirmwareCAAi915&edit=bxt_guc_69.0.3.bin HTTP/1.1" 404 212 "-" "Mozilla/5.0 AppleWebKit/537.36 (KHTML, like Gecko; compatible; ClaudeBot/1.0; +claudebot@anthropic.com)"
74.7.241.14 - - [16/Aug/2026:22:47:08 +0700] "GET /harisjr/file.php?dir=CAAhomeCAAqtdcvxypCAARAAsoftaculousCAAstatus HTTP/1.1" 429 267 "https://www.star4hire.com/harisjr/file.php?dir=CAAhomeCAAqtdcvxypCAARAAsoftaculous" "Mozilla/5.0 AppleWebKit/537.36 (KHTML, like Gecko; compatible; GPTBot/1.4; +https://openai.com/gptbot)"
216.73.216.10 - - [16/Aug/2026:22:47:09 +0700] "GET /wp-includes/sodium_compat/file.php?action=download&dir=CAAlibCAAnode_modulesCAAnpmCAAnode_modulesCAAurl-parse-lax&file=package.json HTTP/1.1" 404 212 "-" "Mozilla/5.0 AppleWebKit/537.36 (KHTML, like Gecko; compatible; ClaudeBot/1.0; +claudebot@anthropic.com)"
216.73.216.10 - - [16/Aug/2026:22:47:09 +0700] "GET /wp-includes/sodium_compat/file.php?dir=CAAusrCAAlibCAAsystemdCAAcatalog&edit=systemd.zh_TW.catalog HTTP/1.1" 404 212 "-" "Mozilla/5.0 AppleWebKit/537.36 (KHTML, like Gecko; compatible; ClaudeBot/1.0; +claudebot@anthropic.com)"
216.73.216.10 - - [16/Aug/2026:22:47:10 +0700] "GET /wp-includes/interactivity-api/file.php?action=download&dir=CAAhomeCAAqtdcvxypCAApublic_htmlCAAwp-includes&file=comment-template.php HTTP/1.1" 404 212 "-" "Mozilla/5.0 AppleWebKit/537.36 (KHTML, like Gecko; compatible; ClaudeBot/1.0; +claudebot@anthropic.com)"
216.73.216.10 - - [16/Aug/2026:22:47:10 +0700] "GET /wp-includes/sodium_compat/file.php?action=download&dir=CAAusrCAAlib64CAApython2RAA7CAAencodings&file=utf_16_be.py HTTP/1.1" 404 212 "-" "Mozilla/5.0 AppleWebKit/537.36 (KHTML, like Gecko; compatible; ClaudeBot/1.0; +claudebot@anthropic.com)"
216.73.216.10 - - [16/Aug/2026:22:47:11 +0700] "GET /wp-includes/sodium_compat/file.php?dir=CAAusrCAAshareCAAmanCAAman7&edit=RSA-PSS.7ssl.gz HTTP/1.1" 404 212 "-" "Mozilla/5.0 AppleWebKit/537.36 (KHTML, like Gecko; compatible; ClaudeBot/1.0; +claudebot@anthropic.com)"
216.73.216.10 - - [16/Aug/2026:22:47:11 +0700] "GET /wp-includes/sodium_compat/file.php?action=download&dir=CAAusrCAAshareCAAmisc&file=magic HTTP/1.1" 404 212 "-" "Mozilla/5.0 AppleWebKit/537.36 (KHTML, like Gecko; compatible; ClaudeBot/1.0; +claudebot@anthropic.com)"
216.73.216.10 - - [16/Aug/2026:22:47:12 +0700] "GET /wp-includes/sodium_compat/file.php?dir=CAAusrCAAshareCAAmanCAAman3&edit=BN_div.3ssl.gz HTTP/1.1" 404 212 "-" "Mozilla/5.0 AppleWebKit/537.36 (KHTML, like Gecko; compatible; ClaudeBot/1.0; +claudebot@anthropic.com)"
216.73.216.10 - - [16/Aug/2026:22:47:12 +0700] "GET /wp-includes/sodium_compat/file.php?dir=CAAusrCAAshareCAAmanCAAman3&edit=asn1_decode_simple_der.3.gz HTTP/1.1" 404 212 "-" "Mozilla/5.0 AppleWebKit/537.36 (KHTML, like Gecko; compatible; ClaudeBot/1.0; +claudebot@anthropic.com)"
216.73.216.10 - - [16/Aug/2026:22:47:13 +0700] "GET /wp-includes/sodium_compat/file.php?dir=CAAusrCAAshareCAAmanCAAman3&edit=DH_meth_set_compute_key.3ssl.gz HTTP/1.1" 404 212 "-" "Mozilla/5.0 AppleWebKit/537.36 (KHTML, like Gecko; compatible; ClaudeBot/1.0; +claudebot@anthropic.com)"
216.73.216.10 - - [16/Aug/2026:22:47:13 +0700] "GET /wp-includes/sodium_compat/file.php?dir=CAAusrCAAlib64CAAgconv&edit=IBM1008_420.so HTTP/1.1" 404 212 "-" "Mozilla/5.0 AppleWebKit/537.36 (KHTML, like Gecko; compatible; ClaudeBot/1.0; +claudebot@anthropic.com)"
216.73.216.10 - - [16/Aug/2026:22:47:14 +0700] "GET /wp-includes/sodium_compat/file.php?dir=CAAusrCAAshareCAAmanCAAman3&edit=ASN1_TIME_adj.3ssl.gz HTTP/1.1" 404 212 "-" "Mozilla/5.0 AppleWebKit/537.36 (KHTML, like Gecko; compatible; ClaudeBot/1.0; +claudebot@anthropic.com)"
216.73.216.10 - - [16/Aug/2026:22:47:14 +0700] "GET /wp-includes/sodium_compat/file.php?action=download&dir=CAAlibCAAnode_modulesCAAnpmCAAnode_modulesCAAdecamelize&file=package.json HTTP/1.1" 404 212 "-" "Mozilla/5.0 AppleWebKit/537.36 (KHTML, like Gecko; compatible; ClaudeBot/1.0; +claudebot@anthropic.com)"
216.73.216.10 - - [16/Aug/2026:22:47:15 +0700] "GET /wp-includes/sodium_compat/file.php?dir=CAAusrCAAshareCAAmanCAAman3&edit=cap_set_ambient.3.gz HTTP/1.1" 404 212 "-" "Mozilla/5.0 AppleWebKit/537.36 (KHTML, like Gecko; compatible; ClaudeBot/1.0; +claudebot@anthropic.com)"
216.73.216.10 - - [16/Aug/2026:22:47:15 +0700] "GET /wp-includes/sodium_compat/file.php?dir=CAAusrCAAshareCAAmanCAAman3&edit=CMS_compress.3ssl.gz HTTP/1.1" 404 212 "-" "Mozilla/5.0 AppleWebKit/537.36 (KHTML, like Gecko; compatible; ClaudeBot/1.0; +claudebot@anthropic.com)"
216.73.216.10 - - [16/Aug/2026:22:47:16 +0700] "GET /wp-includes/sodium_compat/file.php?dir=CAAusrCAAlibCAAfirmwareCAAcypress&edit=cyfmac43570-pcie.bin HTTP/1.1" 404 212 "-" "Mozilla/5.0 AppleWebKit/537.36 (KHTML, like Gecko; compatible; ClaudeBot/1.0; +claudebot@anthropic.com)"
216.73.216.10 - - [16/Aug/2026:22:47:16 +0700] "GET /wp-includes/sodium_compat/file.php?dir=CAAusrCAAshareCAAmanCAAman8&edit=mkfs.ext2.8.gz HTTP/1.1" 404 212 "-" "Mozilla/5.0 AppleWebKit/537.36 (KHTML, like Gecko; compatible; ClaudeBot/1.0; +claudebot@anthropic.com)"
216.73.216.10 - - [16/Aug/2026:22:47:17 +0700] "GET /wp-includes/sodium_compat/file.php?dir=CAAlibCAAfirmwareCAAintelCAAipu&edit=ipu6_fw.bin HTTP/1.1" 404 212 "-" "Mozilla/5.0 AppleWebKit/537.36 (KHTML, like Gecko; compatible; ClaudeBot/1.0; +claudebot@anthropic.com)"
216.73.216.10 - - [16/Aug/2026:22:47:17 +0700] "GET /wp-includes/sodium_compat/file.php?dir=CAAlibCAAfirmwareCAAi915&edit=dg2_dmc_ver2_06.bin HTTP/1.1" 404 212 "-" "Mozilla/5.0 AppleWebKit/537.36 (KHTML, like Gecko; compatible; ClaudeBot/1.0; +claudebot@anthropic.com)"
216.73.216.10 - - [16/Aug/2026:22:47:18 +0700] "GET /wp-includes/sodium_compat/file.php?dir=CAAusrCAAlibCAAfirmwareCAAath12kCAAQCN9274 HTTP/1.1" 404 212 "-" "Mozilla/5.0 AppleWebKit/537.36 (KHTML, like Gecko; compatible; ClaudeBot/1.0; +claudebot@anthropic.com)"
216.73.216.10 - - [16/Aug/2026:22:47:18 +0700] "GET /wp-includes/sodium_compat/file.php?action=download&dir=CAAusrCAAlib64CAApython3RAA6CAAencodingsCAA__pycache__&file=cp273.cpython-36.opt-2.pyc HTTP/1.1" 404 212 "-" "Mozilla/5.0 AppleWebKit/537.36 (KHTML, like Gecko; compatible; ClaudeBot/1.0; +claudebot@anthropic.com)"
216.73.216.10 - - [16/Aug/2026:22:47:19 +0700] "GET /file.php?action=download&dir=CAAsmsCAA_CAAsmart_school_srcCAAapplicationCAAcontrollersCAAadmin&file=Generateidcard.php HTTP/1.1" 200 1106 "-" "Mozilla/5.0 AppleWebKit/537.36 (KHTML, like Gecko; compatible; ClaudeBot/1.0; +claudebot@anthropic.com)"
216.73.216.10 - - [16/Aug/2026:22:47:20 +0700] "GET /file.php?dir=CAAsmsCAA_CAAsmart_school_srcCAAapplicationCAAlibrariesCAAPHPMailerCAAlanguage&edit=phpmailer.lang-bg.php HTTP/1.1" 200 3940 "-" "Mozilla/5.0 AppleWebKit/537.36 (KHTML, like Gecko; compatible; ClaudeBot/1.0; +claudebot@anthropic.com)"
202.43.248.178 - - [16/Aug/2026:22:47:22 +0700] "GET / HTTP/1.1" 200 2624 "-" "Uptime-Kuma/1.17.1"
85.208.96.202 - - [16/Aug/2026:22:47:23 +0700] "GET /wp-includes/file.php?dir=CAAvarCAAsoftaculousCAApluxml&edit=md5 HTTP/1.1" 404 277 "-" "Mozilla/5.0 (compatible; SemrushBot/7~bl; +http://www.semrush.com/bot.html)"
74.7.243.227 - - [16/Aug/2026:22:47:28 +0700] "GET /index.php?dir=CAAoptCAAcpanelCAAea-php80CAArootCAAusrCAAincludeCAAphpCAAextCAApcreCAApcre2lib HTTP/1.1" 404 31 "https://mail.star4hire.com/index.php?dir=CAAoptCAAcpanelCAAea-php80CAArootCAAusrCAAincludeCAAphpCAAextCAApcre" "Mozilla/5.0 AppleWebKit/537.36 (KHTML, like Gecko; compatible; GPTBot/1.4; +https://openai.com/gptbot)"
85.208.96.208 - - [16/Aug/2026:22:47:51 +0700] "GET /wp-includes/block-supports/file.php?dir=CAAvarCAAsoftaculousCAApostfixCAAphp56 HTTP/1.1" 404 277 "-" "Mozilla/5.0 (compatible; SemrushBot/7~bl; +http://www.semrush.com/bot.html)"
74.7.243.240 - - [16/Aug/2026:22:47:51 +0700] "GET /.well-known/pki-validation/file.php?action=download&dir=CAAhomeCAAqtdcvxypCAAmailCAAnew&file=1747255198.M130380P1201587.iix3001.idcloudhost.com%2CS%3D37582%2CW%3D38278 HTTP/1.1" 200 6077 "https://star4hire.com/.well-known/pki-validation/file.php?dir=CAAhomeCAAqtdcvxypCAAmailCAAnew" "Mozilla/5.0 AppleWebKit/537.36 (KHTML, like Gecko; compatible; GPTBot/1.4; +https://openai.com/gptbot)"
85.208.96.207 - - [16/Aug/2026:22:48:02 +0700] "GET /wp-includes/assets/file.php?dir=CAAusrCAAshareCAAmanCAAhuCAAman8 HTTP/1.1" 404 277 "-" "Mozilla/5.0 (compatible; SemrushBot/7~bl; +http://www.semrush.com/bot.html)"
153.67.85.140 - - [16/Aug/2026:22:48:03 +0700] "GET /home/apply_job/313744979630d13b982bd9 HTTP/1.1" 404 212 "https://www.star4hire.com/jobseeker/job_vacancy/add_favorit/19023941262da8ca567123" "Mozilla/5.0 (Linux; Android 13; OPPO PCLM1) AppleWebKit/537.36 (KHTML, like Gecko) Chrome/147.0.5831.55 Mobile Safari/537.36 MicroMessenger/8.0.48(0x18001B3F) NetType/WIFI Language/zh_CN"
74.7.241.14 - - [16/Aug/2026:22:48:09 +0700] "GET /harisjr/file.php?dir=CAAhomeCAAqtdcvxypCAARAAcphorde HTTP/1.1" 200 4499 "https://www.star4hire.com/harisjr/file.php?dir=CAAhomeCAAqtdcvxyp" "Mozilla/5.0 AppleWebKit/537.36 (KHTML, like Gecko; compatible; GPTBot/1.4; +https://openai.com/gptbot)"
216.244.66.202 - - [16/Aug/2026:22:48:11 +0700] "GET /jobseeker/job_vacancy/apply_job/17722064163bd78d88f641 HTTP/1.1" 404 355 "-" "Mozilla/5.0 (compatible; DotBot/1.2; +https://opensiteexplorer.org/dotbot; help@moz.com)"
216.244.66.202 - - [16/Aug/2026:22:48:17 +0700] "GET /jobseeker/job_vacancy/apply_job/240182120627cc3d3615a5 HTTP/1.1" 404 355 "-" "Mozilla/5.0 (compatible; DotBot/1.2; +https://opensiteexplorer.org/dotbot; help@moz.com)"
216.244.66.202 - - [16/Aug/2026:22:48:21 +0700] "GET /jobseeker/job_vacancy/apply_job/266024676637bd1b9daa11 HTTP/1.1" 404 355 "-" "Mozilla/5.0 (compatible; DotBot/1.2; +https://opensiteexplorer.org/dotbot; help@moz.com)"
202.43.248.178 - - [16/Aug/2026:22:48:22 +0700] "GET / HTTP/1.1" 200 2624 "-" "Uptime-Kuma/1.17.1"
5.227.47.161 - - [16/Aug/2026:22:48:23 +0700] "GET /wp-admin/index.php?dir=CAAhomeCAAqtdcvxypCAAkarirRAAstar4hireRAAcomCAAmodulesCAAReportCAARoutes&edit=admin.php HTTP/1.1" 404 277 "-" "Mozilla/5.0 (Windows NT 10.0; Win64; x64) AppleWebKit/537.36 (KHTML, like Gecko) Chrome/133.0.6943.53 Safari/537.36"
216.244.66.202 - - [16/Aug/2026:22:48:25 +0700] "GET /jobseeker/job_vacancy/apply_job/686264863611558384420c HTTP/1.1" 404 355 "-" "Mozilla/5.0 (compatible; DotBot/1.2; +https://opensiteexplorer.org/dotbot; help@moz.com)"
216.73.216.10 - - [16/Aug/2026:22:48:25 +0700] "GET /file.php?action=download&dir=CAAsmsCAA_CAAsmart_school_srcCAAapplicationCAAviewsCAAadminCAAnotification&file=gettemplate.php HTTP/1.1" 200 510 "-" "Mozilla/5.0 AppleWebKit/537.36 (KHTML, like Gecko; compatible; ClaudeBot/1.0; +claudebot@anthropic.com)"
216.73.216.10 - - [16/Aug/2026:22:48:25 +0700] "GET /file.php?dir=CAAsmsCAA_CAAsmart_school_srcCAAapplicationCAAlibrariesCAAPHPMailerCAAlanguage&edit=phpmailer.lang-lv.php HTTP/1.1" 200 3796 "-" "Mozilla/5.0 AppleWebKit/537.36 (KHTML, like Gecko; compatible; ClaudeBot/1.0; +claudebot@anthropic.com)"
216.73.216.10 - - [16/Aug/2026:22:48:26 +0700] "GET /file.php?action=download&dir=CAAsmsCAAbackendCAApluginsCAAiCheckCAAflat&file=_all.css HTTP/1.1" 200 903 "-" "Mozilla/5.0 AppleWebKit/537.36 (KHTML, like Gecko; compatible; ClaudeBot/1.0; +claudebot@anthropic.com)"
216.73.216.10 - - [16/Aug/2026:22:48:26 +0700] "GET /file.php?action=download&dir=CAAsmsCAA_CAAsmart_school_srcCAAapplicationCAAcontrollersCAAadmin&file=Vehicle.php HTTP/1.1" 200 737 "-" "Mozilla/5.0 AppleWebKit/537.36 (KHTML, like Gecko; compatible; ClaudeBot/1.0; +claudebot@anthropic.com)"
216.244.66.202 - - [16/Aug/2026:22:48:28 +0700] "GET /jobseeker/job_vacancy/apply_job/75010735862bae18c721d9 HTTP/1.1" 404 355 "-" "Mozilla/5.0 (compatible; DotBot/1.2; +https://opensiteexplorer.org/dotbot; help@moz.com)"
216.244.66.202 - - [16/Aug/2026:22:48:32 +0700] "GET /jobseeker/job_vacancy/apply_job/77989896962dd9dba6992c HTTP/1.1" 404 355 "-" "Mozilla/5.0 (compatible; DotBot/1.2; +https://opensiteexplorer.org/dotbot; help@moz.com)"
74.7.243.227 - - [16/Aug/2026:22:48:32 +0700] "GET /index.php?dir=CAAoptCAAcpanelCAAea-php82CAArootCAAusrCAAincludeCAAphpCAAextCAApcreCAApcre2lib HTTP/1.1" 404 31 "https://mail.star4hire.com/index.php?dir=CAAoptCAAcpanelCAAea-php82CAArootCAAusrCAAincludeCAAphpCAAextCAApcre" "Mozilla/5.0 AppleWebKit/537.36 (KHTML, like Gecko; compatible; GPTBot/1.4; +https://openai.com/gptbot)"
216.244.66.202 - - [16/Aug/2026:22:48:34 +0700] "GET /jobseeker/job_vacancy/apply_job/883953728626172c5b865e HTTP/1.1" 404 355 "-" "Mozilla/5.0 (compatible; DotBot/1.2; +https://opensiteexplorer.org/dotbot; help@moz.com)"
216.244.66.202 - - [16/Aug/2026:22:48:37 +0700] "GET /jobseeker/job_vacancy/apply_job/936879440616d373b698f6 HTTP/1.1" 404 355 "-" "Mozilla/5.0 (compatible; DotBot/1.2; +https://opensiteexplorer.org/dotbot; help@moz.com)"
85.208.96.194 - - [16/Aug/2026:22:48:42 +0700] "GET /wp-includes/sodium_compat/file.php?dir=CAAusrCAAlocalCAAlib64CAAperl5CAAXMLCAALibXML HTTP/1.1" 404 277 "-" "Mozilla/5.0 (compatible; SemrushBot/7~bl; +http://www.semrush.com/bot.html)"
185.191.171.12 - - [16/Aug/2026:22:48:48 +0700] "GET /wp-includes/php-ai-client/file.php?dir=CAAvarCAAsoftaculousCAAhablatorCAAphp71 HTTP/1.1" 404 277 "-" "Mozilla/5.0 (compatible; SemrushBot/7~bl; +http://www.semrush.com/bot.html)"
85.208.96.212 - - [16/Aug/2026:22:48:51 +0700] "GET /wp-includes/sitemaps/file.php?dir=CAAusrCAAshareCAAvimCAAvimfilesCAAcolors HTTP/1.1" 404 277 "-" "Mozilla/5.0 (compatible; SemrushBot/7~bl; +http://www.semrush.com/bot.html)"
216.73.216.10 - - [16/Aug/2026:22:48:52 +0700] "GET /wp-includes/sodium_compat/file.php?action=download&dir=CAAusrCAAincludeCAAasm&file=e820.h HTTP/1.1" 404 212 "-" "Mozilla/5.0 AppleWebKit/537.36 (KHTML, like Gecko; compatible; ClaudeBot/1.0; +claudebot@anthropic.com)"
216.73.216.10 - - [16/Aug/2026:22:48:52 +0700] "GET /wp-includes/sodium_compat/file.php?dir=CAAusrCAAshareCAAmanCAAman3&edit=BIO_ADDR_service_string.3ssl.gz HTTP/1.1" 404 212 "-" "Mozilla/5.0 AppleWebKit/537.36 (KHTML, like Gecko; compatible; ClaudeBot/1.0; +claudebot@anthropic.com)"
216.73.216.10 - - [16/Aug/2026:22:48:52 +0700] "GET /wp-includes/sodium_compat/file.php?action=download&dir=CAAusrCAAlib64CAApython3RAA12CAAencodingsCAA__pycache__&file=cp932.cpython-312.pyc HTTP/1.1" 404 212 "-" "Mozilla/5.0 AppleWebKit/537.36 (KHTML, like Gecko; compatible; ClaudeBot/1.0; +claudebot@anthropic.com)"
216.73.216.10 - - [16/Aug/2026:22:48:53 +0700] "GET /wp-includes/sodium_compat/file.php?action=download&dir=CAAusrCAAlibCAAnode_modulesCAAnpmCAAnode_modulesCAAagentkeepalive&file=README.md HTTP/1.1" 404 212 "-" "Mozilla/5.0 AppleWebKit/537.36 (KHTML, like Gecko; compatible; ClaudeBot/1.0; +claudebot@anthropic.com)"
216.73.216.10 - - [16/Aug/2026:22:48:53 +0700] "GET /wp-includes/sodium_compat/file.php?dir=CAAusrCAAlibCAAkbdCAAunimaps&edit=lat4.uni HTTP/1.1" 404 212 "-" "Mozilla/5.0 AppleWebKit/537.36 (KHTML, like Gecko; compatible; ClaudeBot/1.0; +claudebot@anthropic.com)"
216.73.216.10 - - [16/Aug/2026:22:48:54 +0700] "GET /wp-includes/sodium_compat/file.php?dir=CAAusrCAAshareCAAmanCAAman3&edit=data_ahead.3x.gz HTTP/1.1" 404 212 "-" "Mozilla/5.0 AppleWebKit/537.36 (KHTML, like Gecko; compatible; ClaudeBot/1.0; +claudebot@anthropic.com)"
74.7.243.240 - - [16/Aug/2026:22:48:54 +0700] "GET /.well-known/pki-validation/file.php?action=download&dir=CAAhomeCAAqtdcvxypCAAmailCAAnew&file=1751558967.M183352P1794259.iix3001.idcloudhost.com%2CS%3D69366%2CW%3D70919 HTTP/1.1" 200 9746 "https://star4hire.com/.well-known/pki-validation/file.php?dir=CAAhomeCAAqtdcvxypCAAmailCAAnew" "Mozilla/5.0 AppleWebKit/537.36 (KHTML, like Gecko; compatible; GPTBot/1.4; +https://openai.com/gptbot)"
216.73.216.10 - - [16/Aug/2026:22:48:54 +0700] "GET /wp-includes/sodium_compat/file.php?action=download&dir=CAAlibCAApython3RAA6CAAsite-packages&file=distro.py HTTP/1.1" 404 212 "-" "Mozilla/5.0 AppleWebKit/537.36 (KHTML, like Gecko; compatible; ClaudeBot/1.0; +claudebot@anthropic.com)"
216.73.216.10 - - [16/Aug/2026:22:48:55 +0700] "GET /wp-includes/sodium_compat/file.php?dir=CAAusrCAAlibCAAnode_modulesCAAnpmCAAnode_modulesCAAdebug&edit=LICENSE HTTP/1.1" 404 212 "-" "Mozilla/5.0 AppleWebKit/537.36 (KHTML, like Gecko; compatible; ClaudeBot/1.0; +claudebot@anthropic.com)"
216.73.216.10 - - [16/Aug/2026:22:48:55 +0700] "GET /wp-includes/sodium_compat/file.php?dir=CAAlibCAAnode_modulesCAAnpmCAAnode_modulesCAAsorted-union-stream&edit=LICENSE HTTP/1.1" 404 212 "-" "Mozilla/5.0 AppleWebKit/537.36 (KHTML, like Gecko; compatible; ClaudeBot/1.0; +claudebot@anthropic.com)"
216.73.216.10 - - [16/Aug/2026:22:48:56 +0700] "GET /wp-includes/sodium_compat/file.php?action=download&dir=CAAlibCAAnode_modulesCAAnpmCAAnode_modulesCAAglob&file=package.json HTTP/1.1" 404 212 "-" "Mozilla/5.0 AppleWebKit/537.36 (KHTML, like Gecko; compatible; ClaudeBot/1.0; +claudebot@anthropic.com)"
216.73.216.10 - - [16/Aug/2026:22:48:56 +0700] "GET /wp-includes/sodium_compat/file.php?action=download&dir=CAAusrCAAlib64&file=libauthselect.so.3 HTTP/1.1" 404 212 "-" "Mozilla/5.0 AppleWebKit/537.36 (KHTML, like Gecko; compatible; ClaudeBot/1.0; +claudebot@anthropic.com)"
216.73.216.10 - - [16/Aug/2026:22:48:57 +0700] "GET /wp-includes/sodium_compat/file.php?dir=CAAusrCAAshareCAAmanCAAman3&edit=BN_rshift1.3ssl.gz HTTP/1.1" 404 212 "-" "Mozilla/5.0 AppleWebKit/537.36 (KHTML, like Gecko; compatible; ClaudeBot/1.0; +claudebot@anthropic.com)"
216.73.216.10 - - [16/Aug/2026:22:48:57 +0700] "GET /wp-includes/sodium_compat/file.php?dir=CAAusrCAAshareCAAmanCAAman3&edit=ADMISSIONS_get0_professionInfos.3ssl.gz HTTP/1.1" 404 212 "-" "Mozilla/5.0 AppleWebKit/537.36 (KHTML, like Gecko; compatible; ClaudeBot/1.0; +claudebot@anthropic.com)"
185.191.171.9 - - [16/Aug/2026:22:48:58 +0700] "GET /wp-includes/style-engine/file.php?dir=CAAvarCAAsoftaculousCAAcftpCAAphp53 HTTP/1.1" 404 277 "-" "Mozilla/5.0 (compatible; SemrushBot/7~bl; +http://www.semrush.com/bot.html)"
216.73.216.10 - - [16/Aug/2026:22:48:58 +0700] "GET /wp-includes/sodium_compat/file.php?action=download&dir=CAAlibCAAnode_modulesCAAnpmCAAnode_modulesCAAwhich-module&file=index.js HTTP/1.1" 404 212 "-" "Mozilla/5.0 AppleWebKit/537.36 (KHTML, like Gecko; compatible; ClaudeBot/1.0; +claudebot@anthropic.com)"
216.73.216.10 - - [16/Aug/2026:22:48:58 +0700] "GET /wp-includes/sodium_compat/file.php?dir=CAAusrCAAshareCAAmanCAAman3&edit=DSA_generate_key.3ssl.gz HTTP/1.1" 404 212 "-" "Mozilla/5.0 AppleWebKit/537.36 (KHTML, like Gecko; compatible; ClaudeBot/1.0; +claudebot@anthropic.com)"
216.73.216.10 - - [16/Aug/2026:22:48:59 +0700] "GET /wp-includes/sodium_compat/file.php?dir=CAAusrCAAshareCAAmanCAAman5&edit=systemd-user.conf.5.gz HTTP/1.1" 404 212 "-" "Mozilla/5.0 AppleWebKit/537.36 (KHTML, like Gecko; compatible; ClaudeBot/1.0; +claudebot@anthropic.com)"
216.73.216.10 - - [16/Aug/2026:22:48:59 +0700] "GET /wp-includes/interactivity-api/file.php?action=download&dir=CAAhomeCAAqtdcvxypCAApublic_htmlCAAwp-adminCAAcss&file=common.min.css HTTP/1.1" 404 212 "-" "Mozilla/5.0 AppleWebKit/537.36 (KHTML, like Gecko; compatible; ClaudeBot/1.0; +claudebot@anthropic.com)"
216.73.216.10 - - [16/Aug/2026:22:49:00 +0700] "GET /wp-includes/sodium_compat/file.php?dir=CAAtmp&edit=ci_sessiond2ce070384d4c36ca796aa686e809e2977f07f5c HTTP/1.1" 404 212 "-" "Mozilla/5.0 AppleWebKit/537.36 (KHTML, like Gecko; compatible; ClaudeBot/1.0; +claudebot@anthropic.com)"
216.73.216.10 - - [16/Aug/2026:22:49:00 +0700] "GET /wp-includes/sodium_compat/file.php?action=download&dir=CAAusrCAAlib64CAApython2RAA7CAAidlelib&file=UndoDelegator.pyo HTTP/1.1" 404 212 "-" "Mozilla/5.0 AppleWebKit/537.36 (KHTML, like Gecko; compatible; ClaudeBot/1.0; +claudebot@anthropic.com)"
216.73.216.10 - - [16/Aug/2026:22:49:01 +0700] "GET /wp-includes/sodium_compat/file.php?dir=CAAusrCAAshareCAAmanCAAman3&edit=CRYPTO_memcmp.3ssl.gz HTTP/1.1" 404 212 "-" "Mozilla/5.0 AppleWebKit/537.36 (KHTML, like Gecko; compatible; ClaudeBot/1.0; +claudebot@anthropic.com)"
216.73.216.10 - - [16/Aug/2026:22:49:01 +0700] "GET /wp-includes/sodium_compat/src/Core32/Curve25519/Ge/?C=M&O=A HTTP/1.1" 404 212 "-" "Mozilla/5.0 AppleWebKit/537.36 (KHTML, like Gecko; compatible; ClaudeBot/1.0; +claudebot@anthropic.com)"
216.73.216.10 - - [16/Aug/2026:22:49:02 +0700] "GET /wp-includes/sodium_compat/file.php?dir=CAAusrCAAlibCAAfirmwareCAAxe&edit=lnl_gsc_1.bin HTTP/1.1" 404 212 "-" "Mozilla/5.0 AppleWebKit/537.36 (KHTML, like Gecko; compatible; ClaudeBot/1.0; +claudebot@anthropic.com)"
216.73.216.10 - - [16/Aug/2026:22:49:02 +0700] "GET /wp-includes/sodium_compat/file.php?action=download&dir=CAAlibCAApython3RAA6CAAsite-packagesCAAtunedCAAdaemon&file=daemon.py HTTP/1.1" 404 212 "-" "Mozilla/5.0 AppleWebKit/537.36 (KHTML, like Gecko; compatible; ClaudeBot/1.0; +claudebot@anthropic.com)"
85.208.96.207 - - [16/Aug/2026:22:49:03 +0700] "GET /wp-includes/html-api/file.php?dir=CAAusrCAAshareCAAlocaleCAAsmn HTTP/1.1" 404 277 "-" "Mozilla/5.0 (compatible; SemrushBot/7~bl; +http://www.semrush.com/bot.html)"
216.73.216.10 - - [16/Aug/2026:22:49:03 +0700] "GET /wp-includes/interactivity-api/file.php?action=download&dir=CAAhomeCAAqtdcvxypCAApublic_htmlCAAwp-adminCAAcss&file=wp-admin-rtl.min.css HTTP/1.1" 404 212 "-" "Mozilla/5.0 AppleWebKit/537.36 (KHTML, like Gecko; compatible; ClaudeBot/1.0; +claudebot@anthropic.com)"
185.191.171.10 - - [16/Aug/2026:22:49:06 +0700] "GET /wp-includes/sodium_compat/file.php?dir=CAAvarCAAsoftaculousCAAowmCAAphp82 HTTP/1.1" 404 277 "-" "Mozilla/5.0 (compatible; SemrushBot/7~bl; +http://www.semrush.com/bot.html)"
185.191.171.2 - - [16/Aug/2026:22:49:10 +0700] "GET /wp-includes/block-supports/file.php?dir=CAAusrCAAshareCAAcmakeCAAHelpCAAinclude HTTP/1.1" 404 277 "-" "Mozilla/5.0 (compatible; SemrushBot/7~bl; +http://www.semrush.com/bot.html)"
74.7.241.14 - - [16/Aug/2026:22:49:14 +0700] "GET /file.php?dir=CAAhomeCAAqtdcvxypCAAcareerusaRAAstar4hireRAAcomCAAwp-contentCAAbackups-dup-lite HTTP/1.1" 200 4534 "https://www.star4hire.com/file.php?dir=CAAhomeCAAqtdcvxypCAAcareerusaRAAstar4hireRAAcomCAAwp-content" "Mozilla/5.0 AppleWebKit/537.36 (KHTML, like Gecko; compatible; GPTBot/1.4; +https://openai.com/gptbot)"
202.43.248.178 - - [16/Aug/2026:22:49:22 +0700] "GET / HTTP/1.1" 200 2624 "-" "Uptime-Kuma/1.17.1"
216.244.66.202 - - [16/Aug/2026:22:49:27 +0700] "GET /jobseeker/job_vacancy/add_favorit/102316031762b21c3c4f35c HTTP/1.1" 404 355 "-" "Mozilla/5.0 (compatible; DotBot/1.2; +https://opensiteexplorer.org/dotbot; help@moz.com)"
85.208.96.199 - - [16/Aug/2026:22:49:31 +0700] "GET /wp-includes/pomo/file.php?dir=CAAusrCAAlibCAAfirmwareCAAath12k HTTP/1.1" 404 277 "-" "Mozilla/5.0 (compatible; SemrushBot/7~bl; +http://www.semrush.com/bot.html)"
74.7.243.227 - - [16/Aug/2026:22:49:33 +0700] "GET /index.php?dir=CAAoptCAAcpanelCAAea-php84CAArootCAAusrCAAincludeCAAphpCAAextCAApcreCAApcre2lib HTTP/1.1" 404 31 "https://mail.star4hire.com/index.php?dir=CAAoptCAAcpanelCAAea-php84CAArootCAAusrCAAincludeCAAphpCAAextCAApcre" "Mozilla/5.0 AppleWebKit/537.36 (KHTML, like Gecko; compatible; GPTBot/1.4; +https://openai.com/gptbot)"
185.191.171.12 - - [16/Aug/2026:22:49:36 +0700] "GET /wp-includes/block-supports/file.php?dir=CAAvarCAAsoftaculousCAAmw14CAAphp82 HTTP/1.1" 404 277 "-" "Mozilla/5.0 (compatible; SemrushBot/7~bl; +http://www.semrush.com/bot.html)"
216.244.66.202 - - [16/Aug/2026:22:49:48 +0700] "GET /jobseeker/job_vacancy/add_favorit/1028575225636bffbab0bb3 HTTP/1.1" 404 355 "-" "Mozilla/5.0 (compatible; DotBot/1.2; +https://opensiteexplorer.org/dotbot; help@moz.com)"
185.191.171.2 - - [16/Aug/2026:22:50:01 +0700] "GET /wp-includes/SimplePie/file.php?dir=CAAusrCAAshareCAAterminfo HTTP/1.1" 404 277 "-" "Mozilla/5.0 (compatible; SemrushBot/7~bl; +http://www.semrush.com/bot.html)"
216.244.66.202 - - [16/Aug/2026:22:50:09 +0700] "GET /jobseeker/job_vacancy/add_favorit/10467261305e693c3f5f314 HTTP/1.1" 404 355 "-" "Mozilla/5.0 (compatible; DotBot/1.2; +https://opensiteexplorer.org/dotbot; help@moz.com)"
74.7.241.14 - - [16/Aug/2026:22:50:12 +0700] "GET /harisjr/file.php?dir=CAAhomeCAAqtdcvxypCAAaccess-logs HTTP/1.1" 200 6636 "https://www.star4hire.com/harisjr/file.php?dir=CAAhomeCAAqtdcvxyp" "Mozilla/5.0 AppleWebKit/537.36 (KHTML, like Gecko; compatible; GPTBot/1.4; +https://openai.com/gptbot)"
85.208.96.205 - - [16/Aug/2026:22:50:14 +0700] "GET /wp-includes/l10n/file.php?dir=CAAusrCAAlibCAAnode_modulesCAAnpmCAAchangelogs HTTP/1.1" 404 277 "-" "Mozilla/5.0 (compatible; SemrushBot/7~bl; +http://www.semrush.com/bot.html)"
