74.7.241.14 - - [16/Aug/2026:21:53:44 +0700] "GET /file.php?dir=CAAvarCAAsoftaculousCAAmoodle29CAAphp71 HTTP/1.1" 200 4515 "https://www.star4hire.com/file.php?dir=CAAvarCAAsoftaculousCAAmoodle29" "Mozilla/5.0 AppleWebKit/537.36 (KHTML, like Gecko; compatible; GPTBot/1.4; +https://openai.com/gptbot)"
185.191.171.15 - - [16/Aug/2026:21:53:44 +0700] "GET /wp-includes/ID3/file.php?dir=CAAvarCAAsoftaculousCAAsnipeitCAAphp81 HTTP/1.1" 404 277 "-" "Mozilla/5.0 (compatible; SemrushBot/7~bl; +http://www.semrush.com/bot.html)"
185.191.171.11 - - [16/Aug/2026:21:53:47 +0700] "GET /wp-includes/sitemaps/file.php?dir=CAAusrCAAlib64CAApython2RAA7CAAlib2to3CAAfixes HTTP/1.1" 404 277 "-" "Mozilla/5.0 (compatible; SemrushBot/7~bl; +http://www.semrush.com/bot.html)"
74.7.243.240 - - [16/Aug/2026:21:53:47 +0700] "GET /.well-known/pki-validation/file.php?dir=CAAhomeCAAqtdcvxypCAAmailCAAnew&edit=1780666408.M46387P725379.iix3001.idcloudhost.com%2CS%3D2175%2CW%3D2217 HTTP/1.1" 200 3952 "https://star4hire.com/.well-known/pki-validation/file.php?dir=CAAhomeCAAqtdcvxypCAAmailCAAnew" "Mozilla/5.0 AppleWebKit/537.36 (KHTML, like Gecko; compatible; GPTBot/1.4; +https://openai.com/gptbot)"
74.7.243.227 - - [16/Aug/2026:21:53:53 +0700] "GET /index.php?dir=CAAhomeCAAqtdcvxypCAAcareerusaRAAstar4hireRAAcomCAAwp-contentCAApluginsCAAall-in-one-seo-packCAAappCAALiteCAAOptions&edit=Options.php HTTP/1.1" 404 31 "https://mail.star4hire.com/index.php?dir=CAAhomeCAAqtdcvxypCAAcareerusaRAAstar4hireRAAcomCAAwp-contentCAApluginsCAAall-in-one-seo-packCAAappCAALiteCAAOptions" "Mozilla/5.0 AppleWebKit/537.36 (KHTML, like Gecko; compatible; GPTBot/1.4; +https://openai.com/gptbot)"
85.208.96.208 - - [16/Aug/2026:21:53:57 +0700] "GET /wp-includes/php-ai-client/file.php?dir=CAAusrCAAshareCAAlocaleCAAso HTTP/1.1" 404 277 "-" "Mozilla/5.0 (compatible; SemrushBot/7~bl; +http://www.semrush.com/bot.html)"
74.7.241.14 - - [16/Aug/2026:21:54:09 +0700] "GET /file.php?dir=CAAvarCAAsoftaculousCAAmoodle50CAAphp56 HTTP/1.1" 200 4565 "https://www.star4hire.com/file.php?dir=CAAvarCAAsoftaculousCAAmoodle50" "Mozilla/5.0 AppleWebKit/537.36 (KHTML, like Gecko; compatible; GPTBot/1.4; +https://openai.com/gptbot)"
74.7.243.240 - - [16/Aug/2026:21:54:11 +0700] "GET /.well-known/pki-validation/=3D%22https:/mcusercontent.com/a427328bc9fc2657270f66f87/images/3d3d9245-6e= HTTP/1.1" 404 212 "https://star4hire.com/.well-known/pki-validation/file.php?action=download&dir=CAAhomeCAAqtdcvxypCAAmailCAAnew&file=1771516185.M450622P1605633.iix3001.idcloudhost.com%2CS%3D66456%2CW%3D67940" "Mozilla/5.0 AppleWebKit/537.36 (KHTML, like Gecko; compatible; GPTBot/1.4; +https://openai.com/gptbot)"
85.208.96.208 - - [16/Aug/2026:21:54:14 +0700] "GET /wp-includes/customize/file.php?dir=CAAvarCAAsoftaculousCAAmyadmin49 HTTP/1.1" 404 277 "-" "Mozilla/5.0 (compatible; SemrushBot/7~bl; +http://www.semrush.com/bot.html)"
202.43.248.178 - - [16/Aug/2026:21:54:17 +0700] "GET / HTTP/1.1" 200 2624 "-" "Uptime-Kuma/1.17.1"
85.208.96.196 - - [16/Aug/2026:21:54:18 +0700] "GET /wp-includes/file.php?dir=CAAusrCAAlib64CAApkgconfig&edit=fontutil.pc HTTP/1.1" 404 277 "-" "Mozilla/5.0 (compatible; SemrushBot/7~bl; +http://www.semrush.com/bot.html)"
185.191.171.15 - - [16/Aug/2026:21:54:24 +0700] "GET /wp-includes/Text/file.php?dir=CAAhomeCAAqtdcvxypCAAlscacheCAA7CAAbCAA1 HTTP/1.1" 404 277 "-" "Mozilla/5.0 (compatible; SemrushBot/7~bl; +http://www.semrush.com/bot.html)"
74.7.241.14 - - [16/Aug/2026:21:54:31 +0700] "GET /file.php?dir=CAAvarCAAsoftaculousCAAmoodle39CAAphp53 HTTP/1.1" 200 4567 "https://www.star4hire.com/file.php?dir=CAAvarCAAsoftaculousCAAmoodle39" "Mozilla/5.0 AppleWebKit/537.36 (KHTML, like Gecko; compatible; GPTBot/1.4; +https://openai.com/gptbot)"
185.191.171.11 - - [16/Aug/2026:21:54:47 +0700] "GET /wp-includes/abilities-api/file.php?dir=CAAusrCAAshareCAAlocaleCAAzam HTTP/1.1" 404 277 "-" "Mozilla/5.0 (compatible; SemrushBot/7~bl; +http://www.semrush.com/bot.html)"
74.7.241.14 - - [16/Aug/2026:21:54:51 +0700] "GET /file.php?dir=CAAvarCAAsoftaculousCAAwhmcs82CAAphp82 HTTP/1.1" 200 4502 "https://www.star4hire.com/file.php?dir=CAAvarCAAsoftaculousCAAwhmcs82" "Mozilla/5.0 AppleWebKit/537.36 (KHTML, like Gecko; compatible; GPTBot/1.4; +https://openai.com/gptbot)"
74.7.243.227 - - [16/Aug/2026:21:54:57 +0700] "GET /index.php?dir=CAAhomeCAAqtdcvxypCAAkarirRAAstar4hireRAAcomCAAvendorCAAspatieCAAflare-client-phpCAAsrcCAATruncation&edit=TrimStackFrameArgumentsStrategy.php HTTP/1.1" 404 31 "https://mail.star4hire.com/index.php?dir=CAAhomeCAAqtdcvxypCAAkarirRAAstar4hireRAAcomCAAvendorCAAspatieCAAflare-client-phpCAAsrcCAATruncation" "Mozilla/5.0 AppleWebKit/537.36 (KHTML, like Gecko; compatible; GPTBot/1.4; +https://openai.com/gptbot)"
74.7.241.14 - - [16/Aug/2026:21:55:09 +0700] "GET /file.php?dir=CAAvarCAAsoftaculousCAAmoodle20CAAphp71 HTTP/1.1" 429 267 "https://www.star4hire.com/file.php?dir=CAAvarCAAsoftaculousCAAmoodle20" "Mozilla/5.0 AppleWebKit/537.36 (KHTML, like Gecko; compatible; GPTBot/1.4; +https://openai.com/gptbot)"
74.7.243.240 - - [16/Aug/2026:21:55:14 +0700] "GET /.well-known/pki-validation/file.php?action=download&dir=CAAhomeCAAqtdcvxypCAAmailCAAnew&file=1758046827.M464551P2673230.iix3001.idcloudhost.com%2CS%3D57968%2CW%3D59284 HTTP/1.1" 429 267 "https://star4hire.com/.well-known/pki-validation/file.php?dir=CAAhomeCAAqtdcvxypCAAmailCAAnew" "Mozilla/5.0 AppleWebKit/537.36 (KHTML, like Gecko; compatible; GPTBot/1.4; +https://openai.com/gptbot)"
202.43.248.178 - - [16/Aug/2026:21:55:17 +0700] "GET / HTTP/1.1" 200 2624 "-" "Uptime-Kuma/1.17.1"
85.208.96.208 - - [16/Aug/2026:21:55:20 +0700] "GET /wp-includes/customize/file.php?dir=CAAvarCAAsoftaculousCAAjoomla54CAAimages HTTP/1.1" 404 277 "-" "Mozilla/5.0 (compatible; SemrushBot/7~bl; +http://www.semrush.com/bot.html)"
74.7.241.14 - - [16/Aug/2026:21:55:25 +0700] "GET /file.php?dir=CAAvarCAAsoftaculousCAAmoodle27CAAphp81 HTTP/1.1" 429 267 "https://www.star4hire.com/file.php?dir=CAAvarCAAsoftaculousCAAmoodle27" "Mozilla/5.0 AppleWebKit/537.36 (KHTML, like Gecko; compatible; GPTBot/1.4; +https://openai.com/gptbot)"
185.191.171.2 - - [16/Aug/2026:21:55:32 +0700] "GET /wp-includes/js/file.php?dir=CAAvarCAAsoftaculousCAAwacartCAAphp56 HTTP/1.1" 404 277 "-" "Mozilla/5.0 (compatible; SemrushBot/7~bl; +http://www.semrush.com/bot.html)"
185.191.171.3 - - [16/Aug/2026:21:55:40 +0700] "GET /wp-includes/file.php?dir=CAAusrCAAincludeCAAlinux&edit=if_arcnet.h HTTP/1.1" 404 277 "-" "Mozilla/5.0 (compatible; SemrushBot/7~bl; +http://www.semrush.com/bot.html)"
185.191.171.3 - - [16/Aug/2026:21:55:45 +0700] "GET /.well-known/file.php?dir=CAAusrCAAlib64CAArubyCAAdigest&edit=md5.so HTTP/1.1" 200 6238 "-" "Mozilla/5.0 (compatible; SemrushBot/7~bl; +http://www.semrush.com/bot.html)"
216.73.216.10 - - [16/Aug/2026:21:55:53 +0700] "GET /file.php?dir=CAAsmsCAA_CAAsmart_school_srcCAAapplicationCAAcontrollersCAAuser&edit=Hostel.php HTTP/1.1" 200 3747 "-" "Mozilla/5.0 AppleWebKit/537.36 (KHTML, like Gecko; compatible; ClaudeBot/1.0; +claudebot@anthropic.com)"
216.73.216.10 - - [16/Aug/2026:21:55:56 +0700] "GET /file.php?dir=CAAsmsCAA_CAAsmart_school_srcCAAapplicationCAAviewsCAAadminCAAfeesforward HTTP/1.1" 200 4316 "-" "Mozilla/5.0 AppleWebKit/537.36 (KHTML, like Gecko; compatible; ClaudeBot/1.0; +claudebot@anthropic.com)"
74.7.243.227 - - [16/Aug/2026:21:55:58 +0700] "GET /index.php?dir=CAAhomeCAAqtdcvxypCAAdreamleapRAAstar4hireRAAcomCAAwp-contentCAApluginsCAAtutor-proCAAvendorCAAgoogleCAAauthCAAsrc&edit=SignBlobInterface.php HTTP/1.1" 429 267 "https://mail.star4hire.com/index.php?dir=CAAhomeCAAqtdcvxypCAAdreamleapRAAstar4hireRAAcomCAAwp-contentCAApluginsCAAtutor-proCAAvendorCAAgoogleCAAauthCAAsrc" "Mozilla/5.0 AppleWebKit/537.36 (KHTML, like Gecko; compatible; GPTBot/1.4; +https://openai.com/gptbot)"
185.191.171.11 - - [16/Aug/2026:21:56:11 +0700] "GET /wp-includes/ID3/file.php?dir=CAAvarCAAsoftaculousCAArealestateCAAphp56 HTTP/1.1" 404 277 "-" "Mozilla/5.0 (compatible; SemrushBot/7~bl; +http://www.semrush.com/bot.html)"
74.7.241.14 - - [16/Aug/2026:21:56:14 +0700] "GET /file.php?dir=CAAvarCAAsoftaculousCAAmoodle41CAAphp53 HTTP/1.1" 429 267 "https://www.star4hire.com/file.php?dir=CAAvarCAAsoftaculousCAAmoodle41" "Mozilla/5.0 AppleWebKit/537.36 (KHTML, like Gecko; compatible; GPTBot/1.4; +https://openai.com/gptbot)"
85.208.96.210 - - [16/Aug/2026:21:56:15 +0700] "GET /wp-includes/style-engine/file.php?dir=CAAvarCAAsoftaculousCAAwonder HTTP/1.1" 404 277 "-" "Mozilla/5.0 (compatible; SemrushBot/7~bl; +http://www.semrush.com/bot.html)"
202.43.248.178 - - [16/Aug/2026:21:56:18 +0700] "GET / HTTP/1.1" 200 2624 "-" "Uptime-Kuma/1.17.1"
41.142.220.231 - - [16/Aug/2026:21:56:26 +0700] "GET /index.php?action=download&file=class-smtp.php&dir=CAAhomeCAAqtdcvxypCAApublic_htmlCAAwp-includes HTTP/1.1" 404 31 "https://www.star4hire.com/index.php?dir=CAAhomeCAAqtdcvxypCAApublic_htmlCAAwp-includes" "Mozilla/5.0 (iPhone; CPU iPhone OS 18_4 like Mac OS X) AppleWebKit/605.1.15 (KHTML, like Gecko) Version/18.4 Mobile/15E148 Safari/604.1"
185.191.171.13 - - [16/Aug/2026:21:56:38 +0700] "GET /wp-includes/style-engine/file.php?dir=CAAvarCAAsoftaculousCAAlaravel8CAAphp56 HTTP/1.1" 404 277 "-" "Mozilla/5.0 (compatible; SemrushBot/7~bl; +http://www.semrush.com/bot.html)"
185.191.171.1 - - [16/Aug/2026:21:56:48 +0700] "GET /wp-includes/html-api/file.php?dir=CAAusrCAAshareCAAlocaleCAAmai HTTP/1.1" 404 277 "-" "Mozilla/5.0 (compatible; SemrushBot/7~bl; +http://www.semrush.com/bot.html)"
74.7.243.227 - - [16/Aug/2026:21:57:01 +0700] "GET /index.php?dir=CAAhomeCAAqtdcvxypCAAkarirRAAstar4hireRAAcomCAAvendorCAAspatieCAAflare-client-phpCAAsrcCAATruncation&edit=TrimContextItemsStrategy.php HTTP/1.1" 404 31 "https://mail.star4hire.com/index.php?dir=CAAhomeCAAqtdcvxypCAAkarirRAAstar4hireRAAcomCAAvendorCAAspatieCAAflare-client-phpCAAsrcCAATruncation" "Mozilla/5.0 AppleWebKit/537.36 (KHTML, like Gecko; compatible; GPTBot/1.4; +https://openai.com/gptbot)"
185.191.171.12 - - [16/Aug/2026:21:57:14 +0700] "GET /wp-includes/widgets/file.php?dir=CAAusrCAAlibCAAfirewalldCAAhelpers HTTP/1.1" 404 277 "-" "Mozilla/5.0 (compatible; SemrushBot/7~bl; +http://www.semrush.com/bot.html)"
202.43.248.178 - - [16/Aug/2026:21:57:18 +0700] "GET / HTTP/1.1" 200 2624 "-" "Uptime-Kuma/1.17.1"
74.7.241.14 - - [16/Aug/2026:21:57:19 +0700] "GET /file.php?action=download&dir=CAAusrCAAlib64CAApython3RAA8CAAwsgirefCAA__pycache__&file=__init__.cpython-38.opt-1.pyc HTTP/1.1" 200 476 "https://www.star4hire.com/file.php?dir=CAAusrCAAlib64CAApython3RAA8CAAwsgirefCAA__pycache__" "Mozilla/5.0 AppleWebKit/537.36 (KHTML, like Gecko; compatible; GPTBot/1.4; +https://openai.com/gptbot)"
85.208.96.198 - - [16/Aug/2026:21:57:27 +0700] "GET /wp-includes/ID3/file.php?dir=CAAusrCAAshareCAAlocaleCAAmg HTTP/1.1" 404 277 "-" "Mozilla/5.0 (compatible; SemrushBot/7~bl; +http://www.semrush.com/bot.html)"
185.191.171.12 - - [16/Aug/2026:21:57:29 +0700] "GET /wp-includes/customize/file.php?dir=CAAvarCAAsoftaculousCAAcscartCAAphp82 HTTP/1.1" 404 277 "-" "Mozilla/5.0 (compatible; SemrushBot/7~bl; +http://www.semrush.com/bot.html)"
185.191.171.12 - - [16/Aug/2026:21:57:32 +0700] "GET /wp-includes/interactivity-api/file.php?dir=CAAvarCAAsoftaculousCAAfork HTTP/1.1" 404 277 "-" "Mozilla/5.0 (compatible; SemrushBot/7~bl; +http://www.semrush.com/bot.html)"
185.191.171.14 - - [16/Aug/2026:21:57:44 +0700] "GET /wp-includes/fonts/file.php?dir=CAAusrCAAshareCAAlocaleCAAchn HTTP/1.1" 404 277 "-" "Mozilla/5.0 (compatible; SemrushBot/7~bl; +http://www.semrush.com/bot.html)"
185.191.171.16 - - [16/Aug/2026:21:57:50 +0700] "GET /wp-includes/PHPMailer/file.php?dir=CAAusrCAAshareCAAmanCAAzh_CN HTTP/1.1" 404 277 "-" "Mozilla/5.0 (compatible; SemrushBot/7~bl; +http://www.semrush.com/bot.html)"
185.191.171.12 - - [16/Aug/2026:21:57:59 +0700] "GET /.well-known/acme-challenge/file.php?dir=CAAvarCAAsoftaculousCAAostic14CAAimages HTTP/1.1" 200 4762 "-" "Mozilla/5.0 (compatible; SemrushBot/7~bl; +http://www.semrush.com/bot.html)"
185.191.171.10 - - [16/Aug/2026:21:58:03 +0700] "GET /wp-includes/assets/file.php?dir=CAAusrCAAshareCAAperl5CAASearch HTTP/1.1" 404 277 "-" "Mozilla/5.0 (compatible; SemrushBot/7~bl; +http://www.semrush.com/bot.html)"
74.7.243.227 - - [16/Aug/2026:21:58:03 +0700] "GET /index.php?dir=CAAhomeCAAqtdcvxypCAAkarirRAAstar4hireRAAcomCAAvendorCAAspatieCAAflare-client-phpCAAsrcCAAFlareMiddleware&edit=AddDocumentationLinks.php HTTP/1.1" 404 31 "https://mail.star4hire.com/index.php?dir=CAAhomeCAAqtdcvxypCAAkarirRAAstar4hireRAAcomCAAvendorCAAspatieCAAflare-client-phpCAAsrcCAAFlareMiddleware" "Mozilla/5.0 AppleWebKit/537.36 (KHTML, like Gecko; compatible; GPTBot/1.4; +https://openai.com/gptbot)"
185.191.171.10 - - [16/Aug/2026:21:58:15 +0700] "GET /wp-includes/ID3/file.php?dir=CAAusrCAAshareCAAlocaleCAAgor HTTP/1.1" 404 277 "-" "Mozilla/5.0 (compatible; SemrushBot/7~bl; +http://www.semrush.com/bot.html)"
216.73.216.10 - - [16/Aug/2026:21:58:17 +0700] "GET /file.php?dir=CAAsmsCAA_CAAsmart_school_srcCAAsystemCAAlibrariesCAASession HTTP/1.1" 200 4698 "-" "Mozilla/5.0 AppleWebKit/537.36 (KHTML, like Gecko; compatible; ClaudeBot/1.0; +claudebot@anthropic.com)"
202.43.248.178 - - [16/Aug/2026:21:58:18 +0700] "GET / HTTP/1.1" 200 2624 "-" "Uptime-Kuma/1.17.1"
216.73.216.10 - - [16/Aug/2026:21:58:20 +0700] "GET /file.php?dir=CAAsmsCAA_CAAsmart_school_srcCAAapplicationCAAcontrollers&edit=Category.php HTTP/1.1" 200 3799 "-" "Mozilla/5.0 AppleWebKit/537.36 (KHTML, like Gecko; compatible; ClaudeBot/1.0; +claudebot@anthropic.com)"
74.7.241.14 - - [16/Aug/2026:21:58:21 +0700] "GET /file.php?dir=CAAvarCAAsoftaculousCAAmoodle30CAAphp81 HTTP/1.1" 200 4575 "https://www.star4hire.com/file.php?dir=CAAvarCAAsoftaculousCAAmoodle30" "Mozilla/5.0 AppleWebKit/537.36 (KHTML, like Gecko; compatible; GPTBot/1.4; +https://openai.com/gptbot)"
85.208.96.210 - - [16/Aug/2026:21:58:24 +0700] "GET /wp-includes/html-api/file.php?dir=CAAusrCAAshareCAAperl5CAAvendor_perlCAAHTML HTTP/1.1" 404 277 "-" "Mozilla/5.0 (compatible; SemrushBot/7~bl; +http://www.semrush.com/bot.html)"
216.73.216.10 - - [16/Aug/2026:21:58:25 +0700] "GET /file.php?dir=CAAsmsCAA_CAAsmart_school_srcCAAapplicationCAAviewsCAAadminCAAchat&edit=_partialmynewuser.php HTTP/1.1" 200 3816 "-" "Mozilla/5.0 AppleWebKit/537.36 (KHTML, like Gecko; compatible; ClaudeBot/1.0; +claudebot@anthropic.com)"
74.7.243.240 - - [16/Aug/2026:21:58:27 +0700] "GET /.well-known/pki-validation/file.php?action=download&dir=CAAhomeCAAqtdcvxypCAAmailCAAnew&file=1729519478.M462122P3560774.iix3001.idcloudhost.com%2CS%3D54975%2CW%3D55703 HTTP/1.1" 200 11014 "https://star4hire.com/.well-known/pki-validation/file.php?dir=CAAhomeCAAqtdcvxypCAAmailCAAnew" "Mozilla/5.0 AppleWebKit/537.36 (KHTML, like Gecko; compatible; GPTBot/1.4; +https://openai.com/gptbot)"
216.73.216.10 - - [16/Aug/2026:21:58:30 +0700] "GET /file.php?dir=CAAsmsCAA_CAAsmart_school_srcCAAbackendCAAbootstrapCAAjs HTTP/1.1" 200 4466 "-" "Mozilla/5.0 AppleWebKit/537.36 (KHTML, like Gecko; compatible; ClaudeBot/1.0; +claudebot@anthropic.com)"
185.191.171.9 - - [16/Aug/2026:21:58:35 +0700] "GET /wp-includes/customize/file.php?dir=CAAvarCAAsoftaculousCAAhablatorCAAphp81 HTTP/1.1" 404 277 "-" "Mozilla/5.0 (compatible; SemrushBot/7~bl; +http://www.semrush.com/bot.html)"
216.73.216.10 - - [16/Aug/2026:21:58:35 +0700] "GET /file.php?dir=CAAsmsCAAaaCAAbackendCAApluginsCAAckeditorCAApluginsCAAckeditor_wirisCAAcacheCAA43CAAfc HTTP/1.1" 200 4446 "-" "Mozilla/5.0 AppleWebKit/537.36 (KHTML, like Gecko; compatible; ClaudeBot/1.0; +claudebot@anthropic.com)"
216.73.216.10 - - [16/Aug/2026:21:58:40 +0700] "GET /file.php?dir=CAAsmsCAAaaCAAbackendCAApluginsCAAckeditorCAApluginsCAAckeditor_wirisCAAcacheCAAfcCAA13 HTTP/1.1" 200 4454 "-" "Mozilla/5.0 AppleWebKit/537.36 (KHTML, like Gecko; compatible; ClaudeBot/1.0; +claudebot@anthropic.com)"
216.73.216.10 - - [16/Aug/2026:21:58:45 +0700] "GET /file.php?dir=CAAsmsCAAaaCAAsystemCAAhelpers&edit=date_helper.php HTTP/1.1" 200 8757 "-" "Mozilla/5.0 AppleWebKit/537.36 (KHTML, like Gecko; compatible; ClaudeBot/1.0; +claudebot@anthropic.com)"
216.73.216.10 - - [16/Aug/2026:21:58:50 +0700] "GET /file.php?dir=CAAsmsCAA_CAAsmart_school_srcCAAapplicationCAAviewsCAAadminCAAroomtype HTTP/1.1" 200 4409 "-" "Mozilla/5.0 AppleWebKit/537.36 (KHTML, like Gecko; compatible; ClaudeBot/1.0; +claudebot@anthropic.com)"
216.73.216.10 - - [16/Aug/2026:21:58:55 +0700] "GET /file.php?dir=CAAsmsCAAaaCAAbackendCAApluginsCAAckeditorCAApluginsCAAckeditor_wirisCAAcacheCAA7aCAAec HTTP/1.1" 200 4452 "-" "Mozilla/5.0 AppleWebKit/537.36 (KHTML, like Gecko; compatible; ClaudeBot/1.0; +claudebot@anthropic.com)"
85.208.96.210 - - [16/Aug/2026:21:59:00 +0700] "GET /wp-includes/Requests/file.php?dir=CAAvarCAAsoftaculousCAAzendCAAphp53 HTTP/1.1" 404 277 "-" "Mozilla/5.0 (compatible; SemrushBot/7~bl; +http://www.semrush.com/bot.html)"
216.73.216.10 - - [16/Aug/2026:21:59:00 +0700] "GET /file.php?dir=CAAsmsCAA_CAAsmart_school_srcCAAapplicationCAAmodels&edit=Staffattendancemodel.php HTTP/1.1" 200 4292 "-" "Mozilla/5.0 AppleWebKit/537.36 (KHTML, like Gecko; compatible; ClaudeBot/1.0; +claudebot@anthropic.com)"
216.73.216.10 - - [16/Aug/2026:21:59:05 +0700] "GET /file.php?dir=CAAsmsCAAbackendCAApluginsCAAbootstrap-wysihtml5&edit=bootstrap3-wysihtml5.min.css HTTP/1.1" 200 3590 "-" "Mozilla/5.0 AppleWebKit/537.36 (KHTML, like Gecko; compatible; ClaudeBot/1.0; +claudebot@anthropic.com)"
216.73.216.10 - - [16/Aug/2026:21:59:10 +0700] "GET /file.php?dir=CAAsmsCAA_CAAsmart_school_srcCAAapplicationCAAviewsCAAadminCAAlanguage&edit=addPharse.php HTTP/1.1" 200 4233 "-" "Mozilla/5.0 AppleWebKit/537.36 (KHTML, like Gecko; compatible; ClaudeBot/1.0; +claudebot@anthropic.com)"
216.73.216.10 - - [16/Aug/2026:21:59:15 +0700] "GET /file.php?dir=CAAsmsCAAaaCAAbackendCAApluginsCAAckeditorCAApluginsCAAckeditor_wirisCAAcacheCAAd9CAAf2 HTTP/1.1" 200 4458 "-" "Mozilla/5.0 AppleWebKit/537.36 (KHTML, like Gecko; compatible; ClaudeBot/1.0; +claudebot@anthropic.com)"
202.43.248.178 - - [16/Aug/2026:21:59:18 +0700] "GET / HTTP/1.1" 200 2624 "-" "Uptime-Kuma/1.17.1"
74.7.241.14 - - [16/Aug/2026:21:59:18 +0700] "GET /file.php?dir=CAAvarCAAsoftaculousCAAmoodle38CAAphp71 HTTP/1.1" 200 4516 "https://www.star4hire.com/file.php?dir=CAAvarCAAsoftaculousCAAmoodle38" "Mozilla/5.0 AppleWebKit/537.36 (KHTML, like Gecko; compatible; GPTBot/1.4; +https://openai.com/gptbot)"
216.73.216.10 - - [16/Aug/2026:21:59:20 +0700] "GET /file.php?dir=CAAsmsCAA_CAAsmart_school_srcCAAapplicationCAAlanguageCAAHebrew&edit=form_validation_lang.php HTTP/1.1" 200 3683 "-" "Mozilla/5.0 AppleWebKit/537.36 (KHTML, like Gecko; compatible; ClaudeBot/1.0; +claudebot@anthropic.com)"
185.191.171.12 - - [16/Aug/2026:21:59:21 +0700] "GET /wp-includes/sitemaps/file.php?dir=CAAusrCAAlibCAAfirmwareCAAath12k HTTP/1.1" 404 277 "-" "Mozilla/5.0 (compatible; SemrushBot/7~bl; +http://www.semrush.com/bot.html)"
74.7.243.240 - - [16/Aug/2026:21:59:22 +0700] "GET /.well-known/pki-validation/file.php?action=download&dir=CAAhomeCAAqtdcvxypCAAmailCAAnew&file=1782309818.M729580P2672990.iix3001.idcloudhost.com%2CS%3D49788%2CW%3D50463 HTTP/1.1" 200 9501 "https://star4hire.com/.well-known/pki-validation/file.php?dir=CAAhomeCAAqtdcvxypCAAmailCAAnew" "Mozilla/5.0 AppleWebKit/537.36 (KHTML, like Gecko; compatible; GPTBot/1.4; +https://openai.com/gptbot)"
216.73.216.10 - - [16/Aug/2026:21:59:25 +0700] "GET /file.php?dir=CAAsmsCAA_CAAsmart_school_srcCAAapplicationCAAviewsCAAadminCAAfeegroup HTTP/1.1" 200 4408 "-" "Mozilla/5.0 AppleWebKit/537.36 (KHTML, like Gecko; compatible; ClaudeBot/1.0; +claudebot@anthropic.com)"
216.73.216.10 - - [16/Aug/2026:21:59:30 +0700] "GET /file.php?dir=CAAsmsCAAaaCAAbackendCAApluginsCAAslimScroll&edit=jquery.slimscroll.js HTTP/1.1" 200 6825 "-" "Mozilla/5.0 AppleWebKit/537.36 (KHTML, like Gecko; compatible; ClaudeBot/1.0; +claudebot@anthropic.com)"
185.191.171.12 - - [16/Aug/2026:21:59:31 +0700] "GET /wp-includes/PHPMailer/file.php?dir=CAAhomeCAAqtdcvxypCAAlscacheCAA7CAA9CAAf HTTP/1.1" 404 277 "-" "Mozilla/5.0 (compatible; SemrushBot/7~bl; +http://www.semrush.com/bot.html)"
85.208.96.212 - - [16/Aug/2026:21:59:52 +0700] "GET /robots.txt HTTP/1.1" 200 70 "-" "Mozilla/5.0 (compatible; SemrushBot/7~bl; +http://www.semrush.com/bot.html)"
85.208.96.212 - - [16/Aug/2026:21:59:54 +0700] "GET /.well-known/file.php?dir=CAAvarCAAsoftaculousCAAwp55&edit=edit.xml HTTP/1.1" 200 3726 "-" "Mozilla/5.0 (compatible; SemrushBot/7~bl; +http://www.semrush.com/bot.html)"
185.191.171.13 - - [16/Aug/2026:21:59:57 +0700] "GET /wp-includes/file.php?dir=CAAvarCAAsoftaculousCAAwp52&edit=_index.php HTTP/1.1" 404 277 "-" "Mozilla/5.0 (compatible; SemrushBot/7~bl; +http://www.semrush.com/bot.html)"
185.191.171.18 - - [16/Aug/2026:22:00:08 +0700] "GET /wp-includes/Requests/file.php?dir=CAAvarCAAsoftaculousCAAakauntingCAAimages HTTP/1.1" 404 277 "-" "Mozilla/5.0 (compatible; SemrushBot/7~bl; +http://www.semrush.com/bot.html)"
74.7.241.14 - - [16/Aug/2026:22:00:09 +0700] "GET /file.php?dir=CAAvarCAAsoftaculousCAAwhmcs81CAAphp81 HTTP/1.1" 200 4509 "https://www.star4hire.com/file.php?dir=CAAvarCAAsoftaculousCAAwhmcs81" "Mozilla/5.0 AppleWebKit/537.36 (KHTML, like Gecko; compatible; GPTBot/1.4; +https://openai.com/gptbot)"
74.7.243.227 - - [16/Aug/2026:22:00:11 +0700] "GET /index.php?dir=CAAusrCAAshareCAAzoneinfoCAAAmericaCAAKentucky&edit=Monticello HTTP/1.1" 404 31 "https://mail.star4hire.com/index.php?dir=CAAusrCAAshareCAAzoneinfoCAAAmericaCAAKentucky" "Mozilla/5.0 AppleWebKit/537.36 (KHTML, like Gecko; compatible; GPTBot/1.4; +https://openai.com/gptbot)"
185.191.171.12 - - [16/Aug/2026:22:00:17 +0700] "GET /wp-includes/pomo/file.php?dir=CAAusrCAAlibCAAfirewalldCAAipsets HTTP/1.1" 404 277 "-" "Mozilla/5.0 (compatible; SemrushBot/7~bl; +http://www.semrush.com/bot.html)"
202.43.248.178 - - [16/Aug/2026:22:00:18 +0700] "GET / HTTP/1.1" 200 2624 "-" "Uptime-Kuma/1.17.1"
85.208.96.212 - - [16/Aug/2026:22:00:42 +0700] "GET /wp-includes/sitemaps/file.php?dir=CAAusrCAAlib64CAAdovecotCAAsieve HTTP/1.1" 404 277 "-" "Mozilla/5.0 (compatible; SemrushBot/7~bl; +http://www.semrush.com/bot.html)"
74.7.241.14 - - [16/Aug/2026:22:00:55 +0700] "GET /file.php?dir=CAAvarCAAsoftaculousCAAmoodle42CAAphp82 HTTP/1.1" 200 4572 "https://www.star4hire.com/file.php?dir=CAAvarCAAsoftaculousCAAmoodle42" "Mozilla/5.0 AppleWebKit/537.36 (KHTML, like Gecko; compatible; GPTBot/1.4; +https://openai.com/gptbot)"
74.7.243.240 - - [16/Aug/2026:22:00:57 +0700] "GET /.well-known/pki-validation/file.php?action=download&dir=CAAhomeCAAqtdcvxypCAAmailCAAnew&file=1746457078.M479368P3636971.iix3001.idcloudhost.com%2CS%3D54969%2CW%3D55697 HTTP/1.1" 200 11012 "https://star4hire.com/.well-known/pki-validation/file.php?dir=CAAhomeCAAqtdcvxypCAAmailCAAnew" "Mozilla/5.0 AppleWebKit/537.36 (KHTML, like Gecko; compatible; GPTBot/1.4; +https://openai.com/gptbot)"
185.191.171.6 - - [16/Aug/2026:22:01:11 +0700] "GET /wp-includes/sodium_compat/file.php?dir=CAAvarCAAsoftaculousCAAwebcollab HTTP/1.1" 404 277 "-" "Mozilla/5.0 (compatible; SemrushBot/7~bl; +http://www.semrush.com/bot.html)"
74.7.243.227 - - [16/Aug/2026:22:01:11 +0700] "GET /index.php?dir=CAAhomeCAAqtdcvxypCAAcareerusaRAAstar4hireRAAcomCAAwp-contentCAApluginsCAAinsert-headers-and-footersCAAincludesCAAliteCAAconditional-logic&edit=class-wpcode-conditional-edd.php HTTP/1.1" 404 31 "https://mail.star4hire.com/index.php?dir=CAAhomeCAAqtdcvxypCAAcareerusaRAAstar4hireRAAcomCAAwp-contentCAApluginsCAAinsert-headers-and-footersCAAincludesCAAliteCAAconditional-logic" "Mozilla/5.0 AppleWebKit/537.36 (KHTML, like Gecko; compatible; GPTBot/1.4; +https://openai.com/gptbot)"
202.43.248.178 - - [16/Aug/2026:22:01:18 +0700] "GET / HTTP/1.1" 200 2624 "-" "Uptime-Kuma/1.17.1"
185.191.171.4 - - [16/Aug/2026:22:01:32 +0700] "GET /wp-includes/js/file.php?dir=CAAvarCAAsoftaculousCAAtwgCAAphp81 HTTP/1.1" 404 277 "-" "Mozilla/5.0 (compatible; SemrushBot/7~bl; +http://www.semrush.com/bot.html)"
185.191.171.4 - - [16/Aug/2026:22:01:34 +0700] "GET /wp-includes/interactivity-api/file.php?dir=CAAvarCAAsoftaculousCAAocart4CAAphp71 HTTP/1.1" 404 277 "-" "Mozilla/5.0 (compatible; SemrushBot/7~bl; +http://www.semrush.com/bot.html)"
74.7.241.14 - - [16/Aug/2026:22:01:36 +0700] "GET /file.php?dir=CAAvarCAAsoftaculousCAAmoodle50CAAphp56&edit=install.php HTTP/1.1" 200 11890 "https://www.star4hire.com/file.php?dir=CAAvarCAAsoftaculousCAAmoodle50CAAphp56" "Mozilla/5.0 AppleWebKit/537.36 (KHTML, like Gecko; compatible; GPTBot/1.4; +https://openai.com/gptbot)"
177.245.237.140 - - [16/Aug/2026:22:02:04 +0700] "GET /home/apply_job/8323583256213a24faeb1a HTTP/1.1" 404 212 "https://www.star4hire.com/lowongan/perusahaan/hui-huang-media" "Mozilla/5.0 (Linux; Android 15; OPPO PCLM0) AppleWebKit/537.36 (KHTML, like Gecko) Chrome/146.0.5317.33 Mobile Safari/537.36 MicroMessenger/8.0.32(0x18001B3F) NetType/WIFI Language/zh_CN"
74.7.241.14 - - [16/Aug/2026:22:02:12 +0700] "GET /file.php?dir=CAAvarCAAsoftaculousCAAmoodle41CAAphp71 HTTP/1.1" 200 4566 "https://www.star4hire.com/file.php?dir=CAAvarCAAsoftaculousCAAmoodle41" "Mozilla/5.0 AppleWebKit/537.36 (KHTML, like Gecko; compatible; GPTBot/1.4; +https://openai.com/gptbot)"
74.7.243.240 - - [16/Aug/2026:22:02:16 +0700] "GET /.well-known/pki-validation/file.php?action=download&dir=CAAhomeCAAqtdcvxypCAAmailCAAnew&file=1700723168.M297980P4154585.iix3001.idcloudhost.com%2CS%3D48778%2CW%3D49654 HTTP/1.1" 200 11306 "https://star4hire.com/.well-known/pki-validation/file.php?dir=CAAhomeCAAqtdcvxypCAAmailCAAnew" "Mozilla/5.0 AppleWebKit/537.36 (KHTML, like Gecko; compatible; GPTBot/1.4; +https://openai.com/gptbot)"
74.7.243.227 - - [16/Aug/2026:22:02:18 +0700] "GET /index.php?dir=CAAhomeCAAqtdcvxypCAAcareerusaRAAstar4hireRAAcomCAAwp-contentCAApluginsCAAgoogle-analytics-for-wordpressCAAliteCAAincludesCAApopular-posts&edit=class-popular-posts-inline.php HTTP/1.1" 404 31 "https://mail.star4hire.com/index.php?dir=CAAhomeCAAqtdcvxypCAAcareerusaRAAstar4hireRAAcomCAAwp-contentCAApluginsCAAgoogle-analytics-for-wordpressCAAliteCAAincludesCAApopular-posts" "Mozilla/5.0 AppleWebKit/537.36 (KHTML, like Gecko; compatible; GPTBot/1.4; +https://openai.com/gptbot)"
202.43.248.178 - - [16/Aug/2026:22:02:18 +0700] "GET / HTTP/1.1" 200 2624 "-" "Uptime-Kuma/1.17.1"
185.191.171.10 - - [16/Aug/2026:22:02:24 +0700] "GET /wp-includes/IXR/file.php?dir=CAAvarCAAsoftaculousCAAmtCAAphp82 HTTP/1.1" 404 277 "-" "Mozilla/5.0 (compatible; SemrushBot/7~bl; +http://www.semrush.com/bot.html)"
185.191.171.9 - - [16/Aug/2026:22:02:27 +0700] "GET /wp-includes/customize/file.php?dir=CAAusrCAAlibCAARAAbuild-idCAA3a HTTP/1.1" 404 277 "-" "Mozilla/5.0 (compatible; SemrushBot/7~bl; +http://www.semrush.com/bot.html)"
85.208.96.210 - - [16/Aug/2026:22:02:31 +0700] "GET /wp-includes/Requests/file.php?dir=CAAusrCAAshareCAAcmakeCAAModules HTTP/1.1" 404 277 "-" "Mozilla/5.0 (compatible; SemrushBot/7~bl; +http://www.semrush.com/bot.html)"
85.208.96.193 - - [16/Aug/2026:22:02:34 +0700] "GET /.well-known/file.php?dir=CAAusrCAAbin&edit=ul HTTP/1.1" 200 11220 "-" "Mozilla/5.0 (compatible; SemrushBot/7~bl; +http://www.semrush.com/bot.html)"
85.208.96.207 - - [16/Aug/2026:22:02:37 +0700] "GET /wp-includes/js/file.php?dir=CAAvarCAAsoftaculousCAAmoodle50CAAlanguages HTTP/1.1" 404 277 "-" "Mozilla/5.0 (compatible; SemrushBot/7~bl; +http://www.semrush.com/bot.html)"
216.244.66.202 - - [16/Aug/2026:22:02:44 +0700] "GET /jobseeker/job_vacancy/apply_job/1091146956168352c5ec1c HTTP/1.1" 404 355 "-" "Mozilla/5.0 (compatible; DotBot/1.2; +https://opensiteexplorer.org/dotbot; help@moz.com)"
85.208.96.199 - - [16/Aug/2026:22:02:47 +0700] "GET /wp-includes/Requests/file.php?dir=CAAusrCAAlocalCAAlib64CAAperl5CAAautoCAAPath HTTP/1.1" 404 277 "-" "Mozilla/5.0 (compatible; SemrushBot/7~bl; +http://www.semrush.com/bot.html)"
74.7.241.14 - - [16/Aug/2026:22:02:47 +0700] "GET /file.php?dir=CAAvarCAAsoftaculousCAAmoodle27CAAphp53 HTTP/1.1" 200 4515 "https://www.star4hire.com/file.php?dir=CAAvarCAAsoftaculousCAAmoodle27" "Mozilla/5.0 AppleWebKit/537.36 (KHTML, like Gecko; compatible; GPTBot/1.4; +https://openai.com/gptbot)"
185.191.171.9 - - [16/Aug/2026:22:02:49 +0700] "GET /wp-includes/js/file.php?dir=CAAvarCAAsoftaculousCAAtcexamCAAimages HTTP/1.1" 404 277 "-" "Mozilla/5.0 (compatible; SemrushBot/7~bl; +http://www.semrush.com/bot.html)"
216.244.66.202 - - [16/Aug/2026:22:02:49 +0700] "GET /jobseeker/job_vacancy/apply_job/119068725633743ee83e3e HTTP/1.1" 404 355 "-" "Mozilla/5.0 (compatible; DotBot/1.2; +https://opensiteexplorer.org/dotbot; help@moz.com)"
185.191.171.13 - - [16/Aug/2026:22:02:52 +0700] "GET /wp-includes/widgets/file.php?dir=CAAusrCAAlibCAAdracutCAAmodulesRAAdCAA90mdraid HTTP/1.1" 404 277 "-" "Mozilla/5.0 (compatible; SemrushBot/7~bl; +http://www.semrush.com/bot.html)"
216.73.216.10 - - [16/Aug/2026:22:02:53 +0700] "GET /file.php?action=download&dir=CAAsmsCAAaaCAAapplicationCAAmodels&file=Modulepermission_model.php HTTP/1.1" 200 281 "-" "Mozilla/5.0 AppleWebKit/537.36 (KHTML, like Gecko; compatible; ClaudeBot/1.0; +claudebot@anthropic.com)"
216.244.66.202 - - [16/Aug/2026:22:02:53 +0700] "GET /jobseeker/job_vacancy/apply_job/191919968636a659402173 HTTP/1.1" 404 355 "-" "Mozilla/5.0 (compatible; DotBot/1.2; +https://opensiteexplorer.org/dotbot; help@moz.com)"
185.191.171.3 - - [16/Aug/2026:22:02:56 +0700] "GET /wp-includes/ID3/file.php?dir=CAAusrCAAlibCAAfirmwareCAAqcomCAAqcs9100 HTTP/1.1" 404 277 "-" "Mozilla/5.0 (compatible; SemrushBot/7~bl; +http://www.semrush.com/bot.html)"
216.244.66.202 - - [16/Aug/2026:22:02:57 +0700] "GET /jobseeker/job_vacancy/apply_job/2128555696396c11407122 HTTP/1.1" 404 355 "-" "Mozilla/5.0 (compatible; DotBot/1.2; +https://opensiteexplorer.org/dotbot; help@moz.com)"
216.73.216.10 - - [16/Aug/2026:22:02:57 +0700] "GET /file.php?dir=CAAsmsCAA_CAAsmart_school_srcCAAapplicationCAAthird_partyCAAmpdfCAAincludes&edit=CJKdata.php HTTP/1.1" 200 5087 "-" "Mozilla/5.0 AppleWebKit/537.36 (KHTML, like Gecko; compatible; ClaudeBot/1.0; +claudebot@anthropic.com)"
85.208.96.194 - - [16/Aug/2026:22:03:00 +0700] "GET /wp-includes/sitemaps/file.php?dir=CAAusrCAAlibCAAtunedCAAcloudlinux-default-cgv2 HTTP/1.1" 404 277 "-" "Mozilla/5.0 (compatible; SemrushBot/7~bl; +http://www.semrush.com/bot.html)"
216.244.66.202 - - [16/Aug/2026:22:03:00 +0700] "GET /jobseeker/job_vacancy/apply_job/3354499656335befa17f47 HTTP/1.1" 404 355 "-" "Mozilla/5.0 (compatible; DotBot/1.2; +https://opensiteexplorer.org/dotbot; help@moz.com)"
216.244.66.202 - - [16/Aug/2026:22:03:03 +0700] "GET /jobseeker/job_vacancy/apply_job/3372738675e589bcc62ca5 HTTP/1.1" 404 355 "-" "Mozilla/5.0 (compatible; DotBot/1.2; +https://opensiteexplorer.org/dotbot; help@moz.com)"
216.244.66.202 - - [16/Aug/2026:22:03:07 +0700] "GET /jobseeker/job_vacancy/apply_job/3706902725f19e547ae19d HTTP/1.1" 404 355 "-" "Mozilla/5.0 (compatible; DotBot/1.2; +https://opensiteexplorer.org/dotbot; help@moz.com)"
216.73.216.10 - - [16/Aug/2026:22:03:09 +0700] "GET /file.php?dir=CAAsmsCAAapplicationCAAviewsCAAadminCAAlibrarian&edit=librarianShow.php HTTP/1.1" 200 4460 "-" "Mozilla/5.0 AppleWebKit/537.36 (KHTML, like Gecko; compatible; ClaudeBot/1.0; +claudebot@anthropic.com)"
216.244.66.202 - - [16/Aug/2026:22:03:09 +0700] "GET /jobseeker/job_vacancy/apply_job/4201203362e2dcba44571 HTTP/1.1" 404 355 "-" "Mozilla/5.0 (compatible; DotBot/1.2; +https://opensiteexplorer.org/dotbot; help@moz.com)"
216.244.66.202 - - [16/Aug/2026:22:03:12 +0700] "GET /jobseeker/job_vacancy/apply_job/436391111638db45634587 HTTP/1.1" 404 355 "-" "Mozilla/5.0 (compatible; DotBot/1.2; +https://opensiteexplorer.org/dotbot; help@moz.com)"
216.73.216.10 - - [16/Aug/2026:22:03:13 +0700] "GET /file.php?dir=CAAsmsCAA_CAAsmart_school_srcCAAapplicationCAAviewsCAAcategory&edit=categoryCreate.php HTTP/1.1" 200 3848 "-" "Mozilla/5.0 AppleWebKit/537.36 (KHTML, like Gecko; compatible; ClaudeBot/1.0; +claudebot@anthropic.com)"
216.244.66.202 - - [16/Aug/2026:22:03:14 +0700] "GET /jobseeker/job_vacancy/apply_job/4554222125f6ba23c30874 HTTP/1.1" 404 355 "-" "Mozilla/5.0 (compatible; DotBot/1.2; +https://opensiteexplorer.org/dotbot; help@moz.com)"
216.244.66.202 - - [16/Aug/2026:22:03:15 +0700] "GET /jobseeker/job_vacancy/apply_job/5173106065e4b86127f2d1 HTTP/1.1" 404 355 "-" "Mozilla/5.0 (compatible; DotBot/1.2; +https://opensiteexplorer.org/dotbot; help@moz.com)"
74.7.241.14 - - [16/Aug/2026:22:03:17 +0700] "GET /file.php?dir=CAAvarCAAsoftaculousCAAmoodle41CAAphp81 HTTP/1.1" 200 4570 "https://www.star4hire.com/file.php?dir=CAAvarCAAsoftaculousCAAmoodle41" "Mozilla/5.0 AppleWebKit/537.36 (KHTML, like Gecko; compatible; GPTBot/1.4; +https://openai.com/gptbot)"
216.244.66.202 - - [16/Aug/2026:22:03:17 +0700] "GET /jobseeker/job_vacancy/apply_job/52876141562c3a81590a36 HTTP/1.1" 404 355 "-" "Mozilla/5.0 (compatible; DotBot/1.2; +https://opensiteexplorer.org/dotbot; help@moz.com)"
202.43.248.178 - - [16/Aug/2026:22:03:18 +0700] "GET / HTTP/1.1" 200 2624 "-" "Uptime-Kuma/1.17.1"
216.73.216.10 - - [16/Aug/2026:22:03:18 +0700] "GET /file.php?dir=CAAsmsCAA_CAAsmart_school_srcCAAbackendCAAjson-files&edit=datatable_empty.json HTTP/1.1" 200 3123 "-" "Mozilla/5.0 AppleWebKit/537.36 (KHTML, like Gecko; compatible; ClaudeBot/1.0; +claudebot@anthropic.com)"
216.244.66.202 - - [16/Aug/2026:22:03:21 +0700] "GET /jobseeker/job_vacancy/apply_job/5619372756213a2d0e38e1 HTTP/1.1" 404 355 "-" "Mozilla/5.0 (compatible; DotBot/1.2; +https://opensiteexplorer.org/dotbot; help@moz.com)"
216.73.216.10 - - [16/Aug/2026:22:03:23 +0700] "GET /file.php?dir=CAAsmsCAAapplicationCAAviewsCAAadminCAAcertificate&edit=studentidcard.php HTTP/1.1" 200 4850 "-" "Mozilla/5.0 AppleWebKit/537.36 (KHTML, like Gecko; compatible; ClaudeBot/1.0; +claudebot@anthropic.com)"
74.7.243.227 - - [16/Aug/2026:22:03:23 +0700] "GET /index.php?dir=CAAhomeCAAqtdcvxypCAAglobalenglishRAAstar4hireRAAcomCAAwp-admin&edit=update-core.php HTTP/1.1" 404 31 "https://mail.star4hire.com/index.php?dir=CAAhomeCAAqtdcvxypCAAglobalenglishRAAstar4hireRAAcomCAAwp-admin" "Mozilla/5.0 AppleWebKit/537.36 (KHTML, like Gecko; compatible; GPTBot/1.4; +https://openai.com/gptbot)"
216.244.66.202 - - [16/Aug/2026:22:03:28 +0700] "GET /jobseeker/job_vacancy/apply_job/56639851062d8bcf9bb89d HTTP/1.1" 404 355 "-" "Mozilla/5.0 (compatible; DotBot/1.2; +https://opensiteexplorer.org/dotbot; help@moz.com)"
216.73.216.10 - - [16/Aug/2026:22:03:28 +0700] "GET /file.php?dir=CAAsmsCAAaaCAAapplicationCAAcontrollersCAAuser&edit=Onlineexam.php HTTP/1.1" 200 5149 "-" "Mozilla/5.0 AppleWebKit/537.36 (KHTML, like Gecko; compatible; ClaudeBot/1.0; +claudebot@anthropic.com)"
216.73.216.10 - - [16/Aug/2026:22:03:33 +0700] "GET /file.php?dir=CAAsmsCAAaaCAAapplicationCAAmodels&edit=index.html HTTP/1.1" 200 3140 "-" "Mozilla/5.0 AppleWebKit/537.36 (KHTML, like Gecko; compatible; ClaudeBot/1.0; +claudebot@anthropic.com)"
185.191.171.7 - - [16/Aug/2026:22:03:33 +0700] "GET /wp-includes/SimplePie/file.php?dir=CAAusrCAAlibCAARAAbuild-idCAAa9 HTTP/1.1" 404 277 "-" "Mozilla/5.0 (compatible; SemrushBot/7~bl; +http://www.semrush.com/bot.html)"
216.244.66.202 - - [16/Aug/2026:22:03:34 +0700] "GET /topedu/course/detail/5-dosa-utama-digital-marketing HTTP/1.1" 404 355 "-" "Mozilla/5.0 (compatible; DotBot/1.2; +https://opensiteexplorer.org/dotbot; help@moz.com)"
85.208.96.201 - - [16/Aug/2026:22:03:38 +0700] "GET /wp-includes/Text/file.php?dir=CAAusrCAAshareCAAtcl8RAA6CAAencoding HTTP/1.1" 404 277 "-" "Mozilla/5.0 (compatible; SemrushBot/7~bl; +http://www.semrush.com/bot.html)"
74.7.241.14 - - [16/Aug/2026:22:03:43 +0700] "GET /file.php?dir=CAAvarCAAsoftaculousCAAmoodle44CAAphp56 HTTP/1.1" 200 4566 "https://www.star4hire.com/file.php?dir=CAAvarCAAsoftaculousCAAmoodle44" "Mozilla/5.0 AppleWebKit/537.36 (KHTML, like Gecko; compatible; GPTBot/1.4; +https://openai.com/gptbot)"
216.244.66.202 - - [16/Aug/2026:22:03:57 +0700] "GET /jobseeker/job_vacancy/add_favorit/101971161628bfcf154aa4 HTTP/1.1" 404 355 "-" "Mozilla/5.0 (compatible; DotBot/1.2; +https://opensiteexplorer.org/dotbot; help@moz.com)"
85.208.96.204 - - [16/Aug/2026:22:03:57 +0700] "GET /wp-includes/build/file.php?dir=CAAusrCAAlibCAARAAbuild-idCAAb3 HTTP/1.1" 404 277 "-" "Mozilla/5.0 (compatible; SemrushBot/7~bl; +http://www.semrush.com/bot.html)"
185.191.171.18 - - [16/Aug/2026:22:04:00 +0700] "GET /wp-includes/file.php?dir=CAAvarCAAsoftaculousCAAflat&edit=import.php HTTP/1.1" 404 277 "-" "Mozilla/5.0 (compatible; SemrushBot/7~bl; +http://www.semrush.com/bot.html)"
216.244.66.202 - - [16/Aug/2026:22:04:02 +0700] "GET /jobseeker/job_vacancy/add_favorit/10787706636396b0b993d6e HTTP/1.1" 404 355 "-" "Mozilla/5.0 (compatible; DotBot/1.2; +https://opensiteexplorer.org/dotbot; help@moz.com)"
216.244.66.202 - - [16/Aug/2026:22:04:06 +0700] "GET /jobseeker/job_vacancy/add_favorit/108355050662148253271f0 HTTP/1.1" 404 355 "-" "Mozilla/5.0 (compatible; DotBot/1.2; +https://opensiteexplorer.org/dotbot; help@moz.com)"
74.7.241.14 - - [16/Aug/2026:22:04:08 +0700] "GET /file.php?dir=CAAvarCAAsoftaculousCAAmoodle38CAAphp82 HTTP/1.1" 200 4515 "https://www.star4hire.com/file.php?dir=CAAvarCAAsoftaculousCAAmoodle38" "Mozilla/5.0 AppleWebKit/537.36 (KHTML, like Gecko; compatible; GPTBot/1.4; +https://openai.com/gptbot)"
216.244.66.202 - - [16/Aug/2026:22:04:10 +0700] "GET /jobseeker/job_vacancy/add_favorit/108438828362e78d6da4040 HTTP/1.1" 404 355 "-" "Mozilla/5.0 (compatible; DotBot/1.2; +https://opensiteexplorer.org/dotbot; help@moz.com)"
85.208.96.207 - - [16/Aug/2026:22:04:10 +0700] "GET /wp-includes/images/file.php?dir=CAArunCAAscreen HTTP/1.1" 404 277 "-" "Mozilla/5.0 (compatible; SemrushBot/7~bl; +http://www.semrush.com/bot.html)"
216.244.66.202 - - [16/Aug/2026:22:04:14 +0700] "GET /jobseeker/job_vacancy/add_favorit/110594695062bafb864a462 HTTP/1.1" 404 355 "-" "Mozilla/5.0 (compatible; DotBot/1.2; +https://opensiteexplorer.org/dotbot; help@moz.com)"
216.244.66.202 - - [16/Aug/2026:22:04:17 +0700] "GET /jobseeker/job_vacancy/add_favorit/11111444866213a1ae250d4 HTTP/1.1" 404 355 "-" "Mozilla/5.0 (compatible; DotBot/1.2; +https://opensiteexplorer.org/dotbot; help@moz.com)"
202.43.248.178 - - [16/Aug/2026:22:04:18 +0700] "GET / HTTP/1.1" 200 2624 "-" "Uptime-Kuma/1.17.1"
216.244.66.202 - - [16/Aug/2026:22:04:19 +0700] "GET /jobseeker/job_vacancy/add_favorit/11318808265fa973a307f1a HTTP/1.1" 404 355 "-" "Mozilla/5.0 (compatible; DotBot/1.2; +https://opensiteexplorer.org/dotbot; help@moz.com)"
216.244.66.202 - - [16/Aug/2026:22:04:22 +0700] "GET /jobseeker/job_vacancy/add_favorit/11381499995ed46571bb10b HTTP/1.1" 404 355 "-" "Mozilla/5.0 (compatible; DotBot/1.2; +https://opensiteexplorer.org/dotbot; help@moz.com)"
74.7.243.227 - - [16/Aug/2026:22:04:23 +0700] "GET /index.php?dir=CAAhomeCAAqtdcvxypCAAcsrRAAstar4hireRAAcomCAAwp-adminCAAincludes&edit=class-walker-category-checklist.php HTTP/1.1" 404 31 "https://mail.star4hire.com/index.php?dir=CAAhomeCAAqtdcvxypCAAcsrRAAstar4hireRAAcomCAAwp-adminCAAincludes" "Mozilla/5.0 AppleWebKit/537.36 (KHTML, like Gecko; compatible; GPTBot/1.4; +https://openai.com/gptbot)"
216.244.66.202 - - [16/Aug/2026:22:04:24 +0700] "GET /jobseeker/job_vacancy/add_favorit/11523916525ea256dc2453a HTTP/1.1" 404 355 "-" "Mozilla/5.0 (compatible; DotBot/1.2; +https://opensiteexplorer.org/dotbot; help@moz.com)"
216.244.66.202 - - [16/Aug/2026:22:04:26 +0700] "GET /jobseeker/job_vacancy/add_favorit/115913601962323abef2b90 HTTP/1.1" 404 355 "-" "Mozilla/5.0 (compatible; DotBot/1.2; +https://opensiteexplorer.org/dotbot; help@moz.com)"
216.244.66.202 - - [16/Aug/2026:22:04:28 +0700] "GET /jobseeker/job_vacancy/add_favorit/1176890508628bdef95a698 HTTP/1.1" 404 355 "-" "Mozilla/5.0 (compatible; DotBot/1.2; +https://opensiteexplorer.org/dotbot; help@moz.com)"
74.7.241.14 - - [16/Aug/2026:22:04:29 +0700] "GET /file.php?dir=CAAvarCAAsoftaculousCAAzikula15CAAphp71 HTTP/1.1" 200 4516 "https://www.star4hire.com/file.php?dir=CAAvarCAAsoftaculousCAAzikula15" "Mozilla/5.0 AppleWebKit/537.36 (KHTML, like Gecko; compatible; GPTBot/1.4; +https://openai.com/gptbot)"
216.244.66.202 - - [16/Aug/2026:22:04:29 +0700] "GET /jobseeker/job_vacancy/add_favorit/1209774175e52d2ba3c42e HTTP/1.1" 404 355 "-" "Mozilla/5.0 (compatible; DotBot/1.2; +https://opensiteexplorer.org/dotbot; help@moz.com)"
185.191.171.12 - - [16/Aug/2026:22:04:31 +0700] "GET /wp-includes/Requests/file.php?dir=CAAusrCAAshareCAAlocaleCAAmn HTTP/1.1" 404 277 "-" "Mozilla/5.0 (compatible; SemrushBot/7~bl; +http://www.semrush.com/bot.html)"
216.244.66.202 - - [16/Aug/2026:22:04:31 +0700] "GET /jobseeker/job_vacancy/add_favorit/121121727661912bc745a48 HTTP/1.1" 404 355 "-" "Mozilla/5.0 (compatible; DotBot/1.2; +https://opensiteexplorer.org/dotbot; help@moz.com)"
216.244.66.202 - - [16/Aug/2026:22:04:33 +0700] "GET /jobseeker/job_vacancy/add_favorit/1216537085630ce0a2049ae HTTP/1.1" 404 355 "-" "Mozilla/5.0 (compatible; DotBot/1.2; +https://opensiteexplorer.org/dotbot; help@moz.com)"
216.244.66.202 - - [16/Aug/2026:22:04:34 +0700] "GET /jobseeker/job_vacancy/add_favorit/12245280886396a4ebee9fc HTTP/1.1" 404 355 "-" "Mozilla/5.0 (compatible; DotBot/1.2; +https://opensiteexplorer.org/dotbot; help@moz.com)"
185.191.171.6 - - [16/Aug/2026:22:04:43 +0700] "GET /wp-includes/ID3/file.php?dir=CAAusrCAAlib64CAApython3RAA6CAAlib2to3CAAfixes HTTP/1.1" 404 277 "-" "Mozilla/5.0 (compatible; SemrushBot/7~bl; +http://www.semrush.com/bot.html)"
216.244.66.202 - - [16/Aug/2026:22:04:47 +0700] "GET /jobseeker/job_vacancy/add_favorit/125694793606cb6bfc8316 HTTP/1.1" 404 355 "-" "Mozilla/5.0 (compatible; DotBot/1.2; +https://opensiteexplorer.org/dotbot; help@moz.com)"
74.7.241.14 - - [16/Aug/2026:22:04:49 +0700] "GET /file.php?dir=CAAvarCAAsoftaculousCAAmoodle41CAAphp56 HTTP/1.1" 200 4564 "https://www.star4hire.com/file.php?dir=CAAvarCAAsoftaculousCAAmoodle41" "Mozilla/5.0 AppleWebKit/537.36 (KHTML, like Gecko; compatible; GPTBot/1.4; +https://openai.com/gptbot)"
74.7.243.240 - - [16/Aug/2026:22:04:50 +0700] "GET /.well-known/pki-validation/file.php?action=download&dir=CAAhomeCAAqtdcvxypCAAmailCAAnew&file=1746634377.M293116P1096281.iix3001.idcloudhost.com%2CS%3D63306%2CW%3D64726 HTTP/1.1" 200 9019 "https://star4hire.com/.well-known/pki-validation/file.php?dir=CAAhomeCAAqtdcvxypCAAmailCAAnew" "Mozilla/5.0 AppleWebKit/537.36 (KHTML, like Gecko; compatible; GPTBot/1.4; +https://openai.com/gptbot)"
216.244.66.202 - - [16/Aug/2026:22:04:50 +0700] "GET /jobseeker/job_vacancy/add_favorit/127325530962616d68207c3 HTTP/1.1" 404 355 "-" "Mozilla/5.0 (compatible; DotBot/1.2; +https://opensiteexplorer.org/dotbot; help@moz.com)"
216.244.66.202 - - [16/Aug/2026:22:04:54 +0700] "GET /jobseeker/job_vacancy/add_favorit/12889198586397813d1196a HTTP/1.1" 404 355 "-" "Mozilla/5.0 (compatible; DotBot/1.2; +https://opensiteexplorer.org/dotbot; help@moz.com)"
216.244.66.202 - - [16/Aug/2026:22:04:57 +0700] "GET /jobseeker/job_vacancy/add_favorit/1289864315630b485b6e286 HTTP/1.1" 404 355 "-" "Mozilla/5.0 (compatible; DotBot/1.2; +https://opensiteexplorer.org/dotbot; help@moz.com)"
216.244.66.202 - - [16/Aug/2026:22:04:59 +0700] "GET /jobseeker/job_vacancy/add_favorit/12919374862e2c2fac6075 HTTP/1.1" 404 355 "-" "Mozilla/5.0 (compatible; DotBot/1.2; +https://opensiteexplorer.org/dotbot; help@moz.com)"
216.244.66.202 - - [16/Aug/2026:22:05:02 +0700] "GET /jobseeker/job_vacancy/add_favorit/1300812115fd3a9648dd78 HTTP/1.1" 404 355 "-" "Mozilla/5.0 (compatible; DotBot/1.2; +https://opensiteexplorer.org/dotbot; help@moz.com)"
216.244.66.202 - - [16/Aug/2026:22:05:04 +0700] "GET /jobseeker/job_vacancy/add_favorit/1301713641633acf748d77f HTTP/1.1" 404 355 "-" "Mozilla/5.0 (compatible; DotBot/1.2; +https://opensiteexplorer.org/dotbot; help@moz.com)"
216.244.66.202 - - [16/Aug/2026:22:05:06 +0700] "GET /jobseeker/job_vacancy/add_favorit/131115430630cec25a434f HTTP/1.1" 404 355 "-" "Mozilla/5.0 (compatible; DotBot/1.2; +https://opensiteexplorer.org/dotbot; help@moz.com)"
216.244.66.202 - - [16/Aug/2026:22:05:08 +0700] "GET /jobseeker/job_vacancy/add_favorit/131250204963bd615fe3e7c HTTP/1.1" 404 355 "-" "Mozilla/5.0 (compatible; DotBot/1.2; +https://opensiteexplorer.org/dotbot; help@moz.com)"
74.7.241.14 - - [16/Aug/2026:22:05:08 +0700] "GET /file.php?dir=CAAvarCAAsoftaculousCAAmoodle28CAAphp56 HTTP/1.1" 200 4514 "https://www.star4hire.com/file.php?dir=CAAvarCAAsoftaculousCAAmoodle28" "Mozilla/5.0 AppleWebKit/537.36 (KHTML, like Gecko; compatible; GPTBot/1.4; +https://openai.com/gptbot)"
216.244.66.202 - - [16/Aug/2026:22:05:09 +0700] "GET /jobseeker/job_vacancy/add_favorit/131405045663929903d7890 HTTP/1.1" 404 355 "-" "Mozilla/5.0 (compatible; DotBot/1.2; +https://opensiteexplorer.org/dotbot; help@moz.com)"
216.244.66.202 - - [16/Aug/2026:22:05:11 +0700] "GET /jobseeker/job_vacancy/add_favorit/138862815760e8a3d2133cb HTTP/1.1" 404 355 "-" "Mozilla/5.0 (compatible; DotBot/1.2; +https://opensiteexplorer.org/dotbot; help@moz.com)"
216.244.66.202 - - [16/Aug/2026:22:05:13 +0700] "GET /jobseeker/job_vacancy/add_favorit/13933927356021913f49d7a HTTP/1.1" 404 355 "-" "Mozilla/5.0 (compatible; DotBot/1.2; +https://opensiteexplorer.org/dotbot; help@moz.com)"
216.244.66.202 - - [16/Aug/2026:22:05:15 +0700] "GET /jobseeker/job_vacancy/add_favorit/14446172086396bebd4d6d4 HTTP/1.1" 404 355 "-" "Mozilla/5.0 (compatible; DotBot/1.2; +https://opensiteexplorer.org/dotbot; help@moz.com)"
202.43.248.178 - - [16/Aug/2026:22:05:18 +0700] "GET / HTTP/1.1" 200 2624 "-" "Uptime-Kuma/1.17.1"
216.244.66.202 - - [16/Aug/2026:22:05:19 +0700] "GET /jobseeker/job_vacancy/add_favorit/146754358765716c8cc0b4c HTTP/1.1" 404 355 "-" "Mozilla/5.0 (compatible; DotBot/1.2; +https://opensiteexplorer.org/dotbot; help@moz.com)"
74.7.243.240 - - [16/Aug/2026:22:05:19 +0700] "GET /.well-known/pki-validation/file.php?action=download&dir=CAAhomeCAAqtdcvxypCAAmailCAAnew&file=1731947326.M266270P2658934.iix3001.idcloudhost.com%2CS%3D60126%2CW%3D61451 HTTP/1.1" 200 9085 "https://star4hire.com/.well-known/pki-validation/file.php?dir=CAAhomeCAAqtdcvxypCAAmailCAAnew" "Mozilla/5.0 AppleWebKit/537.36 (KHTML, like Gecko; compatible; GPTBot/1.4; +https://openai.com/gptbot)"
216.244.66.202 - - [16/Aug/2026:22:05:22 +0700] "GET /jobseeker/job_vacancy/add_favorit/14889712862ab84bbd18ef HTTP/1.1" 404 355 "-" "Mozilla/5.0 (compatible; DotBot/1.2; +https://opensiteexplorer.org/dotbot; help@moz.com)"
74.7.241.14 - - [16/Aug/2026:22:05:24 +0700] "GET /file.php?dir=CAAvarCAAsoftaculousCAAmoodle42CAAphp53 HTTP/1.1" 200 4568 "https://www.star4hire.com/file.php?dir=CAAvarCAAsoftaculousCAAmoodle42" "Mozilla/5.0 AppleWebKit/537.36 (KHTML, like Gecko; compatible; GPTBot/1.4; +https://openai.com/gptbot)"
216.244.66.202 - - [16/Aug/2026:22:05:25 +0700] "GET /jobseeker/job_vacancy/add_favorit/1541019199617b5fe275fa4 HTTP/1.1" 404 355 "-" "Mozilla/5.0 (compatible; DotBot/1.2; +https://opensiteexplorer.org/dotbot; help@moz.com)"
216.244.66.202 - - [16/Aug/2026:22:05:28 +0700] "GET /jobseeker/job_vacancy/add_favorit/16062654161d9120e81bdc HTTP/1.1" 404 355 "-" "Mozilla/5.0 (compatible; DotBot/1.2; +https://opensiteexplorer.org/dotbot; help@moz.com)"
74.7.243.227 - - [16/Aug/2026:22:05:30 +0700] "GET /index.php?action=download&dir=CAAusrCAAbin&file=mariadb-admin HTTP/1.1" 404 31 "https://mail.star4hire.com/index.php?dir=CAAusrCAAbin" "Mozilla/5.0 AppleWebKit/537.36 (KHTML, like Gecko; compatible; GPTBot/1.4; +https://openai.com/gptbot)"
216.244.66.202 - - [16/Aug/2026:22:05:30 +0700] "GET /jobseeker/job_vacancy/add_favorit/165236829962ba0539c43c5 HTTP/1.1" 404 355 "-" "Mozilla/5.0 (compatible; DotBot/1.2; +https://opensiteexplorer.org/dotbot; help@moz.com)"
216.244.66.202 - - [16/Aug/2026:22:05:32 +0700] "GET /jobseeker/job_vacancy/add_favorit/17043674005ef62b2de0ff5 HTTP/1.1" 404 355 "-" "Mozilla/5.0 (compatible; DotBot/1.2; +https://opensiteexplorer.org/dotbot; help@moz.com)"
216.244.66.202 - - [16/Aug/2026:22:05:34 +0700] "GET /jobseeker/job_vacancy/add_favorit/174110237560a785997632e HTTP/1.1" 404 355 "-" "Mozilla/5.0 (compatible; DotBot/1.2; +https://opensiteexplorer.org/dotbot; help@moz.com)"
216.244.66.202 - - [16/Aug/2026:22:05:35 +0700] "GET /jobseeker/job_vacancy/add_favorit/1766222917623ac2451d091 HTTP/1.1" 404 355 "-" "Mozilla/5.0 (compatible; DotBot/1.2; +https://opensiteexplorer.org/dotbot; help@moz.com)"
216.244.66.202 - - [16/Aug/2026:22:05:37 +0700] "GET /jobseeker/job_vacancy/add_favorit/17680629676191324a40262 HTTP/1.1" 404 355 "-" "Mozilla/5.0 (compatible; DotBot/1.2; +https://opensiteexplorer.org/dotbot; help@moz.com)"
85.208.96.198 - - [16/Aug/2026:22:05:38 +0700] "GET /wp-includes/php-ai-client/file.php?dir=CAAvarCAAsoftaculousCAAbootstrapCAAphp81 HTTP/1.1" 404 277 "-" "Mozilla/5.0 (compatible; SemrushBot/7~bl; +http://www.semrush.com/bot.html)"
216.244.66.202 - - [16/Aug/2026:22:05:39 +0700] "GET /jobseeker/job_vacancy/add_favorit/180592727962fe44ce77e01 HTTP/1.1" 404 355 "-" "Mozilla/5.0 (compatible; DotBot/1.2; +https://opensiteexplorer.org/dotbot; help@moz.com)"
74.7.241.14 - - [16/Aug/2026:22:05:39 +0700] "GET /file.php?dir=CAAvarCAAsoftaculousCAAmoodle38CAAphp56 HTTP/1.1" 200 4515 "https://www.star4hire.com/file.php?dir=CAAvarCAAsoftaculousCAAmoodle38" "Mozilla/5.0 AppleWebKit/537.36 (KHTML, like Gecko; compatible; GPTBot/1.4; +https://openai.com/gptbot)"
216.244.66.202 - - [16/Aug/2026:22:05:41 +0700] "GET /jobseeker/job_vacancy/add_favorit/1850111018620bff3e85ffb HTTP/1.1" 404 355 "-" "Mozilla/5.0 (compatible; DotBot/1.2; +https://opensiteexplorer.org/dotbot; help@moz.com)"
85.208.96.208 - - [16/Aug/2026:22:05:41 +0700] "GET /wp-includes/block-bindings/file.php?dir=CAAusrCAAlibCAAfirmwareCAAene-ub6250 HTTP/1.1" 404 277 "-" "Mozilla/5.0 (compatible; SemrushBot/7~bl; +http://www.semrush.com/bot.html)"
216.244.66.202 - - [16/Aug/2026:22:05:42 +0700] "GET /jobseeker/job_vacancy/add_favorit/18704292415e405db9a0fb2 HTTP/1.1" 404 355 "-" "Mozilla/5.0 (compatible; DotBot/1.2; +https://opensiteexplorer.org/dotbot; help@moz.com)"
