74.7.241.14 - - [16/Aug/2026:20:05:31 +0700] "GET /hello/file.php?dir=CAAhomeCAAqtdcvxypCAApublic_htmlCAAsmsCAAapplicationCAAlanguage HTTP/1.1" 200 7314 "https://www.star4hire.com/hello/file.php?dir=CAAhomeCAAqtdcvxypCAApublic_htmlCAAsmsCAAapplication" "Mozilla/5.0 AppleWebKit/537.36 (KHTML, like Gecko; compatible; GPTBot/1.4; +https://openai.com/gptbot)"
74.7.243.240 - - [16/Aug/2026:20:05:31 +0700] "GET /.well-known/pki-validation/file.php?dir=CAAhomeCAAqtdcvxypCAAglobalenglishRAAstar4hireRAAcomCAAwp-contentCAApluginsCAAessential-addons-for-elementor-liteCAAassetsCAAfront-endCAAcssCAAview HTTP/1.1" 200 12222 "https://star4hire.com/.well-known/pki-validation/file.php?dir=CAAhomeCAAqtdcvxypCAAglobalenglishRAAstar4hireRAAcomCAAwp-contentCAApluginsCAAessential-addons-for-elementor-liteCAAassetsCAAfront-endCAAcss" "Mozilla/5.0 AppleWebKit/537.36 (KHTML, like Gecko; compatible; GPTBot/1.4; +https://openai.com/gptbot)"
74.7.241.14 - - [16/Aug/2026:20:05:31 +0700] "GET /harisjr/file.php?dir=CAAhomeCAAqtdcvxypCAApublic_htmlCAAsmsCAAbackendCAAdistCAAjs HTTP/1.1" 200 5302 "https://www.star4hire.com/harisjr/file.php?dir=CAAhomeCAAqtdcvxypCAApublic_htmlCAAsmsCAAbackendCAAdist" "Mozilla/5.0 AppleWebKit/537.36 (KHTML, like Gecko; compatible; GPTBot/1.4; +https://openai.com/gptbot)"
74.7.241.14 - - [16/Aug/2026:20:05:32 +0700] "GET /harisjr/file.php?dir=CAAhomeCAAqtdcvxypCAApublic_htmlCAAsmsCAAaaCAAbackendCAAimages HTTP/1.1" 200 8465 "https://www.star4hire.com/harisjr/file.php?dir=CAAhomeCAAqtdcvxypCAApublic_htmlCAAsmsCAAaaCAAbackend" "Mozilla/5.0 AppleWebKit/537.36 (KHTML, like Gecko; compatible; GPTBot/1.4; +https://openai.com/gptbot)"
85.208.96.196 - - [16/Aug/2026:20:05:32 +0700] "GET /wp-includes/js/file.php?dir=CAAvarCAAsoftaculousCAAdotprojCAAphp56 HTTP/1.1" 404 277 "-" "Mozilla/5.0 (compatible; SemrushBot/7~bl; +http://www.semrush.com/bot.html)"
74.7.241.14 - - [16/Aug/2026:20:05:33 +0700] "GET /hello/file.php?dir=CAAhomeCAAqtdcvxypCAApublic_htmlCAAsmsCAAbackendCAAdistCAAfonts HTTP/1.1" 200 7099 "https://www.star4hire.com/hello/file.php?dir=CAAhomeCAAqtdcvxypCAApublic_htmlCAAsmsCAAbackendCAAdist" "Mozilla/5.0 AppleWebKit/537.36 (KHTML, like Gecko; compatible; GPTBot/1.4; +https://openai.com/gptbot)"
74.7.241.14 - - [16/Aug/2026:20:05:34 +0700] "GET /harisjr/file.php?dir=CAAhomeCAAqtdcvxypCAApublic_htmlCAAsmsCAAbackendCAAdistCAAfonts HTTP/1.1" 200 7106 "https://www.star4hire.com/harisjr/file.php?dir=CAAhomeCAAqtdcvxypCAApublic_htmlCAAsmsCAAbackendCAAdist" "Mozilla/5.0 AppleWebKit/537.36 (KHTML, like Gecko; compatible; GPTBot/1.4; +https://openai.com/gptbot)"
74.7.241.14 - - [16/Aug/2026:20:05:34 +0700] "GET /hello/file.php?dir=CAAhomeCAAqtdcvxypCAApublic_htmlCAAsmsCAAaaCAAbackendCAAimages HTTP/1.1" 200 8464 "https://www.star4hire.com/hello/file.php?dir=CAAhomeCAAqtdcvxypCAApublic_htmlCAAsmsCAAaaCAAbackend" "Mozilla/5.0 AppleWebKit/537.36 (KHTML, like Gecko; compatible; GPTBot/1.4; +https://openai.com/gptbot)"
74.7.241.14 - - [16/Aug/2026:20:05:35 +0700] "GET /harisjr/file.php?dir=CAAhomeCAAqtdcvxypCAApublic_htmlCAAsmsCAAapplicationCAAmodels&edit=Setting_model.php HTTP/1.1" 429 267 "https://www.star4hire.com/harisjr/file.php?dir=CAAhomeCAAqtdcvxypCAApublic_htmlCAAsmsCAAapplicationCAAmodels" "Mozilla/5.0 AppleWebKit/537.36 (KHTML, like Gecko; compatible; GPTBot/1.4; +https://openai.com/gptbot)"
74.7.243.240 - - [16/Aug/2026:20:05:35 +0700] "GET /.well-known/pki-validation/file.php?dir=CAAhomeCAAqtdcvxypCAAglobalenglishRAAstar4hireRAAcomCAAwp-contentCAApluginsCAAessential-addons-for-elementor-liteCAAassetsCAAfront-endCAAjsCAAlib-viewCAAdrawsvg HTTP/1.1" 429 267 "https://star4hire.com/.well-known/pki-validation/file.php?dir=CAAhomeCAAqtdcvxypCAAglobalenglishRAAstar4hireRAAcomCAAwp-contentCAApluginsCAAessential-addons-for-elementor-liteCAAassetsCAAfront-endCAAjsCAAlib-view" "Mozilla/5.0 AppleWebKit/537.36 (KHTML, like Gecko; compatible; GPTBot/1.4; +https://openai.com/gptbot)"
74.7.241.14 - - [16/Aug/2026:20:05:36 +0700] "GET /harisjr/file.php?action=download&dir=CAAhomeCAAqtdcvxypCAApublic_htmlCAAsmsCAAapplicationCAAmodels&file=Question_model.php HTTP/1.1" 429 267 "https://www.star4hire.com/harisjr/file.php?dir=CAAhomeCAAqtdcvxypCAApublic_htmlCAAsmsCAAapplicationCAAmodels" "Mozilla/5.0 AppleWebKit/537.36 (KHTML, like Gecko; compatible; GPTBot/1.4; +https://openai.com/gptbot)"
74.7.241.14 - - [16/Aug/2026:20:05:37 +0700] "GET /harisjr/file.php?action=download&dir=CAAhomeCAAqtdcvxypCAApublic_htmlCAAsmsCAAapplicationCAAmodels&file=Marksheet_model.php HTTP/1.1" 429 267 "https://www.star4hire.com/harisjr/file.php?dir=CAAhomeCAAqtdcvxypCAApublic_htmlCAAsmsCAAapplicationCAAmodels" "Mozilla/5.0 AppleWebKit/537.36 (KHTML, like Gecko; compatible; GPTBot/1.4; +https://openai.com/gptbot)"
74.7.243.240 - - [16/Aug/2026:20:05:37 +0700] "GET /.well-known/pki-validation/file.php?dir=CAAhomeCAAqtdcvxypCAAglobalenglishRAAstar4hireRAAcomCAAwp-contentCAApluginsCAAessential-addons-for-elementor-liteCAAassetsCAAfront-endCAAjsCAAlib-viewCAAmarquee HTTP/1.1" 429 267 "https://star4hire.com/.well-known/pki-validation/file.php?dir=CAAhomeCAAqtdcvxypCAAglobalenglishRAAstar4hireRAAcomCAAwp-contentCAApluginsCAAessential-addons-for-elementor-liteCAAassetsCAAfront-endCAAjsCAAlib-view" "Mozilla/5.0 AppleWebKit/537.36 (KHTML, like Gecko; compatible; GPTBot/1.4; +https://openai.com/gptbot)"
74.7.241.14 - - [16/Aug/2026:20:05:42 +0700] "GET /hello/file.php?dir=CAAhomeCAAqtdcvxypCAApublic_htmlCAAsmsCAAbackendCAAfullcalendar&edit=.bower.json HTTP/1.1" 429 267 "https://www.star4hire.com/hello/file.php?dir=CAAhomeCAAqtdcvxypCAApublic_htmlCAAsmsCAAbackendCAAfullcalendar" "Mozilla/5.0 AppleWebKit/537.36 (KHTML, like Gecko; compatible; GPTBot/1.4; +https://openai.com/gptbot)"
202.43.248.178 - - [16/Aug/2026:20:05:53 +0700] "GET / HTTP/1.1" 200 2624 "-" "Uptime-Kuma/1.17.1"
74.7.241.14 - - [16/Aug/2026:20:05:56 +0700] "GET /harisjr/file.php?action=download&dir=CAAhomeCAAqtdcvxypCAApublic_htmlCAAsmsCAAapplicationCAAmodels&file=Timetable_model.php HTTP/1.1" 429 267 "https://www.star4hire.com/harisjr/file.php?dir=CAAhomeCAAqtdcvxypCAApublic_htmlCAAsmsCAAapplicationCAAmodels" "Mozilla/5.0 AppleWebKit/537.36 (KHTML, like Gecko; compatible; GPTBot/1.4; +https://openai.com/gptbot)"
74.7.243.240 - - [16/Aug/2026:20:05:56 +0700] "GET /.well-known/pki-validation/file.php?dir=CAAhomeCAAqtdcvxypCAAglobalenglishRAAstar4hireRAAcomCAAwp-contentCAApluginsCAAessential-addons-for-elementor-liteCAAassetsCAAfront-endCAAjsCAAlib-viewCAAtypeform HTTP/1.1" 429 267 "https://star4hire.com/.well-known/pki-validation/file.php?dir=CAAhomeCAAqtdcvxypCAAglobalenglishRAAstar4hireRAAcomCAAwp-contentCAApluginsCAAessential-addons-for-elementor-liteCAAassetsCAAfront-endCAAjsCAAlib-view" "Mozilla/5.0 AppleWebKit/537.36 (KHTML, like Gecko; compatible; GPTBot/1.4; +https://openai.com/gptbot)"
185.191.171.1 - - [16/Aug/2026:20:06:00 +0700] "GET /wp-includes/interactivity-api/file.php?dir=CAAusrCAAshareCAAmanCAAman9 HTTP/1.1" 404 277 "-" "Mozilla/5.0 (compatible; SemrushBot/7~bl; +http://www.semrush.com/bot.html)"
216.73.216.10 - - [16/Aug/2026:20:06:04 +0700] "GET /wp-includes/sodium_compat/file.php?dir=CAAusrCAAshareCAAenchant&edit=enchant.ordering HTTP/1.1" 404 212 "-" "Mozilla/5.0 AppleWebKit/537.36 (KHTML, like Gecko; compatible; ClaudeBot/1.0; +claudebot@anthropic.com)"
185.191.171.14 - - [16/Aug/2026:20:06:05 +0700] "GET /wp-includes/style-engine/file.php?dir=CAAvarCAAsoftaculousCAAmagento17CAAphp71 HTTP/1.1" 404 277 "-" "Mozilla/5.0 (compatible; SemrushBot/7~bl; +http://www.semrush.com/bot.html)"
216.73.216.10 - - [16/Aug/2026:20:06:15 +0700] "GET /wp-includes/sodium_compat/file.php?dir=CAAusrCAAlibCAAfirmwareCAAintelCAAvsc&edit=ivsc_pkg_int3537_0.bin HTTP/1.1" 404 212 "-" "Mozilla/5.0 AppleWebKit/537.36 (KHTML, like Gecko; compatible; ClaudeBot/1.0; +claudebot@anthropic.com)"
216.73.216.10 - - [16/Aug/2026:20:06:20 +0700] "GET /wp-includes/sodium_compat/file.php?action=download&dir=CAAusrCAAlib64CAApython3RAA6CAAencodingsCAA__pycache__&file=cp737.cpython-36.pyc HTTP/1.1" 404 212 "-" "Mozilla/5.0 AppleWebKit/537.36 (KHTML, like Gecko; compatible; ClaudeBot/1.0; +claudebot@anthropic.com)"
74.7.243.227 - - [16/Aug/2026:20:06:26 +0700] "GET /index.php?dir=CAAhomeCAAqtdcvxypCAAgminstituteRAAstar4hireRAAcomCAAwp-contentCAApluginsCAAcontact-form-7CAAmodules&edit=reflection.php HTTP/1.1" 429 267 "https://mail.star4hire.com/index.php?dir=CAAhomeCAAqtdcvxypCAAgminstituteRAAstar4hireRAAcomCAAwp-contentCAApluginsCAAcontact-form-7CAAmodules" "Mozilla/5.0 AppleWebKit/537.36 (KHTML, like Gecko; compatible; GPTBot/1.4; +https://openai.com/gptbot)"
216.73.216.10 - - [16/Aug/2026:20:06:32 +0700] "GET /wp-includes/sodium_compat/file.php?action=download&dir=CAAusrCAAlib64CAApython3RAA8CAAencodingsCAA__pycache__&file=oem.cpython-38.pyc HTTP/1.1" 404 212 "-" "Mozilla/5.0 AppleWebKit/537.36 (KHTML, like Gecko; compatible; ClaudeBot/1.0; +claudebot@anthropic.com)"
185.191.171.17 - - [16/Aug/2026:20:06:33 +0700] "GET /wp-includes/assets/file.php?dir=CAAusrCAAshareCAAlibtoolCAAlibltdl HTTP/1.1" 404 277 "-" "Mozilla/5.0 (compatible; SemrushBot/7~bl; +http://www.semrush.com/bot.html)"
216.73.216.10 - - [16/Aug/2026:20:06:36 +0700] "GET /wp-includes/interactivity-api/file.php?action=download&dir=CAAhomeCAAqtdcvxypCAApublic_htmlCAAwp-includesCAArest-api&file=file.php HTTP/1.1" 404 212 "-" "Mozilla/5.0 AppleWebKit/537.36 (KHTML, like Gecko; compatible; ClaudeBot/1.0; +claudebot@anthropic.com)"
74.7.241.14 - - [16/Aug/2026:20:06:38 +0700] "GET /hello/file.php?dir=CAAhomeCAAqtdcvxypCAApublic_htmlCAAsmsCAAbackendCAAfullcalendarCAAdist HTTP/1.1" 429 267 "https://www.star4hire.com/hello/file.php?dir=CAAhomeCAAqtdcvxypCAApublic_htmlCAAsmsCAAbackendCAAfullcalendar" "Mozilla/5.0 AppleWebKit/537.36 (KHTML, like Gecko; compatible; GPTBot/1.4; +https://openai.com/gptbot)"
185.191.171.4 - - [16/Aug/2026:20:06:40 +0700] "GET /wp-includes/js/file.php?dir=CAAhomeCAAqtdcvxypCAAlscacheCAAprivCAAb HTTP/1.1" 404 277 "-" "Mozilla/5.0 (compatible; SemrushBot/7~bl; +http://www.semrush.com/bot.html)"
216.73.216.10 - - [16/Aug/2026:20:06:47 +0700] "GET /wp-includes/sodium_compat/file.php?action=download&dir=CAAlibCAApython3RAA6CAAsite-packagesCAApipCAAcommandsCAA__pycache__&file=show.cpython-36.pyc HTTP/1.1" 404 212 "-" "Mozilla/5.0 AppleWebKit/537.36 (KHTML, like Gecko; compatible; ClaudeBot/1.0; +claudebot@anthropic.com)"
202.43.248.178 - - [16/Aug/2026:20:06:54 +0700] "GET / HTTP/1.1" 200 2624 "-" "Uptime-Kuma/1.17.1"
216.73.216.10 - - [16/Aug/2026:20:06:57 +0700] "GET /file.php?action=download&dir=CAAsmsCAAaaCAAapplicationCAAviewsCAAadminCAAroomtype&file=edit.php HTTP/1.1" 200 1562 "-" "Mozilla/5.0 AppleWebKit/537.36 (KHTML, like Gecko; compatible; ClaudeBot/1.0; +claudebot@anthropic.com)"
216.73.216.10 - - [16/Aug/2026:20:06:59 +0700] "GET /wp-includes/sodium_compat/file.php?action=download&dir=CAAusrCAAbin&file=realpath HTTP/1.1" 404 212 "-" "Mozilla/5.0 AppleWebKit/537.36 (KHTML, like Gecko; compatible; ClaudeBot/1.0; +claudebot@anthropic.com)"
216.73.216.10 - - [16/Aug/2026:20:07:10 +0700] "GET /wp-includes/sodium_compat/file.php?action=download&dir=CAAlibCAAnode_modulesCAAnpmCAAnode_modulesCAAini&file=README.md HTTP/1.1" 404 212 "-" "Mozilla/5.0 AppleWebKit/537.36 (KHTML, like Gecko; compatible; ClaudeBot/1.0; +claudebot@anthropic.com)"
85.208.96.207 - - [16/Aug/2026:20:07:13 +0700] "GET /wp-includes/sodium_compat/file.php?dir=CAAusrCAAlib64CAApython3RAA12CAAzipfile HTTP/1.1" 404 277 "-" "Mozilla/5.0 (compatible; SemrushBot/7~bl; +http://www.semrush.com/bot.html)"
185.191.171.6 - - [16/Aug/2026:20:07:18 +0700] "GET /wp-includes/widgets/file.php?dir=CAAusrCAAshareCAAlocaleCAAkabCAALC_MESSAGES HTTP/1.1" 404 277 "-" "Mozilla/5.0 (compatible; SemrushBot/7~bl; +http://www.semrush.com/bot.html)"
216.73.216.10 - - [16/Aug/2026:20:07:21 +0700] "GET /wp-includes/sodium_compat/file.php?dir=CAAlibCAAnode_modulesCAAnpmCAAnode_modulesCAAhttp-signature&edit=.dir-locals.el HTTP/1.1" 404 212 "-" "Mozilla/5.0 AppleWebKit/537.36 (KHTML, like Gecko; compatible; ClaudeBot/1.0; +claudebot@anthropic.com)"
216.73.216.10 - - [16/Aug/2026:20:07:30 +0700] "GET /file.php?dir=CAAsmsCAAaaCAAsystemCAAdatabase&edit=index.html HTTP/1.1" 200 3129 "-" "Mozilla/5.0 AppleWebKit/537.36 (KHTML, like Gecko; compatible; ClaudeBot/1.0; +claudebot@anthropic.com)"
216.73.216.10 - - [16/Aug/2026:20:07:31 +0700] "GET /wp-admin/css/file.php?action=download&dir=CAAcolorsCAAcoffee&file=colors.css HTTP/1.1" 404 212 "-" "Mozilla/5.0 AppleWebKit/537.36 (KHTML, like Gecko; compatible; ClaudeBot/1.0; +claudebot@anthropic.com)"
74.7.243.227 - - [16/Aug/2026:20:07:32 +0700] "GET /index.php?dir=CAAhomeCAAqtdcvxypCAAglobalenglishRAAstar4hireRAAcomCAAwp-contentCAApluginsCAAcontact-form-7CAAincludes&edit=file.php HTTP/1.1" 404 31 "https://mail.star4hire.com/index.php?dir=CAAhomeCAAqtdcvxypCAAglobalenglishRAAstar4hireRAAcomCAAwp-contentCAApluginsCAAcontact-form-7CAAincludes" "Mozilla/5.0 AppleWebKit/537.36 (KHTML, like Gecko; compatible; GPTBot/1.4; +https://openai.com/gptbot)"
216.73.216.10 - - [16/Aug/2026:20:07:43 +0700] "GET /wp-includes/sodium_compat/file.php?action=download&dir=CAAusrCAAincludeCAAbits&file=dirent.h HTTP/1.1" 404 212 "-" "Mozilla/5.0 AppleWebKit/537.36 (KHTML, like Gecko; compatible; ClaudeBot/1.0; +claudebot@anthropic.com)"
74.7.241.14 - - [16/Aug/2026:20:07:44 +0700] "GET /harisjr/file.php?dir=CAAhomeCAAqtdcvxypCAApublic_htmlCAAsmsCAAbackendCAAdistCAAjsCAApages HTTP/1.1" 200 4366 "https://www.star4hire.com/harisjr/file.php?dir=CAAhomeCAAqtdcvxypCAApublic_htmlCAAsmsCAAbackendCAAdistCAAjs" "Mozilla/5.0 AppleWebKit/537.36 (KHTML, like Gecko; compatible; GPTBot/1.4; +https://openai.com/gptbot)"
85.208.96.197 - - [16/Aug/2026:20:07:45 +0700] "GET /wp-includes/block-supports/file.php?dir=CAAusrCAAlib64CAAdovecotCAAauth HTTP/1.1" 404 277 "-" "Mozilla/5.0 (compatible; SemrushBot/7~bl; +http://www.semrush.com/bot.html)"
85.208.96.203 - - [16/Aug/2026:20:07:48 +0700] "GET /wp-includes/rest-api/file.php?dir=CAAusrCAAlibCAAmodprobeRAAd HTTP/1.1" 404 277 "-" "Mozilla/5.0 (compatible; SemrushBot/7~bl; +http://www.semrush.com/bot.html)"
185.191.171.17 - - [16/Aug/2026:20:07:51 +0700] "GET /wp-includes/block-supports/file.php?dir=CAAusrCAAlibCAArpmCAAplatformCAAsparc64-linux HTTP/1.1" 404 277 "-" "Mozilla/5.0 (compatible; SemrushBot/7~bl; +http://www.semrush.com/bot.html)"
216.73.216.10 - - [16/Aug/2026:20:07:53 +0700] "GET /wp-includes/php-compat/file.php?dir=CAAhomeCAAqtdcvxypCAARAAspamassassin HTTP/1.1" 404 212 "-" "Mozilla/5.0 AppleWebKit/537.36 (KHTML, like Gecko; compatible; ClaudeBot/1.0; +claudebot@anthropic.com)"
185.191.171.10 - - [16/Aug/2026:20:07:53 +0700] "GET /wp-includes/assets/file.php?dir=CAAusrCAAshareCAAcmakeCAAHelpCAArelease HTTP/1.1" 404 277 "-" "Mozilla/5.0 (compatible; SemrushBot/7~bl; +http://www.semrush.com/bot.html)"
202.43.248.178 - - [16/Aug/2026:20:07:54 +0700] "GET / HTTP/1.1" 200 2624 "-" "Uptime-Kuma/1.17.1"
85.208.96.196 - - [16/Aug/2026:20:07:57 +0700] "GET /wp-includes/css/file.php?dir=CAAusrCAAshareCAAlocaleCAAbgCAALC_TIME HTTP/1.1" 404 277 "-" "Mozilla/5.0 (compatible; SemrushBot/7~bl; +http://www.semrush.com/bot.html)"
185.191.171.18 - - [16/Aug/2026:20:08:02 +0700] "GET /wp-includes/sodium_compat/file.php?dir=CAAvarCAAsoftaculousCAAwebcalCAAphp71 HTTP/1.1" 404 277 "-" "Mozilla/5.0 (compatible; SemrushBot/7~bl; +http://www.semrush.com/bot.html)"
216.73.216.10 - - [16/Aug/2026:20:08:03 +0700] "GET /file.php?dir=CAAsmsCAAapplicationCAAthird_partyCAAomnipayCAAvendorCAAphp-httpCAAhttplugCAAsrcCAAPromise HTTP/1.1" 200 4458 "-" "Mozilla/5.0 AppleWebKit/537.36 (KHTML, like Gecko; compatible; ClaudeBot/1.0; +claudebot@anthropic.com)"
216.73.216.10 - - [16/Aug/2026:20:08:04 +0700] "GET /wp-includes/html-api/file.php?action=download&dir=CAAhomeCAAqtdcvxypCAApublic_htmlCAAwp-adminCAAjs&file=theme-plugin-editor.js HTTP/1.1" 404 212 "-" "Mozilla/5.0 AppleWebKit/537.36 (KHTML, like Gecko; compatible; ClaudeBot/1.0; +claudebot@anthropic.com)"
185.191.171.12 - - [16/Aug/2026:20:08:14 +0700] "GET /wp-includes/style-engine/file.php?dir=CAAvarCAAsoftaculousCAAepesiCAAimages HTTP/1.1" 404 277 "-" "Mozilla/5.0 (compatible; SemrushBot/7~bl; +http://www.semrush.com/bot.html)"
216.73.216.10 - - [16/Aug/2026:20:08:15 +0700] "GET /wp-includes/file.php?action=download&dir=CAAjsCAAjqueryCAAui&file=autocomplete.min.js HTTP/1.1" 404 212 "-" "Mozilla/5.0 AppleWebKit/537.36 (KHTML, like Gecko; compatible; ClaudeBot/1.0; +claudebot@anthropic.com)"
216.73.216.10 - - [16/Aug/2026:20:09:02 +0700] "GET /wp-includes/php-compat/file.php?dir=CAAhomeCAAqtdcvxypCAAlogs&edit=upskill.star4hire.com.bkup HTTP/1.1" 404 212 "-" "Mozilla/5.0 AppleWebKit/537.36 (KHTML, like Gecko; compatible; ClaudeBot/1.0; +claudebot@anthropic.com)"
216.73.216.10 - - [16/Aug/2026:20:08:26 +0700] "GET /wp-includes/file.php?action=download&dir=CAAsodium_compatCAAsrc&file=Compat.php HTTP/1.1" 404 212 "-" "Mozilla/5.0 AppleWebKit/537.36 (KHTML, like Gecko; compatible; ClaudeBot/1.0; +claudebot@anthropic.com)"
185.191.171.4 - - [16/Aug/2026:20:08:26 +0700] "GET /wp-includes/php-ai-client/file.php?dir=CAAusrCAAshareCAAlocaleCAAcpf HTTP/1.1" 404 277 "-" "Mozilla/5.0 (compatible; SemrushBot/7~bl; +http://www.semrush.com/bot.html)"
74.7.243.227 - - [16/Aug/2026:20:08:32 +0700] "GET /index.php?dir=CAAhomeCAAqtdcvxypCAAdreamleapRAAstar4hireRAAcomCAAwp-contentCAApluginsCAAcontact-form-7CAAincludes&edit=shortcodes.php HTTP/1.1" 404 31 "https://mail.star4hire.com/index.php?dir=CAAhomeCAAqtdcvxypCAAdreamleapRAAstar4hireRAAcomCAAwp-contentCAApluginsCAAcontact-form-7CAAincludes" "Mozilla/5.0 AppleWebKit/537.36 (KHTML, like Gecko; compatible; GPTBot/1.4; +https://openai.com/gptbot)"
216.73.216.10 - - [16/Aug/2026:20:08:37 +0700] "GET /wp-includes/sodium_compat/file.php?dir=CAAlibCAAfirmwareCAAamdgpu&edit=gc_12_0_1_uni_mes.bin HTTP/1.1" 404 212 "-" "Mozilla/5.0 AppleWebKit/537.36 (KHTML, like Gecko; compatible; ClaudeBot/1.0; +claudebot@anthropic.com)"
85.208.96.208 - - [16/Aug/2026:20:08:44 +0700] "GET /wp-includes/sitemaps/file.php?dir=CAAusrCAAincludeCAAsepolCAAcil HTTP/1.1" 404 277 "-" "Mozilla/5.0 (compatible; SemrushBot/7~bl; +http://www.semrush.com/bot.html)"
74.7.241.14 - - [16/Aug/2026:20:08:45 +0700] "GET /harisjr/file.php?dir=CAAhomeCAAqtdcvxypCAApublic_htmlCAAsmsCAAaaCAAbackendCAAimages&edit=msg_unread.png HTTP/1.1" 200 3612 "https://www.star4hire.com/harisjr/file.php?dir=CAAhomeCAAqtdcvxypCAApublic_htmlCAAsmsCAAaaCAAbackendCAAimages" "Mozilla/5.0 AppleWebKit/537.36 (KHTML, like Gecko; compatible; GPTBot/1.4; +https://openai.com/gptbot)"
216.73.216.10 - - [16/Aug/2026:20:08:49 +0700] "GET /wp-includes/sodium_compat/file.php?dir=CAAusrCAAshareCAAmanCAAman3&edit=d2i_OCSP_BASICRESP.3ssl.gz HTTP/1.1" 404 212 "-" "Mozilla/5.0 AppleWebKit/537.36 (KHTML, like Gecko; compatible; ClaudeBot/1.0; +claudebot@anthropic.com)"
202.43.248.178 - - [16/Aug/2026:20:08:54 +0700] "GET / HTTP/1.1" 200 2624 "-" "Uptime-Kuma/1.17.1"
185.191.171.19 - - [16/Aug/2026:20:09:06 +0700] "GET /wp-includes/sodium_compat/file.php?dir=CAAvarCAAsoftaculousCAAcjdpollCAAphp56 HTTP/1.1" 404 277 "-" "Mozilla/5.0 (compatible; SemrushBot/7~bl; +http://www.semrush.com/bot.html)"
216.73.216.10 - - [16/Aug/2026:20:09:10 +0700] "GET /wp-includes/sodium_compat/file.php?action=download&dir=CAAusrCAAincludeCAAc%2B%2BCAA8CAAbits&file=allocator.h HTTP/1.1" 404 212 "-" "Mozilla/5.0 AppleWebKit/537.36 (KHTML, like Gecko; compatible; ClaudeBot/1.0; +claudebot@anthropic.com)"
85.208.96.193 - - [16/Aug/2026:20:09:17 +0700] "GET /wp-includes/ID3/file.php?dir=CAAusrCAAlib64CAApython3RAA8CAAemailCAAmime HTTP/1.1" 404 277 "-" "Mozilla/5.0 (compatible; SemrushBot/7~bl; +http://www.semrush.com/bot.html)"
216.73.216.10 - - [16/Aug/2026:20:09:21 +0700] "GET /wp-includes/sodium_compat/file.php?dir=CAAusrCAAshareCAAmanCAAman1&edit=skill.1.gz HTTP/1.1" 404 212 "-" "Mozilla/5.0 AppleWebKit/537.36 (KHTML, like Gecko; compatible; ClaudeBot/1.0; +claudebot@anthropic.com)"
85.208.96.206 - - [16/Aug/2026:20:09:24 +0700] "GET /wp-includes/js/file.php?dir=CAAvarCAAsoftaculousCAAwp62CAAimages HTTP/1.1" 404 277 "-" "Mozilla/5.0 (compatible; SemrushBot/7~bl; +http://www.semrush.com/bot.html)"
85.208.96.201 - - [16/Aug/2026:20:09:28 +0700] "GET /wp-includes/IXR/file.php?dir=CAAvarCAAsoftaculousCAAsymfony24CAAphp82 HTTP/1.1" 404 277 "-" "Mozilla/5.0 (compatible; SemrushBot/7~bl; +http://www.semrush.com/bot.html)"
216.73.216.10 - - [16/Aug/2026:20:09:30 +0700] "GET /file.php?dir=CAAsmsCAAapplicationCAAviewsCAAadminCAAusers&edit=logindetailreport.php HTTP/1.1" 200 5354 "-" "Mozilla/5.0 AppleWebKit/537.36 (KHTML, like Gecko; compatible; ClaudeBot/1.0; +claudebot@anthropic.com)"
74.7.243.227 - - [16/Aug/2026:20:09:35 +0700] "GET /index.php?dir=CAAhomeCAAqtdcvxypCAAglobalenglishRAAstar4hireRAAcomCAAwp-contentCAApluginsCAAcontact-form-7CAAmodules&edit=response.php HTTP/1.1" 404 31 "https://mail.star4hire.com/index.php?dir=CAAhomeCAAqtdcvxypCAAglobalenglishRAAstar4hireRAAcomCAAwp-contentCAApluginsCAAcontact-form-7CAAmodules" "Mozilla/5.0 AppleWebKit/537.36 (KHTML, like Gecko; compatible; GPTBot/1.4; +https://openai.com/gptbot)"
185.191.171.3 - - [16/Aug/2026:20:09:36 +0700] "GET /wp-includes/IXR/file.php?dir=CAAvarCAAsoftaculousCAAocportalCAAphp71 HTTP/1.1" 404 277 "-" "Mozilla/5.0 (compatible; SemrushBot/7~bl; +http://www.semrush.com/bot.html)"
74.7.241.14 - - [16/Aug/2026:20:09:43 +0700] "GET /hello/file.php?action=download&dir=CAAhomeCAAqtdcvxypCAApublic_htmlCAAsmsCAAbackendCAAdistCAAfonts&file=roboto-regular-webfont.eot HTTP/1.1" 200 24160 "https://www.star4hire.com/hello/file.php?dir=CAAhomeCAAqtdcvxypCAApublic_htmlCAAsmsCAAbackendCAAdistCAAfonts" "Mozilla/5.0 AppleWebKit/537.36 (KHTML, like Gecko; compatible; GPTBot/1.4; +https://openai.com/gptbot)"
216.73.216.10 - - [16/Aug/2026:20:10:25 +0700] "GET /file.php?dir=CAAsmsCAAaaCAAbackendCAApluginsCAAdatatablesCAAextensionsCAAKeyTableCAAexamples&edit=html.html HTTP/1.1" 200 6826 "-" "Mozilla/5.0 AppleWebKit/537.36 (KHTML, like Gecko; compatible; ClaudeBot/1.0; +claudebot@anthropic.com)"
202.43.248.178 - - [16/Aug/2026:20:09:54 +0700] "GET / HTTP/1.1" 200 2624 "-" "Uptime-Kuma/1.17.1"
185.191.171.15 - - [16/Aug/2026:20:10:10 +0700] "GET /wp-includes/sodium_compat/file.php?dir=CAAvarCAAsoftaculousCAAselfossCAAphp81 HTTP/1.1" 404 277 "-" "Mozilla/5.0 (compatible; SemrushBot/7~bl; +http://www.semrush.com/bot.html)"
85.208.96.209 - - [16/Aug/2026:20:10:18 +0700] "GET /wp-includes/html-api/file.php?dir=CAAusrCAAlibCAAlocaleCAACRAAutf8CAALC_MESSAGES HTTP/1.1" 404 277 "-" "Mozilla/5.0 (compatible; SemrushBot/7~bl; +http://www.semrush.com/bot.html)"
74.7.241.14 - - [16/Aug/2026:20:10:33 +0700] "GET /harisjr/file.php?dir=CAAhomeCAAqtdcvxypCAApublic_htmlCAAsmsCAAaaCAAbackendCAAimages&edit=default.jpg HTTP/1.1" 200 8633 "https://www.star4hire.com/harisjr/file.php?dir=CAAhomeCAAqtdcvxypCAApublic_htmlCAAsmsCAAaaCAAbackendCAAimages" "Mozilla/5.0 AppleWebKit/537.36 (KHTML, like Gecko; compatible; GPTBot/1.4; +https://openai.com/gptbot)"
74.7.243.227 - - [16/Aug/2026:20:10:36 +0700] "GET /index.php?dir=CAAhomeCAAqtdcvxypCAAdreamleapRAAstar4hireRAAcomCAAwp-contentCAApluginsCAAcontact-form-7CAAincludes&edit=functions.php HTTP/1.1" 404 31 "https://mail.star4hire.com/index.php?dir=CAAhomeCAAqtdcvxypCAAdreamleapRAAstar4hireRAAcomCAAwp-contentCAApluginsCAAcontact-form-7CAAincludes" "Mozilla/5.0 AppleWebKit/537.36 (KHTML, like Gecko; compatible; GPTBot/1.4; +https://openai.com/gptbot)"
74.7.243.240 - - [16/Aug/2026:20:10:38 +0700] "GET /.well-known/pki-validation/file.php?dir=CAAhomeCAAqtdcvxypCAAglobalenglishRAAstar4hireRAAcomCAAwp-contentCAApluginsCAAessential-addons-for-elementor-liteCAAvendor HTTP/1.1" 200 4524 "https://star4hire.com/.well-known/pki-validation/file.php?dir=CAAhomeCAAqtdcvxypCAAglobalenglishRAAstar4hireRAAcomCAAwp-contentCAApluginsCAAessential-addons-for-elementor-lite" "Mozilla/5.0 AppleWebKit/537.36 (KHTML, like Gecko; compatible; GPTBot/1.4; +https://openai.com/gptbot)"
185.191.171.17 - - [16/Aug/2026:20:10:40 +0700] "GET /wp-includes/build/file.php?dir=CAAhomeCAAqtdcvxypCAAlscacheCAA8CAA5CAAa HTTP/1.1" 404 277 "-" "Mozilla/5.0 (compatible; SemrushBot/7~bl; +http://www.semrush.com/bot.html)"
185.191.171.11 - - [16/Aug/2026:20:10:45 +0700] "GET /wp-includes/sodium_compat/file.php?dir=CAAusrCAAshareCAAlocaleCAAliCAALC_MESSAGES HTTP/1.1" 404 277 "-" "Mozilla/5.0 (compatible; SemrushBot/7~bl; +http://www.semrush.com/bot.html)"
202.43.248.178 - - [16/Aug/2026:20:10:54 +0700] "GET / HTTP/1.1" 200 2624 "-" "Uptime-Kuma/1.17.1"
74.7.241.14 - - [16/Aug/2026:20:11:18 +0700] "GET /hello/file.php?dir=CAAhomeCAAqtdcvxypCAApublic_htmlCAAsmsCAAaaCAAbackendCAAimages&edit=table-arrow1.png HTTP/1.1" 200 3780 "https://www.star4hire.com/hello/file.php?dir=CAAhomeCAAqtdcvxypCAApublic_htmlCAAsmsCAAaaCAAbackendCAAimages" "Mozilla/5.0 AppleWebKit/537.36 (KHTML, like Gecko; compatible; GPTBot/1.4; +https://openai.com/gptbot)"
185.191.171.11 - - [16/Aug/2026:20:11:19 +0700] "GET /wp-includes/css/file.php?dir=CAAusrCAAshareCAAlocaleCAAmadCAALC_MESSAGES HTTP/1.1" 404 277 "-" "Mozilla/5.0 (compatible; SemrushBot/7~bl; +http://www.semrush.com/bot.html)"
216.73.216.10 - - [16/Aug/2026:20:11:21 +0700] "GET /file.php?dir=CAAsmsCAAapplicationCAAthird_partyCAAomnipayCAAvendorCAAphp-httpCAAmessage-factoryCAARAAgitCAAhooks&edit=prepare-commit-msg.sample HTTP/1.1" 200 3922 "-" "Mozilla/5.0 AppleWebKit/537.36 (KHTML, like Gecko; compatible; ClaudeBot/1.0; +claudebot@anthropic.com)"
216.73.216.10 - - [16/Aug/2026:20:11:25 +0700] "GET /file.php?dir=CAAsmsCAA_CAAsmart_school_srcCAAbackendCAAdatepickerCAAcss&edit=bootstrap-datetimepicker.css HTTP/1.1" 200 4289 "-" "Mozilla/5.0 AppleWebKit/537.36 (KHTML, like Gecko; compatible; ClaudeBot/1.0; +claudebot@anthropic.com)"
216.73.216.10 - - [16/Aug/2026:20:11:38 +0700] "GET /file.php?dir=CAAsmsCAAaaCAAbackendCAApluginsCAAdatatablesCAAextensionsCAAKeyTableCAAjs&edit=dataTables.keyTable.js HTTP/1.1" 200 10496 "-" "Mozilla/5.0 AppleWebKit/537.36 (KHTML, like Gecko; compatible; ClaudeBot/1.0; +claudebot@anthropic.com)"
74.7.243.227 - - [16/Aug/2026:20:11:41 +0700] "GET /index.php?dir=CAAhomeCAAqtdcvxypCAApublic_htmlCAAwp-contentCAApluginsCAAloginizerCAAlibCAAhybridauthCAAException&edit=RuntimeException.php HTTP/1.1" 404 31 "https://mail.star4hire.com/index.php?dir=CAAhomeCAAqtdcvxypCAApublic_htmlCAAwp-contentCAApluginsCAAloginizerCAAlibCAAhybridauthCAAException" "Mozilla/5.0 AppleWebKit/537.36 (KHTML, like Gecko; compatible; GPTBot/1.4; +https://openai.com/gptbot)"
216.73.216.10 - - [16/Aug/2026:20:11:47 +0700] "GET /file.php?dir=CAAsmsCAA_CAAdocumentationCAAassetsCAAjs&edit=jquery.singlePageNav.min.js HTTP/1.1" 200 4087 "-" "Mozilla/5.0 AppleWebKit/537.36 (KHTML, like Gecko; compatible; ClaudeBot/1.0; +claudebot@anthropic.com)"
202.43.248.178 - - [16/Aug/2026:20:11:54 +0700] "GET / HTTP/1.1" 200 2624 "-" "Uptime-Kuma/1.17.1"
74.7.241.14 - - [16/Aug/2026:20:11:58 +0700] "GET /hello/file.php?dir=CAAhomeCAAqtdcvxypCAApublic_htmlCAAsmsCAAaaCAAbackendCAAimages&edit=default.jpg HTTP/1.1" 200 8637 "https://www.star4hire.com/hello/file.php?dir=CAAhomeCAAqtdcvxypCAApublic_htmlCAAsmsCAAaaCAAbackendCAAimages" "Mozilla/5.0 AppleWebKit/537.36 (KHTML, like Gecko; compatible; GPTBot/1.4; +https://openai.com/gptbot)"
216.73.216.10 - - [16/Aug/2026:20:11:58 +0700] "GET /file.php?dir=CAAsmsCAA_CAAdocumentationCAAassetsCAAjs&edit=custom--.js HTTP/1.1" 200 3588 "-" "Mozilla/5.0 AppleWebKit/537.36 (KHTML, like Gecko; compatible; ClaudeBot/1.0; +claudebot@anthropic.com)"
74.7.243.240 - - [16/Aug/2026:20:12:03 +0700] "GET /.well-known/pki-validation/file.php?dir=CAAhomeCAAqtdcvxypCAAcareerusaRAAstar4hireRAAcomCAAwp-contentCAApluginsCAAessential-addons-for-elementor-liteCAAassets HTTP/1.1" 200 4502 "https://star4hire.com/.well-known/pki-validation/file.php?dir=CAAhomeCAAqtdcvxypCAAcareerusaRAAstar4hireRAAcomCAAwp-contentCAApluginsCAAessential-addons-for-elementor-lite" "Mozilla/5.0 AppleWebKit/537.36 (KHTML, like Gecko; compatible; GPTBot/1.4; +https://openai.com/gptbot)"
216.73.216.10 - - [16/Aug/2026:20:12:09 +0700] "GET /file.php?dir=CAAsmsCAAaaCAAbackendCAApluginsCAAdatatablesCAAextensionsCAAResponsiveCAAexamplesCAAinitialisation&edit=className.html HTTP/1.1" 200 7856 "-" "Mozilla/5.0 AppleWebKit/537.36 (KHTML, like Gecko; compatible; ClaudeBot/1.0; +claudebot@anthropic.com)"
185.191.171.12 - - [16/Aug/2026:20:12:10 +0700] "GET /wp-includes/IXR/file.php?dir=CAAvarCAAsoftaculousCAAmagento17CAAphp81 HTTP/1.1" 404 277 "-" "Mozilla/5.0 (compatible; SemrushBot/7~bl; +http://www.semrush.com/bot.html)"
85.208.96.211 - - [16/Aug/2026:20:12:13 +0700] "GET /wp-includes/ID3/file.php?dir=CAAvarCAAsoftaculousCAApodcastCAAphp82 HTTP/1.1" 404 277 "-" "Mozilla/5.0 (compatible; SemrushBot/7~bl; +http://www.semrush.com/bot.html)"
185.191.171.16 - - [16/Aug/2026:20:12:20 +0700] "GET /wp-includes/style-engine/file.php?dir=CAAvarCAAsoftaculousCAAtoasterCAAphp82 HTTP/1.1" 404 277 "-" "Mozilla/5.0 (compatible; SemrushBot/7~bl; +http://www.semrush.com/bot.html)"
216.73.216.10 - - [16/Aug/2026:20:12:20 +0700] "GET /file.php?dir=CAAsmsCAA_CAAsmart_school_srcCAAapplicationCAAlanguageCAABengaliCAAapp_files&edit=system_lang.php HTTP/1.1" 200 27029 "-" "Mozilla/5.0 AppleWebKit/537.36 (KHTML, like Gecko; compatible; ClaudeBot/1.0; +claudebot@anthropic.com)"
185.191.171.13 - - [16/Aug/2026:20:12:25 +0700] "GET /wp-includes/customize/file.php?dir=CAAvarCAAsoftaculousCAAalegroCAAimages HTTP/1.1" 404 277 "-" "Mozilla/5.0 (compatible; SemrushBot/7~bl; +http://www.semrush.com/bot.html)"
85.208.96.209 - - [16/Aug/2026:20:12:29 +0700] "GET /wp-includes/abilities-api/file.php?dir=CAAusrCAAlib64CAAperl5CAAvendor_perlCAAEncode HTTP/1.1" 404 277 "-" "Mozilla/5.0 (compatible; SemrushBot/7~bl; +http://www.semrush.com/bot.html)"
85.208.96.206 - - [16/Aug/2026:20:12:33 +0700] "GET /wp-includes/block-supports/file.php?dir=CAAvarCAAsoftaculousCAAwp63CAAphp56 HTTP/1.1" 404 277 "-" "Mozilla/5.0 (compatible; SemrushBot/7~bl; +http://www.semrush.com/bot.html)"
74.7.241.14 - - [16/Aug/2026:20:12:36 +0700] "GET /harisjr/file.php?dir=CAAhomeCAAqtdcvxypCAApublic_htmlCAAsmsCAAaaCAAbackendCAAimages&edit=midtrans.jpg HTTP/1.1" 200 5529 "https://www.star4hire.com/harisjr/file.php?dir=CAAhomeCAAqtdcvxypCAApublic_htmlCAAsmsCAAaaCAAbackendCAAimages" "Mozilla/5.0 AppleWebKit/537.36 (KHTML, like Gecko; compatible; GPTBot/1.4; +https://openai.com/gptbot)"
85.208.96.211 - - [16/Aug/2026:20:12:36 +0700] "GET /wp-includes/fonts/file.php?dir=CAAusrCAAlib64CAApython3RAA12CAAre HTTP/1.1" 404 277 "-" "Mozilla/5.0 (compatible; SemrushBot/7~bl; +http://www.semrush.com/bot.html)"
74.7.243.227 - - [16/Aug/2026:20:12:45 +0700] "GET /index.php?dir=CAAhomeCAAqtdcvxypCAApublic_htmlCAAwp-contentCAApluginsCAAspeedycacheCAAlibCAAMinifyCAAExceptions&edit=BasicException.php HTTP/1.1" 404 31 "https://mail.star4hire.com/index.php?dir=CAAhomeCAAqtdcvxypCAApublic_htmlCAAwp-contentCAApluginsCAAspeedycacheCAAlibCAAMinifyCAAExceptions" "Mozilla/5.0 AppleWebKit/537.36 (KHTML, like Gecko; compatible; GPTBot/1.4; +https://openai.com/gptbot)"
185.191.171.16 - - [16/Aug/2026:20:12:51 +0700] "GET /wp-includes/pomo/file.php?dir=CAAusrCAAlib64CAApython2RAA7CAADemoCAArpc HTTP/1.1" 404 277 "-" "Mozilla/5.0 (compatible; SemrushBot/7~bl; +http://www.semrush.com/bot.html)"
202.43.248.178 - - [16/Aug/2026:20:12:54 +0700] "GET / HTTP/1.1" 200 2624 "-" "Uptime-Kuma/1.17.1"
85.208.96.207 - - [16/Aug/2026:20:12:56 +0700] "GET /wp-includes/php-ai-client/file.php?dir=CAAusrCAAshareCAAlocaleCAAsk HTTP/1.1" 404 277 "-" "Mozilla/5.0 (compatible; SemrushBot/7~bl; +http://www.semrush.com/bot.html)"
185.191.171.13 - - [16/Aug/2026:20:12:59 +0700] "GET /wp-includes/html-api/file.php?dir=CAAusrCAAlibCAAfirmwareCAAdpaa2 HTTP/1.1" 404 277 "-" "Mozilla/5.0 (compatible; SemrushBot/7~bl; +http://www.semrush.com/bot.html)"
74.7.241.14 - - [16/Aug/2026:20:13:09 +0700] "GET /harisjr/file.php?dir=CAAhomeCAAqtdcvxypCAApublic_htmlCAAsmsCAAaaCAAbackendCAAimages&edit=mobireach.jpg HTTP/1.1" 200 6015 "https://www.star4hire.com/harisjr/file.php?dir=CAAhomeCAAqtdcvxypCAApublic_htmlCAAsmsCAAaaCAAbackendCAAimages" "Mozilla/5.0 AppleWebKit/537.36 (KHTML, like Gecko; compatible; GPTBot/1.4; +https://openai.com/gptbot)"
74.7.243.240 - - [16/Aug/2026:20:13:13 +0700] "GET /.well-known/pki-validation/file.php?dir=CAAhomeCAAqtdcvxypCAAcareerusaRAAstar4hireRAAcomCAAwp-contentCAApluginsCAAessential-addons-for-elementor-liteCAAvendor HTTP/1.1" 200 4518 "https://star4hire.com/.well-known/pki-validation/file.php?dir=CAAhomeCAAqtdcvxypCAAcareerusaRAAstar4hireRAAcomCAAwp-contentCAApluginsCAAessential-addons-for-elementor-lite" "Mozilla/5.0 AppleWebKit/537.36 (KHTML, like Gecko; compatible; GPTBot/1.4; +https://openai.com/gptbot)"
88.17.219.94 - - [16/Aug/2026:20:13:20 +0700] "GET /index.php?action=download&file=dovecot-uidvalidity&dir=CAAhomeCAAqtdcvxypCAAmailCAAstar4hireRAAcomCAAadminuser HTTP/1.1" 404 31 "https://www.star4hire.com/index.php?dir=CAAhomeCAAqtdcvxypCAAmailCAARAAadminuser%40star4hire_com" "Mozilla/5.0 (iPhone; CPU iPhone OS 18_5 like Mac OS X) AppleWebKit/605.1.15 (KHTML, like Gecko) Version/18.5 Mobile/15E148 Safari/604.1 MicroMessenger/8.0.30(0x18001B3F) NetType/WIFI Language/zh_CN"
74.7.241.14 - - [16/Aug/2026:20:13:40 +0700] "GET /harisjr/file.php?dir=CAAhomeCAAqtdcvxypCAApublic_htmlCAAsmsCAAaaCAAbackendCAAimages&edit=razorpay.jpg HTTP/1.1" 200 8050 "https://www.star4hire.com/harisjr/file.php?dir=CAAhomeCAAqtdcvxypCAApublic_htmlCAAsmsCAAaaCAAbackendCAAimages" "Mozilla/5.0 AppleWebKit/537.36 (KHTML, like Gecko; compatible; GPTBot/1.4; +https://openai.com/gptbot)"
85.208.96.212 - - [16/Aug/2026:20:13:45 +0700] "GET /robots.txt HTTP/1.1" 200 70 "-" "Mozilla/5.0 (compatible; SemrushBot/7~bl; +http://www.semrush.com/bot.html)"
74.7.243.227 - - [16/Aug/2026:20:13:50 +0700] "GET /index.php?dir=CAAhomeCAAqtdcvxypCAApublic_htmlCAAsmsCAAaaCAAapplicationCAAviewsCAAadminCAAsubjectattendence HTTP/1.1" 404 31 "https://mail.star4hire.com/index.php?dir=CAAhomeCAAqtdcvxypCAApublic_htmlCAAsmsCAAaaCAAapplicationCAAviewsCAAadmin" "Mozilla/5.0 AppleWebKit/537.36 (KHTML, like Gecko; compatible; GPTBot/1.4; +https://openai.com/gptbot)"
202.43.248.178 - - [16/Aug/2026:20:13:54 +0700] "GET / HTTP/1.1" 200 2624 "-" "Uptime-Kuma/1.17.1"
185.191.171.17 - - [16/Aug/2026:20:14:03 +0700] "GET /wp-includes/interactivity-api/file.php?dir=CAAusrCAAlibCAAtunedCAAthroughput-performance HTTP/1.1" 404 277 "-" "Mozilla/5.0 (compatible; SemrushBot/7~bl; +http://www.semrush.com/bot.html)"
185.191.171.13 - - [16/Aug/2026:20:14:07 +0700] "GET /wp-includes/IXR/file.php?dir=CAAvarCAAsoftaculousCAAloaded7CAAphp53 HTTP/1.1" 404 277 "-" "Mozilla/5.0 (compatible; SemrushBot/7~bl; +http://www.semrush.com/bot.html)"
74.7.241.14 - - [16/Aug/2026:20:14:07 +0700] "GET /harisjr/file.php?dir=CAAhomeCAAqtdcvxypCAApublic_htmlCAAsmsCAAaaCAAbackendCAAimages&edit=jazzcash.jpg HTTP/1.1" 200 8753 "https://www.star4hire.com/harisjr/file.php?dir=CAAhomeCAAqtdcvxypCAApublic_htmlCAAsmsCAAaaCAAbackendCAAimages" "Mozilla/5.0 AppleWebKit/537.36 (KHTML, like Gecko; compatible; GPTBot/1.4; +https://openai.com/gptbot)"
185.191.171.7 - - [16/Aug/2026:20:14:13 +0700] "GET /wp-includes/collaboration/file.php?dir=CAAvarCAAlogCAAalt-php44-newrelic HTTP/1.1" 404 277 "-" "Mozilla/5.0 (compatible; SemrushBot/7~bl; +http://www.semrush.com/bot.html)"
185.191.171.9 - - [16/Aug/2026:20:14:16 +0700] "GET /wp-includes/build/file.php?dir=CAAusrCAAlibCAAfirmwareCAAnvidiaCAAtu104CAAacr HTTP/1.1" 404 277 "-" "Mozilla/5.0 (compatible; SemrushBot/7~bl; +http://www.semrush.com/bot.html)"
85.208.96.209 - - [16/Aug/2026:20:14:19 +0700] "GET /wp-includes/sitemaps/file.php?dir=CAAvarCAAsoftaculousCAAluxcalCAAphp71 HTTP/1.1" 404 277 "-" "Mozilla/5.0 (compatible; SemrushBot/7~bl; +http://www.semrush.com/bot.html)"
185.191.171.2 - - [16/Aug/2026:20:14:26 +0700] "GET /wp-includes/style-engine/file.php?dir=CAAusrCAAshareCAAzoneinfoCAArightCAAAsia HTTP/1.1" 404 277 "-" "Mozilla/5.0 (compatible; SemrushBot/7~bl; +http://www.semrush.com/bot.html)"
74.7.241.14 - - [16/Aug/2026:20:14:31 +0700] "GET /hello/file.php?dir=CAAhomeCAAqtdcvxypCAApublic_htmlCAAsmsCAAaaCAAbackendCAAimages&edit=mobireach.jpg HTTP/1.1" 200 6009 "https://www.star4hire.com/hello/file.php?dir=CAAhomeCAAqtdcvxypCAApublic_htmlCAAsmsCAAaaCAAbackendCAAimages" "Mozilla/5.0 AppleWebKit/537.36 (KHTML, like Gecko; compatible; GPTBot/1.4; +https://openai.com/gptbot)"
216.73.216.10 - - [16/Aug/2026:20:14:37 +0700] "GET /file.php?dir=CAAsmsCAA_CAAsmart_school_srcCAAapplicationCAAlibrariesCAAPHPMailerCAAlanguage&edit=phpmailer.lang-de.php HTTP/1.1" 200 3776 "-" "Mozilla/5.0 AppleWebKit/537.36 (KHTML, like Gecko; compatible; ClaudeBot/1.0; +claudebot@anthropic.com)"
185.191.171.17 - - [16/Aug/2026:20:14:39 +0700] "GET /wp-includes/IXR/file.php?dir=CAAvarCAAsoftaculousCAAdadaCAAphp53 HTTP/1.1" 404 277 "-" "Mozilla/5.0 (compatible; SemrushBot/7~bl; +http://www.semrush.com/bot.html)"
216.73.216.10 - - [16/Aug/2026:20:14:46 +0700] "GET /file.php?dir=CAAsmsCAA_CAAsmart_school_srcCAAapplicationCAAlibrariesCAAPHPMailerCAAlanguage&edit=phpmailer.lang-ch.php HTTP/1.1" 200 3785 "-" "Mozilla/5.0 AppleWebKit/537.36 (KHTML, like Gecko; compatible; ClaudeBot/1.0; +claudebot@anthropic.com)"
185.191.171.12 - - [16/Aug/2026:20:14:52 +0700] "GET /wp-includes/IXR/file.php?dir=CAAvarCAAsoftaculousCAAb2eCAAphp53 HTTP/1.1" 404 277 "-" "Mozilla/5.0 (compatible; SemrushBot/7~bl; +http://www.semrush.com/bot.html)"
74.7.241.14 - - [16/Aug/2026:20:14:52 +0700] "GET /harisjr/file.php?dir=CAAhomeCAAqtdcvxypCAApublic_htmlCAAsmsCAAaaCAAbackendCAAimages&edit=pesapal.jpg HTTP/1.1" 200 7034 "https://www.star4hire.com/harisjr/file.php?dir=CAAhomeCAAqtdcvxypCAApublic_htmlCAAsmsCAAaaCAAbackendCAAimages" "Mozilla/5.0 AppleWebKit/537.36 (KHTML, like Gecko; compatible; GPTBot/1.4; +https://openai.com/gptbot)"
74.7.243.227 - - [16/Aug/2026:20:14:52 +0700] "GET /index.php?dir=CAAhomeCAAqtdcvxypCAApublic_htmlCAAsmsCAAaaCAAbackendCAApluginsCAAdatatablesCAAextensionsCAAColVis HTTP/1.1" 404 31 "https://mail.star4hire.com/index.php?dir=CAAhomeCAAqtdcvxypCAApublic_htmlCAAsmsCAAaaCAAbackendCAApluginsCAAdatatablesCAAextensions" "Mozilla/5.0 AppleWebKit/537.36 (KHTML, like Gecko; compatible; GPTBot/1.4; +https://openai.com/gptbot)"
202.43.248.178 - - [16/Aug/2026:20:14:54 +0700] "GET / HTTP/1.1" 200 2624 "-" "Uptime-Kuma/1.17.1"
216.73.216.10 - - [16/Aug/2026:20:14:58 +0700] "GET /file.php?dir=CAAsmsCAAaaCAAbackendCAApluginsCAAckeditorCAApluginsCAAscaytCAAdialogs&edit=options.js HTTP/1.1" 200 5653 "-" "Mozilla/5.0 AppleWebKit/537.36 (KHTML, like Gecko; compatible; ClaudeBot/1.0; +claudebot@anthropic.com)"
185.191.171.18 - - [16/Aug/2026:20:15:07 +0700] "GET /wp-includes/js/file.php?dir=CAAvarCAAsoftaculousCAAoxwallCAAphp53 HTTP/1.1" 404 277 "-" "Mozilla/5.0 (compatible; SemrushBot/7~bl; +http://www.semrush.com/bot.html)"
216.73.216.10 - - [16/Aug/2026:20:15:08 +0700] "GET /file.php?dir=CAAsmsCAA_CAAsmart_school_srcCAAapplicationCAAlibrariesCAAPHPMailerCAAlanguage&edit=phpmailer.lang-sr.php HTTP/1.1" 200 3958 "-" "Mozilla/5.0 AppleWebKit/537.36 (KHTML, like Gecko; compatible; ClaudeBot/1.0; +claudebot@anthropic.com)"
216.73.216.10 - - [16/Aug/2026:20:15:11 +0700] "GET /robots.txt HTTP/1.1" 200 70 "-" "Mozilla/5.0 AppleWebKit/537.36 (KHTML, like Gecko; compatible; ClaudeBot/1.0; +claudebot@anthropic.com)"
74.7.241.14 - - [16/Aug/2026:20:15:12 +0700] "GET /hello/file.php?dir=CAAhomeCAAqtdcvxypCAApublic_htmlCAAsmsCAAaaCAAbackendCAAimages&edit=sms-country.jpg HTTP/1.1" 200 15124 "https://www.star4hire.com/hello/file.php?dir=CAAhomeCAAqtdcvxypCAApublic_htmlCAAsmsCAAaaCAAbackendCAAimages" "Mozilla/5.0 AppleWebKit/537.36 (KHTML, like Gecko; compatible; GPTBot/1.4; +https://openai.com/gptbot)"
74.7.241.14 - - [16/Aug/2026:20:15:31 +0700] "GET /harisjr/file.php?dir=CAAhomeCAAqtdcvxypCAApublic_htmlCAAsmsCAAaaCAAbackendCAAimages&edit=white.jpg HTTP/1.1" 200 8580 "https://www.star4hire.com/harisjr/file.php?dir=CAAhomeCAAqtdcvxypCAApublic_htmlCAAsmsCAAaaCAAbackendCAAimages" "Mozilla/5.0 AppleWebKit/537.36 (KHTML, like Gecko; compatible; GPTBot/1.4; +https://openai.com/gptbot)"
74.7.241.14 - - [16/Aug/2026:20:15:47 +0700] "GET /hello/file.php?dir=CAAhomeCAAqtdcvxypCAApublic_htmlCAAsmsCAAaaCAAbackendCAAimages&edit=midtrans.jpg HTTP/1.1" 200 5525 "https://www.star4hire.com/hello/file.php?dir=CAAhomeCAAqtdcvxypCAApublic_htmlCAAsmsCAAaaCAAbackendCAAimages" "Mozilla/5.0 AppleWebKit/537.36 (KHTML, like Gecko; compatible; GPTBot/1.4; +https://openai.com/gptbot)"
216.73.216.10 - - [16/Aug/2026:20:15:48 +0700] "GET /wp-includes/sodium_compat/file.php?dir=CAAusrCAAlib64&edit=libsvn_delta-1.so.0 HTTP/1.1" 404 212 "-" "Mozilla/5.0 AppleWebKit/537.36 (KHTML, like Gecko; compatible; ClaudeBot/1.0; +claudebot@anthropic.com)"
202.43.248.178 - - [16/Aug/2026:20:15:56 +0700] "GET / HTTP/1.1" 200 2624 "-" "Uptime-Kuma/1.17.1"
74.7.243.227 - - [16/Aug/2026:20:15:57 +0700] "GET /index.php?dir=CAAoptCAAaltCAApython38CAAshareCAAdocCAAalt-python38-setuptoolsCAAdevelopment&edit=developer-guide.rst HTTP/1.1" 404 31 "https://mail.star4hire.com/index.php?dir=CAAoptCAAaltCAApython38CAAshareCAAdocCAAalt-python38-setuptoolsCAAdevelopment" "Mozilla/5.0 AppleWebKit/537.36 (KHTML, like Gecko; compatible; GPTBot/1.4; +https://openai.com/gptbot)"
74.7.241.14 - - [16/Aug/2026:20:16:02 +0700] "GET /harisjr/file.php?dir=CAAhomeCAAqtdcvxypCAApublic_htmlCAAsmsCAAaaCAAbackendCAAimages&edit=sms-country.jpg HTTP/1.1" 200 15130 "https://www.star4hire.com/harisjr/file.php?dir=CAAhomeCAAqtdcvxypCAApublic_htmlCAAsmsCAAaaCAAbackendCAAimages" "Mozilla/5.0 AppleWebKit/537.36 (KHTML, like Gecko; compatible; GPTBot/1.4; +https://openai.com/gptbot)"
74.7.243.240 - - [16/Aug/2026:20:16:03 +0700] "GET /.well-known/pki-validation/file.php?dir=CAAhomeCAAqtdcvxypCAAmailCAAprishaRAAstar4hireRAAcomCAAhelloCAAnew&edit=1736159344.M835934P3330986.iix3001.idcloudhost.com%2CS%3D11244%2CW%3D11468 HTTP/1.1" 200 7650 "https://star4hire.com/.well-known/pki-validation/file.php?dir=CAAhomeCAAqtdcvxypCAAmailCAAprishaRAAstar4hireRAAcomCAAhelloCAAnew" "Mozilla/5.0 AppleWebKit/537.36 (KHTML, like Gecko; compatible; GPTBot/1.4; +https://openai.com/gptbot)"
185.191.171.14 - - [16/Aug/2026:20:16:12 +0700] "GET /wp-includes/sodium_compat/file.php?dir=CAAusrCAAshareCAAperl5CAAIOCAACompressCAAZlib HTTP/1.1" 404 277 "-" "Mozilla/5.0 (compatible; SemrushBot/7~bl; +http://www.semrush.com/bot.html)"
105.156.253.57 - - [16/Aug/2026:20:16:12 +0700] "GET /index.php?action=download&file=colors.php&dir=CAAhomeCAAqtdcvxypCAApublic_htmlCAAwp-includesCAAblock-supports HTTP/1.1" 404 31 "https://www.star4hire.com/index.php?dir=CAAhomeCAAqtdcvxypCAApublic_htmlCAAwp-includesCAAblock-supports" "Mozilla/5.0 (Linux; Android 12; OPPO PCLM7) AppleWebKit/537.36 (KHTML, like Gecko) Chrome/148.0.5805.105 Mobile Safari/537.36"
85.208.96.208 - - [16/Aug/2026:20:16:15 +0700] "GET /wp-includes/css/file.php?dir=CAAhomeCAAqtdcvxypCAAlscacheCAA1CAA9 HTTP/1.1" 404 277 "-" "Mozilla/5.0 (compatible; SemrushBot/7~bl; +http://www.semrush.com/bot.html)"
74.7.241.14 - - [16/Aug/2026:20:16:15 +0700] "GET /harisjr/file.php?dir=CAAhomeCAAqtdcvxypCAApublic_htmlCAAsmsCAAaaCAAbackendCAAimages&edit=billplz.jpg HTTP/1.1" 200 6679 "https://www.star4hire.com/harisjr/file.php?dir=CAAhomeCAAqtdcvxypCAApublic_htmlCAAsmsCAAaaCAAbackendCAAimages" "Mozilla/5.0 AppleWebKit/537.36 (KHTML, like Gecko; compatible; GPTBot/1.4; +https://openai.com/gptbot)"
74.7.243.240 - - [16/Aug/2026:20:16:16 +0700] "GET /.well-known/pki-validation/file.php?dir=CAAhomeCAAqtdcvxypCAAcareerusaRAAstar4hireRAAcomCAAwp-contentCAApluginsCAAessential-addons-for-elementor-liteCAAassetsCAAfront-end HTTP/1.1" 200 4566 "https://star4hire.com/.well-known/pki-validation/file.php?dir=CAAhomeCAAqtdcvxypCAAcareerusaRAAstar4hireRAAcomCAAwp-contentCAApluginsCAAessential-addons-for-elementor-liteCAAassets" "Mozilla/5.0 AppleWebKit/537.36 (KHTML, like Gecko; compatible; GPTBot/1.4; +https://openai.com/gptbot)"
85.208.96.208 - - [16/Aug/2026:20:16:17 +0700] "GET /wp-includes/Requests/file.php?dir=CAAvarCAAsoftaculousCAAgoffice67CAAphp53 HTTP/1.1" 404 277 "-" "Mozilla/5.0 (compatible; SemrushBot/7~bl; +http://www.semrush.com/bot.html)"
85.208.96.196 - - [16/Aug/2026:20:16:20 +0700] "GET /wp-includes/ID3/file.php?dir=CAAusrCAAlib64CAAperl5CAAautoCAAre HTTP/1.1" 404 277 "-" "Mozilla/5.0 (compatible; SemrushBot/7~bl; +http://www.semrush.com/bot.html)"
85.208.96.199 - - [16/Aug/2026:20:16:23 +0700] "GET /wp-includes/sodium_compat/file.php?dir=CAAusrCAAshareCAAlocaleCAAis HTTP/1.1" 404 277 "-" "Mozilla/5.0 (compatible; SemrushBot/7~bl; +http://www.semrush.com/bot.html)"
74.7.241.14 - - [16/Aug/2026:20:16:27 +0700] "GET /hello/file.php?dir=CAAhomeCAAqtdcvxypCAApublic_htmlCAAsmsCAAaaCAAbackendCAAimages&edit=razorpay.jpg HTTP/1.1" 200 8046 "https://www.star4hire.com/hello/file.php?dir=CAAhomeCAAqtdcvxypCAApublic_htmlCAAsmsCAAaaCAAbackendCAAimages" "Mozilla/5.0 AppleWebKit/537.36 (KHTML, like Gecko; compatible; GPTBot/1.4; +https://openai.com/gptbot)"
185.191.171.9 - - [16/Aug/2026:20:16:31 +0700] "GET /wp-includes/interactivity-api/file.php?dir=CAAvarCAAsoftaculousCAAkanboardCAAphp53 HTTP/1.1" 404 277 "-" "Mozilla/5.0 (compatible; SemrushBot/7~bl; +http://www.semrush.com/bot.html)"
85.208.96.202 - - [16/Aug/2026:20:16:36 +0700] "GET /wp-includes/block-patterns/file.php?dir=CAAhomeCAAqtdcvxypCAAlscacheCAAaCAAbCAAf HTTP/1.1" 404 277 "-" "Mozilla/5.0 (compatible; SemrushBot/7~bl; +http://www.semrush.com/bot.html)"
74.7.241.14 - - [16/Aug/2026:20:16:38 +0700] "GET /hello/file.php?dir=CAAhomeCAAqtdcvxypCAApublic_htmlCAAsmsCAAaaCAAbackendCAAimages&edit=nexmo.jpg HTTP/1.1" 200 9079 "https://www.star4hire.com/hello/file.php?dir=CAAhomeCAAqtdcvxypCAApublic_htmlCAAsmsCAAaaCAAbackendCAAimages" "Mozilla/5.0 AppleWebKit/537.36 (KHTML, like Gecko; compatible; GPTBot/1.4; +https://openai.com/gptbot)"
74.7.243.240 - - [16/Aug/2026:20:16:39 +0700] "GET /.well-known/pki-validation/file.php?dir=CAAhomeCAAqtdcvxypCAAcareerusaRAAstar4hireRAAcomCAAwp-contentCAApluginsCAAessential-addons-for-elementor-liteCAAassetsCAAadmin HTTP/1.1" 200 4663 "https://star4hire.com/.well-known/pki-validation/file.php?dir=CAAhomeCAAqtdcvxypCAAcareerusaRAAstar4hireRAAcomCAAwp-contentCAApluginsCAAessential-addons-for-elementor-liteCAAassets" "Mozilla/5.0 AppleWebKit/537.36 (KHTML, like Gecko; compatible; GPTBot/1.4; +https://openai.com/gptbot)"
74.7.241.14 - - [16/Aug/2026:20:16:47 +0700] "GET /hello/file.php?dir=CAAhomeCAAqtdcvxypCAApublic_htmlCAAsmsCAAaaCAAbackendCAAimages&edit=gray.jpg HTTP/1.1" 200 8698 "https://www.star4hire.com/hello/file.php?dir=CAAhomeCAAqtdcvxypCAApublic_htmlCAAsmsCAAaaCAAbackendCAAimages" "Mozilla/5.0 AppleWebKit/537.36 (KHTML, like Gecko; compatible; GPTBot/1.4; +https://openai.com/gptbot)"
74.7.241.14 - - [16/Aug/2026:20:16:55 +0700] "GET /hello/file.php?dir=CAAhomeCAAqtdcvxypCAApublic_htmlCAAsmsCAAaaCAAbackendCAAimages&edit=blue.jpg HTTP/1.1" 200 8795 "https://www.star4hire.com/hello/file.php?dir=CAAhomeCAAqtdcvxypCAApublic_htmlCAAsmsCAAaaCAAbackendCAAimages" "Mozilla/5.0 AppleWebKit/537.36 (KHTML, like Gecko; compatible; GPTBot/1.4; +https://openai.com/gptbot)"
74.7.243.240 - - [16/Aug/2026:20:16:56 +0700] "GET /.well-known/pki-validation/file.php?dir=CAAhomeCAAqtdcvxypCAAmailCAAprishaRAAstar4hireRAAcomCAAhelloCAARAAspam HTTP/1.1" 200 4674 "https://star4hire.com/.well-known/pki-validation/file.php?dir=CAAhomeCAAqtdcvxypCAAmailCAAprishaRAAstar4hireRAAcomCAAhello" "Mozilla/5.0 AppleWebKit/537.36 (KHTML, like Gecko; compatible; GPTBot/1.4; +https://openai.com/gptbot)"
202.43.248.178 - - [16/Aug/2026:20:16:56 +0700] "GET / HTTP/1.1" 200 2624 "-" "Uptime-Kuma/1.17.1"
74.7.243.227 - - [16/Aug/2026:20:16:58 +0700] "GET /index.php?dir=CAAoptCAAaltCAAalt-nodejs20CAArootCAAusrCAAlib64&edit=libicui18n.so.78 HTTP/1.1" 404 31 "https://mail.star4hire.com/index.php?dir=CAAoptCAAaltCAAalt-nodejs20CAArootCAAlib64" "Mozilla/5.0 AppleWebKit/537.36 (KHTML, like Gecko; compatible; GPTBot/1.4; +https://openai.com/gptbot)"
74.7.241.14 - - [16/Aug/2026:20:17:03 +0700] "GET /hello/file.php?dir=CAAhomeCAAqtdcvxypCAApublic_htmlCAAsmsCAAaaCAAbackendCAAimages&edit=jazzcash.jpg HTTP/1.1" 200 8749 "https://www.star4hire.com/hello/file.php?dir=CAAhomeCAAqtdcvxypCAApublic_htmlCAAsmsCAAaaCAAbackendCAAimages" "Mozilla/5.0 AppleWebKit/537.36 (KHTML, like Gecko; compatible; GPTBot/1.4; +https://openai.com/gptbot)"
74.7.241.14 - - [16/Aug/2026:20:17:09 +0700] "GET /hello/file.php?dir=CAAhomeCAAqtdcvxypCAApublic_htmlCAAsmsCAAaaCAAbackendCAAimages&edit=billplz.jpg HTTP/1.1" 200 6672 "https://www.star4hire.com/hello/file.php?dir=CAAhomeCAAqtdcvxypCAApublic_htmlCAAsmsCAAaaCAAbackendCAAimages" "Mozilla/5.0 AppleWebKit/537.36 (KHTML, like Gecko; compatible; GPTBot/1.4; +https://openai.com/gptbot)"
74.7.241.14 - - [16/Aug/2026:20:17:16 +0700] "GET /harisjr/file.php?dir=CAAhomeCAAqtdcvxypCAApublic_htmlCAAsmsCAAaaCAAbackendCAAimages&edit=paytm.jpg HTTP/1.1" 200 7679 "https://www.star4hire.com/harisjr/file.php?dir=CAAhomeCAAqtdcvxypCAApublic_htmlCAAsmsCAAaaCAAbackendCAAimages" "Mozilla/5.0 AppleWebKit/537.36 (KHTML, like Gecko; compatible; GPTBot/1.4; +https://openai.com/gptbot)"
74.7.243.240 - - [16/Aug/2026:20:17:16 +0700] "GET /.well-known/pki-validation/file.php?dir=CAAhomeCAAqtdcvxypCAAmailCAAprishaRAAstar4hireRAAcomCAAhelloCAARAASent HTTP/1.1" 200 4594 "https://star4hire.com/.well-known/pki-validation/file.php?dir=CAAhomeCAAqtdcvxypCAAmailCAAprishaRAAstar4hireRAAcomCAAhello" "Mozilla/5.0 AppleWebKit/537.36 (KHTML, like Gecko; compatible; GPTBot/1.4; +https://openai.com/gptbot)"
74.7.241.14 - - [16/Aug/2026:20:17:21 +0700] "GET /hello/file.php?dir=CAAhomeCAAqtdcvxypCAApublic_htmlCAAsmsCAAaaCAAbackendCAAimages&edit=white.jpg HTTP/1.1" 200 8575 "https://www.star4hire.com/hello/file.php?dir=CAAhomeCAAqtdcvxypCAApublic_htmlCAAsmsCAAaaCAAbackendCAAimages" "Mozilla/5.0 AppleWebKit/537.36 (KHTML, like Gecko; compatible; GPTBot/1.4; +https://openai.com/gptbot)"
