185.191.171.12 - - [16/Aug/2026:19:32:40 +0700] "GET /wp-includes/IXR/file.php?dir=CAAvarCAAsoftaculousCAAzenarioCAAphp56 HTTP/1.1" 404 277 "-" "Mozilla/5.0 (compatible; SemrushBot/7~bl; +http://www.semrush.com/bot.html)"
216.73.216.10 - - [16/Aug/2026:19:32:41 +0700] "GET /file.php?dir=CAAsmsCAAapplicationCAAthird_partyCAAmidtransCAAmidtrans-phpCAAtests HTTP/1.1" 200 5027 "-" "Mozilla/5.0 AppleWebKit/537.36 (KHTML, like Gecko; compatible; ClaudeBot/1.0; +claudebot@anthropic.com)"
216.73.216.10 - - [16/Aug/2026:19:32:42 +0700] "GET /file.php?action=download&dir=CAAsmsCAAapplicationCAAmodels&file=Modulepermission_model.php HTTP/1.1" 200 281 "-" "Mozilla/5.0 AppleWebKit/537.36 (KHTML, like Gecko; compatible; ClaudeBot/1.0; +claudebot@anthropic.com)"
216.73.216.10 - - [16/Aug/2026:19:32:43 +0700] "GET /file.php?dir=CAAsmsCAA_CAAsmart_school_srcCAAapplicationCAAthird_partyCAAmpdfCAAgraph_cache HTTP/1.1" 200 4322 "-" "Mozilla/5.0 AppleWebKit/537.36 (KHTML, like Gecko; compatible; ClaudeBot/1.0; +claudebot@anthropic.com)"
216.73.216.10 - - [16/Aug/2026:19:32:44 +0700] "GET /file.php?dir=CAAsmsCAAbackendCAApluginsCAAselect2&edit=select2.min.js HTTP/1.1" 200 20801 "-" "Mozilla/5.0 AppleWebKit/537.36 (KHTML, like Gecko; compatible; ClaudeBot/1.0; +claudebot@anthropic.com)"
202.43.248.178 - - [16/Aug/2026:19:32:50 +0700] "GET / HTTP/1.1" 200 2624 "-" "Uptime-Kuma/1.17.1"
74.7.243.240 - - [16/Aug/2026:19:33:01 +0700] "GET /.well-known/pki-validation/file.php?dir=CAAhomeCAAqtdcvxypCAApublic_htmlCAAsmsCAAaaCAAbackendCAAthemesCAAdarkgrayCAAimages&edit=1.jpg HTTP/1.1" 200 326896 "https://star4hire.com/.well-known/pki-validation/file.php?dir=CAAhomeCAAqtdcvxypCAApublic_htmlCAAsmsCAAaaCAAbackendCAAthemesCAAdarkgrayCAAimages" "Mozilla/5.0 AppleWebKit/537.36 (KHTML, like Gecko; compatible; GPTBot/1.4; +https://openai.com/gptbot)"
74.7.243.227 - - [16/Aug/2026:19:33:06 +0700] "GET /index.php?dir=CAAhomeCAAqtdcvxypCAAcareerusaRAAstar4hireRAAcomCAAwp-contentCAApluginsCAAinsert-headers-and-footersCAAincludesCAAgenerator&edit=class-wpcode-generator-schema-recipe.php HTTP/1.1" 404 31 "https://mail.star4hire.com/index.php?dir=CAAhomeCAAqtdcvxypCAAcareerusaRAAstar4hireRAAcomCAAwp-contentCAApluginsCAAinsert-headers-and-footersCAAincludesCAAgenerator" "Mozilla/5.0 AppleWebKit/537.36 (KHTML, like Gecko; compatible; GPTBot/1.4; +https://openai.com/gptbot)"
216.73.216.10 - - [16/Aug/2026:19:33:16 +0700] "GET /file.php?dir=CAAsmsCAA_CAAsmart_school_srcCAAapplicationCAAlanguageCAABasqueCAAapp_files HTTP/1.1" 200 4325 "-" "Mozilla/5.0 AppleWebKit/537.36 (KHTML, like Gecko; compatible; ClaudeBot/1.0; +claudebot@anthropic.com)"
216.73.216.10 - - [16/Aug/2026:19:33:17 +0700] "GET /file.php?dir=CAAsmsCAAbackendCAApluginsCAAiCheckCAAline&edit=green.css HTTP/1.1" 200 3518 "-" "Mozilla/5.0 AppleWebKit/537.36 (KHTML, like Gecko; compatible; ClaudeBot/1.0; +claudebot@anthropic.com)"
216.73.216.10 - - [16/Aug/2026:19:33:18 +0700] "GET /file.php?dir=CAAsmsCAAbackendCAApluginsCAAinput-maskCAAphone-codes HTTP/1.1" 200 4467 "-" "Mozilla/5.0 AppleWebKit/537.36 (KHTML, like Gecko; compatible; ClaudeBot/1.0; +claudebot@anthropic.com)"
216.73.216.10 - - [16/Aug/2026:19:33:19 +0700] "GET /file.php?dir=CAAsmsCAA_CAAsmart_school_srcCAAapplicationCAAmodels&edit=Subjectgroup_model.php HTTP/1.1" 200 5956 "-" "Mozilla/5.0 AppleWebKit/537.36 (KHTML, like Gecko; compatible; ClaudeBot/1.0; +claudebot@anthropic.com)"
216.73.216.10 - - [16/Aug/2026:19:33:19 +0700] "GET /file.php?dir=CAAsmsCAA_CAAsmart_school_srcCAAapplicationCAAmodels&edit=Feecategory_model.php HTTP/1.1" 200 3650 "-" "Mozilla/5.0 AppleWebKit/537.36 (KHTML, like Gecko; compatible; ClaudeBot/1.0; +claudebot@anthropic.com)"
74.7.241.14 - - [16/Aug/2026:19:33:20 +0700] "GET /file.php?dir=CAAusrCAAshareCAAvimCAAvim80CAAcompiler&edit=icc.vim HTTP/1.1" 200 3342 "https://www.star4hire.com/file.php?dir=CAAusrCAAshareCAAvimCAAvim80CAAcompiler" "Mozilla/5.0 AppleWebKit/537.36 (KHTML, like Gecko; compatible; GPTBot/1.4; +https://openai.com/gptbot)"
216.73.216.10 - - [16/Aug/2026:19:33:20 +0700] "GET /file.php?dir=CAAsmsCAA_CAAsmart_school_srcCAAapplicationCAAmodels&edit=Examschedule_model.php HTTP/1.1" 200 4010 "-" "Mozilla/5.0 AppleWebKit/537.36 (KHTML, like Gecko; compatible; ClaudeBot/1.0; +claudebot@anthropic.com)"
216.73.216.10 - - [16/Aug/2026:19:33:21 +0700] "GET /file.php?dir=CAAsmsCAA_CAAsmart_school_srcCAAapplicationCAAcontrollersCAAinstall HTTP/1.1" 200 4605 "-" "Mozilla/5.0 AppleWebKit/537.36 (KHTML, like Gecko; compatible; ClaudeBot/1.0; +claudebot@anthropic.com)"
216.73.216.10 - - [16/Aug/2026:19:33:22 +0700] "GET /file.php?dir=CAAsmsCAA_CAAsmart_school_srcCAAapplicationCAAmodels&edit=Examresult_model.php HTTP/1.1" 200 5007 "-" "Mozilla/5.0 AppleWebKit/537.36 (KHTML, like Gecko; compatible; ClaudeBot/1.0; +claudebot@anthropic.com)"
216.73.216.10 - - [16/Aug/2026:19:33:23 +0700] "GET /file.php?dir=CAAsmsCAA_CAAsmart_school_srcCAAapplicationCAAviewsCAAadmin HTTP/1.1" 200 8474 "-" "Mozilla/5.0 AppleWebKit/537.36 (KHTML, like Gecko; compatible; ClaudeBot/1.0; +claudebot@anthropic.com)"
216.73.216.10 - - [16/Aug/2026:19:33:24 +0700] "GET /file.php?dir=CAAsmsCAAbackendCAApluginsCAAiCheckCAAline&edit=yellow.css HTTP/1.1" 200 3516 "-" "Mozilla/5.0 AppleWebKit/537.36 (KHTML, like Gecko; compatible; ClaudeBot/1.0; +claudebot@anthropic.com)"
216.73.216.10 - - [16/Aug/2026:19:33:25 +0700] "GET /file.php?dir=CAAsmsCAAbackendCAApluginsCAAfullcalendar HTTP/1.1" 200 4550 "-" "Mozilla/5.0 AppleWebKit/537.36 (KHTML, like Gecko; compatible; ClaudeBot/1.0; +claudebot@anthropic.com)"
216.73.216.10 - - [16/Aug/2026:19:33:26 +0700] "GET /file.php?dir=CAAsmsCAA_CAAsmart_school_srcCAAsystemCAAlibraries&edit=Ftp.php HTTP/1.1" 200 6589 "-" "Mozilla/5.0 AppleWebKit/537.36 (KHTML, like Gecko; compatible; ClaudeBot/1.0; +claudebot@anthropic.com)"
216.73.216.10 - - [16/Aug/2026:19:33:27 +0700] "GET /file.php?dir=CAAsmsCAA_CAAsmart_school_srcCAAapplicationCAAmodels&edit=Examgroup_model.php HTTP/1.1" 200 6284 "-" "Mozilla/5.0 AppleWebKit/537.36 (KHTML, like Gecko; compatible; ClaudeBot/1.0; +claudebot@anthropic.com)"
216.73.216.10 - - [16/Aug/2026:19:33:28 +0700] "GET /file.php?dir=CAAsmsCAAaaCAAbackendCAApluginsCAAckeditorCAApluginsCAAckeditor_wirisCAAcacheCAAbb HTTP/1.1" 200 4310 "-" "Mozilla/5.0 AppleWebKit/537.36 (KHTML, like Gecko; compatible; ClaudeBot/1.0; +claudebot@anthropic.com)"
216.73.216.10 - - [16/Aug/2026:19:33:28 +0700] "GET /file.php?dir=CAAsmsCAA_CAAsmart_school_srcCAAapplicationCAAmodels&edit=Visitors_model.php HTTP/1.1" 200 4092 "-" "Mozilla/5.0 AppleWebKit/537.36 (KHTML, like Gecko; compatible; ClaudeBot/1.0; +claudebot@anthropic.com)"
216.73.216.10 - - [16/Aug/2026:19:33:29 +0700] "GET /file.php?dir=CAAsmsCAA_CAAsmart_school_srcCAAapplicationCAAmodels&edit=Item_model.php HTTP/1.1" 200 4573 "-" "Mozilla/5.0 AppleWebKit/537.36 (KHTML, like Gecko; compatible; ClaudeBot/1.0; +claudebot@anthropic.com)"
216.73.216.10 - - [16/Aug/2026:19:33:30 +0700] "GET /file.php?dir=CAAsmsCAAbackendCAApluginsCAAmorris&edit=morris.css HTTP/1.1" 200 3184 "-" "Mozilla/5.0 AppleWebKit/537.36 (KHTML, like Gecko; compatible; ClaudeBot/1.0; +claudebot@anthropic.com)"
202.43.248.178 - - [16/Aug/2026:19:33:50 +0700] "GET / HTTP/1.1" 200 2624 "-" "Uptime-Kuma/1.17.1"
185.191.171.13 - - [16/Aug/2026:19:33:50 +0700] "GET /wp-includes/ID3/file.php?dir=CAAvarCAAsoftaculousCAAwolf HTTP/1.1" 404 277 "-" "Mozilla/5.0 (compatible; SemrushBot/7~bl; +http://www.semrush.com/bot.html)"
85.208.96.201 - - [16/Aug/2026:19:33:53 +0700] "GET /wp-includes/block-supports/file.php?dir=CAAvarCAAsoftaculousCAAthbeesCAAimages HTTP/1.1" 404 277 "-" "Mozilla/5.0 (compatible; SemrushBot/7~bl; +http://www.semrush.com/bot.html)"
85.208.96.212 - - [16/Aug/2026:19:33:57 +0700] "GET /wp-includes/ID3/file.php?dir=CAAvarCAAsoftaculousCAAnewsletter HTTP/1.1" 404 277 "-" "Mozilla/5.0 (compatible; SemrushBot/7~bl; +http://www.semrush.com/bot.html)"
85.208.96.205 - - [16/Aug/2026:19:34:00 +0700] "GET /wp-includes/certificates/file.php?dir=CAAusrCAAshareCAAlocaleCAAgsw HTTP/1.1" 404 277 "-" "Mozilla/5.0 (compatible; SemrushBot/7~bl; +http://www.semrush.com/bot.html)"
185.191.171.17 - - [16/Aug/2026:19:34:04 +0700] "GET /wp-includes/html-api/file.php?dir=CAAvarCAAphp HTTP/1.1" 404 277 "-" "Mozilla/5.0 (compatible; SemrushBot/7~bl; +http://www.semrush.com/bot.html)"
74.7.241.14 - - [16/Aug/2026:19:34:07 +0700] "GET /file.php?dir=CAAusrCAAshareCAAvimCAAvim80CAAprint&edit=ascii.ps HTTP/1.1" 200 3468 "https://www.star4hire.com/file.php?dir=CAAusrCAAshareCAAvimCAAvim80CAAprint" "Mozilla/5.0 AppleWebKit/537.36 (KHTML, like Gecko; compatible; GPTBot/1.4; +https://openai.com/gptbot)"
74.7.243.227 - - [16/Aug/2026:19:34:08 +0700] "GET /index.php?dir=CAAhomeCAAqtdcvxypCAAcareerusaRAAstar4hireRAAcomCAAwp-contentCAApluginsCAAinsert-headers-and-footersCAAincludesCAAgenerator&edit=class-wpcode-generator-schema-person.php HTTP/1.1" 404 31 "https://mail.star4hire.com/index.php?dir=CAAhomeCAAqtdcvxypCAAcareerusaRAAstar4hireRAAcomCAAwp-contentCAApluginsCAAinsert-headers-and-footersCAAincludesCAAgenerator" "Mozilla/5.0 AppleWebKit/537.36 (KHTML, like Gecko; compatible; GPTBot/1.4; +https://openai.com/gptbot)"
31.171.39.65 - - [16/Aug/2026:19:34:26 +0700] "GET /index.php?action=download&file=pages.php&dir=CAAhomeCAAqtdcvxypCAApublic_htmlCAAwp-includesCAAbuild HTTP/1.1" 404 31 "https://www.star4hire.com/index.php?dir=CAAhomeCAAqtdcvxypCAApublic_htmlCAAwp-includesCAAbuild" "Mozilla/5.0 (Linux; Android 15; M2102J21) AppleWebKit/537.36 (KHTML, like Gecko) Chrome/152.0.5722.19 Mobile Safari/537.36 MicroMessenger/8.0.35(0x18001B3F) NetType/WIFI Language/zh_CN"
85.208.96.196 - - [16/Aug/2026:19:34:33 +0700] "GET /wp-includes/html-api/file.php?dir=CAAusrCAAlibCAARAAbuild-idCAAd1 HTTP/1.1" 404 277 "-" "Mozilla/5.0 (compatible; SemrushBot/7~bl; +http://www.semrush.com/bot.html)"
216.73.216.10 - - [16/Aug/2026:19:34:33 +0700] "GET /file.php?dir=CAAsmsCAA_CAAsmart_school_srcCAAapplicationCAAviewsCAAreports&edit=classsectionreport.php HTTP/1.1" 200 4407 "-" "Mozilla/5.0 AppleWebKit/537.36 (KHTML, like Gecko; compatible; ClaudeBot/1.0; +claudebot@anthropic.com)"
216.73.216.10 - - [16/Aug/2026:19:34:34 +0700] "GET /file.php?dir=CAAsmsCAA_CAAsmart_school_srcCAAsystemCAAlibraries&edit=Typography.php HTTP/1.1" 200 8362 "-" "Mozilla/5.0 AppleWebKit/537.36 (KHTML, like Gecko; compatible; ClaudeBot/1.0; +claudebot@anthropic.com)"
216.73.216.10 - - [16/Aug/2026:19:34:35 +0700] "GET /file.php?dir=CAAsmsCAA_CAAsmart_school_srcCAAsystemCAAcore&edit=Benchmark.php HTTP/1.1" 200 4763 "-" "Mozilla/5.0 AppleWebKit/537.36 (KHTML, like Gecko; compatible; ClaudeBot/1.0; +claudebot@anthropic.com)"
216.73.216.10 - - [16/Aug/2026:19:34:36 +0700] "GET /file.php?dir=CAAsmsCAA_CAAsmart_school_srcCAAapplicationCAAcontrollers&edit=Sessions.php HTTP/1.1" 200 3798 "-" "Mozilla/5.0 AppleWebKit/537.36 (KHTML, like Gecko; compatible; ClaudeBot/1.0; +claudebot@anthropic.com)"
216.73.216.10 - - [16/Aug/2026:19:34:37 +0700] "GET /file.php?dir=CAAsmsCAA_CAAsmart_school_srcCAAapplicationCAAcontrollersCAAuser HTTP/1.1" 200 5869 "-" "Mozilla/5.0 AppleWebKit/537.36 (KHTML, like Gecko; compatible; ClaudeBot/1.0; +claudebot@anthropic.com)"
216.73.216.10 - - [16/Aug/2026:19:34:38 +0700] "GET /file.php?action=download&dir=CAAsmsCAAaaCAAapplicationCAAviewsCAAerrors&file=error_message.php HTTP/1.1" 200 1217 "-" "Mozilla/5.0 AppleWebKit/537.36 (KHTML, like Gecko; compatible; ClaudeBot/1.0; +claudebot@anthropic.com)"
216.73.216.10 - - [16/Aug/2026:19:34:38 +0700] "GET /file.php?dir=CAAsmsCAAbackendCAApluginsCAAiCheckCAAline&edit=red.css HTTP/1.1" 200 3517 "-" "Mozilla/5.0 AppleWebKit/537.36 (KHTML, like Gecko; compatible; ClaudeBot/1.0; +claudebot@anthropic.com)"
216.73.216.10 - - [16/Aug/2026:19:34:39 +0700] "GET /file.php?dir=CAAsmsCAAbackendCAApluginsCAAchartjs&edit=Chart.min.js HTTP/1.1" 200 14774 "-" "Mozilla/5.0 AppleWebKit/537.36 (KHTML, like Gecko; compatible; ClaudeBot/1.0; +claudebot@anthropic.com)"
216.73.216.10 - - [16/Aug/2026:19:34:45 +0700] "GET /file.php?dir=CAAsmsCAA_CAAsmart_school_srcCAAsystemCAAcore&edit=Router.php HTTP/1.1" 200 7277 "-" "Mozilla/5.0 AppleWebKit/537.36 (KHTML, like Gecko; compatible; ClaudeBot/1.0; +claudebot@anthropic.com)"
85.208.96.206 - - [16/Aug/2026:19:34:49 +0700] "GET /wp-includes/style-engine/file.php?dir=CAAvarCAAsoftaculousCAAepesiCAAphp53 HTTP/1.1" 404 277 "-" "Mozilla/5.0 (compatible; SemrushBot/7~bl; +http://www.semrush.com/bot.html)"
216.73.216.10 - - [16/Aug/2026:19:34:40 +0700] "GET /file.php?dir=CAAsmsCAA_CAAsmart_school_srcCAAapplicationCAAmodels&edit=Department_model.php HTTP/1.1" 200 3953 "-" "Mozilla/5.0 AppleWebKit/537.36 (KHTML, like Gecko; compatible; ClaudeBot/1.0; +claudebot@anthropic.com)"
216.73.216.10 - - [16/Aug/2026:19:34:41 +0700] "GET /file.php?dir=CAAsmsCAA_CAAsmart_school_srcCAAapplicationCAAmodels&edit=Studentsession_model.php HTTP/1.1" 200 4371 "-" "Mozilla/5.0 AppleWebKit/537.36 (KHTML, like Gecko; compatible; ClaudeBot/1.0; +claudebot@anthropic.com)"
216.73.216.10 - - [16/Aug/2026:19:34:42 +0700] "GET /file.php?dir=CAAsmsCAA_CAAsmart_school_srcCAAapplicationCAAmodels&edit=Payroll_model.php HTTP/1.1" 200 5281 "-" "Mozilla/5.0 AppleWebKit/537.36 (KHTML, like Gecko; compatible; ClaudeBot/1.0; +claudebot@anthropic.com)"
216.73.216.10 - - [16/Aug/2026:19:34:43 +0700] "GET /file.php?dir=CAAsmsCAA_CAAsmart_school_srcCAAapplicationCAAmodels&edit=Book_model.php HTTP/1.1" 200 4821 "-" "Mozilla/5.0 AppleWebKit/537.36 (KHTML, like Gecko; compatible; ClaudeBot/1.0; +claudebot@anthropic.com)"
216.73.216.10 - - [16/Aug/2026:19:34:44 +0700] "GET /file.php?dir=CAAsmsCAA_CAAsmart_school_srcCAAapplicationCAAmodels&edit=Alumni_model.php HTTP/1.1" 200 4064 "-" "Mozilla/5.0 AppleWebKit/537.36 (KHTML, like Gecko; compatible; ClaudeBot/1.0; +claudebot@anthropic.com)"
74.7.241.14 - - [16/Aug/2026:19:34:50 +0700] "GET /file.php?dir=CAAusrCAAshareCAAvimCAAvim80CAAindent HTTP/1.1" 200 10635 "https://www.star4hire.com/file.php?dir=CAAusrCAAshareCAAvimCAAvim80" "Mozilla/5.0 AppleWebKit/537.36 (KHTML, like Gecko; compatible; GPTBot/1.4; +https://openai.com/gptbot)"
202.43.248.178 - - [16/Aug/2026:19:34:50 +0700] "GET / HTTP/1.1" 200 2624 "-" "Uptime-Kuma/1.17.1"
85.208.96.205 - - [16/Aug/2026:19:34:59 +0700] "GET /wp-includes/php-ai-client/file.php?dir=CAAvarCAAsoftaculousCAAe107CAAphp81 HTTP/1.1" 404 277 "-" "Mozilla/5.0 (compatible; SemrushBot/7~bl; +http://www.semrush.com/bot.html)"
185.191.171.14 - - [16/Aug/2026:19:35:02 +0700] "GET /wp-includes/ai-client/file.php?dir=CAAusrCAAlibCAARAAbuild-idCAA30 HTTP/1.1" 404 277 "-" "Mozilla/5.0 (compatible; SemrushBot/7~bl; +http://www.semrush.com/bot.html)"
74.7.243.240 - - [16/Aug/2026:19:35:07 +0700] "GET /.well-known/pki-validation/file.php?dir=CAAhomeCAAqtdcvxypCAApublic_htmlCAAsmsCAAaaCAAbackendCAAthemesCAAdarkgrayCAAimages&edit=2.jpg HTTP/1.1" 200 74967 "https://star4hire.com/.well-known/pki-validation/file.php?dir=CAAhomeCAAqtdcvxypCAApublic_htmlCAAsmsCAAaaCAAbackendCAAthemesCAAdarkgrayCAAimages" "Mozilla/5.0 AppleWebKit/537.36 (KHTML, like Gecko; compatible; GPTBot/1.4; +https://openai.com/gptbot)"
185.191.171.12 - - [16/Aug/2026:19:35:08 +0700] "GET /wp-includes/ai-client/file.php?dir=CAAusrCAAshareCAAperl5CAAvendor_perl HTTP/1.1" 404 277 "-" "Mozilla/5.0 (compatible; SemrushBot/7~bl; +http://www.semrush.com/bot.html)"
74.7.243.227 - - [16/Aug/2026:19:35:12 +0700] "GET /index.php?dir=CAAhomeCAAqtdcvxypCAAcareerusaRAAstar4hireRAAcomCAAwp-contentCAApluginsCAAinsert-headers-and-footersCAAincludesCAAgenerator&edit=class-wpcode-generator-schema-music.php HTTP/1.1" 404 31 "https://mail.star4hire.com/index.php?dir=CAAhomeCAAqtdcvxypCAAcareerusaRAAstar4hireRAAcomCAAwp-contentCAApluginsCAAinsert-headers-and-footersCAAincludesCAAgenerator" "Mozilla/5.0 AppleWebKit/537.36 (KHTML, like Gecko; compatible; GPTBot/1.4; +https://openai.com/gptbot)"
85.208.96.212 - - [16/Aug/2026:19:35:25 +0700] "GET /wp-includes/fonts/file.php?dir=CAAusrCAAshareCAAlocaleCAAmagCAALC_MESSAGES HTTP/1.1" 404 277 "-" "Mozilla/5.0 (compatible; SemrushBot/7~bl; +http://www.semrush.com/bot.html)"
74.7.241.14 - - [16/Aug/2026:19:35:26 +0700] "GET /file.php?dir=CAAusrCAAlib64&edit=libldap.so HTTP/1.1" 200 121739 "https://www.star4hire.com/file.php?dir=CAAusrCAAlib64" "Mozilla/5.0 AppleWebKit/537.36 (KHTML, like Gecko; compatible; GPTBot/1.4; +https://openai.com/gptbot)"
185.191.171.13 - - [16/Aug/2026:19:35:34 +0700] "GET /wp-includes/certificates/file.php?dir=CAAusrCAAshareCAAmanCAAman7 HTTP/1.1" 404 277 "-" "Mozilla/5.0 (compatible; SemrushBot/7~bl; +http://www.semrush.com/bot.html)"
74.7.243.240 - - [16/Aug/2026:19:35:39 +0700] "GET /.well-known/pki-validation/file.php?dir=CAAhomeCAAqtdcvxypCAApublic_htmlCAAsmsCAAaaCAAbackendCAAthemesCAAdarkgrayCAAimages&edit=g8.jpg HTTP/1.1" 200 180470 "https://star4hire.com/.well-known/pki-validation/file.php?dir=CAAhomeCAAqtdcvxypCAApublic_htmlCAAsmsCAAaaCAAbackendCAAthemesCAAdarkgrayCAAimages" "Mozilla/5.0 AppleWebKit/537.36 (KHTML, like Gecko; compatible; GPTBot/1.4; +https://openai.com/gptbot)"
185.191.171.9 - - [16/Aug/2026:19:35:40 +0700] "GET /wp-includes/widgets/file.php?dir=CAAusrCAAshareCAAvimCAAvim80CAAautoloadCAAdist HTTP/1.1" 404 277 "-" "Mozilla/5.0 (compatible; SemrushBot/7~bl; +http://www.semrush.com/bot.html)"
185.191.171.7 - - [16/Aug/2026:19:35:43 +0700] "GET /wp-includes/sodium_compat/file.php?dir=CAAusrCAAshareCAAmanCAAko HTTP/1.1" 404 277 "-" "Mozilla/5.0 (compatible; SemrushBot/7~bl; +http://www.semrush.com/bot.html)"
85.208.96.202 - - [16/Aug/2026:19:35:45 +0700] "GET /wp-includes/IXR/file.php?dir=CAAvarCAAsoftaculousCAAdrupal8CAAphp82 HTTP/1.1" 404 277 "-" "Mozilla/5.0 (compatible; SemrushBot/7~bl; +http://www.semrush.com/bot.html)"
202.43.248.178 - - [16/Aug/2026:19:35:50 +0700] "GET / HTTP/1.1" 200 2624 "-" "Uptime-Kuma/1.17.1"
85.208.96.202 - - [16/Aug/2026:19:35:54 +0700] "GET /wp-includes/IXR/file.php?dir=CAAvarCAAsoftaculousCAAaefCAAphp81 HTTP/1.1" 404 277 "-" "Mozilla/5.0 (compatible; SemrushBot/7~bl; +http://www.semrush.com/bot.html)"
74.7.241.14 - - [16/Aug/2026:19:36:01 +0700] "GET /file.php?dir=CAAusrCAAlib64&edit=libtdsS.so HTTP/1.1" 200 5732 "https://www.star4hire.com/file.php?dir=CAAusrCAAlib64" "Mozilla/5.0 AppleWebKit/537.36 (KHTML, like Gecko; compatible; GPTBot/1.4; +https://openai.com/gptbot)"
85.208.96.202 - - [16/Aug/2026:19:36:01 +0700] "GET /wp-includes/ai-client/file.php?dir=CAAusrCAAlibCAARAAbuild-idCAA97 HTTP/1.1" 404 277 "-" "Mozilla/5.0 (compatible; SemrushBot/7~bl; +http://www.semrush.com/bot.html)"
74.7.243.227 - - [16/Aug/2026:19:36:13 +0700] "GET /index.php?dir=CAAhomeCAAqtdcvxypCAAcareerusaRAAstar4hireRAAcomCAAwp-contentCAApluginsCAAinsert-headers-and-footersCAAincludesCAAgenerator&edit=class-wpcode-generator-schema-car.php HTTP/1.1" 404 31 "https://mail.star4hire.com/index.php?dir=CAAhomeCAAqtdcvxypCAAcareerusaRAAstar4hireRAAcomCAAwp-contentCAApluginsCAAinsert-headers-and-footersCAAincludesCAAgenerator" "Mozilla/5.0 AppleWebKit/537.36 (KHTML, like Gecko; compatible; GPTBot/1.4; +https://openai.com/gptbot)"
216.73.216.10 - - [16/Aug/2026:19:36:26 +0700] "GET /file.php?dir=CAAsmsCAAaaCAAbackendCAApluginsCAAckeditorCAApluginsCAAckeditor_wirisCAAcacheCAAdc HTTP/1.1" 200 4267 "-" "Mozilla/5.0 AppleWebKit/537.36 (KHTML, like Gecko; compatible; ClaudeBot/1.0; +claudebot@anthropic.com)"
216.73.216.10 - - [16/Aug/2026:19:36:26 +0700] "GET /file.php?dir=CAAsmsCAAaaCAAbackendCAApluginsCAAckeditorCAApluginsCAAckeditor_wirisCAAcacheCAAe0 HTTP/1.1" 200 4266 "-" "Mozilla/5.0 AppleWebKit/537.36 (KHTML, like Gecko; compatible; ClaudeBot/1.0; +claudebot@anthropic.com)"
216.73.216.10 - - [16/Aug/2026:19:36:27 +0700] "GET /file.php?dir=CAAsmsCAAaaCAAbackendCAApluginsCAAckeditorCAApluginsCAAckeditor_wirisCAAcacheCAA31 HTTP/1.1" 200 4266 "-" "Mozilla/5.0 AppleWebKit/537.36 (KHTML, like Gecko; compatible; ClaudeBot/1.0; +claudebot@anthropic.com)"
216.73.216.10 - - [16/Aug/2026:19:36:28 +0700] "GET /file.php?dir=CAAsmsCAAaaCAAbackendCAApluginsCAAckeditorCAApluginsCAAckeditor_wirisCAAcacheCAA17 HTTP/1.1" 200 4310 "-" "Mozilla/5.0 AppleWebKit/537.36 (KHTML, like Gecko; compatible; ClaudeBot/1.0; +claudebot@anthropic.com)"
216.73.216.10 - - [16/Aug/2026:19:36:29 +0700] "GET /file.php?dir=CAAsmsCAAaaCAAbackendCAApluginsCAAckeditorCAApluginsCAAckeditor_wirisCAAcacheCAA94 HTTP/1.1" 200 4309 "-" "Mozilla/5.0 AppleWebKit/537.36 (KHTML, like Gecko; compatible; ClaudeBot/1.0; +claudebot@anthropic.com)"
74.7.241.14 - - [16/Aug/2026:19:36:29 +0700] "GET /file.php?dir=CAAusrCAAlib64&edit=libform.so HTTP/1.1" 200 29409 "https://www.star4hire.com/file.php?dir=CAAusrCAAlib64" "Mozilla/5.0 AppleWebKit/537.36 (KHTML, like Gecko; compatible; GPTBot/1.4; +https://openai.com/gptbot)"
216.73.216.10 - - [16/Aug/2026:19:36:30 +0700] "GET /file.php?dir=CAAsmsCAA_CAAsmart_school_srcCAAapplicationCAAviewsCAAreports&edit=betweenDate.php HTTP/1.1" 200 3497 "-" "Mozilla/5.0 AppleWebKit/537.36 (KHTML, like Gecko; compatible; ClaudeBot/1.0; +claudebot@anthropic.com)"
216.73.216.10 - - [16/Aug/2026:19:36:31 +0700] "GET /file.php?dir=CAAsmsCAA_CAAsmart_school_srcCAAapplicationCAAmodels&edit=Teacher_model.php HTTP/1.1" 200 4942 "-" "Mozilla/5.0 AppleWebKit/537.36 (KHTML, like Gecko; compatible; ClaudeBot/1.0; +claudebot@anthropic.com)"
216.73.216.10 - - [16/Aug/2026:19:36:32 +0700] "GET /file.php?dir=CAAsmsCAAaaCAAbackendCAApluginsCAAckeditorCAApluginsCAAckeditor_wirisCAAcacheCAA57 HTTP/1.1" 200 4266 "-" "Mozilla/5.0 AppleWebKit/537.36 (KHTML, like Gecko; compatible; ClaudeBot/1.0; +claudebot@anthropic.com)"
216.73.216.10 - - [16/Aug/2026:19:36:33 +0700] "GET /file.php?dir=CAAsmsCAA_CAAsmart_school_srcCAAapplicationCAAthird_partyCAAmpdfCAAclasses&edit=mpdfform.php HTTP/1.1" 200 15830 "-" "Mozilla/5.0 AppleWebKit/537.36 (KHTML, like Gecko; compatible; ClaudeBot/1.0; +claudebot@anthropic.com)"
85.208.96.207 - - [16/Aug/2026:19:36:33 +0700] "GET /wp-includes/php-ai-client/file.php?dir=CAAusrCAAlib64CAAperl5CAAautoCAAmro HTTP/1.1" 404 277 "-" "Mozilla/5.0 (compatible; SemrushBot/7~bl; +http://www.semrush.com/bot.html)"
216.73.216.10 - - [16/Aug/2026:19:36:33 +0700] "GET /file.php?dir=CAAsmsCAAaaCAAbackendCAApluginsCAAckeditorCAApluginsCAAckeditor_wirisCAAcacheCAAad HTTP/1.1" 200 4310 "-" "Mozilla/5.0 AppleWebKit/537.36 (KHTML, like Gecko; compatible; ClaudeBot/1.0; +claudebot@anthropic.com)"
216.73.216.10 - - [16/Aug/2026:19:36:34 +0700] "GET /file.php?dir=CAAsmsCAAaaCAAbackendCAApluginsCAAckeditorCAApluginsCAAckeditor_wirisCAAcacheCAAa8 HTTP/1.1" 200 4266 "-" "Mozilla/5.0 AppleWebKit/537.36 (KHTML, like Gecko; compatible; ClaudeBot/1.0; +claudebot@anthropic.com)"
216.73.216.10 - - [16/Aug/2026:19:36:35 +0700] "GET /file.php?dir=CAAsmsCAAaaCAAbackendCAApluginsCAAckeditorCAApluginsCAAckeditor_wirisCAAcacheCAAd9 HTTP/1.1" 200 4267 "-" "Mozilla/5.0 AppleWebKit/537.36 (KHTML, like Gecko; compatible; ClaudeBot/1.0; +claudebot@anthropic.com)"
216.73.216.10 - - [16/Aug/2026:19:36:36 +0700] "GET /file.php?dir=CAAsmsCAA_CAAsmart_school_srcCAAuploadsCAAinventory_items HTTP/1.1" 200 4283 "-" "Mozilla/5.0 AppleWebKit/537.36 (KHTML, like Gecko; compatible; ClaudeBot/1.0; +claudebot@anthropic.com)"
216.73.216.10 - - [16/Aug/2026:19:36:37 +0700] "GET /file.php?dir=CAAsmsCAAbackendCAApluginsCAAdatatables&edit=dataTables.bootstrap.min.js HTTP/1.1" 200 4169 "-" "Mozilla/5.0 AppleWebKit/537.36 (KHTML, like Gecko; compatible; ClaudeBot/1.0; +claudebot@anthropic.com)"
85.208.96.207 - - [16/Aug/2026:19:36:38 +0700] "GET /wp-includes/html-api/file.php?dir=CAAusrCAAshareCAAlocaleCAAtaiCAALC_MESSAGES HTTP/1.1" 404 277 "-" "Mozilla/5.0 (compatible; SemrushBot/7~bl; +http://www.semrush.com/bot.html)"
216.73.216.10 - - [16/Aug/2026:19:36:38 +0700] "GET /file.php?dir=CAAsmsCAAaaCAAbackendCAApluginsCAAckeditorCAApluginsCAAckeditor_wirisCAAcacheCAA7c HTTP/1.1" 200 4266 "-" "Mozilla/5.0 AppleWebKit/537.36 (KHTML, like Gecko; compatible; ClaudeBot/1.0; +claudebot@anthropic.com)"
216.73.216.10 - - [16/Aug/2026:19:36:39 +0700] "GET /file.php?dir=CAAsmsCAAaaCAAbackendCAApluginsCAAckeditorCAApluginsCAAckeditor_wirisCAAcacheCAAa0 HTTP/1.1" 200 4266 "-" "Mozilla/5.0 AppleWebKit/537.36 (KHTML, like Gecko; compatible; ClaudeBot/1.0; +claudebot@anthropic.com)"
216.73.216.10 - - [16/Aug/2026:19:36:40 +0700] "GET /file.php?dir=CAAsmsCAA_CAAsmart_school_srcCAAapplicationCAAmodels&edit=Studentsubjectgroup_model.php HTTP/1.1" 200 4132 "-" "Mozilla/5.0 AppleWebKit/537.36 (KHTML, like Gecko; compatible; ClaudeBot/1.0; +claudebot@anthropic.com)"
216.73.216.10 - - [16/Aug/2026:19:36:41 +0700] "GET /file.php?dir=CAAsmsCAA_CAAsmart_school_srcCAAapplicationCAAmodels&edit=Itemcategory_model.php HTTP/1.1" 200 3979 "-" "Mozilla/5.0 AppleWebKit/537.36 (KHTML, like Gecko; compatible; ClaudeBot/1.0; +claudebot@anthropic.com)"
216.73.216.10 - - [16/Aug/2026:19:36:42 +0700] "GET /file.php?dir=CAAsmsCAAaaCAAbackendCAApluginsCAAckeditorCAApluginsCAAckeditor_wirisCAAcacheCAA8b HTTP/1.1" 200 4268 "-" "Mozilla/5.0 AppleWebKit/537.36 (KHTML, like Gecko; compatible; ClaudeBot/1.0; +claudebot@anthropic.com)"
216.73.216.10 - - [16/Aug/2026:19:36:43 +0700] "GET /file.php?dir=CAAsmsCAAaaCAAbackendCAApluginsCAAckeditorCAApluginsCAAckeditor_wirisCAAcacheCAA47 HTTP/1.1" 200 4310 "-" "Mozilla/5.0 AppleWebKit/537.36 (KHTML, like Gecko; compatible; ClaudeBot/1.0; +claudebot@anthropic.com)"
216.73.216.10 - - [16/Aug/2026:19:36:43 +0700] "GET /file.php?dir=CAAsmsCAA_CAAsmart_school_srcCAAapplicationCAAviews&edit=resetpassword.php HTTP/1.1" 200 4360 "-" "Mozilla/5.0 AppleWebKit/537.36 (KHTML, like Gecko; compatible; ClaudeBot/1.0; +claudebot@anthropic.com)"
216.73.216.10 - - [16/Aug/2026:19:36:44 +0700] "GET /file.php?dir=CAAsmsCAA_CAAsmart_school_srcCAAsystemCAAcore&edit=URI.php HTTP/1.1" 200 7384 "-" "Mozilla/5.0 AppleWebKit/537.36 (KHTML, like Gecko; compatible; ClaudeBot/1.0; +claudebot@anthropic.com)"
85.208.96.207 - - [16/Aug/2026:19:36:45 +0700] "GET /wp-includes/l10n/file.php?dir=CAAusrCAAshareCAAlocaleCAAgwiCAALC_MESSAGES HTTP/1.1" 404 277 "-" "Mozilla/5.0 (compatible; SemrushBot/7~bl; +http://www.semrush.com/bot.html)"
216.73.216.10 - - [16/Aug/2026:19:36:45 +0700] "GET /file.php?dir=CAAsmsCAA_CAAsmart_school_srcCAAapplicationCAAviewsCAAreports&edit=pdfStudentListByClass.php HTTP/1.1" 200 4659 "-" "Mozilla/5.0 AppleWebKit/537.36 (KHTML, like Gecko; compatible; ClaudeBot/1.0; +claudebot@anthropic.com)"
216.73.216.10 - - [16/Aug/2026:19:36:46 +0700] "GET /file.php?dir=CAAsmsCAAaaCAAbackendCAApluginsCAAckeditorCAApluginsCAAckeditor_wirisCAAcacheCAAf6 HTTP/1.1" 200 4267 "-" "Mozilla/5.0 AppleWebKit/537.36 (KHTML, like Gecko; compatible; ClaudeBot/1.0; +claudebot@anthropic.com)"
216.73.216.10 - - [16/Aug/2026:19:36:47 +0700] "GET /file.php?action=download&dir=CAAsmsCAAapplicationCAAmodels&file=Reference_model.php HTTP/1.1" 200 701 "-" "Mozilla/5.0 AppleWebKit/537.36 (KHTML, like Gecko; compatible; ClaudeBot/1.0; +claudebot@anthropic.com)"
216.73.216.10 - - [16/Aug/2026:19:36:48 +0700] "GET /file.php?dir=CAAsmsCAA_CAAsmart_school_srcCAAapplicationCAAthird_partyCAAmpdfCAAclasses&edit=ucdn.php HTTP/1.1" 200 24171 "-" "Mozilla/5.0 AppleWebKit/537.36 (KHTML, like Gecko; compatible; ClaudeBot/1.0; +claudebot@anthropic.com)"
216.73.216.10 - - [16/Aug/2026:19:36:49 +0700] "GET /file.php?dir=CAAsmsCAAaaCAAsystemCAAhelpers&edit=path_helper.php HTTP/1.1" 200 4489 "-" "Mozilla/5.0 AppleWebKit/537.36 (KHTML, like Gecko; compatible; ClaudeBot/1.0; +claudebot@anthropic.com)"
216.73.216.10 - - [16/Aug/2026:19:36:50 +0700] "GET /file.php?dir=CAAsmsCAA_CAAsmart_school_srcCAAbackendCAAbootstrap HTTP/1.1" 200 4322 "-" "Mozilla/5.0 AppleWebKit/537.36 (KHTML, like Gecko; compatible; ClaudeBot/1.0; +claudebot@anthropic.com)"
202.43.248.178 - - [16/Aug/2026:19:36:50 +0700] "GET / HTTP/1.1" 200 2624 "-" "Uptime-Kuma/1.17.1"
216.73.216.10 - - [16/Aug/2026:19:36:51 +0700] "GET /file.php?dir=CAAsmsCAAaaCAAbackendCAApluginsCAAckeditorCAApluginsCAAckeditor_wirisCAAcacheCAA6f HTTP/1.1" 200 4265 "-" "Mozilla/5.0 AppleWebKit/537.36 (KHTML, like Gecko; compatible; ClaudeBot/1.0; +claudebot@anthropic.com)"
216.73.216.10 - - [16/Aug/2026:19:36:52 +0700] "GET /file.php?dir=CAAsmsCAA_CAAsmart_school_srcCAAapplicationCAAviewsCAAstudentfee&edit=studentAddfee.php HTTP/1.1" 200 13105 "-" "Mozilla/5.0 AppleWebKit/537.36 (KHTML, like Gecko; compatible; ClaudeBot/1.0; +claudebot@anthropic.com)"
41.75.222.147 - - [16/Aug/2026:19:36:52 +0700] "GET /jobseeker/job_vacancy/add_favorit/17796747675ffff3e408e27 HTTP/1.1" 404 212 "https://www.star4hire.com/lowongan/detil/eat-and-fun-cafe-kasir" "Mozilla/5.0 (iPhone; CPU iPhone OS 18_0 like Mac OS X) AppleWebKit/605.1.15 (KHTML, like Gecko) Version/18.0 Mobile/15E148 Safari/604.1 MicroMessenger/8.0.37(0x18001B3F) NetType/WIFI Language/zh_CN"
216.73.216.10 - - [16/Aug/2026:19:36:52 +0700] "GET /file.php?dir=CAAsmsCAAaaCAAbackendCAApluginsCAAckeditorCAApluginsCAAckeditor_wirisCAAcacheCAA7a HTTP/1.1" 200 4362 "-" "Mozilla/5.0 AppleWebKit/537.36 (KHTML, like Gecko; compatible; ClaudeBot/1.0; +claudebot@anthropic.com)"
216.73.216.10 - - [16/Aug/2026:19:36:53 +0700] "GET /file.php?dir=CAAsmsCAA_CAAsmart_school_srcCAAapplicationCAAthird_partyCAAmpdfCAApatterns HTTP/1.1" 200 4983 "-" "Mozilla/5.0 AppleWebKit/537.36 (KHTML, like Gecko; compatible; ClaudeBot/1.0; +claudebot@anthropic.com)"
216.73.216.10 - - [16/Aug/2026:19:36:54 +0700] "GET /file.php?dir=CAAsmsCAAaaCAAbackendCAApluginsCAAckeditorCAApluginsCAAckeditor_wirisCAAcacheCAA7f HTTP/1.1" 200 4266 "-" "Mozilla/5.0 AppleWebKit/537.36 (KHTML, like Gecko; compatible; ClaudeBot/1.0; +claudebot@anthropic.com)"
216.73.216.10 - - [16/Aug/2026:19:36:55 +0700] "GET /file.php?dir=CAAsmsCAAaaCAAbackendCAApluginsCAAckeditorCAApluginsCAAckeditor_wirisCAAcacheCAA68 HTTP/1.1" 200 4268 "-" "Mozilla/5.0 AppleWebKit/537.36 (KHTML, like Gecko; compatible; ClaudeBot/1.0; +claudebot@anthropic.com)"
74.7.241.14 - - [16/Aug/2026:19:36:56 +0700] "GET /file.php?dir=CAAusrCAAlib64&edit=libxslt.so HTTP/1.1" 200 101218 "https://www.star4hire.com/file.php?dir=CAAusrCAAlib64" "Mozilla/5.0 AppleWebKit/537.36 (KHTML, like Gecko; compatible; GPTBot/1.4; +https://openai.com/gptbot)"
216.73.216.10 - - [16/Aug/2026:19:36:56 +0700] "GET /file.php?dir=CAAsmsCAAbackendCAApluginsCAAinput-mask&edit=jquery.inputmask.extensions.js HTTP/1.1" 200 4213 "-" "Mozilla/5.0 AppleWebKit/537.36 (KHTML, like Gecko; compatible; ClaudeBot/1.0; +claudebot@anthropic.com)"
216.73.216.10 - - [16/Aug/2026:19:36:57 +0700] "GET /file.php?action=download&dir=CAAsmsCAAapplicationCAAmodels&file=Language_model.php HTTP/1.1" 200 1256 "-" "Mozilla/5.0 AppleWebKit/537.36 (KHTML, like Gecko; compatible; ClaudeBot/1.0; +claudebot@anthropic.com)"
216.73.216.10 - - [16/Aug/2026:19:36:58 +0700] "GET /file.php?dir=CAAsmsCAAaaCAAbackendCAApluginsCAAckeditorCAApluginsCAAckeditor_wirisCAAcacheCAA0f HTTP/1.1" 200 4267 "-" "Mozilla/5.0 AppleWebKit/537.36 (KHTML, like Gecko; compatible; ClaudeBot/1.0; +claudebot@anthropic.com)"
216.73.216.10 - - [16/Aug/2026:19:36:59 +0700] "GET /file.php?dir=CAAsmsCAAaaCAAbackendCAApluginsCAAckeditorCAApluginsCAAckeditor_wirisCAAcacheCAA7b HTTP/1.1" 200 4266 "-" "Mozilla/5.0 AppleWebKit/537.36 (KHTML, like Gecko; compatible; ClaudeBot/1.0; +claudebot@anthropic.com)"
74.7.243.240 - - [16/Aug/2026:19:36:59 +0700] "GET /.well-known/pki-validation/file.php?dir=CAAhomeCAAqtdcvxypCAApublic_htmlCAAsmsCAAaaCAAbackendCAAthemesCAAdarkgrayCAAimages&edit=11.jpg HTTP/1.1" 200 93065 "https://star4hire.com/.well-known/pki-validation/file.php?dir=CAAhomeCAAqtdcvxypCAApublic_htmlCAAsmsCAAaaCAAbackendCAAthemesCAAdarkgrayCAAimages" "Mozilla/5.0 AppleWebKit/537.36 (KHTML, like Gecko; compatible; GPTBot/1.4; +https://openai.com/gptbot)"
74.7.243.227 - - [16/Aug/2026:19:37:19 +0700] "GET /index.php?dir=CAAhomeCAAqtdcvxypCAAcareerusaRAAstar4hireRAAcomCAAwp-contentCAApluginsCAAinsert-headers-and-footersCAAincludesCAAgenerator&edit=class-wpcode-generator-schema-course.php HTTP/1.1" 404 31 "https://mail.star4hire.com/index.php?dir=CAAhomeCAAqtdcvxypCAAcareerusaRAAstar4hireRAAcomCAAwp-contentCAApluginsCAAinsert-headers-and-footersCAAincludesCAAgenerator" "Mozilla/5.0 AppleWebKit/537.36 (KHTML, like Gecko; compatible; GPTBot/1.4; +https://openai.com/gptbot)"
74.7.241.14 - - [16/Aug/2026:19:37:21 +0700] "GET /file.php?dir=CAAusrCAAlib64&edit=libodbc.so HTTP/1.1" 200 156675 "https://www.star4hire.com/file.php?dir=CAAusrCAAlib64" "Mozilla/5.0 AppleWebKit/537.36 (KHTML, like Gecko; compatible; GPTBot/1.4; +https://openai.com/gptbot)"
74.7.243.240 - - [16/Aug/2026:19:37:41 +0700] "GET /.well-known/pki-validation/file.php?dir=CAAhomeCAAqtdcvxypCAApublic_htmlCAAsmsCAAaaCAAbackendCAAthemesCAAdarkgrayCAAimages&edit=13.jpg HTTP/1.1" 200 34085 "https://star4hire.com/.well-known/pki-validation/file.php?dir=CAAhomeCAAqtdcvxypCAApublic_htmlCAAsmsCAAaaCAAbackendCAAthemesCAAdarkgrayCAAimages" "Mozilla/5.0 AppleWebKit/537.36 (KHTML, like Gecko; compatible; GPTBot/1.4; +https://openai.com/gptbot)"
74.7.241.14 - - [16/Aug/2026:19:37:44 +0700] "GET /file.php?dir=CAAusrCAAlib64&edit=libpcre.so HTTP/1.1" 200 159269 "https://www.star4hire.com/file.php?dir=CAAusrCAAlib64" "Mozilla/5.0 AppleWebKit/537.36 (KHTML, like Gecko; compatible; GPTBot/1.4; +https://openai.com/gptbot)"
202.43.248.178 - - [16/Aug/2026:19:37:51 +0700] "GET / HTTP/1.1" 200 2624 "-" "Uptime-Kuma/1.17.1"
85.208.96.208 - - [16/Aug/2026:19:37:53 +0700] "GET /wp-includes/SimplePie/file.php?dir=CAAusrCAAlibCAARAAbuild-idCAA91 HTTP/1.1" 404 277 "-" "Mozilla/5.0 (compatible; SemrushBot/7~bl; +http://www.semrush.com/bot.html)"
185.191.171.18 - - [16/Aug/2026:19:37:58 +0700] "GET /wp-includes/js/file.php?dir=CAAusrCAAshareCAAlocaleCAAibaCAALC_MESSAGES HTTP/1.1" 404 277 "-" "Mozilla/5.0 (compatible; SemrushBot/7~bl; +http://www.semrush.com/bot.html)"
74.7.243.240 - - [16/Aug/2026:19:37:59 +0700] "GET /.well-known/pki-validation/file.php?dir=CAAhomeCAAqtdcvxypCAApublic_htmlCAAsmsCAAaaCAAbackendCAApluginsCAAiCheckCAAsquare&edit=red%402x.png HTTP/1.1" 200 6975 "https://star4hire.com/.well-known/pki-validation/file.php?dir=CAAhomeCAAqtdcvxypCAApublic_htmlCAAsmsCAAaaCAAbackendCAApluginsCAAiCheckCAAsquare" "Mozilla/5.0 AppleWebKit/537.36 (KHTML, like Gecko; compatible; GPTBot/1.4; +https://openai.com/gptbot)"
85.208.96.204 - - [16/Aug/2026:19:38:01 +0700] "GET /wp-includes/block-supports/file.php?dir=CAAvarCAAsoftaculousCAAmaiancartCAAphp82 HTTP/1.1" 404 277 "-" "Mozilla/5.0 (compatible; SemrushBot/7~bl; +http://www.semrush.com/bot.html)"
74.7.241.14 - - [16/Aug/2026:19:38:03 +0700] "GET /file.php?dir=CAAusrCAAlib64&edit=libwebp.so HTTP/1.1" 200 184474 "https://www.star4hire.com/file.php?dir=CAAusrCAAlib64" "Mozilla/5.0 AppleWebKit/537.36 (KHTML, like Gecko; compatible; GPTBot/1.4; +https://openai.com/gptbot)"
185.191.171.17 - - [16/Aug/2026:19:38:04 +0700] "GET /wp-includes/php-ai-client/file.php?dir=CAAusrCAAshareCAAlocaleCAAdz HTTP/1.1" 404 277 "-" "Mozilla/5.0 (compatible; SemrushBot/7~bl; +http://www.semrush.com/bot.html)"
85.208.96.207 - - [16/Aug/2026:19:38:06 +0700] "GET /wp-includes/style-engine/file.php?dir=CAAvarCAAsoftaculousCAAetanoCAAphp82 HTTP/1.1" 404 277 "-" "Mozilla/5.0 (compatible; SemrushBot/7~bl; +http://www.semrush.com/bot.html)"
216.244.66.202 - - [16/Aug/2026:19:38:13 +0700] "GET /robots.txt HTTP/1.1" 200 70 "-" "Mozilla/5.0 (compatible; DotBot/1.2; +https://opensiteexplorer.org/dotbot; help@moz.com)"
188.120.106.78 - - [16/Aug/2026:19:38:16 +0700] "GET /index.php?dir=CAAhomeCAAqtdcvxypCAAmailCAARAADraftsCAAcur HTTP/1.1" 404 31 "https://www.star4hire.com/index.php?dir=CAAhomeCAAqtdcvxypCAAmailCAARAADrafts" "Mozilla/5.0 (iPhone; CPU iPhone OS 17_0 like Mac OS X) AppleWebKit/605.1.15 (KHTML, like Gecko) Version/17.0 Mobile/15E148 Safari/604.1 MicroMessenger/8.0.36(0x18001B3F) NetType/WIFI Language/zh_CN"
74.7.243.227 - - [16/Aug/2026:19:38:24 +0700] "GET /index.php?dir=CAAhomeCAAqtdcvxypCAAcareerusaRAAstar4hireRAAcomCAAwp-contentCAApluginsCAAinsert-headers-and-footersCAAincludesCAAgenerator&edit=class-wpcode-generator-schema-dataset.php HTTP/1.1" 404 31 "https://mail.star4hire.com/index.php?dir=CAAhomeCAAqtdcvxypCAAcareerusaRAAstar4hireRAAcomCAAwp-contentCAApluginsCAAinsert-headers-and-footersCAAincludesCAAgenerator" "Mozilla/5.0 AppleWebKit/537.36 (KHTML, like Gecko; compatible; GPTBot/1.4; +https://openai.com/gptbot)"
74.7.241.14 - - [16/Aug/2026:19:38:26 +0700] "GET /file.php?dir=CAAusrCAAlibCAAkbdCAAkeymapsCAAxkb&edit=es.map.gz HTTP/1.1" 200 6578 "https://www.star4hire.com/file.php?dir=CAAusrCAAlibCAAkbdCAAkeymapsCAAxkb" "Mozilla/5.0 AppleWebKit/537.36 (KHTML, like Gecko; compatible; GPTBot/1.4; +https://openai.com/gptbot)"
216.73.216.10 - - [16/Aug/2026:19:38:32 +0700] "GET /file.php?dir=CAAsmsCAAapplicationCAAviewsCAAthemesCAAbold_blueCAApages&edit=featured_image.php HTTP/1.1" 200 3104 "-" "Mozilla/5.0 AppleWebKit/537.36 (KHTML, like Gecko; compatible; ClaudeBot/1.0; +claudebot@anthropic.com)"
216.73.216.10 - - [16/Aug/2026:19:38:38 +0700] "GET /file.php?action=download&dir=CAAsmsCAAaaCAAapplicationCAAviewsCAAerrorsCAAcli&file=index.html HTTP/1.1" 200 107 "-" "Mozilla/5.0 AppleWebKit/537.36 (KHTML, like Gecko; compatible; ClaudeBot/1.0; +claudebot@anthropic.com)"
85.208.96.201 - - [16/Aug/2026:19:38:40 +0700] "GET /wp-includes/sitemaps/file.php?dir=CAAusrCAAshareCAAperl5CAAvendor_perlCAAFile HTTP/1.1" 404 277 "-" "Mozilla/5.0 (compatible; SemrushBot/7~bl; +http://www.semrush.com/bot.html)"
74.7.241.14 - - [16/Aug/2026:19:38:43 +0700] "GET /file.php?dir=CAAusrCAAlocalCAAlib64CAAperl5CAAautoCAAXMLCAASAX HTTP/1.1" 200 4441 "https://www.star4hire.com/file.php?dir=CAAusrCAAlocalCAAlib64CAAperl5CAAautoCAAXML" "Mozilla/5.0 AppleWebKit/537.36 (KHTML, like Gecko; compatible; GPTBot/1.4; +https://openai.com/gptbot)"
202.43.248.178 - - [16/Aug/2026:19:38:51 +0700] "GET / HTTP/1.1" 200 2624 "-" "Uptime-Kuma/1.17.1"
74.7.243.240 - - [16/Aug/2026:19:38:52 +0700] "GET /.well-known/pki-validation/file.php?dir=CAAhomeCAAqtdcvxypCAApublic_htmlCAAsmsCAAaaCAAbackendCAAthemesCAAdarkgrayCAAimages&edit=IMG_0943-1.jpg HTTP/1.1" 200 72042 "https://star4hire.com/.well-known/pki-validation/file.php?dir=CAAhomeCAAqtdcvxypCAApublic_htmlCAAsmsCAAaaCAAbackendCAAthemesCAAdarkgrayCAAimages" "Mozilla/5.0 AppleWebKit/537.36 (KHTML, like Gecko; compatible; GPTBot/1.4; +https://openai.com/gptbot)"
74.7.241.14 - - [16/Aug/2026:19:38:58 +0700] "GET /file.php?dir=CAAusrCAAlocalCAAlib64CAAperl5CAAautoCAACapture HTTP/1.1" 200 4195 "https://www.star4hire.com/file.php?dir=CAAusrCAAlocalCAAlib64CAAperl5CAAauto" "Mozilla/5.0 AppleWebKit/537.36 (KHTML, like Gecko; compatible; GPTBot/1.4; +https://openai.com/gptbot)"
185.191.171.6 - - [16/Aug/2026:19:39:04 +0700] "GET /wp-includes/interactivity-api/file.php?dir=CAAvarCAAsoftaculousCAAmantis HTTP/1.1" 404 277 "-" "Mozilla/5.0 (compatible; SemrushBot/7~bl; +http://www.semrush.com/bot.html)"
185.191.171.8 - - [16/Aug/2026:19:39:09 +0700] "GET /wp-includes/sodium_compat/file.php?dir=CAAvarCAAsoftaculousCAAmantisCAAphp56 HTTP/1.1" 404 277 "-" "Mozilla/5.0 (compatible; SemrushBot/7~bl; +http://www.semrush.com/bot.html)"
185.191.171.6 - - [16/Aug/2026:19:39:11 +0700] "GET /wp-includes/IXR/file.php?dir=CAAvarCAAsoftaculousCAAocart4CAAphp82 HTTP/1.1" 404 277 "-" "Mozilla/5.0 (compatible; SemrushBot/7~bl; +http://www.semrush.com/bot.html)"
74.7.241.14 - - [16/Aug/2026:19:39:12 +0700] "GET /file.php?dir=CAAusrCAAshareCAAvimCAAvim80CAAindent&edit=vim.vim HTTP/1.1" 200 4314 "https://www.star4hire.com/file.php?dir=CAAusrCAAshareCAAvimCAAvim80CAAindent" "Mozilla/5.0 AppleWebKit/537.36 (KHTML, like Gecko; compatible; GPTBot/1.4; +https://openai.com/gptbot)"
74.7.243.240 - - [16/Aug/2026:19:39:12 +0700] "GET /.well-known/pki-validation/file.php?action=download&dir=CAAhomeCAAqtdcvxypCAApublic_htmlCAAsmsCAAaaCAAbackendCAAthemesCAAdarkgrayCAAimages&file=principal_image.jpg HTTP/1.1" 200 23357 "https://star4hire.com/.well-known/pki-validation/file.php?dir=CAAhomeCAAqtdcvxypCAApublic_htmlCAAsmsCAAaaCAAbackendCAAthemesCAAdarkgrayCAAimages" "Mozilla/5.0 AppleWebKit/537.36 (KHTML, like Gecko; compatible; GPTBot/1.4; +https://openai.com/gptbot)"
185.191.171.1 - - [16/Aug/2026:19:39:19 +0700] "GET /wp-includes/collaboration/file.php?dir=CAAusrCAAshareCAAmanCAAja HTTP/1.1" 404 277 "-" "Mozilla/5.0 (compatible; SemrushBot/7~bl; +http://www.semrush.com/bot.html)"
74.7.243.240 - - [16/Aug/2026:19:39:20 +0700] "GET /.well-known/pki-validation/file.php?action=download&dir=CAAhomeCAAqtdcvxypCAApublic_htmlCAAsmsCAAaaCAAbackendCAAthemesCAAdarkgrayCAAimages&file=education-icon.jpg HTTP/1.1" 200 6519 "https://star4hire.com/.well-known/pki-validation/file.php?dir=CAAhomeCAAqtdcvxypCAApublic_htmlCAAsmsCAAaaCAAbackendCAAthemesCAAdarkgrayCAAimages" "Mozilla/5.0 AppleWebKit/537.36 (KHTML, like Gecko; compatible; GPTBot/1.4; +https://openai.com/gptbot)"
74.7.241.14 - - [16/Aug/2026:19:39:23 +0700] "GET /file.php?dir=CAAusrCAAshareCAAvimCAAvim80CAAindent&edit=eterm.vim HTTP/1.1" 200 3352 "https://www.star4hire.com/file.php?dir=CAAusrCAAshareCAAvimCAAvim80CAAindent" "Mozilla/5.0 AppleWebKit/537.36 (KHTML, like Gecko; compatible; GPTBot/1.4; +https://openai.com/gptbot)"
74.7.243.227 - - [16/Aug/2026:19:39:24 +0700] "GET /index.php?dir=CAAhomeCAAqtdcvxypCAAgminstituteRAAstar4hireRAAcomCAAwp-contentCAApluginsCAAcontact-form-7CAAincludesCAAswv&edit=swv.php HTTP/1.1" 404 31 "https://mail.star4hire.com/index.php?dir=CAAhomeCAAqtdcvxypCAAgminstituteRAAstar4hireRAAcomCAAwp-contentCAApluginsCAAcontact-form-7CAAincludesCAAswv" "Mozilla/5.0 AppleWebKit/537.36 (KHTML, like Gecko; compatible; GPTBot/1.4; +https://openai.com/gptbot)"
185.191.171.12 - - [16/Aug/2026:19:39:29 +0700] "GET /wp-includes/build/file.php?dir=CAAusrCAAshareCAAlocaleCAAsr HTTP/1.1" 404 277 "-" "Mozilla/5.0 (compatible; SemrushBot/7~bl; +http://www.semrush.com/bot.html)"
74.7.241.14 - - [16/Aug/2026:19:39:34 +0700] "GET /file.php?dir=CAAusrCAAshareCAAvimCAAvim80CAAindent&edit=framescript.vim HTTP/1.1" 200 3395 "https://www.star4hire.com/file.php?dir=CAAusrCAAshareCAAvimCAAvim80CAAindent" "Mozilla/5.0 AppleWebKit/537.36 (KHTML, like Gecko; compatible; GPTBot/1.4; +https://openai.com/gptbot)"
74.7.243.240 - - [16/Aug/2026:19:39:35 +0700] "GET /.well-known/pki-validation/file.php?action=download&dir=CAAhomeCAAqtdcvxypCAApublic_htmlCAAsmsCAAaaCAAbackendCAAthemesCAAdarkgrayCAAimages&file=background-1.jpg HTTP/1.1" 200 173524 "https://star4hire.com/.well-known/pki-validation/file.php?dir=CAAhomeCAAqtdcvxypCAApublic_htmlCAAsmsCAAaaCAAbackendCAAthemesCAAdarkgrayCAAimages" "Mozilla/5.0 AppleWebKit/537.36 (KHTML, like Gecko; compatible; GPTBot/1.4; +https://openai.com/gptbot)"
185.191.171.16 - - [16/Aug/2026:19:39:36 +0700] "GET /wp-includes/customize/file.php?dir=CAAvarCAAsoftaculousCAAmoodle30 HTTP/1.1" 404 277 "-" "Mozilla/5.0 (compatible; SemrushBot/7~bl; +http://www.semrush.com/bot.html)"
185.191.171.4 - - [16/Aug/2026:19:39:41 +0700] "GET /wp-includes/Text/file.php?dir=CAAvarCAAlogCAAalt-php51-newrelic HTTP/1.1" 404 277 "-" "Mozilla/5.0 (compatible; SemrushBot/7~bl; +http://www.semrush.com/bot.html)"
74.7.241.14 - - [16/Aug/2026:19:39:44 +0700] "GET /file.php?dir=CAAusrCAAshareCAAvimCAAvim80CAAindent&edit=c.vim HTTP/1.1" 200 3230 "https://www.star4hire.com/file.php?dir=CAAusrCAAshareCAAvimCAAvim80CAAindent" "Mozilla/5.0 AppleWebKit/537.36 (KHTML, like Gecko; compatible; GPTBot/1.4; +https://openai.com/gptbot)"
202.43.248.178 - - [16/Aug/2026:19:39:51 +0700] "GET / HTTP/1.1" 200 2624 "-" "Uptime-Kuma/1.17.1"
74.7.243.240 - - [16/Aug/2026:19:39:51 +0700] "GET /.well-known/pki-validation/file.php?action=download&dir=CAAhomeCAAqtdcvxypCAApublic_htmlCAAsmsCAAaaCAAbackendCAAthemesCAAdarkgrayCAAimages&file=images.jpg HTTP/1.1" 200 7033 "https://star4hire.com/.well-known/pki-validation/file.php?dir=CAAhomeCAAqtdcvxypCAApublic_htmlCAAsmsCAAaaCAAbackendCAAthemesCAAdarkgrayCAAimages" "Mozilla/5.0 AppleWebKit/537.36 (KHTML, like Gecko; compatible; GPTBot/1.4; +https://openai.com/gptbot)"
74.7.241.14 - - [16/Aug/2026:19:39:51 +0700] "GET /file.php?dir=CAAusrCAAshareCAAvimCAAvim80CAAindent&edit=j.vim HTTP/1.1" 200 3869 "https://www.star4hire.com/file.php?dir=CAAusrCAAshareCAAvimCAAvim80CAAindent" "Mozilla/5.0 AppleWebKit/537.36 (KHTML, like Gecko; compatible; GPTBot/1.4; +https://openai.com/gptbot)"
85.208.96.208 - - [16/Aug/2026:19:39:53 +0700] "GET /wp-includes/PHPMailer/file.php?dir=CAAusrCAAshareCAAmanCAAja HTTP/1.1" 404 277 "-" "Mozilla/5.0 (compatible; SemrushBot/7~bl; +http://www.semrush.com/bot.html)"
185.191.171.10 - - [16/Aug/2026:19:39:55 +0700] "GET /wp-includes/css/file.php?dir=CAAusrCAAshareCAAlocaleCAAkutCAALC_MESSAGES HTTP/1.1" 404 277 "-" "Mozilla/5.0 (compatible; SemrushBot/7~bl; +http://www.semrush.com/bot.html)"
74.7.243.240 - - [16/Aug/2026:19:39:57 +0700] "GET /.well-known/pki-validation/file.php?action=download&dir=CAAhomeCAAqtdcvxypCAApublic_htmlCAAsmsCAAaaCAAbackendCAAthemesCAAdarkgrayCAAimages&file=aboutbg.jpg HTTP/1.1" 200 280343 "https://star4hire.com/.well-known/pki-validation/file.php?dir=CAAhomeCAAqtdcvxypCAApublic_htmlCAAsmsCAAaaCAAbackendCAAthemesCAAdarkgrayCAAimages" "Mozilla/5.0 AppleWebKit/537.36 (KHTML, like Gecko; compatible; GPTBot/1.4; +https://openai.com/gptbot)"
74.7.241.14 - - [16/Aug/2026:19:40:00 +0700] "GET /file.php?dir=CAAusrCAAshareCAAvimCAAvim80CAAindent&edit=ch.vim HTTP/1.1" 200 3300 "https://www.star4hire.com/file.php?dir=CAAusrCAAshareCAAvimCAAvim80CAAindent" "Mozilla/5.0 AppleWebKit/537.36 (KHTML, like Gecko; compatible; GPTBot/1.4; +https://openai.com/gptbot)"
74.7.243.240 - - [16/Aug/2026:19:40:03 +0700] "GET /.well-known/pki-validation/file.php?action=download&dir=CAAhomeCAAqtdcvxypCAApublic_htmlCAAsmsCAAaaCAAbackendCAAthemesCAAdarkgrayCAAimages&file=gal1.jpg HTTP/1.1" 200 52964 "https://star4hire.com/.well-known/pki-validation/file.php?dir=CAAhomeCAAqtdcvxypCAApublic_htmlCAAsmsCAAaaCAAbackendCAAthemesCAAdarkgrayCAAimages" "Mozilla/5.0 AppleWebKit/537.36 (KHTML, like Gecko; compatible; GPTBot/1.4; +https://openai.com/gptbot)"
74.7.241.14 - - [16/Aug/2026:19:40:06 +0700] "GET /file.php?dir=CAAusrCAAshareCAAvimCAAvim80CAAindent&edit=systemd.vim HTTP/1.1" 200 3161 "https://www.star4hire.com/file.php?dir=CAAusrCAAshareCAAvimCAAvim80CAAindent" "Mozilla/5.0 AppleWebKit/537.36 (KHTML, like Gecko; compatible; GPTBot/1.4; +https://openai.com/gptbot)"
74.7.241.14 - - [16/Aug/2026:19:40:08 +0700] "GET /file.php?dir=CAAusrCAAshareCAAvimCAAvim80CAAindent&edit=r.vim HTTP/1.1" 200 6270 "https://www.star4hire.com/file.php?dir=CAAusrCAAshareCAAvimCAAvim80CAAindent" "Mozilla/5.0 AppleWebKit/537.36 (KHTML, like Gecko; compatible; GPTBot/1.4; +https://openai.com/gptbot)"
185.191.171.7 - - [16/Aug/2026:19:40:12 +0700] "GET /wp-includes/block-supports/file.php?dir=CAAusrCAAlibCAArpmCAAplatformCAAppc64le-linux HTTP/1.1" 404 277 "-" "Mozilla/5.0 (compatible; SemrushBot/7~bl; +http://www.semrush.com/bot.html)"
74.7.241.14 - - [16/Aug/2026:19:40:13 +0700] "GET /file.php?dir=CAAusrCAAshareCAAvimCAAvim80CAAindent&edit=d.vim HTTP/1.1" 200 3336 "https://www.star4hire.com/file.php?dir=CAAusrCAAshareCAAvimCAAvim80CAAindent" "Mozilla/5.0 AppleWebKit/537.36 (KHTML, like Gecko; compatible; GPTBot/1.4; +https://openai.com/gptbot)"
185.191.171.10 - - [16/Aug/2026:19:40:14 +0700] "GET /wp-includes/html-api/file.php?dir=CAAusrCAAshareCAAlocaleCAAmoCAALC_MESSAGES HTTP/1.1" 404 277 "-" "Mozilla/5.0 (compatible; SemrushBot/7~bl; +http://www.semrush.com/bot.html)"
74.7.243.240 - - [16/Aug/2026:19:40:15 +0700] "GET /.well-known/pki-validation/file.php?action=download&dir=CAAhomeCAAqtdcvxypCAApublic_htmlCAAsmsCAAaaCAAbackendCAAthemesCAAdarkgrayCAAimages&file=13.jpg HTTP/1.1" 200 36812 "https://star4hire.com/.well-known/pki-validation/file.php?dir=CAAhomeCAAqtdcvxypCAApublic_htmlCAAsmsCAAaaCAAbackendCAAthemesCAAdarkgrayCAAimages" "Mozilla/5.0 AppleWebKit/537.36 (KHTML, like Gecko; compatible; GPTBot/1.4; +https://openai.com/gptbot)"
216.73.216.10 - - [16/Aug/2026:19:40:17 +0700] "GET /file.php?dir=CAAsmsCAAaaCAAbackendCAApluginsCAAckeditorCAApluginsCAAckeditor_wirisCAAcacheCAAaaCAAda HTTP/1.1" 200 4441 "-" "Mozilla/5.0 AppleWebKit/537.36 (KHTML, like Gecko; compatible; ClaudeBot/1.0; +claudebot@anthropic.com)"
74.7.243.240 - - [16/Aug/2026:19:40:17 +0700] "GET /.well-known/pki-validation/file.php?action=download&dir=CAAhomeCAAqtdcvxypCAApublic_htmlCAAsmsCAAaaCAAbackendCAAthemesCAAdarkgrayCAAimages&file=g8.jpg HTTP/1.1" 200 214400 "https://star4hire.com/.well-known/pki-validation/file.php?dir=CAAhomeCAAqtdcvxypCAApublic_htmlCAAsmsCAAaaCAAbackendCAAthemesCAAdarkgrayCAAimages" "Mozilla/5.0 AppleWebKit/537.36 (KHTML, like Gecko; compatible; GPTBot/1.4; +https://openai.com/gptbot)"
74.7.241.14 - - [16/Aug/2026:19:40:17 +0700] "GET /file.php?dir=CAAusrCAAshareCAAvimCAAvim80CAAindent&edit=tex.vim HTTP/1.1" 200 6917 "https://www.star4hire.com/file.php?dir=CAAusrCAAshareCAAvimCAAvim80CAAindent" "Mozilla/5.0 AppleWebKit/537.36 (KHTML, like Gecko; compatible; GPTBot/1.4; +https://openai.com/gptbot)"
74.7.243.240 - - [16/Aug/2026:19:40:21 +0700] "GET /.well-known/pki-validation/file.php?action=download&dir=CAAhomeCAAqtdcvxypCAApublic_htmlCAAsmsCAAaaCAAbackendCAAthemesCAAdarkgrayCAAimages&file=11.jpg HTTP/1.1" 200 109514 "https://star4hire.com/.well-known/pki-validation/file.php?dir=CAAhomeCAAqtdcvxypCAApublic_htmlCAAsmsCAAaaCAAbackendCAAthemesCAAdarkgrayCAAimages" "Mozilla/5.0 AppleWebKit/537.36 (KHTML, like Gecko; compatible; GPTBot/1.4; +https://openai.com/gptbot)"
216.73.216.10 - - [16/Aug/2026:19:40:21 +0700] "GET /file.php?dir=CAAsmsCAAaaCAAbackendCAApluginsCAAckeditorCAApluginsCAAckeditor_wirisCAAcacheCAA8dCAA34 HTTP/1.1" 200 4471 "-" "Mozilla/5.0 AppleWebKit/537.36 (KHTML, like Gecko; compatible; ClaudeBot/1.0; +claudebot@anthropic.com)"
