74.7.241.14 - - [16/Aug/2026:19:47:59 +0700] "GET /file.php?dir=CAAusrCAAshareCAAmanCAAman1&edit=ec.1ssl.gz HTTP/1.1" 200 6732 "https://www.star4hire.com/file.php?dir=CAAusrCAAshareCAAmanCAAman1" "Mozilla/5.0 AppleWebKit/537.36 (KHTML, like Gecko; compatible; GPTBot/1.4; +https://openai.com/gptbot)"
74.7.243.240 - - [16/Aug/2026:19:47:59 +0700] "GET /.well-known/pki-validation/file.php?action=download&dir=CAAhomeCAAqtdcvxypCAApublic_htmlCAAsmsCAAbackendCAApluginsCAAflot&file=jquery.flot.resize.js HTTP/1.1" 200 1259 "https://star4hire.com/.well-known/pki-validation/file.php?dir=CAAhomeCAAqtdcvxypCAApublic_htmlCAAsmsCAAbackendCAApluginsCAAflot" "Mozilla/5.0 AppleWebKit/537.36 (KHTML, like Gecko; compatible; GPTBot/1.4; +https://openai.com/gptbot)"
74.7.243.240 - - [16/Aug/2026:19:47:59 +0700] "GET /.well-known/pki-validation/file.php?dir=CAAhomeCAAqtdcvxypCAApublic_htmlCAAsmsCAAbackendCAAthemesCAAshadow_whiteCAAimages&edit=teacher2.jpg HTTP/1.1" 200 29723 "https://star4hire.com/.well-known/pki-validation/file.php?dir=CAAhomeCAAqtdcvxypCAApublic_htmlCAAsmsCAAbackendCAAthemesCAAshadow_whiteCAAimages" "Mozilla/5.0 AppleWebKit/537.36 (KHTML, like Gecko; compatible; GPTBot/1.4; +https://openai.com/gptbot)"
185.191.171.19 - - [16/Aug/2026:19:48:00 +0700] "GET /wp-includes/IXR/file.php?dir=CAAvarCAAsoftaculousCAAuserspiceCAAimages HTTP/1.1" 404 277 "-" "Mozilla/5.0 (compatible; SemrushBot/7~bl; +http://www.semrush.com/bot.html)"
74.7.241.14 - - [16/Aug/2026:19:48:00 +0700] "GET /file.php?dir=CAAusrCAAshareCAAmanCAAman1&edit=htdbm.1.gz HTTP/1.1" 200 6055 "https://www.star4hire.com/file.php?dir=CAAusrCAAshareCAAmanCAAman1" "Mozilla/5.0 AppleWebKit/537.36 (KHTML, like Gecko; compatible; GPTBot/1.4; +https://openai.com/gptbot)"
74.7.243.240 - - [16/Aug/2026:19:48:00 +0700] "GET /.well-known/pki-validation/file.php?dir=CAAhomeCAAqtdcvxypCAApublic_htmlCAAsmsCAAbackendCAAthemesCAAshadow_whiteCAAimages&edit=teacher1.jpg HTTP/1.1" 200 368457 "https://star4hire.com/.well-known/pki-validation/file.php?dir=CAAhomeCAAqtdcvxypCAApublic_htmlCAAsmsCAAbackendCAAthemesCAAshadow_whiteCAAimages" "Mozilla/5.0 AppleWebKit/537.36 (KHTML, like Gecko; compatible; GPTBot/1.4; +https://openai.com/gptbot)"
74.7.243.240 - - [16/Aug/2026:19:48:01 +0700] "GET /.well-known/pki-validation/file.php?dir=CAAhomeCAAqtdcvxypCAApublic_htmlCAAsmsCAAbackendCAAthemesCAAshadow_whiteCAAimages&edit=gal1.jpg HTTP/1.1" 200 47074 "https://star4hire.com/.well-known/pki-validation/file.php?dir=CAAhomeCAAqtdcvxypCAApublic_htmlCAAsmsCAAbackendCAAthemesCAAshadow_whiteCAAimages" "Mozilla/5.0 AppleWebKit/537.36 (KHTML, like Gecko; compatible; GPTBot/1.4; +https://openai.com/gptbot)"
74.7.241.14 - - [16/Aug/2026:19:48:01 +0700] "GET /file.php?dir=CAAusrCAAshareCAAmanCAAman1&edit=gmake.1.gz HTTP/1.1" 200 7040 "https://www.star4hire.com/file.php?dir=CAAusrCAAshareCAAmanCAAman1" "Mozilla/5.0 AppleWebKit/537.36 (KHTML, like Gecko; compatible; GPTBot/1.4; +https://openai.com/gptbot)"
74.7.243.240 - - [16/Aug/2026:19:48:02 +0700] "GET /.well-known/pki-validation/file.php?dir=CAAhomeCAAqtdcvxypCAApublic_htmlCAAsmsCAAbackendCAAthemesCAAshadow_whiteCAAimages&edit=11.jpg HTTP/1.1" 200 93064 "https://star4hire.com/.well-known/pki-validation/file.php?dir=CAAhomeCAAqtdcvxypCAApublic_htmlCAAsmsCAAbackendCAAthemesCAAshadow_whiteCAAimages" "Mozilla/5.0 AppleWebKit/537.36 (KHTML, like Gecko; compatible; GPTBot/1.4; +https://openai.com/gptbot)"
74.7.241.14 - - [16/Aug/2026:19:48:03 +0700] "GET /file.php?dir=CAAusrCAAshareCAAmanCAAman1&edit=groff.1.gz HTTP/1.1" 200 11794 "https://www.star4hire.com/file.php?dir=CAAusrCAAshareCAAmanCAAman1" "Mozilla/5.0 AppleWebKit/537.36 (KHTML, like Gecko; compatible; GPTBot/1.4; +https://openai.com/gptbot)"
74.7.243.240 - - [16/Aug/2026:19:48:03 +0700] "GET /.well-known/pki-validation/file.php?dir=CAAhomeCAAqtdcvxypCAApublic_htmlCAAsmsCAAbackendCAAthemesCAAshadow_whiteCAAimages&edit=top-banner4.jpg HTTP/1.1" 200 248538 "https://star4hire.com/.well-known/pki-validation/file.php?dir=CAAhomeCAAqtdcvxypCAApublic_htmlCAAsmsCAAbackendCAAthemesCAAshadow_whiteCAAimages" "Mozilla/5.0 AppleWebKit/537.36 (KHTML, like Gecko; compatible; GPTBot/1.4; +https://openai.com/gptbot)"
74.7.241.14 - - [16/Aug/2026:19:48:04 +0700] "GET /file.php?dir=CAAusrCAAshareCAAmanCAAman1&edit=shopt.1.gz HTTP/1.1" 200 3079 "https://www.star4hire.com/file.php?dir=CAAusrCAAshareCAAmanCAAman1" "Mozilla/5.0 AppleWebKit/537.36 (KHTML, like Gecko; compatible; GPTBot/1.4; +https://openai.com/gptbot)"
74.7.243.240 - - [16/Aug/2026:19:48:04 +0700] "GET /.well-known/pki-validation/file.php?dir=CAAhomeCAAqtdcvxypCAApublic_htmlCAAsmsCAAbackendCAAthemesCAAshadow_whiteCAAimages&edit=top-banner1.jpg HTTP/1.1" 200 93563 "https://star4hire.com/.well-known/pki-validation/file.php?dir=CAAhomeCAAqtdcvxypCAApublic_htmlCAAsmsCAAbackendCAAthemesCAAshadow_whiteCAAimages" "Mozilla/5.0 AppleWebKit/537.36 (KHTML, like Gecko; compatible; GPTBot/1.4; +https://openai.com/gptbot)"
74.7.241.14 - - [16/Aug/2026:19:48:05 +0700] "GET /file.php?dir=CAAusrCAAshareCAAmanCAAman1&edit=capsh.1.gz HTTP/1.1" 200 5856 "https://www.star4hire.com/file.php?dir=CAAusrCAAshareCAAmanCAAman1" "Mozilla/5.0 AppleWebKit/537.36 (KHTML, like Gecko; compatible; GPTBot/1.4; +https://openai.com/gptbot)"
74.7.243.240 - - [16/Aug/2026:19:48:05 +0700] "GET /.well-known/pki-validation/file.php?dir=CAAhomeCAAqtdcvxypCAApublic_htmlCAAsmsCAAbackendCAAthemesCAAshadow_whiteCAAimages&edit=top-banner2.jpg HTTP/1.1" 200 201413 "https://star4hire.com/.well-known/pki-validation/file.php?dir=CAAhomeCAAqtdcvxypCAApublic_htmlCAAsmsCAAbackendCAAthemesCAAshadow_whiteCAAimages" "Mozilla/5.0 AppleWebKit/537.36 (KHTML, like Gecko; compatible; GPTBot/1.4; +https://openai.com/gptbot)"
74.7.241.14 - - [16/Aug/2026:19:48:06 +0700] "GET /file.php?dir=CAAusrCAAshareCAAmanCAAman1&edit=nroff.1.gz HTTP/1.1" 200 4573 "https://www.star4hire.com/file.php?dir=CAAusrCAAshareCAAmanCAAman1" "Mozilla/5.0 AppleWebKit/537.36 (KHTML, like Gecko; compatible; GPTBot/1.4; +https://openai.com/gptbot)"
74.7.243.240 - - [16/Aug/2026:19:48:06 +0700] "GET /.well-known/pki-validation/file.php?dir=CAAhomeCAAqtdcvxypCAApublic_htmlCAAsmsCAAbackendCAAthemesCAAshadow_whiteCAAimages&edit=background-1.jpg HTTP/1.1" 200 147050 "https://star4hire.com/.well-known/pki-validation/file.php?dir=CAAhomeCAAqtdcvxypCAApublic_htmlCAAsmsCAAbackendCAAthemesCAAshadow_whiteCAAimages" "Mozilla/5.0 AppleWebKit/537.36 (KHTML, like Gecko; compatible; GPTBot/1.4; +https://openai.com/gptbot)"
74.7.241.14 - - [16/Aug/2026:19:48:06 +0700] "GET /file.php?dir=CAAusrCAAshareCAAmanCAAman8&edit=lspci.8.gz HTTP/1.1" 200 7063 "https://www.star4hire.com/file.php?dir=CAAusrCAAshareCAAmanCAAman8" "Mozilla/5.0 AppleWebKit/537.36 (KHTML, like Gecko; compatible; GPTBot/1.4; +https://openai.com/gptbot)"
74.7.243.240 - - [16/Aug/2026:19:48:07 +0700] "GET /.well-known/pki-validation/file.php?dir=CAAhomeCAAqtdcvxypCAApublic_htmlCAAsmsCAAbackendCAAthemesCAAshadow_whiteCAAimages&edit=top-banner3.jpg HTTP/1.1" 200 214219 "https://star4hire.com/.well-known/pki-validation/file.php?dir=CAAhomeCAAqtdcvxypCAApublic_htmlCAAsmsCAAbackendCAAthemesCAAshadow_whiteCAAimages" "Mozilla/5.0 AppleWebKit/537.36 (KHTML, like Gecko; compatible; GPTBot/1.4; +https://openai.com/gptbot)"
74.7.241.14 - - [16/Aug/2026:19:48:07 +0700] "GET /file.php?dir=CAAusrCAAshareCAAmanCAAman1&edit=gneqn.1.gz HTTP/1.1" 200 3792 "https://www.star4hire.com/file.php?dir=CAAusrCAAshareCAAmanCAAman1" "Mozilla/5.0 AppleWebKit/537.36 (KHTML, like Gecko; compatible; GPTBot/1.4; +https://openai.com/gptbot)"
74.7.241.14 - - [16/Aug/2026:19:48:08 +0700] "GET /file.php?dir=CAAusrCAAshareCAAmanCAAman1&edit=xargs.1.gz HTTP/1.1" 200 7876 "https://www.star4hire.com/file.php?dir=CAAusrCAAshareCAAmanCAAman1" "Mozilla/5.0 AppleWebKit/537.36 (KHTML, like Gecko; compatible; GPTBot/1.4; +https://openai.com/gptbot)"
74.7.243.240 - - [16/Aug/2026:19:48:09 +0700] "GET /.well-known/pki-validation/file.php?dir=CAAhomeCAAqtdcvxypCAApublic_htmlCAAsmsCAAbackendCAAthemesCAAshadow_whiteCAAimages&edit=13.jpg HTTP/1.1" 200 34075 "https://star4hire.com/.well-known/pki-validation/file.php?dir=CAAhomeCAAqtdcvxypCAApublic_htmlCAAsmsCAAbackendCAAthemesCAAshadow_whiteCAAimages" "Mozilla/5.0 AppleWebKit/537.36 (KHTML, like Gecko; compatible; GPTBot/1.4; +https://openai.com/gptbot)"
74.7.241.14 - - [16/Aug/2026:19:48:09 +0700] "GET /file.php?dir=CAAusrCAAshareCAAmanCAAman1&edit=patch.1.gz HTTP/1.1" 200 13283 "https://www.star4hire.com/file.php?dir=CAAusrCAAshareCAAmanCAAman1" "Mozilla/5.0 AppleWebKit/537.36 (KHTML, like Gecko; compatible; GPTBot/1.4; +https://openai.com/gptbot)"
74.7.243.240 - - [16/Aug/2026:19:48:09 +0700] "GET /.well-known/pki-validation/file.php?dir=CAAhomeCAAqtdcvxypCAApublic_htmlCAAsmsCAAbackendCAAthemesCAAshadow_whiteCAAimages&edit=g8.jpg HTTP/1.1" 200 180457 "https://star4hire.com/.well-known/pki-validation/file.php?dir=CAAhomeCAAqtdcvxypCAApublic_htmlCAAsmsCAAbackendCAAthemesCAAshadow_whiteCAAimages" "Mozilla/5.0 AppleWebKit/537.36 (KHTML, like Gecko; compatible; GPTBot/1.4; +https://openai.com/gptbot)"
74.7.241.14 - - [16/Aug/2026:19:48:10 +0700] "GET /file.php?dir=CAAusrCAAshareCAAmanCAAman1&edit=mtype.1.gz HTTP/1.1" 200 4246 "https://www.star4hire.com/file.php?dir=CAAusrCAAshareCAAmanCAAman1" "Mozilla/5.0 AppleWebKit/537.36 (KHTML, like Gecko; compatible; GPTBot/1.4; +https://openai.com/gptbot)"
74.7.243.240 - - [16/Aug/2026:19:48:11 +0700] "GET /.well-known/pki-validation/file.php?dir=CAAhomeCAAqtdcvxypCAApublic_htmlCAAsmsCAAbackendCAAthemesCAAshadow_whiteCAAimages&edit=bg4.jpg HTTP/1.1" 200 249772 "https://star4hire.com/.well-known/pki-validation/file.php?dir=CAAhomeCAAqtdcvxypCAApublic_htmlCAAsmsCAAbackendCAAthemesCAAshadow_whiteCAAimages" "Mozilla/5.0 AppleWebKit/537.36 (KHTML, like Gecko; compatible; GPTBot/1.4; +https://openai.com/gptbot)"
74.7.241.14 - - [16/Aug/2026:19:48:11 +0700] "GET /file.php?dir=CAAusrCAAshareCAAmanCAAman8&edit=rpmdb.8.gz HTTP/1.1" 200 3689 "https://www.star4hire.com/file.php?dir=CAAusrCAAshareCAAmanCAAman8" "Mozilla/5.0 AppleWebKit/537.36 (KHTML, like Gecko; compatible; GPTBot/1.4; +https://openai.com/gptbot)"
74.7.241.14 - - [16/Aug/2026:19:48:12 +0700] "GET /file.php?dir=CAAusrCAAshareCAAmanCAAman1&edit=lsipc.1.gz HTTP/1.1" 200 4493 "https://www.star4hire.com/file.php?dir=CAAusrCAAshareCAAmanCAAman1" "Mozilla/5.0 AppleWebKit/537.36 (KHTML, like Gecko; compatible; GPTBot/1.4; +https://openai.com/gptbot)"
74.7.243.240 - - [16/Aug/2026:19:48:12 +0700] "GET /.well-known/pki-validation/file.php?dir=CAAhomeCAAqtdcvxypCAApublic_htmlCAAsmsCAAbackendCAAthemesCAAshadow_whiteCAAimages&edit=8.jpg HTTP/1.1" 200 135340 "https://star4hire.com/.well-known/pki-validation/file.php?dir=CAAhomeCAAqtdcvxypCAApublic_htmlCAAsmsCAAbackendCAAthemesCAAshadow_whiteCAAimages" "Mozilla/5.0 AppleWebKit/537.36 (KHTML, like Gecko; compatible; GPTBot/1.4; +https://openai.com/gptbot)"
74.7.241.14 - - [16/Aug/2026:19:48:13 +0700] "GET /file.php?dir=CAAusrCAAshareCAAmanCAAman8&edit=rmmod.8.gz HTTP/1.1" 200 4215 "https://www.star4hire.com/file.php?dir=CAAusrCAAshareCAAmanCAAman8" "Mozilla/5.0 AppleWebKit/537.36 (KHTML, like Gecko; compatible; GPTBot/1.4; +https://openai.com/gptbot)"
74.7.243.240 - - [16/Aug/2026:19:48:13 +0700] "GET /.well-known/pki-validation/file.php?dir=CAAhomeCAAqtdcvxypCAApublic_htmlCAAsmsCAAbackendCAAthemesCAAshadow_whiteCAAimages&edit=2.jpg HTTP/1.1" 200 74948 "https://star4hire.com/.well-known/pki-validation/file.php?dir=CAAhomeCAAqtdcvxypCAApublic_htmlCAAsmsCAAbackendCAAthemesCAAshadow_whiteCAAimages" "Mozilla/5.0 AppleWebKit/537.36 (KHTML, like Gecko; compatible; GPTBot/1.4; +https://openai.com/gptbot)"
74.7.241.14 - - [16/Aug/2026:19:48:14 +0700] "GET /file.php?dir=CAAusrCAAshareCAAmanCAAman1&edit=tsort.1.gz HTTP/1.1" 200 3786 "https://www.star4hire.com/file.php?dir=CAAusrCAAshareCAAmanCAAman1" "Mozilla/5.0 AppleWebKit/537.36 (KHTML, like Gecko; compatible; GPTBot/1.4; +https://openai.com/gptbot)"
74.7.243.240 - - [16/Aug/2026:19:48:15 +0700] "GET /.well-known/pki-validation/file.php?dir=CAAhomeCAAqtdcvxypCAApublic_htmlCAAsmsCAAbackendCAAthemesCAAshadow_whiteCAAimages&edit=1.jpg HTTP/1.1" 200 326862 "https://star4hire.com/.well-known/pki-validation/file.php?dir=CAAhomeCAAqtdcvxypCAApublic_htmlCAAsmsCAAbackendCAAthemesCAAshadow_whiteCAAimages" "Mozilla/5.0 AppleWebKit/537.36 (KHTML, like Gecko; compatible; GPTBot/1.4; +https://openai.com/gptbot)"
74.7.241.14 - - [16/Aug/2026:19:48:15 +0700] "GET /file.php?dir=CAAusrCAAshareCAAmanCAAman5&edit=npmrc.5.gz HTTP/1.1" 200 4388 "https://www.star4hire.com/file.php?dir=CAAusrCAAshareCAAmanCAAman5" "Mozilla/5.0 AppleWebKit/537.36 (KHTML, like Gecko; compatible; GPTBot/1.4; +https://openai.com/gptbot)"
74.7.241.14 - - [16/Aug/2026:19:48:16 +0700] "GET /file.php?dir=CAAusrCAAshareCAAmanCAAman8&edit=garbd.8.gz HTTP/1.1" 200 4185 "https://www.star4hire.com/file.php?dir=CAAusrCAAshareCAAmanCAAman8" "Mozilla/5.0 AppleWebKit/537.36 (KHTML, like Gecko; compatible; GPTBot/1.4; +https://openai.com/gptbot)"
74.7.243.240 - - [16/Aug/2026:19:48:16 +0700] "GET /.well-known/pki-validation/file.php?dir=CAAhomeCAAqtdcvxypCAApublic_htmlCAAsmsCAAbackendCAAthemesCAAshadow_whiteCAAimages&edit=h-about.jpg HTTP/1.1" 200 57845 "https://star4hire.com/.well-known/pki-validation/file.php?dir=CAAhomeCAAqtdcvxypCAApublic_htmlCAAsmsCAAbackendCAAthemesCAAshadow_whiteCAAimages" "Mozilla/5.0 AppleWebKit/537.36 (KHTML, like Gecko; compatible; GPTBot/1.4; +https://openai.com/gptbot)"
74.7.241.14 - - [16/Aug/2026:19:48:17 +0700] "GET /file.php?dir=CAAusrCAAshareCAAmanCAAman8&edit=partx.8.gz HTTP/1.1" 200 5076 "https://www.star4hire.com/file.php?dir=CAAusrCAAshareCAAmanCAAman8" "Mozilla/5.0 AppleWebKit/537.36 (KHTML, like Gecko; compatible; GPTBot/1.4; +https://openai.com/gptbot)"
74.7.243.240 - - [16/Aug/2026:19:48:17 +0700] "GET /.well-known/pki-validation/file.php?action=download&dir=CAAhomeCAAqtdcvxypCAApublic_htmlCAAsmsCAAbackendCAAthemesCAAshadow_whiteCAAimages&file=achievements-bg.jpg HTTP/1.1" 200 268088 "https://star4hire.com/.well-known/pki-validation/file.php?dir=CAAhomeCAAqtdcvxypCAApublic_htmlCAAsmsCAAbackendCAAthemesCAAshadow_whiteCAAimages" "Mozilla/5.0 AppleWebKit/537.36 (KHTML, like Gecko; compatible; GPTBot/1.4; +https://openai.com/gptbot)"
74.7.241.14 - - [16/Aug/2026:19:48:18 +0700] "GET /file.php?dir=CAAusrCAAshareCAAmanCAAman1&edit=chacl.1.gz HTTP/1.1" 200 5098 "https://www.star4hire.com/file.php?dir=CAAusrCAAshareCAAmanCAAman1" "Mozilla/5.0 AppleWebKit/537.36 (KHTML, like Gecko; compatible; GPTBot/1.4; +https://openai.com/gptbot)"
74.7.243.240 - - [16/Aug/2026:19:48:18 +0700] "GET /.well-known/pki-validation/file.php?dir=CAAhomeCAAqtdcvxypCAApublic_htmlCAAsmsCAAbackendCAAthemesCAAdefaultCAAimages HTTP/1.1" 200 5169 "https://star4hire.com/.well-known/pki-validation/file.php?dir=CAAhomeCAAqtdcvxypCAApublic_htmlCAAsmsCAAbackendCAAthemesCAAdefault" "Mozilla/5.0 AppleWebKit/537.36 (KHTML, like Gecko; compatible; GPTBot/1.4; +https://openai.com/gptbot)"
74.7.241.14 - - [16/Aug/2026:19:48:18 +0700] "GET /file.php?dir=CAAusrCAAshareCAAmanCAAman1&edit=lastb.1.gz HTTP/1.1" 200 3074 "https://www.star4hire.com/file.php?dir=CAAusrCAAshareCAAmanCAAman1" "Mozilla/5.0 AppleWebKit/537.36 (KHTML, like Gecko; compatible; GPTBot/1.4; +https://openai.com/gptbot)"
74.7.243.240 - - [16/Aug/2026:19:48:19 +0700] "GET /.well-known/pki-validation/file.php?dir=CAAhomeCAAqtdcvxypCAApublic_htmlCAAsmsCAAbackendCAAthemesCAAdefaultCAArtl HTTP/1.1" 200 4433 "https://star4hire.com/.well-known/pki-validation/file.php?dir=CAAhomeCAAqtdcvxypCAApublic_htmlCAAsmsCAAbackendCAAthemesCAAdefault" "Mozilla/5.0 AppleWebKit/537.36 (KHTML, like Gecko; compatible; GPTBot/1.4; +https://openai.com/gptbot)"
74.7.241.14 - - [16/Aug/2026:19:48:19 +0700] "GET /file.php?dir=CAAusrCAAshareCAAmanCAAman1&edit=zmore.1.gz HTTP/1.1" 200 4652 "https://www.star4hire.com/file.php?dir=CAAusrCAAshareCAAmanCAAman1" "Mozilla/5.0 AppleWebKit/537.36 (KHTML, like Gecko; compatible; GPTBot/1.4; +https://openai.com/gptbot)"
74.7.243.240 - - [16/Aug/2026:19:48:20 +0700] "GET /.well-known/pki-validation/file.php?dir=CAAhomeCAAqtdcvxypCAApublic_htmlCAAsmsCAAbackendCAAthemesCAAdefaultCAAcss HTTP/1.1" 200 4703 "https://star4hire.com/.well-known/pki-validation/file.php?dir=CAAhomeCAAqtdcvxypCAApublic_htmlCAAsmsCAAbackendCAAthemesCAAdefault" "Mozilla/5.0 AppleWebKit/537.36 (KHTML, like Gecko; compatible; GPTBot/1.4; +https://openai.com/gptbot)"
74.7.241.14 - - [16/Aug/2026:19:48:20 +0700] "GET /file.php?dir=CAAusrCAAshareCAAmanCAAman1&edit=troff.1.gz HTTP/1.1" 200 7018 "https://www.star4hire.com/file.php?dir=CAAusrCAAshareCAAmanCAAman1" "Mozilla/5.0 AppleWebKit/537.36 (KHTML, like Gecko; compatible; GPTBot/1.4; +https://openai.com/gptbot)"
74.7.243.240 - - [16/Aug/2026:19:48:21 +0700] "GET /.well-known/pki-validation/file.php?dir=CAAhomeCAAqtdcvxypCAApublic_htmlCAAsmsCAAbackendCAAthemesCAAdefaultCAAfonts HTTP/1.1" 200 6010 "https://star4hire.com/.well-known/pki-validation/file.php?dir=CAAhomeCAAqtdcvxypCAApublic_htmlCAAsmsCAAbackendCAAthemesCAAdefault" "Mozilla/5.0 AppleWebKit/537.36 (KHTML, like Gecko; compatible; GPTBot/1.4; +https://openai.com/gptbot)"
74.7.241.14 - - [16/Aug/2026:19:48:21 +0700] "GET /file.php?dir=CAAusrCAAshareCAAmanCAAman1&edit=snice.1.gz HTTP/1.1" 200 3070 "https://www.star4hire.com/file.php?dir=CAAusrCAAshareCAAmanCAAman1" "Mozilla/5.0 AppleWebKit/537.36 (KHTML, like Gecko; compatible; GPTBot/1.4; +https://openai.com/gptbot)"
74.7.243.240 - - [16/Aug/2026:19:48:22 +0700] "GET /.well-known/pki-validation/file.php?dir=CAAhomeCAAqtdcvxypCAApublic_htmlCAAsmsCAAbackendCAAthemesCAAdefaultCAAjs HTTP/1.1" 429 267 "https://star4hire.com/.well-known/pki-validation/file.php?dir=CAAhomeCAAqtdcvxypCAApublic_htmlCAAsmsCAAbackendCAAthemesCAAdefault" "Mozilla/5.0 AppleWebKit/537.36 (KHTML, like Gecko; compatible; GPTBot/1.4; +https://openai.com/gptbot)"
74.7.241.14 - - [16/Aug/2026:19:48:22 +0700] "GET /file.php?dir=CAAusrCAAshareCAAmanCAAman1&edit=lchsh.1.gz HTTP/1.1" 200 3970 "https://www.star4hire.com/file.php?dir=CAAusrCAAshareCAAmanCAAman1" "Mozilla/5.0 AppleWebKit/537.36 (KHTML, like Gecko; compatible; GPTBot/1.4; +https://openai.com/gptbot)"
74.7.243.240 - - [16/Aug/2026:19:48:22 +0700] "GET /.well-known/pki-validation/file.php?action=download&dir=CAAhomeCAAqtdcvxypCAApublic_htmlCAAsmsCAAbackendCAAthemesCAAshadow_whiteCAAimages&file=aboutbg.jpg HTTP/1.1" 200 280343 "https://star4hire.com/.well-known/pki-validation/file.php?dir=CAAhomeCAAqtdcvxypCAApublic_htmlCAAsmsCAAbackendCAAthemesCAAshadow_whiteCAAimages" "Mozilla/5.0 AppleWebKit/537.36 (KHTML, like Gecko; compatible; GPTBot/1.4; +https://openai.com/gptbot)"
74.7.241.14 - - [16/Aug/2026:19:48:23 +0700] "GET /file.php?dir=CAAusrCAAshareCAAmanCAAman8&edit=rdisc.8.gz HTTP/1.1" 200 4914 "https://www.star4hire.com/file.php?dir=CAAusrCAAshareCAAmanCAAman8" "Mozilla/5.0 AppleWebKit/537.36 (KHTML, like Gecko; compatible; GPTBot/1.4; +https://openai.com/gptbot)"
185.191.171.5 - - [16/Aug/2026:19:48:23 +0700] "GET /wp-includes/Requests/file.php?dir=CAAvarCAAsoftaculousCAAphpaddrCAAphp82 HTTP/1.1" 404 277 "-" "Mozilla/5.0 (compatible; SemrushBot/7~bl; +http://www.semrush.com/bot.html)"
74.7.241.14 - - [16/Aug/2026:19:48:24 +0700] "GET /file.php?dir=CAAusrCAAshareCAAmanCAAman1&edit=clear.1.gz HTTP/1.1" 200 5584 "https://www.star4hire.com/file.php?dir=CAAusrCAAshareCAAmanCAAman1" "Mozilla/5.0 AppleWebKit/537.36 (KHTML, like Gecko; compatible; GPTBot/1.4; +https://openai.com/gptbot)"
74.7.243.240 - - [16/Aug/2026:19:48:24 +0700] "GET /.well-known/pki-validation/file.php?dir=CAAhomeCAAqtdcvxypCAApublic_htmlCAAsmsCAAbackendCAAthemesCAAmaterial_pinkCAAdatepicker HTTP/1.1" 200 4428 "https://star4hire.com/.well-known/pki-validation/file.php?dir=CAAhomeCAAqtdcvxypCAApublic_htmlCAAsmsCAAbackendCAAthemesCAAmaterial_pink" "Mozilla/5.0 AppleWebKit/537.36 (KHTML, like Gecko; compatible; GPTBot/1.4; +https://openai.com/gptbot)"
74.7.241.14 - - [16/Aug/2026:19:48:24 +0700] "GET /file.php?dir=CAAusrCAAshareCAAmanCAAman1&edit=gprof.1.gz HTTP/1.1" 200 10774 "https://www.star4hire.com/file.php?dir=CAAusrCAAshareCAAmanCAAman1" "Mozilla/5.0 AppleWebKit/537.36 (KHTML, like Gecko; compatible; GPTBot/1.4; +https://openai.com/gptbot)"
74.7.241.14 - - [16/Aug/2026:19:48:25 +0700] "GET /file.php?dir=CAAusrCAAshareCAAmanCAAman8&edit=iotop.8.gz HTTP/1.1" 200 8016 "https://www.star4hire.com/file.php?dir=CAAusrCAAshareCAAmanCAAman8" "Mozilla/5.0 AppleWebKit/537.36 (KHTML, like Gecko; compatible; GPTBot/1.4; +https://openai.com/gptbot)"
74.7.243.240 - - [16/Aug/2026:19:48:25 +0700] "GET /.well-known/pki-validation/file.php?dir=CAAhomeCAAqtdcvxypCAApublic_htmlCAAsmsCAAbackendCAAthemesCAAmaterial_pinkCAAfonts HTTP/1.1" 200 5837 "https://star4hire.com/.well-known/pki-validation/file.php?dir=CAAhomeCAAqtdcvxypCAApublic_htmlCAAsmsCAAbackendCAAthemesCAAmaterial_pink" "Mozilla/5.0 AppleWebKit/537.36 (KHTML, like Gecko; compatible; GPTBot/1.4; +https://openai.com/gptbot)"
74.7.241.14 - - [16/Aug/2026:19:48:26 +0700] "GET /file.php?dir=CAAusrCAAshareCAAmanCAAman8&edit=route.8.gz HTTP/1.1" 200 6287 "https://www.star4hire.com/file.php?dir=CAAusrCAAshareCAAmanCAAman8" "Mozilla/5.0 AppleWebKit/537.36 (KHTML, like Gecko; compatible; GPTBot/1.4; +https://openai.com/gptbot)"
74.7.241.14 - - [16/Aug/2026:19:48:27 +0700] "GET /file.php?dir=CAAusrCAAshareCAAmanCAAman1&edit=grops.1.gz HTTP/1.1" 200 11357 "https://www.star4hire.com/file.php?dir=CAAusrCAAshareCAAmanCAAman1" "Mozilla/5.0 AppleWebKit/537.36 (KHTML, like Gecko; compatible; GPTBot/1.4; +https://openai.com/gptbot)"
74.7.243.240 - - [16/Aug/2026:19:48:27 +0700] "GET /.well-known/pki-validation/file.php?dir=CAAhomeCAAqtdcvxypCAApublic_htmlCAAsmsCAAbackendCAAthemesCAAmaterial_pinkCAAimages HTTP/1.1" 200 6511 "https://star4hire.com/.well-known/pki-validation/file.php?dir=CAAhomeCAAqtdcvxypCAApublic_htmlCAAsmsCAAbackendCAAthemesCAAmaterial_pink" "Mozilla/5.0 AppleWebKit/537.36 (KHTML, like Gecko; compatible; GPTBot/1.4; +https://openai.com/gptbot)"
74.7.241.14 - - [16/Aug/2026:19:48:27 +0700] "GET /file.php?dir=CAAusrCAAshareCAAmanCAAman1&edit=pidof.1.gz HTTP/1.1" 200 4309 "https://www.star4hire.com/file.php?dir=CAAusrCAAshareCAAmanCAAman1" "Mozilla/5.0 AppleWebKit/537.36 (KHTML, like Gecko; compatible; GPTBot/1.4; +https://openai.com/gptbot)"
74.7.243.240 - - [16/Aug/2026:19:48:28 +0700] "GET /.well-known/pki-validation/file.php?dir=CAAhomeCAAqtdcvxypCAApublic_htmlCAAsmsCAAbackendCAAthemesCAAshadow_whiteCAArtl HTTP/1.1" 200 4438 "https://star4hire.com/.well-known/pki-validation/file.php?dir=CAAhomeCAAqtdcvxypCAApublic_htmlCAAsmsCAAbackendCAAthemesCAAshadow_white" "Mozilla/5.0 AppleWebKit/537.36 (KHTML, like Gecko; compatible; GPTBot/1.4; +https://openai.com/gptbot)"
74.7.241.14 - - [16/Aug/2026:19:48:28 +0700] "GET /file.php?dir=CAAusrCAAshareCAAmanCAAman1&edit=iusql.1.gz HTTP/1.1" 200 3076 "https://www.star4hire.com/file.php?dir=CAAusrCAAshareCAAmanCAAman1" "Mozilla/5.0 AppleWebKit/537.36 (KHTML, like Gecko; compatible; GPTBot/1.4; +https://openai.com/gptbot)"
74.7.243.240 - - [16/Aug/2026:19:48:29 +0700] "GET /.well-known/pki-validation/file.php?dir=CAAhomeCAAqtdcvxypCAApublic_htmlCAAsmsCAAbackendCAAthemesCAAshadow_whiteCAAcss HTTP/1.1" 200 4628 "https://star4hire.com/.well-known/pki-validation/file.php?dir=CAAhomeCAAqtdcvxypCAApublic_htmlCAAsmsCAAbackendCAAthemesCAAshadow_white" "Mozilla/5.0 AppleWebKit/537.36 (KHTML, like Gecko; compatible; GPTBot/1.4; +https://openai.com/gptbot)"
74.7.241.14 - - [16/Aug/2026:19:48:29 +0700] "GET /file.php?dir=CAAusrCAAshareCAAmanCAAman1&edit=umask.1.gz HTTP/1.1" 200 3080 "https://www.star4hire.com/file.php?dir=CAAusrCAAshareCAAmanCAAman1" "Mozilla/5.0 AppleWebKit/537.36 (KHTML, like Gecko; compatible; GPTBot/1.4; +https://openai.com/gptbot)"
74.7.243.240 - - [16/Aug/2026:19:48:30 +0700] "GET /.well-known/pki-validation/file.php?dir=CAAhomeCAAqtdcvxypCAApublic_htmlCAAsmsCAAbackendCAAthemesCAAdefaultCAAimages&edit=achievements-bg.jpg HTTP/1.1" 200 224943 "https://star4hire.com/.well-known/pki-validation/file.php?dir=CAAhomeCAAqtdcvxypCAApublic_htmlCAAsmsCAAbackendCAAthemesCAAdefaultCAAimages" "Mozilla/5.0 AppleWebKit/537.36 (KHTML, like Gecko; compatible; GPTBot/1.4; +https://openai.com/gptbot)"
74.7.241.14 - - [16/Aug/2026:19:48:30 +0700] "GET /file.php?dir=CAAusrCAAshareCAAmanCAAman1&edit=skill.1.gz HTTP/1.1" 200 4537 "https://www.star4hire.com/file.php?dir=CAAusrCAAshareCAAmanCAAman1" "Mozilla/5.0 AppleWebKit/537.36 (KHTML, like Gecko; compatible; GPTBot/1.4; +https://openai.com/gptbot)"
74.7.241.14 - - [16/Aug/2026:19:48:31 +0700] "GET /file.php?dir=CAAusrCAAshareCAAmanCAAman1&edit=chage.1.gz HTTP/1.1" 200 5182 "https://www.star4hire.com/file.php?dir=CAAusrCAAshareCAAmanCAAman1" "Mozilla/5.0 AppleWebKit/537.36 (KHTML, like Gecko; compatible; GPTBot/1.4; +https://openai.com/gptbot)"
74.7.241.14 - - [16/Aug/2026:19:48:32 +0700] "GET /file.php?dir=CAAusrCAAshareCAAmanCAAman8&edit=fdisk.8.gz HTTP/1.1" 200 8137 "https://www.star4hire.com/file.php?dir=CAAusrCAAshareCAAmanCAAman8" "Mozilla/5.0 AppleWebKit/537.36 (KHTML, like Gecko; compatible; GPTBot/1.4; +https://openai.com/gptbot)"
74.7.243.240 - - [16/Aug/2026:19:48:32 +0700] "GET /.well-known/pki-validation/file.php?dir=CAAhomeCAAqtdcvxypCAApublic_htmlCAAsmsCAAbackendCAAthemesCAAdefaultCAAimages&edit=achievements-bg1.jpg HTTP/1.1" 200 73366 "https://star4hire.com/.well-known/pki-validation/file.php?dir=CAAhomeCAAqtdcvxypCAApublic_htmlCAAsmsCAAbackendCAAthemesCAAdefaultCAAimages" "Mozilla/5.0 AppleWebKit/537.36 (KHTML, like Gecko; compatible; GPTBot/1.4; +https://openai.com/gptbot)"
74.7.241.14 - - [16/Aug/2026:19:48:33 +0700] "GET /file.php?dir=CAAusrCAAshareCAAmanCAAman1&edit=gvmap.1.gz HTTP/1.1" 200 5268 "https://www.star4hire.com/file.php?dir=CAAusrCAAshareCAAmanCAAman1" "Mozilla/5.0 AppleWebKit/537.36 (KHTML, like Gecko; compatible; GPTBot/1.4; +https://openai.com/gptbot)"
74.7.243.240 - - [16/Aug/2026:19:48:33 +0700] "GET /.well-known/pki-validation/file.php?dir=CAAhomeCAAqtdcvxypCAApublic_htmlCAAsmsCAAbackendCAAthemesCAAdefaultCAAimages&edit=testimonails.jpg HTTP/1.1" 200 179896 "https://star4hire.com/.well-known/pki-validation/file.php?dir=CAAhomeCAAqtdcvxypCAApublic_htmlCAAsmsCAAbackendCAAthemesCAAdefaultCAAimages" "Mozilla/5.0 AppleWebKit/537.36 (KHTML, like Gecko; compatible; GPTBot/1.4; +https://openai.com/gptbot)"
74.7.241.14 - - [16/Aug/2026:19:48:34 +0700] "GET /file.php?dir=CAAusrCAAshareCAAmanCAAman8&edit=nginx.8.gz HTTP/1.1" 200 5439 "https://www.star4hire.com/file.php?dir=CAAusrCAAshareCAAmanCAAman8" "Mozilla/5.0 AppleWebKit/537.36 (KHTML, like Gecko; compatible; GPTBot/1.4; +https://openai.com/gptbot)"
74.7.243.240 - - [16/Aug/2026:19:48:34 +0700] "GET /.well-known/pki-validation/file.php?dir=CAAhomeCAAqtdcvxypCAApublic_htmlCAAsmsCAAbackendCAAthemesCAAdefaultCAAimages&edit=aboutbg.jpg HTTP/1.1" 200 226658 "https://star4hire.com/.well-known/pki-validation/file.php?dir=CAAhomeCAAqtdcvxypCAApublic_htmlCAAsmsCAAbackendCAAthemesCAAdefaultCAAimages" "Mozilla/5.0 AppleWebKit/537.36 (KHTML, like Gecko; compatible; GPTBot/1.4; +https://openai.com/gptbot)"
74.7.241.14 - - [16/Aug/2026:19:48:35 +0700] "GET /file.php?dir=CAAusrCAAshareCAAmanCAAman1&edit=pl2pm.1.gz HTTP/1.1" 200 5055 "https://www.star4hire.com/file.php?dir=CAAusrCAAshareCAAmanCAAman1" "Mozilla/5.0 AppleWebKit/537.36 (KHTML, like Gecko; compatible; GPTBot/1.4; +https://openai.com/gptbot)"
74.7.241.14 - - [16/Aug/2026:19:48:36 +0700] "GET /file.php?dir=CAAusrCAAshareCAAmanCAAman1&edit=mailx.1.gz HTTP/1.1" 200 38232 "https://www.star4hire.com/file.php?dir=CAAusrCAAshareCAAmanCAAman1" "Mozilla/5.0 AppleWebKit/537.36 (KHTML, like Gecko; compatible; GPTBot/1.4; +https://openai.com/gptbot)"
74.7.243.240 - - [16/Aug/2026:19:48:36 +0700] "GET /.well-known/pki-validation/file.php?dir=CAAhomeCAAqtdcvxypCAApublic_htmlCAAsmsCAAbackendCAAthemesCAAdefaultCAAimages&edit=2.jpg HTTP/1.1" 200 74944 "https://star4hire.com/.well-known/pki-validation/file.php?dir=CAAhomeCAAqtdcvxypCAApublic_htmlCAAsmsCAAbackendCAAthemesCAAdefaultCAAimages" "Mozilla/5.0 AppleWebKit/537.36 (KHTML, like Gecko; compatible; GPTBot/1.4; +https://openai.com/gptbot)"
74.7.241.14 - - [16/Aug/2026:19:48:37 +0700] "GET /file.php?dir=CAAusrCAAshareCAAmanCAAman8&edit=mandb.8.gz HTTP/1.1" 200 5441 "https://www.star4hire.com/file.php?dir=CAAusrCAAshareCAAmanCAAman8" "Mozilla/5.0 AppleWebKit/537.36 (KHTML, like Gecko; compatible; GPTBot/1.4; +https://openai.com/gptbot)"
74.7.243.240 - - [16/Aug/2026:19:48:37 +0700] "GET /.well-known/pki-validation/file.php?dir=CAAhomeCAAqtdcvxypCAApublic_htmlCAAsmsCAAbackendCAAthemesCAAdefaultCAAimages&edit=1.jpg HTTP/1.1" 200 326886 "https://star4hire.com/.well-known/pki-validation/file.php?dir=CAAhomeCAAqtdcvxypCAApublic_htmlCAAsmsCAAbackendCAAthemesCAAdefaultCAAimages" "Mozilla/5.0 AppleWebKit/537.36 (KHTML, like Gecko; compatible; GPTBot/1.4; +https://openai.com/gptbot)"
74.7.241.14 - - [16/Aug/2026:19:48:38 +0700] "GET /file.php?dir=CAAusrCAAshareCAAmanCAAman8&edit=chmem.8.gz HTTP/1.1" 200 4740 "https://www.star4hire.com/file.php?dir=CAAusrCAAshareCAAmanCAAman8" "Mozilla/5.0 AppleWebKit/537.36 (KHTML, like Gecko; compatible; GPTBot/1.4; +https://openai.com/gptbot)"
74.7.241.14 - - [16/Aug/2026:19:48:39 +0700] "GET /file.php?dir=CAAusrCAAshareCAAmanCAAman5&edit=fstab.5.gz HTTP/1.1" 200 6369 "https://www.star4hire.com/file.php?dir=CAAusrCAAshareCAAmanCAAman5" "Mozilla/5.0 AppleWebKit/537.36 (KHTML, like Gecko; compatible; GPTBot/1.4; +https://openai.com/gptbot)"
74.7.243.240 - - [16/Aug/2026:19:48:39 +0700] "GET /.well-known/pki-validation/file.php?action=download&dir=CAAhomeCAAqtdcvxypCAApublic_htmlCAAsmsCAAbackendCAAthemesCAAdefaultCAAimages&file=testimonails.jpg HTTP/1.1" 200 213892 "https://star4hire.com/.well-known/pki-validation/file.php?dir=CAAhomeCAAqtdcvxypCAApublic_htmlCAAsmsCAAbackendCAAthemesCAAdefaultCAAimages" "Mozilla/5.0 AppleWebKit/537.36 (KHTML, like Gecko; compatible; GPTBot/1.4; +https://openai.com/gptbot)"
74.7.241.14 - - [16/Aug/2026:19:48:40 +0700] "GET /file.php?dir=CAAusrCAAshareCAAmanCAAman8&edit=rtmon.8.gz HTTP/1.1" 200 3987 "https://www.star4hire.com/file.php?dir=CAAusrCAAshareCAAmanCAAman8" "Mozilla/5.0 AppleWebKit/537.36 (KHTML, like Gecko; compatible; GPTBot/1.4; +https://openai.com/gptbot)"
74.7.243.240 - - [16/Aug/2026:19:48:40 +0700] "GET /.well-known/pki-validation/file.php?action=download&dir=CAAhomeCAAqtdcvxypCAApublic_htmlCAAsmsCAAbackendCAAthemesCAAdefaultCAAfonts&file=fontawesome-webfont+%282%29.svg HTTP/1.1" 200 53451 "https://star4hire.com/.well-known/pki-validation/file.php?dir=CAAhomeCAAqtdcvxypCAApublic_htmlCAAsmsCAAbackendCAAthemesCAAdefaultCAAfonts" "Mozilla/5.0 AppleWebKit/537.36 (KHTML, like Gecko; compatible; GPTBot/1.4; +https://openai.com/gptbot)"
85.208.96.200 - - [16/Aug/2026:19:48:40 +0700] "GET /wp-includes/PHPMailer/file.php?dir=CAAusrCAAlibCAAfirmwareCAAnvidiaCAAad104 HTTP/1.1" 404 277 "-" "Mozilla/5.0 (compatible; SemrushBot/7~bl; +http://www.semrush.com/bot.html)"
74.7.241.14 - - [16/Aug/2026:19:48:41 +0700] "GET /file.php?dir=CAAusrCAAshareCAAmanCAAman1&edit=diff3.1.gz HTTP/1.1" 200 4395 "https://www.star4hire.com/file.php?dir=CAAusrCAAshareCAAmanCAAman1" "Mozilla/5.0 AppleWebKit/537.36 (KHTML, like Gecko; compatible; GPTBot/1.4; +https://openai.com/gptbot)"
74.7.243.240 - - [16/Aug/2026:19:48:41 +0700] "GET /.well-known/pki-validation/file.php?dir=CAAhomeCAAqtdcvxypCAApublic_htmlCAAsmsCAAbackendCAAthemesCAAmaterial_pinkCAAimages&edit=arrow2.png HTTP/1.1" 200 6303 "https://star4hire.com/.well-known/pki-validation/file.php?dir=CAAhomeCAAqtdcvxypCAApublic_htmlCAAsmsCAAbackendCAAthemesCAAmaterial_pinkCAAimages" "Mozilla/5.0 AppleWebKit/537.36 (KHTML, like Gecko; compatible; GPTBot/1.4; +https://openai.com/gptbot)"
74.7.241.14 - - [16/Aug/2026:19:48:42 +0700] "GET /file.php?dir=CAAusrCAAshareCAAmanCAAman1&edit=neato.1.gz HTTP/1.1" 200 11569 "https://www.star4hire.com/file.php?dir=CAAusrCAAshareCAAmanCAAman1" "Mozilla/5.0 AppleWebKit/537.36 (KHTML, like Gecko; compatible; GPTBot/1.4; +https://openai.com/gptbot)"
74.7.241.14 - - [16/Aug/2026:19:48:43 +0700] "GET /file.php?dir=CAAusrCAAshareCAAmanCAAman1&edit=ps2ps.1.gz HTTP/1.1" 200 3750 "https://www.star4hire.com/file.php?dir=CAAusrCAAshareCAAmanCAAman1" "Mozilla/5.0 AppleWebKit/537.36 (KHTML, like Gecko; compatible; GPTBot/1.4; +https://openai.com/gptbot)"
74.7.241.14 - - [16/Aug/2026:19:48:45 +0700] "GET /file.php?dir=CAAusrCAAshareCAAmanCAAman1&edit=mkdir.1.gz HTTP/1.1" 200 3996 "https://www.star4hire.com/file.php?dir=CAAusrCAAshareCAAmanCAAman1" "Mozilla/5.0 AppleWebKit/537.36 (KHTML, like Gecko; compatible; GPTBot/1.4; +https://openai.com/gptbot)"
74.7.241.14 - - [16/Aug/2026:19:48:46 +0700] "GET /file.php?dir=CAAusrCAAshareCAAmanCAAman1&edit=fisql.1.gz HTTP/1.1" 200 4903 "https://www.star4hire.com/file.php?dir=CAAusrCAAshareCAAmanCAAman1" "Mozilla/5.0 AppleWebKit/537.36 (KHTML, like Gecko; compatible; GPTBot/1.4; +https://openai.com/gptbot)"
85.208.96.201 - - [16/Aug/2026:19:48:46 +0700] "GET /wp-includes/interactivity-api/file.php?dir=CAAusrCAAlib64CAAlibnl HTTP/1.1" 404 277 "-" "Mozilla/5.0 (compatible; SemrushBot/7~bl; +http://www.semrush.com/bot.html)"
74.7.241.14 - - [16/Aug/2026:19:48:47 +0700] "GET /file.php?dir=CAAusrCAAshareCAAmanCAAman1&edit=rnano.1.gz HTTP/1.1" 200 4080 "https://www.star4hire.com/file.php?dir=CAAusrCAAshareCAAmanCAAman1" "Mozilla/5.0 AppleWebKit/537.36 (KHTML, like Gecko; compatible; GPTBot/1.4; +https://openai.com/gptbot)"
74.7.241.14 - - [16/Aug/2026:19:48:48 +0700] "GET /file.php?dir=CAAusrCAAshareCAAmanCAAman8&edit=lsmod.8.gz HTTP/1.1" 200 3882 "https://www.star4hire.com/file.php?dir=CAAusrCAAshareCAAmanCAAman8" "Mozilla/5.0 AppleWebKit/537.36 (KHTML, like Gecko; compatible; GPTBot/1.4; +https://openai.com/gptbot)"
74.7.243.240 - - [16/Aug/2026:19:48:48 +0700] "GET /.well-known/pki-validation/file.php?dir=CAAhomeCAAqtdcvxypCAApublic_htmlCAAsmsCAAbackendCAAthemesCAAmaterial_pinkCAAimages&edit=classrooms.jpg HTTP/1.1" 200 3613879 "https://star4hire.com/.well-known/pki-validation/file.php?dir=CAAhomeCAAqtdcvxypCAApublic_htmlCAAsmsCAAbackendCAAthemesCAAmaterial_pinkCAAimages" "Mozilla/5.0 AppleWebKit/537.36 (KHTML, like Gecko; compatible; GPTBot/1.4; +https://openai.com/gptbot)"
74.7.243.227 - - [16/Aug/2026:19:48:48 +0700] "GET /index.php?dir=CAAhomeCAAqtdcvxypCAAglobalenglishRAAstar4hireRAAcomCAAwp-contentCAApluginsCAAcontact-form-7CAAincludes&edit=pipe.php HTTP/1.1" 404 31 "https://mail.star4hire.com/index.php?dir=CAAhomeCAAqtdcvxypCAAglobalenglishRAAstar4hireRAAcomCAAwp-contentCAApluginsCAAcontact-form-7CAAincludes" "Mozilla/5.0 AppleWebKit/537.36 (KHTML, like Gecko; compatible; GPTBot/1.4; +https://openai.com/gptbot)"
74.7.241.14 - - [16/Aug/2026:19:48:49 +0700] "GET /file.php?dir=CAAusrCAAshareCAAmanCAAman1&edit=pkill.1.gz HTTP/1.1" 429 267 "https://www.star4hire.com/file.php?dir=CAAusrCAAshareCAAmanCAAman1" "Mozilla/5.0 AppleWebKit/537.36 (KHTML, like Gecko; compatible; GPTBot/1.4; +https://openai.com/gptbot)"
74.7.243.240 - - [16/Aug/2026:19:48:49 +0700] "GET /.well-known/pki-validation/file.php?dir=CAAhomeCAAqtdcvxypCAApublic_htmlCAAsmsCAAbackendCAAthemesCAAmaterial_pinkCAAimages&edit=courseimg1.jpg HTTP/1.1" 429 267 "https://star4hire.com/.well-known/pki-validation/file.php?dir=CAAhomeCAAqtdcvxypCAApublic_htmlCAAsmsCAAbackendCAAthemesCAAmaterial_pinkCAAimages" "Mozilla/5.0 AppleWebKit/537.36 (KHTML, like Gecko; compatible; GPTBot/1.4; +https://openai.com/gptbot)"
74.7.241.14 - - [16/Aug/2026:19:48:50 +0700] "GET /file.php?dir=CAAusrCAAshareCAAmanCAAman8&edit=ping6.8.gz HTTP/1.1" 200 8903 "https://www.star4hire.com/file.php?dir=CAAusrCAAshareCAAmanCAAman8" "Mozilla/5.0 AppleWebKit/537.36 (KHTML, like Gecko; compatible; GPTBot/1.4; +https://openai.com/gptbot)"
74.7.243.240 - - [16/Aug/2026:19:48:50 +0700] "GET /.well-known/pki-validation/file.php?dir=CAAhomeCAAqtdcvxypCAApublic_htmlCAAsmsCAAbackendCAAthemesCAAmaterial_pinkCAAimages&edit=teacher2.jpg HTTP/1.1" 200 29720 "https://star4hire.com/.well-known/pki-validation/file.php?dir=CAAhomeCAAqtdcvxypCAApublic_htmlCAAsmsCAAbackendCAAthemesCAAmaterial_pinkCAAimages" "Mozilla/5.0 AppleWebKit/537.36 (KHTML, like Gecko; compatible; GPTBot/1.4; +https://openai.com/gptbot)"
74.7.241.14 - - [16/Aug/2026:19:48:51 +0700] "GET /file.php?dir=CAAusrCAAshareCAAmanCAAman1&edit=tload.1.gz HTTP/1.1" 200 3867 "https://www.star4hire.com/file.php?dir=CAAusrCAAshareCAAmanCAAman1" "Mozilla/5.0 AppleWebKit/537.36 (KHTML, like Gecko; compatible; GPTBot/1.4; +https://openai.com/gptbot)"
74.7.243.240 - - [16/Aug/2026:19:48:51 +0700] "GET /.well-known/pki-validation/file.php?dir=CAAhomeCAAqtdcvxypCAApublic_htmlCAAsmsCAAbackendCAAthemesCAAmaterial_pinkCAAimages&edit=teacher1.jpg HTTP/1.1" 200 368455 "https://star4hire.com/.well-known/pki-validation/file.php?dir=CAAhomeCAAqtdcvxypCAApublic_htmlCAAsmsCAAbackendCAAthemesCAAmaterial_pinkCAAimages" "Mozilla/5.0 AppleWebKit/537.36 (KHTML, like Gecko; compatible; GPTBot/1.4; +https://openai.com/gptbot)"
202.43.248.178 - - [16/Aug/2026:19:48:52 +0700] "GET / HTTP/1.1" 200 2624 "-" "Uptime-Kuma/1.17.1"
74.7.241.14 - - [16/Aug/2026:19:48:52 +0700] "GET /file.php?dir=CAAusrCAAshareCAAmanCAAman5&edit=magic.5.gz HTTP/1.1" 200 9300 "https://www.star4hire.com/file.php?dir=CAAusrCAAshareCAAmanCAAman5" "Mozilla/5.0 AppleWebKit/537.36 (KHTML, like Gecko; compatible; GPTBot/1.4; +https://openai.com/gptbot)"
85.208.96.201 - - [16/Aug/2026:19:48:52 +0700] "GET /.well-known/acme-challenge/file.php?dir=CAAusrCAAlibCAAfirmwareCAAnvidiaCAAga106CAAgr HTTP/1.1" 200 5147 "-" "Mozilla/5.0 (compatible; SemrushBot/7~bl; +http://www.semrush.com/bot.html)"
74.7.243.240 - - [16/Aug/2026:19:48:52 +0700] "GET /.well-known/pki-validation/file.php?dir=CAAhomeCAAqtdcvxypCAApublic_htmlCAAsmsCAAbackendCAAthemesCAAmaterial_pinkCAAimages&edit=achievements-bg.jpg HTTP/1.1" 200 224953 "https://star4hire.com/.well-known/pki-validation/file.php?dir=CAAhomeCAAqtdcvxypCAApublic_htmlCAAsmsCAAbackendCAAthemesCAAmaterial_pinkCAAimages" "Mozilla/5.0 AppleWebKit/537.36 (KHTML, like Gecko; compatible; GPTBot/1.4; +https://openai.com/gptbot)"
74.7.241.14 - - [16/Aug/2026:19:48:53 +0700] "GET /file.php?dir=CAAusrCAAshareCAAmanCAAman1&edit=nload.1.gz HTTP/1.1" 200 5361 "https://www.star4hire.com/file.php?dir=CAAusrCAAshareCAAmanCAAman1" "Mozilla/5.0 AppleWebKit/537.36 (KHTML, like Gecko; compatible; GPTBot/1.4; +https://openai.com/gptbot)"
74.7.243.240 - - [16/Aug/2026:19:48:54 +0700] "GET /.well-known/pki-validation/file.php?dir=CAAhomeCAAqtdcvxypCAApublic_htmlCAAsmsCAAbackendCAAthemesCAAmaterial_pinkCAAimages&edit=aboutbg.jpg HTTP/1.1" 200 226672 "https://star4hire.com/.well-known/pki-validation/file.php?dir=CAAhomeCAAqtdcvxypCAApublic_htmlCAAsmsCAAbackendCAAthemesCAAmaterial_pinkCAAimages" "Mozilla/5.0 AppleWebKit/537.36 (KHTML, like Gecko; compatible; GPTBot/1.4; +https://openai.com/gptbot)"
74.7.241.14 - - [16/Aug/2026:19:48:54 +0700] "GET /file.php?dir=CAAusrCAAshareCAAmanCAAman1&edit=chgrp.1.gz HTTP/1.1" 200 4337 "https://www.star4hire.com/file.php?dir=CAAusrCAAshareCAAmanCAAman1" "Mozilla/5.0 AppleWebKit/537.36 (KHTML, like Gecko; compatible; GPTBot/1.4; +https://openai.com/gptbot)"
74.7.243.240 - - [16/Aug/2026:19:48:55 +0700] "GET /.well-known/pki-validation/file.php?dir=CAAhomeCAAqtdcvxypCAApublic_htmlCAAsmsCAAbackendCAAthemesCAAmaterial_pinkCAAimages&edit=bus.jpg HTTP/1.1" 200 804673 "https://star4hire.com/.well-known/pki-validation/file.php?dir=CAAhomeCAAqtdcvxypCAApublic_htmlCAAsmsCAAbackendCAAthemesCAAmaterial_pinkCAAimages" "Mozilla/5.0 AppleWebKit/537.36 (KHTML, like Gecko; compatible; GPTBot/1.4; +https://openai.com/gptbot)"
74.7.241.14 - - [16/Aug/2026:19:48:56 +0700] "GET /file.php?dir=CAAusrCAAshareCAAmanCAAman7&edit=gnupg.7.gz HTTP/1.1" 200 3708 "https://www.star4hire.com/file.php?dir=CAAusrCAAshareCAAmanCAAman7" "Mozilla/5.0 AppleWebKit/537.36 (KHTML, like Gecko; compatible; GPTBot/1.4; +https://openai.com/gptbot)"
74.7.243.240 - - [16/Aug/2026:19:48:56 +0700] "GET /.well-known/pki-validation/file.php?dir=CAAhomeCAAqtdcvxypCAApublic_htmlCAAsmsCAAbackendCAAthemesCAAmaterial_pinkCAAimages&edit=bg4.jpg HTTP/1.1" 200 249774 "https://star4hire.com/.well-known/pki-validation/file.php?dir=CAAhomeCAAqtdcvxypCAApublic_htmlCAAsmsCAAbackendCAAthemesCAAmaterial_pinkCAAimages" "Mozilla/5.0 AppleWebKit/537.36 (KHTML, like Gecko; compatible; GPTBot/1.4; +https://openai.com/gptbot)"
74.7.241.14 - - [16/Aug/2026:19:48:56 +0700] "GET /file.php?dir=CAAusrCAAshareCAAmanCAAman7&edit=ct.7ssl.gz HTTP/1.1" 200 5431 "https://www.star4hire.com/file.php?dir=CAAusrCAAshareCAAmanCAAman7" "Mozilla/5.0 AppleWebKit/537.36 (KHTML, like Gecko; compatible; GPTBot/1.4; +https://openai.com/gptbot)"
74.7.243.240 - - [16/Aug/2026:19:48:57 +0700] "GET /.well-known/pki-validation/file.php?dir=CAAhomeCAAqtdcvxypCAApublic_htmlCAAsmsCAAbackendCAAthemesCAAmaterial_pinkCAAimages&edit=gal1.jpg HTTP/1.1" 200 47074 "https://star4hire.com/.well-known/pki-validation/file.php?dir=CAAhomeCAAqtdcvxypCAApublic_htmlCAAsmsCAAbackendCAAthemesCAAmaterial_pinkCAAimages" "Mozilla/5.0 AppleWebKit/537.36 (KHTML, like Gecko; compatible; GPTBot/1.4; +https://openai.com/gptbot)"
74.7.241.14 - - [16/Aug/2026:19:48:57 +0700] "GET /file.php?dir=CAAusrCAAshareCAAmanCAAman1&edit=ipcrm.1.gz HTTP/1.1" 200 4697 "https://www.star4hire.com/file.php?dir=CAAusrCAAshareCAAmanCAAman1" "Mozilla/5.0 AppleWebKit/537.36 (KHTML, like Gecko; compatible; GPTBot/1.4; +https://openai.com/gptbot)"
74.7.243.240 - - [16/Aug/2026:19:48:58 +0700] "GET /.well-known/pki-validation/file.php?dir=CAAhomeCAAqtdcvxypCAApublic_htmlCAAsmsCAAbackendCAAthemesCAAmaterial_pinkCAAimages&edit=top-banner4.jpg HTTP/1.1" 200 248533 "https://star4hire.com/.well-known/pki-validation/file.php?dir=CAAhomeCAAqtdcvxypCAApublic_htmlCAAsmsCAAbackendCAAthemesCAAmaterial_pinkCAAimages" "Mozilla/5.0 AppleWebKit/537.36 (KHTML, like Gecko; compatible; GPTBot/1.4; +https://openai.com/gptbot)"
74.7.241.14 - - [16/Aug/2026:19:48:58 +0700] "GET /file.php?dir=CAAusrCAAshareCAAmanCAAman8&edit=iftop.8.gz HTTP/1.1" 200 7455 "https://www.star4hire.com/file.php?dir=CAAusrCAAshareCAAmanCAAman8" "Mozilla/5.0 AppleWebKit/537.36 (KHTML, like Gecko; compatible; GPTBot/1.4; +https://openai.com/gptbot)"
74.7.243.240 - - [16/Aug/2026:19:48:59 +0700] "GET /.well-known/pki-validation/file.php?dir=CAAhomeCAAqtdcvxypCAApublic_htmlCAAsmsCAAbackendCAAthemesCAAmaterial_pinkCAAimages&edit=top-banner1.jpg HTTP/1.1" 200 93563 "https://star4hire.com/.well-known/pki-validation/file.php?dir=CAAhomeCAAqtdcvxypCAApublic_htmlCAAsmsCAAbackendCAAthemesCAAmaterial_pinkCAAimages" "Mozilla/5.0 AppleWebKit/537.36 (KHTML, like Gecko; compatible; GPTBot/1.4; +https://openai.com/gptbot)"
74.7.241.14 - - [16/Aug/2026:19:48:59 +0700] "GET /file.php?dir=CAAusrCAAshareCAAmanCAAman1&edit=gzexe.1.gz HTTP/1.1" 200 3818 "https://www.star4hire.com/file.php?dir=CAAusrCAAshareCAAmanCAAman1" "Mozilla/5.0 AppleWebKit/537.36 (KHTML, like Gecko; compatible; GPTBot/1.4; +https://openai.com/gptbot)"
216.73.216.10 - - [16/Aug/2026:19:48:59 +0700] "GET /file.php?dir=CAAsmsCAA_CAAsmart_school_srcCAAapplicationCAAthird_partyCAAmpdfCAAincludes&edit=functions.php HTTP/1.1" 200 4602 "-" "Mozilla/5.0 AppleWebKit/537.36 (KHTML, like Gecko; compatible; ClaudeBot/1.0; +claudebot@anthropic.com)"
74.7.243.240 - - [16/Aug/2026:19:49:00 +0700] "GET /.well-known/pki-validation/file.php?dir=CAAhomeCAAqtdcvxypCAApublic_htmlCAAsmsCAAbackendCAAthemesCAAmaterial_pinkCAAimages&edit=top-banner2.jpg HTTP/1.1" 200 201410 "https://star4hire.com/.well-known/pki-validation/file.php?dir=CAAhomeCAAqtdcvxypCAApublic_htmlCAAsmsCAAbackendCAAthemesCAAmaterial_pinkCAAimages" "Mozilla/5.0 AppleWebKit/537.36 (KHTML, like Gecko; compatible; GPTBot/1.4; +https://openai.com/gptbot)"
74.7.241.14 - - [16/Aug/2026:19:49:00 +0700] "GET /file.php?dir=CAAusrCAAshareCAAmanCAAman1&edit=nohup.1.gz HTTP/1.1" 200 3962 "https://www.star4hire.com/file.php?dir=CAAusrCAAshareCAAmanCAAman1" "Mozilla/5.0 AppleWebKit/537.36 (KHTML, like Gecko; compatible; GPTBot/1.4; +https://openai.com/gptbot)"
74.7.241.14 - - [16/Aug/2026:19:49:00 +0700] "GET /file.php?dir=CAAusrCAAshareCAAmanCAAman1&edit=ca.1ssl.gz HTTP/1.1" 200 12561 "https://www.star4hire.com/file.php?dir=CAAusrCAAshareCAAmanCAAman1" "Mozilla/5.0 AppleWebKit/537.36 (KHTML, like Gecko; compatible; GPTBot/1.4; +https://openai.com/gptbot)"
74.7.243.240 - - [16/Aug/2026:19:49:01 +0700] "GET /.well-known/pki-validation/file.php?dir=CAAhomeCAAqtdcvxypCAApublic_htmlCAAsmsCAAbackendCAAthemesCAAmaterial_pinkCAAimages&edit=top-banner3.jpg HTTP/1.1" 200 214217 "https://star4hire.com/.well-known/pki-validation/file.php?dir=CAAhomeCAAqtdcvxypCAApublic_htmlCAAsmsCAAbackendCAAthemesCAAmaterial_pinkCAAimages" "Mozilla/5.0 AppleWebKit/537.36 (KHTML, like Gecko; compatible; GPTBot/1.4; +https://openai.com/gptbot)"
74.7.241.14 - - [16/Aug/2026:19:49:01 +0700] "GET /file.php?dir=CAAusrCAAshareCAAmysql&edit=mysql_system_tables_data.sql HTTP/1.1" 200 4324 "https://www.star4hire.com/file.php?dir=CAAusrCAAshareCAAmysql" "Mozilla/5.0 AppleWebKit/537.36 (KHTML, like Gecko; compatible; GPTBot/1.4; +https://openai.com/gptbot)"
74.7.243.240 - - [16/Aug/2026:19:49:02 +0700] "GET /.well-known/pki-validation/file.php?dir=CAAhomeCAAqtdcvxypCAApublic_htmlCAAsmsCAAbackendCAAthemesCAAmaterial_pinkCAAimages&edit=11.jpg HTTP/1.1" 200 93063 "https://star4hire.com/.well-known/pki-validation/file.php?dir=CAAhomeCAAqtdcvxypCAApublic_htmlCAAsmsCAAbackendCAAthemesCAAmaterial_pinkCAAimages" "Mozilla/5.0 AppleWebKit/537.36 (KHTML, like Gecko; compatible; GPTBot/1.4; +https://openai.com/gptbot)"
74.7.241.14 - - [16/Aug/2026:19:49:02 +0700] "GET /file.php?dir=CAAvarCAAsoftaculousCAAvtiger72CAAphp82 HTTP/1.1" 200 4514 "https://www.star4hire.com/file.php?dir=CAAvarCAAsoftaculousCAAvtiger72" "Mozilla/5.0 AppleWebKit/537.36 (KHTML, like Gecko; compatible; GPTBot/1.4; +https://openai.com/gptbot)"
74.7.243.240 - - [16/Aug/2026:19:49:03 +0700] "GET /.well-known/pki-validation/file.php?dir=CAAhomeCAAqtdcvxypCAApublic_htmlCAAsmsCAAbackendCAAthemesCAAmaterial_pinkCAAimages&edit=13.jpg HTTP/1.1" 200 34077 "https://star4hire.com/.well-known/pki-validation/file.php?dir=CAAhomeCAAqtdcvxypCAApublic_htmlCAAsmsCAAbackendCAAthemesCAAmaterial_pinkCAAimages" "Mozilla/5.0 AppleWebKit/537.36 (KHTML, like Gecko; compatible; GPTBot/1.4; +https://openai.com/gptbot)"
74.7.241.14 - - [16/Aug/2026:19:49:03 +0700] "GET /file.php?dir=CAAvarCAAsoftaculousCAAvtiger72CAAphp71 HTTP/1.1" 200 4518 "https://www.star4hire.com/file.php?dir=CAAvarCAAsoftaculousCAAvtiger72" "Mozilla/5.0 AppleWebKit/537.36 (KHTML, like Gecko; compatible; GPTBot/1.4; +https://openai.com/gptbot)"
74.7.243.240 - - [16/Aug/2026:19:49:03 +0700] "GET /.well-known/pki-validation/file.php?dir=CAAhomeCAAqtdcvxypCAApublic_htmlCAAsmsCAAbackendCAAthemesCAAmaterial_pinkCAAimages&edit=background-1.jpg HTTP/1.1" 200 147049 "https://star4hire.com/.well-known/pki-validation/file.php?dir=CAAhomeCAAqtdcvxypCAApublic_htmlCAAsmsCAAbackendCAAthemesCAAmaterial_pinkCAAimages" "Mozilla/5.0 AppleWebKit/537.36 (KHTML, like Gecko; compatible; GPTBot/1.4; +https://openai.com/gptbot)"
74.7.241.14 - - [16/Aug/2026:19:49:04 +0700] "GET /file.php?dir=CAAusrCAAlib64CAAperl5&edit=Opcode.pm HTTP/1.1" 200 9531 "https://www.star4hire.com/file.php?dir=CAAusrCAAlib64CAAperl5" "Mozilla/5.0 AppleWebKit/537.36 (KHTML, like Gecko; compatible; GPTBot/1.4; +https://openai.com/gptbot)"
74.7.243.240 - - [16/Aug/2026:19:49:04 +0700] "GET /.well-known/pki-validation/file.php?dir=CAAhomeCAAqtdcvxypCAApublic_htmlCAAsmsCAAbackendCAAthemesCAAmaterial_pinkCAAimages&edit=1.jpg HTTP/1.1" 200 326867 "https://star4hire.com/.well-known/pki-validation/file.php?dir=CAAhomeCAAqtdcvxypCAApublic_htmlCAAsmsCAAbackendCAAthemesCAAmaterial_pinkCAAimages" "Mozilla/5.0 AppleWebKit/537.36 (KHTML, like Gecko; compatible; GPTBot/1.4; +https://openai.com/gptbot)"
74.7.241.14 - - [16/Aug/2026:19:49:05 +0700] "GET /file.php?dir=CAAusrCAAlib64&edit=libkrb5support.so HTTP/1.1" 200 26455 "https://www.star4hire.com/file.php?dir=CAAusrCAAlib64" "Mozilla/5.0 AppleWebKit/537.36 (KHTML, like Gecko; compatible; GPTBot/1.4; +https://openai.com/gptbot)"
74.7.241.14 - - [16/Aug/2026:19:49:06 +0700] "GET /file.php?dir=CAAusrCAAlib64CAAperl5&edit=Config.pm HTTP/1.1" 200 4456 "https://www.star4hire.com/file.php?dir=CAAusrCAAlib64CAAperl5" "Mozilla/5.0 AppleWebKit/537.36 (KHTML, like Gecko; compatible; GPTBot/1.4; +https://openai.com/gptbot)"
74.7.243.240 - - [16/Aug/2026:19:49:06 +0700] "GET /.well-known/pki-validation/file.php?dir=CAAhomeCAAqtdcvxypCAApublic_htmlCAAsmsCAAbackendCAAthemesCAAmaterial_pinkCAAimages&edit=2.jpg HTTP/1.1" 200 74951 "https://star4hire.com/.well-known/pki-validation/file.php?dir=CAAhomeCAAqtdcvxypCAApublic_htmlCAAsmsCAAbackendCAAthemesCAAmaterial_pinkCAAimages" "Mozilla/5.0 AppleWebKit/537.36 (KHTML, like Gecko; compatible; GPTBot/1.4; +https://openai.com/gptbot)"
74.7.241.14 - - [16/Aug/2026:19:49:06 +0700] "GET /file.php?dir=CAAusrCAAlib64CAAperl5&edit=syslog.ph HTTP/1.1" 200 3061 "https://www.star4hire.com/file.php?dir=CAAusrCAAlib64CAAperl5" "Mozilla/5.0 AppleWebKit/537.36 (KHTML, like Gecko; compatible; GPTBot/1.4; +https://openai.com/gptbot)"
74.7.243.240 - - [16/Aug/2026:19:49:07 +0700] "GET /.well-known/pki-validation/file.php?dir=CAAhomeCAAqtdcvxypCAApublic_htmlCAAsmsCAAbackendCAAthemesCAAmaterial_pinkCAAimages&edit=8.jpg HTTP/1.1" 200 135350 "https://star4hire.com/.well-known/pki-validation/file.php?dir=CAAhomeCAAqtdcvxypCAApublic_htmlCAAsmsCAAbackendCAAthemesCAAmaterial_pinkCAAimages" "Mozilla/5.0 AppleWebKit/537.36 (KHTML, like Gecko; compatible; GPTBot/1.4; +https://openai.com/gptbot)"
