85.208.96.204 - - [16/Aug/2026:22:32:55 +0700] "GET /wp-includes/ai-client/file.php?dir=CAAhomeCAAqtdcvxypCAAlscacheCAA5CAAeCAAf HTTP/1.1" 404 277 "-" "Mozilla/5.0 (compatible; SemrushBot/7~bl; +http://www.semrush.com/bot.html)"
216.73.216.10 - - [16/Aug/2026:22:32:56 +0700] "GET /wp-includes/sodium_compat/file.php?dir=CAAlibCAAfirmwareCAAamdgpu&edit=green_sardine_ce.bin HTTP/1.1" 404 212 "-" "Mozilla/5.0 AppleWebKit/537.36 (KHTML, like Gecko; compatible; ClaudeBot/1.0; +claudebot@anthropic.com)"
74.7.241.14 - - [16/Aug/2026:22:33:16 +0700] "GET /harisjr/file.php?dir=CAAhomeCAAqtdcvxypCAARAAspamassassin HTTP/1.1" 200 4474 "https://www.star4hire.com/harisjr/file.php?dir=CAAhomeCAAqtdcvxyp" "Mozilla/5.0 AppleWebKit/537.36 (KHTML, like Gecko; compatible; GPTBot/1.4; +https://openai.com/gptbot)"
216.73.216.10 - - [16/Aug/2026:22:33:18 +0700] "GET /wp-includes/sodium_compat/file.php?dir=CAAusrCAAlib64CAArsyslog&edit=lmnet.so HTTP/1.1" 404 212 "-" "Mozilla/5.0 AppleWebKit/537.36 (KHTML, like Gecko; compatible; ClaudeBot/1.0; +claudebot@anthropic.com)"
202.43.248.178 - - [16/Aug/2026:22:33:21 +0700] "GET / HTTP/1.1" 200 2624 "-" "Uptime-Kuma/1.17.1"
216.73.216.10 - - [16/Aug/2026:22:33:22 +0700] "GET /file.php?dir=CAAsmsCAA_CAAsmart_school_srcCAAapplicationCAAlanguageCAAIndonesian HTTP/1.1" 200 4537 "-" "Mozilla/5.0 AppleWebKit/537.36 (KHTML, like Gecko; compatible; ClaudeBot/1.0; +claudebot@anthropic.com)"
216.73.216.10 - - [16/Aug/2026:22:33:24 +0700] "GET /file.php?action=download&dir=CAAsmsCAA_CAAsmart_school_srcCAAapplicationCAAmodels&file=Session_model.php HTTP/1.1" 200 921 "-" "Mozilla/5.0 AppleWebKit/537.36 (KHTML, like Gecko; compatible; ClaudeBot/1.0; +claudebot@anthropic.com)"
85.208.96.210 - - [16/Aug/2026:22:33:26 +0700] "GET /wp-includes/IXR/file.php?dir=CAAvarCAAsoftaculousCAAcpgCAAimages HTTP/1.1" 404 277 "-" "Mozilla/5.0 (compatible; SemrushBot/7~bl; +http://www.semrush.com/bot.html)"
216.73.216.10 - - [16/Aug/2026:22:33:29 +0700] "GET /file.php?dir=CAAsmsCAAaaCAAapplicationCAAlibrariesCAAPHPMailerCAAlanguage&edit=phpmailer.lang-vi.php HTTP/1.1" 200 3804 "-" "Mozilla/5.0 AppleWebKit/537.36 (KHTML, like Gecko; compatible; ClaudeBot/1.0; +claudebot@anthropic.com)"
216.73.216.10 - - [16/Aug/2026:22:33:34 +0700] "GET /file.php?dir=CAAsmsCAA_CAAsmart_school_srcCAAapplicationCAAthird_partyCAAmpdfCAAttfontdata&edit=dejavusanscondensed.GDEFdata.php HTTP/1.1" 200 7723 "-" "Mozilla/5.0 AppleWebKit/537.36 (KHTML, like Gecko; compatible; ClaudeBot/1.0; +claudebot@anthropic.com)"
216.73.216.10 - - [16/Aug/2026:22:33:39 +0700] "GET /file.php?dir=CAAsmsCAA_CAAsmart_school_srcCAAbackendCAAreport&edit=SourceSansPro-Regular.ttf HTTP/1.1" 200 63227 "-" "Mozilla/5.0 AppleWebKit/537.36 (KHTML, like Gecko; compatible; ClaudeBot/1.0; +claudebot@anthropic.com)"
216.73.216.10 - - [16/Aug/2026:22:33:44 +0700] "GET /file.php?dir=CAAsmsCAA_CAAsmart_school_srcCAAapplicationCAAthird_partyCAAomnipay HTTP/1.1" 200 4249 "-" "Mozilla/5.0 AppleWebKit/537.36 (KHTML, like Gecko; compatible; ClaudeBot/1.0; +claudebot@anthropic.com)"
216.73.216.10 - - [16/Aug/2026:22:33:49 +0700] "GET /file.php?dir=CAAsmsCAA_CAAsmart_school_srcCAAapplicationCAAlanguageCAAGreekCAAapp_files HTTP/1.1" 200 4322 "-" "Mozilla/5.0 AppleWebKit/537.36 (KHTML, like Gecko; compatible; ClaudeBot/1.0; +claudebot@anthropic.com)"
74.7.243.227 - - [16/Aug/2026:22:33:50 +0700] "GET /index.php?dir=CAAoptCAAaltCAAalt-nodejs11CAArootCAAusrCAAlibCAAnode_modulesCAAnpmCAAnode_modulesRAAbundledCAAnpm-packlist&edit=package.json HTTP/1.1" 404 31 "https://mail.star4hire.com/index.php?dir=CAAoptCAAaltCAAalt-nodejs11CAArootCAAusrCAAlibCAAnode_modulesCAAnpmCAAnode_modulesCAAnpm-packlist" "Mozilla/5.0 AppleWebKit/537.36 (KHTML, like Gecko; compatible; GPTBot/1.4; +https://openai.com/gptbot)"
74.7.241.14 - - [16/Aug/2026:22:33:51 +0700] "GET /harisjr/file.php?dir=CAAhomeCAAqtdcvxypCAARAAclRAAselector HTTP/1.1" 200 4512 "https://www.star4hire.com/harisjr/file.php?dir=CAAhomeCAAqtdcvxyp" "Mozilla/5.0 AppleWebKit/537.36 (KHTML, like Gecko; compatible; GPTBot/1.4; +https://openai.com/gptbot)"
216.73.216.10 - - [16/Aug/2026:22:33:54 +0700] "GET /file.php?dir=CAAsmsCAA_CAAsmart_school_srcCAAapplicationCAAthird_partyCAAmpdfCAAmpdfi HTTP/1.1" 200 4604 "-" "Mozilla/5.0 AppleWebKit/537.36 (KHTML, like Gecko; compatible; ClaudeBot/1.0; +claudebot@anthropic.com)"
216.73.216.10 - - [16/Aug/2026:22:33:59 +0700] "GET /file.php?action=download&dir=CAAsmsCAAapplicationCAAmodels&file=Item_model.php HTTP/1.1" 200 1486 "-" "Mozilla/5.0 AppleWebKit/537.36 (KHTML, like Gecko; compatible; ClaudeBot/1.0; +claudebot@anthropic.com)"
185.191.171.13 - - [16/Aug/2026:22:33:59 +0700] "GET /wp-includes/fonts/file.php?dir=CAAusrCAAlib64CAApython2RAA7CAADemoCAAcgi HTTP/1.1" 404 277 "-" "Mozilla/5.0 (compatible; SemrushBot/7~bl; +http://www.semrush.com/bot.html)"
85.208.96.210 - - [16/Aug/2026:22:34:02 +0700] "GET /wp-includes/fonts/file.php?dir=CAAusrCAAshareCAAlocaleCAAkm HTTP/1.1" 404 277 "-" "Mozilla/5.0 (compatible; SemrushBot/7~bl; +http://www.semrush.com/bot.html)"
216.73.216.10 - - [16/Aug/2026:22:34:04 +0700] "GET /file.php?dir=CAAsmsCAAbackendCAApluginsCAAselect2CAAi18n&edit=sv.js HTTP/1.1" 200 3448 "-" "Mozilla/5.0 AppleWebKit/537.36 (KHTML, like Gecko; compatible; ClaudeBot/1.0; +claudebot@anthropic.com)"
185.191.171.2 - - [16/Aug/2026:22:34:07 +0700] "GET /wp-includes/sodium_compat/file.php?dir=CAAusrCAAlibCAAfirmwareCAAti-keystone HTTP/1.1" 404 277 "-" "Mozilla/5.0 (compatible; SemrushBot/7~bl; +http://www.semrush.com/bot.html)"
216.73.216.10 - - [16/Aug/2026:22:34:09 +0700] "GET /file.php?dir=CAAsmsCAAaaCAAapplicationCAAlibrariesCAAPHPMailerCAAlanguage&edit=phpmailer.lang-el.php HTTP/1.1" 200 3978 "-" "Mozilla/5.0 AppleWebKit/537.36 (KHTML, like Gecko; compatible; ClaudeBot/1.0; +claudebot@anthropic.com)"
85.208.96.212 - - [16/Aug/2026:22:34:10 +0700] "GET /wp-includes/php-ai-client/file.php?dir=CAAusrCAAshareCAAlocaleCAAhmn HTTP/1.1" 404 277 "-" "Mozilla/5.0 (compatible; SemrushBot/7~bl; +http://www.semrush.com/bot.html)"
216.73.216.10 - - [16/Aug/2026:22:34:14 +0700] "GET /file.php?dir=CAAsmsCAA_CAAsmart_school_srcCAAapplicationCAAviewsCAAreports&edit=examinations.php HTTP/1.1" 200 3282 "-" "Mozilla/5.0 AppleWebKit/537.36 (KHTML, like Gecko; compatible; ClaudeBot/1.0; +claudebot@anthropic.com)"
216.73.216.10 - - [16/Aug/2026:22:34:19 +0700] "GET /file.php?dir=CAAsmsCAA_CAAsmart_school_srcCAAapplicationCAAlanguageCAALithuanian&edit=db_lang.php HTTP/1.1" 200 4709 "-" "Mozilla/5.0 AppleWebKit/537.36 (KHTML, like Gecko; compatible; ClaudeBot/1.0; +claudebot@anthropic.com)"
202.43.248.178 - - [16/Aug/2026:22:34:21 +0700] "GET / HTTP/1.1" 200 2624 "-" "Uptime-Kuma/1.17.1"
74.7.241.14 - - [16/Aug/2026:22:34:21 +0700] "GET /harisjr/file.php?dir=CAAhomeCAAqtdcvxypCAARAAsubaccounts HTTP/1.1" 200 4327 "https://www.star4hire.com/harisjr/file.php?dir=CAAhomeCAAqtdcvxyp" "Mozilla/5.0 AppleWebKit/537.36 (KHTML, like Gecko; compatible; GPTBot/1.4; +https://openai.com/gptbot)"
185.191.171.9 - - [16/Aug/2026:22:34:23 +0700] "GET /wp-includes/php-ai-client/file.php?dir=CAAusrCAAshareCAAlocaleCAAbinCAALC_MESSAGES HTTP/1.1" 404 277 "-" "Mozilla/5.0 (compatible; SemrushBot/7~bl; +http://www.semrush.com/bot.html)"
216.73.216.10 - - [16/Aug/2026:22:34:24 +0700] "GET /file.php?dir=CAAsmsCAA_CAAsmart_school_srcCAAapplicationCAAviewsCAAreports&edit=biometric_attlog.php HTTP/1.1" 200 4691 "-" "Mozilla/5.0 AppleWebKit/537.36 (KHTML, like Gecko; compatible; ClaudeBot/1.0; +claudebot@anthropic.com)"
216.73.216.10 - - [16/Aug/2026:22:34:29 +0700] "GET /file.php?dir=CAAsmsCAAapplicationCAAviewsCAAthemesCAAyellowCAApages&edit=read.php HTTP/1.1" 200 3549 "-" "Mozilla/5.0 AppleWebKit/537.36 (KHTML, like Gecko; compatible; ClaudeBot/1.0; +claudebot@anthropic.com)"
185.191.171.5 - - [16/Aug/2026:22:34:31 +0700] "GET /wp-includes/IXR/file.php?dir=CAAvarCAAsoftaculousCAAmoodle29CAAlanguages HTTP/1.1" 404 277 "-" "Mozilla/5.0 (compatible; SemrushBot/7~bl; +http://www.semrush.com/bot.html)"
85.208.96.197 - - [16/Aug/2026:22:34:36 +0700] "GET /wp-includes/css/file.php?dir=CAAusrCAAshareCAAlocaleCAAbrCAALC_MESSAGES HTTP/1.1" 404 277 "-" "Mozilla/5.0 (compatible; SemrushBot/7~bl; +http://www.semrush.com/bot.html)"
74.7.243.240 - - [16/Aug/2026:22:34:44 +0700] "GET /.well-known/pki-validation/file.php?action=download&dir=CAAhomeCAAqtdcvxypCAAmailCAAnew&file=1779892410.M954599P2233590.iix3001.idcloudhost.com%2CS%3D62159%2CW%3D63546 HTTP/1.1" 200 9023 "https://star4hire.com/.well-known/pki-validation/file.php?dir=CAAhomeCAAqtdcvxypCAAmailCAAnew" "Mozilla/5.0 AppleWebKit/537.36 (KHTML, like Gecko; compatible; GPTBot/1.4; +https://openai.com/gptbot)"
74.7.241.14 - - [16/Aug/2026:22:34:48 +0700] "GET /harisjr/file.php?dir=CAAhomeCAAqtdcvxypCAARAAsoftaculous HTTP/1.1" 200 5127 "https://www.star4hire.com/harisjr/file.php?dir=CAAhomeCAAqtdcvxyp" "Mozilla/5.0 AppleWebKit/537.36 (KHTML, like Gecko; compatible; GPTBot/1.4; +https://openai.com/gptbot)"
185.191.171.3 - - [16/Aug/2026:22:34:49 +0700] "GET /wp-includes/assets/file.php?dir=CAAvarCAArun HTTP/1.1" 404 277 "-" "Mozilla/5.0 (compatible; SemrushBot/7~bl; +http://www.semrush.com/bot.html)"
74.7.243.227 - - [16/Aug/2026:22:34:52 +0700] "GET /index.php?dir=CAAoptCAAaltCAAalt-nodejs22CAArootCAAusrCAAlibCAAnode_modulesCAAnpmCAAnode_modulesRAAbundledCAAsafer-buffer&edit=package.json HTTP/1.1" 404 31 "https://mail.star4hire.com/index.php?dir=CAAoptCAAaltCAAalt-nodejs22CAArootCAAusrCAAlibCAAnode_modulesCAAnpmCAAnode_modulesRAAbundledCAAsafer-buffer" "Mozilla/5.0 AppleWebKit/537.36 (KHTML, like Gecko; compatible; GPTBot/1.4; +https://openai.com/gptbot)"
216.244.66.202 - - [16/Aug/2026:22:34:52 +0700] "GET /robots.txt HTTP/1.1" 200 70 "-" "Mozilla/5.0 (compatible; DotBot/1.2; +https://opensiteexplorer.org/dotbot; help@moz.com)"
185.191.171.1 - - [16/Aug/2026:22:35:03 +0700] "GET /wp-includes/ai-client/file.php?dir=CAAusrCAAlibCAARAAbuild-idCAAa1 HTTP/1.1" 404 277 "-" "Mozilla/5.0 (compatible; SemrushBot/7~bl; +http://www.semrush.com/bot.html)"
74.7.241.14 - - [16/Aug/2026:22:35:11 +0700] "GET /harisjr/file.php?dir=CAAhomeCAAqtdcvxypCAARAAhtpasswds HTTP/1.1" 200 4216 "https://www.star4hire.com/harisjr/file.php?dir=CAAhomeCAAqtdcvxyp" "Mozilla/5.0 AppleWebKit/537.36 (KHTML, like Gecko; compatible; GPTBot/1.4; +https://openai.com/gptbot)"
74.7.243.240 - - [16/Aug/2026:22:35:11 +0700] "GET /.well-known/pki-validation/file.php?action=download&dir=CAAhomeCAAqtdcvxypCAAmailCAAnew&file=1782138609.M308805P2069459.iix3001.idcloudhost.com%2CS%3D11995%2CW%3D12165 HTTP/1.1" 200 4173 "https://star4hire.com/.well-known/pki-validation/file.php?dir=CAAhomeCAAqtdcvxypCAAmailCAAnew" "Mozilla/5.0 AppleWebKit/537.36 (KHTML, like Gecko; compatible; GPTBot/1.4; +https://openai.com/gptbot)"
202.43.248.178 - - [16/Aug/2026:22:35:21 +0700] "GET / HTTP/1.1" 200 2624 "-" "Uptime-Kuma/1.17.1"
85.208.96.208 - - [16/Aug/2026:22:35:27 +0700] "GET /wp-includes/abilities-api/file.php?dir=CAAusrCAAlibCAAfirmwareCAAnvidiaCAAtu104CAAgr HTTP/1.1" 404 277 "-" "Mozilla/5.0 (compatible; SemrushBot/7~bl; +http://www.semrush.com/bot.html)"
74.7.243.240 - - [16/Aug/2026:22:35:29 +0700] "GET /.well-known/pki-validation/3D%22https:/u22903108.ct.sendgrid.net/wf/open= HTTP/1.1" 404 212 "https://star4hire.com/.well-known/pki-validation/file.php?action=download&dir=CAAhomeCAAqtdcvxypCAAmailCAAnew&file=1765342257.M470714P3273410.iix3001.idcloudhost.com%2CS%3D36837%2CW%3D37489" "Mozilla/5.0 AppleWebKit/537.36 (KHTML, like Gecko; compatible; GPTBot/1.4; +https://openai.com/gptbot)"
74.7.241.14 - - [16/Aug/2026:22:35:33 +0700] "GET /harisjr/file.php?dir=CAAhomeCAAqtdcvxypCAAsoftaculous_backups HTTP/1.1" 200 4706 "https://www.star4hire.com/harisjr/file.php?dir=CAAhomeCAAqtdcvxyp" "Mozilla/5.0 AppleWebKit/537.36 (KHTML, like Gecko; compatible; GPTBot/1.4; +https://openai.com/gptbot)"
74.7.241.14 - - [16/Aug/2026:22:35:53 +0700] "GET /harisjr/file.php?dir=CAAhomeCAAqtdcvxypCAAwww HTTP/1.1" 200 5210 "https://www.star4hire.com/harisjr/file.php?dir=CAAhomeCAAqtdcvxyp" "Mozilla/5.0 AppleWebKit/537.36 (KHTML, like Gecko; compatible; GPTBot/1.4; +https://openai.com/gptbot)"
74.7.243.227 - - [16/Aug/2026:22:35:56 +0700] "GET /index.php?dir=CAAoptCAAaltCAApython-internalCAAlib64CAApython3RAA11CAA__pycache__&edit=_osx_support.cpython-311.pyc HTTP/1.1" 404 31 "https://mail.star4hire.com/index.php?dir=CAAoptCAAaltCAApython-internalCAAlib64CAApython3RAA11CAA__pycache__" "Mozilla/5.0 AppleWebKit/537.36 (KHTML, like Gecko; compatible; GPTBot/1.4; +https://openai.com/gptbot)"
185.191.171.5 - - [16/Aug/2026:22:35:57 +0700] "GET /wp-includes/fonts/file.php?dir=CAAusrCAAlib64CAAfipscheck HTTP/1.1" 404 277 "-" "Mozilla/5.0 (compatible; SemrushBot/7~bl; +http://www.semrush.com/bot.html)"
85.208.96.193 - - [16/Aug/2026:22:36:00 +0700] "GET /wp-includes/IXR/file.php?dir=CAAvarCAAsoftaculousCAAreaderselfCAAimages HTTP/1.1" 404 277 "-" "Mozilla/5.0 (compatible; SemrushBot/7~bl; +http://www.semrush.com/bot.html)"
85.208.96.194 - - [16/Aug/2026:22:36:06 +0700] "GET /wp-includes/widgets/file.php?dir=CAAusrCAAlibCAAfirmwareCAAath11kCAAQCA6390 HTTP/1.1" 404 277 "-" "Mozilla/5.0 (compatible; SemrushBot/7~bl; +http://www.semrush.com/bot.html)"
74.7.243.240 - - [16/Aug/2026:22:36:08 +0700] "GET /.well-known/pki-validation/3D%22https:/wpdeveloper.us1= HTTP/1.1" 404 212 "https://star4hire.com/.well-known/pki-validation/file.php?action=download&dir=CAAhomeCAAqtdcvxypCAAmailCAAnew&file=1742494565.M915172P3684753.iix3001.idcloudhost.com%2CS%3D74410%2CW%3D76056" "Mozilla/5.0 AppleWebKit/537.36 (KHTML, like Gecko; compatible; GPTBot/1.4; +https://openai.com/gptbot)"
74.7.241.14 - - [16/Aug/2026:22:36:12 +0700] "GET /file.php?dir=CAAhomeCAAqtdcvxypCAAcareerusaRAAstar4hireRAAcomCAAwp-content HTTP/1.1" 200 5219 "https://www.star4hire.com/file.php?dir=CAAhomeCAAqtdcvxypCAAcareerusaRAAstar4hireRAAcom" "Mozilla/5.0 AppleWebKit/537.36 (KHTML, like Gecko; compatible; GPTBot/1.4; +https://openai.com/gptbot)"
202.43.248.178 - - [16/Aug/2026:22:36:21 +0700] "GET / HTTP/1.1" 200 2624 "-" "Uptime-Kuma/1.17.1"
185.191.171.17 - - [16/Aug/2026:22:36:22 +0700] "GET /wp-includes/sodium_compat/file.php?dir=CAAvarCAAsoftaculousCAAleptonCAAphp71 HTTP/1.1" 404 277 "-" "Mozilla/5.0 (compatible; SemrushBot/7~bl; +http://www.semrush.com/bot.html)"
74.7.243.240 - - [16/Aug/2026:22:36:27 +0700] "GET /.well-known/pki-validation/-color: HTTP/1.1" 404 212 "https://star4hire.com/.well-known/pki-validation/file.php?action=download&dir=CAAhomeCAAqtdcvxypCAAmailCAAnew&file=1765342257.M470714P3273410.iix3001.idcloudhost.com%2CS%3D36837%2CW%3D37489" "Mozilla/5.0 AppleWebKit/537.36 (KHTML, like Gecko; compatible; GPTBot/1.4; +https://openai.com/gptbot)"
74.7.241.14 - - [16/Aug/2026:22:36:27 +0700] "GET /file.php?dir=CAAhomeCAAqtdcvxypCAAdreamleapRAAstar4hireRAAcomCAAwp-admin&edit=user-edit.php HTTP/1.1" 200 13250 "https://www.star4hire.com/file.php?dir=CAAhomeCAAqtdcvxypCAAdreamleapRAAstar4hireRAAcomCAAwp-admin" "Mozilla/5.0 AppleWebKit/537.36 (KHTML, like Gecko; compatible; GPTBot/1.4; +https://openai.com/gptbot)"
185.191.171.16 - - [16/Aug/2026:22:36:40 +0700] "GET /wp-includes/js/file.php?dir=CAAusrCAAshareCAAcmakeCAAHelpCAAenvvar HTTP/1.1" 404 277 "-" "Mozilla/5.0 (compatible; SemrushBot/7~bl; +http://www.semrush.com/bot.html)"
74.7.241.14 - - [16/Aug/2026:22:36:42 +0700] "GET /file.php?dir=CAAhomeCAAqtdcvxypCAAcareerusaRAAstar4hireRAAcomCAAwp-admin&edit=user-new.php HTTP/1.1" 200 9552 "https://www.star4hire.com/file.php?dir=CAAhomeCAAqtdcvxypCAAcareerusaRAAstar4hireRAAcomCAAwp-admin" "Mozilla/5.0 AppleWebKit/537.36 (KHTML, like Gecko; compatible; GPTBot/1.4; +https://openai.com/gptbot)"
85.208.96.210 - - [16/Aug/2026:22:36:44 +0700] "GET /.well-known/file.php?dir=CAAusrCAAshareCAAi18nCAAlocales&edit=en_AU HTTP/1.1" 200 4755 "-" "Mozilla/5.0 (compatible; SemrushBot/7~bl; +http://www.semrush.com/bot.html)"
74.7.243.240 - - [16/Aug/2026:22:36:46 +0700] "GET /.well-known/pki-validation/3D%22https:/mcusercontent.com/a42732= HTTP/1.1" 404 212 "https://star4hire.com/.well-known/pki-validation/file.php?action=download&dir=CAAhomeCAAqtdcvxypCAAmailCAAnew&file=1775748463.M164068P1409371.iix3001.idcloudhost.com%2CS%3D67119%2CW%3D68632" "Mozilla/5.0 AppleWebKit/537.36 (KHTML, like Gecko; compatible; GPTBot/1.4; +https://openai.com/gptbot)"
185.191.171.4 - - [16/Aug/2026:22:36:51 +0700] "GET /wp-includes/ID3/file.php?dir=CAAvarCAAsoftaculousCAAjcowCAAphp53 HTTP/1.1" 404 277 "-" "Mozilla/5.0 (compatible; SemrushBot/7~bl; +http://www.semrush.com/bot.html)"
185.191.171.2 - - [16/Aug/2026:22:36:55 +0700] "GET /wp-includes/html-api/file.php?dir=CAAusrCAAlibCAAfirmwareCAAsdca HTTP/1.1" 404 277 "-" "Mozilla/5.0 (compatible; SemrushBot/7~bl; +http://www.semrush.com/bot.html)"
74.7.241.14 - - [16/Aug/2026:22:36:55 +0700] "GET /file.php?dir=CAAhomeCAAqtdcvxypCAAcareerusaRAAstar4hireRAAcomCAAwp-admin&edit=user-edit.php HTTP/1.1" 200 13249 "https://www.star4hire.com/file.php?dir=CAAhomeCAAqtdcvxypCAAcareerusaRAAstar4hireRAAcomCAAwp-admin" "Mozilla/5.0 AppleWebKit/537.36 (KHTML, like Gecko; compatible; GPTBot/1.4; +https://openai.com/gptbot)"
74.7.243.227 - - [16/Aug/2026:22:37:02 +0700] "GET /index.php?dir=CAAoptCAAaltCAApython-internalCAAlib64CAApython3RAA11CAA__pycache__&edit=_aix_support.cpython-311.pyc HTTP/1.1" 404 31 "https://mail.star4hire.com/index.php?dir=CAAoptCAAaltCAApython-internalCAAlib64CAApython3RAA11CAA__pycache__" "Mozilla/5.0 AppleWebKit/537.36 (KHTML, like Gecko; compatible; GPTBot/1.4; +https://openai.com/gptbot)"
74.7.241.14 - - [16/Aug/2026:22:37:06 +0700] "GET /file.php?dir=CAAhomeCAAqtdcvxypCAAdreamleapRAAstar4hireRAAcomCAAwp-admin&edit=user-new.php HTTP/1.1" 200 9553 "https://www.star4hire.com/file.php?dir=CAAhomeCAAqtdcvxypCAAdreamleapRAAstar4hireRAAcomCAAwp-admin" "Mozilla/5.0 AppleWebKit/537.36 (KHTML, like Gecko; compatible; GPTBot/1.4; +https://openai.com/gptbot)"
74.7.243.240 - - [16/Aug/2026:22:37:07 +0700] "GET /.well-known/pki-validation/3D%22https:/mcusercontent.com/a427328= HTTP/1.1" 404 212 "https://star4hire.com/.well-known/pki-validation/file.php?action=download&dir=CAAhomeCAAqtdcvxypCAAmailCAAnew&file=1775748463.M164068P1409371.iix3001.idcloudhost.com%2CS%3D67119%2CW%3D68632" "Mozilla/5.0 AppleWebKit/537.36 (KHTML, like Gecko; compatible; GPTBot/1.4; +https://openai.com/gptbot)"
185.191.171.12 - - [16/Aug/2026:22:37:10 +0700] "GET /wp-includes/l10n/file.php?dir=CAAusrCAAshareCAAlocaleCAAnziCAALC_MESSAGES HTTP/1.1" 404 277 "-" "Mozilla/5.0 (compatible; SemrushBot/7~bl; +http://www.semrush.com/bot.html)"
202.43.248.178 - - [16/Aug/2026:22:37:21 +0700] "GET / HTTP/1.1" 200 2624 "-" "Uptime-Kuma/1.17.1"
74.7.243.240 - - [16/Aug/2026:22:37:26 +0700] "GET /.well-known/pki-validation/=3D%22https:/mcusercontent.com/a427328bc9fc2657270f66f87/images/1d6902b1-3c= HTTP/1.1" 429 267 "https://star4hire.com/.well-known/pki-validation/file.php?action=download&dir=CAAhomeCAAqtdcvxypCAAmailCAAnew&file=1751299689.M167750P2500459.iix3001.idcloudhost.com%2CS%3D70400%2CW%3D71959" "Mozilla/5.0 AppleWebKit/537.36 (KHTML, like Gecko; compatible; GPTBot/1.4; +https://openai.com/gptbot)"
185.191.171.1 - - [16/Aug/2026:22:37:27 +0700] "GET /wp-includes/block-supports/file.php?dir=CAAvarCAAsoftaculousCAAcmsimpleCAAphp53 HTTP/1.1" 404 277 "-" "Mozilla/5.0 (compatible; SemrushBot/7~bl; +http://www.semrush.com/bot.html)"
74.7.241.14 - - [16/Aug/2026:22:37:48 +0700] "GET /file.php?dir=CAAhomeCAAqtdcvxypCAAcareerusaRAAstar4hireRAAcomCAAwp-admin&edit=edit-form-comment.php HTTP/1.1" 429 267 "https://www.star4hire.com/file.php?dir=CAAhomeCAAqtdcvxypCAAcareerusaRAAstar4hireRAAcomCAAwp-admin" "Mozilla/5.0 AppleWebKit/537.36 (KHTML, like Gecko; compatible; GPTBot/1.4; +https://openai.com/gptbot)"
74.7.241.14 - - [16/Aug/2026:22:37:51 +0700] "GET /file.php?dir=CAAhomeCAAqtdcvxypCAAdreamleapRAAstar4hireRAAcomCAAwp-admin&edit=edit-form-comment.php HTTP/1.1" 200 0 "https://www.star4hire.com/file.php?dir=CAAhomeCAAqtdcvxypCAAdreamleapRAAstar4hireRAAcomCAAwp-admin" "Mozilla/5.0 AppleWebKit/537.36 (KHTML, like Gecko; compatible; GPTBot/1.4; +https://openai.com/gptbot)"
216.73.216.10 - - [16/Aug/2026:22:37:51 +0700] "GET /file.php?dir=CAAsmsCAAapplicationCAAthird_partyCAAomnipayCAAvendorCAAphp-httpCAApromiseCAARAAgitCAArefs HTTP/1.1" 200 4408 "-" "Mozilla/5.0 AppleWebKit/537.36 (KHTML, like Gecko; compatible; ClaudeBot/1.0; +claudebot@anthropic.com)"
216.73.216.10 - - [16/Aug/2026:22:37:51 +0700] "GET /file.php?dir=CAAsmsCAAsystemCAAlanguageCAAjapanese&edit=upload_lang.php HTTP/1.1" 200 3895 "-" "Mozilla/5.0 AppleWebKit/537.36 (KHTML, like Gecko; compatible; ClaudeBot/1.0; +claudebot@anthropic.com)"
216.73.216.10 - - [16/Aug/2026:22:37:52 +0700] "GET /file.php?dir=CAAsmsCAAaaCAAbackendCAApluginsCAAiCheckCAAflat&edit=yellow.png HTTP/1.1" 200 4558 "-" "Mozilla/5.0 AppleWebKit/537.36 (KHTML, like Gecko; compatible; ClaudeBot/1.0; +claudebot@anthropic.com)"
216.73.216.10 - - [16/Aug/2026:22:37:52 +0700] "GET /file.php?dir=CAAsmsCAAapplicationCAAthird_partyCAAomnipayCAAvendorCAAphp-httpCAAmessage-factoryCAARAAgitCAAhooks&edit=update.sample HTTP/1.1" 200 4322 "-" "Mozilla/5.0 AppleWebKit/537.36 (KHTML, like Gecko; compatible; ClaudeBot/1.0; +claudebot@anthropic.com)"
185.191.171.11 - - [16/Aug/2026:22:37:58 +0700] "GET /wp-includes/customize/file.php?dir=CAAvarCAAsoftaculousCAAshopwareCAAphp71 HTTP/1.1" 404 277 "-" "Mozilla/5.0 (compatible; SemrushBot/7~bl; +http://www.semrush.com/bot.html)"
74.7.243.227 - - [16/Aug/2026:22:38:02 +0700] "GET /index.php?action=download&dir=CAAhomeCAAqtdcvxypCAAcsrRAAstar4hireRAAcomCAAwp-contentCAApluginsCAAjs_composerCAAassetsCAAlessCAAparamsCAAvc_grid_itemCAAshortcodes&file=vc_gitem_gitem_zone_height_mode.less HTTP/1.1" 404 31 "https://mail.star4hire.com/index.php?dir=CAAhomeCAAqtdcvxypCAAcsrRAAstar4hireRAAcomCAAwp-contentCAApluginsCAAjs_composerCAAassetsCAAlessCAAparamsCAAvc_grid_itemCAAshortcodes" "Mozilla/5.0 AppleWebKit/537.36 (KHTML, like Gecko; compatible; GPTBot/1.4; +https://openai.com/gptbot)"
185.191.171.11 - - [16/Aug/2026:22:38:11 +0700] "GET /wp-includes/ID3/file.php?dir=CAAusrCAAshareCAAlocaleCAAbejCAALC_MESSAGES HTTP/1.1" 404 277 "-" "Mozilla/5.0 (compatible; SemrushBot/7~bl; +http://www.semrush.com/bot.html)"
185.191.171.9 - - [16/Aug/2026:22:38:14 +0700] "GET /wp-includes/interactivity-api/file.php?dir=CAAusrCAAshareCAAcmakeCAAHelpCAAmodule HTTP/1.1" 404 277 "-" "Mozilla/5.0 (compatible; SemrushBot/7~bl; +http://www.semrush.com/bot.html)"
74.7.241.14 - - [16/Aug/2026:22:38:15 +0700] "GET /file.php?dir=CAAhomeCAAqtdcvxypCAAdreamleapRAAstar4hireRAAcomCAAwp-admin&edit=comment.php HTTP/1.1" 200 6295 "https://www.star4hire.com/file.php?dir=CAAhomeCAAqtdcvxypCAAdreamleapRAAstar4hireRAAcomCAAwp-admin" "Mozilla/5.0 AppleWebKit/537.36 (KHTML, like Gecko; compatible; GPTBot/1.4; +https://openai.com/gptbot)"
202.43.248.178 - - [16/Aug/2026:22:38:21 +0700] "GET / HTTP/1.1" 200 2624 "-" "Uptime-Kuma/1.17.1"
185.191.171.15 - - [16/Aug/2026:22:38:30 +0700] "GET /wp-includes/PHPMailer/file.php?dir=CAAhomeCAAqtdcvxypCAAlscacheCAAbCAA0CAAd HTTP/1.1" 404 277 "-" "Mozilla/5.0 (compatible; SemrushBot/7~bl; +http://www.semrush.com/bot.html)"
185.191.171.5 - - [16/Aug/2026:22:38:43 +0700] "GET /wp-includes/customize/file.php?dir=CAAvarCAAsoftaculousCAAprecurioCAAphp56 HTTP/1.1" 404 277 "-" "Mozilla/5.0 (compatible; SemrushBot/7~bl; +http://www.semrush.com/bot.html)"
185.191.171.12 - - [16/Aug/2026:22:38:47 +0700] "GET /wp-includes/ID3/file.php?dir=CAAhomeCAAqtdcvxypCAAlscacheCAA7CAAaCAA6 HTTP/1.1" 404 277 "-" "Mozilla/5.0 (compatible; SemrushBot/7~bl; +http://www.semrush.com/bot.html)"
185.191.171.19 - - [16/Aug/2026:22:38:52 +0700] "GET /wp-includes/assets/file.php?dir=CAAusrCAAlib64CAApython2RAA7CAAhotshot HTTP/1.1" 404 277 "-" "Mozilla/5.0 (compatible; SemrushBot/7~bl; +http://www.semrush.com/bot.html)"
85.208.96.206 - - [16/Aug/2026:22:38:57 +0700] "GET /wp-includes/IXR/file.php?dir=CAAvarCAAsoftaculousCAAlepton HTTP/1.1" 404 277 "-" "Mozilla/5.0 (compatible; SemrushBot/7~bl; +http://www.semrush.com/bot.html)"
74.7.243.227 - - [16/Aug/2026:22:39:04 +0700] "GET /index.php?action=download&dir=CAAhomeCAAqtdcvxypCAAcareerusaRAAstar4hireRAAcomCAAwp-contentCAApluginsCAAessential-addons-for-elementor-liteCAAassetsCAAfront-endCAAjsCAAview&file=beehive-elements.min.js HTTP/1.1" 404 31 "https://mail.star4hire.com/index.php?dir=CAAhomeCAAqtdcvxypCAAcareerusaRAAstar4hireRAAcomCAAwp-contentCAApluginsCAAessential-addons-for-elementor-liteCAAassetsCAAfront-endCAAjsCAAview" "Mozilla/5.0 AppleWebKit/537.36 (KHTML, like Gecko; compatible; GPTBot/1.4; +https://openai.com/gptbot)"
185.191.171.4 - - [16/Aug/2026:22:39:08 +0700] "GET /wp-includes/file.php?dir=CAAusrCAAlib64CAApython2RAA7&edit=ntpath.pyo HTTP/1.1" 404 277 "-" "Mozilla/5.0 (compatible; SemrushBot/7~bl; +http://www.semrush.com/bot.html)"
216.73.216.10 - - [16/Aug/2026:22:39:14 +0700] "GET /wp-includes/sodium_compat/file.php?action=download&dir=CAAusrCAAlib64CAApython2RAA7CAAunittest&file=main.pyc HTTP/1.1" 404 212 "-" "Mozilla/5.0 AppleWebKit/537.36 (KHTML, like Gecko; compatible; ClaudeBot/1.0; +claudebot@anthropic.com)"
216.73.216.10 - - [16/Aug/2026:22:39:14 +0700] "GET /wp-includes/sodium_compat/file.php?dir=CAAlibCAAfirmwareCAAmediatek&edit=mt7981_eeprom_mt7976_dbdc.bin HTTP/1.1" 404 212 "-" "Mozilla/5.0 AppleWebKit/537.36 (KHTML, like Gecko; compatible; ClaudeBot/1.0; +claudebot@anthropic.com)"
216.73.216.10 - - [16/Aug/2026:22:39:15 +0700] "GET /wp-includes/images/file.php?dir=CAAicon-library&edit=flip-vertical.svg HTTP/1.1" 404 212 "-" "Mozilla/5.0 AppleWebKit/537.36 (KHTML, like Gecko; compatible; ClaudeBot/1.0; +claudebot@anthropic.com)"
216.73.216.10 - - [16/Aug/2026:22:39:15 +0700] "GET /wp-includes/sodium_compat/file.php?action=download&dir=CAAvarCAAsoftaculousCAAwebcollabCAAphp82&file=import.php HTTP/1.1" 404 212 "-" "Mozilla/5.0 AppleWebKit/537.36 (KHTML, like Gecko; compatible; ClaudeBot/1.0; +claudebot@anthropic.com)"
216.73.216.10 - - [16/Aug/2026:22:39:16 +0700] "GET /wp-includes/file.php?action=download&dir=CAAcssCAAdistCAAblock-library&file=style.min.css HTTP/1.1" 404 212 "-" "Mozilla/5.0 AppleWebKit/537.36 (KHTML, like Gecko; compatible; ClaudeBot/1.0; +claudebot@anthropic.com)"
216.73.216.10 - - [16/Aug/2026:22:39:16 +0700] "GET /wp-includes/sodium_compat/file.php?dir=CAAlibCAAsystemdCAAsystem&edit=systemd-localed.service HTTP/1.1" 404 212 "-" "Mozilla/5.0 AppleWebKit/537.36 (KHTML, like Gecko; compatible; ClaudeBot/1.0; +claudebot@anthropic.com)"
216.73.216.10 - - [16/Aug/2026:22:39:17 +0700] "GET /wp-includes/sodium_compat/file.php?action=download&dir=CAAusrCAAlib64CAApython2RAA7CAAlib2to3CAApgen2&file=parse.pyo HTTP/1.1" 404 212 "-" "Mozilla/5.0 AppleWebKit/537.36 (KHTML, like Gecko; compatible; ClaudeBot/1.0; +claudebot@anthropic.com)"
216.73.216.10 - - [16/Aug/2026:22:39:17 +0700] "GET /wp-includes/sodium_compat/file.php?dir=CAAlibCAAnode_modulesCAAnpmCAAnode_modulesCAAmkdirp&edit=LICENSE HTTP/1.1" 404 212 "-" "Mozilla/5.0 AppleWebKit/537.36 (KHTML, like Gecko; compatible; ClaudeBot/1.0; +claudebot@anthropic.com)"
74.7.241.14 - - [16/Aug/2026:22:39:17 +0700] "GET /file.php?dir=CAAhomeCAAqtdcvxypCAAcareerusaRAAstar4hireRAAcomCAAwp-admin&edit=comment.php HTTP/1.1" 200 6296 "https://www.star4hire.com/file.php?dir=CAAhomeCAAqtdcvxypCAAcareerusaRAAstar4hireRAAcomCAAwp-admin" "Mozilla/5.0 AppleWebKit/537.36 (KHTML, like Gecko; compatible; GPTBot/1.4; +https://openai.com/gptbot)"
216.73.216.10 - - [16/Aug/2026:22:39:18 +0700] "GET /wp-includes/sodium_compat/file.php?dir=CAAusrCAAshareCAAmanCAAman3&edit=BIO_ctrl_pending.3ssl.gz HTTP/1.1" 404 212 "-" "Mozilla/5.0 AppleWebKit/537.36 (KHTML, like Gecko; compatible; ClaudeBot/1.0; +claudebot@anthropic.com)"
216.73.216.10 - - [16/Aug/2026:22:39:18 +0700] "GET /wp-includes/sodium_compat/file.php?action=download&dir=CAAlibCAApython2RAA7CAAsite-packagesCAApipCAAvcs&file=git.pyo HTTP/1.1" 404 212 "-" "Mozilla/5.0 AppleWebKit/537.36 (KHTML, like Gecko; compatible; ClaudeBot/1.0; +claudebot@anthropic.com)"
216.73.216.10 - - [16/Aug/2026:22:39:19 +0700] "GET /wp-includes/sodium_compat/file.php?action=download&dir=CAAlibCAAnode_modulesCAAnpmCAAnode_modulesCAAbuffer-from&file=index.js HTTP/1.1" 404 212 "-" "Mozilla/5.0 AppleWebKit/537.36 (KHTML, like Gecko; compatible; ClaudeBot/1.0; +claudebot@anthropic.com)"
216.73.216.10 - - [16/Aug/2026:22:39:19 +0700] "GET /wp-includes/sodium_compat/file.php?action=download&dir=CAAlibCAAnode_modulesCAAnpmCAAnode_modulesCAAini&file=ini.js HTTP/1.1" 404 212 "-" "Mozilla/5.0 AppleWebKit/537.36 (KHTML, like Gecko; compatible; ClaudeBot/1.0; +claudebot@anthropic.com)"
216.73.216.10 - - [16/Aug/2026:22:39:20 +0700] "GET /wp-admin/includes/%22%20.%20wp_nonce_url(%20%22users.php?action=resetpassword&users=%24user_object-%3EID%22%2C+ HTTP/1.1" 404 212 "-" "Mozilla/5.0 AppleWebKit/537.36 (KHTML, like Gecko; compatible; ClaudeBot/1.0; +claudebot@anthropic.com)"
216.73.216.10 - - [16/Aug/2026:22:39:20 +0700] "GET /wp-includes/sodium_compat/file.php?action=download&dir=CAAlibCAApython3RAA6CAAsite-packagesCAAdnfCAA__pycache__&file=transaction.cpython-36.pyc HTTP/1.1" 404 212 "-" "Mozilla/5.0 AppleWebKit/537.36 (KHTML, like Gecko; compatible; ClaudeBot/1.0; +claudebot@anthropic.com)"
216.73.216.10 - - [16/Aug/2026:22:39:21 +0700] "GET /file.php?dir=CAAsmsCAAsystemCAAlanguageCAAgreek&edit=ftp_lang.php HTTP/1.1" 200 4013 "-" "Mozilla/5.0 AppleWebKit/537.36 (KHTML, like Gecko; compatible; ClaudeBot/1.0; +claudebot@anthropic.com)"
202.43.248.178 - - [16/Aug/2026:22:39:21 +0700] "GET / HTTP/1.1" 200 2624 "-" "Uptime-Kuma/1.17.1"
216.73.216.10 - - [16/Aug/2026:22:39:21 +0700] "GET /file.php?dir=CAAsmsCAA_CAAsmart_school_srcCAAbackendCAAimages HTTP/1.1" 200 8465 "-" "Mozilla/5.0 AppleWebKit/537.36 (KHTML, like Gecko; compatible; ClaudeBot/1.0; +claudebot@anthropic.com)"
216.73.216.10 - - [16/Aug/2026:22:39:22 +0700] "GET /file.php?dir=CAAsmsCAA_CAAsmart_school_srcCAAapplicationCAAlanguageCAAXhosa HTTP/1.1" 200 4533 "-" "Mozilla/5.0 AppleWebKit/537.36 (KHTML, like Gecko; compatible; ClaudeBot/1.0; +claudebot@anthropic.com)"
216.73.216.10 - - [16/Aug/2026:22:39:22 +0700] "GET /file.php?dir=CAAsmsCAAaaCAAapplicationCAAthird_partyCAAomnipayCAAvendorCAAphp-httpCAAmessage&edit=README.md HTTP/1.1" 200 3638 "-" "Mozilla/5.0 AppleWebKit/537.36 (KHTML, like Gecko; compatible; ClaudeBot/1.0; +claudebot@anthropic.com)"
216.73.216.10 - - [16/Aug/2026:22:39:23 +0700] "GET /file.php?dir=CAAsmsCAAaaCAAbackendCAApluginsCAAckeditor1CAAlang&edit=it.js HTTP/1.1" 200 8288 "-" "Mozilla/5.0 AppleWebKit/537.36 (KHTML, like Gecko; compatible; ClaudeBot/1.0; +claudebot@anthropic.com)"
216.73.216.10 - - [16/Aug/2026:22:39:23 +0700] "GET /file.php?dir=CAAsmsCAA_CAAsmart_school_srcCAAsystemCAAlanguageCAArussian HTTP/1.1" 200 5243 "-" "Mozilla/5.0 AppleWebKit/537.36 (KHTML, like Gecko; compatible; ClaudeBot/1.0; +claudebot@anthropic.com)"
216.73.216.10 - - [16/Aug/2026:22:39:24 +0700] "GET /file.php?dir=CAAsmsCAA_CAAsmart_school_srcCAAuploadsCAAstaff_documents&edit=index.html HTTP/1.1" 200 3157 "-" "Mozilla/5.0 AppleWebKit/537.36 (KHTML, like Gecko; compatible; ClaudeBot/1.0; +claudebot@anthropic.com)"
216.73.216.10 - - [16/Aug/2026:22:39:24 +0700] "GET /file.php?dir=CAAsmsCAA_CAAsmart_school_srcCAAsystemCAAlanguageCAAczech HTTP/1.1" 200 5234 "-" "Mozilla/5.0 AppleWebKit/537.36 (KHTML, like Gecko; compatible; ClaudeBot/1.0; +claudebot@anthropic.com)"
216.73.216.10 - - [16/Aug/2026:22:39:25 +0700] "GET /file.php?dir=CAAsmsCAAaaCAAsystemCAAlanguageCAAhindi&edit=imglib_lang.php HTTP/1.1" 200 4222 "-" "Mozilla/5.0 AppleWebKit/537.36 (KHTML, like Gecko; compatible; ClaudeBot/1.0; +claudebot@anthropic.com)"
216.73.216.10 - - [16/Aug/2026:22:39:25 +0700] "GET /file.php?action=download&dir=CAAsmsCAAaaCAAapplicationCAAlibraries&file=Mailgateway.php HTTP/1.1" 200 1506 "-" "Mozilla/5.0 AppleWebKit/537.36 (KHTML, like Gecko; compatible; ClaudeBot/1.0; +claudebot@anthropic.com)"
216.73.216.10 - - [16/Aug/2026:22:39:26 +0700] "GET /file.php?dir=CAAsmsCAAaaCAAbackendCAApluginsCAAionslider&edit=ion.rangeSlider.skinNice.css HTTP/1.1" 200 3512 "-" "Mozilla/5.0 AppleWebKit/537.36 (KHTML, like Gecko; compatible; ClaudeBot/1.0; +claudebot@anthropic.com)"
216.73.216.10 - - [16/Aug/2026:22:39:26 +0700] "GET /file.php?dir=CAAsmsCAAsystemCAAdatabaseCAAdriversCAAodbc HTTP/1.1" 200 4595 "-" "Mozilla/5.0 AppleWebKit/537.36 (KHTML, like Gecko; compatible; ClaudeBot/1.0; +claudebot@anthropic.com)"
185.191.171.5 - - [16/Aug/2026:22:39:27 +0700] "GET /wp-includes/interactivity-api/file.php?dir=CAAvarCAAsoftaculousCAAjquery HTTP/1.1" 404 277 "-" "Mozilla/5.0 (compatible; SemrushBot/7~bl; +http://www.semrush.com/bot.html)"
74.7.243.240 - - [16/Aug/2026:22:39:53 +0700] "GET /.well-known/pki-validation/3D%22https:/betterdocs.us10.lis= HTTP/1.1" 404 212 "https://star4hire.com/.well-known/pki-validation/file.php?action=download&dir=CAAhomeCAAqtdcvxypCAAmailCAAnew&file=1779892410.M954599P2233590.iix3001.idcloudhost.com%2CS%3D62159%2CW%3D63546" "Mozilla/5.0 AppleWebKit/537.36 (KHTML, like Gecko; compatible; GPTBot/1.4; +https://openai.com/gptbot)"
85.208.96.209 - - [16/Aug/2026:22:40:01 +0700] "GET /wp-includes/SimplePie/file.php?dir=CAAusrCAAlibCAARAAbuild-idCAAdf HTTP/1.1" 404 277 "-" "Mozilla/5.0 (compatible; SemrushBot/7~bl; +http://www.semrush.com/bot.html)"
74.7.243.227 - - [16/Aug/2026:22:40:07 +0700] "GET /index.php?dir=CAAhomeCAAqtdcvxypCAAdreamleapRAAstar4hireRAAcomCAAwp-contentCAApluginsCAAtutor-proCAAvendorCAAweb-tokenCAAjwt-key-mgmtCAAAnalyzer&edit=MixedKeyTypes.php HTTP/1.1" 404 31 "https://mail.star4hire.com/index.php?dir=CAAhomeCAAqtdcvxypCAAdreamleapRAAstar4hireRAAcomCAAwp-contentCAApluginsCAAtutor-proCAAvendorCAAweb-tokenCAAjwt-key-mgmtCAAAnalyzer" "Mozilla/5.0 AppleWebKit/537.36 (KHTML, like Gecko; compatible; GPTBot/1.4; +https://openai.com/gptbot)"
74.7.241.14 - - [16/Aug/2026:22:40:16 +0700] "GET /harisjr/file.php?dir=CAAhomeCAAqtdcvxypCAARAAsoftaculousCAAauto_backups HTTP/1.1" 200 4356 "https://www.star4hire.com/harisjr/file.php?dir=CAAhomeCAAqtdcvxypCAARAAsoftaculous" "Mozilla/5.0 AppleWebKit/537.36 (KHTML, like Gecko; compatible; GPTBot/1.4; +https://openai.com/gptbot)"
185.191.171.1 - - [16/Aug/2026:22:40:19 +0700] "GET /wp-includes/abilities-api/file.php?dir=CAAusrCAAshareCAAmanCAAcsCAAman7 HTTP/1.1" 404 277 "-" "Mozilla/5.0 (compatible; SemrushBot/7~bl; +http://www.semrush.com/bot.html)"
202.43.248.178 - - [16/Aug/2026:22:40:21 +0700] "GET / HTTP/1.1" 200 2624 "-" "Uptime-Kuma/1.17.1"
85.208.96.198 - - [16/Aug/2026:22:40:23 +0700] "GET /wp-includes/l10n/file.php?dir=CAAusrCAAlib64CAAsssd HTTP/1.1" 404 277 "-" "Mozilla/5.0 (compatible; SemrushBot/7~bl; +http://www.semrush.com/bot.html)"
185.191.171.7 - - [16/Aug/2026:22:40:25 +0700] "GET /wp-includes/IXR/file.php?dir=CAAvarCAAsoftaculousCAAzencartCAAphp56 HTTP/1.1" 404 277 "-" "Mozilla/5.0 (compatible; SemrushBot/7~bl; +http://www.semrush.com/bot.html)"
216.73.216.10 - - [16/Aug/2026:22:40:36 +0700] "GET /file.php?action=download&dir=CAAsmsCAA_CAAsmart_school_srcCAAapplicationCAAmodels&file=Syllabus_model.php HTTP/1.1" 200 1582 "-" "Mozilla/5.0 AppleWebKit/537.36 (KHTML, like Gecko; compatible; ClaudeBot/1.0; +claudebot@anthropic.com)"
216.73.216.10 - - [16/Aug/2026:22:40:36 +0700] "GET /file.php?dir=CAAsmsCAA_CAAsmart_school_srcCAAapplicationCAAlibrariesCAAPHPMailerCAAlanguage&edit=phpmailer.lang-es.php HTTP/1.1" 200 3759 "-" "Mozilla/5.0 AppleWebKit/537.36 (KHTML, like Gecko; compatible; ClaudeBot/1.0; +claudebot@anthropic.com)"
185.191.171.6 - - [16/Aug/2026:22:40:44 +0700] "GET /wp-includes/rest-api/file.php?dir=CAAhomeCAAqtdcvxypCAAlscacheCAAaCAAfCAA6 HTTP/1.1" 404 277 "-" "Mozilla/5.0 (compatible; SemrushBot/7~bl; +http://www.semrush.com/bot.html)"
185.191.171.18 - - [16/Aug/2026:22:40:46 +0700] "GET /wp-includes/interactivity-api/file.php?dir=CAAvarCAAsoftaculousCAAwacartCAAphp82 HTTP/1.1" 404 277 "-" "Mozilla/5.0 (compatible; SemrushBot/7~bl; +http://www.semrush.com/bot.html)"
173.252.107.6 - - [16/Aug/2026:22:40:51 +0700] "GET /robots.txt HTTP/1.1" 206 70 "-" "facebookexternalhit/1.1 (+http://www.facebook.com/externalhit_uatext.php)"
85.208.96.200 - - [16/Aug/2026:22:40:54 +0700] "GET /wp-includes/block-supports/file.php?dir=CAAusrCAAshareCAAlocaleCAAmosCAALC_MESSAGES HTTP/1.1" 404 277 "-" "Mozilla/5.0 (compatible; SemrushBot/7~bl; +http://www.semrush.com/bot.html)"
85.208.96.208 - - [16/Aug/2026:22:40:58 +0700] "GET /wp-includes/block-supports/file.php?dir=CAAvarCAAsoftaculousCAAgibbonCAAphp53 HTTP/1.1" 404 277 "-" "Mozilla/5.0 (compatible; SemrushBot/7~bl; +http://www.semrush.com/bot.html)"
74.7.243.227 - - [16/Aug/2026:22:41:07 +0700] "GET /index.php?dir=CAAhomeCAAqtdcvxypCAAkarirRAAstar4hireRAAcomCAAstorageCAAappCAApurifierCAACSS&edit=4.15.0%2C56a94503929fd21c9450757f3bb8b99da8c692f8%2C1.ser HTTP/1.1" 404 31 "https://mail.star4hire.com/index.php?dir=CAAhomeCAAqtdcvxypCAAkarirRAAstar4hireRAAcomCAAstorageCAAappCAApurifierCAACSS" "Mozilla/5.0 AppleWebKit/537.36 (KHTML, like Gecko; compatible; GPTBot/1.4; +https://openai.com/gptbot)"
74.7.241.14 - - [16/Aug/2026:22:41:09 +0700] "GET /harisjr/file.php?dir=CAAhomeCAAqtdcvxypCAARAAsoftaculousCAAwp_manager HTTP/1.1" 200 4365 "https://www.star4hire.com/harisjr/file.php?dir=CAAhomeCAAqtdcvxypCAARAAsoftaculous" "Mozilla/5.0 AppleWebKit/537.36 (KHTML, like Gecko; compatible; GPTBot/1.4; +https://openai.com/gptbot)"
85.208.96.208 - - [16/Aug/2026:22:41:10 +0700] "GET /wp-includes/block-supports/file.php?dir=CAAvarCAAsoftaculousCAAavactisCAAphp53 HTTP/1.1" 404 277 "-" "Mozilla/5.0 (compatible; SemrushBot/7~bl; +http://www.semrush.com/bot.html)"
202.43.248.178 - - [16/Aug/2026:22:41:21 +0700] "GET / HTTP/1.1" 200 2624 "-" "Uptime-Kuma/1.17.1"
85.208.96.202 - - [16/Aug/2026:22:41:31 +0700] "GET /wp-includes/sitemaps/file.php?dir=CAAvarCAAsoftaculousCAApagekit HTTP/1.1" 404 277 "-" "Mozilla/5.0 (compatible; SemrushBot/7~bl; +http://www.semrush.com/bot.html)"
74.7.241.14 - - [16/Aug/2026:22:41:54 +0700] "GET /harisjr/file.php?dir=CAAhomeCAAqtdcvxypCAAsoftaculous_backupsCAAtmp HTTP/1.1" 200 3846 "https://www.star4hire.com/harisjr/file.php?dir=CAAhomeCAAqtdcvxypCAAsoftaculous_backups" "Mozilla/5.0 AppleWebKit/537.36 (KHTML, like Gecko; compatible; GPTBot/1.4; +https://openai.com/gptbot)"
185.191.171.2 - - [16/Aug/2026:22:41:58 +0700] "GET /robots.txt HTTP/1.1" 200 70 "-" "Mozilla/5.0 (compatible; SemrushBot/7~bl; +http://www.semrush.com/bot.html)"
185.191.171.5 - - [16/Aug/2026:22:42:07 +0700] "GET /wp-includes/css/file.php?dir=CAAusrCAAlib64CAAenchant-2 HTTP/1.1" 404 277 "-" "Mozilla/5.0 (compatible; SemrushBot/7~bl; +http://www.semrush.com/bot.html)"
74.7.243.227 - - [16/Aug/2026:22:42:10 +0700] "GET /index.php?dir=CAAhomeCAAqtdcvxypCAAkarirRAAstar4hireRAAcomCAAmodulesCAAJob&edit=file.php HTTP/1.1" 404 31 "https://mail.star4hire.com/index.php?dir=CAAhomeCAAqtdcvxypCAAkarirRAAstar4hireRAAcomCAAmodulesCAAJob" "Mozilla/5.0 AppleWebKit/537.36 (KHTML, like Gecko; compatible; GPTBot/1.4; +https://openai.com/gptbot)"
185.191.171.18 - - [16/Aug/2026:22:42:12 +0700] "GET /wp-includes/build/file.php?dir=CAAusrCAAshareCAAlocaleCAAky HTTP/1.1" 404 277 "-" "Mozilla/5.0 (compatible; SemrushBot/7~bl; +http://www.semrush.com/bot.html)"
185.191.171.2 - - [16/Aug/2026:22:42:14 +0700] "GET /wp-includes/block-bindings/file.php?dir=CAAusrCAAlibCAAfirmwareCAAqcomCAAvenus-5RAA2 HTTP/1.1" 404 277 "-" "Mozilla/5.0 (compatible; SemrushBot/7~bl; +http://www.semrush.com/bot.html)"
216.73.216.10 - - [16/Aug/2026:22:42:21 +0700] "GET /wp-includes/sodium_compat/file.php?dir=CAAlibCAAlocaleCAAen_ZA HTTP/1.1" 404 212 "-" "Mozilla/5.0 AppleWebKit/537.36 (KHTML, like Gecko; compatible; ClaudeBot/1.0; +claudebot@anthropic.com)"
216.73.216.10 - - [16/Aug/2026:22:42:21 +0700] "GET /wp-includes/sodium_compat/file.php?dir=CAAlibCAAfirmwareCAAxe&edit=ptl_guc_70.bin HTTP/1.1" 404 212 "-" "Mozilla/5.0 AppleWebKit/537.36 (KHTML, like Gecko; compatible; ClaudeBot/1.0; +claudebot@anthropic.com)"
202.43.248.178 - - [16/Aug/2026:22:42:21 +0700] "GET / HTTP/1.1" 200 2624 "-" "Uptime-Kuma/1.17.1"
216.73.216.10 - - [16/Aug/2026:22:42:22 +0700] "GET /wp-includes/file.php?action=download&dir=CAAjsCAAdist&file=data.min.js HTTP/1.1" 404 212 "-" "Mozilla/5.0 AppleWebKit/537.36 (KHTML, like Gecko; compatible; ClaudeBot/1.0; +claudebot@anthropic.com)"
169.224.36.163 - - [16/Aug/2026:22:42:28 +0700] "GET /home/apply_job/920838566631884e0b1a44 HTTP/1.1" 404 212 "https://www.star4hire.com/lowongan/perusahaan/pesona-mulia-abadi-raya" "Mozilla/5.0 (Linux; Android 12; OPPO PCLM4) AppleWebKit/537.36 (KHTML, like Gecko) Chrome/149.0.5661.72 Mobile Safari/537.36 MicroMessenger/8.0.41(0x18001B3F) NetType/WIFI Language/zh_CN"
74.7.241.14 - - [16/Aug/2026:22:42:35 +0700] "GET /file.php?dir=CAAhomeCAAqtdcvxypCAAcareerusaRAAstar4hireRAAcomCAAwp-admin&edit=post-new.php HTTP/1.1" 200 4059 "https://www.star4hire.com/file.php?dir=CAAhomeCAAqtdcvxypCAAcareerusaRAAstar4hireRAAcomCAAwp-admin" "Mozilla/5.0 AppleWebKit/537.36 (KHTML, like Gecko; compatible; GPTBot/1.4; +https://openai.com/gptbot)"
185.191.171.5 - - [16/Aug/2026:22:42:43 +0700] "GET /wp-includes/style-engine/file.php?dir=CAAusrCAAlib64CAAlibuser HTTP/1.1" 404 277 "-" "Mozilla/5.0 (compatible; SemrushBot/7~bl; +http://www.semrush.com/bot.html)"
85.208.96.197 - - [16/Aug/2026:22:42:46 +0700] "GET /wp-includes/php-ai-client/file.php?dir=CAAvarCAAsoftaculousCAAhandeskCAAphp56 HTTP/1.1" 404 277 "-" "Mozilla/5.0 (compatible; SemrushBot/7~bl; +http://www.semrush.com/bot.html)"
185.191.171.11 - - [16/Aug/2026:22:42:56 +0700] "GET /wp-includes/style-engine/file.php?dir=CAAvarCAAsoftaculousCAAwebmail HTTP/1.1" 404 277 "-" "Mozilla/5.0 (compatible; SemrushBot/7~bl; +http://www.semrush.com/bot.html)"
185.191.171.5 - - [16/Aug/2026:22:42:58 +0700] "GET /wp-includes/Requests/file.php?dir=CAAvarCAAsoftaculousCAAostic17CAAphp81 HTTP/1.1" 404 277 "-" "Mozilla/5.0 (compatible; SemrushBot/7~bl; +http://www.semrush.com/bot.html)"
85.208.96.204 - - [16/Aug/2026:22:43:03 +0700] "GET /wp-includes/sitemaps/file.php?dir=CAAvarCAAsoftaculousCAAostic2CAAphp53 HTTP/1.1" 404 277 "-" "Mozilla/5.0 (compatible; SemrushBot/7~bl; +http://www.semrush.com/bot.html)"
74.7.241.14 - - [16/Aug/2026:22:43:11 +0700] "GET /file.php?dir=CAAhomeCAAqtdcvxypCAAdreamleapRAAstar4hireRAAcomCAAwp-admin&edit=post-new.php HTTP/1.1" 200 4062 "https://www.star4hire.com/file.php?dir=CAAhomeCAAqtdcvxypCAAdreamleapRAAstar4hireRAAcomCAAwp-admin" "Mozilla/5.0 AppleWebKit/537.36 (KHTML, like Gecko; compatible; GPTBot/1.4; +https://openai.com/gptbot)"
216.73.216.10 - - [16/Aug/2026:22:43:13 +0700] "GET /wp-includes/images/file.php?dir=CAAicon-library&edit=offline.svg HTTP/1.1" 404 212 "-" "Mozilla/5.0 AppleWebKit/537.36 (KHTML, like Gecko; compatible; ClaudeBot/1.0; +claudebot@anthropic.com)"
216.73.216.10 - - [16/Aug/2026:22:43:14 +0700] "GET /wp-includes/images/icon-library/accordion-heading.svg HTTP/1.1" 404 212 "-" "Mozilla/5.0 AppleWebKit/537.36 (KHTML, like Gecko; compatible; ClaudeBot/1.0; +claudebot@anthropic.com)"
216.73.216.10 - - [16/Aug/2026:22:43:14 +0700] "GET /wp-includes/images/file.php?dir=CAAicon-library&edit=pin-small.svg HTTP/1.1" 404 212 "-" "Mozilla/5.0 AppleWebKit/537.36 (KHTML, like Gecko; compatible; ClaudeBot/1.0; +claudebot@anthropic.com)"
216.73.216.10 - - [16/Aug/2026:22:43:14 +0700] "GET /wp-includes/sodium_compat/file.php?dir=CAAlibCAAfirmwareCAAintel&edit=ibt-0180-1050.ddc HTTP/1.1" 404 212 "-" "Mozilla/5.0 AppleWebKit/537.36 (KHTML, like Gecko; compatible; ClaudeBot/1.0; +claudebot@anthropic.com)"
216.73.216.10 - - [16/Aug/2026:22:43:15 +0700] "GET /wp-includes/file.php?action=download&dir=CAAblocksCAAcover&file=editor-rtl.min.css HTTP/1.1" 404 212 "-" "Mozilla/5.0 AppleWebKit/537.36 (KHTML, like Gecko; compatible; ClaudeBot/1.0; +claudebot@anthropic.com)"
216.73.216.10 - - [16/Aug/2026:22:43:15 +0700] "GET /wp-includes/sodium_compat/file.php?action=download&dir=CAAusrCAAlib64CAApython3RAA8CAAencodingsCAA__pycache__&file=cp852.cpython-38.pyc HTTP/1.1" 404 212 "-" "Mozilla/5.0 AppleWebKit/537.36 (KHTML, like Gecko; compatible; ClaudeBot/1.0; +claudebot@anthropic.com)"
216.73.216.10 - - [16/Aug/2026:22:43:16 +0700] "GET /wp-includes/sodium_compat/file.php?dir=CAAlibCAAfirmwareCAAqcom&edit=gen70900_sqe.fw HTTP/1.1" 404 212 "-" "Mozilla/5.0 AppleWebKit/537.36 (KHTML, like Gecko; compatible; ClaudeBot/1.0; +claudebot@anthropic.com)"
216.73.216.10 - - [16/Aug/2026:22:43:16 +0700] "GET /wp-admin/css/file.php?action=download&dir=CAAhomeCAAqtdcvxypCAApublic_htmlCAAwp-adminCAAincludes&file=class-custom-background.php HTTP/1.1" 404 212 "-" "Mozilla/5.0 AppleWebKit/537.36 (KHTML, like Gecko; compatible; ClaudeBot/1.0; +claudebot@anthropic.com)"
74.7.243.227 - - [16/Aug/2026:22:43:17 +0700] "GET /index.php?dir=CAAhomeCAAqtdcvxypCAAkarirRAAstar4hireRAAcomCAAmodulesCAAGig&edit=file.php HTTP/1.1" 404 31 "https://mail.star4hire.com/index.php?dir=CAAhomeCAAqtdcvxypCAAkarirRAAstar4hireRAAcomCAAmodulesCAAGig" "Mozilla/5.0 AppleWebKit/537.36 (KHTML, like Gecko; compatible; GPTBot/1.4; +https://openai.com/gptbot)"
216.73.216.10 - - [16/Aug/2026:22:43:17 +0700] "GET /wp-includes/sodium_compat/file.php?action=download&dir=CAAusrCAAlocalCAAlibCAApython3RAA6CAAsite-packagesCAAnixstatsagentCAApluginsCAA__pycache__&file=iostat.cpython-36.pyc HTTP/1.1" 404 212 "-" "Mozilla/5.0 AppleWebKit/537.36 (KHTML, like Gecko; compatible; ClaudeBot/1.0; +claudebot@anthropic.com)"
216.73.216.10 - - [16/Aug/2026:22:43:17 +0700] "GET /wp-includes/file.php?dir=CAAimagesCAAicon-library&edit=pin-small.svg HTTP/1.1" 404 212 "-" "Mozilla/5.0 AppleWebKit/537.36 (KHTML, like Gecko; compatible; ClaudeBot/1.0; +claudebot@anthropic.com)"
216.73.216.10 - - [16/Aug/2026:22:43:18 +0700] "GET /wp-includes/sodium_compat/file.php?dir=CAAusrCAAshareCAAmanCAAman1&edit=dirname.1.gz HTTP/1.1" 404 212 "-" "Mozilla/5.0 AppleWebKit/537.36 (KHTML, like Gecko; compatible; ClaudeBot/1.0; +claudebot@anthropic.com)"
216.73.216.10 - - [16/Aug/2026:22:43:18 +0700] "GET /wp-includes/sodium_compat/file.php?action=download&dir=CAAusrCAAlib64CAAxtables&file=libipt_LOG.so HTTP/1.1" 404 212 "-" "Mozilla/5.0 AppleWebKit/537.36 (KHTML, like Gecko; compatible; ClaudeBot/1.0; +claudebot@anthropic.com)"
216.73.216.10 - - [16/Aug/2026:22:43:19 +0700] "GET /wp-includes/file.php?dir=CAAimagesCAAicon-library&edit=offline.svg HTTP/1.1" 404 212 "-" "Mozilla/5.0 AppleWebKit/537.36 (KHTML, like Gecko; compatible; ClaudeBot/1.0; +claudebot@anthropic.com)"
216.73.216.10 - - [16/Aug/2026:22:43:19 +0700] "GET /wp-includes/sodium_compat/file.php?action=download&dir=CAAusrCAAincludeCAAbind9CAAisccc&file=util.h HTTP/1.1" 404 212 "-" "Mozilla/5.0 AppleWebKit/537.36 (KHTML, like Gecko; compatible; ClaudeBot/1.0; +claudebot@anthropic.com)"
216.73.216.10 - - [16/Aug/2026:22:43:20 +0700] "GET /wp-includes/sodium_compat/file.php?dir=CAAusrCAAshareCAAmanCAAman8&edit=systemd-timedated.8.gz HTTP/1.1" 404 212 "-" "Mozilla/5.0 AppleWebKit/537.36 (KHTML, like Gecko; compatible; ClaudeBot/1.0; +claudebot@anthropic.com)"
216.73.216.10 - - [16/Aug/2026:22:43:20 +0700] "GET /wp-includes/sodium_compat/file.php?action=download&dir=CAAusrCAAlib64CAApython3RAA6CAAencodingsCAA__pycache__&file=cp437.cpython-36.opt-2.pyc HTTP/1.1" 404 212 "-" "Mozilla/5.0 AppleWebKit/537.36 (KHTML, like Gecko; compatible; ClaudeBot/1.0; +claudebot@anthropic.com)"
202.43.248.178 - - [16/Aug/2026:22:43:21 +0700] "GET / HTTP/1.1" 200 2624 "-" "Uptime-Kuma/1.17.1"
216.73.216.10 - - [16/Aug/2026:22:43:23 +0700] "GET /file.php?dir=CAAsmsCAA_CAAsmart_school_srcCAAapplicationCAAlibrariesCAAPHPMailer&edit=VERSION HTTP/1.1" 200 3115 "-" "Mozilla/5.0 AppleWebKit/537.36 (KHTML, like Gecko; compatible; ClaudeBot/1.0; +claudebot@anthropic.com)"
216.73.216.10 - - [16/Aug/2026:22:43:23 +0700] "GET /file.php?action=download&dir=CAAsmsCAA_CAAsmart_school_srcCAAapplicationCAAmodels&file=Chat_model.php HTTP/1.1" 200 1244 "-" "Mozilla/5.0 AppleWebKit/537.36 (KHTML, like Gecko; compatible; ClaudeBot/1.0; +claudebot@anthropic.com)"
216.73.216.10 - - [16/Aug/2026:22:43:23 +0700] "GET /file.php?dir=CAAsmsCAAapplicationCAAviewsCAAadminCAAincome&edit=incomeEdit.php HTTP/1.1" 200 4882 "-" "Mozilla/5.0 AppleWebKit/537.36 (KHTML, like Gecko; compatible; ClaudeBot/1.0; +claudebot@anthropic.com)"
185.191.171.7 - - [16/Aug/2026:22:43:24 +0700] "GET /wp-includes/file.php?dir=CAAvarCAAsoftaculousCAAninja&edit=md5 HTTP/1.1" 404 277 "-" "Mozilla/5.0 (compatible; SemrushBot/7~bl; +http://www.semrush.com/bot.html)"
216.73.216.10 - - [16/Aug/2026:22:43:24 +0700] "GET /file.php?dir=CAAsmsCAAaaCAAbackendCAApluginsCAAckeditor1CAAlang&edit=ro.js HTTP/1.1" 200 8548 "-" "Mozilla/5.0 AppleWebKit/537.36 (KHTML, like Gecko; compatible; ClaudeBot/1.0; +claudebot@anthropic.com)"
216.73.216.10 - - [16/Aug/2026:22:43:28 +0700] "GET /file.php?dir=CAAsmsCAA_CAAsmart_school_srcCAAsystemCAAlanguage&edit=index.html HTTP/1.1" 200 3157 "-" "Mozilla/5.0 AppleWebKit/537.36 (KHTML, like Gecko; compatible; ClaudeBot/1.0; +claudebot@anthropic.com)"
216.73.216.10 - - [16/Aug/2026:22:43:29 +0700] "GET /wp-includes/sodium_compat/file.php?dir=CAAusrCAAshareCAAperl5CAAUser&edit=grent.pm HTTP/1.1" 404 212 "-" "Mozilla/5.0 AppleWebKit/537.36 (KHTML, like Gecko; compatible; ClaudeBot/1.0; +claudebot@anthropic.com)"
216.73.216.10 - - [16/Aug/2026:22:43:29 +0700] "GET /wp-includes/sodium_compat/file.php?action=download&dir=CAAlibCAApython2RAA7CAAsite-packagesCAAsetuptools&file=py36compat.py HTTP/1.1" 404 212 "-" "Mozilla/5.0 AppleWebKit/537.36 (KHTML, like Gecko; compatible; ClaudeBot/1.0; +claudebot@anthropic.com)"
216.73.216.10 - - [16/Aug/2026:22:43:29 +0700] "GET /wp-includes/sodium_compat/file.php?action=download&dir=CAAusrCAAlib64CAApython2RAA7CAADemoCAApdist&file=cmptree.pyc HTTP/1.1" 404 212 "-" "Mozilla/5.0 AppleWebKit/537.36 (KHTML, like Gecko; compatible; ClaudeBot/1.0; +claudebot@anthropic.com)"
