74.7.243.240 - - [16/Aug/2026:19:46:07 +0700] "GET /.well-known/pki-validation/file.php?dir=CAAhomeCAAqtdcvxypCAAlscacheCAAfCAAbCAAe HTTP/1.1" 200 4267 "https://star4hire.com/.well-known/pki-validation/file.php?dir=CAAhomeCAAqtdcvxypCAAlscacheCAAfCAAb" "Mozilla/5.0 AppleWebKit/537.36 (KHTML, like Gecko; compatible; GPTBot/1.4; +https://openai.com/gptbot)"
74.7.241.14 - - [16/Aug/2026:19:46:07 +0700] "GET /harisjr/file.php?dir=CAAhomeCAAqtdcvxypCAApublic_htmlCAAsmsCAAsystemCAAlanguageCAAfrench HTTP/1.1" 200 5215 "https://www.star4hire.com/harisjr/file.php?dir=CAAhomeCAAqtdcvxypCAApublic_htmlCAAsmsCAAsystemCAAlanguage" "Mozilla/5.0 AppleWebKit/537.36 (KHTML, like Gecko; compatible; GPTBot/1.4; +https://openai.com/gptbot)"
74.7.241.14 - - [16/Aug/2026:19:46:08 +0700] "GET /hello/file.php?dir=CAAhomeCAAqtdcvxypCAApublic_htmlCAAsmsCAAbackendCAAbootstrapCAAjs HTTP/1.1" 200 4449 "https://www.star4hire.com/hello/file.php?dir=CAAhomeCAAqtdcvxypCAApublic_htmlCAAsmsCAAbackendCAAbootstrap" "Mozilla/5.0 AppleWebKit/537.36 (KHTML, like Gecko; compatible; GPTBot/1.4; +https://openai.com/gptbot)"
216.73.216.10 - - [16/Aug/2026:19:46:09 +0700] "GET /file.php?dir=CAAsmsCAAapplicationCAAviewsCAAadminCAAcertificate&edit=staffcertificateedit.php HTTP/1.1" 200 4993 "-" "Mozilla/5.0 AppleWebKit/537.36 (KHTML, like Gecko; compatible; ClaudeBot/1.0; +claudebot@anthropic.com)"
74.7.241.14 - - [16/Aug/2026:19:46:09 +0700] "GET /harisjr/file.php?dir=CAAhomeCAAqtdcvxypCAApublic_htmlCAAsmsCAAaaCAAapplicationCAAviews HTTP/1.1" 200 5810 "https://www.star4hire.com/harisjr/file.php?dir=CAAhomeCAAqtdcvxypCAApublic_htmlCAAsmsCAAaaCAAapplication" "Mozilla/5.0 AppleWebKit/537.36 (KHTML, like Gecko; compatible; GPTBot/1.4; +https://openai.com/gptbot)"
74.7.243.240 - - [16/Aug/2026:19:46:09 +0700] "GET /.well-known/pki-validation/file.php?dir=CAAhomeCAAqtdcvxypCAAlscacheCAAaCAAaCAAa HTTP/1.1" 200 4254 "https://star4hire.com/.well-known/pki-validation/file.php?dir=CAAhomeCAAqtdcvxypCAAlscacheCAAaCAAa" "Mozilla/5.0 AppleWebKit/537.36 (KHTML, like Gecko; compatible; GPTBot/1.4; +https://openai.com/gptbot)"
74.7.241.14 - - [16/Aug/2026:19:46:10 +0700] "GET /harisjr/file.php?dir=CAAhomeCAAqtdcvxypCAApublic_htmlCAAsmsCAAbackendCAArtlCAAdistCAAcss HTTP/1.1" 200 4704 "https://www.star4hire.com/harisjr/file.php?dir=CAAhomeCAAqtdcvxypCAApublic_htmlCAAsmsCAAbackendCAArtlCAAdist" "Mozilla/5.0 AppleWebKit/537.36 (KHTML, like Gecko; compatible; GPTBot/1.4; +https://openai.com/gptbot)"
74.7.241.14 - - [16/Aug/2026:19:46:10 +0700] "GET /harisjr/file.php?dir=CAAhomeCAAqtdcvxypCAApublic_htmlCAAsmsCAAbackendCAAthemesCAAyellow HTTP/1.1" 200 4489 "https://www.star4hire.com/harisjr/file.php?dir=CAAhomeCAAqtdcvxypCAApublic_htmlCAAsmsCAAbackendCAAthemes" "Mozilla/5.0 AppleWebKit/537.36 (KHTML, like Gecko; compatible; GPTBot/1.4; +https://openai.com/gptbot)"
74.7.241.14 - - [16/Aug/2026:19:46:11 +0700] "GET /hello/file.php?dir=CAAhomeCAAqtdcvxypCAApublic_htmlCAAsmsCAAsystemCAAlanguageCAAromanian HTTP/1.1" 200 5208 "https://www.star4hire.com/hello/file.php?dir=CAAhomeCAAqtdcvxypCAApublic_htmlCAAsmsCAAsystemCAAlanguage" "Mozilla/5.0 AppleWebKit/537.36 (KHTML, like Gecko; compatible; GPTBot/1.4; +https://openai.com/gptbot)"
74.7.243.240 - - [16/Aug/2026:19:46:11 +0700] "GET /.well-known/pki-validation/file.php?dir=CAAhomeCAAqtdcvxypCAAaccess-logs HTTP/1.1" 200 6628 "https://star4hire.com/.well-known/pki-validation/file.php?dir=CAAhomeCAAqtdcvxyp" "Mozilla/5.0 AppleWebKit/537.36 (KHTML, like Gecko; compatible; GPTBot/1.4; +https://openai.com/gptbot)"
74.7.241.14 - - [16/Aug/2026:19:46:12 +0700] "GET /hello/file.php?dir=CAAhomeCAAqtdcvxypCAApublic_htmlCAAsmsCAAaaCAAsystemCAAlanguageCAAnorwegian HTTP/1.1" 200 5238 "https://www.star4hire.com/hello/file.php?dir=CAAhomeCAAqtdcvxypCAApublic_htmlCAAsmsCAAaaCAAsystemCAAlanguage" "Mozilla/5.0 AppleWebKit/537.36 (KHTML, like Gecko; compatible; GPTBot/1.4; +https://openai.com/gptbot)"
74.7.241.14 - - [16/Aug/2026:19:46:12 +0700] "GET /hello/file.php?dir=CAAhomeCAAqtdcvxypCAApublic_htmlCAAsmsCAAaaCAAsystemCAAlanguageCAAsimplified-chinese HTTP/1.1" 200 5244 "https://www.star4hire.com/hello/file.php?dir=CAAhomeCAAqtdcvxypCAApublic_htmlCAAsmsCAAaaCAAsystemCAAlanguage" "Mozilla/5.0 AppleWebKit/537.36 (KHTML, like Gecko; compatible; GPTBot/1.4; +https://openai.com/gptbot)"
85.208.96.196 - - [16/Aug/2026:19:46:13 +0700] "GET /wp-includes/interactivity-api/file.php?dir=CAAusrCAAshareCAAlocaleCAAlez HTTP/1.1" 404 277 "-" "Mozilla/5.0 (compatible; SemrushBot/7~bl; +http://www.semrush.com/bot.html)"
74.7.243.240 - - [16/Aug/2026:19:46:13 +0700] "GET /.well-known/pki-validation/file.php?dir=CAAhomeCAAqtdcvxypCAARAAcagefs HTTP/1.1" 200 4461 "https://star4hire.com/.well-known/pki-validation/file.php?dir=CAAhomeCAAqtdcvxyp" "Mozilla/5.0 AppleWebKit/537.36 (KHTML, like Gecko; compatible; GPTBot/1.4; +https://openai.com/gptbot)"
74.7.241.14 - - [16/Aug/2026:19:46:13 +0700] "GET /hello/file.php?dir=CAAhomeCAAqtdcvxypCAApublic_htmlCAAsmsCAAaaCAAbackendCAApluginsCAAinput-maskCAAphone-codes HTTP/1.1" 200 4499 "https://www.star4hire.com/hello/file.php?dir=CAAhomeCAAqtdcvxypCAApublic_htmlCAAsmsCAAaaCAAbackendCAApluginsCAAinput-mask" "Mozilla/5.0 AppleWebKit/537.36 (KHTML, like Gecko; compatible; GPTBot/1.4; +https://openai.com/gptbot)"
74.7.241.14 - - [16/Aug/2026:19:46:14 +0700] "GET /hello/file.php?dir=CAAhomeCAAqtdcvxypCAApublic_htmlCAAsmsCAAaaCAAsystemCAAlanguageCAAtraditional-chinese HTTP/1.1" 200 5247 "https://www.star4hire.com/hello/file.php?dir=CAAhomeCAAqtdcvxypCAApublic_htmlCAAsmsCAAaaCAAsystemCAAlanguage" "Mozilla/5.0 AppleWebKit/537.36 (KHTML, like Gecko; compatible; GPTBot/1.4; +https://openai.com/gptbot)"
74.7.243.240 - - [16/Aug/2026:19:46:14 +0700] "GET /.well-known/pki-validation/file.php?dir=CAAhomeCAAqtdcvxypCAAglobalenglishRAAstar4hireRAAcomCAAwp-contentCAApluginsCAAall-in-one-seo-packCAAdistCAALiteCAAassetsCAAjs&edit=AdditionalInformation.faf91bde.js HTTP/1.1" 200 6414 "https://star4hire.com/.well-known/pki-validation/file.php?dir=CAAhomeCAAqtdcvxypCAAglobalenglishRAAstar4hireRAAcomCAAwp-contentCAApluginsCAAall-in-one-seo-packCAAdistCAALiteCAAassetsCAAjs" "Mozilla/5.0 AppleWebKit/537.36 (KHTML, like Gecko; compatible; GPTBot/1.4; +https://openai.com/gptbot)"
74.7.241.14 - - [16/Aug/2026:19:46:14 +0700] "GET /hello/file.php?dir=CAAhomeCAAqtdcvxypCAApublic_htmlCAAsmsCAAaaCAAsystemCAAlanguageCAAurdu HTTP/1.1" 200 5232 "https://www.star4hire.com/hello/file.php?dir=CAAhomeCAAqtdcvxypCAApublic_htmlCAAsmsCAAaaCAAsystemCAAlanguage" "Mozilla/5.0 AppleWebKit/537.36 (KHTML, like Gecko; compatible; GPTBot/1.4; +https://openai.com/gptbot)"
74.7.241.14 - - [16/Aug/2026:19:46:15 +0700] "GET /harisjr/file.php?dir=CAAhomeCAAqtdcvxypCAApublic_htmlCAAsmsCAAsystemCAAlanguageCAAfrench&edit=imglib_lang.php HTTP/1.1" 200 4170 "https://www.star4hire.com/harisjr/file.php?dir=CAAhomeCAAqtdcvxypCAApublic_htmlCAAsmsCAAsystemCAAlanguageCAAfrench" "Mozilla/5.0 AppleWebKit/537.36 (KHTML, like Gecko; compatible; GPTBot/1.4; +https://openai.com/gptbot)"
185.191.171.8 - - [16/Aug/2026:19:46:15 +0700] "GET /wp-includes/Text/file.php?dir=CAAusrCAAshareCAAlocaleCAAzen HTTP/1.1" 404 277 "-" "Mozilla/5.0 (compatible; SemrushBot/7~bl; +http://www.semrush.com/bot.html)"
74.7.241.14 - - [16/Aug/2026:19:46:16 +0700] "GET /hello/file.php?dir=CAAhomeCAAqtdcvxypCAApublic_htmlCAAsmsCAAaaCAAsystemCAAlanguageCAAthai HTTP/1.1" 200 5226 "https://www.star4hire.com/hello/file.php?dir=CAAhomeCAAqtdcvxypCAApublic_htmlCAAsmsCAAaaCAAsystemCAAlanguage" "Mozilla/5.0 AppleWebKit/537.36 (KHTML, like Gecko; compatible; GPTBot/1.4; +https://openai.com/gptbot)"
74.7.243.240 - - [16/Aug/2026:19:46:16 +0700] "GET /.well-known/pki-validation/file.php?dir=CAAhomeCAAqtdcvxypCAAglobalenglishRAAstar4hireRAAcomCAAwp-includesCAAsodium_compatCAAnamespacedCAACoreCAAChaCha20 HTTP/1.1" 200 4441 "https://star4hire.com/.well-known/pki-validation/file.php?dir=CAAhomeCAAqtdcvxypCAAglobalenglishRAAstar4hireRAAcomCAAwp-includesCAAsodium_compatCAAnamespacedCAACore" "Mozilla/5.0 AppleWebKit/537.36 (KHTML, like Gecko; compatible; GPTBot/1.4; +https://openai.com/gptbot)"
74.7.241.14 - - [16/Aug/2026:19:46:17 +0700] "GET /harisjr/file.php?dir=CAAhomeCAAqtdcvxypCAApublic_htmlCAAsmsCAAaaCAAapplicationCAAviewsCAAonlineadmission HTTP/1.1" 200 5174 "https://www.star4hire.com/harisjr/file.php?dir=CAAhomeCAAqtdcvxypCAApublic_htmlCAAsmsCAAaaCAAapplicationCAAviews" "Mozilla/5.0 AppleWebKit/537.36 (KHTML, like Gecko; compatible; GPTBot/1.4; +https://openai.com/gptbot)"
74.7.241.14 - - [16/Aug/2026:19:46:17 +0700] "GET /harisjr/file.php?dir=CAAhomeCAAqtdcvxypCAApublic_htmlCAAsmsCAAaaCAAapplicationCAAviewsCAAstudentfee HTTP/1.1" 200 5057 "https://www.star4hire.com/harisjr/file.php?dir=CAAhomeCAAqtdcvxypCAApublic_htmlCAAsmsCAAaaCAAapplicationCAAviews" "Mozilla/5.0 AppleWebKit/537.36 (KHTML, like Gecko; compatible; GPTBot/1.4; +https://openai.com/gptbot)"
74.7.243.240 - - [16/Aug/2026:19:46:18 +0700] "GET /.well-known/pki-validation/file.php?action=download&dir=CAAhomeCAAqtdcvxypCAAglobalenglishRAAstar4hireRAAcomCAAwp-contentCAApluginsCAAall-in-one-seo-packCAAdistCAALiteCAAassetsCAAjs&file=Graph.d0119dfd.js HTTP/1.1" 200 3411 "https://star4hire.com/.well-known/pki-validation/file.php?dir=CAAhomeCAAqtdcvxypCAAglobalenglishRAAstar4hireRAAcomCAAwp-contentCAApluginsCAAall-in-one-seo-packCAAdistCAALiteCAAassetsCAAjs" "Mozilla/5.0 AppleWebKit/537.36 (KHTML, like Gecko; compatible; GPTBot/1.4; +https://openai.com/gptbot)"
74.7.241.14 - - [16/Aug/2026:19:46:18 +0700] "GET /harisjr/file.php?dir=CAAhomeCAAqtdcvxypCAApublic_htmlCAAsmsCAAaaCAAapplicationCAAviewsCAAemailconfig HTTP/1.1" 200 4304 "https://www.star4hire.com/harisjr/file.php?dir=CAAhomeCAAqtdcvxypCAApublic_htmlCAAsmsCAAaaCAAapplicationCAAviews" "Mozilla/5.0 AppleWebKit/537.36 (KHTML, like Gecko; compatible; GPTBot/1.4; +https://openai.com/gptbot)"
74.7.243.240 - - [16/Aug/2026:19:46:18 +0700] "GET /.well-known/pki-validation/file.php?dir=CAAhomeCAAqtdcvxypCAApublic_htmlCAAsmsCAAtemp HTTP/1.1" 200 4260 "https://star4hire.com/.well-known/pki-validation/file.php?dir=CAAhomeCAAqtdcvxypCAApublic_htmlCAAsms" "Mozilla/5.0 AppleWebKit/537.36 (KHTML, like Gecko; compatible; GPTBot/1.4; +https://openai.com/gptbot)"
74.7.241.14 - - [16/Aug/2026:19:46:19 +0700] "GET /harisjr/file.php?dir=CAAhomeCAAqtdcvxypCAApublic_htmlCAAsmsCAAaaCAAapplicationCAAviewsCAAfeecategory HTTP/1.1" 200 4531 "https://www.star4hire.com/harisjr/file.php?dir=CAAhomeCAAqtdcvxypCAApublic_htmlCAAsmsCAAaaCAAapplicationCAAviews" "Mozilla/5.0 AppleWebKit/537.36 (KHTML, like Gecko; compatible; GPTBot/1.4; +https://openai.com/gptbot)"
74.7.243.240 - - [16/Aug/2026:19:46:19 +0700] "GET /.well-known/pki-validation/file.php?dir=CAAusrCAAlocalCAAapache HTTP/1.1" 200 4235 "https://star4hire.com/.well-known/pki-validation/file.php?dir=CAAhomeCAAqtdcvxypCAAaccess-logs" "Mozilla/5.0 AppleWebKit/537.36 (KHTML, like Gecko; compatible; GPTBot/1.4; +https://openai.com/gptbot)"
74.7.241.14 - - [16/Aug/2026:19:46:20 +0700] "GET /harisjr/file.php?dir=CAAhomeCAAqtdcvxypCAApublic_htmlCAAsmsCAAbackendCAAthemesCAAyellowCAAdatepicker HTTP/1.1" 200 4408 "https://www.star4hire.com/harisjr/file.php?dir=CAAhomeCAAqtdcvxypCAApublic_htmlCAAsmsCAAbackendCAAthemesCAAyellow" "Mozilla/5.0 AppleWebKit/537.36 (KHTML, like Gecko; compatible; GPTBot/1.4; +https://openai.com/gptbot)"
74.7.243.240 - - [16/Aug/2026:19:46:20 +0700] "GET /.well-known/pki-validation/file.php?dir=CAAusrCAAlocalCAAapacheCAAdomlogs HTTP/1.1" 200 3846 "https://star4hire.com/.well-known/pki-validation/file.php?dir=CAAhomeCAAqtdcvxypCAAaccess-logs" "Mozilla/5.0 AppleWebKit/537.36 (KHTML, like Gecko; compatible; GPTBot/1.4; +https://openai.com/gptbot)"
74.7.241.14 - - [16/Aug/2026:19:46:20 +0700] "GET /hello/file.php?action=download&dir=CAAhomeCAAqtdcvxypCAApublic_htmlCAAsmsCAAaaCAAsystemCAAlanguageCAAsimplified-chinese&file=form_validation_lang.php HTTP/1.1" 200 827 "https://www.star4hire.com/hello/file.php?dir=CAAhomeCAAqtdcvxypCAApublic_htmlCAAsmsCAAaaCAAsystemCAAlanguageCAAsimplified-chinese" "Mozilla/5.0 AppleWebKit/537.36 (KHTML, like Gecko; compatible; GPTBot/1.4; +https://openai.com/gptbot)"
74.7.243.240 - - [16/Aug/2026:19:46:21 +0700] "GET /.well-known/pki-validation/file.php?dir=CAAhomeCAAqtdcvxypCAARAAcagefsCAAvar HTTP/1.1" 200 4615 "https://star4hire.com/.well-known/pki-validation/file.php?dir=CAAhomeCAAqtdcvxypCAARAAcagefs" "Mozilla/5.0 AppleWebKit/537.36 (KHTML, like Gecko; compatible; GPTBot/1.4; +https://openai.com/gptbot)"
74.7.241.14 - - [16/Aug/2026:19:46:21 +0700] "GET /hello/file.php?dir=CAAhomeCAAqtdcvxypCAApublic_htmlCAAsmsCAAaaCAAbackendCAApluginsCAAknob HTTP/1.1" 200 4292 "https://www.star4hire.com/hello/file.php?dir=CAAhomeCAAqtdcvxypCAApublic_htmlCAAsmsCAAaaCAAbackendCAAplugins" "Mozilla/5.0 AppleWebKit/537.36 (KHTML, like Gecko; compatible; GPTBot/1.4; +https://openai.com/gptbot)"
74.7.243.240 - - [16/Aug/2026:19:46:22 +0700] "GET /.well-known/pki-validation/file.php?dir=CAAhomeCAAqtdcvxypCAARAAcagefsCAAopt HTTP/1.1" 200 4371 "https://star4hire.com/.well-known/pki-validation/file.php?dir=CAAhomeCAAqtdcvxypCAARAAcagefs" "Mozilla/5.0 AppleWebKit/537.36 (KHTML, like Gecko; compatible; GPTBot/1.4; +https://openai.com/gptbot)"
74.7.241.14 - - [16/Aug/2026:19:46:22 +0700] "GET /harisjr/file.php?dir=CAAhomeCAAqtdcvxypCAApublic_htmlCAAsmsCAAsystemCAAlanguageCAAdutch HTTP/1.1" 200 5220 "https://www.star4hire.com/harisjr/file.php?dir=CAAhomeCAAqtdcvxypCAApublic_htmlCAAsmsCAAsystemCAAlanguage" "Mozilla/5.0 AppleWebKit/537.36 (KHTML, like Gecko; compatible; GPTBot/1.4; +https://openai.com/gptbot)"
74.7.243.240 - - [16/Aug/2026:19:46:22 +0700] "GET /.well-known/pki-validation/file.php?dir=CAAhomeCAAqtdcvxypCAARAAcagefsCAAtmp HTTP/1.1" 200 10665 "https://star4hire.com/.well-known/pki-validation/file.php?dir=CAAhomeCAAqtdcvxypCAARAAcagefs" "Mozilla/5.0 AppleWebKit/537.36 (KHTML, like Gecko; compatible; GPTBot/1.4; +https://openai.com/gptbot)"
74.7.241.14 - - [16/Aug/2026:19:46:23 +0700] "GET /hello/file.php?dir=CAAhomeCAAqtdcvxypCAApublic_htmlCAAsmsCAAaaCAAsystemCAAlanguageCAAurdu&edit=date_lang.php HTTP/1.1" 200 4331 "https://www.star4hire.com/hello/file.php?dir=CAAhomeCAAqtdcvxypCAApublic_htmlCAAsmsCAAaaCAAsystemCAAlanguageCAAurdu" "Mozilla/5.0 AppleWebKit/537.36 (KHTML, like Gecko; compatible; GPTBot/1.4; +https://openai.com/gptbot)"
74.7.241.14 - - [16/Aug/2026:19:46:24 +0700] "GET /hello/file.php?dir=CAAhomeCAAqtdcvxypCAApublic_htmlCAAsmsCAAsystemCAAlanguageCAAurdu HTTP/1.1" 200 5219 "https://www.star4hire.com/hello/file.php?dir=CAAhomeCAAqtdcvxypCAApublic_htmlCAAsmsCAAsystemCAAlanguage" "Mozilla/5.0 AppleWebKit/537.36 (KHTML, like Gecko; compatible; GPTBot/1.4; +https://openai.com/gptbot)"
74.7.241.14 - - [16/Aug/2026:19:46:24 +0700] "GET /hello/file.php?dir=CAAhomeCAAqtdcvxypCAApublic_htmlCAAsmsCAAaaCAAsystemCAAlanguageCAAthai&edit=upload_lang.php HTTP/1.1" 200 4014 "https://www.star4hire.com/hello/file.php?dir=CAAhomeCAAqtdcvxypCAApublic_htmlCAAsmsCAAaaCAAsystemCAAlanguageCAAthai" "Mozilla/5.0 AppleWebKit/537.36 (KHTML, like Gecko; compatible; GPTBot/1.4; +https://openai.com/gptbot)"
74.7.241.14 - - [16/Aug/2026:19:46:25 +0700] "GET /hello/file.php?dir=CAAhomeCAAqtdcvxypCAApublic_htmlCAAsmsCAAsystemCAAlanguageCAAslovenian HTTP/1.1" 200 5216 "https://www.star4hire.com/hello/file.php?dir=CAAhomeCAAqtdcvxypCAApublic_htmlCAAsmsCAAsystemCAAlanguage" "Mozilla/5.0 AppleWebKit/537.36 (KHTML, like Gecko; compatible; GPTBot/1.4; +https://openai.com/gptbot)"
74.7.241.14 - - [16/Aug/2026:19:46:26 +0700] "GET /harisjr/file.php?action=download&dir=CAAhomeCAAqtdcvxypCAApublic_htmlCAAsmsCAAaaCAAapplicationCAAviewsCAAstudentfee&file=feecategoryShow.php HTTP/1.1" 200 513 "https://www.star4hire.com/harisjr/file.php?dir=CAAhomeCAAqtdcvxypCAApublic_htmlCAAsmsCAAaaCAAapplicationCAAviewsCAAstudentfee" "Mozilla/5.0 AppleWebKit/537.36 (KHTML, like Gecko; compatible; GPTBot/1.4; +https://openai.com/gptbot)"
74.7.243.240 - - [16/Aug/2026:19:46:26 +0700] "GET /.well-known/pki-validation/file.php?dir=CAAhomeCAAqtdcvxypCAApublic_htmlCAAsmsCAAbackend HTTP/1.1" 200 5381 "https://star4hire.com/.well-known/pki-validation/file.php?dir=CAAhomeCAAqtdcvxypCAApublic_htmlCAAsms" "Mozilla/5.0 AppleWebKit/537.36 (KHTML, like Gecko; compatible; GPTBot/1.4; +https://openai.com/gptbot)"
74.7.241.14 - - [16/Aug/2026:19:46:27 +0700] "GET /harisjr/file.php?dir=CAAhomeCAAqtdcvxypCAApublic_htmlCAAsmsCAAaaCAAapplicationCAAviewsCAAemailconfig&edit=emailIndex.php HTTP/1.1" 200 5445 "https://www.star4hire.com/harisjr/file.php?dir=CAAhomeCAAqtdcvxypCAApublic_htmlCAAsmsCAAaaCAAapplicationCAAviewsCAAemailconfig" "Mozilla/5.0 AppleWebKit/537.36 (KHTML, like Gecko; compatible; GPTBot/1.4; +https://openai.com/gptbot)"
74.7.243.240 - - [16/Aug/2026:19:46:27 +0700] "GET /.well-known/pki-validation/file.php?dir=CAAhomeCAAqtdcvxypCAApublic_htmlCAAsmsCAAbackup HTTP/1.1" 200 4640 "https://star4hire.com/.well-known/pki-validation/file.php?dir=CAAhomeCAAqtdcvxypCAApublic_htmlCAAsms" "Mozilla/5.0 AppleWebKit/537.36 (KHTML, like Gecko; compatible; GPTBot/1.4; +https://openai.com/gptbot)"
74.7.241.14 - - [16/Aug/2026:19:46:28 +0700] "GET /hello/file.php?dir=CAAhomeCAAqtdcvxypCAApublic_htmlCAAsmsCAAapplicationCAAviewsCAAfront HTTP/1.1" 200 4227 "https://www.star4hire.com/hello/file.php?dir=CAAhomeCAAqtdcvxypCAApublic_htmlCAAsmsCAAapplicationCAAviews" "Mozilla/5.0 AppleWebKit/537.36 (KHTML, like Gecko; compatible; GPTBot/1.4; +https://openai.com/gptbot)"
74.7.243.240 - - [16/Aug/2026:19:46:28 +0700] "GET /.well-known/pki-validation/file.php?dir=CAAusrCAAlocalCAAapacheCAAhtdocs HTTP/1.1" 200 4819 "https://star4hire.com/.well-known/pki-validation/file.php?dir=CAAusrCAAlocalCAAapache" "Mozilla/5.0 AppleWebKit/537.36 (KHTML, like Gecko; compatible; GPTBot/1.4; +https://openai.com/gptbot)"
74.7.241.14 - - [16/Aug/2026:19:46:29 +0700] "GET /hello/file.php?dir=CAAhomeCAAqtdcvxypCAApublic_htmlCAAsmsCAAsystemCAAlanguageCAAdanish HTTP/1.1" 200 5215 "https://www.star4hire.com/hello/file.php?dir=CAAhomeCAAqtdcvxypCAApublic_htmlCAAsmsCAAsystemCAAlanguage" "Mozilla/5.0 AppleWebKit/537.36 (KHTML, like Gecko; compatible; GPTBot/1.4; +https://openai.com/gptbot)"
74.7.243.240 - - [16/Aug/2026:19:46:29 +0700] "GET /.well-known/pki-validation/file.php?dir=CAAhomeCAAqtdcvxypCAApublic_htmlCAAscreeningtest HTTP/1.1" 200 4250 "https://star4hire.com/.well-known/pki-validation/file.php?dir=CAAhomeCAAqtdcvxypCAApublic_html" "Mozilla/5.0 AppleWebKit/537.36 (KHTML, like Gecko; compatible; GPTBot/1.4; +https://openai.com/gptbot)"
74.7.241.14 - - [16/Aug/2026:19:46:29 +0700] "GET /harisjr/file.php?dir=CAAhomeCAAqtdcvxypCAApublic_htmlCAAsmsCAAsystemCAAlanguageCAAturkish HTTP/1.1" 200 5221 "https://www.star4hire.com/harisjr/file.php?dir=CAAhomeCAAqtdcvxypCAApublic_htmlCAAsmsCAAsystemCAAlanguage" "Mozilla/5.0 AppleWebKit/537.36 (KHTML, like Gecko; compatible; GPTBot/1.4; +https://openai.com/gptbot)"
85.208.96.199 - - [16/Aug/2026:19:46:29 +0700] "GET /wp-includes/SimplePie/file.php?dir=CAAusrCAAlibCAAfirmwareCAAqcomCAAqcs9100 HTTP/1.1" 404 277 "-" "Mozilla/5.0 (compatible; SemrushBot/7~bl; +http://www.semrush.com/bot.html)"
74.7.243.240 - - [16/Aug/2026:19:46:30 +0700] "GET /.well-known/pki-validation/file.php?dir=CAAhomeCAAqtdcvxypCAARAAcagefsCAAvarCAAcache HTTP/1.1" 200 4394 "https://star4hire.com/.well-known/pki-validation/file.php?dir=CAAhomeCAAqtdcvxypCAARAAcagefsCAAvar" "Mozilla/5.0 AppleWebKit/537.36 (KHTML, like Gecko; compatible; GPTBot/1.4; +https://openai.com/gptbot)"
74.7.241.14 - - [16/Aug/2026:19:46:30 +0700] "GET /hello/file.php?dir=CAAhomeCAAqtdcvxypCAApublic_htmlCAAsmsCAAsystemCAAlanguageCAAspanish HTTP/1.1" 200 5219 "https://www.star4hire.com/hello/file.php?dir=CAAhomeCAAqtdcvxypCAApublic_htmlCAAsmsCAAsystemCAAlanguage" "Mozilla/5.0 AppleWebKit/537.36 (KHTML, like Gecko; compatible; GPTBot/1.4; +https://openai.com/gptbot)"
74.7.243.240 - - [16/Aug/2026:19:46:30 +0700] "GET /.well-known/pki-validation/file.php?dir=CAAhomeCAAqtdcvxypCAARAAcagefsCAAvarCAAlog HTTP/1.1" 200 4865 "https://star4hire.com/.well-known/pki-validation/file.php?dir=CAAhomeCAAqtdcvxypCAARAAcagefsCAAvar" "Mozilla/5.0 AppleWebKit/537.36 (KHTML, like Gecko; compatible; GPTBot/1.4; +https://openai.com/gptbot)"
74.7.241.14 - - [16/Aug/2026:19:46:31 +0700] "GET /harisjr/file.php?dir=CAAhomeCAAqtdcvxypCAApublic_htmlCAAsmsCAAsystemCAAlanguageCAAkhmer HTTP/1.1" 200 5224 "https://www.star4hire.com/harisjr/file.php?dir=CAAhomeCAAqtdcvxypCAApublic_htmlCAAsmsCAAsystemCAAlanguage" "Mozilla/5.0 AppleWebKit/537.36 (KHTML, like Gecko; compatible; GPTBot/1.4; +https://openai.com/gptbot)"
74.7.243.240 - - [16/Aug/2026:19:46:31 +0700] "GET /.well-known/pki-validation/file.php?dir=CAAhomeCAAqtdcvxypCAARAAcagefsCAAtmp&edit=mysql.sock HTTP/1.1" 200 3051 "https://star4hire.com/.well-known/pki-validation/file.php?dir=CAAhomeCAAqtdcvxypCAARAAcagefsCAAtmp" "Mozilla/5.0 AppleWebKit/537.36 (KHTML, like Gecko; compatible; GPTBot/1.4; +https://openai.com/gptbot)"
74.7.241.14 - - [16/Aug/2026:19:46:31 +0700] "GET /harisjr/file.php?dir=CAAhomeCAAqtdcvxypCAApublic_htmlCAAsmsCAAsystemCAAlanguageCAAserbian HTTP/1.1" 200 5223 "https://www.star4hire.com/harisjr/file.php?dir=CAAhomeCAAqtdcvxypCAApublic_htmlCAAsmsCAAsystemCAAlanguage" "Mozilla/5.0 AppleWebKit/537.36 (KHTML, like Gecko; compatible; GPTBot/1.4; +https://openai.com/gptbot)"
74.7.243.240 - - [16/Aug/2026:19:46:32 +0700] "GET /.well-known/pki-validation/file.php?action=download&dir=CAAhomeCAAqtdcvxypCAARAAcagefsCAAtmp&file=ci_session5652eb5ede762e1ff3c7049edd4dcbe016c0bda9 HTTP/1.1" 200 52 "https://star4hire.com/.well-known/pki-validation/file.php?dir=CAAhomeCAAqtdcvxypCAARAAcagefsCAAtmp" "Mozilla/5.0 AppleWebKit/537.36 (KHTML, like Gecko; compatible; GPTBot/1.4; +https://openai.com/gptbot)"
74.7.241.14 - - [16/Aug/2026:19:46:32 +0700] "GET /hello/file.php?dir=CAAhomeCAAqtdcvxypCAApublic_htmlCAAsmsCAAsystemCAAlanguageCAAdutch HTTP/1.1" 200 5216 "https://www.star4hire.com/hello/file.php?dir=CAAhomeCAAqtdcvxypCAApublic_htmlCAAsmsCAAsystemCAAlanguage" "Mozilla/5.0 AppleWebKit/537.36 (KHTML, like Gecko; compatible; GPTBot/1.4; +https://openai.com/gptbot)"
74.7.243.240 - - [16/Aug/2026:19:46:32 +0700] "GET /.well-known/pki-validation/file.php?dir=CAAhomeCAAqtdcvxypCAARAAsoftaculousCAAauto_backups HTTP/1.1" 200 4368 "https://star4hire.com/.well-known/pki-validation/file.php?dir=CAAhomeCAAqtdcvxypCAARAAsoftaculous" "Mozilla/5.0 AppleWebKit/537.36 (KHTML, like Gecko; compatible; GPTBot/1.4; +https://openai.com/gptbot)"
74.7.241.14 - - [16/Aug/2026:19:46:33 +0700] "GET /harisjr/file.php?dir=CAAhomeCAAqtdcvxypCAApublic_htmlCAAsmsCAAbackendCAAthemesCAAdefault HTTP/1.1" 200 4489 "https://www.star4hire.com/harisjr/file.php?dir=CAAhomeCAAqtdcvxypCAApublic_htmlCAAsmsCAAbackendCAAthemes" "Mozilla/5.0 AppleWebKit/537.36 (KHTML, like Gecko; compatible; GPTBot/1.4; +https://openai.com/gptbot)"
74.7.241.14 - - [16/Aug/2026:19:46:33 +0700] "GET /hello/file.php?dir=CAAhomeCAAqtdcvxypCAApublic_htmlCAAsmsCAAsystemCAAlanguageCAAslovak HTTP/1.1" 200 5215 "https://www.star4hire.com/hello/file.php?dir=CAAhomeCAAqtdcvxypCAApublic_htmlCAAsmsCAAsystemCAAlanguage" "Mozilla/5.0 AppleWebKit/537.36 (KHTML, like Gecko; compatible; GPTBot/1.4; +https://openai.com/gptbot)"
74.7.241.14 - - [16/Aug/2026:19:46:34 +0700] "GET /hello/file.php?dir=CAAhomeCAAqtdcvxypCAApublic_htmlCAAsmsCAAsystemCAAlanguageCAAthai HTTP/1.1" 200 5215 "https://www.star4hire.com/hello/file.php?dir=CAAhomeCAAqtdcvxypCAApublic_htmlCAAsmsCAAsystemCAAlanguage" "Mozilla/5.0 AppleWebKit/537.36 (KHTML, like Gecko; compatible; GPTBot/1.4; +https://openai.com/gptbot)"
74.7.243.240 - - [16/Aug/2026:19:46:34 +0700] "GET /.well-known/pki-validation/file.php?dir=CAAhomeCAAqtdcvxypCAApublic_htmlCAAsmsCAAbackendCAAbootstrap HTTP/1.1" 429 267 "https://star4hire.com/.well-known/pki-validation/file.php?dir=CAAhomeCAAqtdcvxypCAApublic_htmlCAAsmsCAAbackend" "Mozilla/5.0 AppleWebKit/537.36 (KHTML, like Gecko; compatible; GPTBot/1.4; +https://openai.com/gptbot)"
74.7.241.14 - - [16/Aug/2026:19:46:35 +0700] "GET /hello/file.php?dir=CAAhomeCAAqtdcvxypCAApublic_htmlCAAsmsCAAbackendCAAbootstrapCAAfonts HTTP/1.1" 200 4577 "https://www.star4hire.com/hello/file.php?dir=CAAhomeCAAqtdcvxypCAApublic_htmlCAAsmsCAAbackendCAAbootstrap" "Mozilla/5.0 AppleWebKit/537.36 (KHTML, like Gecko; compatible; GPTBot/1.4; +https://openai.com/gptbot)"
74.7.243.240 - - [16/Aug/2026:19:46:35 +0700] "GET /.well-known/pki-validation/file.php?dir=CAAhomeCAAqtdcvxypCAApublic_htmlCAAsmsCAAbackupCAAtemp_uploaded HTTP/1.1" 200 3888 "https://star4hire.com/.well-known/pki-validation/file.php?dir=CAAhomeCAAqtdcvxypCAApublic_htmlCAAsmsCAAbackup" "Mozilla/5.0 AppleWebKit/537.36 (KHTML, like Gecko; compatible; GPTBot/1.4; +https://openai.com/gptbot)"
74.7.241.14 - - [16/Aug/2026:19:46:36 +0700] "GET /hello/file.php?dir=CAAhomeCAAqtdcvxypCAApublic_htmlCAAsmsCAAsystemCAAlanguageCAAcroatian HTTP/1.1" 200 5213 "https://www.star4hire.com/hello/file.php?dir=CAAhomeCAAqtdcvxypCAApublic_htmlCAAsmsCAAsystemCAAlanguage" "Mozilla/5.0 AppleWebKit/537.36 (KHTML, like Gecko; compatible; GPTBot/1.4; +https://openai.com/gptbot)"
74.7.241.14 - - [16/Aug/2026:19:46:36 +0700] "GET /hello/file.php?dir=CAAhomeCAAqtdcvxypCAApublic_htmlCAAsmsCAAsystemCAAlanguageCAAdanish&edit=pagination_lang.php HTTP/1.1" 200 3383 "https://www.star4hire.com/hello/file.php?dir=CAAhomeCAAqtdcvxypCAApublic_htmlCAAsmsCAAsystemCAAlanguageCAAdanish" "Mozilla/5.0 AppleWebKit/537.36 (KHTML, like Gecko; compatible; GPTBot/1.4; +https://openai.com/gptbot)"
74.7.243.240 - - [16/Aug/2026:19:46:36 +0700] "GET /.well-known/pki-validation/file.php?dir=CAAvarCAAwwwCAAhtml&edit=401.shtml HTTP/1.1" 200 3127 "https://star4hire.com/.well-known/pki-validation/file.php?dir=CAAusrCAAlocalCAAapacheCAAhtdocs" "Mozilla/5.0 AppleWebKit/537.36 (KHTML, like Gecko; compatible; GPTBot/1.4; +https://openai.com/gptbot)"
74.7.241.14 - - [16/Aug/2026:19:46:37 +0700] "GET /hello/file.php?dir=CAAhomeCAAqtdcvxypCAApublic_htmlCAAsmsCAAsystemCAAlanguageCAAdanish&edit=db_lang.php HTTP/1.1" 200 4138 "https://www.star4hire.com/hello/file.php?dir=CAAhomeCAAqtdcvxypCAApublic_htmlCAAsmsCAAsystemCAAlanguageCAAdanish" "Mozilla/5.0 AppleWebKit/537.36 (KHTML, like Gecko; compatible; GPTBot/1.4; +https://openai.com/gptbot)"
74.7.241.14 - - [16/Aug/2026:19:46:37 +0700] "GET /hello/file.php?dir=CAAhomeCAAqtdcvxypCAApublic_htmlCAAsmsCAAsystemCAAlanguageCAAserbian HTTP/1.1" 200 5217 "https://www.star4hire.com/hello/file.php?dir=CAAhomeCAAqtdcvxypCAApublic_htmlCAAsmsCAAsystemCAAlanguage" "Mozilla/5.0 AppleWebKit/537.36 (KHTML, like Gecko; compatible; GPTBot/1.4; +https://openai.com/gptbot)"
74.7.241.14 - - [16/Aug/2026:19:46:38 +0700] "GET /harisjr/file.php?dir=CAAhomeCAAqtdcvxypCAApublic_htmlCAAsmsCAAsystemCAAlanguageCAAkhmer&edit=email_lang.php HTTP/1.1" 200 4165 "https://www.star4hire.com/harisjr/file.php?dir=CAAhomeCAAqtdcvxypCAApublic_htmlCAAsmsCAAsystemCAAlanguageCAAkhmer" "Mozilla/5.0 AppleWebKit/537.36 (KHTML, like Gecko; compatible; GPTBot/1.4; +https://openai.com/gptbot)"
74.7.243.240 - - [16/Aug/2026:19:46:38 +0700] "GET /.well-known/pki-validation/file.php?dir=CAAvarCAAwwwCAAhtml&edit=413.shtml HTTP/1.1" 200 3131 "https://star4hire.com/.well-known/pki-validation/file.php?dir=CAAusrCAAlocalCAAapacheCAAhtdocs" "Mozilla/5.0 AppleWebKit/537.36 (KHTML, like Gecko; compatible; GPTBot/1.4; +https://openai.com/gptbot)"
74.7.241.14 - - [16/Aug/2026:19:46:38 +0700] "GET /harisjr/file.php?dir=CAAhomeCAAqtdcvxypCAApublic_htmlCAAsmsCAAsystemCAAlanguageCAAtamil HTTP/1.1" 200 5226 "https://www.star4hire.com/harisjr/file.php?dir=CAAhomeCAAqtdcvxypCAApublic_htmlCAAsmsCAAsystemCAAlanguage" "Mozilla/5.0 AppleWebKit/537.36 (KHTML, like Gecko; compatible; GPTBot/1.4; +https://openai.com/gptbot)"
74.7.241.14 - - [16/Aug/2026:19:46:39 +0700] "GET /harisjr/file.php?dir=CAAhomeCAAqtdcvxypCAApublic_htmlCAAsmsCAAsystemCAAlanguageCAAarabic HTTP/1.1" 200 5223 "https://www.star4hire.com/harisjr/file.php?dir=CAAhomeCAAqtdcvxypCAApublic_htmlCAAsmsCAAsystemCAAlanguage" "Mozilla/5.0 AppleWebKit/537.36 (KHTML, like Gecko; compatible; GPTBot/1.4; +https://openai.com/gptbot)"
74.7.243.240 - - [16/Aug/2026:19:46:39 +0700] "GET /.well-known/pki-validation/file.php?dir=CAAvarCAAwwwCAAhtml&edit=403.shtml HTTP/1.1" 200 3117 "https://star4hire.com/.well-known/pki-validation/file.php?dir=CAAusrCAAlocalCAAapacheCAAhtdocs" "Mozilla/5.0 AppleWebKit/537.36 (KHTML, like Gecko; compatible; GPTBot/1.4; +https://openai.com/gptbot)"
74.7.241.14 - - [16/Aug/2026:19:46:40 +0700] "GET /harisjr/file.php?dir=CAAhomeCAAqtdcvxypCAApublic_htmlCAAsmsCAAbackendCAAthemesCAAdefaultCAAdatepicker HTTP/1.1" 200 4398 "https://www.star4hire.com/harisjr/file.php?dir=CAAhomeCAAqtdcvxypCAApublic_htmlCAAsmsCAAbackendCAAthemesCAAdefault" "Mozilla/5.0 AppleWebKit/537.36 (KHTML, like Gecko; compatible; GPTBot/1.4; +https://openai.com/gptbot)"
74.7.241.14 - - [16/Aug/2026:19:46:40 +0700] "GET /hello/file.php?dir=CAAhomeCAAqtdcvxypCAApublic_htmlCAAsmsCAAsystemCAAlanguageCAAarmenian HTTP/1.1" 200 5222 "https://www.star4hire.com/hello/file.php?dir=CAAhomeCAAqtdcvxypCAApublic_htmlCAAsmsCAAsystemCAAlanguage" "Mozilla/5.0 AppleWebKit/537.36 (KHTML, like Gecko; compatible; GPTBot/1.4; +https://openai.com/gptbot)"
74.7.243.240 - - [16/Aug/2026:19:46:40 +0700] "GET /.well-known/pki-validation/file.php?dir=CAAvarCAAwwwCAAhtml&edit=400.shtml HTTP/1.1" 200 3127 "https://star4hire.com/.well-known/pki-validation/file.php?dir=CAAusrCAAlocalCAAapacheCAAhtdocs" "Mozilla/5.0 AppleWebKit/537.36 (KHTML, like Gecko; compatible; GPTBot/1.4; +https://openai.com/gptbot)"
74.7.243.227 - - [16/Aug/2026:19:46:41 +0700] "GET /index.php?dir=CAAhomeCAAqtdcvxypCAAdreamleapRAAstar4hireRAAcomCAAwp-contentCAApluginsCAAcontact-form-7CAAincludesCAAswv&edit=swv.php HTTP/1.1" 404 31 "https://mail.star4hire.com/index.php?dir=CAAhomeCAAqtdcvxypCAAdreamleapRAAstar4hireRAAcomCAAwp-contentCAApluginsCAAcontact-form-7CAAincludesCAAswv" "Mozilla/5.0 AppleWebKit/537.36 (KHTML, like Gecko; compatible; GPTBot/1.4; +https://openai.com/gptbot)"
74.7.241.14 - - [16/Aug/2026:19:46:41 +0700] "GET /harisjr/file.php?dir=CAAhomeCAAqtdcvxypCAApublic_htmlCAAsmsCAAbackendCAApluginsCAApace HTTP/1.1" 200 4276 "https://www.star4hire.com/harisjr/file.php?dir=CAAhomeCAAqtdcvxypCAApublic_htmlCAAsmsCAAbackendCAAplugins" "Mozilla/5.0 AppleWebKit/537.36 (KHTML, like Gecko; compatible; GPTBot/1.4; +https://openai.com/gptbot)"
74.7.243.240 - - [16/Aug/2026:19:46:42 +0700] "GET /.well-known/pki-validation/file.php?dir=CAAvarCAAwwwCAAhtml&edit=500.shtml HTTP/1.1" 200 3135 "https://star4hire.com/.well-known/pki-validation/file.php?dir=CAAusrCAAlocalCAAapacheCAAhtdocs" "Mozilla/5.0 AppleWebKit/537.36 (KHTML, like Gecko; compatible; GPTBot/1.4; +https://openai.com/gptbot)"
74.7.241.14 - - [16/Aug/2026:19:46:42 +0700] "GET /hello/file.php?dir=CAAhomeCAAqtdcvxypCAApublic_htmlCAAsmsCAAsystemCAAlanguageCAAfilipino HTTP/1.1" 200 5215 "https://www.star4hire.com/hello/file.php?dir=CAAhomeCAAqtdcvxypCAApublic_htmlCAAsmsCAAsystemCAAlanguage" "Mozilla/5.0 AppleWebKit/537.36 (KHTML, like Gecko; compatible; GPTBot/1.4; +https://openai.com/gptbot)"
74.7.241.14 - - [16/Aug/2026:19:46:42 +0700] "GET /hello/file.php?action=download&dir=CAAhomeCAAqtdcvxypCAApublic_htmlCAAsmsCAAsystemCAAlanguageCAAcroatian&file=migration_lang.php HTTP/1.1" 200 526 "https://www.star4hire.com/hello/file.php?dir=CAAhomeCAAqtdcvxypCAApublic_htmlCAAsmsCAAsystemCAAlanguageCAAcroatian" "Mozilla/5.0 AppleWebKit/537.36 (KHTML, like Gecko; compatible; GPTBot/1.4; +https://openai.com/gptbot)"
74.7.243.240 - - [16/Aug/2026:19:46:42 +0700] "GET /.well-known/pki-validation/file.php?dir=CAAvarCAAwwwCAAhtml&edit=404.shtml HTTP/1.1" 200 3124 "https://star4hire.com/.well-known/pki-validation/file.php?dir=CAAusrCAAlocalCAAapacheCAAhtdocs" "Mozilla/5.0 AppleWebKit/537.36 (KHTML, like Gecko; compatible; GPTBot/1.4; +https://openai.com/gptbot)"
74.7.241.14 - - [16/Aug/2026:19:46:43 +0700] "GET /harisjr/file.php?dir=CAAhomeCAAqtdcvxypCAApublic_htmlCAAsmsCAAaaCAAsystemCAAlanguage HTTP/1.1" 200 6255 "https://www.star4hire.com/harisjr/file.php?dir=CAAhomeCAAqtdcvxypCAApublic_htmlCAAsmsCAAaaCAAsystem" "Mozilla/5.0 AppleWebKit/537.36 (KHTML, like Gecko; compatible; GPTBot/1.4; +https://openai.com/gptbot)"
74.7.243.240 - - [16/Aug/2026:19:46:43 +0700] "GET /.well-known/pki-validation/file.php?dir=CAAhomeCAAqtdcvxypCAApublic_htmlCAAsmsCAAbackendCAAplugins HTTP/1.1" 200 5339 "https://star4hire.com/.well-known/pki-validation/file.php?dir=CAAhomeCAAqtdcvxypCAApublic_htmlCAAsmsCAAbackend" "Mozilla/5.0 AppleWebKit/537.36 (KHTML, like Gecko; compatible; GPTBot/1.4; +https://openai.com/gptbot)"
74.7.241.14 - - [16/Aug/2026:19:46:43 +0700] "GET /hello/file.php?dir=CAAhomeCAAqtdcvxypCAApublic_htmlCAAsmsCAAsystemCAAlanguageCAAswedish HTTP/1.1" 200 5217 "https://www.star4hire.com/hello/file.php?dir=CAAhomeCAAqtdcvxypCAApublic_htmlCAAsmsCAAsystemCAAlanguage" "Mozilla/5.0 AppleWebKit/537.36 (KHTML, like Gecko; compatible; GPTBot/1.4; +https://openai.com/gptbot)"
74.7.243.240 - - [16/Aug/2026:19:46:44 +0700] "GET /.well-known/pki-validation/file.php?dir=CAAhomeCAAqtdcvxypCAApublic_htmlCAAsmsCAAbackendCAAreport HTTP/1.1" 200 4305 "https://star4hire.com/.well-known/pki-validation/file.php?dir=CAAhomeCAAqtdcvxypCAApublic_htmlCAAsmsCAAbackend" "Mozilla/5.0 AppleWebKit/537.36 (KHTML, like Gecko; compatible; GPTBot/1.4; +https://openai.com/gptbot)"
74.7.241.14 - - [16/Aug/2026:19:46:44 +0700] "GET /hello/file.php?dir=CAAhomeCAAqtdcvxypCAApublic_htmlCAAsmsCAAbackendCAApluginsCAAknob HTTP/1.1" 200 4280 "https://www.star4hire.com/hello/file.php?dir=CAAhomeCAAqtdcvxypCAApublic_htmlCAAsmsCAAbackendCAAplugins" "Mozilla/5.0 AppleWebKit/537.36 (KHTML, like Gecko; compatible; GPTBot/1.4; +https://openai.com/gptbot)"
74.7.241.14 - - [16/Aug/2026:19:46:45 +0700] "GET /harisjr/file.php?dir=CAAhomeCAAqtdcvxypCAApublic_htmlCAAsmsCAAaaCAAapplicationCAAlogs HTTP/1.1" 200 4274 "https://www.star4hire.com/harisjr/file.php?dir=CAAhomeCAAqtdcvxypCAApublic_htmlCAAsmsCAAaaCAAapplication" "Mozilla/5.0 AppleWebKit/537.36 (KHTML, like Gecko; compatible; GPTBot/1.4; +https://openai.com/gptbot)"
74.7.243.240 - - [16/Aug/2026:19:46:45 +0700] "GET /.well-known/pki-validation/file.php?dir=CAAhomeCAAqtdcvxypCAApublic_htmlCAAsmsCAAbackendCAAthemes HTTP/1.1" 200 4484 "https://star4hire.com/.well-known/pki-validation/file.php?dir=CAAhomeCAAqtdcvxypCAApublic_htmlCAAsmsCAAbackend" "Mozilla/5.0 AppleWebKit/537.36 (KHTML, like Gecko; compatible; GPTBot/1.4; +https://openai.com/gptbot)"
85.208.96.210 - - [16/Aug/2026:19:46:46 +0700] "GET /wp-includes/sodium_compat/file.php?dir=CAAvarCAAsoftaculousCAApunbb HTTP/1.1" 404 277 "-" "Mozilla/5.0 (compatible; SemrushBot/7~bl; +http://www.semrush.com/bot.html)"
74.7.241.14 - - [16/Aug/2026:19:46:46 +0700] "GET /harisjr/file.php?dir=CAAhomeCAAqtdcvxypCAApublic_htmlCAAsmsCAAuploadsCAAcertificate HTTP/1.1" 200 4385 "https://www.star4hire.com/harisjr/file.php?dir=CAAhomeCAAqtdcvxypCAApublic_htmlCAAsmsCAAuploads" "Mozilla/5.0 AppleWebKit/537.36 (KHTML, like Gecko; compatible; GPTBot/1.4; +https://openai.com/gptbot)"
74.7.243.240 - - [16/Aug/2026:19:46:46 +0700] "GET /.well-known/pki-validation/file.php?dir=CAAhomeCAAqtdcvxypCAApublic_htmlCAAsmsCAAbackendCAAcalender HTTP/1.1" 200 4586 "https://star4hire.com/.well-known/pki-validation/file.php?dir=CAAhomeCAAqtdcvxypCAApublic_htmlCAAsmsCAAbackend" "Mozilla/5.0 AppleWebKit/537.36 (KHTML, like Gecko; compatible; GPTBot/1.4; +https://openai.com/gptbot)"
74.7.241.14 - - [16/Aug/2026:19:46:46 +0700] "GET /harisjr/file.php?action=download&dir=CAAhomeCAAqtdcvxypCAApublic_htmlCAAsmsCAAsystemCAAlanguageCAAarabic&file=date_lang.php HTTP/1.1" 200 1298 "https://www.star4hire.com/harisjr/file.php?dir=CAAhomeCAAqtdcvxypCAApublic_htmlCAAsmsCAAsystemCAAlanguageCAAarabic" "Mozilla/5.0 AppleWebKit/537.36 (KHTML, like Gecko; compatible; GPTBot/1.4; +https://openai.com/gptbot)"
74.7.243.240 - - [16/Aug/2026:19:46:47 +0700] "GET /.well-known/pki-validation/file.php?dir=CAAhomeCAAqtdcvxypCAApublic_htmlCAAsmsCAAbackendCAAimport HTTP/1.1" 200 4643 "https://star4hire.com/.well-known/pki-validation/file.php?dir=CAAhomeCAAqtdcvxypCAApublic_htmlCAAsmsCAAbackend" "Mozilla/5.0 AppleWebKit/537.36 (KHTML, like Gecko; compatible; GPTBot/1.4; +https://openai.com/gptbot)"
74.7.241.14 - - [16/Aug/2026:19:46:47 +0700] "GET /harisjr/file.php?dir=CAAhomeCAAqtdcvxypCAApublic_htmlCAAsmsCAAsystemCAAlanguageCAAbengali HTTP/1.1" 200 5226 "https://www.star4hire.com/harisjr/file.php?dir=CAAhomeCAAqtdcvxypCAApublic_htmlCAAsmsCAAsystemCAAlanguage" "Mozilla/5.0 AppleWebKit/537.36 (KHTML, like Gecko; compatible; GPTBot/1.4; +https://openai.com/gptbot)"
74.7.243.240 - - [16/Aug/2026:19:46:47 +0700] "GET /.well-known/pki-validation/file.php?dir=CAAhomeCAAqtdcvxypCAApublic_htmlCAAsmsCAAbackendCAAcustom HTTP/1.1" 200 4471 "https://star4hire.com/.well-known/pki-validation/file.php?dir=CAAhomeCAAqtdcvxypCAApublic_htmlCAAsmsCAAbackend" "Mozilla/5.0 AppleWebKit/537.36 (KHTML, like Gecko; compatible; GPTBot/1.4; +https://openai.com/gptbot)"
74.7.241.14 - - [16/Aug/2026:19:46:48 +0700] "GET /hello/file.php?action=download&dir=CAAhomeCAAqtdcvxypCAApublic_htmlCAAsmsCAAsystemCAAlanguageCAAarmenian&file=unit_test_lang.php HTTP/1.1" 200 576 "https://www.star4hire.com/hello/file.php?dir=CAAhomeCAAqtdcvxypCAApublic_htmlCAAsmsCAAsystemCAAlanguageCAAarmenian" "Mozilla/5.0 AppleWebKit/537.36 (KHTML, like Gecko; compatible; GPTBot/1.4; +https://openai.com/gptbot)"
74.7.243.240 - - [16/Aug/2026:19:46:48 +0700] "GET /.well-known/pki-validation/file.php?dir=CAAhomeCAAqtdcvxypCAApublic_htmlCAAsmsCAAbackendCAAimages HTTP/1.1" 200 8500 "https://star4hire.com/.well-known/pki-validation/file.php?dir=CAAhomeCAAqtdcvxypCAApublic_htmlCAAsmsCAAbackend" "Mozilla/5.0 AppleWebKit/537.36 (KHTML, like Gecko; compatible; GPTBot/1.4; +https://openai.com/gptbot)"
74.7.241.14 - - [16/Aug/2026:19:46:48 +0700] "GET /hello/file.php?dir=CAAhomeCAAqtdcvxypCAApublic_htmlCAAsmsCAAsystemCAAlanguageCAAhindi HTTP/1.1" 200 5213 "https://www.star4hire.com/hello/file.php?dir=CAAhomeCAAqtdcvxypCAApublic_htmlCAAsmsCAAsystemCAAlanguage" "Mozilla/5.0 AppleWebKit/537.36 (KHTML, like Gecko; compatible; GPTBot/1.4; +https://openai.com/gptbot)"
74.7.243.240 - - [16/Aug/2026:19:46:49 +0700] "GET /.well-known/pki-validation/file.php?dir=CAAhomeCAAqtdcvxypCAApublic_htmlCAAsmsCAAbackendCAAdatepicker HTTP/1.1" 200 4455 "https://star4hire.com/.well-known/pki-validation/file.php?dir=CAAhomeCAAqtdcvxypCAApublic_htmlCAAsmsCAAbackend" "Mozilla/5.0 AppleWebKit/537.36 (KHTML, like Gecko; compatible; GPTBot/1.4; +https://openai.com/gptbot)"
216.73.216.10 - - [16/Aug/2026:19:46:49 +0700] "GET /file.php?dir=CAAsmsCAAaaCAAapplicationCAAviewsCAAuserCAAtimetable&edit=timetableList.php HTTP/1.1" 200 3870 "-" "Mozilla/5.0 AppleWebKit/537.36 (KHTML, like Gecko; compatible; ClaudeBot/1.0; +claudebot@anthropic.com)"
74.7.241.14 - - [16/Aug/2026:19:46:49 +0700] "GET /hello/file.php?dir=CAAhomeCAAqtdcvxypCAApublic_htmlCAAsmsCAAbackendCAAthemesCAAdarkgray HTTP/1.1" 200 4487 "https://www.star4hire.com/hello/file.php?dir=CAAhomeCAAqtdcvxypCAApublic_htmlCAAsmsCAAbackendCAAthemes" "Mozilla/5.0 AppleWebKit/537.36 (KHTML, like Gecko; compatible; GPTBot/1.4; +https://openai.com/gptbot)"
74.7.243.240 - - [16/Aug/2026:19:46:49 +0700] "GET /.well-known/pki-validation/file.php?dir=CAAhomeCAAqtdcvxypCAARAAcagefsCAAvarCAAcacheCAAphp-eaccelerator HTTP/1.1" 200 3893 "https://star4hire.com/.well-known/pki-validation/file.php?dir=CAAhomeCAAqtdcvxypCAARAAcagefsCAAvarCAAcache" "Mozilla/5.0 AppleWebKit/537.36 (KHTML, like Gecko; compatible; GPTBot/1.4; +https://openai.com/gptbot)"
74.7.241.14 - - [16/Aug/2026:19:46:50 +0700] "GET /hello/file.php?dir=CAAhomeCAAqtdcvxypCAApublic_htmlCAAsmsCAAsystemCAAlanguageCAAukrainian HTTP/1.1" 200 5223 "https://www.star4hire.com/hello/file.php?dir=CAAhomeCAAqtdcvxypCAApublic_htmlCAAsmsCAAsystemCAAlanguage" "Mozilla/5.0 AppleWebKit/537.36 (KHTML, like Gecko; compatible; GPTBot/1.4; +https://openai.com/gptbot)"
74.7.243.240 - - [16/Aug/2026:19:46:50 +0700] "GET /.well-known/pki-validation/file.php?dir=CAAhomeCAAqtdcvxypCAApublic_htmlCAAsmsCAAbackendCAAusertemplate HTTP/1.1" 200 4217 "https://star4hire.com/.well-known/pki-validation/file.php?dir=CAAhomeCAAqtdcvxypCAApublic_htmlCAAsmsCAAbackend" "Mozilla/5.0 AppleWebKit/537.36 (KHTML, like Gecko; compatible; GPTBot/1.4; +https://openai.com/gptbot)"
74.7.241.14 - - [16/Aug/2026:19:46:50 +0700] "GET /hello/file.php?dir=CAAhomeCAAqtdcvxypCAApublic_htmlCAAsmsCAAsystemCAAlanguageCAAjapanese HTTP/1.1" 200 5216 "https://www.star4hire.com/hello/file.php?dir=CAAhomeCAAqtdcvxypCAApublic_htmlCAAsmsCAAsystemCAAlanguage" "Mozilla/5.0 AppleWebKit/537.36 (KHTML, like Gecko; compatible; GPTBot/1.4; +https://openai.com/gptbot)"
74.7.243.240 - - [16/Aug/2026:19:46:51 +0700] "GET /.well-known/pki-validation/file.php?dir=CAAhomeCAAqtdcvxypCAApublic_htmlCAAsmsCAAbackendCAAfullcalendar HTTP/1.1" 200 5038 "https://star4hire.com/.well-known/pki-validation/file.php?dir=CAAhomeCAAqtdcvxypCAApublic_htmlCAAsmsCAAbackend" "Mozilla/5.0 AppleWebKit/537.36 (KHTML, like Gecko; compatible; GPTBot/1.4; +https://openai.com/gptbot)"
74.7.241.14 - - [16/Aug/2026:19:46:51 +0700] "GET /harisjr/file.php?dir=CAAhomeCAAqtdcvxypCAApublic_htmlCAAsmsCAAsystemCAAlanguageCAAenglish HTTP/1.1" 200 5211 "https://www.star4hire.com/harisjr/file.php?dir=CAAhomeCAAqtdcvxypCAApublic_htmlCAAsmsCAAsystemCAAlanguage" "Mozilla/5.0 AppleWebKit/537.36 (KHTML, like Gecko; compatible; GPTBot/1.4; +https://openai.com/gptbot)"
202.43.248.178 - - [16/Aug/2026:19:46:51 +0700] "GET / HTTP/1.1" 200 2624 "-" "Uptime-Kuma/1.17.1"
74.7.243.240 - - [16/Aug/2026:19:46:52 +0700] "GET /.well-known/pki-validation/file.php?dir=CAAhomeCAAqtdcvxypCAApublic_htmlCAAsmsCAAbackendCAApluginsCAAjQueryUI HTTP/1.1" 200 4393 "https://star4hire.com/.well-known/pki-validation/file.php?dir=CAAhomeCAAqtdcvxypCAApublic_htmlCAAsmsCAAbackendCAAplugins" "Mozilla/5.0 AppleWebKit/537.36 (KHTML, like Gecko; compatible; GPTBot/1.4; +https://openai.com/gptbot)"
74.7.241.14 - - [16/Aug/2026:19:46:52 +0700] "GET /hello/file.php?dir=CAAhomeCAAqtdcvxypCAApublic_htmlCAAsmsCAAsystemCAAlanguageCAArussian HTTP/1.1" 200 5223 "https://www.star4hire.com/hello/file.php?dir=CAAhomeCAAqtdcvxypCAApublic_htmlCAAsmsCAAsystemCAAlanguage" "Mozilla/5.0 AppleWebKit/537.36 (KHTML, like Gecko; compatible; GPTBot/1.4; +https://openai.com/gptbot)"
74.7.243.240 - - [16/Aug/2026:19:46:52 +0700] "GET /.well-known/pki-validation/file.php?dir=CAAhomeCAAqtdcvxypCAApublic_htmlCAAsmsCAAbackendCAApluginsCAAdaterangepicker HTTP/1.1" 200 4633 "https://star4hire.com/.well-known/pki-validation/file.php?dir=CAAhomeCAAqtdcvxypCAApublic_htmlCAAsmsCAAbackendCAAplugins" "Mozilla/5.0 AppleWebKit/537.36 (KHTML, like Gecko; compatible; GPTBot/1.4; +https://openai.com/gptbot)"
74.7.241.14 - - [16/Aug/2026:19:46:53 +0700] "GET /hello/file.php?dir=CAAhomeCAAqtdcvxypCAApublic_htmlCAAsmsCAAsystemCAAlanguageCAAgreek HTTP/1.1" 200 5224 "https://www.star4hire.com/hello/file.php?dir=CAAhomeCAAqtdcvxypCAApublic_htmlCAAsmsCAAsystemCAAlanguage" "Mozilla/5.0 AppleWebKit/537.36 (KHTML, like Gecko; compatible; GPTBot/1.4; +https://openai.com/gptbot)"
74.7.243.240 - - [16/Aug/2026:19:46:53 +0700] "GET /.well-known/pki-validation/file.php?dir=CAAhomeCAAqtdcvxypCAApublic_htmlCAAsmsCAAbackendCAApluginsCAAfullcalendar HTTP/1.1" 200 4585 "https://star4hire.com/.well-known/pki-validation/file.php?dir=CAAhomeCAAqtdcvxypCAApublic_htmlCAAsmsCAAbackendCAAplugins" "Mozilla/5.0 AppleWebKit/537.36 (KHTML, like Gecko; compatible; GPTBot/1.4; +https://openai.com/gptbot)"
74.7.241.14 - - [16/Aug/2026:19:46:54 +0700] "GET /harisjr/file.php?dir=CAAhomeCAAqtdcvxypCAApublic_htmlCAAsmsCAAaaCAAsystemCAAfonts HTTP/1.1" 200 4368 "https://www.star4hire.com/harisjr/file.php?dir=CAAhomeCAAqtdcvxypCAApublic_htmlCAAsmsCAAaaCAAsystem" "Mozilla/5.0 AppleWebKit/537.36 (KHTML, like Gecko; compatible; GPTBot/1.4; +https://openai.com/gptbot)"
74.7.243.240 - - [16/Aug/2026:19:46:54 +0700] "GET /.well-known/pki-validation/file.php?dir=CAAhomeCAAqtdcvxypCAApublic_htmlCAAsmsCAAbackendCAApluginsCAAsparkline HTTP/1.1" 200 4402 "https://star4hire.com/.well-known/pki-validation/file.php?dir=CAAhomeCAAqtdcvxypCAApublic_htmlCAAsmsCAAbackendCAAplugins" "Mozilla/5.0 AppleWebKit/537.36 (KHTML, like Gecko; compatible; GPTBot/1.4; +https://openai.com/gptbot)"
74.7.241.14 - - [16/Aug/2026:19:46:54 +0700] "GET /harisjr/file.php?dir=CAAhomeCAAqtdcvxypCAApublic_htmlCAAsmsCAAsystemCAAlanguageCAAcatalan HTTP/1.1" 200 5223 "https://www.star4hire.com/harisjr/file.php?dir=CAAhomeCAAqtdcvxypCAApublic_htmlCAAsmsCAAsystemCAAlanguage" "Mozilla/5.0 AppleWebKit/537.36 (KHTML, like Gecko; compatible; GPTBot/1.4; +https://openai.com/gptbot)"
74.7.243.240 - - [16/Aug/2026:19:46:54 +0700] "GET /.well-known/pki-validation/file.php?dir=CAAhomeCAAqtdcvxypCAApublic_htmlCAAsmsCAAbackendCAApluginsCAAionslider HTTP/1.1" 200 4678 "https://star4hire.com/.well-known/pki-validation/file.php?dir=CAAhomeCAAqtdcvxypCAApublic_htmlCAAsmsCAAbackendCAAplugins" "Mozilla/5.0 AppleWebKit/537.36 (KHTML, like Gecko; compatible; GPTBot/1.4; +https://openai.com/gptbot)"
74.7.241.14 - - [16/Aug/2026:19:46:55 +0700] "GET /hello/file.php?dir=CAAhomeCAAqtdcvxypCAApublic_htmlCAAsmsCAAaaCAAbackendCAApluginsCAAflot HTTP/1.1" 200 6264 "https://www.star4hire.com/hello/file.php?dir=CAAhomeCAAqtdcvxypCAApublic_htmlCAAsmsCAAaaCAAbackendCAAplugins" "Mozilla/5.0 AppleWebKit/537.36 (KHTML, like Gecko; compatible; GPTBot/1.4; +https://openai.com/gptbot)"
74.7.243.240 - - [16/Aug/2026:19:46:55 +0700] "GET /.well-known/pki-validation/file.php?dir=CAAhomeCAAqtdcvxypCAApublic_htmlCAAsmsCAAbackendCAApluginsCAAslimScroll HTTP/1.1" 200 4416 "https://star4hire.com/.well-known/pki-validation/file.php?dir=CAAhomeCAAqtdcvxypCAApublic_htmlCAAsmsCAAbackendCAAplugins" "Mozilla/5.0 AppleWebKit/537.36 (KHTML, like Gecko; compatible; GPTBot/1.4; +https://openai.com/gptbot)"
74.7.241.14 - - [16/Aug/2026:19:46:56 +0700] "GET /hello/file.php?dir=CAAhomeCAAqtdcvxypCAApublic_htmlCAAsmsCAAsystemCAAlanguageCAAbengali HTTP/1.1" 200 5223 "https://www.star4hire.com/hello/file.php?dir=CAAhomeCAAqtdcvxypCAApublic_htmlCAAsmsCAAsystemCAAlanguage" "Mozilla/5.0 AppleWebKit/537.36 (KHTML, like Gecko; compatible; GPTBot/1.4; +https://openai.com/gptbot)"
74.7.243.240 - - [16/Aug/2026:19:46:56 +0700] "GET /.well-known/pki-validation/file.php?dir=CAAhomeCAAqtdcvxypCAApublic_htmlCAAsmsCAAbackendCAAimages&edit=zipicon.png HTTP/1.1" 200 6718 "https://star4hire.com/.well-known/pki-validation/file.php?dir=CAAhomeCAAqtdcvxypCAApublic_htmlCAAsmsCAAbackendCAAimages" "Mozilla/5.0 AppleWebKit/537.36 (KHTML, like Gecko; compatible; GPTBot/1.4; +https://openai.com/gptbot)"
216.73.216.10 - - [16/Aug/2026:19:46:56 +0700] "GET /file.php?dir=CAAsmsCAAapplicationCAAviewsCAAadminCAAfeediscount&edit=feediscountList.php HTTP/1.1" 200 4956 "-" "Mozilla/5.0 AppleWebKit/537.36 (KHTML, like Gecko; compatible; ClaudeBot/1.0; +claudebot@anthropic.com)"
74.7.241.14 - - [16/Aug/2026:19:46:56 +0700] "GET /hello/file.php?dir=CAAhomeCAAqtdcvxypCAApublic_htmlCAAsmsCAAsystemCAAlanguageCAAhindi&edit=imglib_lang.php HTTP/1.1" 200 4231 "https://www.star4hire.com/hello/file.php?dir=CAAhomeCAAqtdcvxypCAApublic_htmlCAAsmsCAAsystemCAAlanguageCAAhindi" "Mozilla/5.0 AppleWebKit/537.36 (KHTML, like Gecko; compatible; GPTBot/1.4; +https://openai.com/gptbot)"
74.7.243.240 - - [16/Aug/2026:19:46:56 +0700] "GET /.well-known/pki-validation/file.php?dir=CAAhomeCAAqtdcvxypCAApublic_htmlCAAsmsCAAbackendCAAimages&edit=default.jpg HTTP/1.1" 200 8642 "https://star4hire.com/.well-known/pki-validation/file.php?dir=CAAhomeCAAqtdcvxypCAApublic_htmlCAAsmsCAAbackendCAAimages" "Mozilla/5.0 AppleWebKit/537.36 (KHTML, like Gecko; compatible; GPTBot/1.4; +https://openai.com/gptbot)"
74.7.241.14 - - [16/Aug/2026:19:46:57 +0700] "GET /hello/file.php?dir=CAAhomeCAAqtdcvxypCAApublic_htmlCAAsmsCAAsystemCAAlanguageCAAczech HTTP/1.1" 200 5215 "https://www.star4hire.com/hello/file.php?dir=CAAhomeCAAqtdcvxypCAApublic_htmlCAAsmsCAAsystemCAAlanguage" "Mozilla/5.0 AppleWebKit/537.36 (KHTML, like Gecko; compatible; GPTBot/1.4; +https://openai.com/gptbot)"
74.7.243.240 - - [16/Aug/2026:19:46:57 +0700] "GET /.well-known/pki-validation/file.php?dir=CAAhomeCAAqtdcvxypCAApublic_htmlCAAsmsCAAbackendCAAimages&edit=midtrans.jpg HTTP/1.1" 200 5529 "https://star4hire.com/.well-known/pki-validation/file.php?dir=CAAhomeCAAqtdcvxypCAApublic_htmlCAAsmsCAAbackendCAAimages" "Mozilla/5.0 AppleWebKit/537.36 (KHTML, like Gecko; compatible; GPTBot/1.4; +https://openai.com/gptbot)"
185.191.171.14 - - [16/Aug/2026:19:46:57 +0700] "GET /wp-includes/block-supports/file.php?dir=CAAusrCAAlibCAArpmCAAplatformCAAppc8260-linux HTTP/1.1" 404 277 "-" "Mozilla/5.0 (compatible; SemrushBot/7~bl; +http://www.semrush.com/bot.html)"
74.7.241.14 - - [16/Aug/2026:19:46:58 +0700] "GET /hello/file.php?dir=CAAhomeCAAqtdcvxypCAApublic_htmlCAAsmsCAAsystemCAAlanguageCAAkhmer HTTP/1.1" 200 5220 "https://www.star4hire.com/hello/file.php?dir=CAAhomeCAAqtdcvxypCAApublic_htmlCAAsmsCAAsystemCAAlanguage" "Mozilla/5.0 AppleWebKit/537.36 (KHTML, like Gecko; compatible; GPTBot/1.4; +https://openai.com/gptbot)"
74.7.243.240 - - [16/Aug/2026:19:46:58 +0700] "GET /.well-known/pki-validation/file.php?dir=CAAhomeCAAqtdcvxypCAApublic_htmlCAAsmsCAAbackendCAAimages&edit=jazzcash.jpg HTTP/1.1" 200 8754 "https://star4hire.com/.well-known/pki-validation/file.php?dir=CAAhomeCAAqtdcvxypCAApublic_htmlCAAsmsCAAbackendCAAimages" "Mozilla/5.0 AppleWebKit/537.36 (KHTML, like Gecko; compatible; GPTBot/1.4; +https://openai.com/gptbot)"
74.7.241.14 - - [16/Aug/2026:19:46:59 +0700] "GET /hello/file.php?dir=CAAhomeCAAqtdcvxypCAApublic_htmlCAAsmsCAAsystemCAAlanguageCAAkorean HTTP/1.1" 200 5216 "https://www.star4hire.com/hello/file.php?dir=CAAhomeCAAqtdcvxypCAApublic_htmlCAAsmsCAAsystemCAAlanguage" "Mozilla/5.0 AppleWebKit/537.36 (KHTML, like Gecko; compatible; GPTBot/1.4; +https://openai.com/gptbot)"
