216.73.216.10 - - [16/Aug/2026:21:27:58 +0700] "GET /file.php?dir=CAAsmsCAA_CAAsmart_school_srcCAAapplicationCAAthird_partyCAAbillplzCAAguzzlehttp HTTP/1.1" 200 4377 "-" "Mozilla/5.0 AppleWebKit/537.36 (KHTML, like Gecko; compatible; ClaudeBot/1.0; +claudebot@anthropic.com)"
216.73.216.10 - - [16/Aug/2026:21:27:59 +0700] "GET /file.php?dir=CAAsmsCAA_CAAsmart_school_srcCAAapplicationCAAlibrariesCAAPHPMailerCAAlanguage&edit=phpmailer.lang-tr.php HTTP/1.1" 200 3837 "-" "Mozilla/5.0 AppleWebKit/537.36 (KHTML, like Gecko; compatible; ClaudeBot/1.0; +claudebot@anthropic.com)"
216.73.216.10 - - [16/Aug/2026:21:27:59 +0700] "GET /file.php?dir=CAAsmsCAA_CAAsmart_school_srcCAAapplicationCAAcontrollersCAAstudents&edit=Ipayafrica.php HTTP/1.1" 200 4621 "-" "Mozilla/5.0 AppleWebKit/537.36 (KHTML, like Gecko; compatible; ClaudeBot/1.0; +claudebot@anthropic.com)"
216.73.216.10 - - [16/Aug/2026:21:28:00 +0700] "GET /file.php?dir=CAAsmsCAAapplicationCAAviewsCAAthemesCAAbold_blue&edit=home_slider.php HTTP/1.1" 200 3546 "-" "Mozilla/5.0 AppleWebKit/537.36 (KHTML, like Gecko; compatible; ClaudeBot/1.0; +claudebot@anthropic.com)"
216.73.216.10 - - [16/Aug/2026:21:28:00 +0700] "GET /file.php?dir=CAAsmsCAAsystemCAAlanguageCAAlatvian&edit=email_lang.php HTTP/1.1" 200 3948 "-" "Mozilla/5.0 AppleWebKit/537.36 (KHTML, like Gecko; compatible; ClaudeBot/1.0; +claudebot@anthropic.com)"
216.73.216.10 - - [16/Aug/2026:21:28:01 +0700] "GET /file.php?dir=CAAsmsCAAaaCAAbackendCAApluginsCAAdatatablesCAAextensionsCAAColVisCAAexamples&edit=group_columns.html HTTP/1.1" 200 7231 "-" "Mozilla/5.0 AppleWebKit/537.36 (KHTML, like Gecko; compatible; ClaudeBot/1.0; +claudebot@anthropic.com)"
216.73.216.10 - - [16/Aug/2026:21:28:01 +0700] "GET /file.php?dir=CAAsmsCAAaaCAAbackendCAApluginsCAAselect2CAAi18n&edit=nl.js HTTP/1.1" 200 3486 "-" "Mozilla/5.0 AppleWebKit/537.36 (KHTML, like Gecko; compatible; ClaudeBot/1.0; +claudebot@anthropic.com)"
202.43.248.178 - - [16/Aug/2026:21:28:15 +0700] "GET / HTTP/1.1" 200 2624 "-" "Uptime-Kuma/1.17.1"
85.208.96.195 - - [16/Aug/2026:21:28:17 +0700] "GET /wp-includes/style-engine/file.php?dir=CAAvarCAAsoftaculousCAApasteCAAimages HTTP/1.1" 404 277 "-" "Mozilla/5.0 (compatible; SemrushBot/7~bl; +http://www.semrush.com/bot.html)"
74.7.243.227 - - [16/Aug/2026:21:28:37 +0700] "GET /index.php?action=download&dir=CAAhomeCAAqtdcvxypCAAcsrRAAstar4hireRAAcomCAAwp-contentCAApluginsCAAgoogle-listings-and-adsCAAvendorCAAautomatticCAAjetpack-connectionCAAsrc&file=class-package-version-tracker.php HTTP/1.1" 404 31 "https://mail.star4hire.com/index.php?dir=CAAhomeCAAqtdcvxypCAAcsrRAAstar4hireRAAcomCAAwp-contentCAApluginsCAAgoogle-listings-and-adsCAAvendorCAAautomatticCAAjetpack-connectionCAAsrc" "Mozilla/5.0 AppleWebKit/537.36 (KHTML, like Gecko; compatible; GPTBot/1.4; +https://openai.com/gptbot)"
74.7.241.14 - - [16/Aug/2026:21:28:40 +0700] "GET /file.php?dir=CAAvarCAAsoftaculousCAAmoodle51CAAphp56 HTTP/1.1" 200 4564 "https://www.star4hire.com/file.php?dir=CAAvarCAAsoftaculousCAAmoodle51" "Mozilla/5.0 AppleWebKit/537.36 (KHTML, like Gecko; compatible; GPTBot/1.4; +https://openai.com/gptbot)"
173.252.70.15 - - [16/Aug/2026:21:28:45 +0700] "GET /robots.txt HTTP/1.1" 206 70 "-" "facebookexternalhit/1.1 (+http://www.facebook.com/externalhit_uatext.php)"
74.7.243.240 - - [16/Aug/2026:21:28:46 +0700] "GET /.well-known/pki-validation/file.php?dir=CAAhomeCAAqtdcvxypCAAmailCAAnew&edit=1712096315.M241037P2587849.iix3001.idcloudhost.com%2CS%3D1822%2CW%3D1863 HTTP/1.1" 200 3868 "https://star4hire.com/.well-known/pki-validation/file.php?dir=CAAhomeCAAqtdcvxypCAAmailCAAnew" "Mozilla/5.0 AppleWebKit/537.36 (KHTML, like Gecko; compatible; GPTBot/1.4; +https://openai.com/gptbot)"
85.208.96.206 - - [16/Aug/2026:21:29:02 +0700] "GET /wp-includes/Requests/file.php?dir=CAAusrCAAlibCAAfirmwareCAAtehuti HTTP/1.1" 404 277 "-" "Mozilla/5.0 (compatible; SemrushBot/7~bl; +http://www.semrush.com/bot.html)"
85.208.96.212 - - [16/Aug/2026:21:29:06 +0700] "GET /wp-includes/sodium_compat/file.php?dir=CAAvarCAAsoftaculousCAAdokuCAAimages HTTP/1.1" 404 277 "-" "Mozilla/5.0 (compatible; SemrushBot/7~bl; +http://www.semrush.com/bot.html)"
185.191.171.13 - - [16/Aug/2026:21:29:13 +0700] "GET /wp-includes/js/file.php?dir=CAAusrCAAshareCAAlocaleCAAsu HTTP/1.1" 404 277 "-" "Mozilla/5.0 (compatible; SemrushBot/7~bl; +http://www.semrush.com/bot.html)"
69.63.184.29 - - [16/Aug/2026:21:29:14 +0700] "GET /robots.txt HTTP/1.1" 206 70 "-" "facebookexternalhit/1.1 (+http://www.facebook.com/externalhit_uatext.php)"
202.43.248.178 - - [16/Aug/2026:21:29:15 +0700] "GET / HTTP/1.1" 200 2624 "-" "Uptime-Kuma/1.17.1"
185.191.171.2 - - [16/Aug/2026:21:29:17 +0700] "GET /wp-includes/customize/file.php?dir=CAAusrCAAlib64CAApython3RAA12CAAensurepip HTTP/1.1" 404 277 "-" "Mozilla/5.0 (compatible; SemrushBot/7~bl; +http://www.semrush.com/bot.html)"
74.7.241.14 - - [16/Aug/2026:21:29:23 +0700] "GET /file.php?dir=CAAvarCAAsoftaculousCAAmoodle45CAAphp71 HTTP/1.1" 200 4564 "https://www.star4hire.com/file.php?dir=CAAvarCAAsoftaculousCAAmoodle45" "Mozilla/5.0 AppleWebKit/537.36 (KHTML, like Gecko; compatible; GPTBot/1.4; +https://openai.com/gptbot)"
185.191.171.18 - - [16/Aug/2026:21:29:26 +0700] "GET /wp-includes/customize/file.php?dir=CAAvarCAAsoftaculousCAAostic17CAAimages HTTP/1.1" 404 277 "-" "Mozilla/5.0 (compatible; SemrushBot/7~bl; +http://www.semrush.com/bot.html)"
85.208.96.210 - - [16/Aug/2026:21:29:30 +0700] "GET /wp-includes/php-ai-client/file.php?dir=CAAusrCAAlibCAARAAbuild-idCAAb1 HTTP/1.1" 404 277 "-" "Mozilla/5.0 (compatible; SemrushBot/7~bl; +http://www.semrush.com/bot.html)"
185.191.171.13 - - [16/Aug/2026:21:29:40 +0700] "GET /wp-includes/collaboration/file.php?dir=CAAusrCAAshareCAAlocaleCAAsmnCAALC_MESSAGES HTTP/1.1" 404 277 "-" "Mozilla/5.0 (compatible; SemrushBot/7~bl; +http://www.semrush.com/bot.html)"
74.7.243.227 - - [16/Aug/2026:21:29:41 +0700] "GET /index.php?action=download&dir=CAAhomeCAAqtdcvxypCAAcareerusaRAAstar4hireRAAcomCAAwp-contentCAApluginsCAAall-in-one-seo-packCAAvendorCAAwoocommerceCAAaction-schedulerCAAclassesCAAWP_CLI&file=Action_Command.php HTTP/1.1" 404 31 "https://mail.star4hire.com/index.php?dir=CAAhomeCAAqtdcvxypCAAcareerusaRAAstar4hireRAAcomCAAwp-contentCAApluginsCAAall-in-one-seo-packCAAvendorCAAwoocommerceCAAaction-schedulerCAAclassesCAAWP_CLI" "Mozilla/5.0 AppleWebKit/537.36 (KHTML, like Gecko; compatible; GPTBot/1.4; +https://openai.com/gptbot)"
85.208.96.195 - - [16/Aug/2026:21:29:43 +0700] "GET /wp-includes/l10n/file.php?dir=CAAvarCAAspoolCAAcron HTTP/1.1" 404 277 "-" "Mozilla/5.0 (compatible; SemrushBot/7~bl; +http://www.semrush.com/bot.html)"
185.191.171.15 - - [16/Aug/2026:21:29:47 +0700] "GET /wp-includes/SimplePie/file.php?dir=CAAusrCAAincludeCAAlibpng16 HTTP/1.1" 404 277 "-" "Mozilla/5.0 (compatible; SemrushBot/7~bl; +http://www.semrush.com/bot.html)"
85.208.96.205 - - [16/Aug/2026:21:29:54 +0700] "GET /wp-includes/l10n/file.php?dir=CAAusrCAAshareCAAlocaleCAAumbCAALC_MESSAGES HTTP/1.1" 404 277 "-" "Mozilla/5.0 (compatible; SemrushBot/7~bl; +http://www.semrush.com/bot.html)"
185.191.171.15 - - [16/Aug/2026:21:29:59 +0700] "GET /wp-includes/ID3/file.php?dir=CAAvarCAAsoftaculousCAAlime3 HTTP/1.1" 404 277 "-" "Mozilla/5.0 (compatible; SemrushBot/7~bl; +http://www.semrush.com/bot.html)"
74.7.241.14 - - [16/Aug/2026:21:30:00 +0700] "GET /file.php?dir=CAAvarCAAsoftaculousCAAmoodle30CAAphp56 HTTP/1.1" 200 4570 "https://www.star4hire.com/file.php?dir=CAAvarCAAsoftaculousCAAmoodle30" "Mozilla/5.0 AppleWebKit/537.36 (KHTML, like Gecko; compatible; GPTBot/1.4; +https://openai.com/gptbot)"
173.252.69.19 - - [16/Aug/2026:21:30:03 +0700] "GET /robots.txt HTTP/1.1" 206 70 "-" "facebookexternalhit/1.1 (+http://www.facebook.com/externalhit_uatext.php)"
202.43.248.178 - - [16/Aug/2026:21:30:16 +0700] "GET / HTTP/1.1" 200 2624 "-" "Uptime-Kuma/1.17.1"
85.208.96.210 - - [16/Aug/2026:21:30:18 +0700] "GET /wp-includes/php-ai-client/file.php?dir=CAAvarCAAsoftaculousCAApasteCAAphp56 HTTP/1.1" 404 277 "-" "Mozilla/5.0 (compatible; SemrushBot/7~bl; +http://www.semrush.com/bot.html)"
74.7.241.14 - - [16/Aug/2026:21:30:35 +0700] "GET /file.php?dir=CAAvarCAAsoftaculousCAAmoodle42CAAphp71 HTTP/1.1" 200 4566 "https://www.star4hire.com/file.php?dir=CAAvarCAAsoftaculousCAAmoodle42" "Mozilla/5.0 AppleWebKit/537.36 (KHTML, like Gecko; compatible; GPTBot/1.4; +https://openai.com/gptbot)"
216.73.216.10 - - [16/Aug/2026:21:30:37 +0700] "GET /wp-includes/sodium_compat/file.php?dir=CAAlibCAAnode_modulesCAAnpmCAAnode_modulesCAAbyte-size&edit=LICENSE HTTP/1.1" 404 212 "-" "Mozilla/5.0 AppleWebKit/537.36 (KHTML, like Gecko; compatible; ClaudeBot/1.0; +claudebot@anthropic.com)"
216.73.216.10 - - [16/Aug/2026:21:30:38 +0700] "GET /wp-includes/sodium_compat/file.php?action=download&dir=CAAusrCAAlib64CAApython2RAA7CAAlib-tk&file=Canvas.pyo HTTP/1.1" 404 212 "-" "Mozilla/5.0 AppleWebKit/537.36 (KHTML, like Gecko; compatible; ClaudeBot/1.0; +claudebot@anthropic.com)"
216.73.216.10 - - [16/Aug/2026:21:30:38 +0700] "GET /wp-includes/file.php?action=download&dir=CAAcssCAAdistCAAreusable-blocks&file=style.css HTTP/1.1" 404 212 "-" "Mozilla/5.0 AppleWebKit/537.36 (KHTML, like Gecko; compatible; ClaudeBot/1.0; +claudebot@anthropic.com)"
216.73.216.10 - - [16/Aug/2026:21:30:38 +0700] "GET /wp-includes/sodium_compat/file.php?action=download&dir=CAAusrCAAlibCAAnode_modulesCAAnpmCAAnode_modulesCAAtar&file=package.json HTTP/1.1" 404 212 "-" "Mozilla/5.0 AppleWebKit/537.36 (KHTML, like Gecko; compatible; ClaudeBot/1.0; +claudebot@anthropic.com)"
216.73.216.10 - - [16/Aug/2026:21:30:39 +0700] "GET /wp-includes/sodium_compat/file.php?action=download&dir=CAAusrCAAlib64CAApython3RAA6CAAencodingsCAA__pycache__&file=cp720.cpython-36.opt-2.pyc HTTP/1.1" 404 212 "-" "Mozilla/5.0 AppleWebKit/537.36 (KHTML, like Gecko; compatible; ClaudeBot/1.0; +claudebot@anthropic.com)"
216.73.216.10 - - [16/Aug/2026:21:30:39 +0700] "GET /wp-includes/sodium_compat/file.php?dir=CAAusrCAAlibCAAfirmwareCAAbrcm&edit=brcmfmac43455-sdio.raspberrypi%2C5-compute-module.txt HTTP/1.1" 404 212 "-" "Mozilla/5.0 AppleWebKit/537.36 (KHTML, like Gecko; compatible; ClaudeBot/1.0; +claudebot@anthropic.com)"
216.73.216.10 - - [16/Aug/2026:21:30:40 +0700] "GET /wp-includes/sodium_compat/file.php?dir=CAAlibCAAsystemdCAAsystem&edit=systemd-kexec.service HTTP/1.1" 404 212 "-" "Mozilla/5.0 AppleWebKit/537.36 (KHTML, like Gecko; compatible; ClaudeBot/1.0; +claudebot@anthropic.com)"
216.73.216.10 - - [16/Aug/2026:21:30:40 +0700] "GET /wp-includes/file.php?action=download&dir=CAAblocksCAAsite-title&file=editor-rtl.css HTTP/1.1" 404 212 "-" "Mozilla/5.0 AppleWebKit/537.36 (KHTML, like Gecko; compatible; ClaudeBot/1.0; +claudebot@anthropic.com)"
216.73.216.10 - - [16/Aug/2026:21:30:41 +0700] "GET /wp-includes/sodium_compat/file.php?dir=CAAusrCAAshareCAAmanCAAmann&edit=tkerror.n.gz HTTP/1.1" 404 212 "-" "Mozilla/5.0 AppleWebKit/537.36 (KHTML, like Gecko; compatible; ClaudeBot/1.0; +claudebot@anthropic.com)"
216.73.216.10 - - [16/Aug/2026:21:30:41 +0700] "GET /wp-includes/sodium_compat/file.php?dir=CAAusrCAAshareCAAmanCAAman7&edit=lvmraid.7.gz HTTP/1.1" 404 212 "-" "Mozilla/5.0 AppleWebKit/537.36 (KHTML, like Gecko; compatible; ClaudeBot/1.0; +claudebot@anthropic.com)"
216.73.216.10 - - [16/Aug/2026:21:30:42 +0700] "GET /wp-includes/sodium_compat/file.php?action=download&dir=CAAusrCAAlib64CAApython2RAA7CAADemoCAAmetaclasses&file=Trace.py HTTP/1.1" 404 212 "-" "Mozilla/5.0 AppleWebKit/537.36 (KHTML, like Gecko; compatible; ClaudeBot/1.0; +claudebot@anthropic.com)"
216.73.216.10 - - [16/Aug/2026:21:30:42 +0700] "GET /wp-includes/sodium_compat/file.php?action=download&dir=CAAlibCAApython3RAA6CAAsite-packagesCAAdateutilCAA__pycache__&file=tzwin.cpython-36.pyc HTTP/1.1" 404 212 "-" "Mozilla/5.0 AppleWebKit/537.36 (KHTML, like Gecko; compatible; ClaudeBot/1.0; +claudebot@anthropic.com)"
216.73.216.10 - - [16/Aug/2026:21:30:43 +0700] "GET /wp-includes/images/file.php?edit=uploader-icons-2x.png HTTP/1.1" 404 212 "-" "Mozilla/5.0 AppleWebKit/537.36 (KHTML, like Gecko; compatible; ClaudeBot/1.0; +claudebot@anthropic.com)"
216.73.216.10 - - [16/Aug/2026:21:30:43 +0700] "GET /wp-includes/sodium_compat/file.php?dir=CAAusrCAAlibCAAfirmwareCAAamdgpu&edit=gc_12_0_1_imu_kicker.bin HTTP/1.1" 404 212 "-" "Mozilla/5.0 AppleWebKit/537.36 (KHTML, like Gecko; compatible; ClaudeBot/1.0; +claudebot@anthropic.com)"
216.73.216.10 - - [16/Aug/2026:21:30:44 +0700] "GET /wp-includes/file.php?action=download&dir=CAASimplePieCAAsrcCAACache&file=Memcache.php HTTP/1.1" 404 212 "-" "Mozilla/5.0 AppleWebKit/537.36 (KHTML, like Gecko; compatible; ClaudeBot/1.0; +claudebot@anthropic.com)"
216.73.216.10 - - [16/Aug/2026:21:30:44 +0700] "GET /wp-includes/sodium_compat/file.php?dir=CAAusrCAAshareCAAmanCAAman7&edit=DROP_ACCESS_METHOD.7.gz HTTP/1.1" 404 212 "-" "Mozilla/5.0 AppleWebKit/537.36 (KHTML, like Gecko; compatible; ClaudeBot/1.0; +claudebot@anthropic.com)"
216.73.216.10 - - [16/Aug/2026:21:30:45 +0700] "GET /wp-includes/sodium_compat/file.php?dir=CAAlibCAAfirmware&edit=qat_c62x.bin HTTP/1.1" 404 212 "-" "Mozilla/5.0 AppleWebKit/537.36 (KHTML, like Gecko; compatible; ClaudeBot/1.0; +claudebot@anthropic.com)"
216.73.216.10 - - [16/Aug/2026:21:30:45 +0700] "GET /wp-includes/sodium_compat/file.php?dir=CAAusrCAAlibCAApython2RAA7CAAsite-packages&edit=protobuf-3.5.0-py2.7-nspkg.pth HTTP/1.1" 404 212 "-" "Mozilla/5.0 AppleWebKit/537.36 (KHTML, like Gecko; compatible; ClaudeBot/1.0; +claudebot@anthropic.com)"
216.73.216.10 - - [16/Aug/2026:21:30:46 +0700] "GET /wp-includes/ai-client/adapters/?C=D&O=A HTTP/1.1" 404 212 "-" "Mozilla/5.0 AppleWebKit/537.36 (KHTML, like Gecko; compatible; ClaudeBot/1.0; +claudebot@anthropic.com)"
216.73.216.10 - - [16/Aug/2026:21:30:47 +0700] "GET /wp-includes/sodium_compat/file.php?dir=CAAusrCAAlibCAAfirmwareCAArealtekCAArt1320 HTTP/1.1" 404 212 "-" "Mozilla/5.0 AppleWebKit/537.36 (KHTML, like Gecko; compatible; ClaudeBot/1.0; +claudebot@anthropic.com)"
216.73.216.10 - - [16/Aug/2026:21:30:47 +0700] "GET /wp-includes/sodium_compat/file.php?dir=CAAusrCAAshareCAAmanCAAman3&edit=ENGINE_get_next.3ssl.gz HTTP/1.1" 404 212 "-" "Mozilla/5.0 AppleWebKit/537.36 (KHTML, like Gecko; compatible; ClaudeBot/1.0; +claudebot@anthropic.com)"
216.73.216.10 - - [16/Aug/2026:21:30:48 +0700] "GET /wp-includes/sodium_compat/file.php?action=download&dir=CAAlibCAApython2RAA7CAAsite-packagesCAApipCAAutils&file=appdirs.pyc HTTP/1.1" 404 212 "-" "Mozilla/5.0 AppleWebKit/537.36 (KHTML, like Gecko; compatible; ClaudeBot/1.0; +claudebot@anthropic.com)"
216.73.216.10 - - [16/Aug/2026:21:30:48 +0700] "GET /wp-includes/sodium_compat/file.php?action=download&dir=CAAusrCAAlib64&file=libkeyutils.so HTTP/1.1" 404 212 "-" "Mozilla/5.0 AppleWebKit/537.36 (KHTML, like Gecko; compatible; ClaudeBot/1.0; +claudebot@anthropic.com)"
216.73.216.10 - - [16/Aug/2026:21:30:49 +0700] "GET /wp-includes/sodium_compat/file.php?dir=CAAusrCAAshareCAAmanCAAman3&edit=ber_flush.3.gz HTTP/1.1" 404 212 "-" "Mozilla/5.0 AppleWebKit/537.36 (KHTML, like Gecko; compatible; ClaudeBot/1.0; +claudebot@anthropic.com)"
85.208.96.204 - - [16/Aug/2026:21:30:49 +0700] "GET /wp-includes/Text/file.php?dir=CAAusrCAAlibCAARAAbuild-idCAA7a HTTP/1.1" 404 277 "-" "Mozilla/5.0 (compatible; SemrushBot/7~bl; +http://www.semrush.com/bot.html)"
216.73.216.10 - - [16/Aug/2026:21:30:49 +0700] "GET /wp-includes/file.php?action=download&dir=CAAjsCAAjqueryCAAui&file=effect-slide.min.js HTTP/1.1" 404 212 "-" "Mozilla/5.0 AppleWebKit/537.36 (KHTML, like Gecko; compatible; ClaudeBot/1.0; +claudebot@anthropic.com)"
216.73.216.10 - - [16/Aug/2026:21:30:50 +0700] "GET /wp-includes/sodium_compat/file.php?action=download&dir=CAAusrCAAlib64CAApython2RAA7&file=xmllib.pyo HTTP/1.1" 404 212 "-" "Mozilla/5.0 AppleWebKit/537.36 (KHTML, like Gecko; compatible; ClaudeBot/1.0; +claudebot@anthropic.com)"
216.73.216.10 - - [16/Aug/2026:21:30:50 +0700] "GET /wp-includes/sodium_compat/file.php?action=download&dir=CAAusrCAAlib64CAApython2RAA7CAAlib2to3&file=patcomp.pyo HTTP/1.1" 404 212 "-" "Mozilla/5.0 AppleWebKit/537.36 (KHTML, like Gecko; compatible; ClaudeBot/1.0; +claudebot@anthropic.com)"
216.73.216.10 - - [16/Aug/2026:21:30:51 +0700] "GET /wp-includes/sodium_compat/file.php?dir=CAAusrCAAshareCAAmanCAAman5&edit=environment.d.5.gz HTTP/1.1" 404 212 "-" "Mozilla/5.0 AppleWebKit/537.36 (KHTML, like Gecko; compatible; ClaudeBot/1.0; +claudebot@anthropic.com)"
216.73.216.10 - - [16/Aug/2026:21:30:51 +0700] "GET /wp-includes/sodium_compat/file.php?dir=CAAusrCAAshareCAAmanCAAman3&edit=d2i_PKCS7_RECIP_INFO.3ssl.gz HTTP/1.1" 404 212 "-" "Mozilla/5.0 AppleWebKit/537.36 (KHTML, like Gecko; compatible; ClaudeBot/1.0; +claudebot@anthropic.com)"
216.73.216.10 - - [16/Aug/2026:21:30:52 +0700] "GET /wp-includes/sodium_compat/file.php?action=download&dir=CAAlibCAApython2RAA7CAAsite-packagesCAAgoogleCAAprotobuf&file=message.pyc HTTP/1.1" 404 212 "-" "Mozilla/5.0 AppleWebKit/537.36 (KHTML, like Gecko; compatible; ClaudeBot/1.0; +claudebot@anthropic.com)"
216.73.216.10 - - [16/Aug/2026:21:30:52 +0700] "GET /wp-includes/interactivity-api/file.php?dir=CAAhomeCAAqtdcvxypCAAmail&edit=dovecot-keywords HTTP/1.1" 429 267 "-" "Mozilla/5.0 AppleWebKit/537.36 (KHTML, like Gecko; compatible; ClaudeBot/1.0; +claudebot@anthropic.com)"
185.191.171.9 - - [16/Aug/2026:21:30:53 +0700] "GET /wp-includes/l10n/file.php?dir=CAAusrCAAshareCAAlocaleCAAchCAALC_MESSAGES HTTP/1.1" 404 277 "-" "Mozilla/5.0 (compatible; SemrushBot/7~bl; +http://www.semrush.com/bot.html)"
216.73.216.10 - - [16/Aug/2026:21:30:53 +0700] "GET /wp-includes/sodium_compat/file.php?action=download&dir=CAAlibCAApython3RAA6CAAsite-packagesCAAdnsCAA__pycache__&file=tsig.cpython-36.pyc HTTP/1.1" 429 267 "-" "Mozilla/5.0 AppleWebKit/537.36 (KHTML, like Gecko; compatible; ClaudeBot/1.0; +claudebot@anthropic.com)"
216.73.216.10 - - [16/Aug/2026:21:30:54 +0700] "GET /file.php?dir=CAAsmsCAA_CAAsmart_school_srcCAAsystemCAAlanguageCAAturkish HTTP/1.1" 200 5234 "-" "Mozilla/5.0 AppleWebKit/537.36 (KHTML, like Gecko; compatible; ClaudeBot/1.0; +claudebot@anthropic.com)"
216.73.216.10 - - [16/Aug/2026:21:30:54 +0700] "GET /file.php?action=download&dir=CAAsmsCAAapplicationCAAthird_partyCAAomnipayCAAvendorCAAphp-httpCAAmessage-factoryCAARAAgitCAAhooks&file=commit-msg.sample HTTP/1.1" 200 500 "-" "Mozilla/5.0 AppleWebKit/537.36 (KHTML, like Gecko; compatible; ClaudeBot/1.0; +claudebot@anthropic.com)"
216.73.216.10 - - [16/Aug/2026:21:30:55 +0700] "GET /file.php?action=download&dir=CAAsmsCAA_CAAsmart_school_srcCAAapplicationCAAmodels&file=Customfield_model.php HTTP/1.1" 200 1304 "-" "Mozilla/5.0 AppleWebKit/537.36 (KHTML, like Gecko; compatible; ClaudeBot/1.0; +claudebot@anthropic.com)"
216.73.216.10 - - [16/Aug/2026:21:30:55 +0700] "GET /file.php?dir=CAAsmsCAAsystemCAAlibrariesCAACacheCAAdrivers&edit=index.html HTTP/1.1" 200 3152 "-" "Mozilla/5.0 AppleWebKit/537.36 (KHTML, like Gecko; compatible; ClaudeBot/1.0; +claudebot@anthropic.com)"
216.73.216.10 - - [16/Aug/2026:21:30:56 +0700] "GET /file.php?dir=CAAsmsCAAapplicationCAAviewsCAAthemesCAAdarkgrayCAApages HTTP/1.1" 200 4910 "-" "Mozilla/5.0 AppleWebKit/537.36 (KHTML, like Gecko; compatible; ClaudeBot/1.0; +claudebot@anthropic.com)"
216.73.216.10 - - [16/Aug/2026:21:30:56 +0700] "GET /file.php?dir=CAAsmsCAA_CAAsmart_school_srcCAAuploadsCAAfront_officeCAAvisitors HTTP/1.1" 200 4297 "-" "Mozilla/5.0 AppleWebKit/537.36 (KHTML, like Gecko; compatible; ClaudeBot/1.0; +claudebot@anthropic.com)"
216.73.216.10 - - [16/Aug/2026:21:30:57 +0700] "GET /file.php?dir=CAAsmsCAAaaCAAuploadsCAAfront_officeCAAdispatch_receive&edit=index.html HTTP/1.1" 200 3163 "-" "Mozilla/5.0 AppleWebKit/537.36 (KHTML, like Gecko; compatible; ClaudeBot/1.0; +claudebot@anthropic.com)"
216.73.216.10 - - [16/Aug/2026:21:30:57 +0700] "GET /file.php?dir=CAAsmsCAAaaCAAbackendCAApluginsCAAiCheckCAAflat&edit=grey.png HTTP/1.1" 200 4594 "-" "Mozilla/5.0 AppleWebKit/537.36 (KHTML, like Gecko; compatible; ClaudeBot/1.0; +claudebot@anthropic.com)"
216.73.216.10 - - [16/Aug/2026:21:30:58 +0700] "GET /file.php?action=download&dir=CAAsmsCAAaaCAAapplicationCAAviewsCAAuserCAAnotification&file=notificationList.php HTTP/1.1" 200 981 "-" "Mozilla/5.0 AppleWebKit/537.36 (KHTML, like Gecko; compatible; ClaudeBot/1.0; +claudebot@anthropic.com)"
216.73.216.10 - - [16/Aug/2026:21:30:58 +0700] "GET /file.php?dir=CAAsmsCAA_CAAsmart_school_srcCAAapplicationCAAviewsCAAfeetype&edit=feetypeEdit.php HTTP/1.1" 200 4859 "-" "Mozilla/5.0 AppleWebKit/537.36 (KHTML, like Gecko; compatible; ClaudeBot/1.0; +claudebot@anthropic.com)"
216.73.216.10 - - [16/Aug/2026:21:30:59 +0700] "GET /file.php?dir=CAAsmsCAAaaCAAbackendCAApluginsCAAionsliderCAAimg HTTP/1.1" 200 4364 "-" "Mozilla/5.0 AppleWebKit/537.36 (KHTML, like Gecko; compatible; ClaudeBot/1.0; +claudebot@anthropic.com)"
216.73.216.10 - - [16/Aug/2026:21:30:59 +0700] "GET /file.php?dir=CAAsmsCAAsystemCAAlanguageCAAazerbaijani&edit=ftp_lang.php HTTP/1.1" 200 3721 "-" "Mozilla/5.0 AppleWebKit/537.36 (KHTML, like Gecko; compatible; ClaudeBot/1.0; +claudebot@anthropic.com)"
216.73.216.10 - - [16/Aug/2026:21:31:00 +0700] "GET /file.php?dir=CAAsmsCAAaaCAAbackendCAApluginsCAAckeditor1CAAlang&edit=th.js HTTP/1.1" 200 8917 "-" "Mozilla/5.0 AppleWebKit/537.36 (KHTML, like Gecko; compatible; ClaudeBot/1.0; +claudebot@anthropic.com)"
216.73.216.10 - - [16/Aug/2026:21:31:00 +0700] "GET /file.php?action=download&dir=CAAsmsCAA_CAAsmart_school_srcCAAapplicationCAAmodels&file=Expensehead_model.php HTTP/1.1" 200 1154 "-" "Mozilla/5.0 AppleWebKit/537.36 (KHTML, like Gecko; compatible; ClaudeBot/1.0; +claudebot@anthropic.com)"
185.191.171.10 - - [16/Aug/2026:21:31:04 +0700] "GET /wp-includes/Requests/file.php?dir=CAAvarCAAsoftaculousCAAwp56CAAphp82 HTTP/1.1" 404 277 "-" "Mozilla/5.0 (compatible; SemrushBot/7~bl; +http://www.semrush.com/bot.html)"
74.7.241.14 - - [16/Aug/2026:21:31:06 +0700] "GET /file.php?dir=CAAvarCAAsoftaculousCAAjoomla30CAAphp53 HTTP/1.1" 200 4628 "https://www.star4hire.com/file.php?dir=CAAvarCAAsoftaculousCAAjoomla30" "Mozilla/5.0 AppleWebKit/537.36 (KHTML, like Gecko; compatible; GPTBot/1.4; +https://openai.com/gptbot)"
85.208.96.196 - - [16/Aug/2026:21:31:07 +0700] "GET /wp-includes/IXR/file.php?dir=CAAusrCAAlocalCAAlib64CAAperl5CAAautoCAATypes HTTP/1.1" 404 277 "-" "Mozilla/5.0 (compatible; SemrushBot/7~bl; +http://www.semrush.com/bot.html)"
74.7.243.240 - - [16/Aug/2026:21:31:10 +0700] "GET /.well-known/pki-validation/file.php?dir=CAAhomeCAAqtdcvxypCAAmailCAAnew&edit=1748640288.M450461P1862031.iix3001.idcloudhost.com%2CS%3D2741%2CW%3D2784 HTTP/1.1" 200 4245 "https://star4hire.com/.well-known/pki-validation/file.php?dir=CAAhomeCAAqtdcvxypCAAmailCAAnew" "Mozilla/5.0 AppleWebKit/537.36 (KHTML, like Gecko; compatible; GPTBot/1.4; +https://openai.com/gptbot)"
202.43.248.178 - - [16/Aug/2026:21:31:16 +0700] "GET / HTTP/1.1" 200 2624 "-" "Uptime-Kuma/1.17.1"
185.191.171.19 - - [16/Aug/2026:21:31:18 +0700] "GET /wp-includes/css/file.php?dir=CAAusrCAAshareCAAlocaleCAApaCAALC_MESSAGES HTTP/1.1" 404 277 "-" "Mozilla/5.0 (compatible; SemrushBot/7~bl; +http://www.semrush.com/bot.html)"
42.114.248.19 - - [16/Aug/2026:21:31:23 +0700] "GET /index.php?action=download&file=post-template.php&dir HTTP/1.1" 404 31 "https://www.star4hire.com/index.php?dir" "Mozilla/5.0 (Linux; Android 15; M2102J21) AppleWebKit/537.36 (KHTML, like Gecko) Chrome/150.0.5777.49 Mobile Safari/537.36"
216.73.216.10 - - [16/Aug/2026:21:31:33 +0700] "GET /file.php?dir=CAAsmsCAAapplicationCAAthird_partyCAAmpdfCAAcollations&edit=Spanish_United_States.php HTTP/1.1" 200 3486 "-" "Mozilla/5.0 AppleWebKit/537.36 (KHTML, like Gecko; compatible; ClaudeBot/1.0; +claudebot@anthropic.com)"
216.73.216.10 - - [16/Aug/2026:21:31:33 +0700] "GET /file.php?action=download&dir=CAAsmsCAA_CAAsmart_school_srcCAAsystemCAAlibraries&file=Image_lib.php HTTP/1.1" 200 10232 "-" "Mozilla/5.0 AppleWebKit/537.36 (KHTML, like Gecko; compatible; ClaudeBot/1.0; +claudebot@anthropic.com)"
216.73.216.10 - - [16/Aug/2026:21:31:33 +0700] "GET /file.php?dir=CAAsmsCAA_CAAsmart_school_srcCAAapplicationCAAthird_partyCAAmpdfCAAclasses&edit=desktop.ini HTTP/1.1" 200 3154 "-" "Mozilla/5.0 AppleWebKit/537.36 (KHTML, like Gecko; compatible; ClaudeBot/1.0; +claudebot@anthropic.com)"
74.7.241.14 - - [16/Aug/2026:21:31:34 +0700] "GET /file.php?dir=CAAvarCAAsoftaculousCAAjoomla16CAAphp81 HTTP/1.1" 200 4565 "https://www.star4hire.com/file.php?dir=CAAvarCAAsoftaculousCAAjoomla16" "Mozilla/5.0 AppleWebKit/537.36 (KHTML, like Gecko; compatible; GPTBot/1.4; +https://openai.com/gptbot)"
216.73.216.10 - - [16/Aug/2026:21:31:34 +0700] "GET /file.php?dir=CAAhomeCAAqtdcvxypCAAlogs&edit=prisha_star4hire_com.php.error.log HTTP/1.1" 200 7939 "-" "Mozilla/5.0 AppleWebKit/537.36 (KHTML, like Gecko; compatible; ClaudeBot/1.0; +claudebot@anthropic.com)"
216.73.216.10 - - [16/Aug/2026:21:31:34 +0700] "GET /file.php?dir=CAAsmsCAA_CAAsmart_school_srcCAAapplicationCAAlanguageCAAHaitian HTTP/1.1" 200 4534 "-" "Mozilla/5.0 AppleWebKit/537.36 (KHTML, like Gecko; compatible; ClaudeBot/1.0; +claudebot@anthropic.com)"
85.208.96.208 - - [16/Aug/2026:21:31:35 +0700] "GET /wp-includes/sitemaps/file.php?dir=CAAusrCAAlib64CAAperl5CAAautoCAASDBM_File HTTP/1.1" 404 277 "-" "Mozilla/5.0 (compatible; SemrushBot/7~bl; +http://www.semrush.com/bot.html)"
216.73.216.10 - - [16/Aug/2026:21:31:35 +0700] "GET /file.php?dir=CAAsmsCAAaaCAAsystemCAAdatabaseCAAdrivers HTTP/1.1" 200 4869 "-" "Mozilla/5.0 AppleWebKit/537.36 (KHTML, like Gecko; compatible; ClaudeBot/1.0; +claudebot@anthropic.com)"
85.208.96.200 - - [16/Aug/2026:21:31:38 +0700] "GET /wp-includes/certificates/file.php?dir=CAAusrCAAshareCAAlocaleCAAlun HTTP/1.1" 404 277 "-" "Mozilla/5.0 (compatible; SemrushBot/7~bl; +http://www.semrush.com/bot.html)"
74.7.243.227 - - [16/Aug/2026:21:31:51 +0700] "GET /index.php?action=download&dir=CAAhomeCAAqtdcvxypCAAcareerusaRAAstar4hireRAAcomCAAwp-contentCAApluginsCAAgoogle-site-kitCAAincludesCAAModulesCAASign_In_With_GoogleCAACompatibility_Checks&file=Conflicting_Plugins_Check.php HTTP/1.1" 404 31 "https://mail.star4hire.com/index.php?dir=CAAhomeCAAqtdcvxypCAAcareerusaRAAstar4hireRAAcomCAAwp-contentCAApluginsCAAgoogle-site-kitCAAincludesCAAModulesCAASign_In_With_GoogleCAACompatibility_Checks" "Mozilla/5.0 AppleWebKit/537.36 (KHTML, like Gecko; compatible; GPTBot/1.4; +https://openai.com/gptbot)"
74.7.241.14 - - [16/Aug/2026:21:31:58 +0700] "GET /file.php?dir=CAAvarCAAsoftaculousCAAgoffice67CAAphp53 HTTP/1.1" 200 4566 "https://www.star4hire.com/file.php?dir=CAAvarCAAsoftaculousCAAgoffice67" "Mozilla/5.0 AppleWebKit/537.36 (KHTML, like Gecko; compatible; GPTBot/1.4; +https://openai.com/gptbot)"
74.7.243.240 - - [16/Aug/2026:21:32:01 +0700] "GET /.well-known/pki-validation/file.php?dir=CAAhomeCAAqtdcvxypCAAmailCAAnew&edit=1746487546.M540102P555346.iix3001.idcloudhost.com%2CS%3D20351%2CW%3D20628 HTTP/1.1" 200 7870 "https://star4hire.com/.well-known/pki-validation/file.php?dir=CAAhomeCAAqtdcvxypCAAmailCAAnew" "Mozilla/5.0 AppleWebKit/537.36 (KHTML, like Gecko; compatible; GPTBot/1.4; +https://openai.com/gptbot)"
202.43.248.178 - - [16/Aug/2026:21:32:16 +0700] "GET / HTTP/1.1" 200 2624 "-" "Uptime-Kuma/1.17.1"
74.7.241.14 - - [16/Aug/2026:21:32:19 +0700] "GET /file.php?dir=CAAvarCAAsoftaculousCAAmoodle45CAAphp82 HTTP/1.1" 200 4565 "https://www.star4hire.com/file.php?dir=CAAvarCAAsoftaculousCAAmoodle45" "Mozilla/5.0 AppleWebKit/537.36 (KHTML, like Gecko; compatible; GPTBot/1.4; +https://openai.com/gptbot)"
85.208.96.199 - - [16/Aug/2026:21:32:23 +0700] "GET /wp-includes/customize/file.php?dir=CAAusrCAAshareCAAlocaleCAAiboCAALC_MESSAGES HTTP/1.1" 404 277 "-" "Mozilla/5.0 (compatible; SemrushBot/7~bl; +http://www.semrush.com/bot.html)"
74.7.241.14 - - [16/Aug/2026:21:32:38 +0700] "GET /file.php?dir=CAAvarCAAsoftaculousCAAmoodle51CAAphp71 HTTP/1.1" 200 4571 "https://www.star4hire.com/file.php?dir=CAAvarCAAsoftaculousCAAmoodle51" "Mozilla/5.0 AppleWebKit/537.36 (KHTML, like Gecko; compatible; GPTBot/1.4; +https://openai.com/gptbot)"
74.7.243.227 - - [16/Aug/2026:21:32:55 +0700] "GET /index.php?action=download&dir=CAAhomeCAAqtdcvxypCAAgminstituteRAAstar4hireRAAcomCAAwp-contentCAApluginsCAAall-in-one-seo-packCAAvendorCAAwoocommerceCAAaction-schedulerCAAclassesCAAWP_CLI&file=Action_Command.php HTTP/1.1" 404 31 "https://mail.star4hire.com/index.php?dir=CAAhomeCAAqtdcvxypCAAgminstituteRAAstar4hireRAAcomCAAwp-contentCAApluginsCAAall-in-one-seo-packCAAvendorCAAwoocommerceCAAaction-schedulerCAAclassesCAAWP_CLI" "Mozilla/5.0 AppleWebKit/537.36 (KHTML, like Gecko; compatible; GPTBot/1.4; +https://openai.com/gptbot)"
74.7.241.14 - - [16/Aug/2026:21:32:57 +0700] "GET /file.php?dir=CAAvarCAAsoftaculousCAAmoodle44CAAphp71 HTTP/1.1" 200 4565 "https://www.star4hire.com/file.php?dir=CAAvarCAAsoftaculousCAAmoodle44" "Mozilla/5.0 AppleWebKit/537.36 (KHTML, like Gecko; compatible; GPTBot/1.4; +https://openai.com/gptbot)"
185.191.171.6 - - [16/Aug/2026:21:33:09 +0700] "GET /wp-includes/block-patterns/file.php?dir=CAAhomeCAAqtdcvxypCAAlscacheCAAeCAAc HTTP/1.1" 404 277 "-" "Mozilla/5.0 (compatible; SemrushBot/7~bl; +http://www.semrush.com/bot.html)"
74.7.241.14 - - [16/Aug/2026:21:33:12 +0700] "GET /file.php?dir=CAAvarCAAsoftaculousCAAmoodle43CAAphp82 HTTP/1.1" 200 4565 "https://www.star4hire.com/file.php?dir=CAAvarCAAsoftaculousCAAmoodle43" "Mozilla/5.0 AppleWebKit/537.36 (KHTML, like Gecko; compatible; GPTBot/1.4; +https://openai.com/gptbot)"
185.191.171.6 - - [16/Aug/2026:21:33:13 +0700] "GET /wp-includes/style-engine/file.php?dir=CAAhomeCAAqtdcvxypCAAlscacheCAA0CAA4CAA2 HTTP/1.1" 404 277 "-" "Mozilla/5.0 (compatible; SemrushBot/7~bl; +http://www.semrush.com/bot.html)"
202.43.248.178 - - [16/Aug/2026:21:33:16 +0700] "GET / HTTP/1.1" 200 2624 "-" "Uptime-Kuma/1.17.1"
74.7.243.240 - - [16/Aug/2026:21:33:17 +0700] "GET /.well-known/pki-validation/file.php?dir=CAAhomeCAAqtdcvxypCAAmailCAAnew&edit=1755192078.M259257P1944847.iix3001.idcloudhost.com%2CS%3D2264%2CW%3D2308 HTTP/1.1" 200 4023 "https://star4hire.com/.well-known/pki-validation/file.php?dir=CAAhomeCAAqtdcvxypCAAmailCAAnew" "Mozilla/5.0 AppleWebKit/537.36 (KHTML, like Gecko; compatible; GPTBot/1.4; +https://openai.com/gptbot)"
185.191.171.19 - - [16/Aug/2026:21:33:18 +0700] "GET /wp-includes/css/file.php?dir=CAAusrCAAshareCAAlocaleCAAnv HTTP/1.1" 404 277 "-" "Mozilla/5.0 (compatible; SemrushBot/7~bl; +http://www.semrush.com/bot.html)"
185.191.171.7 - - [16/Aug/2026:21:33:23 +0700] "GET /wp-includes/certificates/file.php?dir=CAAusrCAAlibCAAfirmwareCAAdellCAAish HTTP/1.1" 404 277 "-" "Mozilla/5.0 (compatible; SemrushBot/7~bl; +http://www.semrush.com/bot.html)"
85.208.96.201 - - [16/Aug/2026:21:33:26 +0700] "GET /wp-includes/SimplePie/file.php?dir=CAAvarCAAwww HTTP/1.1" 404 277 "-" "Mozilla/5.0 (compatible; SemrushBot/7~bl; +http://www.semrush.com/bot.html)"
74.7.241.14 - - [16/Aug/2026:21:33:27 +0700] "GET /file.php?dir=CAAvarCAAsoftaculousCAAmoodle38CAAphp53 HTTP/1.1" 200 4516 "https://www.star4hire.com/file.php?dir=CAAvarCAAsoftaculousCAAmoodle38" "Mozilla/5.0 AppleWebKit/537.36 (KHTML, like Gecko; compatible; GPTBot/1.4; +https://openai.com/gptbot)"
185.191.171.18 - - [16/Aug/2026:21:33:29 +0700] "GET /wp-includes/block-supports/file.php?dir=CAAvarCAAsoftaculousCAAphpjsCAAphp56 HTTP/1.1" 404 277 "-" "Mozilla/5.0 (compatible; SemrushBot/7~bl; +http://www.semrush.com/bot.html)"
185.191.171.5 - - [16/Aug/2026:21:33:33 +0700] "GET /wp-includes/abilities-api/file.php?dir=CAAusrCAAshareCAAlocaleCAAgsw HTTP/1.1" 404 277 "-" "Mozilla/5.0 (compatible; SemrushBot/7~bl; +http://www.semrush.com/bot.html)"
74.7.241.14 - - [16/Aug/2026:21:33:40 +0700] "GET /file.php?dir=CAAvarCAAsoftaculousCAAmoodle30CAAphp71 HTTP/1.1" 200 4576 "https://www.star4hire.com/file.php?dir=CAAvarCAAsoftaculousCAAmoodle30" "Mozilla/5.0 AppleWebKit/537.36 (KHTML, like Gecko; compatible; GPTBot/1.4; +https://openai.com/gptbot)"
185.191.171.14 - - [16/Aug/2026:21:33:43 +0700] "GET /wp-includes/customize/file.php?dir=CAAusrCAAshareCAAvimCAAvimfilesCAAautoload HTTP/1.1" 404 277 "-" "Mozilla/5.0 (compatible; SemrushBot/7~bl; +http://www.semrush.com/bot.html)"
74.7.241.14 - - [16/Aug/2026:21:33:52 +0700] "GET /file.php?dir=CAAusrCAAlib64CAApython3RAA8CAAasyncio HTTP/1.1" 200 6101 "https://www.star4hire.com/file.php?dir=CAAusrCAAlib64CAApython3RAA8" "Mozilla/5.0 AppleWebKit/537.36 (KHTML, like Gecko; compatible; GPTBot/1.4; +https://openai.com/gptbot)"
74.7.243.240 - - [16/Aug/2026:21:33:55 +0700] "GET /.well-known/pki-validation/file.php?dir=CAAhomeCAAqtdcvxypCAAmailCAAnew&edit=1735052802.M21437P921234.iix3001.idcloudhost.com%2CS%3D60485%2CW%3D61835 HTTP/1.1" 200 12334 "https://star4hire.com/.well-known/pki-validation/file.php?dir=CAAhomeCAAqtdcvxypCAAmailCAAnew" "Mozilla/5.0 AppleWebKit/537.36 (KHTML, like Gecko; compatible; GPTBot/1.4; +https://openai.com/gptbot)"
185.191.171.12 - - [16/Aug/2026:21:33:56 +0700] "GET /wp-includes/style-engine/file.php?dir=CAAvarCAAsoftaculousCAAiliasCAAphp82 HTTP/1.1" 404 277 "-" "Mozilla/5.0 (compatible; SemrushBot/7~bl; +http://www.semrush.com/bot.html)"
74.7.243.227 - - [16/Aug/2026:21:33:56 +0700] "GET /index.php?action=download&dir=CAAhomeCAAqtdcvxypCAAcareerusaRAAstar4hireRAAcomCAAwp-contentCAApluginsCAAall-in-one-seo-packCAAvendorCAAwoocommerceCAAaction-schedulerCAAclassesCAAWP_CLI&file=Migration_Command.php HTTP/1.1" 404 31 "https://mail.star4hire.com/index.php?dir=CAAhomeCAAqtdcvxypCAAcareerusaRAAstar4hireRAAcomCAAwp-contentCAApluginsCAAall-in-one-seo-packCAAvendorCAAwoocommerceCAAaction-schedulerCAAclassesCAAWP_CLI" "Mozilla/5.0 AppleWebKit/537.36 (KHTML, like Gecko; compatible; GPTBot/1.4; +https://openai.com/gptbot)"
74.7.241.14 - - [16/Aug/2026:21:34:03 +0700] "GET /file.php?dir=CAAvarCAAsoftaculousCAAjoomla54CAAphp53 HTTP/1.1" 200 4624 "https://www.star4hire.com/file.php?dir=CAAvarCAAsoftaculousCAAjoomla54" "Mozilla/5.0 AppleWebKit/537.36 (KHTML, like Gecko; compatible; GPTBot/1.4; +https://openai.com/gptbot)"
74.7.243.240 - - [16/Aug/2026:21:34:06 +0700] "GET /.well-known/pki-validation/file.php?action=download&dir=CAAhomeCAAqtdcvxypCAAmailCAAnew&file=1741208300.M919718P1560982.iix3001.idcloudhost.com%2CS%3D20362%2CW%3D20639 HTTP/1.1" 200 4871 "https://star4hire.com/.well-known/pki-validation/file.php?dir=CAAhomeCAAqtdcvxypCAAmailCAAnew" "Mozilla/5.0 AppleWebKit/537.36 (KHTML, like Gecko; compatible; GPTBot/1.4; +https://openai.com/gptbot)"
185.191.171.15 - - [16/Aug/2026:21:34:11 +0700] "GET /wp-includes/sitemaps/file.php?dir=CAAvarCAAlogCAAalt-php56-newrelic HTTP/1.1" 404 277 "-" "Mozilla/5.0 (compatible; SemrushBot/7~bl; +http://www.semrush.com/bot.html)"
74.7.241.14 - - [16/Aug/2026:21:34:12 +0700] "GET /file.php?dir=CAAvarCAAsoftaculousCAAmoodle43CAAphp71 HTTP/1.1" 200 4558 "https://www.star4hire.com/file.php?dir=CAAvarCAAsoftaculousCAAmoodle43" "Mozilla/5.0 AppleWebKit/537.36 (KHTML, like Gecko; compatible; GPTBot/1.4; +https://openai.com/gptbot)"
85.208.96.207 - - [16/Aug/2026:21:34:14 +0700] "GET /wp-includes/sitemaps/file.php?dir=CAAvarCAAsoftaculousCAAmodernizrCAAphp56 HTTP/1.1" 404 277 "-" "Mozilla/5.0 (compatible; SemrushBot/7~bl; +http://www.semrush.com/bot.html)"
202.43.248.178 - - [16/Aug/2026:21:34:16 +0700] "GET / HTTP/1.1" 200 2624 "-" "Uptime-Kuma/1.17.1"
74.7.241.14 - - [16/Aug/2026:21:34:21 +0700] "GET /file.php?dir=CAAvarCAAsoftaculousCAAmoodle44CAAphp82 HTTP/1.1" 200 4568 "https://www.star4hire.com/file.php?dir=CAAvarCAAsoftaculousCAAmoodle44" "Mozilla/5.0 AppleWebKit/537.36 (KHTML, like Gecko; compatible; GPTBot/1.4; +https://openai.com/gptbot)"
85.208.96.200 - - [16/Aug/2026:21:34:22 +0700] "GET /wp-includes/sodium_compat/file.php?dir=CAAvarCAAsoftaculousCAAwebtreesCAAphp71 HTTP/1.1" 404 277 "-" "Mozilla/5.0 (compatible; SemrushBot/7~bl; +http://www.semrush.com/bot.html)"
74.7.241.14 - - [16/Aug/2026:21:34:29 +0700] "GET /file.php?dir=CAAvarCAAsoftaculousCAAmoodle38CAAphp81 HTTP/1.1" 200 4514 "https://www.star4hire.com/file.php?dir=CAAvarCAAsoftaculousCAAmoodle38" "Mozilla/5.0 AppleWebKit/537.36 (KHTML, like Gecko; compatible; GPTBot/1.4; +https://openai.com/gptbot)"
74.7.241.14 - - [16/Aug/2026:21:34:36 +0700] "GET /file.php?dir=CAAvarCAAsoftaculousCAAmoodle41CAAphp82 HTTP/1.1" 200 4565 "https://www.star4hire.com/file.php?dir=CAAvarCAAsoftaculousCAAmoodle41" "Mozilla/5.0 AppleWebKit/537.36 (KHTML, like Gecko; compatible; GPTBot/1.4; +https://openai.com/gptbot)"
74.7.243.240 - - [16/Aug/2026:21:34:38 +0700] "GET /.well-known/pki-validation/file.php?action=download&dir=CAAhomeCAAqtdcvxypCAAmailCAAnew&file=1740758931.M729890P3393135.iix3001.idcloudhost.com%2CS%3D20362%2CW%3D20639 HTTP/1.1" 200 4848 "https://star4hire.com/.well-known/pki-validation/file.php?dir=CAAhomeCAAqtdcvxypCAAmailCAAnew" "Mozilla/5.0 AppleWebKit/537.36 (KHTML, like Gecko; compatible; GPTBot/1.4; +https://openai.com/gptbot)"
74.7.241.14 - - [16/Aug/2026:21:34:42 +0700] "GET /file.php?dir=CAAvarCAAsoftaculousCAAgoffice67CAAphp81 HTTP/1.1" 200 4564 "https://www.star4hire.com/file.php?dir=CAAvarCAAsoftaculousCAAgoffice67" "Mozilla/5.0 AppleWebKit/537.36 (KHTML, like Gecko; compatible; GPTBot/1.4; +https://openai.com/gptbot)"
74.7.243.240 - - [16/Aug/2026:21:34:44 +0700] "GET /.well-known/pki-validation/file.php?action=download&dir=CAAhomeCAAqtdcvxypCAAmailCAAnew&file=1735795389.M772636P1754795.iix3001.idcloudhost.com%2CS%3D20366%2CW%3D20643 HTTP/1.1" 429 267 "https://star4hire.com/.well-known/pki-validation/file.php?dir=CAAhomeCAAqtdcvxypCAAmailCAAnew" "Mozilla/5.0 AppleWebKit/537.36 (KHTML, like Gecko; compatible; GPTBot/1.4; +https://openai.com/gptbot)"
74.7.241.14 - - [16/Aug/2026:21:34:48 +0700] "GET /file.php?dir=CAAvarCAAsoftaculousCAAmoodle29CAAphp56 HTTP/1.1" 429 267 "https://www.star4hire.com/file.php?dir=CAAvarCAAsoftaculousCAAmoodle29" "Mozilla/5.0 AppleWebKit/537.36 (KHTML, like Gecko; compatible; GPTBot/1.4; +https://openai.com/gptbot)"
74.7.243.240 - - [16/Aug/2026:21:34:50 +0700] "GET /.well-known/pki-validation/file.php?action=download&dir=CAAhomeCAAqtdcvxypCAAmailCAAnew&file=1740545779.M155631P2318473.iix3001.idcloudhost.com%2CS%3D20356%2CW%3D20633 HTTP/1.1" 429 267 "https://star4hire.com/.well-known/pki-validation/file.php?dir=CAAhomeCAAqtdcvxypCAAmailCAAnew" "Mozilla/5.0 AppleWebKit/537.36 (KHTML, like Gecko; compatible; GPTBot/1.4; +https://openai.com/gptbot)"
74.7.241.14 - - [16/Aug/2026:21:34:53 +0700] "GET /file.php?dir=CAAvarCAAsoftaculousCAAmoodle43CAAphp82&edit=clone.php HTTP/1.1" 429 267 "https://www.star4hire.com/file.php?dir=CAAvarCAAsoftaculousCAAmoodle43CAAphp82" "Mozilla/5.0 AppleWebKit/537.36 (KHTML, like Gecko; compatible; GPTBot/1.4; +https://openai.com/gptbot)"
185.191.171.11 - - [16/Aug/2026:21:34:54 +0700] "GET /wp-includes/PHPMailer/file.php?dir=CAAusrCAAshareCAAlocaleCAAbaCAALC_MESSAGES HTTP/1.1" 404 277 "-" "Mozilla/5.0 (compatible; SemrushBot/7~bl; +http://www.semrush.com/bot.html)"
74.7.243.227 - - [16/Aug/2026:21:35:00 +0700] "GET /index.php?action=download&dir=CAAhomeCAAqtdcvxypCAAglobalenglishRAAstar4hireRAAcomCAAwp-contentCAApluginsCAAessential-addons-for-elementor-liteCAAincludesCAATemplateCAAWoo-Product-Gallery&file=preset-4.php HTTP/1.1" 429 267 "https://mail.star4hire.com/index.php?dir=CAAhomeCAAqtdcvxypCAAglobalenglishRAAstar4hireRAAcomCAAwp-contentCAApluginsCAAessential-addons-for-elementor-liteCAAincludesCAATemplateCAAWoo-Product-Gallery" "Mozilla/5.0 AppleWebKit/537.36 (KHTML, like Gecko; compatible; GPTBot/1.4; +https://openai.com/gptbot)"
185.191.171.12 - - [16/Aug/2026:21:35:02 +0700] "GET /wp-includes/customize/file.php?dir=CAAusrCAAshareCAAlocaleCAAmhrCAALC_MESSAGES HTTP/1.1" 404 277 "-" "Mozilla/5.0 (compatible; SemrushBot/7~bl; +http://www.semrush.com/bot.html)"
85.208.96.205 - - [16/Aug/2026:21:35:06 +0700] "GET /wp-includes/js/file.php?dir=CAAvarCAAsoftaculousCAAgallery HTTP/1.1" 404 277 "-" "Mozilla/5.0 (compatible; SemrushBot/7~bl; +http://www.semrush.com/bot.html)"
74.7.241.14 - - [16/Aug/2026:21:35:08 +0700] "GET /file.php?dir=CAAvarCAAsoftaculousCAAmoodle30CAAphp53 HTTP/1.1" 429 267 "https://www.star4hire.com/file.php?dir=CAAvarCAAsoftaculousCAAmoodle30" "Mozilla/5.0 AppleWebKit/537.36 (KHTML, like Gecko; compatible; GPTBot/1.4; +https://openai.com/gptbot)"
202.43.248.178 - - [16/Aug/2026:21:35:16 +0700] "GET / HTTP/1.1" 200 2624 "-" "Uptime-Kuma/1.17.1"
85.208.96.197 - - [16/Aug/2026:21:35:21 +0700] "GET /wp-includes/customize/file.php?dir=CAAvarCAAsoftaculousCAAb2e HTTP/1.1" 404 277 "-" "Mozilla/5.0 (compatible; SemrushBot/7~bl; +http://www.semrush.com/bot.html)"
131.222.251.76 - - [16/Aug/2026:21:35:31 +0700] "GET /index.php?action=download&file=deprecated.php&dir=CAAhomeCAAqtdcvxypCAApublic_htmlCAAwp-includes HTTP/1.1" 404 31 "https://www.star4hire.com/index.php?dir=CAAhomeCAAqtdcvxypCAApublic_htmlCAAwp-includes" "Mozilla/5.0 (iPhone; CPU iPhone OS 18_0 like Mac OS X) AppleWebKit/605.1.15 (KHTML, like Gecko) Version/18.0 Mobile/15E148 Safari/604.1"
185.191.171.19 - - [16/Aug/2026:21:35:37 +0700] "GET /wp-includes/block-supports/file.php?dir=CAAhomeCAAqtdcvxypCAAlscacheCAA3CAAfCAA3 HTTP/1.1" 404 277 "-" "Mozilla/5.0 (compatible; SemrushBot/7~bl; +http://www.semrush.com/bot.html)"
185.191.171.15 - - [16/Aug/2026:21:35:41 +0700] "GET /wp-includes/fonts/file.php?dir=CAAusrCAAlibCAAlocaleCAAen_SGRAAutf8 HTTP/1.1" 404 277 "-" "Mozilla/5.0 (compatible; SemrushBot/7~bl; +http://www.semrush.com/bot.html)"
185.191.171.18 - - [16/Aug/2026:21:35:48 +0700] "GET /wp-includes/IXR/file.php?dir=CAAvarCAAsoftaculousCAAlaravel8CAAphp56 HTTP/1.1" 404 277 "-" "Mozilla/5.0 (compatible; SemrushBot/7~bl; +http://www.semrush.com/bot.html)"
74.7.241.14 - - [16/Aug/2026:21:35:53 +0700] "GET /file.php?dir=CAAusrCAAlib64CAApython3RAA6CAAencodings HTTP/1.1" 429 267 "https://www.star4hire.com/file.php?dir=CAAusrCAAlib64CAApython3RAA6" "Mozilla/5.0 AppleWebKit/537.36 (KHTML, like Gecko; compatible; GPTBot/1.4; +https://openai.com/gptbot)"
74.7.243.240 - - [16/Aug/2026:21:35:58 +0700] "GET /.well-known/pki-validation/file.php?action=download&dir=CAAhomeCAAqtdcvxypCAAmailCAAnew&file=1748294580.M148787P3790581.iix3001.idcloudhost.com%2CS%3D20357%2CW%3D20634 HTTP/1.1" 429 267 "https://star4hire.com/.well-known/pki-validation/file.php?dir=CAAhomeCAAqtdcvxypCAAmailCAAnew" "Mozilla/5.0 AppleWebKit/537.36 (KHTML, like Gecko; compatible; GPTBot/1.4; +https://openai.com/gptbot)"
216.73.216.10 - - [16/Aug/2026:21:36:00 +0700] "GET /file.php?dir=CAAsmsCAA_CAAsmart_school_srcCAAapplicationCAAlibrariesCAAPHPMailerCAAlanguage&edit=phpmailer.lang-nl.php HTTP/1.1" 200 3732 "-" "Mozilla/5.0 AppleWebKit/537.36 (KHTML, like Gecko; compatible; ClaudeBot/1.0; +claudebot@anthropic.com)"
74.7.243.227 - - [16/Aug/2026:21:36:01 +0700] "GET /index.php?action=download&dir=CAAhomeCAAqtdcvxypCAAglobalenglishRAAstar4hireRAAcomCAAwp-contentCAApluginsCAAinsert-headers-and-footersCAAincludesCAAliteCAAadmin&file=class-wpcode-metabox-snippets-lite.php HTTP/1.1" 429 267 "https://mail.star4hire.com/index.php?dir=CAAhomeCAAqtdcvxypCAAglobalenglishRAAstar4hireRAAcomCAAwp-contentCAApluginsCAAinsert-headers-and-footersCAAincludesCAAliteCAAadmin" "Mozilla/5.0 AppleWebKit/537.36 (KHTML, like Gecko; compatible; GPTBot/1.4; +https://openai.com/gptbot)"
216.73.216.10 - - [16/Aug/2026:21:36:02 +0700] "GET /wp-includes/html-api/file.php?action=download&dir=CAAhomeCAAqtdcvxypCAApublic_htmlCAAwp-admin&file=tools.php HTTP/1.1" 404 212 "-" "Mozilla/5.0 AppleWebKit/537.36 (KHTML, like Gecko; compatible; ClaudeBot/1.0; +claudebot@anthropic.com)"
216.73.216.10 - - [16/Aug/2026:21:36:07 +0700] "GET /wp-includes/sodium_compat/file.php?dir=CAAusrCAAshareCAAmanCAAman3&edit=BN_rshift.3ssl.gz HTTP/1.1" 404 212 "-" "Mozilla/5.0 AppleWebKit/537.36 (KHTML, like Gecko; compatible; ClaudeBot/1.0; +claudebot@anthropic.com)"
216.73.216.10 - - [16/Aug/2026:21:36:12 +0700] "GET /wp-includes/sodium_compat/file.php?action=download&dir=CAAusrCAAlibCAApython2RAA7CAAsite-packagesCAApip&file=status_codes.pyo HTTP/1.1" 404 212 "-" "Mozilla/5.0 AppleWebKit/537.36 (KHTML, like Gecko; compatible; ClaudeBot/1.0; +claudebot@anthropic.com)"
202.43.248.178 - - [16/Aug/2026:21:36:16 +0700] "GET / HTTP/1.1" 200 2624 "-" "Uptime-Kuma/1.17.1"
216.73.216.10 - - [16/Aug/2026:21:36:17 +0700] "GET /wp-includes/sodium_compat/file.php?action=download&dir=CAAusrCAAlib64CAApython3RAA12CAAencodingsCAA__pycache__&file=oem.cpython-312.pyc HTTP/1.1" 404 212 "-" "Mozilla/5.0 AppleWebKit/537.36 (KHTML, like Gecko; compatible; ClaudeBot/1.0; +claudebot@anthropic.com)"
216.73.216.10 - - [16/Aug/2026:21:36:22 +0700] "GET /wp-includes/sodium_compat/file.php?dir=CAAusrCAAshareCAAaclocal&edit=po.m4 HTTP/1.1" 404 212 "-" "Mozilla/5.0 AppleWebKit/537.36 (KHTML, like Gecko; compatible; ClaudeBot/1.0; +claudebot@anthropic.com)"
85.208.96.212 - - [16/Aug/2026:21:36:22 +0700] "GET /wp-includes/customize/file.php?dir=CAAvarCAAsoftaculousCAAlogaholicCAAphp81 HTTP/1.1" 404 277 "-" "Mozilla/5.0 (compatible; SemrushBot/7~bl; +http://www.semrush.com/bot.html)"
216.73.216.10 - - [16/Aug/2026:21:36:27 +0700] "GET /wp-includes/sodium_compat/file.php?dir=CAAusrCAAshareCAAzoneinfoCAAAmerica&edit=Nipigon HTTP/1.1" 404 212 "-" "Mozilla/5.0 AppleWebKit/537.36 (KHTML, like Gecko; compatible; ClaudeBot/1.0; +claudebot@anthropic.com)"
47.128.122.63 - - [16/Aug/2026:21:36:31 +0700] "GET /article/detail/tips-menyulap-ruang-kerja-jadi-mirip-coffee-shop HTTP/1.1" 403 218 "-" "Mozilla/5.0 (Linux; Android 5.0) AppleWebKit/537.36 (KHTML, like Gecko) Mobile Safari/537.36 (compatible; Bytespider; https://bytedance.sg.larkoffice.com/docx/K5bxdypulop3IIxrJb0lOjLVgFe)"
216.73.216.10 - - [16/Aug/2026:21:36:32 +0700] "GET /wp-includes/sodium_compat/file.php?dir=CAAusrCAAlibCAAfirmwareCAAmediatek&edit=WIFI_MT7902_patch_mcu_1_1_hdr.bin HTTP/1.1" 404 212 "-" "Mozilla/5.0 AppleWebKit/537.36 (KHTML, like Gecko; compatible; ClaudeBot/1.0; +claudebot@anthropic.com)"
216.73.216.10 - - [16/Aug/2026:21:36:35 +0700] "GET /wp-includes/sodium_compat/file.php?dir=CAAusrCAAlibCAAfirmwareCAAintel&edit=ibt-1040-0041.ddc HTTP/1.1" 404 212 "-" "Mozilla/5.0 AppleWebKit/537.36 (KHTML, like Gecko; compatible; ClaudeBot/1.0; +claudebot@anthropic.com)"
216.73.216.10 - - [16/Aug/2026:21:36:39 +0700] "GET /wp-includes/sodium_compat/file.php?dir=CAAusrCAAshareCAAmanCAAman5&edit=key3.db.5.gz HTTP/1.1" 404 212 "-" "Mozilla/5.0 AppleWebKit/537.36 (KHTML, like Gecko; compatible; ClaudeBot/1.0; +claudebot@anthropic.com)"
216.73.216.10 - - [16/Aug/2026:21:36:44 +0700] "GET /wp-includes/images/file.php?dir=CAAicon-library&edit=more-vertical.svg HTTP/1.1" 404 212 "-" "Mozilla/5.0 AppleWebKit/537.36 (KHTML, like Gecko; compatible; ClaudeBot/1.0; +claudebot@anthropic.com)"
216.73.216.10 - - [16/Aug/2026:21:36:46 +0700] "GET /file.php?dir=CAAsmsCAAaaCAAbackendCAApluginsCAAckeditor1CAAlang&edit=de.js HTTP/1.1" 200 8387 "-" "Mozilla/5.0 AppleWebKit/537.36 (KHTML, like Gecko; compatible; ClaudeBot/1.0; +claudebot@anthropic.com)"
216.73.216.10 - - [16/Aug/2026:21:36:50 +0700] "GET /file.php?dir=CAAsmsCAA_CAAsmart_school_srcCAAsystemCAAlibrariesCAACache&edit=index.html HTTP/1.1" 200 3169 "-" "Mozilla/5.0 AppleWebKit/537.36 (KHTML, like Gecko; compatible; ClaudeBot/1.0; +claudebot@anthropic.com)"
74.7.241.14 - - [16/Aug/2026:21:36:58 +0700] "GET /file.php?dir=CAAusrCAAlib64CAApython3RAA8CAAasyncioCAA__pycache__ HTTP/1.1" 200 8041 "https://www.star4hire.com/file.php?dir=CAAusrCAAlib64CAApython3RAA8CAAasyncio" "Mozilla/5.0 AppleWebKit/537.36 (KHTML, like Gecko; compatible; GPTBot/1.4; +https://openai.com/gptbot)"
102.209.221.121 - - [16/Aug/2026:21:36:58 +0700] "GET /index.php?action=download&file=class.wp-scripts.php&dir=CAAhomeCAAqtdcvxypCAApublic_htmlCAAwp-includes HTTP/1.1" 404 31 "https://www.star4hire.com/index.php?dir=CAAhomeCAAqtdcvxypCAApublic_htmlCAAwp-includes" "Mozilla/5.0 (Linux; Android 12; M2102J27) AppleWebKit/537.36 (KHTML, like Gecko) Chrome/144.0.5906.86 Mobile Safari/537.36 MicroMessenger/8.0.45(0x18001B3F) NetType/WIFI Language/zh_CN"
74.7.243.240 - - [16/Aug/2026:21:37:00 +0700] "GET /.well-known/pki-validation/file.php?action=download&dir=CAAhomeCAAqtdcvxypCAAmailCAAnew&file=1740500372.M182844P1241244.iix3001.idcloudhost.com%2CS%3D20361%2CW%3D20638 HTTP/1.1" 200 4857 "https://star4hire.com/.well-known/pki-validation/file.php?dir=CAAhomeCAAqtdcvxypCAAmailCAAnew" "Mozilla/5.0 AppleWebKit/537.36 (KHTML, like Gecko; compatible; GPTBot/1.4; +https://openai.com/gptbot)"
172.225.74.126 - - [16/Aug/2026:21:37:00 +0700] "GET /.well-known/passkey-endpoints HTTP/1.1" 404 212 "-" "com.apple.AuthenticationServicesCore.AuthenticationServicesAgent/8624.2.5.10.4 CFNetwork/3860.600.12 Darwin/25.5.0"
74.7.243.227 - - [16/Aug/2026:21:37:01 +0700] "GET /index.php?action=download&dir=CAAhomeCAAqtdcvxypCAAcareerusaRAAstar4hireRAAcomCAAwp-contentCAApluginsCAAall-in-one-seo-packCAAvendorCAAwoocommerceCAAaction-schedulerCAAclassesCAAWP_CLI&file=System_Command.php HTTP/1.1" 404 31 "https://mail.star4hire.com/index.php?dir=CAAhomeCAAqtdcvxypCAAcareerusaRAAstar4hireRAAcomCAAwp-contentCAApluginsCAAall-in-one-seo-packCAAvendorCAAwoocommerceCAAaction-schedulerCAAclassesCAAWP_CLI" "Mozilla/5.0 AppleWebKit/537.36 (KHTML, like Gecko; compatible; GPTBot/1.4; +https://openai.com/gptbot)"
185.191.171.6 - - [16/Aug/2026:21:37:15 +0700] "GET /wp-includes/block-supports/file.php?dir=CAAvarCAAsoftaculousCAAwp51CAAphp81 HTTP/1.1" 404 277 "-" "Mozilla/5.0 (compatible; SemrushBot/7~bl; +http://www.semrush.com/bot.html)"
202.43.248.178 - - [16/Aug/2026:21:37:16 +0700] "GET / HTTP/1.1" 200 2624 "-" "Uptime-Kuma/1.17.1"
185.191.171.11 - - [16/Aug/2026:21:37:18 +0700] "GET /wp-includes/block-supports/file.php?dir=CAAusrCAAshareCAAmanCAAidCAAman8 HTTP/1.1" 404 277 "-" "Mozilla/5.0 (compatible; SemrushBot/7~bl; +http://www.semrush.com/bot.html)"
185.191.171.3 - - [16/Aug/2026:21:37:20 +0700] "GET /wp-includes/sitemaps/file.php?dir=CAAusrCAAlib64CAApython2RAA7CAADemoCAAclasses HTTP/1.1" 404 277 "-" "Mozilla/5.0 (compatible; SemrushBot/7~bl; +http://www.semrush.com/bot.html)"
