74.7.241.14 - - [16/Aug/2026:19:56:55 +0700] "GET /hello/file.php?action=download&dir=CAAhomeCAAqtdcvxypCAApublic_htmlCAAsmsCAAaaCAAbackendCAAthemesCAAbold_blueCAAimages&file=top-banner3.jpg HTTP/1.1" 200 255708 "https://www.star4hire.com/hello/file.php?dir=CAAhomeCAAqtdcvxypCAApublic_htmlCAAsmsCAAaaCAAbackendCAAthemesCAAbold_blueCAAimages" "Mozilla/5.0 AppleWebKit/537.36 (KHTML, like Gecko; compatible; GPTBot/1.4; +https://openai.com/gptbot)"
74.7.243.240 - - [16/Aug/2026:19:56:55 +0700] "GET /.well-known/pki-validation/file.php?action=download&dir=CAAhomeCAAqtdcvxypCAAglobalenglishRAAstar4hireRAAcomCAAwp-contentCAApluginsCAAall-in-one-seo-packCAAdistCAALiteCAAassetsCAAimages&file=import-from-csv.9622cc10.jpg HTTP/1.1" 200 50680 "https://star4hire.com/.well-known/pki-validation/file.php?dir=CAAhomeCAAqtdcvxypCAAglobalenglishRAAstar4hireRAAcomCAAwp-contentCAApluginsCAAall-in-one-seo-packCAAdistCAALiteCAAassetsCAAimages" "Mozilla/5.0 AppleWebKit/537.36 (KHTML, like Gecko; compatible; GPTBot/1.4; +https://openai.com/gptbot)"
74.7.241.14 - - [16/Aug/2026:19:56:56 +0700] "GET /hello/file.php?action=download&dir=CAAhomeCAAqtdcvxypCAApublic_htmlCAAsmsCAAaaCAAbackendCAAthemesCAAbold_blueCAAimages&file=top-banner4.jpg HTTP/1.1" 200 296946 "https://www.star4hire.com/hello/file.php?dir=CAAhomeCAAqtdcvxypCAApublic_htmlCAAsmsCAAaaCAAbackendCAAthemesCAAbold_blueCAAimages" "Mozilla/5.0 AppleWebKit/537.36 (KHTML, like Gecko; compatible; GPTBot/1.4; +https://openai.com/gptbot)"
74.7.241.14 - - [16/Aug/2026:19:56:57 +0700] "GET /hello/file.php?action=download&dir=CAAhomeCAAqtdcvxypCAApublic_htmlCAAsmsCAAaaCAAbackendCAAthemesCAAbold_blueCAAimages&file=banner-2.jpg HTTP/1.1" 200 111299 "https://www.star4hire.com/hello/file.php?dir=CAAhomeCAAqtdcvxypCAApublic_htmlCAAsmsCAAaaCAAbackendCAAthemesCAAbold_blueCAAimages" "Mozilla/5.0 AppleWebKit/537.36 (KHTML, like Gecko; compatible; GPTBot/1.4; +https://openai.com/gptbot)"
74.7.243.240 - - [16/Aug/2026:19:56:57 +0700] "GET /.well-known/pki-validation/file.php?dir=CAAhomeCAAqtdcvxypCAAdreamleapRAAstar4hireRAAcomCAAwp-contentCAApluginsCAAone-click-demo-importCAAvendorCAAphar-ioCAAmanifestCAAsrcCAAxml HTTP/1.1" 200 5459 "https://star4hire.com/.well-known/pki-validation/file.php?dir=CAAhomeCAAqtdcvxypCAAdreamleapRAAstar4hireRAAcomCAAwp-contentCAApluginsCAAone-click-demo-importCAAvendorCAAphar-ioCAAmanifestCAAsrc" "Mozilla/5.0 AppleWebKit/537.36 (KHTML, like Gecko; compatible; GPTBot/1.4; +https://openai.com/gptbot)"
74.7.241.14 - - [16/Aug/2026:19:56:57 +0700] "GET /file.php?dir=CAAusrCAAshareCAAmcCAAsyntax&edit=cython.syntax HTTP/1.1" 200 4351 "https://www.star4hire.com/file.php?dir=CAAusrCAAshareCAAmcCAAsyntax" "Mozilla/5.0 AppleWebKit/537.36 (KHTML, like Gecko; compatible; GPTBot/1.4; +https://openai.com/gptbot)"
74.7.241.14 - - [16/Aug/2026:19:56:58 +0700] "GET /file.php?dir=CAAusrCAAlib64CAAperl5CAAbitsCAAtypes&edit=timer_t.ph HTTP/1.1" 200 3137 "https://www.star4hire.com/file.php?dir=CAAusrCAAlib64CAAperl5CAAbitsCAAtypes" "Mozilla/5.0 AppleWebKit/537.36 (KHTML, like Gecko; compatible; GPTBot/1.4; +https://openai.com/gptbot)"
74.7.243.240 - - [16/Aug/2026:19:56:58 +0700] "GET /.well-known/pki-validation/file.php?dir=CAAhomeCAAqtdcvxypCAAglobalenglishRAAstar4hireRAAcomCAAwp-contentCAApluginsCAAall-in-one-seo-packCAAappCAACommonCAAWritingAssistantCAASeoBoost HTTP/1.1" 200 4480 "https://star4hire.com/.well-known/pki-validation/file.php?dir=CAAhomeCAAqtdcvxypCAAglobalenglishRAAstar4hireRAAcomCAAwp-contentCAApluginsCAAall-in-one-seo-packCAAappCAACommonCAAWritingAssistant" "Mozilla/5.0 AppleWebKit/537.36 (KHTML, like Gecko; compatible; GPTBot/1.4; +https://openai.com/gptbot)"
74.7.241.14 - - [16/Aug/2026:19:56:59 +0700] "GET /file.php?dir=CAAusrCAAlib64CAAperl5CAAbitsCAAtypes&edit=sigset_t.ph HTTP/1.1" 200 3145 "https://www.star4hire.com/file.php?dir=CAAusrCAAlib64CAAperl5CAAbitsCAAtypes" "Mozilla/5.0 AppleWebKit/537.36 (KHTML, like Gecko; compatible; GPTBot/1.4; +https://openai.com/gptbot)"
74.7.241.14 - - [16/Aug/2026:19:56:59 +0700] "GET /file.php?dir=CAAsmsCAA_CAAsmart_school_srcCAAsystemCAAlibrariesCAACacheCAAdrivers&edit=index.html HTTP/1.1" 200 3188 "https://www.star4hire.com/file.php?dir=CAAsmsCAA_CAAsmart_school_srcCAAsystemCAAlibrariesCAACacheCAAdrivers" "Mozilla/5.0 AppleWebKit/537.36 (KHTML, like Gecko; compatible; GPTBot/1.4; +https://openai.com/gptbot)"
74.7.241.14 - - [16/Aug/2026:19:57:00 +0700] "GET /file.php?dir=CAAsmsCAA_CAAsmart_school_srcCAAsystemCAAlibrariesCAASessionCAAdrivers&edit=index.html HTTP/1.1" 200 3188 "https://www.star4hire.com/file.php?dir=CAAsmsCAA_CAAsmart_school_srcCAAsystemCAAlibrariesCAASessionCAAdrivers" "Mozilla/5.0 AppleWebKit/537.36 (KHTML, like Gecko; compatible; GPTBot/1.4; +https://openai.com/gptbot)"
74.7.241.14 - - [16/Aug/2026:19:57:01 +0700] "GET /file.php?dir=CAAsmsCAA_CAAsmart_school_srcCAAsystemCAAdatabaseCAAdriversCAAibase&edit=index.html HTTP/1.1" 200 3179 "https://www.star4hire.com/file.php?dir=CAAsmsCAA_CAAsmart_school_srcCAAsystemCAAdatabaseCAAdriversCAAibase" "Mozilla/5.0 AppleWebKit/537.36 (KHTML, like Gecko; compatible; GPTBot/1.4; +https://openai.com/gptbot)"
74.7.241.14 - - [16/Aug/2026:19:57:02 +0700] "GET /file.php?dir=CAAsmsCAA_CAAsmart_school_srcCAAapplicationCAAviewsCAAerrorsCAAcli&edit=index.html HTTP/1.1" 200 3197 "https://www.star4hire.com/file.php?dir=CAAsmsCAA_CAAsmart_school_srcCAAapplicationCAAviewsCAAerrorsCAAcli" "Mozilla/5.0 AppleWebKit/537.36 (KHTML, like Gecko; compatible; GPTBot/1.4; +https://openai.com/gptbot)"
185.191.171.16 - - [16/Aug/2026:19:57:02 +0700] "GET /wp-includes/css/file.php?dir=CAAusrCAAshareCAAlocaleCAAtrCAALC_MESSAGES HTTP/1.1" 404 277 "-" "Mozilla/5.0 (compatible; SemrushBot/7~bl; +http://www.semrush.com/bot.html)"
74.7.243.240 - - [16/Aug/2026:19:57:02 +0700] "GET /.well-known/pki-validation/file.php?dir=CAAhomeCAAqtdcvxypCAAglobalenglishRAAstar4hireRAAcomCAAwp-contentCAApluginsCAAall-in-one-seo-packCAAappCAACommonCAASitemapCAAHtml HTTP/1.1" 200 4857 "https://star4hire.com/.well-known/pki-validation/file.php?dir=CAAhomeCAAqtdcvxypCAAglobalenglishRAAstar4hireRAAcomCAAwp-contentCAApluginsCAAall-in-one-seo-packCAAappCAACommonCAASitemap" "Mozilla/5.0 AppleWebKit/537.36 (KHTML, like Gecko; compatible; GPTBot/1.4; +https://openai.com/gptbot)"
74.7.241.14 - - [16/Aug/2026:19:57:02 +0700] "GET /file.php?dir=CAAsmsCAA_CAAsmart_school_srcCAAsystemCAAdatabaseCAAdriversCAAsqlite&edit=index.html HTTP/1.1" 200 3181 "https://www.star4hire.com/file.php?dir=CAAsmsCAA_CAAsmart_school_srcCAAsystemCAAdatabaseCAAdriversCAAsqlite" "Mozilla/5.0 AppleWebKit/537.36 (KHTML, like Gecko; compatible; GPTBot/1.4; +https://openai.com/gptbot)"
216.73.216.10 - - [16/Aug/2026:19:57:03 +0700] "GET /wp-includes/sodium_compat/file.php?action=download&dir=CAAusrCAAlib64CAApython3RAA12CAA__pycache__&file=imghdr.cpython-312.opt-1.pyc HTTP/1.1" 404 212 "-" "Mozilla/5.0 AppleWebKit/537.36 (KHTML, like Gecko; compatible; ClaudeBot/1.0; +claudebot@anthropic.com)"
74.7.243.240 - - [16/Aug/2026:19:57:03 +0700] "GET /.well-known/pki-validation/file.php?dir=CAAhomeCAAqtdcvxypCAARAAcpanel HTTP/1.1" 200 5005 "https://star4hire.com/.well-known/pki-validation/file.php?dir=CAAhomeCAAqtdcvxyp" "Mozilla/5.0 AppleWebKit/537.36 (KHTML, like Gecko; compatible; GPTBot/1.4; +https://openai.com/gptbot)"
74.7.241.14 - - [16/Aug/2026:19:57:03 +0700] "GET /file.php?dir=CAAsmsCAA_CAAsmart_school_srcCAAsystemCAAdatabaseCAAdriversCAAodbc&edit=index.html HTTP/1.1" 200 3181 "https://www.star4hire.com/file.php?dir=CAAsmsCAA_CAAsmart_school_srcCAAsystemCAAdatabaseCAAdriversCAAodbc" "Mozilla/5.0 AppleWebKit/537.36 (KHTML, like Gecko; compatible; GPTBot/1.4; +https://openai.com/gptbot)"
74.7.241.14 - - [16/Aug/2026:19:57:04 +0700] "GET /file.php?dir=CAAsmsCAA_CAAsmart_school_srcCAAsystemCAAdatabaseCAAdriversCAAmssql&edit=index.html HTTP/1.1" 200 3182 "https://www.star4hire.com/file.php?dir=CAAsmsCAA_CAAsmart_school_srcCAAsystemCAAdatabaseCAAdriversCAAmssql" "Mozilla/5.0 AppleWebKit/537.36 (KHTML, like Gecko; compatible; GPTBot/1.4; +https://openai.com/gptbot)"
74.7.241.14 - - [16/Aug/2026:19:57:04 +0700] "GET /file.php?dir=CAAsmsCAA_CAAsmart_school_srcCAAapplicationCAAviewsCAAerrorsCAAhtml&edit=index.html HTTP/1.1" 200 3191 "https://www.star4hire.com/file.php?dir=CAAsmsCAA_CAAsmart_school_srcCAAapplicationCAAviewsCAAerrorsCAAhtml" "Mozilla/5.0 AppleWebKit/537.36 (KHTML, like Gecko; compatible; GPTBot/1.4; +https://openai.com/gptbot)"
85.208.96.195 - - [16/Aug/2026:19:57:05 +0700] "GET /wp-includes/abilities-api/file.php?dir=CAAusrCAAlib64CAAperl5CAAvendor_perlCAATime HTTP/1.1" 404 277 "-" "Mozilla/5.0 (compatible; SemrushBot/7~bl; +http://www.semrush.com/bot.html)"
74.7.241.14 - - [16/Aug/2026:19:57:05 +0700] "GET /file.php?dir=CAAsmsCAA_CAAsmart_school_srcCAAsystemCAAdatabaseCAAdriversCAAsqlsrv&edit=index.html HTTP/1.1" 200 3181 "https://www.star4hire.com/file.php?dir=CAAsmsCAA_CAAsmart_school_srcCAAsystemCAAdatabaseCAAdriversCAAsqlsrv" "Mozilla/5.0 AppleWebKit/537.36 (KHTML, like Gecko; compatible; GPTBot/1.4; +https://openai.com/gptbot)"
74.7.241.14 - - [16/Aug/2026:19:57:06 +0700] "GET /hello/file.php?dir=CAAhomeCAAqtdcvxypCAARAAcagefsCAAvarCAAcpanelCAAphp HTTP/1.1" 200 4193 "https://www.star4hire.com/hello/file.php?dir=CAAhomeCAAqtdcvxypCAARAAcagefsCAAvarCAAcpanel" "Mozilla/5.0 AppleWebKit/537.36 (KHTML, like Gecko; compatible; GPTBot/1.4; +https://openai.com/gptbot)"
74.7.243.240 - - [16/Aug/2026:19:57:07 +0700] "GET /.well-known/pki-validation/file.php?dir=CAAhomeCAAqtdcvxypCAAtmp HTTP/1.1" 200 5173 "https://star4hire.com/.well-known/pki-validation/file.php?dir=CAAhomeCAAqtdcvxyp" "Mozilla/5.0 AppleWebKit/537.36 (KHTML, like Gecko; compatible; GPTBot/1.4; +https://openai.com/gptbot)"
74.7.241.14 - - [16/Aug/2026:19:57:07 +0700] "GET /file.php?dir=CAAusrCAAlocalCAAshareCAAperl5CAAPOD2CAAPT_BRCAAlocal HTTP/1.1" 200 4253 "https://www.star4hire.com/file.php?dir=CAAusrCAAlocalCAAshareCAAperl5CAAPOD2CAAPT_BR" "Mozilla/5.0 AppleWebKit/537.36 (KHTML, like Gecko; compatible; GPTBot/1.4; +https://openai.com/gptbot)"
74.7.243.240 - - [16/Aug/2026:19:57:07 +0700] "GET /.well-known/pki-validation/file.php?dir=CAAhomeCAAqtdcvxypCAAetc HTTP/1.1" 200 4666 "https://star4hire.com/.well-known/pki-validation/file.php?dir=CAAhomeCAAqtdcvxyp" "Mozilla/5.0 AppleWebKit/537.36 (KHTML, like Gecko; compatible; GPTBot/1.4; +https://openai.com/gptbot)"
74.7.241.14 - - [16/Aug/2026:19:57:08 +0700] "GET /file.php?dir=CAAusrCAAshareCAAmanCAAdeCAAman8&edit=useradd.8.gz HTTP/1.1" 200 8946 "https://www.star4hire.com/file.php?dir=CAAusrCAAshareCAAmanCAAdeCAAman8" "Mozilla/5.0 AppleWebKit/537.36 (KHTML, like Gecko; compatible; GPTBot/1.4; +https://openai.com/gptbot)"
74.7.243.240 - - [16/Aug/2026:19:57:08 +0700] "GET /.well-known/pki-validation/file.php?dir=CAAhomeCAAqtdcvxypCAARAAcaldav HTTP/1.1" 200 4739 "https://star4hire.com/.well-known/pki-validation/file.php?dir=CAAhomeCAAqtdcvxyp" "Mozilla/5.0 AppleWebKit/537.36 (KHTML, like Gecko; compatible; GPTBot/1.4; +https://openai.com/gptbot)"
74.7.241.14 - - [16/Aug/2026:19:57:08 +0700] "GET /file.php?dir=CAAusrCAAshareCAAmanCAAdeCAAman8&edit=adduser.8.gz HTTP/1.1" 200 3092 "https://www.star4hire.com/file.php?dir=CAAusrCAAshareCAAmanCAAdeCAAman8" "Mozilla/5.0 AppleWebKit/537.36 (KHTML, like Gecko; compatible; GPTBot/1.4; +https://openai.com/gptbot)"
216.73.216.10 - - [16/Aug/2026:19:57:09 +0700] "GET /wp-includes/sodium_compat/file.php?dir=CAAlibCAAfirmwareCAAamdgpu&edit=gc_11_0_2_mes_2.bin HTTP/1.1" 404 212 "-" "Mozilla/5.0 AppleWebKit/537.36 (KHTML, like Gecko; compatible; ClaudeBot/1.0; +claudebot@anthropic.com)"
74.7.243.227 - - [16/Aug/2026:19:57:09 +0700] "GET /index.php?dir=CAAhomeCAAqtdcvxypCAAdreamleapRAAstar4hireRAAcomCAAwp-contentCAApluginsCAAcontact-form-7CAAincludes&edit=validation.php HTTP/1.1" 404 31 "https://mail.star4hire.com/index.php?dir=CAAhomeCAAqtdcvxypCAAdreamleapRAAstar4hireRAAcomCAAwp-contentCAApluginsCAAcontact-form-7CAAincludes" "Mozilla/5.0 AppleWebKit/537.36 (KHTML, like Gecko; compatible; GPTBot/1.4; +https://openai.com/gptbot)"
74.7.241.14 - - [16/Aug/2026:19:57:09 +0700] "GET /file.php?dir=CAAusrCAAincludeCAAnetinet&edit=ip_icmp.h HTTP/1.1" 200 6588 "https://www.star4hire.com/file.php?dir=CAAusrCAAincludeCAAnetinet" "Mozilla/5.0 AppleWebKit/537.36 (KHTML, like Gecko; compatible; GPTBot/1.4; +https://openai.com/gptbot)"
74.7.241.14 - - [16/Aug/2026:19:57:10 +0700] "GET /file.php?dir=CAAusrCAAshareCAAmcCAAhelp&edit=mc.hlp.hu HTTP/1.1" 200 53955 "https://www.star4hire.com/file.php?dir=CAAusrCAAshareCAAmcCAAhelp" "Mozilla/5.0 AppleWebKit/537.36 (KHTML, like Gecko; compatible; GPTBot/1.4; +https://openai.com/gptbot)"
74.7.241.14 - - [16/Aug/2026:19:57:11 +0700] "GET /file.php?dir=CAAusrCAAincludeCAAnetinet&edit=if_ether.h HTTP/1.1" 200 4806 "https://www.star4hire.com/file.php?dir=CAAusrCAAincludeCAAnetinet" "Mozilla/5.0 AppleWebKit/537.36 (KHTML, like Gecko; compatible; GPTBot/1.4; +https://openai.com/gptbot)"
74.7.241.14 - - [16/Aug/2026:19:57:12 +0700] "GET /file.php?dir=CAAusrCAAincludeCAAscsiCAAfc&edit=fc_gs.h HTTP/1.1" 200 4241 "https://www.star4hire.com/file.php?dir=CAAusrCAAincludeCAAscsiCAAfc" "Mozilla/5.0 AppleWebKit/537.36 (KHTML, like Gecko; compatible; GPTBot/1.4; +https://openai.com/gptbot)"
74.7.241.14 - - [16/Aug/2026:19:57:12 +0700] "GET /file.php?dir=CAAusrCAAincludeCAAscsiCAAfc&edit=fc_els.h HTTP/1.1" 200 13419 "https://www.star4hire.com/file.php?dir=CAAusrCAAincludeCAAscsiCAAfc" "Mozilla/5.0 AppleWebKit/537.36 (KHTML, like Gecko; compatible; GPTBot/1.4; +https://openai.com/gptbot)"
74.7.241.14 - - [16/Aug/2026:19:57:13 +0700] "GET /file.php?dir=CAAusrCAAincludeCAAscsi&edit=scsi_ioctl.h HTTP/1.1" 200 3623 "https://www.star4hire.com/file.php?dir=CAAusrCAAincludeCAAscsi" "Mozilla/5.0 AppleWebKit/537.36 (KHTML, like Gecko; compatible; GPTBot/1.4; +https://openai.com/gptbot)"
74.7.241.14 - - [16/Aug/2026:19:57:14 +0700] "GET /file.php?dir=CAAusrCAAincludeCAAscsiCAAfc&edit=fc_ns.h HTTP/1.1" 200 4630 "https://www.star4hire.com/file.php?dir=CAAusrCAAincludeCAAscsiCAAfc" "Mozilla/5.0 AppleWebKit/537.36 (KHTML, like Gecko; compatible; GPTBot/1.4; +https://openai.com/gptbot)"
74.7.241.14 - - [16/Aug/2026:19:57:14 +0700] "GET /file.php?dir=CAAusrCAAincludeCAAbits&edit=stdint-intn.h HTTP/1.1" 200 3508 "https://www.star4hire.com/file.php?dir=CAAusrCAAincludeCAAbits" "Mozilla/5.0 AppleWebKit/537.36 (KHTML, like Gecko; compatible; GPTBot/1.4; +https://openai.com/gptbot)"
74.7.241.14 - - [16/Aug/2026:19:57:15 +0700] "GET /file.php?dir=CAAusrCAAincludeCAAnetinet&edit=if_fddi.h HTTP/1.1" 200 3576 "https://www.star4hire.com/file.php?dir=CAAusrCAAincludeCAAnetinet" "Mozilla/5.0 AppleWebKit/537.36 (KHTML, like Gecko; compatible; GPTBot/1.4; +https://openai.com/gptbot)"
74.7.241.14 - - [16/Aug/2026:19:57:16 +0700] "GET /file.php?dir=CAAusrCAAshareCAAmcCAAhelp&edit=mc.hlp.pl HTTP/1.1" 200 53978 "https://www.star4hire.com/file.php?dir=CAAusrCAAshareCAAmcCAAhelp" "Mozilla/5.0 AppleWebKit/537.36 (KHTML, like Gecko; compatible; GPTBot/1.4; +https://openai.com/gptbot)"
74.7.243.240 - - [16/Aug/2026:19:57:16 +0700] "GET /.well-known/pki-validation/file.php?dir=CAAhomeCAAqtdcvxypCAAetcCAAglobalenglishRAAstar4hireRAAcom HTTP/1.1" 200 5102 "https://star4hire.com/.well-known/pki-validation/file.php?dir=CAAhomeCAAqtdcvxypCAAetc" "Mozilla/5.0 AppleWebKit/537.36 (KHTML, like Gecko; compatible; GPTBot/1.4; +https://openai.com/gptbot)"
216.73.216.10 - - [16/Aug/2026:19:57:17 +0700] "GET /wp-includes/sodium_compat/file.php?dir=CAAusrCAAlib64CAAperl5&edit=arybase.pm HTTP/1.1" 404 212 "-" "Mozilla/5.0 AppleWebKit/537.36 (KHTML, like Gecko; compatible; ClaudeBot/1.0; +claudebot@anthropic.com)"
74.7.243.240 - - [16/Aug/2026:19:57:17 +0700] "GET /.well-known/pki-validation/file.php?dir=CAAhomeCAAqtdcvxypCAARAAcaldav&edit=file.php HTTP/1.1" 200 10605 "https://star4hire.com/.well-known/pki-validation/file.php?dir=CAAhomeCAAqtdcvxypCAARAAcaldav" "Mozilla/5.0 AppleWebKit/537.36 (KHTML, like Gecko; compatible; GPTBot/1.4; +https://openai.com/gptbot)"
74.7.241.14 - - [16/Aug/2026:19:57:17 +0700] "GET /file.php?dir=CAAusrCAAincludeCAAscsiCAAfc&edit=fc_fs.h HTTP/1.1" 200 6953 "https://www.star4hire.com/file.php?dir=CAAusrCAAincludeCAAscsiCAAfc" "Mozilla/5.0 AppleWebKit/537.36 (KHTML, like Gecko; compatible; GPTBot/1.4; +https://openai.com/gptbot)"
74.7.243.240 - - [16/Aug/2026:19:57:17 +0700] "GET /.well-known/pki-validation/file.php?dir=CAAhomeCAAqtdcvxypCAAetcCAAprishaRAAstar4hireRAAcom HTTP/1.1" 200 4634 "https://star4hire.com/.well-known/pki-validation/file.php?dir=CAAhomeCAAqtdcvxypCAAetc" "Mozilla/5.0 AppleWebKit/537.36 (KHTML, like Gecko; compatible; GPTBot/1.4; +https://openai.com/gptbot)"
74.7.241.14 - - [16/Aug/2026:19:57:17 +0700] "GET /hello/file.php?dir=CAAhomeCAAqtdcvxypCAAsslCAAcerts&edit=_wildcard__star4hire_com_e2907_9124d_1777914617_af239877f19cc6e08f790a54f5126824.crt HTTP/1.1" 200 4621 "https://www.star4hire.com/hello/file.php?dir=CAAhomeCAAqtdcvxypCAAsslCAAcerts" "Mozilla/5.0 AppleWebKit/537.36 (KHTML, like Gecko; compatible; GPTBot/1.4; +https://openai.com/gptbot)"
74.7.243.240 - - [16/Aug/2026:19:57:18 +0700] "GET /.well-known/pki-validation/file.php?dir=CAAhomeCAAqtdcvxypCAAetcCAAfyiRAAstar4hireRAAcom HTTP/1.1" 200 4705 "https://star4hire.com/.well-known/pki-validation/file.php?dir=CAAhomeCAAqtdcvxypCAAetc" "Mozilla/5.0 AppleWebKit/537.36 (KHTML, like Gecko; compatible; GPTBot/1.4; +https://openai.com/gptbot)"
74.7.241.14 - - [16/Aug/2026:19:57:18 +0700] "GET /file.php?dir=CAAusrCAAlibCAAfirmwareCAArealtekCAArt1320 HTTP/1.1" 200 4382 "https://www.star4hire.com/file.php?dir=CAAusrCAAlibCAAfirmwareCAArealtek" "Mozilla/5.0 AppleWebKit/537.36 (KHTML, like Gecko; compatible; GPTBot/1.4; +https://openai.com/gptbot)"
74.7.243.240 - - [16/Aug/2026:19:57:19 +0700] "GET /.well-known/pki-validation/file.php?dir=CAAhomeCAAqtdcvxypCAAtmpCAAwebalizer HTTP/1.1" 200 10251 "https://star4hire.com/.well-known/pki-validation/file.php?dir=CAAhomeCAAqtdcvxypCAAtmp" "Mozilla/5.0 AppleWebKit/537.36 (KHTML, like Gecko; compatible; GPTBot/1.4; +https://openai.com/gptbot)"
74.7.241.14 - - [16/Aug/2026:19:57:19 +0700] "GET /file.php?dir=CAAusrCAAshareCAAmanCAAman1&edit=nmtui-edit.1.gz HTTP/1.1" 200 4136 "https://www.star4hire.com/file.php?dir=CAAusrCAAshareCAAmanCAAman1" "Mozilla/5.0 AppleWebKit/537.36 (KHTML, like Gecko; compatible; GPTBot/1.4; +https://openai.com/gptbot)"
74.7.241.14 - - [16/Aug/2026:19:57:20 +0700] "GET /file.php?dir=CAAusrCAAshareCAAmanCAAman7&edit=audit.rules.7.gz HTTP/1.1" 200 7442 "https://www.star4hire.com/file.php?dir=CAAusrCAAshareCAAmanCAAman7" "Mozilla/5.0 AppleWebKit/537.36 (KHTML, like Gecko; compatible; GPTBot/1.4; +https://openai.com/gptbot)"
85.208.96.203 - - [16/Aug/2026:19:57:20 +0700] "GET /wp-includes/block-bindings/file.php?dir=CAAusrCAAincludeCAAX11CAAdri HTTP/1.1" 404 277 "-" "Mozilla/5.0 (compatible; SemrushBot/7~bl; +http://www.semrush.com/bot.html)"
74.7.241.14 - - [16/Aug/2026:19:57:20 +0700] "GET /file.php?dir=CAAvarCAAsoftaculousCAAwp&edit=info.xml HTTP/1.1" 200 8767 "https://www.star4hire.com/file.php?dir=CAAvarCAAsoftaculousCAAwp" "Mozilla/5.0 AppleWebKit/537.36 (KHTML, like Gecko; compatible; GPTBot/1.4; +https://openai.com/gptbot)"
74.7.243.240 - - [16/Aug/2026:19:57:21 +0700] "GET /.well-known/pki-validation/file.php?dir=CAAhomeCAAqtdcvxypCAARAAcaldavCAAadmin%40globalenglishRAAstar4hireRAAcom HTTP/1.1" 200 4556 "https://star4hire.com/.well-known/pki-validation/file.php?dir=CAAhomeCAAqtdcvxypCAARAAcaldav" "Mozilla/5.0 AppleWebKit/537.36 (KHTML, like Gecko; compatible; GPTBot/1.4; +https://openai.com/gptbot)"
74.7.241.14 - - [16/Aug/2026:19:57:21 +0700] "GET /file.php?dir=CAAusrCAAshareCAAmcCAAsyntax&edit=r.syntax HTTP/1.1" 200 3848 "https://www.star4hire.com/file.php?dir=CAAusrCAAshareCAAmcCAAsyntax" "Mozilla/5.0 AppleWebKit/537.36 (KHTML, like Gecko; compatible; GPTBot/1.4; +https://openai.com/gptbot)"
74.7.241.14 - - [16/Aug/2026:19:57:22 +0700] "GET /file.php?dir=CAAusrCAAshareCAAmcCAAsyntax&edit=d.syntax HTTP/1.1" 200 5826 "https://www.star4hire.com/file.php?dir=CAAusrCAAshareCAAmcCAAsyntax" "Mozilla/5.0 AppleWebKit/537.36 (KHTML, like Gecko; compatible; GPTBot/1.4; +https://openai.com/gptbot)"
74.7.243.240 - - [16/Aug/2026:19:57:22 +0700] "GET /.well-known/pki-validation/file.php?dir=CAAhomeCAAqtdcvxypCAARAAcaldavCAAnaura21salwa%40star4hireRAAcom HTTP/1.1" 200 4553 "https://star4hire.com/.well-known/pki-validation/file.php?dir=CAAhomeCAAqtdcvxypCAARAAcaldav" "Mozilla/5.0 AppleWebKit/537.36 (KHTML, like Gecko; compatible; GPTBot/1.4; +https://openai.com/gptbot)"
74.7.241.14 - - [16/Aug/2026:19:57:23 +0700] "GET /file.php?dir=CAAusrCAAlibCAAfirmwareCAAintelCAAish&edit=ish_wcl.bin HTTP/1.1" 200 398131 "https://www.star4hire.com/file.php?dir=CAAusrCAAlibCAAfirmwareCAAintelCAAish" "Mozilla/5.0 AppleWebKit/537.36 (KHTML, like Gecko; compatible; GPTBot/1.4; +https://openai.com/gptbot)"
57.141.2.75 - - [16/Aug/2026:19:57:23 +0700] "GET /wp-includes/css/file.php?edit=ms-default-filters.php&dir=CAAhomeCAAqtdcvxypCAApublic_htmlCAAwp-includes HTTP/1.1" 404 277 "-" "Mozilla/5.0 (Windows NT 10.0; Win64; x64) AppleWebKit/537.36 (KHTML, like Gecko) Chrome/145.0.0.0 Safari/537.36 (compatible; meta-externalagent/1.1 (+https://developers.facebook.com/docs/sharing/webmasters/crawler))"
74.7.243.240 - - [16/Aug/2026:19:57:24 +0700] "GET /.well-known/pki-validation/file.php?dir=CAAhomeCAAqtdcvxypCAAetcCAAglobalenglishRAAstar4hireRAAcom&edit=admin.rcube.db.1775580157 HTTP/1.1" 200 11145 "https://star4hire.com/.well-known/pki-validation/file.php?dir=CAAhomeCAAqtdcvxypCAAetcCAAglobalenglishRAAstar4hireRAAcom" "Mozilla/5.0 AppleWebKit/537.36 (KHTML, like Gecko; compatible; GPTBot/1.4; +https://openai.com/gptbot)"
74.7.241.14 - - [16/Aug/2026:19:57:24 +0700] "GET /file.php?dir=CAAusrCAAlibCAAfirmwareCAAintelCAAipu&edit=ipu6epadln_fw.bin HTTP/1.1" 200 223506 "https://www.star4hire.com/file.php?dir=CAAusrCAAlibCAAfirmwareCAAintelCAAipu" "Mozilla/5.0 AppleWebKit/537.36 (KHTML, like Gecko; compatible; GPTBot/1.4; +https://openai.com/gptbot)"
216.73.216.10 - - [16/Aug/2026:19:57:24 +0700] "GET /wp-includes/sodium_compat/file.php?action=download&dir=CAAlibCAApython3RAA6CAAsite-packagesCAAtunedCAAplugins&file=plugin_scheduler.py HTTP/1.1" 404 212 "-" "Mozilla/5.0 AppleWebKit/537.36 (KHTML, like Gecko; compatible; ClaudeBot/1.0; +claudebot@anthropic.com)"
74.7.243.240 - - [16/Aug/2026:19:57:25 +0700] "GET /.well-known/pki-validation/file.php?dir=CAAhomeCAAqtdcvxypCAAtmpCAAwebalizerftp HTTP/1.1" 200 4245 "https://star4hire.com/.well-known/pki-validation/file.php?dir=CAAhomeCAAqtdcvxypCAAtmp" "Mozilla/5.0 AppleWebKit/537.36 (KHTML, like Gecko; compatible; GPTBot/1.4; +https://openai.com/gptbot)"
74.7.241.14 - - [16/Aug/2026:19:57:25 +0700] "GET /file.php?dir=CAAusrCAAshareCAAperl5CAAvendor_perlCAAThread&edit=Queue.pm HTTP/1.1" 200 8116 "https://www.star4hire.com/file.php?dir=CAAusrCAAshareCAAperl5CAAvendor_perlCAAThread" "Mozilla/5.0 AppleWebKit/537.36 (KHTML, like Gecko; compatible; GPTBot/1.4; +https://openai.com/gptbot)"
74.7.241.14 - - [16/Aug/2026:19:57:26 +0700] "GET /file.php?dir=CAAusrCAAshareCAAperl5CAAvendor_perlCAAFilter&edit=Simple.pm HTTP/1.1" 200 11015 "https://www.star4hire.com/file.php?dir=CAAusrCAAshareCAAperl5CAAvendor_perlCAAFilter" "Mozilla/5.0 AppleWebKit/537.36 (KHTML, like Gecko; compatible; GPTBot/1.4; +https://openai.com/gptbot)"
185.191.171.16 - - [16/Aug/2026:19:57:26 +0700] "GET /wp-includes/IXR/file.php?dir=CAAvarCAAsoftaculousCAAkohanaCAAphp53 HTTP/1.1" 404 277 "-" "Mozilla/5.0 (compatible; SemrushBot/7~bl; +http://www.semrush.com/bot.html)"
74.7.243.240 - - [16/Aug/2026:19:57:27 +0700] "GET /.well-known/pki-validation/file.php?dir=CAAhomeCAAqtdcvxypCAAtmpCAAwebalizer&edit=daily_usage_202408.png HTTP/1.1" 200 5365 "https://star4hire.com/.well-known/pki-validation/file.php?dir=CAAhomeCAAqtdcvxypCAAtmpCAAwebalizer" "Mozilla/5.0 AppleWebKit/537.36 (KHTML, like Gecko; compatible; GPTBot/1.4; +https://openai.com/gptbot)"
74.7.241.14 - - [16/Aug/2026:19:57:27 +0700] "GET /file.php?dir=CAAusrCAAshareCAAperl5CAAvendor_perl&edit=perlglossary.pod HTTP/1.1" 200 51863 "https://www.star4hire.com/file.php?dir=CAAusrCAAshareCAAperl5CAAvendor_perl" "Mozilla/5.0 AppleWebKit/537.36 (KHTML, like Gecko; compatible; GPTBot/1.4; +https://openai.com/gptbot)"
74.7.243.240 - - [16/Aug/2026:19:57:27 +0700] "GET /.well-known/pki-validation/file.php?dir=CAAhomeCAAqtdcvxypCAAtmpCAAwebalizerCAAsolutionRAAstar4hireRAAcom HTTP/1.1" 200 7800 "https://star4hire.com/.well-known/pki-validation/file.php?dir=CAAhomeCAAqtdcvxypCAAtmpCAAwebalizer" "Mozilla/5.0 AppleWebKit/537.36 (KHTML, like Gecko; compatible; GPTBot/1.4; +https://openai.com/gptbot)"
74.7.241.14 - - [16/Aug/2026:19:57:28 +0700] "GET /file.php?dir=CAAusrCAAlib64CAAperl5CAAbits&edit=stdint-intn.ph HTTP/1.1" 200 3142 "https://www.star4hire.com/file.php?dir=CAAusrCAAlib64CAAperl5CAAbits" "Mozilla/5.0 AppleWebKit/537.36 (KHTML, like Gecko; compatible; GPTBot/1.4; +https://openai.com/gptbot)"
74.7.243.240 - - [16/Aug/2026:19:57:28 +0700] "GET /.well-known/pki-validation/file.php?dir=CAAhomeCAAqtdcvxypCAAtmpCAAwebalizer&edit=usage.png HTTP/1.1" 200 5527 "https://star4hire.com/.well-known/pki-validation/file.php?dir=CAAhomeCAAqtdcvxypCAAtmpCAAwebalizer" "Mozilla/5.0 AppleWebKit/537.36 (KHTML, like Gecko; compatible; GPTBot/1.4; +https://openai.com/gptbot)"
74.7.241.14 - - [16/Aug/2026:19:57:28 +0700] "GET /hello/file.php?dir=CAAhomeCAAqtdcvxypCAAlscacheCAAaCAA2&edit=file.php HTTP/1.1" 200 10606 "https://www.star4hire.com/hello/file.php?dir=CAAhomeCAAqtdcvxypCAAlscacheCAAaCAA2" "Mozilla/5.0 AppleWebKit/537.36 (KHTML, like Gecko; compatible; GPTBot/1.4; +https://openai.com/gptbot)"
74.7.241.14 - - [16/Aug/2026:19:57:29 +0700] "GET /file.php?dir=CAAsmsCAAaaCAAapplicationCAAthird_partyCAAomnipayCAAvendorCAAgoogleCAAapiclient-services HTTP/1.1" 200 4633 "https://www.star4hire.com/file.php?dir=CAAsmsCAAaaCAAapplicationCAAthird_partyCAAomnipayCAAvendorCAAgoogle" "Mozilla/5.0 AppleWebKit/537.36 (KHTML, like Gecko; compatible; GPTBot/1.4; +https://openai.com/gptbot)"
74.7.241.14 - - [16/Aug/2026:19:57:30 +0700] "GET /file.php?dir=CAAusrCAAshareCAAterminfoCAAt&edit=teraterm2.3 HTTP/1.1" 200 3768 "https://www.star4hire.com/file.php?dir=CAAusrCAAshareCAAterminfoCAAt" "Mozilla/5.0 AppleWebKit/537.36 (KHTML, like Gecko; compatible; GPTBot/1.4; +https://openai.com/gptbot)"
74.7.243.240 - - [16/Aug/2026:19:57:30 +0700] "GET /.well-known/pki-validation/file.php?dir=CAAhomeCAAqtdcvxypCAAtmpCAAwebalizer&edit=usage_202510.html HTTP/1.1" 200 11784 "https://star4hire.com/.well-known/pki-validation/file.php?dir=CAAhomeCAAqtdcvxypCAAtmpCAAwebalizer" "Mozilla/5.0 AppleWebKit/537.36 (KHTML, like Gecko; compatible; GPTBot/1.4; +https://openai.com/gptbot)"
74.7.241.14 - - [16/Aug/2026:19:57:31 +0700] "GET /file.php?dir=CAAusrCAAlibCAAsystemdCAAsystem&edit=man-db-restart-cache-update.service HTTP/1.1" 200 3151 "https://www.star4hire.com/file.php?dir=CAAusrCAAlibCAAsystemdCAAsystem" "Mozilla/5.0 AppleWebKit/537.36 (KHTML, like Gecko; compatible; GPTBot/1.4; +https://openai.com/gptbot)"
74.7.243.240 - - [16/Aug/2026:19:57:31 +0700] "GET /.well-known/pki-validation/file.php?dir=CAAhomeCAAqtdcvxypCAAtmpCAAwebalizerCAAupskillRAAstar4hireRAAcom HTTP/1.1" 200 6048 "https://star4hire.com/.well-known/pki-validation/file.php?dir=CAAhomeCAAqtdcvxypCAAtmpCAAwebalizer" "Mozilla/5.0 AppleWebKit/537.36 (KHTML, like Gecko; compatible; GPTBot/1.4; +https://openai.com/gptbot)"
74.7.241.14 - - [16/Aug/2026:19:57:31 +0700] "GET /file.php?dir=CAAusrCAAshareCAAmanCAAdeCAAman8&edit=netstat.8.gz HTTP/1.1" 200 7144 "https://www.star4hire.com/file.php?dir=CAAusrCAAshareCAAmanCAAdeCAAman8" "Mozilla/5.0 AppleWebKit/537.36 (KHTML, like Gecko; compatible; GPTBot/1.4; +https://openai.com/gptbot)"
74.7.243.240 - - [16/Aug/2026:19:57:32 +0700] "GET /.well-known/pki-validation/file.php?dir=CAAhomeCAAqtdcvxypCAAtmpCAAwebalizerCAAprishaRAAstar4hireRAAcom HTTP/1.1" 200 7864 "https://star4hire.com/.well-known/pki-validation/file.php?dir=CAAhomeCAAqtdcvxypCAAtmpCAAwebalizer" "Mozilla/5.0 AppleWebKit/537.36 (KHTML, like Gecko; compatible; GPTBot/1.4; +https://openai.com/gptbot)"
74.7.241.14 - - [16/Aug/2026:19:57:32 +0700] "GET /file.php?dir=CAAusrCAAshareCAAmanCAAdeCAAman1&edit=manpath.1.gz HTTP/1.1" 429 267 "https://www.star4hire.com/file.php?dir=CAAusrCAAshareCAAmanCAAdeCAAman1" "Mozilla/5.0 AppleWebKit/537.36 (KHTML, like Gecko; compatible; GPTBot/1.4; +https://openai.com/gptbot)"
74.7.243.240 - - [16/Aug/2026:19:57:32 +0700] "GET /.well-known/pki-validation/file.php?dir=CAAhomeCAAqtdcvxypCAAtmpCAAwebalizerCAApertiwiRAAstar4hireRAAcom HTTP/1.1" 429 267 "https://star4hire.com/.well-known/pki-validation/file.php?dir=CAAhomeCAAqtdcvxypCAAtmpCAAwebalizer" "Mozilla/5.0 AppleWebKit/537.36 (KHTML, like Gecko; compatible; GPTBot/1.4; +https://openai.com/gptbot)"
74.7.241.14 - - [16/Aug/2026:19:57:33 +0700] "GET /file.php?dir=CAAusrCAAshareCAAmanCAAdeCAAman5&edit=manpath.5.gz HTTP/1.1" 200 5416 "https://www.star4hire.com/file.php?dir=CAAusrCAAshareCAAmanCAAdeCAAman5" "Mozilla/5.0 AppleWebKit/537.36 (KHTML, like Gecko; compatible; GPTBot/1.4; +https://openai.com/gptbot)"
74.7.241.14 - - [16/Aug/2026:19:57:34 +0700] "GET /hello/file.php?dir=CAAhomeCAAqtdcvxypCAAcsrRAAstar4hireRAAcomCAAwp-adminCAAjs&edit=set-post-thumbnail.js HTTP/1.1" 200 3474 "https://www.star4hire.com/hello/file.php?dir=CAAhomeCAAqtdcvxypCAAcsrRAAstar4hireRAAcomCAAwp-adminCAAjs" "Mozilla/5.0 AppleWebKit/537.36 (KHTML, like Gecko; compatible; GPTBot/1.4; +https://openai.com/gptbot)"
74.7.241.14 - - [16/Aug/2026:19:57:36 +0700] "GET /file.php?dir=CAAusrCAAlibCAAudevCAArulesRAAd&edit=60-persistent-input.rules HTTP/1.1" 200 3768 "https://www.star4hire.com/file.php?dir=CAAusrCAAlibCAAudevCAArulesRAAd" "Mozilla/5.0 AppleWebKit/537.36 (KHTML, like Gecko; compatible; GPTBot/1.4; +https://openai.com/gptbot)"
74.7.243.240 - - [16/Aug/2026:19:57:36 +0700] "GET /.well-known/pki-validation/file.php?dir=CAAhomeCAAqtdcvxypCAAtmpCAAwebalizerCAAkarirRAAstar4hireRAAcom HTTP/1.1" 200 8905 "https://star4hire.com/.well-known/pki-validation/file.php?dir=CAAhomeCAAqtdcvxypCAAtmpCAAwebalizer" "Mozilla/5.0 AppleWebKit/537.36 (KHTML, like Gecko; compatible; GPTBot/1.4; +https://openai.com/gptbot)"
74.7.241.14 - - [16/Aug/2026:19:57:37 +0700] "GET /file.php?action=download&dir=CAAusrCAAshareCAAghostscriptCAAResourceCAAFont&file=NimbusSans-Bold HTTP/1.1" 200 106858 "https://www.star4hire.com/file.php?dir=CAAusrCAAshareCAAghostscriptCAAResourceCAAFont" "Mozilla/5.0 AppleWebKit/537.36 (KHTML, like Gecko; compatible; GPTBot/1.4; +https://openai.com/gptbot)"
74.7.243.240 - - [16/Aug/2026:19:57:37 +0700] "GET /.well-known/pki-validation/file.php?action=download&dir=CAAhomeCAAqtdcvxypCAAtmpCAAwebalizerCAAsolutionRAAstar4hireRAAcom&file=daily_usage_202601.png HTTP/1.1" 200 3072 "https://star4hire.com/.well-known/pki-validation/file.php?dir=CAAhomeCAAqtdcvxypCAAtmpCAAwebalizerCAAsolutionRAAstar4hireRAAcom" "Mozilla/5.0 AppleWebKit/537.36 (KHTML, like Gecko; compatible; GPTBot/1.4; +https://openai.com/gptbot)"
74.7.241.14 - - [16/Aug/2026:19:57:39 +0700] "GET /file.php?dir=CAAusrCAAlib64&edit=libz.so HTTP/1.1" 200 45333 "https://www.star4hire.com/file.php?dir=CAAusrCAAlib64" "Mozilla/5.0 AppleWebKit/537.36 (KHTML, like Gecko; compatible; GPTBot/1.4; +https://openai.com/gptbot)"
74.7.243.240 - - [16/Aug/2026:19:57:39 +0700] "GET /.well-known/pki-validation/file.php?dir=CAAhomeCAAqtdcvxypCAAtmpCAAwebalizerCAAsolutionRAAstar4hireRAAcom&edit=ctry_usage_202606.png HTTP/1.1" 200 6212 "https://star4hire.com/.well-known/pki-validation/file.php?dir=CAAhomeCAAqtdcvxypCAAtmpCAAwebalizerCAAsolutionRAAstar4hireRAAcom" "Mozilla/5.0 AppleWebKit/537.36 (KHTML, like Gecko; compatible; GPTBot/1.4; +https://openai.com/gptbot)"
74.7.241.14 - - [16/Aug/2026:19:57:39 +0700] "GET /file.php?dir=CAAusrCAAlib64&edit=libm.so HTTP/1.1" 200 3085 "https://www.star4hire.com/file.php?dir=CAAusrCAAlib64" "Mozilla/5.0 AppleWebKit/537.36 (KHTML, like Gecko; compatible; GPTBot/1.4; +https://openai.com/gptbot)"
74.7.243.240 - - [16/Aug/2026:19:57:40 +0700] "GET /.well-known/pki-validation/file.php?dir=CAAhomeCAAqtdcvxypCAAtmpCAAwebalizerCAAsolutionRAAstar4hireRAAcom&edit=hourly_usage_202606.png HTTP/1.1" 200 4804 "https://star4hire.com/.well-known/pki-validation/file.php?dir=CAAhomeCAAqtdcvxypCAAtmpCAAwebalizerCAAsolutionRAAstar4hireRAAcom" "Mozilla/5.0 AppleWebKit/537.36 (KHTML, like Gecko; compatible; GPTBot/1.4; +https://openai.com/gptbot)"
74.7.241.14 - - [16/Aug/2026:19:57:40 +0700] "GET /file.php?dir=CAAvarCAAsoftaculousCAAclaro&edit=md5 HTTP/1.1" 200 6064 "https://www.star4hire.com/file.php?dir=CAAvarCAAsoftaculousCAAclaro" "Mozilla/5.0 AppleWebKit/537.36 (KHTML, like Gecko; compatible; GPTBot/1.4; +https://openai.com/gptbot)"
74.7.241.14 - - [16/Aug/2026:19:57:41 +0700] "GET /file.php?dir=CAAhomeCAAqtdcvxypCAAkarirRAAstar4hireRAAcomCAAdatabase HTTP/1.1" 200 4567 "https://www.star4hire.com/file.php?dir=CAAhomeCAAqtdcvxypCAAkarirRAAstar4hireRAAcom" "Mozilla/5.0 AppleWebKit/537.36 (KHTML, like Gecko; compatible; GPTBot/1.4; +https://openai.com/gptbot)"
74.7.241.14 - - [16/Aug/2026:19:57:42 +0700] "GET /file.php?dir=CAAhomeCAAqtdcvxypCAAkarirRAAstar4hireRAAcomCAAbootstrap HTTP/1.1" 200 4453 "https://www.star4hire.com/file.php?dir=CAAhomeCAAqtdcvxypCAAkarirRAAstar4hireRAAcom" "Mozilla/5.0 AppleWebKit/537.36 (KHTML, like Gecko; compatible; GPTBot/1.4; +https://openai.com/gptbot)"
74.7.243.240 - - [16/Aug/2026:19:57:42 +0700] "GET /.well-known/pki-validation/file.php?action=download&dir=CAAhomeCAAqtdcvxypCAAtmpCAAwebalizerCAAupskillRAAstar4hireRAAcom&file=daily_usage_202512.png HTTP/1.1" 200 3243 "https://star4hire.com/.well-known/pki-validation/file.php?dir=CAAhomeCAAqtdcvxypCAAtmpCAAwebalizerCAAupskillRAAstar4hireRAAcom" "Mozilla/5.0 AppleWebKit/537.36 (KHTML, like Gecko; compatible; GPTBot/1.4; +https://openai.com/gptbot)"
74.7.241.14 - - [16/Aug/2026:19:57:42 +0700] "GET /file.php?dir=CAAhomeCAAqtdcvxypCAAkarirRAAstar4hireRAAcomCAAcustom HTTP/1.1" 200 4526 "https://www.star4hire.com/file.php?dir=CAAhomeCAAqtdcvxypCAAkarirRAAstar4hireRAAcom" "Mozilla/5.0 AppleWebKit/537.36 (KHTML, like Gecko; compatible; GPTBot/1.4; +https://openai.com/gptbot)"
74.7.243.240 - - [16/Aug/2026:19:57:43 +0700] "GET /.well-known/pki-validation/file.php?action=download&dir=CAAhomeCAAqtdcvxypCAAtmpCAAwebalizerCAAprishaRAAstar4hireRAAcom&file=ctry_usage_202411.png HTTP/1.1" 200 3017 "https://star4hire.com/.well-known/pki-validation/file.php?dir=CAAhomeCAAqtdcvxypCAAtmpCAAwebalizerCAAprishaRAAstar4hireRAAcom" "Mozilla/5.0 AppleWebKit/537.36 (KHTML, like Gecko; compatible; GPTBot/1.4; +https://openai.com/gptbot)"
74.7.241.14 - - [16/Aug/2026:19:57:43 +0700] "GET /file.php?dir=CAAhomeCAAqtdcvxypCAAmailCAAstar4hireRAAcomCAAadminuser HTTP/1.1" 200 5707 "https://www.star4hire.com/file.php?dir=CAAhomeCAAqtdcvxypCAAmailCAAstar4hireRAAcom" "Mozilla/5.0 AppleWebKit/537.36 (KHTML, like Gecko; compatible; GPTBot/1.4; +https://openai.com/gptbot)"
74.7.241.14 - - [16/Aug/2026:19:57:46 +0700] "GET /file.php?dir=CAAhomeCAAqtdcvxypCAAkarirRAAstar4hireRAAcomCAAresources HTTP/1.1" 200 4795 "https://www.star4hire.com/file.php?dir=CAAhomeCAAqtdcvxypCAAkarirRAAstar4hireRAAcom" "Mozilla/5.0 AppleWebKit/537.36 (KHTML, like Gecko; compatible; GPTBot/1.4; +https://openai.com/gptbot)"
74.7.241.14 - - [16/Aug/2026:19:57:47 +0700] "GET /file.php?dir=CAAhomeCAAqtdcvxypCAAmailCAAstar4hireRAAcomCAAeducation HTTP/1.1" 200 5415 "https://www.star4hire.com/file.php?dir=CAAhomeCAAqtdcvxypCAAmailCAAstar4hireRAAcom" "Mozilla/5.0 AppleWebKit/537.36 (KHTML, like Gecko; compatible; GPTBot/1.4; +https://openai.com/gptbot)"
74.7.243.240 - - [16/Aug/2026:19:57:48 +0700] "GET /.well-known/pki-validation/file.php?dir=CAAhomeCAAqtdcvxypCAAtmpCAAwebalizerCAAkarirRAAstar4hireRAAcom&edit=ctry_usage_202607.png HTTP/1.1" 200 5190 "https://star4hire.com/.well-known/pki-validation/file.php?dir=CAAhomeCAAqtdcvxypCAAtmpCAAwebalizerCAAkarirRAAstar4hireRAAcom" "Mozilla/5.0 AppleWebKit/537.36 (KHTML, like Gecko; compatible; GPTBot/1.4; +https://openai.com/gptbot)"
74.7.241.14 - - [16/Aug/2026:19:57:48 +0700] "GET /hello/file.php?dir=CAAhomeCAAqtdcvxypCAApublic_htmlCAAsmsCAA_CAAsmart_school_srcCAAbackendCAAjson-files HTTP/1.1" 200 4304 "https://www.star4hire.com/hello/file.php?dir=CAAhomeCAAqtdcvxypCAApublic_htmlCAAsmsCAA_CAAsmart_school_srcCAAbackend" "Mozilla/5.0 AppleWebKit/537.36 (KHTML, like Gecko; compatible; GPTBot/1.4; +https://openai.com/gptbot)"
74.7.243.240 - - [16/Aug/2026:19:57:48 +0700] "GET /.well-known/pki-validation/file.php?dir=CAAhomeCAAqtdcvxypCAAtmpCAAwebalizerCAAprishaRAAstar4hireRAAcom&edit=daily_usage_202509.png HTTP/1.1" 200 5908 "https://star4hire.com/.well-known/pki-validation/file.php?dir=CAAhomeCAAqtdcvxypCAAtmpCAAwebalizerCAAprishaRAAstar4hireRAAcom" "Mozilla/5.0 AppleWebKit/537.36 (KHTML, like Gecko; compatible; GPTBot/1.4; +https://openai.com/gptbot)"
74.7.241.14 - - [16/Aug/2026:19:57:49 +0700] "GET /hello/file.php?dir=CAAhomeCAAqtdcvxypCAApublic_htmlCAAsmsCAA_CAAsmart_school_srcCAAbackendCAAsweet-alert HTTP/1.1" 200 4404 "https://www.star4hire.com/hello/file.php?dir=CAAhomeCAAqtdcvxypCAApublic_htmlCAAsmsCAA_CAAsmart_school_srcCAAbackend" "Mozilla/5.0 AppleWebKit/537.36 (KHTML, like Gecko; compatible; GPTBot/1.4; +https://openai.com/gptbot)"
74.7.241.14 - - [16/Aug/2026:19:57:50 +0700] "GET /hello/file.php?dir=CAAhomeCAAqtdcvxypCAApublic_htmlCAAsmsCAA_CAAsmart_school_srcCAAsystemCAAlanguage HTTP/1.1" 200 6277 "https://www.star4hire.com/hello/file.php?dir=CAAhomeCAAqtdcvxypCAApublic_htmlCAAsmsCAA_CAAsmart_school_srcCAAsystem" "Mozilla/5.0 AppleWebKit/537.36 (KHTML, like Gecko; compatible; GPTBot/1.4; +https://openai.com/gptbot)"
74.7.243.240 - - [16/Aug/2026:19:57:50 +0700] "GET /.well-known/pki-validation/file.php?dir=CAAhomeCAAqtdcvxypCAAtmpCAAwebalizerCAAsmsRAAstar4hireRAAcom HTTP/1.1" 200 9155 "https://star4hire.com/.well-known/pki-validation/file.php?dir=CAAhomeCAAqtdcvxypCAAtmpCAAwebalizer" "Mozilla/5.0 AppleWebKit/537.36 (KHTML, like Gecko; compatible; GPTBot/1.4; +https://openai.com/gptbot)"
74.7.241.14 - - [16/Aug/2026:19:57:50 +0700] "GET /hello/file.php?dir=CAAhomeCAAqtdcvxypCAApublic_htmlCAAsmsCAA_CAAsmart_school_srcCAAbackendCAAtoast-alert HTTP/1.1" 200 4378 "https://www.star4hire.com/hello/file.php?dir=CAAhomeCAAqtdcvxypCAApublic_htmlCAAsmsCAA_CAAsmart_school_srcCAAbackend" "Mozilla/5.0 AppleWebKit/537.36 (KHTML, like Gecko; compatible; GPTBot/1.4; +https://openai.com/gptbot)"
74.7.241.14 - - [16/Aug/2026:19:57:51 +0700] "GET /file.php?dir=CAAusrCAAshareCAAmcCAAsyntax&edit=latex.syntax HTTP/1.1" 200 4119 "https://www.star4hire.com/file.php?dir=CAAusrCAAshareCAAmcCAAsyntax" "Mozilla/5.0 AppleWebKit/537.36 (KHTML, like Gecko; compatible; GPTBot/1.4; +https://openai.com/gptbot)"
74.7.243.240 - - [16/Aug/2026:19:57:44 +0700] "GET /.well-known/pki-validation/file.php?dir=CAAhomeCAAqtdcvxypCAAtmpCAAwebalizerCAAupskillRAAstar4hireRAAcom&edit=ctry_usage_202602.png HTTP/1.1" 200 6251 "https://star4hire.com/.well-known/pki-validation/file.php?dir=CAAhomeCAAqtdcvxypCAAtmpCAAwebalizerCAAupskillRAAstar4hireRAAcom" "Mozilla/5.0 AppleWebKit/537.36 (KHTML, like Gecko; compatible; GPTBot/1.4; +https://openai.com/gptbot)"
74.7.241.14 - - [16/Aug/2026:19:57:44 +0700] "GET /file.php?dir=CAAhomeCAAqtdcvxypCAAkarirRAAstar4hireRAAcomCAAroutes HTTP/1.1" 200 4705 "https://www.star4hire.com/file.php?dir=CAAhomeCAAqtdcvxypCAAkarirRAAstar4hireRAAcom" "Mozilla/5.0 AppleWebKit/537.36 (KHTML, like Gecko; compatible; GPTBot/1.4; +https://openai.com/gptbot)"
74.7.241.14 - - [16/Aug/2026:19:57:45 +0700] "GET /file.php?dir=CAAhomeCAAqtdcvxypCAAkarirRAAstar4hireRAAcomCAAvendor HTTP/1.1" 200 7552 "https://www.star4hire.com/file.php?dir=CAAhomeCAAqtdcvxypCAAkarirRAAstar4hireRAAcom" "Mozilla/5.0 AppleWebKit/537.36 (KHTML, like Gecko; compatible; GPTBot/1.4; +https://openai.com/gptbot)"
74.7.243.240 - - [16/Aug/2026:19:57:51 +0700] "GET /.well-known/pki-validation/file.php?dir=CAAhomeCAAqtdcvxypCAAtmpCAAwebalizerCAAcsrRAAstar4hireRAAcom HTTP/1.1" 200 8848 "https://star4hire.com/.well-known/pki-validation/file.php?dir=CAAhomeCAAqtdcvxypCAAtmpCAAwebalizer" "Mozilla/5.0 AppleWebKit/537.36 (KHTML, like Gecko; compatible; GPTBot/1.4; +https://openai.com/gptbot)"
74.7.241.14 - - [16/Aug/2026:19:57:52 +0700] "GET /file.php?dir=CAAusrCAAshareCAAmcCAAsyntax&edit=named.syntax HTTP/1.1" 200 4185 "https://www.star4hire.com/file.php?dir=CAAusrCAAshareCAAmcCAAsyntax" "Mozilla/5.0 AppleWebKit/537.36 (KHTML, like Gecko; compatible; GPTBot/1.4; +https://openai.com/gptbot)"
74.7.243.240 - - [16/Aug/2026:19:57:52 +0700] "GET /.well-known/pki-validation/file.php?dir=CAAhomeCAAqtdcvxypCAAtmpCAAwebalizerCAAfyiRAAstar4hireRAAcom HTTP/1.1" 200 8929 "https://star4hire.com/.well-known/pki-validation/file.php?dir=CAAhomeCAAqtdcvxypCAAtmpCAAwebalizer" "Mozilla/5.0 AppleWebKit/537.36 (KHTML, like Gecko; compatible; GPTBot/1.4; +https://openai.com/gptbot)"
74.7.241.14 - - [16/Aug/2026:19:57:53 +0700] "GET /file.php?dir=CAAsmsCAAapplicationCAAthird_partyCAAbillplzCAAguzzlehttp HTTP/1.1" 200 4343 "https://www.star4hire.com/file.php?dir=CAAsmsCAAapplicationCAAthird_partyCAAbillplz" "Mozilla/5.0 AppleWebKit/537.36 (KHTML, like Gecko; compatible; GPTBot/1.4; +https://openai.com/gptbot)"
202.43.248.178 - - [16/Aug/2026:19:57:53 +0700] "GET / HTTP/1.1" 200 2624 "-" "Uptime-Kuma/1.17.1"
74.7.241.14 - - [16/Aug/2026:19:57:53 +0700] "GET /file.php?action=download&dir=CAAhomeCAAqtdcvxypCAAkarirRAAstar4hireRAAcomCAAroutes&file=admin.php HTTP/1.1" 200 24 "https://www.star4hire.com/file.php?dir=CAAhomeCAAqtdcvxypCAAkarirRAAstar4hireRAAcomCAAroutes" "Mozilla/5.0 AppleWebKit/537.36 (KHTML, like Gecko; compatible; GPTBot/1.4; +https://openai.com/gptbot)"
74.7.241.14 - - [16/Aug/2026:19:57:54 +0700] "GET /file.php?dir=CAAhomeCAAqtdcvxypCAAkarirRAAstar4hireRAAcomCAAvendorCAAgoogle HTTP/1.1" 200 4508 "https://www.star4hire.com/file.php?dir=CAAhomeCAAqtdcvxypCAAkarirRAAstar4hireRAAcomCAAvendor" "Mozilla/5.0 AppleWebKit/537.36 (KHTML, like Gecko; compatible; GPTBot/1.4; +https://openai.com/gptbot)"
74.7.243.240 - - [16/Aug/2026:19:57:54 +0700] "GET /.well-known/pki-validation/file.php?dir=CAAhomeCAAqtdcvxypCAAtmpCAAwebalizerCAAglobaljobsRAAstar4hireRAAcom HTTP/1.1" 200 6074 "https://star4hire.com/.well-known/pki-validation/file.php?dir=CAAhomeCAAqtdcvxypCAAtmpCAAwebalizer" "Mozilla/5.0 AppleWebKit/537.36 (KHTML, like Gecko; compatible; GPTBot/1.4; +https://openai.com/gptbot)"
74.7.241.14 - - [16/Aug/2026:19:57:55 +0700] "GET /file.php?dir=CAAusrCAAlibCAAnode_modulesCAAnpmCAAnode_modulesCAAspdx-exceptions&edit=index.json HTTP/1.1" 200 3283 "https://www.star4hire.com/file.php?dir=CAAusrCAAlibCAAnode_modulesCAAnpmCAAnode_modulesCAAspdx-exceptions" "Mozilla/5.0 AppleWebKit/537.36 (KHTML, like Gecko; compatible; GPTBot/1.4; +https://openai.com/gptbot)"
74.7.241.14 - - [16/Aug/2026:19:57:56 +0700] "GET /file.php?dir=CAAhomeCAAqtdcvxypCAAmailCAAstar4hireRAAcomCAAeducation&edit=file.php HTTP/1.1" 200 10623 "https://www.star4hire.com/file.php?dir=CAAhomeCAAqtdcvxypCAAmailCAAstar4hireRAAcomCAAeducation" "Mozilla/5.0 AppleWebKit/537.36 (KHTML, like Gecko; compatible; GPTBot/1.4; +https://openai.com/gptbot)"
74.7.241.14 - - [16/Aug/2026:19:57:56 +0700] "GET /file.php?dir=CAAusrCAAshareCAAnano&edit=nanohelp.nanorc HTTP/1.1" 200 3278 "https://www.star4hire.com/file.php?dir=CAAusrCAAshareCAAnano" "Mozilla/5.0 AppleWebKit/537.36 (KHTML, like Gecko; compatible; GPTBot/1.4; +https://openai.com/gptbot)"
74.7.243.240 - - [16/Aug/2026:19:57:56 +0700] "GET /.well-known/pki-validation/file.php?dir=CAAhomeCAAqtdcvxypCAAtmpCAAwebalizerCAAdreamleapRAAstar4hireRAAcom HTTP/1.1" 200 8796 "https://star4hire.com/.well-known/pki-validation/file.php?dir=CAAhomeCAAqtdcvxypCAAtmpCAAwebalizer" "Mozilla/5.0 AppleWebKit/537.36 (KHTML, like Gecko; compatible; GPTBot/1.4; +https://openai.com/gptbot)"
74.7.241.14 - - [16/Aug/2026:19:57:57 +0700] "GET /file.php?dir=CAAusrCAAlib64&edit=libcap.so HTTP/1.1" 200 15991 "https://www.star4hire.com/file.php?dir=CAAusrCAAlib64" "Mozilla/5.0 AppleWebKit/537.36 (KHTML, like Gecko; compatible; GPTBot/1.4; +https://openai.com/gptbot)"
74.7.243.240 - - [16/Aug/2026:19:57:57 +0700] "GET /.well-known/pki-validation/file.php?dir=CAAhomeCAAqtdcvxypCAAtmpCAAwebalizerCAAcareerusaRAAstar4hireRAAcom HTTP/1.1" 200 8088 "https://star4hire.com/.well-known/pki-validation/file.php?dir=CAAhomeCAAqtdcvxypCAAtmpCAAwebalizer" "Mozilla/5.0 AppleWebKit/537.36 (KHTML, like Gecko; compatible; GPTBot/1.4; +https://openai.com/gptbot)"
74.7.243.240 - - [16/Aug/2026:19:57:58 +0700] "GET /.well-known/pki-validation/file.php?dir=CAAhomeCAAqtdcvxypCAAtmpCAAwebalizerCAAculinaryRAAstar4hireRAAcom HTTP/1.1" 200 7822 "https://star4hire.com/.well-known/pki-validation/file.php?dir=CAAhomeCAAqtdcvxypCAAtmpCAAwebalizer" "Mozilla/5.0 AppleWebKit/537.36 (KHTML, like Gecko; compatible; GPTBot/1.4; +https://openai.com/gptbot)"
74.7.241.14 - - [16/Aug/2026:19:57:58 +0700] "GET /hello/file.php?dir=CAAhomeCAAqtdcvxypCAApublic_htmlCAAsmsCAA_CAAsmart_school_srcCAAsystemCAAlanguageCAAportuguese HTTP/1.1" 200 5255 "https://www.star4hire.com/hello/file.php?dir=CAAhomeCAAqtdcvxypCAApublic_htmlCAAsmsCAA_CAAsmart_school_srcCAAsystemCAAlanguage" "Mozilla/5.0 AppleWebKit/537.36 (KHTML, like Gecko; compatible; GPTBot/1.4; +https://openai.com/gptbot)"
74.7.243.240 - - [16/Aug/2026:19:57:59 +0700] "GET /.well-known/pki-validation/file.php?dir=CAAhomeCAAqtdcvxypCAAtmpCAAwebalizerCAAsmsRAAstar4hireRAAcom&edit=ctry_usage_202502.png HTTP/1.1" 200 6461 "https://star4hire.com/.well-known/pki-validation/file.php?dir=CAAhomeCAAqtdcvxypCAAtmpCAAwebalizerCAAsmsRAAstar4hireRAAcom" "Mozilla/5.0 AppleWebKit/537.36 (KHTML, like Gecko; compatible; GPTBot/1.4; +https://openai.com/gptbot)"
74.7.241.14 - - [16/Aug/2026:19:57:59 +0700] "GET /file.php?dir=CAAusrCAAlib64&edit=libanl.so HTTP/1.1" 200 9450 "https://www.star4hire.com/file.php?dir=CAAusrCAAlib64" "Mozilla/5.0 AppleWebKit/537.36 (KHTML, like Gecko; compatible; GPTBot/1.4; +https://openai.com/gptbot)"
74.7.243.240 - - [16/Aug/2026:19:58:00 +0700] "GET /.well-known/pki-validation/file.php?dir=CAAhomeCAAqtdcvxypCAAtmpCAAwebalizerCAAcsrRAAstar4hireRAAcom&edit=hourly_usage_202403.png HTTP/1.1" 200 4851 "https://star4hire.com/.well-known/pki-validation/file.php?dir=CAAhomeCAAqtdcvxypCAAtmpCAAwebalizerCAAcsrRAAstar4hireRAAcom" "Mozilla/5.0 AppleWebKit/537.36 (KHTML, like Gecko; compatible; GPTBot/1.4; +https://openai.com/gptbot)"
74.7.241.14 - - [16/Aug/2026:19:58:00 +0700] "GET /file.php?dir=CAAusrCAAlib64&edit=libpng.so HTTP/1.1" 200 93785 "https://www.star4hire.com/file.php?dir=CAAusrCAAlib64" "Mozilla/5.0 AppleWebKit/537.36 (KHTML, like Gecko; compatible; GPTBot/1.4; +https://openai.com/gptbot)"
74.7.241.14 - - [16/Aug/2026:19:58:01 +0700] "GET /file.php?dir=CAAusrCAAlib64&edit=libpam.so HTTP/1.1" 200 26360 "https://www.star4hire.com/file.php?dir=CAAusrCAAlib64" "Mozilla/5.0 AppleWebKit/537.36 (KHTML, like Gecko; compatible; GPTBot/1.4; +https://openai.com/gptbot)"
74.7.241.14 - - [16/Aug/2026:19:58:01 +0700] "GET /file.php?dir=CAAsmsCAAapplicationCAAthird_partyCAAbillplzCAAguzzlehttpCAAguzzle HTTP/1.1" 200 4762 "https://www.star4hire.com/file.php?dir=CAAsmsCAAapplicationCAAthird_partyCAAbillplzCAAguzzlehttp" "Mozilla/5.0 AppleWebKit/537.36 (KHTML, like Gecko; compatible; GPTBot/1.4; +https://openai.com/gptbot)"
74.7.241.14 - - [16/Aug/2026:19:58:02 +0700] "GET /file.php?dir=CAAsmsCAAapplicationCAAthird_partyCAAbillplzCAAguzzlehttpCAApsr7 HTTP/1.1" 200 4709 "https://www.star4hire.com/file.php?dir=CAAsmsCAAapplicationCAAthird_partyCAAbillplzCAAguzzlehttp" "Mozilla/5.0 AppleWebKit/537.36 (KHTML, like Gecko; compatible; GPTBot/1.4; +https://openai.com/gptbot)"
74.7.241.14 - - [16/Aug/2026:19:58:03 +0700] "GET /file.php?dir=CAAsmsCAAapplicationCAAthird_partyCAAbillplzCAAguzzlehttpCAApromises HTTP/1.1" 200 4771 "https://www.star4hire.com/file.php?dir=CAAsmsCAAapplicationCAAthird_partyCAAbillplzCAAguzzlehttp" "Mozilla/5.0 AppleWebKit/537.36 (KHTML, like Gecko; compatible; GPTBot/1.4; +https://openai.com/gptbot)"
74.7.243.240 - - [16/Aug/2026:19:58:03 +0700] "GET /.well-known/pki-validation/file.php?dir=CAAhomeCAAqtdcvxypCAAtmpCAAwebalizerCAAcsrRAAstar4hireRAAcom&edit=daily_usage_202602.png HTTP/1.1" 200 5729 "https://star4hire.com/.well-known/pki-validation/file.php?dir=CAAhomeCAAqtdcvxypCAAtmpCAAwebalizerCAAcsrRAAstar4hireRAAcom" "Mozilla/5.0 AppleWebKit/537.36 (KHTML, like Gecko; compatible; GPTBot/1.4; +https://openai.com/gptbot)"
74.7.241.14 - - [16/Aug/2026:19:58:04 +0700] "GET /file.php?dir=CAAusrCAAlib64&edit=libXpm.so HTTP/1.1" 200 33670 "https://www.star4hire.com/file.php?dir=CAAusrCAAlib64" "Mozilla/5.0 AppleWebKit/537.36 (KHTML, like Gecko; compatible; GPTBot/1.4; +https://openai.com/gptbot)"
74.7.243.240 - - [16/Aug/2026:19:58:04 +0700] "GET /.well-known/pki-validation/file.php?action=download&dir=CAAhomeCAAqtdcvxypCAAtmpCAAwebalizerCAAdreamleapRAAstar4hireRAAcom&file=hourly_usage_202504.png HTTP/1.1" 200 2032 "https://star4hire.com/.well-known/pki-validation/file.php?dir=CAAhomeCAAqtdcvxypCAAtmpCAAwebalizerCAAdreamleapRAAstar4hireRAAcom" "Mozilla/5.0 AppleWebKit/537.36 (KHTML, like Gecko; compatible; GPTBot/1.4; +https://openai.com/gptbot)"
74.7.241.14 - - [16/Aug/2026:19:58:05 +0700] "GET /file.php?dir=CAAusrCAAlib64&edit=libxcb.so HTTP/1.1" 200 46230 "https://www.star4hire.com/file.php?dir=CAAusrCAAlib64" "Mozilla/5.0 AppleWebKit/537.36 (KHTML, like Gecko; compatible; GPTBot/1.4; +https://openai.com/gptbot)"
