74.7.243.195 - - [02/Aug/2026:13:20:34 +0700] "GET /.well-known/file.php?dir=CAAhomeCAAqtdcvxypCAAcareerusaRAAstar4hireRAAcomCAAwp-contentCAApluginsCAAelementorCAAmodulesCAAdynamic-tags HTTP/1.1" 200 4339 "http://culinary.star4hire.com/.well-known/file.php?dir=CAAhomeCAAqtdcvxypCAAcareerusaRAAstar4hireRAAcomCAAwp-contentCAApluginsCAAelementorCAAmodules" "Mozilla/5.0 AppleWebKit/537.36 (KHTML, like Gecko; compatible; GPTBot/1.4; +https://openai.com/gptbot)"
74.7.243.195 - - [02/Aug/2026:13:20:54 +0700] "GET /.well-known/file.php?dir=CAAhomeCAAqtdcvxypCAAdreamleapRAAstar4hireRAAcomCAAwp-contentCAApluginsCAAelementorCAAmodulesCAAdynamic-tags HTTP/1.1" 200 4340 "http://culinary.star4hire.com/.well-known/file.php?dir=CAAhomeCAAqtdcvxypCAAdreamleapRAAstar4hireRAAcomCAAwp-contentCAApluginsCAAelementorCAAmodules" "Mozilla/5.0 AppleWebKit/537.36 (KHTML, like Gecko; compatible; GPTBot/1.4; +https://openai.com/gptbot)"
85.208.96.194 - - [02/Aug/2026:13:21:06 +0700] "GET /.well-known/file.php?action=download&dir=CAAhomeCAAqtdcvxypCAApublic_html&file=wp-trackback.php HTTP/1.1" 200 1904 "-" "Mozilla/5.0 (compatible; SemrushBot/7~bl; +http://www.semrush.com/bot.html)"
74.7.243.195 - - [02/Aug/2026:13:21:13 +0700] "GET /.well-known/file.php?action=download&dir=CAAusrCAAlib64CAApython3RAA6CAAemail&file=policy.py HTTP/1.1" 200 3292 "http://culinary.star4hire.com/.well-known/file.php?dir=CAAusrCAAlib64CAApython3RAA6CAAemail" "Mozilla/5.0 AppleWebKit/537.36 (KHTML, like Gecko; compatible; GPTBot/1.4; +https://openai.com/gptbot)"
85.208.96.207 - - [02/Aug/2026:13:21:21 +0700] "GET /.well-known/acme-challenge/file.php?action=download&dir=CAAhomeCAAqtdcvxyp&file=.spamassassinboxenable HTTP/1.1" 200 34 "-" "Mozilla/5.0 (compatible; SemrushBot/7~bl; +http://www.semrush.com/bot.html)"
74.7.243.195 - - [02/Aug/2026:13:21:28 +0700] "GET /.well-known/file.php?action=download&dir=CAAusrCAAlib64CAApython3RAA8CAAemail&file=policy.py HTTP/1.1" 200 3297 "http://culinary.star4hire.com/.well-known/file.php?dir=CAAusrCAAlib64CAApython3RAA8CAAemail" "Mozilla/5.0 AppleWebKit/537.36 (KHTML, like Gecko; compatible; GPTBot/1.4; +https://openai.com/gptbot)"
74.7.243.195 - - [02/Aug/2026:13:21:42 +0700] "GET /.well-known/file.php?dir=CAAhomeCAAqtdcvxypCAAkarirRAAstar4hireRAAcomCAAvendorCAAawsCAAaws-sdk-phpCAAsrcCAAAmplifyUIBuilder&edit=AmplifyUIBuilderClient.php HTTP/1.1" 200 3547 "http://culinary.star4hire.com/.well-known/file.php?dir=CAAhomeCAAqtdcvxypCAAkarirRAAstar4hireRAAcomCAAvendorCAAawsCAAaws-sdk-phpCAAsrcCAAAmplifyUIBuilder" "Mozilla/5.0 AppleWebKit/537.36 (KHTML, like Gecko; compatible; GPTBot/1.4; +https://openai.com/gptbot)"
185.191.171.3 - - [02/Aug/2026:13:21:48 +0700] "GET /.well-known/file.php?dir=CAAhomeCAAqtdcvxypCAARAAcagefsCAAtmp HTTP/1.1" 200 62432 "-" "Mozilla/5.0 (compatible; SemrushBot/7~bl; +http://www.semrush.com/bot.html)"
74.7.243.195 - - [02/Aug/2026:13:21:56 +0700] "GET /.well-known/file.php?dir=CAAhomeCAAqtdcvxypCAAkarirRAAstar4hireRAAcomCAAvendorCAAawsCAAaws-sdk-phpCAAsrcCAAAutoScalingPlans&edit=AutoScalingPlansClient.php HTTP/1.1" 200 3367 "http://culinary.star4hire.com/.well-known/file.php?dir=CAAhomeCAAqtdcvxypCAAkarirRAAstar4hireRAAcomCAAvendorCAAawsCAAaws-sdk-phpCAAsrcCAAAutoScalingPlans" "Mozilla/5.0 AppleWebKit/537.36 (KHTML, like Gecko; compatible; GPTBot/1.4; +https://openai.com/gptbot)"
85.208.96.205 - - [02/Aug/2026:13:21:59 +0700] "GET /.well-known/file.php?dir=CAAhomeCAAqtdcvxypCAAcsrRAAstar4hireRAAcomCAAcgi-bin HTTP/1.1" 200 4625 "-" "Mozilla/5.0 (compatible; SemrushBot/7~bl; +http://www.semrush.com/bot.html)"
74.7.243.195 - - [02/Aug/2026:13:22:07 +0700] "GET /.well-known/acme-challenge/file.php?action=download&dir=CAAhomeCAAqtdcvxypCAAdreamleapRAAstar4hireRAAcomCAAwp-includesCAAassets&file=file.php HTTP/1.1" 429 267 "http://culinary.star4hire.com/.well-known/acme-challenge/file.php?dir=CAAhomeCAAqtdcvxypCAAdreamleapRAAstar4hireRAAcomCAAwp-includesCAAassets" "Mozilla/5.0 AppleWebKit/537.36 (KHTML, like Gecko; compatible; GPTBot/1.4; +https://openai.com/gptbot)"
185.191.171.12 - - [02/Aug/2026:13:22:12 +0700] "GET /.well-known/file.php?dir=CAAhomeCAAqtdcvxypCAAglobalenglishRAAstar4hireRAAcom&edit=wp-trackback.php HTTP/1.1" 200 5272 "-" "Mozilla/5.0 (compatible; SemrushBot/7~bl; +http://www.semrush.com/bot.html)"
74.7.243.195 - - [02/Aug/2026:13:22:18 +0700] "GET /.well-known/acme-challenge/file.php?action=download&dir=CAAhomeCAAqtdcvxypCAAcareerusaRAAstar4hireRAAcomCAAwp-contentCAApluginsCAAelementorCAAassetsCAAcssCAAconditionals&file=dialog.css HTTP/1.1" 429 267 "http://culinary.star4hire.com/.well-known/acme-challenge/file.php?dir=CAAhomeCAAqtdcvxypCAAcareerusaRAAstar4hireRAAcomCAAwp-contentCAApluginsCAAelementorCAAassetsCAAcssCAAconditionals" "Mozilla/5.0 AppleWebKit/537.36 (KHTML, like Gecko; compatible; GPTBot/1.4; +https://openai.com/gptbot)"
74.7.243.195 - - [02/Aug/2026:13:22:49 +0700] "GET /.well-known/acme-challenge/file.php?action=download&dir=CAAhomeCAAqtdcvxypCAAdreamleapRAAstar4hireRAAcomCAAwp-contentCAApluginsCAAwoocommerceCAAassetsCAAclientCAAadminCAAchunks&file=0.style.css HTTP/1.1" 429 267 "http://culinary.star4hire.com/.well-known/acme-challenge/file.php?dir=CAAhomeCAAqtdcvxypCAAdreamleapRAAstar4hireRAAcomCAAwp-contentCAApluginsCAAwoocommerceCAAassetsCAAclientCAAadminCAAchunks" "Mozilla/5.0 AppleWebKit/537.36 (KHTML, like Gecko; compatible; GPTBot/1.4; +https://openai.com/gptbot)"
85.208.96.207 - - [02/Aug/2026:13:23:39 +0700] "GET /.well-known/file.php?action=download&dir=CAAhomeCAAqtdcvxypCAAcareerusaRAAstar4hireRAAcom&file=wp-mail.php HTTP/1.1" 200 3105 "-" "Mozilla/5.0 (compatible; SemrushBot/7~bl; +http://www.semrush.com/bot.html)"
74.7.243.195 - - [02/Aug/2026:13:23:53 +0700] "GET /.well-known/acme-challenge/file.php?action=download&dir=CAAhomeCAAqtdcvxypCAAdreamleapRAAstar4hireRAAcomCAAwp-contentCAApluginsCAAwoocommerceCAAassetsCAAclientCAAadminCAAapp&file=style-rtl.css HTTP/1.1" 200 12640 "http://culinary.star4hire.com/.well-known/acme-challenge/file.php?dir=CAAhomeCAAqtdcvxypCAAdreamleapRAAstar4hireRAAcomCAAwp-contentCAApluginsCAAwoocommerceCAAassetsCAAclientCAAadminCAAapp" "Mozilla/5.0 AppleWebKit/537.36 (KHTML, like Gecko; compatible; GPTBot/1.4; +https://openai.com/gptbot)"
74.7.243.195 - - [02/Aug/2026:13:24:54 +0700] "GET /.well-known/acme-challenge/file.php?action=download&dir=CAAhomeCAAqtdcvxypCAAcareerusaRAAstar4hireRAAcomCAAwp-contentCAApluginsCAAelementorCAAassetsCAAcssCAAconditionals&file=shapes.css HTTP/1.1" 200 388 "http://culinary.star4hire.com/.well-known/acme-challenge/file.php?dir=CAAhomeCAAqtdcvxypCAAcareerusaRAAstar4hireRAAcomCAAwp-contentCAApluginsCAAelementorCAAassetsCAAcssCAAconditionals" "Mozilla/5.0 AppleWebKit/537.36 (KHTML, like Gecko; compatible; GPTBot/1.4; +https://openai.com/gptbot)"
85.208.96.196 - - [02/Aug/2026:13:25:10 +0700] "GET /.well-known/acme-challenge/file.php?dir=CAAhomeCAAqtdcvxypCAARAAgnupg HTTP/1.1" 200 4909 "-" "Mozilla/5.0 (compatible; SemrushBot/7~bl; +http://www.semrush.com/bot.html)"
85.208.96.210 - - [02/Aug/2026:13:25:48 +0700] "GET /.well-known/file.php?action=download&dir=CAAhomeCAAqtdcvxypCAAmail&file=dovecot.index.cache HTTP/1.1" 200 92311 "-" "Mozilla/5.0 (compatible; SemrushBot/7~bl; +http://www.semrush.com/bot.html)"
74.7.243.195 - - [02/Aug/2026:13:25:50 +0700] "GET /.well-known/file.php?action=download&dir=CAAhomeCAAqtdcvxypCAAcareerusaRAAstar4hireRAAcomCAAwp-contentCAApluginsCAAelementorCAAmodulesCAAdynamic-tags&file=module.php HTTP/1.1" 200 920 "http://culinary.star4hire.com/.well-known/file.php?dir=CAAhomeCAAqtdcvxypCAAcareerusaRAAstar4hireRAAcomCAAwp-contentCAApluginsCAAelementorCAAmodulesCAAdynamic-tags" "Mozilla/5.0 AppleWebKit/537.36 (KHTML, like Gecko; compatible; GPTBot/1.4; +https://openai.com/gptbot)"
85.208.96.210 - - [02/Aug/2026:13:25:54 +0700] "GET /.well-known/file.php?action=download&dir=CAAhomeCAAqtdcvxypCAAupskillRAAstar4hireRAAcom&file=file.php HTTP/1.1" 200 9758 "-" "Mozilla/5.0 (compatible; SemrushBot/7~bl; +http://www.semrush.com/bot.html)"
185.191.171.12 - - [02/Aug/2026:13:26:12 +0700] "GET /.well-known/file.php?dir=CAAusrCAAlocalCAAapacheCAAdomlogsCAAqtdcvxyp&edit=dreamleap.star4hire.com HTTP/1.1" 200 84966 "-" "Mozilla/5.0 (compatible; SemrushBot/7~bl; +http://www.semrush.com/bot.html)"
85.208.96.200 - - [02/Aug/2026:13:26:35 +0700] "GET /.well-known/file.php?dir=CAAhomeCAAqtdcvxypCAAlogs&edit=prisha.star4hire.com-ssl_log-Jul-2026_NGINX.gz HTTP/1.1" 200 6218 "-" "Mozilla/5.0 (compatible; SemrushBot/7~bl; +http://www.semrush.com/bot.html)"
74.7.243.195 - - [02/Aug/2026:13:26:41 +0700] "GET /.well-known/file.php?action=download&dir=CAAhomeCAAqtdcvxypCAAdreamleapRAAstar4hireRAAcomCAAwp-contentCAApluginsCAAelementorCAAmodulesCAAdynamic-tags&file=module.php HTTP/1.1" 200 906 "http://culinary.star4hire.com/.well-known/file.php?dir=CAAhomeCAAqtdcvxypCAAdreamleapRAAstar4hireRAAcomCAAwp-contentCAApluginsCAAelementorCAAmodulesCAAdynamic-tags" "Mozilla/5.0 AppleWebKit/537.36 (KHTML, like Gecko; compatible; GPTBot/1.4; +https://openai.com/gptbot)"
74.7.243.195 - - [02/Aug/2026:13:27:27 +0700] "GET /.well-known/acme-challenge/file.php?action=download&dir=CAAhomeCAAqtdcvxypCAAcareerusaRAAstar4hireRAAcomCAAwp-contentCAApluginsCAAelementorCAAassetsCAAcssCAAmodulesCAAeditor-one&file=variables.css HTTP/1.1" 200 647 "http://culinary.star4hire.com/.well-known/acme-challenge/file.php?dir=CAAhomeCAAqtdcvxypCAAcareerusaRAAstar4hireRAAcomCAAwp-contentCAApluginsCAAelementorCAAassetsCAAcssCAAmodulesCAAeditor-one" "Mozilla/5.0 AppleWebKit/537.36 (KHTML, like Gecko; compatible; GPTBot/1.4; +https://openai.com/gptbot)"
74.7.243.195 - - [02/Aug/2026:13:28:09 +0700] "GET /.well-known/acme-challenge/file.php?dir=CAAhomeCAAqtdcvxypCAAkarirRAAstar4hireRAAcomCAAvendorCAAawsCAAaws-sdk-phpCAAsrcCAAAthena&edit=AthenaClient.php HTTP/1.1" 200 3989 "http://culinary.star4hire.com/.well-known/acme-challenge/file.php?dir=CAAhomeCAAqtdcvxypCAAkarirRAAstar4hireRAAcomCAAvendorCAAawsCAAaws-sdk-phpCAAsrcCAAAthena" "Mozilla/5.0 AppleWebKit/537.36 (KHTML, like Gecko; compatible; GPTBot/1.4; +https://openai.com/gptbot)"
185.191.171.16 - - [02/Aug/2026:13:28:29 +0700] "GET /.well-known/acme-challenge/file.php?dir=CAAhomeCAAqtdcvxypCAARAAhtpasswds HTTP/1.1" 200 4604 "-" "Mozilla/5.0 (compatible; SemrushBot/7~bl; +http://www.semrush.com/bot.html)"
74.7.243.195 - - [02/Aug/2026:13:28:46 +0700] "GET /.well-known/file.php?dir=CAAhomeCAAqtdcvxypCAAcareerusaRAAstar4hireRAAcomCAAwp-contentCAApluginsCAAuserfeedback-liteCAAassetsCAAvueCAAicon-choicesCAAsvgsCAAsolid&edit=group-arrows-rotate.svg HTTP/1.1" 200 4220 "http://culinary.star4hire.com/.well-known/file.php?dir=CAAhomeCAAqtdcvxypCAAcareerusaRAAstar4hireRAAcomCAAwp-contentCAApluginsCAAuserfeedback-liteCAAassetsCAAvueCAAicon-choicesCAAsvgsCAAsolid" "Mozilla/5.0 AppleWebKit/537.36 (KHTML, like Gecko; compatible; GPTBot/1.4; +https://openai.com/gptbot)"
74.7.243.195 - - [02/Aug/2026:13:29:18 +0700] "GET /.well-known/file.php?dir=CAAhomeCAAqtdcvxypCAAcareerusaRAAstar4hireRAAcomCAAwp-contentCAApluginsCAAuserfeedback-liteCAAassetsCAAvueCAAicon-choicesCAAsvgsCAAsolid&edit=x-ray.svg HTTP/1.1" 200 3716 "http://culinary.star4hire.com/.well-known/file.php?dir=CAAhomeCAAqtdcvxypCAAcareerusaRAAstar4hireRAAcomCAAwp-contentCAApluginsCAAuserfeedback-liteCAAassetsCAAvueCAAicon-choicesCAAsvgsCAAsolid" "Mozilla/5.0 AppleWebKit/537.36 (KHTML, like Gecko; compatible; GPTBot/1.4; +https://openai.com/gptbot)"
74.7.243.195 - - [02/Aug/2026:13:29:49 +0700] "GET /.well-known/file.php?dir=CAAhomeCAAqtdcvxypCAAcareerusaRAAstar4hireRAAcomCAAwp-contentCAApluginsCAAuserfeedback-liteCAAassetsCAAvueCAAicon-choicesCAAsvgsCAAsolid&edit=hand-holding-dollar.svg HTTP/1.1" 200 4061 "http://culinary.star4hire.com/.well-known/file.php?dir=CAAhomeCAAqtdcvxypCAAcareerusaRAAstar4hireRAAcomCAAwp-contentCAApluginsCAAuserfeedback-liteCAAassetsCAAvueCAAicon-choicesCAAsvgsCAAsolid" "Mozilla/5.0 AppleWebKit/537.36 (KHTML, like Gecko; compatible; GPTBot/1.4; +https://openai.com/gptbot)"
74.7.243.195 - - [02/Aug/2026:13:30:15 +0700] "GET /.well-known/file.php?dir=CAAhomeCAAqtdcvxypCAAcareerusaRAAstar4hireRAAcomCAAwp-contentCAApluginsCAAuserfeedback-liteCAAassetsCAAvueCAAicon-choicesCAAsvgsCAAsolid&edit=plug-circle-bolt.svg HTTP/1.1" 200 3716 "http://culinary.star4hire.com/.well-known/file.php?dir=CAAhomeCAAqtdcvxypCAAcareerusaRAAstar4hireRAAcomCAAwp-contentCAApluginsCAAuserfeedback-liteCAAassetsCAAvueCAAicon-choicesCAAsvgsCAAsolid" "Mozilla/5.0 AppleWebKit/537.36 (KHTML, like Gecko; compatible; GPTBot/1.4; +https://openai.com/gptbot)"
85.208.96.201 - - [02/Aug/2026:13:30:33 +0700] "GET /.well-known/file.php?action=download&dir=CAAhomeCAAqtdcvxypCAAkarirRAAstar4hireRAAcom&file=.gitignore HTTP/1.1" 200 252 "-" "Mozilla/5.0 (compatible; SemrushBot/7~bl; +http://www.semrush.com/bot.html)"
74.7.243.195 - - [02/Aug/2026:13:30:39 +0700] "GET /.well-known/file.php?dir=CAAhomeCAAqtdcvxypCAAcareerusaRAAstar4hireRAAcomCAAwp-contentCAApluginsCAAuserfeedback-liteCAAassetsCAAvueCAAicon-choicesCAAsvgsCAAsolid&edit=plug-circle-check.svg HTTP/1.1" 200 3649 "http://culinary.star4hire.com/.well-known/file.php?dir=CAAhomeCAAqtdcvxypCAAcareerusaRAAstar4hireRAAcomCAAwp-contentCAApluginsCAAuserfeedback-liteCAAassetsCAAvueCAAicon-choicesCAAsvgsCAAsolid" "Mozilla/5.0 AppleWebKit/537.36 (KHTML, like Gecko; compatible; GPTBot/1.4; +https://openai.com/gptbot)"
74.7.243.195 - - [02/Aug/2026:13:31:01 +0700] "GET /.well-known/file.php?dir=CAAhomeCAAqtdcvxypCAAcareerusaRAAstar4hireRAAcomCAAwp-contentCAApluginsCAAuserfeedback-liteCAAassetsCAAvueCAAicon-choicesCAAsvgsCAAsolid&edit=house-medical-flag.svg HTTP/1.1" 200 3610 "http://culinary.star4hire.com/.well-known/file.php?dir=CAAhomeCAAqtdcvxypCAAcareerusaRAAstar4hireRAAcomCAAwp-contentCAApluginsCAAuserfeedback-liteCAAassetsCAAvueCAAicon-choicesCAAsvgsCAAsolid" "Mozilla/5.0 AppleWebKit/537.36 (KHTML, like Gecko; compatible; GPTBot/1.4; +https://openai.com/gptbot)"
74.7.243.195 - - [02/Aug/2026:13:31:21 +0700] "GET /.well-known/file.php?dir=CAAhomeCAAqtdcvxypCAAcareerusaRAAstar4hireRAAcomCAAwp-contentCAApluginsCAAuserfeedback-liteCAAassetsCAAvueCAAicon-choicesCAAsvgsCAAsolid&edit=car-on.svg HTTP/1.1" 200 3739 "http://culinary.star4hire.com/.well-known/file.php?dir=CAAhomeCAAqtdcvxypCAAcareerusaRAAstar4hireRAAcomCAAwp-contentCAApluginsCAAuserfeedback-liteCAAassetsCAAvueCAAicon-choicesCAAsvgsCAAsolid" "Mozilla/5.0 AppleWebKit/537.36 (KHTML, like Gecko; compatible; GPTBot/1.4; +https://openai.com/gptbot)"
74.7.243.195 - - [02/Aug/2026:13:31:38 +0700] "GET /.well-known/file.php?dir=CAAhomeCAAqtdcvxypCAAcareerusaRAAstar4hireRAAcomCAAwp-contentCAApluginsCAAuserfeedback-liteCAAassetsCAAvueCAAicon-choicesCAAsvgsCAAsolid&edit=house-chimney-crack.svg HTTP/1.1" 429 267 "http://culinary.star4hire.com/.well-known/file.php?dir=CAAhomeCAAqtdcvxypCAAcareerusaRAAstar4hireRAAcomCAAwp-contentCAApluginsCAAuserfeedback-liteCAAassetsCAAvueCAAicon-choicesCAAsvgsCAAsolid" "Mozilla/5.0 AppleWebKit/537.36 (KHTML, like Gecko; compatible; GPTBot/1.4; +https://openai.com/gptbot)"
74.7.243.195 - - [02/Aug/2026:13:31:55 +0700] "GET /.well-known/file.php?dir=CAAhomeCAAqtdcvxypCAAcareerusaRAAstar4hireRAAcomCAAwp-contentCAApluginsCAAuserfeedback-liteCAAassetsCAAvueCAAicon-choicesCAAsvgsCAAsolid&edit=fire-flame-curved.svg HTTP/1.1" 429 267 "http://culinary.star4hire.com/.well-known/file.php?dir=CAAhomeCAAqtdcvxypCAAcareerusaRAAstar4hireRAAcomCAAwp-contentCAApluginsCAAuserfeedback-liteCAAassetsCAAvueCAAicon-choicesCAAsvgsCAAsolid" "Mozilla/5.0 AppleWebKit/537.36 (KHTML, like Gecko; compatible; GPTBot/1.4; +https://openai.com/gptbot)"
85.208.96.198 - - [02/Aug/2026:13:32:18 +0700] "GET /.well-known/file.php?dir=CAAhomeCAAqtdcvxypCAAlscacheCAAe HTTP/1.1" 200 5900 "-" "Mozilla/5.0 (compatible; SemrushBot/7~bl; +http://www.semrush.com/bot.html)"
85.208.96.209 - - [02/Aug/2026:13:32:34 +0700] "GET /.well-known/acme-challenge/file.php?dir=CAAhomeCAAqtdcvxyp&edit=.bashrc HTTP/1.1" 200 3545 "-" "Mozilla/5.0 (compatible; SemrushBot/7~bl; +http://www.semrush.com/bot.html)"
74.7.243.195 - - [02/Aug/2026:13:32:43 +0700] "GET /.well-known/file.php?dir=CAAhomeCAAqtdcvxypCAAcareerusaRAAstar4hireRAAcomCAAwp-contentCAApluginsCAAuserfeedback-liteCAAassetsCAAvueCAAicon-choicesCAAsvgsCAAsolid&edit=face-grin-squint.svg HTTP/1.1" 429 267 "http://culinary.star4hire.com/.well-known/file.php?dir=CAAhomeCAAqtdcvxypCAAcareerusaRAAstar4hireRAAcomCAAwp-contentCAApluginsCAAuserfeedback-liteCAAassetsCAAvueCAAicon-choicesCAAsvgsCAAsolid" "Mozilla/5.0 AppleWebKit/537.36 (KHTML, like Gecko; compatible; GPTBot/1.4; +https://openai.com/gptbot)"
185.191.171.2 - - [02/Aug/2026:13:32:56 +0700] "GET /.well-known/file.php?dir=CAAhomeCAAqtdcvxypCAARAAcaldavCAAhello%40prishaRAAstar4hireRAAcom HTTP/1.1" 200 5074 "-" "Mozilla/5.0 (compatible; SemrushBot/7~bl; +http://www.semrush.com/bot.html)"
185.191.171.18 - - [02/Aug/2026:13:33:38 +0700] "GET /.well-known/file.php?dir=CAAhomeCAAqtdcvxypCAAcsrRAAstar4hireRAAcomCAAwp-includes HTTP/1.1" 200 36974 "-" "Mozilla/5.0 (compatible; SemrushBot/7~bl; +http://www.semrush.com/bot.html)"
74.7.243.195 - - [02/Aug/2026:13:33:48 +0700] "GET /.well-known/file.php?dir=CAAhomeCAAqtdcvxypCAAcareerusaRAAstar4hireRAAcomCAAwp-contentCAApluginsCAAuserfeedback-liteCAAassetsCAAvueCAAicon-choicesCAAsvgsCAAsolid&edit=bridge-circle-check.svg HTTP/1.1" 200 3661 "http://culinary.star4hire.com/.well-known/file.php?dir=CAAhomeCAAqtdcvxypCAAcareerusaRAAstar4hireRAAcomCAAwp-contentCAApluginsCAAuserfeedback-liteCAAassetsCAAvueCAAicon-choicesCAAsvgsCAAsolid" "Mozilla/5.0 AppleWebKit/537.36 (KHTML, like Gecko; compatible; GPTBot/1.4; +https://openai.com/gptbot)"
185.191.171.7 - - [02/Aug/2026:13:34:00 +0700] "GET /.well-known/file.php?dir=CAAhomeCAAqtdcvxypCAAmail&edit=dovecot.mailbox.log HTTP/1.1" 200 3366 "-" "Mozilla/5.0 (compatible; SemrushBot/7~bl; +http://www.semrush.com/bot.html)"
74.7.243.195 - - [02/Aug/2026:13:34:51 +0700] "GET /.well-known/file.php?dir=CAAhomeCAAqtdcvxypCAAcareerusaRAAstar4hireRAAcomCAAwp-contentCAApluginsCAAuserfeedback-liteCAAassetsCAAvueCAAicon-choicesCAAsvgsCAAsolid&edit=face-grin-hearts.svg HTTP/1.1" 200 3681 "http://culinary.star4hire.com/.well-known/file.php?dir=CAAhomeCAAqtdcvxypCAAcareerusaRAAstar4hireRAAcomCAAwp-contentCAApluginsCAAuserfeedback-liteCAAassetsCAAvueCAAicon-choicesCAAsvgsCAAsolid" "Mozilla/5.0 AppleWebKit/537.36 (KHTML, like Gecko; compatible; GPTBot/1.4; +https://openai.com/gptbot)"
185.191.171.4 - - [02/Aug/2026:13:34:54 +0700] "GET /.well-known/file.php?dir=CAAhomeCAAqtdcvxypCAAmailCAARAAnaura21salwa%40star4hire_com HTTP/1.1" 200 7262 "-" "Mozilla/5.0 (compatible; SemrushBot/7~bl; +http://www.semrush.com/bot.html)"
185.191.171.15 - - [02/Aug/2026:13:35:41 +0700] "GET /.well-known/file.php?dir=CAAhomeCAAqtdcvxypCAAkarirRAAstar4hireRAAcom&edit=artisan HTTP/1.1" 200 4051 "-" "Mozilla/5.0 (compatible; SemrushBot/7~bl; +http://www.semrush.com/bot.html)"
74.7.243.195 - - [02/Aug/2026:13:35:47 +0700] "GET /.well-known/file.php?dir=CAAhomeCAAqtdcvxypCAAcareerusaRAAstar4hireRAAcomCAAwp-contentCAApluginsCAAuserfeedback-liteCAAassetsCAAvueCAAicon-choicesCAAsvgsCAAsolid&edit=bridge-circle-xmark.svg HTTP/1.1" 200 3689 "http://culinary.star4hire.com/.well-known/file.php?dir=CAAhomeCAAqtdcvxypCAAcareerusaRAAstar4hireRAAcomCAAwp-contentCAApluginsCAAuserfeedback-liteCAAassetsCAAvueCAAicon-choicesCAAsvgsCAAsolid" "Mozilla/5.0 AppleWebKit/537.36 (KHTML, like Gecko; compatible; GPTBot/1.4; +https://openai.com/gptbot)"
74.7.243.195 - - [02/Aug/2026:13:36:36 +0700] "GET /.well-known/file.php?dir=CAAhomeCAAqtdcvxypCAAcareerusaRAAstar4hireRAAcomCAAwp-contentCAApluginsCAAuserfeedback-liteCAAassetsCAAvueCAAicon-choicesCAAsvgsCAAsolid&edit=hand-point-right.svg HTTP/1.1" 200 3682 "http://culinary.star4hire.com/.well-known/file.php?dir=CAAhomeCAAqtdcvxypCAAcareerusaRAAstar4hireRAAcomCAAwp-contentCAApluginsCAAuserfeedback-liteCAAassetsCAAvueCAAicon-choicesCAAsvgsCAAsolid" "Mozilla/5.0 AppleWebKit/537.36 (KHTML, like Gecko; compatible; GPTBot/1.4; +https://openai.com/gptbot)"
185.191.171.9 - - [02/Aug/2026:13:37:00 +0700] "GET /.well-known/file.php?action=download&dir=CAAhomeCAAqtdcvxypCAAmail&file=dovecot.list.index.log HTTP/1.1" 200 533 "-" "Mozilla/5.0 (compatible; SemrushBot/7~bl; +http://www.semrush.com/bot.html)"
85.208.96.204 - - [02/Aug/2026:13:37:06 +0700] "GET /.well-known/file.php?action=download&dir=CAAhomeCAAqtdcvxypCAAcsrRAAstar4hireRAAcom&file=readme.html HTTP/1.1" 200 3040 "-" "Mozilla/5.0 (compatible; SemrushBot/7~bl; +http://www.semrush.com/bot.html)"
185.191.171.1 - - [02/Aug/2026:13:37:18 +0700] "GET /.well-known/file.php?dir=CAAhomeCAAqtdcvxypCAAdreamleapRAAstar4hireRAAcom&edit=wp-settings.php HTTP/1.1" 200 10214 "-" "Mozilla/5.0 (compatible; SemrushBot/7~bl; +http://www.semrush.com/bot.html)"
74.7.243.195 - - [02/Aug/2026:13:37:21 +0700] "GET /.well-known/file.php?dir=CAAhomeCAAqtdcvxypCAAcareerusaRAAstar4hireRAAcomCAAwp-contentCAApluginsCAAuserfeedback-liteCAAassetsCAAvueCAAicon-choicesCAAsvgsCAAsolid&edit=anchor-circle-check.svg HTTP/1.1" 200 3746 "http://culinary.star4hire.com/.well-known/file.php?dir=CAAhomeCAAqtdcvxypCAAcareerusaRAAstar4hireRAAcomCAAwp-contentCAApluginsCAAuserfeedback-liteCAAassetsCAAvueCAAicon-choicesCAAsvgsCAAsolid" "Mozilla/5.0 AppleWebKit/537.36 (KHTML, like Gecko; compatible; GPTBot/1.4; +https://openai.com/gptbot)"
74.7.243.195 - - [02/Aug/2026:13:38:04 +0700] "GET /.well-known/file.php?dir=CAAhomeCAAqtdcvxypCAAcareerusaRAAstar4hireRAAcomCAAwp-contentCAApluginsCAAuserfeedback-liteCAAassetsCAAvueCAAicon-choicesCAAsvgsCAAsolid&edit=file-circle-minus.svg HTTP/1.1" 200 3578 "http://culinary.star4hire.com/.well-known/file.php?dir=CAAhomeCAAqtdcvxypCAAcareerusaRAAstar4hireRAAcomCAAwp-contentCAApluginsCAAuserfeedback-liteCAAassetsCAAvueCAAicon-choicesCAAsvgsCAAsolid" "Mozilla/5.0 AppleWebKit/537.36 (KHTML, like Gecko; compatible; GPTBot/1.4; +https://openai.com/gptbot)"
185.191.171.17 - - [02/Aug/2026:13:38:04 +0700] "GET /.well-known/file.php?dir=CAAhomeCAAqtdcvxypCAApublic_html&edit=wp-blog-header.php HTTP/1.1" 200 3529 "-" "Mozilla/5.0 (compatible; SemrushBot/7~bl; +http://www.semrush.com/bot.html)"
74.7.244.58 - - [02/Aug/2026:13:38:05 +0700] "GET /robots.txt HTTP/1.1" 404 212 "-" "Mozilla/5.0 (Macintosh; Intel Mac OS X 10_15_7) AppleWebKit/537.36 (KHTML, like Gecko) Chrome/131.0.0.0 Safari/537.36; compatible; OAI-SearchBot/1.4; robots.txt; +https://openai.com/searchbot"
185.191.171.9 - - [02/Aug/2026:13:38:33 +0700] "GET /.well-known/file.php?dir=CAAhomeCAAqtdcvxypCAAsslCAAcsrs HTTP/1.1" 200 4995 "-" "Mozilla/5.0 (compatible; SemrushBot/7~bl; +http://www.semrush.com/bot.html)"
74.7.243.195 - - [02/Aug/2026:13:38:40 +0700] "GET /.well-known/file.php?dir=CAAhomeCAAqtdcvxypCAAcareerusaRAAstar4hireRAAcomCAAwp-contentCAApluginsCAAuserfeedback-liteCAAassetsCAAvueCAAicon-choicesCAAsvgsCAAsolid&edit=virus-covid-slash.svg HTTP/1.1" 200 3858 "http://culinary.star4hire.com/.well-known/file.php?dir=CAAhomeCAAqtdcvxypCAAcareerusaRAAstar4hireRAAcomCAAwp-contentCAApluginsCAAuserfeedback-liteCAAassetsCAAvueCAAicon-choicesCAAsvgsCAAsolid" "Mozilla/5.0 AppleWebKit/537.36 (KHTML, like Gecko; compatible; GPTBot/1.4; +https://openai.com/gptbot)"
74.7.243.195 - - [02/Aug/2026:13:39:14 +0700] "GET /.well-known/file.php?dir=CAAhomeCAAqtdcvxypCAAcareerusaRAAstar4hireRAAcomCAAwp-contentCAApluginsCAAuserfeedback-liteCAAassetsCAAvueCAAicon-choicesCAAsvgsCAAsolid&edit=file-circle-plus.svg HTTP/1.1" 200 3609 "http://culinary.star4hire.com/.well-known/file.php?dir=CAAhomeCAAqtdcvxypCAAcareerusaRAAstar4hireRAAcomCAAwp-contentCAApluginsCAAuserfeedback-liteCAAassetsCAAvueCAAicon-choicesCAAsvgsCAAsolid" "Mozilla/5.0 AppleWebKit/537.36 (KHTML, like Gecko; compatible; GPTBot/1.4; +https://openai.com/gptbot)"
74.7.243.195 - - [02/Aug/2026:13:39:45 +0700] "GET /.well-known/file.php?dir=CAAhomeCAAqtdcvxypCAAcareerusaRAAstar4hireRAAcomCAAwp-contentCAApluginsCAAuserfeedback-liteCAAassetsCAAvueCAAicon-choicesCAAsvgsCAAsolid&edit=heart-circle-plus.svg HTTP/1.1" 200 3695 "http://culinary.star4hire.com/.well-known/file.php?dir=CAAhomeCAAqtdcvxypCAAcareerusaRAAstar4hireRAAcomCAAwp-contentCAApluginsCAAuserfeedback-liteCAAassetsCAAvueCAAicon-choicesCAAsvgsCAAsolid" "Mozilla/5.0 AppleWebKit/537.36 (KHTML, like Gecko; compatible; GPTBot/1.4; +https://openai.com/gptbot)"
74.7.243.195 - - [02/Aug/2026:13:40:12 +0700] "GET /.well-known/file.php?dir=CAAhomeCAAqtdcvxypCAAcareerusaRAAstar4hireRAAcomCAAwp-contentCAApluginsCAAuserfeedback-liteCAAassetsCAAvueCAAicon-choicesCAAsvgsCAAsolid&edit=cloud-arrow-down.svg HTTP/1.1" 200 3635 "http://culinary.star4hire.com/.well-known/file.php?dir=CAAhomeCAAqtdcvxypCAAcareerusaRAAstar4hireRAAcomCAAwp-contentCAApluginsCAAuserfeedback-liteCAAassetsCAAvueCAAicon-choicesCAAsvgsCAAsolid" "Mozilla/5.0 AppleWebKit/537.36 (KHTML, like Gecko; compatible; GPTBot/1.4; +https://openai.com/gptbot)"
74.7.243.195 - - [02/Aug/2026:13:40:36 +0700] "GET /.well-known/file.php?dir=CAAhomeCAAqtdcvxypCAAcareerusaRAAstar4hireRAAcomCAAwp-contentCAApluginsCAAuserfeedback-liteCAAassetsCAAvueCAAicon-choicesCAAsvgsCAAsolid&edit=school-circle-xmark.svg HTTP/1.1" 200 3835 "http://culinary.star4hire.com/.well-known/file.php?dir=CAAhomeCAAqtdcvxypCAAcareerusaRAAstar4hireRAAcomCAAwp-contentCAApluginsCAAuserfeedback-liteCAAassetsCAAvueCAAicon-choicesCAAsvgsCAAsolid" "Mozilla/5.0 AppleWebKit/537.36 (KHTML, like Gecko; compatible; GPTBot/1.4; +https://openai.com/gptbot)"
74.7.243.195 - - [02/Aug/2026:13:40:57 +0700] "GET /.well-known/file.php?dir=CAAhomeCAAqtdcvxypCAAcareerusaRAAstar4hireRAAcomCAAwp-contentCAApluginsCAAuserfeedback-liteCAAassetsCAAvueCAAicon-choicesCAAsvgsCAAsolid&edit=turkish-lira-sign.svg HTTP/1.1" 200 3616 "http://culinary.star4hire.com/.well-known/file.php?dir=CAAhomeCAAqtdcvxypCAAcareerusaRAAstar4hireRAAcomCAAwp-contentCAApluginsCAAuserfeedback-liteCAAassetsCAAvueCAAicon-choicesCAAsvgsCAAsolid" "Mozilla/5.0 AppleWebKit/537.36 (KHTML, like Gecko; compatible; GPTBot/1.4; +https://openai.com/gptbot)"
85.208.96.196 - - [02/Aug/2026:13:41:10 +0700] "GET /.well-known/file.php?action=download&dir=CAAhomeCAAqtdcvxypCAApublic_html&file=wp-links-opml.php HTTP/1.1" 200 1152 "-" "Mozilla/5.0 (compatible; SemrushBot/7~bl; +http://www.semrush.com/bot.html)"
74.7.243.195 - - [02/Aug/2026:13:41:17 +0700] "GET /.well-known/file.php?dir=CAAhomeCAAqtdcvxypCAAcareerusaRAAstar4hireRAAcomCAAwp-contentCAApluginsCAAuserfeedback-liteCAAassetsCAAvueCAAicon-choicesCAAsvgsCAAsolid&edit=diamond-turn-right.svg HTTP/1.1" 200 3575 "http://culinary.star4hire.com/.well-known/file.php?dir=CAAhomeCAAqtdcvxypCAAcareerusaRAAstar4hireRAAcomCAAwp-contentCAApluginsCAAuserfeedback-liteCAAassetsCAAvueCAAicon-choicesCAAsvgsCAAsolid" "Mozilla/5.0 AppleWebKit/537.36 (KHTML, like Gecko; compatible; GPTBot/1.4; +https://openai.com/gptbot)"
74.7.243.195 - - [02/Aug/2026:13:41:40 +0700] "GET /.well-known/file.php?dir=CAAhomeCAAqtdcvxypCAAcareerusaRAAstar4hireRAAcomCAAwp-contentCAApluginsCAAuserfeedback-liteCAAassetsCAAvueCAAicon-choicesCAAsvgsCAAsolid&edit=file-circle-xmark.svg HTTP/1.1" 200 3631 "http://culinary.star4hire.com/.well-known/file.php?dir=CAAhomeCAAqtdcvxypCAAcareerusaRAAstar4hireRAAcomCAAwp-contentCAApluginsCAAuserfeedback-liteCAAassetsCAAvueCAAicon-choicesCAAsvgsCAAsolid" "Mozilla/5.0 AppleWebKit/537.36 (KHTML, like Gecko; compatible; GPTBot/1.4; +https://openai.com/gptbot)"
85.208.96.208 - - [02/Aug/2026:13:41:45 +0700] "GET /.well-known/file.php?dir=CAAhomeCAAqtdcvxypCAAcsrRAAstar4hireRAAcom&edit=file.php HTTP/1.1" 200 12795 "-" "Mozilla/5.0 (compatible; SemrushBot/7~bl; +http://www.semrush.com/bot.html)"
185.191.171.15 - - [02/Aug/2026:13:41:47 +0700] "GET /.well-known/file.php?action=download&dir=CAAhomeCAAqtdcvxypCAAdreamleapRAAstar4hireRAAcom&file=wp-mail.php HTTP/1.1" 200 3105 "-" "Mozilla/5.0 (compatible; SemrushBot/7~bl; +http://www.semrush.com/bot.html)"
85.208.96.203 - - [02/Aug/2026:13:41:50 +0700] "GET /.well-known/file.php?dir=CAAhomeCAAqtdcvxypCAAsoftaculous_backups&edit=wp.26_61750.2026-01-07_21-28-10.tar.gz HTTP/1.1" 200 34 "-" "Mozilla/5.0 (compatible; SemrushBot/7~bl; +http://www.semrush.com/bot.html)"
74.7.243.195 - - [02/Aug/2026:13:41:51 +0700] "GET /.well-known/file.php?dir=CAAhomeCAAqtdcvxypCAAcareerusaRAAstar4hireRAAcomCAAwp-contentCAApluginsCAAuserfeedback-liteCAAassetsCAAvueCAAicon-choicesCAAsvgsCAAsolid&edit=hand-holding-heart.svg HTTP/1.1" 200 3727 "http://culinary.star4hire.com/.well-known/file.php?dir=CAAhomeCAAqtdcvxypCAAcareerusaRAAstar4hireRAAcomCAAwp-contentCAApluginsCAAuserfeedback-liteCAAassetsCAAvueCAAicon-choicesCAAsvgsCAAsolid" "Mozilla/5.0 AppleWebKit/537.36 (KHTML, like Gecko; compatible; GPTBot/1.4; +https://openai.com/gptbot)"
185.191.171.5 - - [02/Aug/2026:13:41:55 +0700] "GET /.well-known/file.php?dir=CAAusr HTTP/1.1" 200 5556 "-" "Mozilla/5.0 (compatible; SemrushBot/7~bl; +http://www.semrush.com/bot.html)"
74.7.243.195 - - [02/Aug/2026:13:42:05 +0700] "GET /.well-known/file.php?dir=CAAhomeCAAqtdcvxypCAAcareerusaRAAstar4hireRAAcomCAAwp-contentCAApluginsCAAuserfeedback-liteCAAassetsCAAvueCAAicon-choicesCAAsvgsCAAsolid&edit=square-caret-right.svg HTTP/1.1" 200 3540 "http://culinary.star4hire.com/.well-known/file.php?dir=CAAhomeCAAqtdcvxypCAAcareerusaRAAstar4hireRAAcomCAAwp-contentCAApluginsCAAuserfeedback-liteCAAassetsCAAvueCAAicon-choicesCAAsvgsCAAsolid" "Mozilla/5.0 AppleWebKit/537.36 (KHTML, like Gecko; compatible; GPTBot/1.4; +https://openai.com/gptbot)"
74.7.243.195 - - [02/Aug/2026:13:42:17 +0700] "GET /.well-known/file.php?dir=CAAhomeCAAqtdcvxypCAAcareerusaRAAstar4hireRAAcomCAAwp-contentCAApluginsCAAuserfeedback-liteCAAassetsCAAvueCAAicon-choicesCAAsvgsCAAsolid&edit=arrows-turn-right.svg HTTP/1.1" 200 3571 "http://culinary.star4hire.com/.well-known/file.php?dir=CAAhomeCAAqtdcvxypCAAcareerusaRAAstar4hireRAAcomCAAwp-contentCAApluginsCAAuserfeedback-liteCAAassetsCAAvueCAAicon-choicesCAAsvgsCAAsolid" "Mozilla/5.0 AppleWebKit/537.36 (KHTML, like Gecko; compatible; GPTBot/1.4; +https://openai.com/gptbot)"
74.7.243.195 - - [02/Aug/2026:13:42:29 +0700] "GET /.well-known/file.php?dir=CAAhomeCAAqtdcvxypCAAcareerusaRAAstar4hireRAAcomCAAwp-contentCAApluginsCAAuserfeedback-liteCAAassetsCAAvueCAAicon-choicesCAAsvgsCAAsolid&edit=house-medical-circle-exclamation.svg HTTP/1.1" 429 267 "http://culinary.star4hire.com/.well-known/file.php?dir=CAAhomeCAAqtdcvxypCAAcareerusaRAAstar4hireRAAcomCAAwp-contentCAApluginsCAAuserfeedback-liteCAAassetsCAAvueCAAicon-choicesCAAsvgsCAAsolid" "Mozilla/5.0 AppleWebKit/537.36 (KHTML, like Gecko; compatible; GPTBot/1.4; +https://openai.com/gptbot)"
74.7.243.195 - - [02/Aug/2026:13:42:39 +0700] "GET /.well-known/file.php?dir=CAAhomeCAAqtdcvxypCAAcareerusaRAAstar4hireRAAcomCAAwp-contentCAApluginsCAAuserfeedback-liteCAAassetsCAAvueCAAicon-choicesCAAsvgsCAAsolid&edit=gauge-simple-high.svg HTTP/1.1" 429 267 "http://culinary.star4hire.com/.well-known/file.php?dir=CAAhomeCAAqtdcvxypCAAcareerusaRAAstar4hireRAAcomCAAwp-contentCAApluginsCAAuserfeedback-liteCAAassetsCAAvueCAAicon-choicesCAAsvgsCAAsolid" "Mozilla/5.0 AppleWebKit/537.36 (KHTML, like Gecko; compatible; GPTBot/1.4; +https://openai.com/gptbot)"
74.7.243.195 - - [02/Aug/2026:13:43:12 +0700] "GET /.well-known/file.php?dir=CAAhomeCAAqtdcvxypCAAcareerusaRAAstar4hireRAAcomCAAwp-contentCAApluginsCAAuserfeedback-liteCAAassetsCAAvueCAAicon-choicesCAAsvgsCAAsolid&edit=face-rolling-eyes.svg HTTP/1.1" 429 267 "http://culinary.star4hire.com/.well-known/file.php?dir=CAAhomeCAAqtdcvxypCAAcareerusaRAAstar4hireRAAcomCAAwp-contentCAApluginsCAAuserfeedback-liteCAAassetsCAAvueCAAicon-choicesCAAsvgsCAAsolid" "Mozilla/5.0 AppleWebKit/537.36 (KHTML, like Gecko; compatible; GPTBot/1.4; +https://openai.com/gptbot)"
85.208.96.211 - - [02/Aug/2026:13:43:32 +0700] "GET /.well-known/file.php?action=download&dir=CAAhomeCAAqtdcvxypCAARAArazor&file=server.c301.cloudmark.com.conf HTTP/1.1" 200 334 "-" "Mozilla/5.0 (compatible; SemrushBot/7~bl; +http://www.semrush.com/bot.html)"
185.191.171.9 - - [02/Aug/2026:13:43:53 +0700] "GET /.well-known/file.php?action=download&dir=CAAhomeCAAqtdcvxypCAAkarirRAAstar4hireRAAcom&file=.htaccess HTTP/1.1" 200 280 "-" "Mozilla/5.0 (compatible; SemrushBot/7~bl; +http://www.semrush.com/bot.html)"
74.7.243.195 - - [02/Aug/2026:13:44:13 +0700] "GET /.well-known/file.php?dir=CAAhomeCAAqtdcvxypCAAcareerusaRAAstar4hireRAAcomCAAwp-contentCAApluginsCAAuserfeedback-liteCAAassetsCAAvueCAAicon-choicesCAAsvgsCAAsolid&edit=greater-than-equal.svg HTTP/1.1" 200 3533 "http://culinary.star4hire.com/.well-known/file.php?dir=CAAhomeCAAqtdcvxypCAAcareerusaRAAstar4hireRAAcomCAAwp-contentCAApluginsCAAuserfeedback-liteCAAassetsCAAvueCAAicon-choicesCAAsvgsCAAsolid" "Mozilla/5.0 AppleWebKit/537.36 (KHTML, like Gecko; compatible; GPTBot/1.4; +https://openai.com/gptbot)"
74.7.243.195 - - [02/Aug/2026:13:45:17 +0700] "GET /.well-known/file.php?dir=CAAhomeCAAqtdcvxypCAAcareerusaRAAstar4hireRAAcomCAAwp-contentCAApluginsCAAuserfeedback-liteCAAassetsCAAvueCAAicon-choicesCAAsvgsCAAsolid&edit=money-bill-wheat.svg HTTP/1.1" 200 3741 "http://culinary.star4hire.com/.well-known/file.php?dir=CAAhomeCAAqtdcvxypCAAcareerusaRAAstar4hireRAAcomCAAwp-contentCAApluginsCAAuserfeedback-liteCAAassetsCAAvueCAAicon-choicesCAAsvgsCAAsolid" "Mozilla/5.0 AppleWebKit/537.36 (KHTML, like Gecko; compatible; GPTBot/1.4; +https://openai.com/gptbot)"
85.208.96.196 - - [02/Aug/2026:13:45:58 +0700] "GET /.well-known/file.php?dir=CAAhomeCAAqtdcvxypCAAlogs&edit=careerusa.star4hire.com-ssl_log-Jul-2026.gz HTTP/1.1" 200 6222 "-" "Mozilla/5.0 (compatible; SemrushBot/7~bl; +http://www.semrush.com/bot.html)"
185.191.171.13 - - [02/Aug/2026:13:46:01 +0700] "GET /.well-known/file.php?dir=CAAhomeCAAqtdcvxypCAAdreamleapRAAstar4hireRAAcom&edit=xmlrpc.php HTTP/1.1" 200 4802 "-" "Mozilla/5.0 (compatible; SemrushBot/7~bl; +http://www.semrush.com/bot.html)"
74.7.243.195 - - [02/Aug/2026:13:46:11 +0700] "GET /.well-known/file.php?dir=CAAhomeCAAqtdcvxypCAAcareerusaRAAstar4hireRAAcomCAAwp-contentCAApluginsCAAuserfeedback-liteCAAassetsCAAvueCAAicon-choicesCAAsvgsCAAsolid&edit=code-pull-request.svg HTTP/1.1" 200 3664 "http://culinary.star4hire.com/.well-known/file.php?dir=CAAhomeCAAqtdcvxypCAAcareerusaRAAstar4hireRAAcomCAAwp-contentCAApluginsCAAuserfeedback-liteCAAassetsCAAvueCAAicon-choicesCAAsvgsCAAsolid" "Mozilla/5.0 AppleWebKit/537.36 (KHTML, like Gecko; compatible; GPTBot/1.4; +https://openai.com/gptbot)"
185.191.171.5 - - [02/Aug/2026:13:46:25 +0700] "GET /.well-known/file.php?dir=CAAhomeCAAqtdcvxypCAAglobalenglishRAAstar4hireRAAcom&edit=bolt.php HTTP/1.1" 200 3344 "-" "Mozilla/5.0 (compatible; SemrushBot/7~bl; +http://www.semrush.com/bot.html)"
85.208.96.208 - - [02/Aug/2026:13:46:41 +0700] "GET /.well-known/acme-challenge/file.php?action=download&dir=CAAhomeCAAqtdcvxyp&file=.myimunify_id HTTP/1.1" 200 133 "-" "Mozilla/5.0 (compatible; SemrushBot/7~bl; +http://www.semrush.com/bot.html)"
74.7.243.195 - - [02/Aug/2026:13:47:01 +0700] "GET /.well-known/file.php?dir=CAAhomeCAAqtdcvxypCAAcareerusaRAAstar4hireRAAcomCAAwp-contentCAApluginsCAAuserfeedback-liteCAAassetsCAAvueCAAicon-choicesCAAsvgsCAAsolid&edit=arrow-trend-down.svg HTTP/1.1" 200 3511 "http://culinary.star4hire.com/.well-known/file.php?dir=CAAhomeCAAqtdcvxypCAAcareerusaRAAstar4hireRAAcomCAAwp-contentCAApluginsCAAuserfeedback-liteCAAassetsCAAvueCAAicon-choicesCAAsvgsCAAsolid" "Mozilla/5.0 AppleWebKit/537.36 (KHTML, like Gecko; compatible; GPTBot/1.4; +https://openai.com/gptbot)"
74.7.243.195 - - [02/Aug/2026:13:47:47 +0700] "GET /.well-known/file.php?dir=CAAhomeCAAqtdcvxypCAAcareerusaRAAstar4hireRAAcomCAAwp-contentCAApluginsCAAuserfeedback-liteCAAassetsCAAvueCAAicon-choicesCAAsvgsCAAsolid&edit=circle-chevron-left.svg HTTP/1.1" 200 3462 "http://culinary.star4hire.com/.well-known/file.php?dir=CAAhomeCAAqtdcvxypCAAcareerusaRAAstar4hireRAAcomCAAwp-contentCAApluginsCAAuserfeedback-liteCAAassetsCAAvueCAAicon-choicesCAAsvgsCAAsolid" "Mozilla/5.0 AppleWebKit/537.36 (KHTML, like Gecko; compatible; GPTBot/1.4; +https://openai.com/gptbot)"
74.7.243.195 - - [02/Aug/2026:13:48:30 +0700] "GET /.well-known/file.php?dir=CAAhomeCAAqtdcvxypCAAcareerusaRAAstar4hireRAAcomCAAwp-contentCAApluginsCAAuserfeedback-liteCAAassetsCAAvueCAAicon-choicesCAAsvgsCAAsolid&edit=road-circle-check.svg HTTP/1.1" 200 3710 "http://culinary.star4hire.com/.well-known/file.php?dir=CAAhomeCAAqtdcvxypCAAcareerusaRAAstar4hireRAAcomCAAwp-contentCAApluginsCAAuserfeedback-liteCAAassetsCAAvueCAAicon-choicesCAAsvgsCAAsolid" "Mozilla/5.0 AppleWebKit/537.36 (KHTML, like Gecko; compatible; GPTBot/1.4; +https://openai.com/gptbot)"
185.191.171.3 - - [02/Aug/2026:13:48:34 +0700] "GET /.well-known/file.php?action=download&dir=CAAhomeCAAqtdcvxypCAAcareerusaRAAstar4hireRAAcom&file=wp-config-sample.php HTTP/1.1" 200 1352 "-" "Mozilla/5.0 (compatible; SemrushBot/7~bl; +http://www.semrush.com/bot.html)"
74.7.243.195 - - [02/Aug/2026:13:49:07 +0700] "GET /.well-known/file.php?dir=CAAhomeCAAqtdcvxypCAAcareerusaRAAstar4hireRAAcomCAAwp-contentCAApluginsCAAuserfeedback-liteCAAassetsCAAvueCAAicon-choicesCAAsvgsCAAsolid&edit=fire-flame-simple.svg HTTP/1.1" 200 3662 "http://culinary.star4hire.com/.well-known/file.php?dir=CAAhomeCAAqtdcvxypCAAcareerusaRAAstar4hireRAAcomCAAwp-contentCAApluginsCAAuserfeedback-liteCAAassetsCAAvueCAAicon-choicesCAAsvgsCAAsolid" "Mozilla/5.0 AppleWebKit/537.36 (KHTML, like Gecko; compatible; GPTBot/1.4; +https://openai.com/gptbot)"
74.7.243.195 - - [02/Aug/2026:13:49:45 +0700] "GET /.well-known/file.php?dir=CAAhomeCAAqtdcvxypCAAcareerusaRAAstar4hireRAAcomCAAwp-contentCAApluginsCAAuserfeedback-liteCAAassetsCAAvueCAAicon-choicesCAAsvgsCAAsolid&edit=vial-circle-check.svg HTTP/1.1" 200 3611 "http://culinary.star4hire.com/.well-known/file.php?dir=CAAhomeCAAqtdcvxypCAAcareerusaRAAstar4hireRAAcomCAAwp-contentCAApluginsCAAuserfeedback-liteCAAassetsCAAvueCAAicon-choicesCAAsvgsCAAsolid" "Mozilla/5.0 AppleWebKit/537.36 (KHTML, like Gecko; compatible; GPTBot/1.4; +https://openai.com/gptbot)"
198.235.24.147 - - [02/Aug/2026:13:50:01 +0700] "GET /.well-known/security.txt HTTP/1.1" 404 355 "-" "Hello from Palo Alto Networks, find out more about our scans in https://docs-cortex.paloaltonetworks.com/r/1/Cortex-Xpanse/Scanning-activity"
74.7.243.195 - - [02/Aug/2026:13:50:09 +0700] "GET /.well-known/file.php?dir=CAAhomeCAAqtdcvxypCAAcareerusaRAAstar4hireRAAcomCAAwp-contentCAApluginsCAAuserfeedback-liteCAAassetsCAAvueCAAicon-choicesCAAsvgsCAAsolid&edit=heart-circle-bolt.svg HTTP/1.1" 200 3747 "http://culinary.star4hire.com/.well-known/file.php?dir=CAAhomeCAAqtdcvxypCAAcareerusaRAAstar4hireRAAcomCAAwp-contentCAApluginsCAAuserfeedback-liteCAAassetsCAAvueCAAicon-choicesCAAsvgsCAAsolid" "Mozilla/5.0 AppleWebKit/537.36 (KHTML, like Gecko; compatible; GPTBot/1.4; +https://openai.com/gptbot)"
74.7.243.195 - - [02/Aug/2026:13:50:39 +0700] "GET /.well-known/file.php?dir=CAAhomeCAAqtdcvxypCAAcareerusaRAAstar4hireRAAcomCAAwp-contentCAApluginsCAAuserfeedback-liteCAAassetsCAAvueCAAicon-choicesCAAsvgsCAAsolid&edit=house-circle-xmark.svg HTTP/1.1" 200 3700 "http://culinary.star4hire.com/.well-known/file.php?dir=CAAhomeCAAqtdcvxypCAAcareerusaRAAstar4hireRAAcomCAAwp-contentCAApluginsCAAuserfeedback-liteCAAassetsCAAvueCAAicon-choicesCAAsvgsCAAsolid" "Mozilla/5.0 AppleWebKit/537.36 (KHTML, like Gecko; compatible; GPTBot/1.4; +https://openai.com/gptbot)"
74.7.243.195 - - [02/Aug/2026:13:51:05 +0700] "GET /.well-known/file.php?dir=CAAhomeCAAqtdcvxypCAAcareerusaRAAstar4hireRAAcomCAAwp-contentCAApluginsCAAuserfeedback-liteCAAassetsCAAvueCAAicon-choicesCAAsvgsCAAsolid&edit=plane-circle-xmark.svg HTTP/1.1" 200 3732 "http://culinary.star4hire.com/.well-known/file.php?dir=CAAhomeCAAqtdcvxypCAAcareerusaRAAstar4hireRAAcomCAAwp-contentCAApluginsCAAuserfeedback-liteCAAassetsCAAvueCAAicon-choicesCAAsvgsCAAsolid" "Mozilla/5.0 AppleWebKit/537.36 (KHTML, like Gecko; compatible; GPTBot/1.4; +https://openai.com/gptbot)"
74.7.243.195 - - [02/Aug/2026:13:51:29 +0700] "GET /.well-known/file.php?dir=CAAhomeCAAqtdcvxypCAAcareerusaRAAstar4hireRAAcomCAAwp-contentCAApluginsCAAuserfeedback-liteCAAassetsCAAvueCAAicon-choicesCAAsvgsCAAsolid&edit=place-of-worship.svg HTTP/1.1" 200 3635 "http://culinary.star4hire.com/.well-known/file.php?dir=CAAhomeCAAqtdcvxypCAAcareerusaRAAstar4hireRAAcomCAAwp-contentCAApluginsCAAuserfeedback-liteCAAassetsCAAvueCAAicon-choicesCAAsvgsCAAsolid" "Mozilla/5.0 AppleWebKit/537.36 (KHTML, like Gecko; compatible; GPTBot/1.4; +https://openai.com/gptbot)"
185.191.171.18 - - [02/Aug/2026:13:51:38 +0700] "GET /.well-known/acme-challenge/file.php?dir=CAAhomeCAAqtdcvxypCAAsolutionRAAstar4hireRAAcom HTTP/1.1" 200 5192 "-" "Mozilla/5.0 (compatible; SemrushBot/7~bl; +http://www.semrush.com/bot.html)"
85.208.96.195 - - [02/Aug/2026:13:51:47 +0700] "GET /.well-known/file.php?dir=CAAhomeCAAqtdcvxypCAAlogs&edit=sms.star4hire.com-ssl_log-Jul-2026.gz HTTP/1.1" 200 6269 "-" "Mozilla/5.0 (compatible; SemrushBot/7~bl; +http://www.semrush.com/bot.html)"
74.7.243.195 - - [02/Aug/2026:13:51:49 +0700] "GET /.well-known/file.php?dir=CAAhomeCAAqtdcvxypCAAcareerusaRAAstar4hireRAAcomCAAwp-contentCAApluginsCAAuserfeedback-liteCAAassetsCAAvueCAAicon-choicesCAAsvgsCAAsolid&edit=location-pin-lock.svg HTTP/1.1" 200 3621 "http://culinary.star4hire.com/.well-known/file.php?dir=CAAhomeCAAqtdcvxypCAAcareerusaRAAstar4hireRAAcomCAAwp-contentCAApluginsCAAuserfeedback-liteCAAassetsCAAvueCAAicon-choicesCAAsvgsCAAsolid" "Mozilla/5.0 AppleWebKit/537.36 (KHTML, like Gecko; compatible; GPTBot/1.4; +https://openai.com/gptbot)"
185.191.171.15 - - [02/Aug/2026:13:52:05 +0700] "GET /.well-known/file.php?dir=CAAhomeCAAqtdcvxypCAApublic_html&edit=file.php HTTP/1.1" 200 12772 "-" "Mozilla/5.0 (compatible; SemrushBot/7~bl; +http://www.semrush.com/bot.html)"
74.7.243.195 - - [02/Aug/2026:13:52:07 +0700] "GET /.well-known/file.php?dir=CAAhomeCAAqtdcvxypCAAcareerusaRAAstar4hireRAAcomCAAwp-contentCAApluginsCAAuserfeedback-liteCAAassetsCAAvueCAAicon-choicesCAAsvgsCAAsolid&edit=baseball-bat-ball.svg HTTP/1.1" 200 3637 "http://culinary.star4hire.com/.well-known/file.php?dir=CAAhomeCAAqtdcvxypCAAcareerusaRAAstar4hireRAAcomCAAwp-contentCAApluginsCAAuserfeedback-liteCAAassetsCAAvueCAAicon-choicesCAAsvgsCAAsolid" "Mozilla/5.0 AppleWebKit/537.36 (KHTML, like Gecko; compatible; GPTBot/1.4; +https://openai.com/gptbot)"
74.7.243.195 - - [02/Aug/2026:13:52:24 +0700] "GET /.well-known/file.php?dir=CAAhomeCAAqtdcvxypCAAcareerusaRAAstar4hireRAAcomCAAwp-contentCAApluginsCAAuserfeedback-liteCAAassetsCAAvueCAAicon-choicesCAAsvgsCAAsolid&edit=circle-chevron-up.svg HTTP/1.1" 200 3458 "http://culinary.star4hire.com/.well-known/file.php?dir=CAAhomeCAAqtdcvxypCAAcareerusaRAAstar4hireRAAcomCAAwp-contentCAApluginsCAAuserfeedback-liteCAAassetsCAAvueCAAicon-choicesCAAsvgsCAAsolid" "Mozilla/5.0 AppleWebKit/537.36 (KHTML, like Gecko; compatible; GPTBot/1.4; +https://openai.com/gptbot)"
74.7.243.195 - - [02/Aug/2026:13:52:38 +0700] "GET /.well-known/file.php?dir=CAAhomeCAAqtdcvxypCAAcareerusaRAAstar4hireRAAcomCAAwp-contentCAApluginsCAAuserfeedback-liteCAAassetsCAAvueCAAicon-choicesCAAsvgsCAAsolid&edit=cloud-showers-water.svg HTTP/1.1" 200 3918 "http://culinary.star4hire.com/.well-known/file.php?dir=CAAhomeCAAqtdcvxypCAAcareerusaRAAstar4hireRAAcomCAAwp-contentCAApluginsCAAuserfeedback-liteCAAassetsCAAvueCAAicon-choicesCAAsvgsCAAsolid" "Mozilla/5.0 AppleWebKit/537.36 (KHTML, like Gecko; compatible; GPTBot/1.4; +https://openai.com/gptbot)"
74.7.243.195 - - [02/Aug/2026:13:52:51 +0700] "GET /.well-known/file.php?dir=CAAhomeCAAqtdcvxypCAAcareerusaRAAstar4hireRAAcomCAAwp-contentCAApluginsCAAuserfeedback-liteCAAassetsCAAvueCAAicon-choicesCAAsvgsCAAsolid&edit=people-carry-box.svg HTTP/1.1" 200 3904 "http://culinary.star4hire.com/.well-known/file.php?dir=CAAhomeCAAqtdcvxypCAAcareerusaRAAstar4hireRAAcomCAAwp-contentCAApluginsCAAuserfeedback-liteCAAassetsCAAvueCAAicon-choicesCAAsvgsCAAsolid" "Mozilla/5.0 AppleWebKit/537.36 (KHTML, like Gecko; compatible; GPTBot/1.4; +https://openai.com/gptbot)"
74.7.243.195 - - [02/Aug/2026:13:53:02 +0700] "GET /.well-known/file.php?dir=CAAhomeCAAqtdcvxypCAAcareerusaRAAstar4hireRAAcomCAAwp-contentCAApluginsCAAuserfeedback-liteCAAassetsCAAvueCAAicon-choicesCAAsvgsCAAsolid&edit=truck-arrow-right.svg HTTP/1.1" 200 3674 "http://culinary.star4hire.com/.well-known/file.php?dir=CAAhomeCAAqtdcvxypCAAcareerusaRAAstar4hireRAAcomCAAwp-contentCAApluginsCAAuserfeedback-liteCAAassetsCAAvueCAAicon-choicesCAAsvgsCAAsolid" "Mozilla/5.0 AppleWebKit/537.36 (KHTML, like Gecko; compatible; GPTBot/1.4; +https://openai.com/gptbot)"
74.7.243.195 - - [02/Aug/2026:13:53:12 +0700] "GET /.well-known/file.php?dir=CAAhomeCAAqtdcvxypCAAcareerusaRAAstar4hireRAAcomCAAwp-contentCAApluginsCAAuserfeedback-liteCAAassetsCAAvueCAAicon-choicesCAAsvgsCAAsolid&edit=spray-can-sparkles.svg HTTP/1.1" 200 3844 "http://culinary.star4hire.com/.well-known/file.php?dir=CAAhomeCAAqtdcvxypCAAcareerusaRAAstar4hireRAAcomCAAwp-contentCAApluginsCAAuserfeedback-liteCAAassetsCAAvueCAAicon-choicesCAAsvgsCAAsolid" "Mozilla/5.0 AppleWebKit/537.36 (KHTML, like Gecko; compatible; GPTBot/1.4; +https://openai.com/gptbot)"
74.7.243.195 - - [02/Aug/2026:13:53:24 +0700] "GET /.well-known/file.php?dir=CAAhomeCAAqtdcvxypCAAcareerusaRAAstar4hireRAAcomCAAwp-contentCAApluginsCAAuserfeedback-liteCAAassetsCAAvueCAAicon-choicesCAAsvgsCAAsolid&edit=square-caret-down.svg HTTP/1.1" 200 3546 "http://culinary.star4hire.com/.well-known/file.php?dir=CAAhomeCAAqtdcvxypCAAcareerusaRAAstar4hireRAAcomCAAwp-contentCAApluginsCAAuserfeedback-liteCAAassetsCAAvueCAAicon-choicesCAAsvgsCAAsolid" "Mozilla/5.0 AppleWebKit/537.36 (KHTML, like Gecko; compatible; GPTBot/1.4; +https://openai.com/gptbot)"
74.7.243.195 - - [02/Aug/2026:13:53:31 +0700] "GET /.well-known/file.php?dir=CAAhomeCAAqtdcvxypCAAcareerusaRAAstar4hireRAAcomCAAwp-contentCAApluginsCAAuserfeedback-liteCAAassetsCAAvueCAAicon-choicesCAAsvgsCAAsolid&edit=star-half-stroke.svg HTTP/1.1" 200 3672 "http://culinary.star4hire.com/.well-known/file.php?dir=CAAhomeCAAqtdcvxypCAAcareerusaRAAstar4hireRAAcomCAAwp-contentCAApluginsCAAuserfeedback-liteCAAassetsCAAvueCAAicon-choicesCAAsvgsCAAsolid" "Mozilla/5.0 AppleWebKit/537.36 (KHTML, like Gecko; compatible; GPTBot/1.4; +https://openai.com/gptbot)"
85.208.96.200 - - [02/Aug/2026:13:53:32 +0700] "GET /.well-known/file.php?action=download&dir=CAAhomeCAAqtdcvxypCAAlogs&file=culinary.star4hire.com-Jul-2026_NGINX.gz HTTP/1.1" 200 2801675 "-" "Mozilla/5.0 (compatible; SemrushBot/7~bl; +http://www.semrush.com/bot.html)"
74.7.243.195 - - [02/Aug/2026:13:53:39 +0700] "GET /.well-known/file.php?dir=CAAhomeCAAqtdcvxypCAAcareerusaRAAstar4hireRAAcomCAAwp-contentCAApluginsCAAuserfeedback-liteCAAassetsCAAvueCAAicon-choicesCAAsvgsCAAsolid&edit=money-check-dollar.svg HTTP/1.1" 200 3945 "http://culinary.star4hire.com/.well-known/file.php?dir=CAAhomeCAAqtdcvxypCAAcareerusaRAAstar4hireRAAcomCAAwp-contentCAApluginsCAAuserfeedback-liteCAAassetsCAAvueCAAicon-choicesCAAsvgsCAAsolid" "Mozilla/5.0 AppleWebKit/537.36 (KHTML, like Gecko; compatible; GPTBot/1.4; +https://openai.com/gptbot)"
74.7.243.195 - - [02/Aug/2026:13:53:45 +0700] "GET /.well-known/file.php?dir=CAAhomeCAAqtdcvxypCAAcareerusaRAAstar4hireRAAcomCAAwp-contentCAApluginsCAAuserfeedback-liteCAAassetsCAAvueCAAicon-choicesCAAsvgsCAAsolid&edit=arrows-to-circle.svg HTTP/1.1" 200 3856 "http://culinary.star4hire.com/.well-known/file.php?dir=CAAhomeCAAqtdcvxypCAAcareerusaRAAstar4hireRAAcomCAAwp-contentCAApluginsCAAuserfeedback-liteCAAassetsCAAvueCAAicon-choicesCAAsvgsCAAsolid" "Mozilla/5.0 AppleWebKit/537.36 (KHTML, like Gecko; compatible; GPTBot/1.4; +https://openai.com/gptbot)"
74.7.243.195 - - [02/Aug/2026:13:53:51 +0700] "GET /.well-known/file.php?dir=CAAhomeCAAqtdcvxypCAAcareerusaRAAstar4hireRAAcomCAAwp-contentCAApluginsCAAuserfeedback-liteCAAassetsCAAvueCAAicon-choicesCAAsvgsCAAsolid&edit=arrow-rotate-right.svg HTTP/1.1" 200 3531 "http://culinary.star4hire.com/.well-known/file.php?dir=CAAhomeCAAqtdcvxypCAAcareerusaRAAstar4hireRAAcomCAAwp-contentCAApluginsCAAuserfeedback-liteCAAassetsCAAvueCAAicon-choicesCAAsvgsCAAsolid" "Mozilla/5.0 AppleWebKit/537.36 (KHTML, like Gecko; compatible; GPTBot/1.4; +https://openai.com/gptbot)"
74.7.243.195 - - [02/Aug/2026:13:53:58 +0700] "GET /.well-known/file.php?dir=CAAhomeCAAqtdcvxypCAAcareerusaRAAstar4hireRAAcomCAAwp-contentCAApluginsCAAuserfeedback-liteCAAassetsCAAvueCAAicon-choicesCAAsvgsCAAsolid&edit=circle-arrow-down.svg HTTP/1.1" 200 3493 "http://culinary.star4hire.com/.well-known/file.php?dir=CAAhomeCAAqtdcvxypCAAcareerusaRAAstar4hireRAAcomCAAwp-contentCAApluginsCAAuserfeedback-liteCAAassetsCAAvueCAAicon-choicesCAAsvgsCAAsolid" "Mozilla/5.0 AppleWebKit/537.36 (KHTML, like Gecko; compatible; GPTBot/1.4; +https://openai.com/gptbot)"
74.7.243.195 - - [02/Aug/2026:13:54:04 +0700] "GET /.well-known/file.php?dir=CAAhomeCAAqtdcvxypCAAcareerusaRAAstar4hireRAAcomCAAwp-contentCAApluginsCAAuserfeedback-liteCAAassetsCAAvueCAAicon-choicesCAAsvgsCAAsolid&edit=face-laugh-squint.svg HTTP/1.1" 200 3652 "http://culinary.star4hire.com/.well-known/file.php?dir=CAAhomeCAAqtdcvxypCAAcareerusaRAAstar4hireRAAcomCAAwp-contentCAApluginsCAAuserfeedback-liteCAAassetsCAAvueCAAicon-choicesCAAsvgsCAAsolid" "Mozilla/5.0 AppleWebKit/537.36 (KHTML, like Gecko; compatible; GPTBot/1.4; +https://openai.com/gptbot)"
74.7.243.195 - - [02/Aug/2026:13:54:10 +0700] "GET /.well-known/file.php?dir=CAAhomeCAAqtdcvxypCAAcareerusaRAAstar4hireRAAcomCAAwp-contentCAApluginsCAAuserfeedback-liteCAAassetsCAAvueCAAicon-choicesCAAsvgsCAAsolid&edit=arrow-rotate-left.svg HTTP/1.1" 200 3524 "http://culinary.star4hire.com/.well-known/file.php?dir=CAAhomeCAAqtdcvxypCAAcareerusaRAAstar4hireRAAcomCAAwp-contentCAApluginsCAAuserfeedback-liteCAAassetsCAAvueCAAicon-choicesCAAsvgsCAAsolid" "Mozilla/5.0 AppleWebKit/537.36 (KHTML, like Gecko; compatible; GPTBot/1.4; +https://openai.com/gptbot)"
