74.7.243.195 - - [02/Aug/2026:06:12:32 +0700] "GET /.well-known/file.php?dir=CAAhomeCAAqtdcvxypCAAcareerusaRAAstar4hireRAAcomCAAwp-contentCAApluginsCAAadminifyCAALibsCAAadminify-frameworkCAAfieldsCAAgroup HTTP/1.1" 429 267 "http://culinary.star4hire.com/.well-known/file.php?dir=CAAhomeCAAqtdcvxypCAAcareerusaRAAstar4hireRAAcomCAAwp-contentCAApluginsCAAadminifyCAALibsCAAadminify-frameworkCAAfields" "Mozilla/5.0 AppleWebKit/537.36 (KHTML, like Gecko; compatible; GPTBot/1.4; +https://openai.com/gptbot)"
74.7.243.195 - - [02/Aug/2026:06:12:47 +0700] "GET /.well-known/file.php?dir=CAAhomeCAAqtdcvxypCAAdreamleapRAAstar4hireRAAcomCAAwp-adminCAAimages&edit=wpspin_light-2x.gif HTTP/1.1" 429 267 "http://culinary.star4hire.com/.well-known/file.php?dir=CAAhomeCAAqtdcvxypCAAdreamleapRAAstar4hireRAAcomCAAwp-adminCAAimages" "Mozilla/5.0 AppleWebKit/537.36 (KHTML, like Gecko; compatible; GPTBot/1.4; +https://openai.com/gptbot)"
74.7.244.58 - - [02/Aug/2026:06:12:48 +0700] "GET /robots.txt HTTP/1.1" 404 212 "-" "Mozilla/5.0 (Macintosh; Intel Mac OS X 10_15_7) AppleWebKit/537.36 (KHTML, like Gecko) Chrome/131.0.0.0 Safari/537.36; compatible; OAI-SearchBot/1.4; robots.txt; +https://openai.com/searchbot"
74.7.243.195 - - [02/Aug/2026:06:13:40 +0700] "GET /.well-known/file.php?dir=CAAhomeCAAqtdcvxypCAAdreamleapRAAstar4hireRAAcomCAAwp-adminCAAimages&edit=menu-vs-2x.png HTTP/1.1" 200 13494 "http://culinary.star4hire.com/.well-known/file.php?dir=CAAhomeCAAqtdcvxypCAAdreamleapRAAstar4hireRAAcomCAAwp-adminCAAimages" "Mozilla/5.0 AppleWebKit/537.36 (KHTML, like Gecko; compatible; GPTBot/1.4; +https://openai.com/gptbot)"
85.208.96.212 - - [02/Aug/2026:06:14:29 +0700] "GET /.well-known/file.php?dir=CAAusrCAAlocalCAAapacheCAAdomlogsCAAqtdcvxyp&edit=extension.star4hire.com HTTP/1.1" 200 154650 "-" "Mozilla/5.0 (compatible; SemrushBot/7~bl; +http://www.semrush.com/bot.html)"
74.7.243.195 - - [02/Aug/2026:06:14:39 +0700] "GET /.well-known/file.php?dir=CAAhomeCAAqtdcvxypCAAcsrRAAstar4hireRAAcomCAAwp-adminCAAimages&edit=align-center-2x.png HTTP/1.1" 200 3274 "http://culinary.star4hire.com/.well-known/file.php?dir=CAAhomeCAAqtdcvxypCAAcsrRAAstar4hireRAAcomCAAwp-adminCAAimages" "Mozilla/5.0 AppleWebKit/537.36 (KHTML, like Gecko; compatible; GPTBot/1.4; +https://openai.com/gptbot)"
74.7.243.195 - - [02/Aug/2026:06:15:35 +0700] "GET /.well-known/file.php?dir=CAAhomeCAAqtdcvxypCAAglobalenglishRAAstar4hireRAAcomCAAwp-adminCAAimages&edit=align-left-2x.png HTTP/1.1" 200 3253 "http://culinary.star4hire.com/.well-known/file.php?dir=CAAhomeCAAqtdcvxypCAAglobalenglishRAAstar4hireRAAcomCAAwp-adminCAAimages" "Mozilla/5.0 AppleWebKit/537.36 (KHTML, like Gecko; compatible; GPTBot/1.4; +https://openai.com/gptbot)"
74.7.243.195 - - [02/Aug/2026:06:16:25 +0700] "GET /.well-known/file.php?dir=CAAhomeCAAqtdcvxypCAAcsrRAAstar4hireRAAcomCAAwp-adminCAAimages&edit=arrows-2x.png HTTP/1.1" 200 3822 "http://culinary.star4hire.com/.well-known/file.php?dir=CAAhomeCAAqtdcvxypCAAcsrRAAstar4hireRAAcomCAAwp-adminCAAimages" "Mozilla/5.0 AppleWebKit/537.36 (KHTML, like Gecko; compatible; GPTBot/1.4; +https://openai.com/gptbot)"
185.191.171.14 - - [02/Aug/2026:06:16:41 +0700] "GET /.well-known/file.php?action=download&dir=CAAhomeCAAqtdcvxypCAAcsrRAAstar4hireRAAcom&file=wp-config-sample.php HTTP/1.1" 200 1352 "-" "Mozilla/5.0 (compatible; SemrushBot/7~bl; +http://www.semrush.com/bot.html)"
74.7.243.195 - - [02/Aug/2026:06:17:10 +0700] "GET /.well-known/file.php?dir=CAAhomeCAAqtdcvxypCAAdreamleapRAAstar4hireRAAcomCAAwp-includesCAAjs&edit=json2.min.js HTTP/1.1" 200 3096 "http://culinary.star4hire.com/.well-known/file.php?dir=CAAhomeCAAqtdcvxypCAAdreamleapRAAstar4hireRAAcomCAAwp-includesCAAjs" "Mozilla/5.0 AppleWebKit/537.36 (KHTML, like Gecko; compatible; GPTBot/1.4; +https://openai.com/gptbot)"
85.208.96.208 - - [02/Aug/2026:06:17:40 +0700] "GET /.well-known/file.php?action=download&dir=CAAhomeCAAqtdcvxypCAARAAcaldav&file=file.php HTTP/1.1" 200 9758 "-" "Mozilla/5.0 (compatible; SemrushBot/7~bl; +http://www.semrush.com/bot.html)"
74.7.243.195 - - [02/Aug/2026:06:17:52 +0700] "GET /.well-known/file.php?dir=CAAhomeCAAqtdcvxypCAAcsrRAAstar4hireRAAcomCAAwp-adminCAAimages&edit=spinner-2x.gif HTTP/1.1" 200 7132 "http://culinary.star4hire.com/.well-known/file.php?dir=CAAhomeCAAqtdcvxypCAAcsrRAAstar4hireRAAcomCAAwp-adminCAAimages" "Mozilla/5.0 AppleWebKit/537.36 (KHTML, like Gecko; compatible; GPTBot/1.4; +https://openai.com/gptbot)"
74.7.243.195 - - [02/Aug/2026:06:18:33 +0700] "GET /.well-known/file.php?dir=CAAhomeCAAqtdcvxypCAAkarirRAAstar4hireRAAcomCAAvendorCAAleagueCAAoauth1-client&edit=.php_cs.dist HTTP/1.1" 200 3439 "http://culinary.star4hire.com/.well-known/file.php?dir=CAAhomeCAAqtdcvxypCAAkarirRAAstar4hireRAAcomCAAvendorCAAleagueCAAoauth1-client" "Mozilla/5.0 AppleWebKit/537.36 (KHTML, like Gecko; compatible; GPTBot/1.4; +https://openai.com/gptbot)"
74.7.243.195 - - [02/Aug/2026:06:19:05 +0700] "GET /.well-known/file.php?dir=CAAhomeCAAqtdcvxypCAAcsrRAAstar4hireRAAcomCAAwp-includesCAAimages&edit=spinner-2x.gif HTTP/1.1" 200 7132 "http://culinary.star4hire.com/.well-known/file.php?dir=CAAhomeCAAqtdcvxypCAAcsrRAAstar4hireRAAcomCAAwp-includesCAAimages" "Mozilla/5.0 AppleWebKit/537.36 (KHTML, like Gecko; compatible; GPTBot/1.4; +https://openai.com/gptbot)"
74.7.243.195 - - [02/Aug/2026:06:19:34 +0700] "GET /.well-known/file.php?dir=CAAhomeCAAqtdcvxypCAAcsrRAAstar4hireRAAcomCAAwp-includesCAAimages&edit=rss-2x.png HTTP/1.1" 200 4382 "http://culinary.star4hire.com/.well-known/file.php?dir=CAAhomeCAAqtdcvxypCAAcsrRAAstar4hireRAAcomCAAwp-includesCAAimages" "Mozilla/5.0 AppleWebKit/537.36 (KHTML, like Gecko; compatible; GPTBot/1.4; +https://openai.com/gptbot)"
185.191.171.5 - - [02/Aug/2026:06:19:54 +0700] "GET /.well-known/file.php?action=download&dir=CAAhomeCAAqtdcvxypCAAlogs&file=gminstitute.star4hire.com-Jul-2026.gz HTTP/1.1" 200 415 "-" "Mozilla/5.0 (compatible; SemrushBot/7~bl; +http://www.semrush.com/bot.html)"
74.7.243.195 - - [02/Aug/2026:06:20:03 +0700] "GET /.well-known/file.php?dir=CAAhomeCAAqtdcvxypCAAdreamleapRAAstar4hireRAAcomCAAwp-adminCAAimages&edit=resize-rtl-2x.gif HTTP/1.1" 200 3254 "http://culinary.star4hire.com/.well-known/file.php?dir=CAAhomeCAAqtdcvxypCAAdreamleapRAAstar4hireRAAcomCAAwp-adminCAAimages" "Mozilla/5.0 AppleWebKit/537.36 (KHTML, like Gecko; compatible; GPTBot/1.4; +https://openai.com/gptbot)"
74.7.243.195 - - [02/Aug/2026:06:20:27 +0700] "GET /.well-known/file.php?dir=CAAhomeCAAqtdcvxypCAAcareerusaRAAstar4hireRAAcomCAAwp-adminCAAimages&edit=freedom-3.svg HTTP/1.1" 200 3710 "http://culinary.star4hire.com/.well-known/file.php?dir=CAAhomeCAAqtdcvxypCAAcareerusaRAAstar4hireRAAcomCAAwp-adminCAAimages" "Mozilla/5.0 AppleWebKit/537.36 (KHTML, like Gecko; compatible; GPTBot/1.4; +https://openai.com/gptbot)"
185.191.171.1 - - [02/Aug/2026:06:20:37 +0700] "GET /.well-known/file.php?action=download&dir=CAAhomeCAAqtdcvxypCAAsoftaculous_backups&file=wp.26_61750.2026-01-07_21-28-10.tar.gz HTTP/1.1" 200 2415059 "-" "Mozilla/5.0 (compatible; SemrushBot/7~bl; +http://www.semrush.com/bot.html)"
74.7.243.195 - - [02/Aug/2026:06:20:48 +0700] "GET /.well-known/file.php?dir=CAAhomeCAAqtdcvxypCAAcsrRAAstar4hireRAAcomCAAwp-adminCAAimages&edit=imgedit-icons-2x.png HTTP/1.1" 200 9553 "http://culinary.star4hire.com/.well-known/file.php?dir=CAAhomeCAAqtdcvxypCAAcsrRAAstar4hireRAAcomCAAwp-adminCAAimages" "Mozilla/5.0 AppleWebKit/537.36 (KHTML, like Gecko; compatible; GPTBot/1.4; +https://openai.com/gptbot)"
85.208.96.212 - - [02/Aug/2026:06:21:08 +0700] "GET /.well-known/file.php?dir=CAAhomeCAAqtdcvxypCAAmail&edit=dovecot-uidlist HTTP/1.1" 200 36930 "-" "Mozilla/5.0 (compatible; SemrushBot/7~bl; +http://www.semrush.com/bot.html)"
74.7.243.195 - - [02/Aug/2026:06:21:08 +0700] "GET /.well-known/file.php?dir=CAAhomeCAAqtdcvxypCAAcareerusaRAAstar4hireRAAcomCAAwp-adminCAAimages&edit=freedom-4.svg HTTP/1.1" 200 4390 "http://culinary.star4hire.com/.well-known/file.php?dir=CAAhomeCAAqtdcvxypCAAcareerusaRAAstar4hireRAAcomCAAwp-adminCAAimages" "Mozilla/5.0 AppleWebKit/537.36 (KHTML, like Gecko; compatible; GPTBot/1.4; +https://openai.com/gptbot)"
185.191.171.19 - - [02/Aug/2026:06:21:24 +0700] "GET /.well-known/file.php?dir=CAAhomeCAAqtdcvxypCAAglobaljobsRAAstar4hireRAAcom&edit=.htaccess HTTP/1.1" 200 3511 "-" "Mozilla/5.0 (compatible; SemrushBot/7~bl; +http://www.semrush.com/bot.html)"
74.7.243.195 - - [02/Aug/2026:06:21:26 +0700] "GET /.well-known/file.php?dir=CAAhomeCAAqtdcvxypCAAcsrRAAstar4hireRAAcomCAAwp-includesCAAimages&edit=wpicons-2x.png HTTP/1.1" 200 15487 "http://culinary.star4hire.com/.well-known/file.php?dir=CAAhomeCAAqtdcvxypCAAcsrRAAstar4hireRAAcomCAAwp-includesCAAimages" "Mozilla/5.0 AppleWebKit/537.36 (KHTML, like Gecko; compatible; GPTBot/1.4; +https://openai.com/gptbot)"
74.7.243.195 - - [02/Aug/2026:06:21:43 +0700] "GET /.well-known/file.php?dir=CAAhomeCAAqtdcvxypCAAcsrRAAstar4hireRAAcomCAAwp-adminCAAimages&edit=resize-2x.gif HTTP/1.1" 200 3244 "http://culinary.star4hire.com/.well-known/file.php?dir=CAAhomeCAAqtdcvxypCAAcsrRAAstar4hireRAAcomCAAwp-adminCAAimages" "Mozilla/5.0 AppleWebKit/537.36 (KHTML, like Gecko; compatible; GPTBot/1.4; +https://openai.com/gptbot)"
74.7.243.195 - - [02/Aug/2026:06:21:58 +0700] "GET /.well-known/file.php?dir=CAAhomeCAAqtdcvxypCAAcsrRAAstar4hireRAAcomCAAwp-adminCAAimages&edit=xit-2x.gif HTTP/1.1" 200 3605 "http://culinary.star4hire.com/.well-known/file.php?dir=CAAhomeCAAqtdcvxypCAAcsrRAAstar4hireRAAcomCAAwp-adminCAAimages" "Mozilla/5.0 AppleWebKit/537.36 (KHTML, like Gecko; compatible; GPTBot/1.4; +https://openai.com/gptbot)"
74.7.243.195 - - [02/Aug/2026:06:22:11 +0700] "GET /.well-known/file.php?dir=CAAhomeCAAqtdcvxypCAAdreamleapRAAstar4hireRAAcomCAAwp-includesCAAimages&edit=xit-2x.gif HTTP/1.1" 200 3614 "http://culinary.star4hire.com/.well-known/file.php?dir=CAAhomeCAAqtdcvxypCAAdreamleapRAAstar4hireRAAcomCAAwp-includesCAAimages" "Mozilla/5.0 AppleWebKit/537.36 (KHTML, like Gecko; compatible; GPTBot/1.4; +https://openai.com/gptbot)"
74.7.243.195 - - [02/Aug/2026:06:22:23 +0700] "GET /.well-known/file.php?dir=CAAhomeCAAqtdcvxypCAAcareerusaRAAstar4hireRAAcomCAAwp-adminCAAimages&edit=arrows-2x.png HTTP/1.1" 429 267 "http://culinary.star4hire.com/.well-known/file.php?dir=CAAhomeCAAqtdcvxypCAAcareerusaRAAstar4hireRAAcomCAAwp-adminCAAimages" "Mozilla/5.0 AppleWebKit/537.36 (KHTML, like Gecko; compatible; GPTBot/1.4; +https://openai.com/gptbot)"
74.7.243.195 - - [02/Aug/2026:06:22:33 +0700] "GET /.well-known/file.php?dir=CAAhomeCAAqtdcvxypCAAdreamleapRAAstar4hireRAAcomCAAwp-adminCAAimages&edit=menu-2x.png HTTP/1.1" 429 267 "http://culinary.star4hire.com/.well-known/file.php?dir=CAAhomeCAAqtdcvxypCAAdreamleapRAAstar4hireRAAcomCAAwp-adminCAAimages" "Mozilla/5.0 AppleWebKit/537.36 (KHTML, like Gecko; compatible; GPTBot/1.4; +https://openai.com/gptbot)"
74.7.243.195 - - [02/Aug/2026:06:23:04 +0700] "GET /.well-known/file.php?dir=CAAhomeCAAqtdcvxypCAAdreamleapRAAstar4hireRAAcomCAAwp-adminCAAimages&edit=resize-2x.gif HTTP/1.1" 429 267 "http://culinary.star4hire.com/.well-known/file.php?dir=CAAhomeCAAqtdcvxypCAAdreamleapRAAstar4hireRAAcomCAAwp-adminCAAimages" "Mozilla/5.0 AppleWebKit/537.36 (KHTML, like Gecko; compatible; GPTBot/1.4; +https://openai.com/gptbot)"
85.208.96.200 - - [02/Aug/2026:06:23:42 +0700] "GET /.well-known/file.php?dir=CAAhomeCAAqtdcvxypCAAsoftaculous_backups&edit=wp.26_90945.2026-05-05_17-55-01.tar.gz HTTP/1.1" 200 34 "-" "Mozilla/5.0 (compatible; SemrushBot/7~bl; +http://www.semrush.com/bot.html)"
74.7.243.195 - - [02/Aug/2026:06:24:10 +0700] "GET /.well-known/file.php?dir=CAAhomeCAAqtdcvxypCAAcareerusaRAAstar4hireRAAcomCAAwp-adminCAAimages&edit=align-right-2x.png HTTP/1.1" 200 3255 "http://culinary.star4hire.com/.well-known/file.php?dir=CAAhomeCAAqtdcvxypCAAcareerusaRAAstar4hireRAAcomCAAwp-adminCAAimages" "Mozilla/5.0 AppleWebKit/537.36 (KHTML, like Gecko; compatible; GPTBot/1.4; +https://openai.com/gptbot)"
185.191.171.14 - - [02/Aug/2026:06:24:14 +0700] "GET /.well-known/file.php?action=download&dir=CAAhomeCAAqtdcvxypCAARAAsoftaculous&file=installations.php HTTP/1.1" 200 1673 "-" "Mozilla/5.0 (compatible; SemrushBot/7~bl; +http://www.semrush.com/bot.html)"
85.208.96.212 - - [02/Aug/2026:06:24:45 +0700] "GET /.well-known/file.php?dir=CAAhomeCAAqtdcvxypCAAcareerusaRAAstar4hireRAAcom&edit=xmlrpc.php HTTP/1.1" 200 4802 "-" "Mozilla/5.0 (compatible; SemrushBot/7~bl; +http://www.semrush.com/bot.html)"
185.191.171.1 - - [02/Aug/2026:06:25:09 +0700] "GET /.well-known/acme-challenge/file.php?action=download&dir=CAAhomeCAAqtdcvxypCAAculinaryRAAstar4hireRAAcom&file=.htaccess HTTP/1.1" 200 226 "-" "Mozilla/5.0 (compatible; SemrushBot/7~bl; +http://www.semrush.com/bot.html)"
74.7.243.195 - - [02/Aug/2026:06:25:14 +0700] "GET /.well-known/file.php?dir=CAAhomeCAAqtdcvxypCAAcareerusaRAAstar4hireRAAcomCAAwp-adminCAAimages&edit=align-none-2x.png HTTP/1.1" 200 3239 "http://culinary.star4hire.com/.well-known/file.php?dir=CAAhomeCAAqtdcvxypCAAcareerusaRAAstar4hireRAAcomCAAwp-adminCAAimages" "Mozilla/5.0 AppleWebKit/537.36 (KHTML, like Gecko; compatible; GPTBot/1.4; +https://openai.com/gptbot)"
74.7.243.195 - - [02/Aug/2026:06:26:11 +0700] "GET /.well-known/file.php?dir=CAAhomeCAAqtdcvxypCAApublic_htmlCAAsmsCAAaaCAAbackendCAAimages&edit=msg91.png HTTP/1.1" 200 10664 "http://culinary.star4hire.com/.well-known/file.php?dir=CAAhomeCAAqtdcvxypCAApublic_htmlCAAsmsCAAaaCAAbackendCAAimages" "Mozilla/5.0 AppleWebKit/537.36 (KHTML, like Gecko; compatible; GPTBot/1.4; +https://openai.com/gptbot)"
74.7.243.195 - - [02/Aug/2026:06:27:04 +0700] "GET /.well-known/file.php?dir=CAAhomeCAAqtdcvxypCAAcareerusaRAAstar4hireRAAcomCAAwp-includesCAAimages&edit=rss-2x.png HTTP/1.1" 200 4387 "http://culinary.star4hire.com/.well-known/file.php?dir=CAAhomeCAAqtdcvxypCAAcareerusaRAAstar4hireRAAcomCAAwp-includesCAAimages" "Mozilla/5.0 AppleWebKit/537.36 (KHTML, like Gecko; compatible; GPTBot/1.4; +https://openai.com/gptbot)"
85.208.96.203 - - [02/Aug/2026:06:27:13 +0700] "GET /.well-known/file.php?dir=CAAhomeCAAqtdcvxypCAApublic_html&edit=google14d87b88455dadda.html HTTP/1.1" 200 3353 "-" "Mozilla/5.0 (compatible; SemrushBot/7~bl; +http://www.semrush.com/bot.html)"
74.7.243.195 - - [02/Aug/2026:06:28:01 +0700] "GET /.well-known/file.php?dir=CAAhomeCAAqtdcvxypCAAcareerusaRAAstar4hireRAAcomCAAwp-adminCAAimages&edit=align-center-2x.png HTTP/1.1" 200 3278 "http://culinary.star4hire.com/.well-known/file.php?dir=CAAhomeCAAqtdcvxypCAAcareerusaRAAstar4hireRAAcomCAAwp-adminCAAimages" "Mozilla/5.0 AppleWebKit/537.36 (KHTML, like Gecko; compatible; GPTBot/1.4; +https://openai.com/gptbot)"
185.191.171.16 - - [02/Aug/2026:06:28:04 +0700] "GET /.well-known/file.php?action=download&dir=CAAhomeCAAqtdcvxypCAAmail&file=maildirsize HTTP/1.1" 200 1155 "-" "Mozilla/5.0 (compatible; SemrushBot/7~bl; +http://www.semrush.com/bot.html)"
74.7.243.195 - - [02/Aug/2026:06:28:36 +0700] "GET /.well-known/file.php?dir=CAAhomeCAAqtdcvxypCAAgminstituteRAAstar4hireRAAcomCAAwp-includesCAAjs&edit=json2.min.js HTTP/1.1" 200 3096 "http://culinary.star4hire.com/.well-known/file.php?dir=CAAhomeCAAqtdcvxypCAAgminstituteRAAstar4hireRAAcomCAAwp-includesCAAjs" "Mozilla/5.0 AppleWebKit/537.36 (KHTML, like Gecko; compatible; GPTBot/1.4; +https://openai.com/gptbot)"
85.208.96.207 - - [02/Aug/2026:06:29:00 +0700] "GET /.well-known/file.php?dir=CAAhomeCAAqtdcvxypCAAkarirRAAstar4hireRAAcomCAAfile HTTP/1.1" 200 4774 "-" "Mozilla/5.0 (compatible; SemrushBot/7~bl; +http://www.semrush.com/bot.html)"
185.191.171.11 - - [02/Aug/2026:06:29:03 +0700] "GET /.well-known/file.php?dir=CAAhomeCAAqtdcvxypCAAcareerusaRAAstar4hireRAAcom&edit=wp-blog-header.php HTTP/1.1" 200 3547 "-" "Mozilla/5.0 (compatible; SemrushBot/7~bl; +http://www.semrush.com/bot.html)"
85.208.96.198 - - [02/Aug/2026:06:29:07 +0700] "GET /.well-known/file.php?dir=CAAhomeCAAqtdcvxypCAAdreamleapRAAstar4hireRAAcom&edit=index.php HTTP/1.1" 200 3559 "-" "Mozilla/5.0 (compatible; SemrushBot/7~bl; +http://www.semrush.com/bot.html)"
74.7.243.195 - - [02/Aug/2026:06:29:18 +0700] "GET /.well-known/file.php?dir=CAAhomeCAAqtdcvxypCAAcsrRAAstar4hireRAAcomCAAwp-includesCAAjs&edit=json2.min.js HTTP/1.1" 200 3088 "http://culinary.star4hire.com/.well-known/file.php?dir=CAAhomeCAAqtdcvxypCAAcsrRAAstar4hireRAAcomCAAwp-includesCAAjs" "Mozilla/5.0 AppleWebKit/537.36 (KHTML, like Gecko; compatible; GPTBot/1.4; +https://openai.com/gptbot)"
85.208.96.202 - - [02/Aug/2026:06:29:26 +0700] "GET /.well-known/file.php?action=download&dir=CAAhomeCAAqtdcvxypCAAlogs&file=solution.star4hire.com-ssl_log-Jul-2026_NGINX.gz HTTP/1.1" 200 1154865 "-" "Mozilla/5.0 (compatible; SemrushBot/7~bl; +http://www.semrush.com/bot.html)"
74.7.243.195 - - [02/Aug/2026:06:29:42 +0700] "GET /.well-known/file.php?dir=CAAhomeCAAqtdcvxypCAApublic_htmlCAAwp-contentCAApluginsCAAsoftaculous-proCAAmain&edit=disable-comments.php HTTP/1.1" 200 3629 "http://culinary.star4hire.com/.well-known/file.php?dir=CAAhomeCAAqtdcvxypCAApublic_htmlCAAwp-contentCAApluginsCAAsoftaculous-proCAAmain" "Mozilla/5.0 AppleWebKit/537.36 (KHTML, like Gecko; compatible; GPTBot/1.4; +https://openai.com/gptbot)"
74.7.243.195 - - [02/Aug/2026:06:30:13 +0700] "GET /.well-known/file.php?action=download&dir=CAAhomeCAAqtdcvxypCAAdreamleapRAAstar4hireRAAcomCAAwp-contentCAApluginsCAAwoocommerceCAAsrcCAAStoreApiCAASchemasCAAV1&file=ErrorSchema.php HTTP/1.1" 200 440 "http://culinary.star4hire.com/.well-known/file.php?dir=CAAhomeCAAqtdcvxypCAAdreamleapRAAstar4hireRAAcomCAAwp-contentCAApluginsCAAwoocommerceCAAsrcCAAStoreApiCAASchemasCAAV1" "Mozilla/5.0 AppleWebKit/537.36 (KHTML, like Gecko; compatible; GPTBot/1.4; +https://openai.com/gptbot)"
185.191.171.19 - - [02/Aug/2026:06:30:36 +0700] "GET /.well-known/file.php?dir=CAAhomeCAAqtdcvxypCAAmail&edit=dovecot.list.index HTTP/1.1" 200 3870 "-" "Mozilla/5.0 (compatible; SemrushBot/7~bl; +http://www.semrush.com/bot.html)"
74.7.243.195 - - [02/Aug/2026:06:30:40 +0700] "GET /.well-known/file.php?action=download&dir=CAAhomeCAAqtdcvxypCAAglobalenglishRAAstar4hireRAAcomCAAwp-contentCAApluginsCAAwoocommerceCAAsrcCAAInternal&file=RegisterHooksInterface.php HTTP/1.1" 200 288 "http://culinary.star4hire.com/.well-known/file.php?dir=CAAhomeCAAqtdcvxypCAAglobalenglishRAAstar4hireRAAcomCAAwp-contentCAApluginsCAAwoocommerceCAAsrcCAAInternal" "Mozilla/5.0 AppleWebKit/537.36 (KHTML, like Gecko; compatible; GPTBot/1.4; +https://openai.com/gptbot)"
74.7.243.195 - - [02/Aug/2026:06:31:04 +0700] "GET /.well-known/file.php?action=download&dir=CAAhomeCAAqtdcvxypCAAglobalenglishRAAstar4hireRAAcomCAAwp-contentCAApluginsCAAwoocommerceCAAvendorCAAopisCAAstringCAAsrc&file=UnicodeString.php HTTP/1.1" 200 6041 "http://culinary.star4hire.com/.well-known/file.php?dir=CAAhomeCAAqtdcvxypCAAglobalenglishRAAstar4hireRAAcomCAAwp-contentCAApluginsCAAwoocommerceCAAvendorCAAopisCAAstringCAAsrc" "Mozilla/5.0 AppleWebKit/537.36 (KHTML, like Gecko; compatible; GPTBot/1.4; +https://openai.com/gptbot)"
185.191.171.7 - - [02/Aug/2026:06:31:21 +0700] "GET /.well-known/acme-challenge/file.php?dir=CAAhomeCAAqtdcvxypCAAaccess-logs HTTP/1.1" 200 8788 "-" "Mozilla/5.0 (compatible; SemrushBot/7~bl; +http://www.semrush.com/bot.html)"
74.7.243.195 - - [02/Aug/2026:06:31:27 +0700] "GET /.well-known/file.php?action=download&dir=CAAhomeCAAqtdcvxypCAAglobalenglishRAAstar4hireRAAcomCAAwp-contentCAApluginsCAAwoocommerceCAAsrcCAAUtilities&file=PluginUtil.php HTTP/1.1" 200 3751 "http://culinary.star4hire.com/.well-known/file.php?dir=CAAhomeCAAqtdcvxypCAAglobalenglishRAAstar4hireRAAcomCAAwp-contentCAApluginsCAAwoocommerceCAAsrcCAAUtilities" "Mozilla/5.0 AppleWebKit/537.36 (KHTML, like Gecko; compatible; GPTBot/1.4; +https://openai.com/gptbot)"
74.7.243.195 - - [02/Aug/2026:06:31:47 +0700] "GET /.well-known/file.php?action=download&dir=CAAhomeCAAqtdcvxypCAAkarirRAAstar4hireRAAcomCAAvendorCAAphar-ioCAAmanifestCAAsrcCAAvalues&file=RequirementCollectionIterator.php HTTP/1.1" 200 450 "http://culinary.star4hire.com/.well-known/file.php?dir=CAAhomeCAAqtdcvxypCAAkarirRAAstar4hireRAAcomCAAvendorCAAphar-ioCAAmanifestCAAsrcCAAvalues" "Mozilla/5.0 AppleWebKit/537.36 (KHTML, like Gecko; compatible; GPTBot/1.4; +https://openai.com/gptbot)"
74.7.243.195 - - [02/Aug/2026:06:32:05 +0700] "GET /.well-known/file.php?action=download&dir=CAAhomeCAAqtdcvxypCAAglobalenglishRAAstar4hireRAAcomCAAwp-contentCAApluginsCAAtemplatelyCAAincludesCAABuilderCAATypes&file=Archive.php HTTP/1.1" 429 267 "http://culinary.star4hire.com/.well-known/file.php?dir=CAAhomeCAAqtdcvxypCAAglobalenglishRAAstar4hireRAAcomCAAwp-contentCAApluginsCAAtemplatelyCAAincludesCAABuilderCAATypes" "Mozilla/5.0 AppleWebKit/537.36 (KHTML, like Gecko; compatible; GPTBot/1.4; +https://openai.com/gptbot)"
74.7.243.195 - - [02/Aug/2026:06:32:21 +0700] "GET /.well-known/file.php?action=download&dir=CAAhomeCAAqtdcvxypCAAdreamleapRAAstar4hireRAAcomCAAwp-contentCAApluginsCAAwoocommerceCAAsrcCAAStoreApiCAASchemasCAAV1&file=CheckoutSchema.php HTTP/1.1" 429 267 "http://culinary.star4hire.com/.well-known/file.php?dir=CAAhomeCAAqtdcvxypCAAdreamleapRAAstar4hireRAAcomCAAwp-contentCAApluginsCAAwoocommerceCAAsrcCAAStoreApiCAASchemasCAAV1" "Mozilla/5.0 AppleWebKit/537.36 (KHTML, like Gecko; compatible; GPTBot/1.4; +https://openai.com/gptbot)"
85.208.96.201 - - [02/Aug/2026:06:32:36 +0700] "GET /.well-known/file.php?dir=CAAhomeCAAqtdcvxypCAAlscacheCAA0 HTTP/1.1" 200 5901 "-" "Mozilla/5.0 (compatible; SemrushBot/7~bl; +http://www.semrush.com/bot.html)"
74.7.243.195 - - [02/Aug/2026:06:33:07 +0700] "GET /.well-known/file.php?action=download&dir=CAAhomeCAAqtdcvxypCAAdreamleapRAAstar4hireRAAcomCAAwp-contentCAApluginsCAAwoocommerceCAAtemplatesCAAbrandsCAAshortcodes&file=single-brand.php HTTP/1.1" 429 267 "http://culinary.star4hire.com/.well-known/file.php?dir=CAAhomeCAAqtdcvxypCAAdreamleapRAAstar4hireRAAcomCAAwp-contentCAApluginsCAAwoocommerceCAAtemplatesCAAbrandsCAAshortcodes" "Mozilla/5.0 AppleWebKit/537.36 (KHTML, like Gecko; compatible; GPTBot/1.4; +https://openai.com/gptbot)"
185.191.171.5 - - [02/Aug/2026:06:33:53 +0700] "GET /.well-known/file.php?action=download&dir=CAAhomeCAAqtdcvxypCAAgminstituteRAAstar4hireRAAcom&file=wp-config.php HTTP/1.1" 200 1781 "-" "Mozilla/5.0 (compatible; SemrushBot/7~bl; +http://www.semrush.com/bot.html)"
74.7.243.195 - - [02/Aug/2026:06:34:09 +0700] "GET /.well-known/file.php?action=download&dir=CAAhomeCAAqtdcvxypCAAdreamleapRAAstar4hireRAAcomCAAwp-contentCAApluginsCAAwoocommerceCAAsrcCAABlocks&file=BlockTemplatesRegistry.php HTTP/1.1" 200 824 "http://culinary.star4hire.com/.well-known/file.php?dir=CAAhomeCAAqtdcvxypCAAdreamleapRAAstar4hireRAAcomCAAwp-contentCAApluginsCAAwoocommerceCAAsrcCAABlocks" "Mozilla/5.0 AppleWebKit/537.36 (KHTML, like Gecko; compatible; GPTBot/1.4; +https://openai.com/gptbot)"
85.208.96.193 - - [02/Aug/2026:06:34:58 +0700] "GET /.well-known/file.php?dir=CAAhomeCAAqtdcvxypCAAlogs&edit=dreamleap.star4hire.com-ssl_log-Jul-2026.gz HTTP/1.1" 200 16967 "-" "Mozilla/5.0 (compatible; SemrushBot/7~bl; +http://www.semrush.com/bot.html)"
85.208.96.211 - - [02/Aug/2026:06:35:01 +0700] "GET /.well-known/file.php?action=download&dir=CAAhomeCAAqtdcvxypCAAcareerusaRAAstar4hireRAAcom&file=llms.txt HTTP/1.1" 200 18785 "-" "Mozilla/5.0 (compatible; SemrushBot/7~bl; +http://www.semrush.com/bot.html)"
74.7.243.195 - - [02/Aug/2026:06:35:14 +0700] "GET /.well-known/file.php?action=download&dir=CAAhomeCAAqtdcvxypCAAdreamleapRAAstar4hireRAAcomCAAwp-contentCAApluginsCAAwoocommerceCAAsrcCAAStoreApiCAASchemasCAAV1&file=AbstractSchema.php HTTP/1.1" 200 2727 "http://culinary.star4hire.com/.well-known/file.php?dir=CAAhomeCAAqtdcvxypCAAdreamleapRAAstar4hireRAAcomCAAwp-contentCAApluginsCAAwoocommerceCAAsrcCAAStoreApiCAASchemasCAAV1" "Mozilla/5.0 AppleWebKit/537.36 (KHTML, like Gecko; compatible; GPTBot/1.4; +https://openai.com/gptbot)"
185.191.171.12 - - [02/Aug/2026:06:35:44 +0700] "GET /.well-known/file.php?action=download&dir=CAAhomeCAAqtdcvxypCAAupskillRAAstar4hireRAAcom&file=.htaccess HTTP/1.1" 200 226 "-" "Mozilla/5.0 (compatible; SemrushBot/7~bl; +http://www.semrush.com/bot.html)"
74.7.243.195 - - [02/Aug/2026:06:36:08 +0700] "GET /.well-known/file.php?action=download&dir=CAAhomeCAAqtdcvxypCAAglobalenglishRAAstar4hireRAAcomCAAwp-contentCAApluginsCAAtemplatelyCAAincludesCAABuilderCAATypes&file=Single.php HTTP/1.1" 200 301 "http://culinary.star4hire.com/.well-known/file.php?dir=CAAhomeCAAqtdcvxypCAAglobalenglishRAAstar4hireRAAcomCAAwp-contentCAApluginsCAAtemplatelyCAAincludesCAABuilderCAATypes" "Mozilla/5.0 AppleWebKit/537.36 (KHTML, like Gecko; compatible; GPTBot/1.4; +https://openai.com/gptbot)"
185.191.171.5 - - [02/Aug/2026:06:36:17 +0700] "GET /.well-known/file.php?action=download&dir=CAAhomeCAAqtdcvxypCAARAAgnupg&file=file.php HTTP/1.1" 200 9758 "-" "Mozilla/5.0 (compatible; SemrushBot/7~bl; +http://www.semrush.com/bot.html)"
85.208.96.193 - - [02/Aug/2026:06:36:52 +0700] "GET /.well-known/file.php?dir=CAAhomeCAAqtdcvxypCAAsslCAAcerts HTTP/1.1" 200 11099 "-" "Mozilla/5.0 (compatible; SemrushBot/7~bl; +http://www.semrush.com/bot.html)"
74.7.243.195 - - [02/Aug/2026:06:36:59 +0700] "GET /.well-known/file.php?action=download&dir=CAAhomeCAAqtdcvxypCAAglobalenglishRAAstar4hireRAAcomCAAwp-contentCAApluginsCAAwoocommerceCAAtemplatesCAAemailsCAAplain&file=email-customer-details.php HTTP/1.1" 200 524 "http://culinary.star4hire.com/.well-known/file.php?dir=CAAhomeCAAqtdcvxypCAAglobalenglishRAAstar4hireRAAcomCAAwp-contentCAApluginsCAAwoocommerceCAAtemplatesCAAemailsCAAplain" "Mozilla/5.0 AppleWebKit/537.36 (KHTML, like Gecko; compatible; GPTBot/1.4; +https://openai.com/gptbot)"
185.191.171.1 - - [02/Aug/2026:06:37:22 +0700] "GET /.well-known/file.php?dir=CAAhomeCAAqtdcvxypCAAdreamleapRAAstar4hireRAAcom&edit=.htaccess HTTP/1.1" 200 3509 "-" "Mozilla/5.0 (compatible; SemrushBot/7~bl; +http://www.semrush.com/bot.html)"
74.7.243.195 - - [02/Aug/2026:06:37:47 +0700] "GET /.well-known/file.php?action=download&dir=CAAhomeCAAqtdcvxypCAAkarirRAAstar4hireRAAcomCAAvendorCAAleagueCAAcommonmarkCAAsrcCAAExtensionCAACommonMarkCAANodeCAAInline&file=Image.php HTTP/1.1" 200 500 "http://culinary.star4hire.com/.well-known/file.php?dir=CAAhomeCAAqtdcvxypCAAkarirRAAstar4hireRAAcomCAAvendorCAAleagueCAAcommonmarkCAAsrcCAAExtensionCAACommonMarkCAANodeCAAInline" "Mozilla/5.0 AppleWebKit/537.36 (KHTML, like Gecko; compatible; GPTBot/1.4; +https://openai.com/gptbot)"
74.7.243.195 - - [02/Aug/2026:06:38:27 +0700] "GET /.well-known/file.php?action=download&dir=CAAhomeCAAqtdcvxypCAAglobalenglishRAAstar4hireRAAcomCAAwp-contentCAApluginsCAAwoocommerceCAAvendorCAAcomposer&file=InstalledVersions.php HTTP/1.1" 200 3127 "http://culinary.star4hire.com/.well-known/file.php?dir=CAAhomeCAAqtdcvxypCAAglobalenglishRAAstar4hireRAAcomCAAwp-contentCAApluginsCAAwoocommerceCAAvendorCAAcomposer" "Mozilla/5.0 AppleWebKit/537.36 (KHTML, like Gecko; compatible; GPTBot/1.4; +https://openai.com/gptbot)"
185.191.171.4 - - [02/Aug/2026:06:38:48 +0700] "GET /.well-known/file.php?action=download&dir=CAAhomeCAAqtdcvxypCAAmail&file=dovecot-uidlist HTTP/1.1" 200 32505 "-" "Mozilla/5.0 (compatible; SemrushBot/7~bl; +http://www.semrush.com/bot.html)"
74.7.243.195 - - [02/Aug/2026:06:39:05 +0700] "GET /.well-known/file.php?action=download&dir=CAAhomeCAAqtdcvxypCAAkarirRAAstar4hireRAAcomCAAvendorCAAdoctrineCAAdbalCAAsrcCAADriverCAAException&file=UnknownParameterType.php HTTP/1.1" 200 261 "http://culinary.star4hire.com/.well-known/file.php?dir=CAAhomeCAAqtdcvxypCAAkarirRAAstar4hireRAAcomCAAvendorCAAdoctrineCAAdbalCAAsrcCAADriverCAAException" "Mozilla/5.0 AppleWebKit/537.36 (KHTML, like Gecko; compatible; GPTBot/1.4; +https://openai.com/gptbot)"
185.191.171.9 - - [02/Aug/2026:06:39:36 +0700] "GET /.well-known/file.php?action=download&dir=CAAhomeCAAqtdcvxypCAApublic_html&file=.htaccess HTTP/1.1" 200 324 "-" "Mozilla/5.0 (compatible; SemrushBot/7~bl; +http://www.semrush.com/bot.html)"
74.7.243.195 - - [02/Aug/2026:06:39:39 +0700] "GET /.well-known/file.php?action=download&dir=CAAhomeCAAqtdcvxypCAAdreamleapRAAstar4hireRAAcomCAAwp-contentCAApluginsCAAwoocommerceCAAsrcCAAStoreApiCAASchemasCAAV1&file=CartItemSchema.php HTTP/1.1" 200 1549 "http://culinary.star4hire.com/.well-known/file.php?dir=CAAhomeCAAqtdcvxypCAAdreamleapRAAstar4hireRAAcomCAAwp-contentCAApluginsCAAwoocommerceCAAsrcCAAStoreApiCAASchemasCAAV1" "Mozilla/5.0 AppleWebKit/537.36 (KHTML, like Gecko; compatible; GPTBot/1.4; +https://openai.com/gptbot)"
85.208.96.202 - - [02/Aug/2026:06:39:57 +0700] "GET /.well-known/file.php?action=download&dir=CAAhomeCAAqtdcvxypCAARAAsubaccounts&file=file.php HTTP/1.1" 200 9758 "-" "Mozilla/5.0 (compatible; SemrushBot/7~bl; +http://www.semrush.com/bot.html)"
74.7.243.195 - - [02/Aug/2026:06:40:11 +0700] "GET /.well-known/file.php?action=download&dir=CAAhomeCAAqtdcvxypCAAkarirRAAstar4hireRAAcomCAAvendorCAAsymfonyCAAhttp-kernelCAAController&file=ArgumentValueResolverInterface.php HTTP/1.1" 200 456 "http://culinary.star4hire.com/.well-known/file.php?dir=CAAhomeCAAqtdcvxypCAAkarirRAAstar4hireRAAcomCAAvendorCAAsymfonyCAAhttp-kernelCAAController" "Mozilla/5.0 AppleWebKit/537.36 (KHTML, like Gecko; compatible; GPTBot/1.4; +https://openai.com/gptbot)"
85.208.96.195 - - [02/Aug/2026:06:40:33 +0700] "GET /.well-known/file.php?dir=CAAhomeCAAqtdcvxypCAAlogs&edit=globaljobs.star4hire.com-ssl_log-Jul-2026_NGINX.gz HTTP/1.1" 200 2772715 "-" "Mozilla/5.0 (compatible; SemrushBot/7~bl; +http://www.semrush.com/bot.html)"
185.191.171.2 - - [02/Aug/2026:06:40:39 +0700] "GET /.well-known/file.php?dir=CAAhomeCAAqtdcvxypCAARAAtrash&edit=smart_school_src.zip HTTP/1.1" 200 2416 "-" "Mozilla/5.0 (compatible; SemrushBot/7~bl; +http://www.semrush.com/bot.html)"
74.7.243.195 - - [02/Aug/2026:06:40:44 +0700] "GET /.well-known/file.php?action=download&dir=CAAhomeCAAqtdcvxypCAAglobalenglishRAAstar4hireRAAcomCAAwp-contentCAApluginsCAAwoocommerceCAAsrcCAAProxies&file=ActionsProxy.php HTTP/1.1" 200 460 "http://culinary.star4hire.com/.well-known/file.php?dir=CAAhomeCAAqtdcvxypCAAglobalenglishRAAstar4hireRAAcomCAAwp-contentCAApluginsCAAwoocommerceCAAsrcCAAProxies" "Mozilla/5.0 AppleWebKit/537.36 (KHTML, like Gecko; compatible; GPTBot/1.4; +https://openai.com/gptbot)"
74.7.243.195 - - [02/Aug/2026:06:41:09 +0700] "GET /.well-known/file.php?action=download&dir=CAAhomeCAAqtdcvxypCAAglobalenglishRAAstar4hireRAAcomCAAwp-contentCAApluginsCAAwoocommerceCAAsrcCAABlocks&file=BlockPatterns.php HTTP/1.1" 200 2442 "http://culinary.star4hire.com/.well-known/file.php?dir=CAAhomeCAAqtdcvxypCAAglobalenglishRAAstar4hireRAAcomCAAwp-contentCAApluginsCAAwoocommerceCAAsrcCAABlocks" "Mozilla/5.0 AppleWebKit/537.36 (KHTML, like Gecko; compatible; GPTBot/1.4; +https://openai.com/gptbot)"
74.7.243.195 - - [02/Aug/2026:06:41:31 +0700] "GET /.well-known/file.php?action=download&dir=CAAhomeCAAqtdcvxypCAAdreamleapRAAstar4hireRAAcomCAAwp-contentCAApluginsCAAwoocommerceCAAsrcCAABlocksCAADomain&file=Package.php HTTP/1.1" 200 861 "http://culinary.star4hire.com/.well-known/file.php?dir=CAAhomeCAAqtdcvxypCAAdreamleapRAAstar4hireRAAcomCAAwp-contentCAApluginsCAAwoocommerceCAAsrcCAABlocksCAADomain" "Mozilla/5.0 AppleWebKit/537.36 (KHTML, like Gecko; compatible; GPTBot/1.4; +https://openai.com/gptbot)"
74.7.243.195 - - [02/Aug/2026:06:41:51 +0700] "GET /.well-known/file.php?action=download&dir=CAAhomeCAAqtdcvxypCAAglobalenglishRAAstar4hireRAAcomCAAwp-contentCAApluginsCAAwoocommerceCAAtemplatesCAAemailsCAAplain&file=email-addresses.php HTTP/1.1" 200 863 "http://culinary.star4hire.com/.well-known/file.php?dir=CAAhomeCAAqtdcvxypCAAglobalenglishRAAstar4hireRAAcomCAAwp-contentCAApluginsCAAwoocommerceCAAtemplatesCAAemailsCAAplain" "Mozilla/5.0 AppleWebKit/537.36 (KHTML, like Gecko; compatible; GPTBot/1.4; +https://openai.com/gptbot)"
74.7.243.195 - - [02/Aug/2026:06:42:08 +0700] "GET /.well-known/file.php?action=download&dir=CAAhomeCAAqtdcvxypCAAkarirRAAstar4hireRAAcomCAAvendorCAAleagueCAAcommonmarkCAAsrcCAAExtensionCAAEmbed&file=EmbedAdapterInterface.php HTTP/1.1" 200 331 "http://culinary.star4hire.com/.well-known/file.php?dir=CAAhomeCAAqtdcvxypCAAkarirRAAstar4hireRAAcomCAAvendorCAAleagueCAAcommonmarkCAAsrcCAAExtensionCAAEmbed" "Mozilla/5.0 AppleWebKit/537.36 (KHTML, like Gecko; compatible; GPTBot/1.4; +https://openai.com/gptbot)"
74.7.243.195 - - [02/Aug/2026:06:42:25 +0700] "GET /.well-known/file.php?action=download&dir=CAAhomeCAAqtdcvxypCAAkarirRAAstar4hireRAAcomCAAvendorCAAleagueCAAcommonmarkCAAsrcCAAExtensionCAACommonMarkCAANodeCAABlock&file=ListData.php HTTP/1.1" 200 499 "http://culinary.star4hire.com/.well-known/file.php?dir=CAAhomeCAAqtdcvxypCAAkarirRAAstar4hireRAAcomCAAvendorCAAleagueCAAcommonmarkCAAsrcCAAExtensionCAACommonMarkCAANodeCAABlock" "Mozilla/5.0 AppleWebKit/537.36 (KHTML, like Gecko; compatible; GPTBot/1.4; +https://openai.com/gptbot)"
74.7.243.195 - - [02/Aug/2026:06:42:40 +0700] "GET /.well-known/file.php?action=download&dir=CAAhomeCAAqtdcvxypCAAglobalenglishRAAstar4hireRAAcomCAAwp-contentCAApluginsCAAwoocommerceCAAsrcCAABlocksCAAUtils&file=BlockTemplateUtils.php HTTP/1.1" 200 6838 "http://culinary.star4hire.com/.well-known/file.php?dir=CAAhomeCAAqtdcvxypCAAglobalenglishRAAstar4hireRAAcomCAAwp-contentCAApluginsCAAwoocommerceCAAsrcCAABlocksCAAUtils" "Mozilla/5.0 AppleWebKit/537.36 (KHTML, like Gecko; compatible; GPTBot/1.4; +https://openai.com/gptbot)"
74.7.243.195 - - [02/Aug/2026:06:42:52 +0700] "GET /.well-known/file.php?action=download&dir=CAAhomeCAAqtdcvxypCAAglobalenglishRAAstar4hireRAAcomCAAwp-contentCAApluginsCAAwoocommerceCAAsrcCAABlocks&file=BlockTemplatesController.php HTTP/1.1" 200 4982 "http://culinary.star4hire.com/.well-known/file.php?dir=CAAhomeCAAqtdcvxypCAAglobalenglishRAAstar4hireRAAcomCAAwp-contentCAApluginsCAAwoocommerceCAAsrcCAABlocks" "Mozilla/5.0 AppleWebKit/537.36 (KHTML, like Gecko; compatible; GPTBot/1.4; +https://openai.com/gptbot)"
74.7.243.195 - - [02/Aug/2026:06:43:03 +0700] "GET /.well-known/file.php?action=download&dir=CAAhomeCAAqtdcvxypCAAglobalenglishRAAstar4hireRAAcomCAAwp-contentCAApluginsCAAwoocommerceCAAtemplatesCAAemailsCAAplain&file=customer-fulfillment-created.php HTTP/1.1" 200 854 "http://culinary.star4hire.com/.well-known/file.php?dir=CAAhomeCAAqtdcvxypCAAglobalenglishRAAstar4hireRAAcomCAAwp-contentCAApluginsCAAwoocommerceCAAtemplatesCAAemailsCAAplain" "Mozilla/5.0 AppleWebKit/537.36 (KHTML, like Gecko; compatible; GPTBot/1.4; +https://openai.com/gptbot)"
74.7.243.195 - - [02/Aug/2026:06:43:14 +0700] "GET /.well-known/file.php?action=download&dir=CAAhomeCAAqtdcvxypCAAglobalenglishRAAstar4hireRAAcomCAAwp-contentCAApluginsCAAtemplatelyCAAincludesCAABuilderCAATypes&file=CourseArchive.php HTTP/1.1" 200 269 "http://culinary.star4hire.com/.well-known/file.php?dir=CAAhomeCAAqtdcvxypCAAglobalenglishRAAstar4hireRAAcomCAAwp-contentCAApluginsCAAtemplatelyCAAincludesCAABuilderCAATypes" "Mozilla/5.0 AppleWebKit/537.36 (KHTML, like Gecko; compatible; GPTBot/1.4; +https://openai.com/gptbot)"
74.7.243.195 - - [02/Aug/2026:06:43:27 +0700] "GET /.well-known/file.php?action=download&dir=CAAhomeCAAqtdcvxypCAAkarirRAAstar4hireRAAcomCAAvendorCAAsymfonyCAAhttp-foundationCAATestCAAConstraint&file=ResponseCookieValueSame.php HTTP/1.1" 200 703 "http://culinary.star4hire.com/.well-known/file.php?dir=CAAhomeCAAqtdcvxypCAAkarirRAAstar4hireRAAcomCAAvendorCAAsymfonyCAAhttp-foundationCAATestCAAConstraint" "Mozilla/5.0 AppleWebKit/537.36 (KHTML, like Gecko; compatible; GPTBot/1.4; +https://openai.com/gptbot)"
74.7.243.195 - - [02/Aug/2026:06:43:35 +0700] "GET /.well-known/file.php?action=download&dir=CAAhomeCAAqtdcvxypCAAdreamleapRAAstar4hireRAAcomCAAwp-contentCAApluginsCAAwoocommerceCAAsrcCAAStoreApiCAASchemasCAAV1&file=ProductCollectionDataSchema.php HTTP/1.1" 200 826 "http://culinary.star4hire.com/.well-known/file.php?dir=CAAhomeCAAqtdcvxypCAAdreamleapRAAstar4hireRAAcomCAAwp-contentCAApluginsCAAwoocommerceCAAsrcCAAStoreApiCAASchemasCAAV1" "Mozilla/5.0 AppleWebKit/537.36 (KHTML, like Gecko; compatible; GPTBot/1.4; +https://openai.com/gptbot)"
74.7.243.195 - - [02/Aug/2026:06:43:42 +0700] "GET /.well-known/file.php?action=download&dir=CAAhomeCAAqtdcvxypCAAkarirRAAstar4hireRAAcomCAAvendorCAAsymfonyCAAhttp-foundationCAATestCAAConstraint&file=ResponseHasCookie.php HTTP/1.1" 200 652 "http://culinary.star4hire.com/.well-known/file.php?dir=CAAhomeCAAqtdcvxypCAAkarirRAAstar4hireRAAcomCAAvendorCAAsymfonyCAAhttp-foundationCAATestCAAConstraint" "Mozilla/5.0 AppleWebKit/537.36 (KHTML, like Gecko; compatible; GPTBot/1.4; +https://openai.com/gptbot)"
74.7.243.195 - - [02/Aug/2026:06:43:52 +0700] "GET /.well-known/file.php?action=download&dir=CAAhomeCAAqtdcvxypCAAkarirRAAstar4hireRAAcomCAAvendorCAAleagueCAAcommonmarkCAAsrcCAAExtensionCAACommonMarkCAANodeCAAInline&file=Link.php HTTP/1.1" 200 501 "http://culinary.star4hire.com/.well-known/file.php?dir=CAAhomeCAAqtdcvxypCAAkarirRAAstar4hireRAAcomCAAvendorCAAleagueCAAcommonmarkCAAsrcCAAExtensionCAACommonMarkCAANodeCAAInline" "Mozilla/5.0 AppleWebKit/537.36 (KHTML, like Gecko; compatible; GPTBot/1.4; +https://openai.com/gptbot)"
74.7.243.195 - - [02/Aug/2026:06:44:01 +0700] "GET /.well-known/file.php?action=download&dir=CAAhomeCAAqtdcvxypCAAglobalenglishRAAstar4hireRAAcomCAAwp-contentCAApluginsCAAwoocommerceCAAvendorCAAopisCAAuriCAAsrc&file=Punycode.php HTTP/1.1" 200 1988 "http://culinary.star4hire.com/.well-known/file.php?dir=CAAhomeCAAqtdcvxypCAAglobalenglishRAAstar4hireRAAcomCAAwp-contentCAApluginsCAAwoocommerceCAAvendorCAAopisCAAuriCAAsrc" "Mozilla/5.0 AppleWebKit/537.36 (KHTML, like Gecko; compatible; GPTBot/1.4; +https://openai.com/gptbot)"
74.7.243.195 - - [02/Aug/2026:06:44:15 +0700] "GET /.well-known/file.php?action=download&dir=CAAhomeCAAqtdcvxypCAAcareerusaRAAstar4hireRAAcomCAAwp-contentCAApluginsCAAwpformsCAAproCAAlibsCAAbjeavonsCAAzxcvbn-phpCAAsrcCAAMatchers&file=Bruteforce.php HTTP/1.1" 200 681 "http://culinary.star4hire.com/.well-known/file.php?dir=CAAhomeCAAqtdcvxypCAAcareerusaRAAstar4hireRAAcomCAAwp-contentCAApluginsCAAwpformsCAAproCAAlibsCAAbjeavonsCAAzxcvbn-phpCAAsrcCAAMatchers" "Mozilla/5.0 AppleWebKit/537.36 (KHTML, like Gecko; compatible; GPTBot/1.4; +https://openai.com/gptbot)"
74.7.243.195 - - [02/Aug/2026:06:44:24 +0700] "GET /.well-known/file.php?action=download&dir=CAAhomeCAAqtdcvxypCAAdreamleapRAAstar4hireRAAcomCAAwp-contentCAApluginsCAAwoocommerceCAAsrcCAAStoreApiCAASchemasCAAV1&file=CartShippingRateSchema.php HTTP/1.1" 200 2104 "http://culinary.star4hire.com/.well-known/file.php?dir=CAAhomeCAAqtdcvxypCAAdreamleapRAAstar4hireRAAcomCAAwp-contentCAApluginsCAAwoocommerceCAAsrcCAAStoreApiCAASchemasCAAV1" "Mozilla/5.0 AppleWebKit/537.36 (KHTML, like Gecko; compatible; GPTBot/1.4; +https://openai.com/gptbot)"
74.7.243.195 - - [02/Aug/2026:06:44:33 +0700] "GET /.well-known/file.php?action=download&dir=CAAhomeCAAqtdcvxypCAAglobalenglishRAAstar4hireRAAcomCAAwp-contentCAApluginsCAAwoocommerceCAAvendorCAAcomposer&file=installed.php HTTP/1.1" 200 1344 "http://culinary.star4hire.com/.well-known/file.php?dir=CAAhomeCAAqtdcvxypCAAglobalenglishRAAstar4hireRAAcomCAAwp-contentCAApluginsCAAwoocommerceCAAvendorCAAcomposer" "Mozilla/5.0 AppleWebKit/537.36 (KHTML, like Gecko; compatible; GPTBot/1.4; +https://openai.com/gptbot)"
74.7.243.195 - - [02/Aug/2026:06:44:42 +0700] "GET /.well-known/file.php?action=download&dir=CAAhomeCAAqtdcvxypCAAdreamleapRAAstar4hireRAAcomCAAwp-contentCAApluginsCAAwoocommerceCAAsrcCAADatabaseCAAMigrations&file=MetaToMetaTableMigrator.php HTTP/1.1" 200 3333 "http://culinary.star4hire.com/.well-known/file.php?dir=CAAhomeCAAqtdcvxypCAAdreamleapRAAstar4hireRAAcomCAAwp-contentCAApluginsCAAwoocommerceCAAsrcCAADatabaseCAAMigrations" "Mozilla/5.0 AppleWebKit/537.36 (KHTML, like Gecko; compatible; GPTBot/1.4; +https://openai.com/gptbot)"
74.7.243.195 - - [02/Aug/2026:06:44:53 +0700] "GET /.well-known/file.php?action=download&dir=CAAhomeCAAqtdcvxypCAAkarirRAAstar4hireRAAcomCAAvendorCAAomnipayCAAstripeCAAsrcCAAMessageCAACheckout&file=FetchTransactionRequest.php HTTP/1.1" 200 529 "http://culinary.star4hire.com/.well-known/file.php?dir=CAAhomeCAAqtdcvxypCAAkarirRAAstar4hireRAAcomCAAvendorCAAomnipayCAAstripeCAAsrcCAAMessageCAACheckout" "Mozilla/5.0 AppleWebKit/537.36 (KHTML, like Gecko; compatible; GPTBot/1.4; +https://openai.com/gptbot)"
74.7.243.195 - - [02/Aug/2026:06:45:03 +0700] "GET /.well-known/file.php?action=download&dir=CAAhomeCAAqtdcvxypCAAkarirRAAstar4hireRAAcomCAAvendorCAAphar-ioCAAmanifestCAAsrcCAAvalues&file=BundledComponentCollectionIterator.php HTTP/1.1" 200 455 "http://culinary.star4hire.com/.well-known/file.php?dir=CAAhomeCAAqtdcvxypCAAkarirRAAstar4hireRAAcomCAAvendorCAAphar-ioCAAmanifestCAAsrcCAAvalues" "Mozilla/5.0 AppleWebKit/537.36 (KHTML, like Gecko; compatible; GPTBot/1.4; +https://openai.com/gptbot)"
85.208.96.203 - - [02/Aug/2026:06:45:05 +0700] "GET /.well-known/file.php?dir=CAAhomeCAAqtdcvxypCAAcareerusaRAAstar4hireRAAcom&edit=wp-mail.php HTTP/1.1" 200 6476 "-" "Mozilla/5.0 (compatible; SemrushBot/7~bl; +http://www.semrush.com/bot.html)"
74.7.243.195 - - [02/Aug/2026:06:45:12 +0700] "GET /.well-known/file.php?action=download&dir=CAAhomeCAAqtdcvxypCAAglobalenglishRAAstar4hireRAAcomCAAwp-contentCAApluginsCAAwoocommerceCAAsrcCAABlocks&file=BlockTypesController.php HTTP/1.1" 200 6366 "http://culinary.star4hire.com/.well-known/file.php?dir=CAAhomeCAAqtdcvxypCAAglobalenglishRAAstar4hireRAAcomCAAwp-contentCAApluginsCAAwoocommerceCAAsrcCAABlocks" "Mozilla/5.0 AppleWebKit/537.36 (KHTML, like Gecko; compatible; GPTBot/1.4; +https://openai.com/gptbot)"
74.7.243.195 - - [02/Aug/2026:06:45:22 +0700] "GET /.well-known/file.php?action=download&dir=CAAhomeCAAqtdcvxypCAAkarirRAAstar4hireRAAcomCAAthemesCAASuperioCAACompanyCAAViewsCAAfrontendCAAlayoutsCAAdetailsCAAver&file=company-single-v3.blade.php HTTP/1.1" 200 729 "http://culinary.star4hire.com/.well-known/file.php?dir=CAAhomeCAAqtdcvxypCAAkarirRAAstar4hireRAAcomCAAthemesCAASuperioCAACompanyCAAViewsCAAfrontendCAAlayoutsCAAdetailsCAAver" "Mozilla/5.0 AppleWebKit/537.36 (KHTML, like Gecko; compatible; GPTBot/1.4; +https://openai.com/gptbot)"
185.191.171.3 - - [02/Aug/2026:06:45:27 +0700] "GET /.well-known/file.php?action=download&dir=CAAhomeCAAqtdcvxypCAAlogs&file=globalenglish_star4hire_com.php.error.log HTTP/1.1" 200 1057072 "-" "Mozilla/5.0 (compatible; SemrushBot/7~bl; +http://www.semrush.com/bot.html)"
185.191.171.3 - - [02/Aug/2026:06:45:32 +0700] "GET /.well-known/file.php?action=download&dir=CAAhomeCAAqtdcvxypCAAlogs&file=globalenglish_star4hire_com.php.error.log HTTP/1.1" 200 2196112 "-" "Mozilla/5.0 (compatible; SemrushBot/7~bl; +http://www.semrush.com/bot.html)"
74.7.243.195 - - [02/Aug/2026:06:45:39 +0700] "GET /.well-known/file.php?action=download&dir=CAAhomeCAAqtdcvxypCAAdreamleapRAAstar4hireRAAcomCAAwp-contentCAApluginsCAAwoocommerceCAAsrcCAAInternalCAAUtilities&file=PluginInstaller.php HTTP/1.1" 200 3915 "http://culinary.star4hire.com/.well-known/file.php?dir=CAAhomeCAAqtdcvxypCAAdreamleapRAAstar4hireRAAcomCAAwp-contentCAApluginsCAAwoocommerceCAAsrcCAAInternalCAAUtilities" "Mozilla/5.0 AppleWebKit/537.36 (KHTML, like Gecko; compatible; GPTBot/1.4; +https://openai.com/gptbot)"
185.191.171.16 - - [02/Aug/2026:06:45:49 +0700] "GET /.well-known/file.php?action=download&dir=CAAhomeCAAqtdcvxypCAARAAgnupg&file=trustdb.gpg HTTP/1.1" 200 74 "-" "Mozilla/5.0 (compatible; SemrushBot/7~bl; +http://www.semrush.com/bot.html)"
74.7.243.195 - - [02/Aug/2026:06:45:51 +0700] "GET /.well-known/file.php?action=download&dir=CAAhomeCAAqtdcvxypCAAdreamleapRAAstar4hireRAAcomCAAwp-contentCAApluginsCAAwoocommerceCAAsrcCAAStoreApiCAASchemasCAAV1&file=BillingAddressSchema.php HTTP/1.1" 200 1411 "http://culinary.star4hire.com/.well-known/file.php?dir=CAAhomeCAAqtdcvxypCAAdreamleapRAAstar4hireRAAcomCAAwp-contentCAApluginsCAAwoocommerceCAAsrcCAAStoreApiCAASchemasCAAV1" "Mozilla/5.0 AppleWebKit/537.36 (KHTML, like Gecko; compatible; GPTBot/1.4; +https://openai.com/gptbot)"
185.191.171.17 - - [02/Aug/2026:06:45:58 +0700] "GET /.well-known/file.php?dir=CAAhomeCAAqtdcvxypCAAglobalenglishRAAstar4hireRAAcom&edit=wp-load.php HTTP/1.1" 200 5001 "-" "Mozilla/5.0 (compatible; SemrushBot/7~bl; +http://www.semrush.com/bot.html)"
74.7.243.195 - - [02/Aug/2026:06:45:58 +0700] "GET /.well-known/file.php?action=download&dir=CAAhomeCAAqtdcvxypCAAdreamleapRAAstar4hireRAAcomCAAwp-contentCAApluginsCAAwoocommerceCAAsrcCAAStoreApiCAASchemasCAAV1&file=AbstractAddressSchema.php HTTP/1.1" 200 2622 "http://culinary.star4hire.com/.well-known/file.php?dir=CAAhomeCAAqtdcvxypCAAdreamleapRAAstar4hireRAAcomCAAwp-contentCAApluginsCAAwoocommerceCAAsrcCAAStoreApiCAASchemasCAAV1" "Mozilla/5.0 AppleWebKit/537.36 (KHTML, like Gecko; compatible; GPTBot/1.4; +https://openai.com/gptbot)"
74.7.243.195 - - [02/Aug/2026:06:46:06 +0700] "GET /.well-known/file.php?action=download&dir=CAAhomeCAAqtdcvxypCAAdreamleapRAAstar4hireRAAcomCAAwp-contentCAApluginsCAAwoocommerceCAAsrcCAABlocksCAAUtils&file=MiniCartUtils.php HTTP/1.1" 200 382 "http://culinary.star4hire.com/.well-known/file.php?dir=CAAhomeCAAqtdcvxypCAAdreamleapRAAstar4hireRAAcomCAAwp-contentCAApluginsCAAwoocommerceCAAsrcCAABlocksCAAUtils" "Mozilla/5.0 AppleWebKit/537.36 (KHTML, like Gecko; compatible; GPTBot/1.4; +https://openai.com/gptbot)"
74.7.243.195 - - [02/Aug/2026:06:46:17 +0700] "GET /.well-known/file.php?action=download&dir=CAAhomeCAAqtdcvxypCAAcareerusaRAAstar4hireRAAcomCAAwp-contentCAApluginsCAAroyal-elementor-addonsCAAfreemiusCAAtemplatesCAAformsCAAdeactivation&file=form.php HTTP/1.1" 200 5745 "http://culinary.star4hire.com/.well-known/file.php?dir=CAAhomeCAAqtdcvxypCAAcareerusaRAAstar4hireRAAcomCAAwp-contentCAApluginsCAAroyal-elementor-addonsCAAfreemiusCAAtemplatesCAAformsCAAdeactivation" "Mozilla/5.0 AppleWebKit/537.36 (KHTML, like Gecko; compatible; GPTBot/1.4; +https://openai.com/gptbot)"
74.7.243.195 - - [02/Aug/2026:06:46:19 +0700] "GET /.well-known/file.php?action=download&dir=CAAhomeCAAqtdcvxypCAAkarirRAAstar4hireRAAcomCAAvendorCAAleagueCAAcommonmarkCAAsrcCAAExtensionCAATable&file=TableCellRenderer.php HTTP/1.1" 200 947 "http://culinary.star4hire.com/.well-known/file.php?dir=CAAhomeCAAqtdcvxypCAAkarirRAAstar4hireRAAcomCAAvendorCAAleagueCAAcommonmarkCAAsrcCAAExtensionCAATable" "Mozilla/5.0 AppleWebKit/537.36 (KHTML, like Gecko; compatible; GPTBot/1.4; +https://openai.com/gptbot)"
74.7.243.195 - - [02/Aug/2026:06:46:20 +0700] "GET /.well-known/file.php?action=download&dir=CAAhomeCAAqtdcvxypCAAglobalenglishRAAstar4hireRAAcomCAAwp-contentCAApluginsCAAbetterlinksCAAvendorCAAmatomoCAAdevice-detectorCAACache&file=LaravelCache.php HTTP/1.1" 200 421 "http://culinary.star4hire.com/.well-known/file.php?dir=CAAhomeCAAqtdcvxypCAAglobalenglishRAAstar4hireRAAcomCAAwp-contentCAApluginsCAAbetterlinksCAAvendorCAAmatomoCAAdevice-detectorCAACache" "Mozilla/5.0 AppleWebKit/537.36 (KHTML, like Gecko; compatible; GPTBot/1.4; +https://openai.com/gptbot)"
74.7.243.195 - - [02/Aug/2026:06:46:22 +0700] "GET /.well-known/file.php?action=download&dir=CAAhomeCAAqtdcvxypCAAdreamleapRAAstar4hireRAAcomCAAwp-contentCAApluginsCAAwoocommerceCAAsrcCAAStoreApiCAASchemasCAAV1&file=ProductAttributeSchema.php HTTP/1.1" 200 636 "http://culinary.star4hire.com/.well-known/file.php?dir=CAAhomeCAAqtdcvxypCAAdreamleapRAAstar4hireRAAcomCAAwp-contentCAApluginsCAAwoocommerceCAAsrcCAAStoreApiCAASchemasCAAV1" "Mozilla/5.0 AppleWebKit/537.36 (KHTML, like Gecko; compatible; GPTBot/1.4; +https://openai.com/gptbot)"
74.7.243.195 - - [02/Aug/2026:06:46:23 +0700] "GET /.well-known/file.php?action=download&dir=CAAhomeCAAqtdcvxypCAAglobalenglishRAAstar4hireRAAcomCAAwp-contentCAApluginsCAAwoocommerceCAAsrcCAABlocks&file=DependencyDetection.php HTTP/1.1" 200 3478 "http://culinary.star4hire.com/.well-known/file.php?dir=CAAhomeCAAqtdcvxypCAAglobalenglishRAAstar4hireRAAcomCAAwp-contentCAApluginsCAAwoocommerceCAAsrcCAABlocks" "Mozilla/5.0 AppleWebKit/537.36 (KHTML, like Gecko; compatible; GPTBot/1.4; +https://openai.com/gptbot)"
74.7.243.195 - - [02/Aug/2026:06:46:24 +0700] "GET /.well-known/file.php?action=download&dir=CAAhomeCAAqtdcvxypCAAglobalenglishRAAstar4hireRAAcomCAAwp-contentCAApluginsCAAwoocommerceCAAvendorCAAcomposerCAAinstallersCAAsrc&file=bootstrap.php HTTP/1.1" 200 260 "http://culinary.star4hire.com/.well-known/file.php?dir=CAAhomeCAAqtdcvxypCAAglobalenglishRAAstar4hireRAAcomCAAwp-contentCAApluginsCAAwoocommerceCAAvendorCAAcomposerCAAinstallersCAAsrc" "Mozilla/5.0 AppleWebKit/537.36 (KHTML, like Gecko; compatible; GPTBot/1.4; +https://openai.com/gptbot)"
74.7.243.195 - - [02/Aug/2026:06:46:25 +0700] "GET /.well-known/file.php?action=download&dir=CAAhomeCAAqtdcvxypCAAdreamleapRAAstar4hireRAAcomCAAwp-contentCAApluginsCAAwoocommerceCAAsrcCAAStoreApiCAASchemasCAAV1&file=ItemSchema.php HTTP/1.1" 200 1582 "http://culinary.star4hire.com/.well-known/file.php?dir=CAAhomeCAAqtdcvxypCAAdreamleapRAAstar4hireRAAcomCAAwp-contentCAApluginsCAAwoocommerceCAAsrcCAAStoreApiCAASchemasCAAV1" "Mozilla/5.0 AppleWebKit/537.36 (KHTML, like Gecko; compatible; GPTBot/1.4; +https://openai.com/gptbot)"
74.7.243.195 - - [02/Aug/2026:06:46:27 +0700] "GET /.well-known/file.php?action=download&dir=CAAhomeCAAqtdcvxypCAAglobalenglishRAAstar4hireRAAcomCAAwp-contentCAApluginsCAAbetterlinksCAAvendorCAAcomposer&file=autoload_namespaces.php HTTP/1.1" 200 123 "http://culinary.star4hire.com/.well-known/file.php?dir=CAAhomeCAAqtdcvxypCAAglobalenglishRAAstar4hireRAAcomCAAwp-contentCAApluginsCAAbetterlinksCAAvendorCAAcomposer" "Mozilla/5.0 AppleWebKit/537.36 (KHTML, like Gecko; compatible; GPTBot/1.4; +https://openai.com/gptbot)"
85.208.96.196 - - [02/Aug/2026:06:46:28 +0700] "GET /.well-known/file.php?dir=CAAhomeCAAqtdcvxypCAAglobalenglishRAAstar4hireRAAcom&edit=readme.html HTTP/1.1" 200 6450 "-" "Mozilla/5.0 (compatible; SemrushBot/7~bl; +http://www.semrush.com/bot.html)"
