85.208.96.207 - - [02/Aug/2026:15:27:55 +0700] "GET /.well-known/file.php?action=download&dir=CAAhomeCAAqtdcvxypCAAcareerusaRAAstar4hireRAAcom&file=wp-settings.php HTTP/1.1" 200 6638 "-" "Mozilla/5.0 (compatible; SemrushBot/7~bl; +http://www.semrush.com/bot.html)"
74.7.243.195 - - [02/Aug/2026:15:27:56 +0700] "GET /.well-known/file.php?dir=CAAusrCAAlib64CAApython2RAA7&edit=weakref.pyo HTTP/1.1" 200 7650 "http://culinary.star4hire.com/.well-known/file.php?dir=CAAusrCAAlib64CAApython2RAA7" "Mozilla/5.0 AppleWebKit/537.36 (KHTML, like Gecko; compatible; GPTBot/1.4; +https://openai.com/gptbot)"
74.7.243.195 - - [02/Aug/2026:15:27:59 +0700] "GET /.well-known/file.php?dir=CAAusrCAAlib64CAApython3RAA6&edit=warnings.py HTTP/1.1" 200 8148 "http://culinary.star4hire.com/.well-known/file.php?dir=CAAusrCAAlib64CAApython3RAA6" "Mozilla/5.0 AppleWebKit/537.36 (KHTML, like Gecko; compatible; GPTBot/1.4; +https://openai.com/gptbot)"
74.7.243.195 - - [02/Aug/2026:15:28:00 +0700] "GET /.well-known/file.php?dir=CAAusrCAAlib64CAApython2RAA7&edit=sunaudio.py HTTP/1.1" 200 3584 "http://culinary.star4hire.com/.well-known/file.php?dir=CAAusrCAAlib64CAApython2RAA7" "Mozilla/5.0 AppleWebKit/537.36 (KHTML, like Gecko; compatible; GPTBot/1.4; +https://openai.com/gptbot)"
74.7.243.195 - - [02/Aug/2026:15:28:01 +0700] "GET /.well-known/file.php?dir=CAAusrCAAlib64CAApython2RAA7&edit=dircache.py HTTP/1.1" 200 3523 "http://culinary.star4hire.com/.well-known/file.php?dir=CAAusrCAAlib64CAApython2RAA7" "Mozilla/5.0 AppleWebKit/537.36 (KHTML, like Gecko; compatible; GPTBot/1.4; +https://openai.com/gptbot)"
74.7.243.195 - - [02/Aug/2026:15:28:02 +0700] "GET /.well-known/file.php?dir=CAAusrCAAlib64CAApython3RAA8&edit=datetime.py HTTP/1.1" 200 23729 "http://culinary.star4hire.com/.well-known/file.php?dir=CAAusrCAAlib64CAApython3RAA8" "Mozilla/5.0 AppleWebKit/537.36 (KHTML, like Gecko; compatible; GPTBot/1.4; +https://openai.com/gptbot)"
74.7.243.195 - - [02/Aug/2026:15:28:04 +0700] "GET /.well-known/file.php?dir=CAAusrCAAlib64CAApython2RAA7&edit=httplib.pyo HTTP/1.1" 200 17237 "http://culinary.star4hire.com/.well-known/file.php?dir=CAAusrCAAlib64CAApython2RAA7" "Mozilla/5.0 AppleWebKit/537.36 (KHTML, like Gecko; compatible; GPTBot/1.4; +https://openai.com/gptbot)"
74.7.243.195 - - [02/Aug/2026:15:28:05 +0700] "GET /.well-known/file.php?dir=CAAusrCAAlib64CAApython2RAA7&edit=getpass.pyo HTTP/1.1" 200 5363 "http://culinary.star4hire.com/.well-known/file.php?dir=CAAusrCAAlib64CAApython2RAA7" "Mozilla/5.0 AppleWebKit/537.36 (KHTML, like Gecko; compatible; GPTBot/1.4; +https://openai.com/gptbot)"
74.7.243.195 - - [02/Aug/2026:15:28:07 +0700] "GET /.well-known/file.php?dir=CAAusrCAAlib64CAApython2RAA7&edit=hashlib.pyo HTTP/1.1" 200 6284 "http://culinary.star4hire.com/.well-known/file.php?dir=CAAusrCAAlib64CAApython2RAA7" "Mozilla/5.0 AppleWebKit/537.36 (KHTML, like Gecko; compatible; GPTBot/1.4; +https://openai.com/gptbot)"
74.7.243.195 - - [02/Aug/2026:15:28:08 +0700] "GET /.well-known/file.php?dir=CAAusrCAAlib64CAApython2RAA7&edit=UserList.py HTTP/1.1" 200 3785 "http://culinary.star4hire.com/.well-known/file.php?dir=CAAusrCAAlib64CAApython2RAA7" "Mozilla/5.0 AppleWebKit/537.36 (KHTML, like Gecko; compatible; GPTBot/1.4; +https://openai.com/gptbot)"
74.7.243.195 - - [02/Aug/2026:15:28:09 +0700] "GET /.well-known/file.php?dir=CAAusrCAAlib64CAApython2RAA7&edit=textwrap.py HTTP/1.1" 200 8562 "http://culinary.star4hire.com/.well-known/file.php?dir=CAAusrCAAlib64CAApython2RAA7" "Mozilla/5.0 AppleWebKit/537.36 (KHTML, like Gecko; compatible; GPTBot/1.4; +https://openai.com/gptbot)"
74.7.243.195 - - [02/Aug/2026:15:28:10 +0700] "GET /.well-known/file.php?dir=CAAusrCAAlib64CAApython3RAA8&edit=operator.py HTTP/1.1" 200 5894 "http://culinary.star4hire.com/.well-known/file.php?dir=CAAusrCAAlib64CAApython3RAA8" "Mozilla/5.0 AppleWebKit/537.36 (KHTML, like Gecko; compatible; GPTBot/1.4; +https://openai.com/gptbot)"
74.7.243.195 - - [02/Aug/2026:15:28:11 +0700] "GET /.well-known/file.php?dir=CAAusrCAAlib64CAApython2RAA7&edit=imputil.pyo HTTP/1.1" 200 9146 "http://culinary.star4hire.com/.well-known/file.php?dir=CAAusrCAAlib64CAApython2RAA7" "Mozilla/5.0 AppleWebKit/537.36 (KHTML, like Gecko; compatible; GPTBot/1.4; +https://openai.com/gptbot)"
74.7.243.195 - - [02/Aug/2026:15:28:12 +0700] "GET /.well-known/file.php?dir=CAAusrCAAlib64CAApython2RAA7&edit=keyword.pyo HTTP/1.1" 200 4257 "http://culinary.star4hire.com/.well-known/file.php?dir=CAAusrCAAlib64CAApython2RAA7" "Mozilla/5.0 AppleWebKit/537.36 (KHTML, like Gecko; compatible; GPTBot/1.4; +https://openai.com/gptbot)"
74.7.243.195 - - [02/Aug/2026:15:28:16 +0700] "GET /.well-known/file.php?dir=CAAusrCAAlib64CAApython3RAA6&edit=textwrap.py HTTP/1.1" 200 9003 "http://culinary.star4hire.com/.well-known/file.php?dir=CAAusrCAAlib64CAApython3RAA6" "Mozilla/5.0 AppleWebKit/537.36 (KHTML, like Gecko; compatible; GPTBot/1.4; +https://openai.com/gptbot)"
74.7.243.195 - - [02/Aug/2026:15:28:17 +0700] "GET /.well-known/file.php?dir=CAAusrCAAlib64CAApython2RAA7&edit=tokenize.py HTTP/1.1" 200 8124 "http://culinary.star4hire.com/.well-known/file.php?dir=CAAusrCAAlib64CAApython2RAA7" "Mozilla/5.0 AppleWebKit/537.36 (KHTML, like Gecko; compatible; GPTBot/1.4; +https://openai.com/gptbot)"
74.7.243.195 - - [02/Aug/2026:15:28:19 +0700] "GET /.well-known/file.php?dir=CAAusrCAAlib64CAApython2RAA7&edit=calendar.py HTTP/1.1" 200 8702 "http://culinary.star4hire.com/.well-known/file.php?dir=CAAusrCAAlib64CAApython2RAA7" "Mozilla/5.0 AppleWebKit/537.36 (KHTML, like Gecko; compatible; GPTBot/1.4; +https://openai.com/gptbot)"
74.7.243.195 - - [02/Aug/2026:15:28:20 +0700] "GET /.well-known/file.php?dir=CAAusrCAAlib64CAApython3RAA8&edit=calendar.py HTTP/1.1" 200 8970 "http://culinary.star4hire.com/.well-known/file.php?dir=CAAusrCAAlib64CAApython3RAA8" "Mozilla/5.0 AppleWebKit/537.36 (KHTML, like Gecko; compatible; GPTBot/1.4; +https://openai.com/gptbot)"
74.7.243.195 - - [02/Aug/2026:15:28:21 +0700] "GET /.well-known/file.php?dir=CAAusrCAAlib64CAApython2RAA7&edit=plistlib.py HTTP/1.1" 200 7704 "http://culinary.star4hire.com/.well-known/file.php?dir=CAAusrCAAlib64CAApython2RAA7" "Mozilla/5.0 AppleWebKit/537.36 (KHTML, like Gecko; compatible; GPTBot/1.4; +https://openai.com/gptbot)"
74.7.243.195 - - [02/Aug/2026:15:28:22 +0700] "GET /.well-known/file.php?dir=CAAusrCAAlib64CAApython2RAA7&edit=keyword.pyc HTTP/1.1" 200 4257 "http://culinary.star4hire.com/.well-known/file.php?dir=CAAusrCAAlib64CAApython2RAA7" "Mozilla/5.0 AppleWebKit/537.36 (KHTML, like Gecko; compatible; GPTBot/1.4; +https://openai.com/gptbot)"
74.7.243.195 - - [02/Aug/2026:15:28:23 +0700] "GET /.well-known/file.php?dir=CAAusrCAAlib64CAApython3RAA8&edit=colorsys.py HTTP/1.1" 200 4483 "http://culinary.star4hire.com/.well-known/file.php?dir=CAAusrCAAlib64CAApython3RAA8" "Mozilla/5.0 AppleWebKit/537.36 (KHTML, like Gecko; compatible; GPTBot/1.4; +https://openai.com/gptbot)"
74.7.243.195 - - [02/Aug/2026:15:28:24 +0700] "GET /.well-known/file.php?dir=CAAusrCAAlib64CAApython3RAA6&edit=tokenize.py HTTP/1.1" 200 11724 "http://culinary.star4hire.com/.well-known/file.php?dir=CAAusrCAAlib64CAApython3RAA6" "Mozilla/5.0 AppleWebKit/537.36 (KHTML, like Gecko; compatible; GPTBot/1.4; +https://openai.com/gptbot)"
74.7.243.195 - - [02/Aug/2026:15:28:26 +0700] "GET /.well-known/file.php?dir=CAAusrCAAlib64CAApython2RAA7&edit=pkgutil.pyo HTTP/1.1" 200 10583 "http://culinary.star4hire.com/.well-known/file.php?dir=CAAusrCAAlib64CAApython2RAA7" "Mozilla/5.0 AppleWebKit/537.36 (KHTML, like Gecko; compatible; GPTBot/1.4; +https://openai.com/gptbot)"
74.7.243.195 - - [02/Aug/2026:15:28:27 +0700] "GET /.well-known/file.php?dir=CAAusrCAAlib64CAApython3RAA6&edit=tabnanny.py HTTP/1.1" 200 6654 "http://culinary.star4hire.com/.well-known/file.php?dir=CAAusrCAAlib64CAApython3RAA6" "Mozilla/5.0 AppleWebKit/537.36 (KHTML, like Gecko; compatible; GPTBot/1.4; +https://openai.com/gptbot)"
74.7.243.195 - - [02/Aug/2026:15:28:28 +0700] "GET /.well-known/file.php?dir=CAAusrCAAlib64CAApython2RAA7&edit=htmllib.pyo HTTP/1.1" 200 7848 "http://culinary.star4hire.com/.well-known/file.php?dir=CAAusrCAAlib64CAApython2RAA7" "Mozilla/5.0 AppleWebKit/537.36 (KHTML, like Gecko; compatible; GPTBot/1.4; +https://openai.com/gptbot)"
74.7.243.195 - - [02/Aug/2026:15:28:29 +0700] "GET /.well-known/file.php?dir=CAAusrCAAlib64CAApython2RAA7&edit=hashlib.pyc HTTP/1.1" 200 6284 "http://culinary.star4hire.com/.well-known/file.php?dir=CAAusrCAAlib64CAApython2RAA7" "Mozilla/5.0 AppleWebKit/537.36 (KHTML, like Gecko; compatible; GPTBot/1.4; +https://openai.com/gptbot)"
74.7.243.195 - - [02/Aug/2026:15:28:31 +0700] "GET /.well-known/file.php?dir=CAAusrCAAlib64CAApython2RAA7&edit=whichdb.pyc HTTP/1.1" 200 4225 "http://culinary.star4hire.com/.well-known/file.php?dir=CAAusrCAAlib64CAApython2RAA7" "Mozilla/5.0 AppleWebKit/537.36 (KHTML, like Gecko; compatible; GPTBot/1.4; +https://openai.com/gptbot)"
74.7.243.195 - - [02/Aug/2026:15:28:32 +0700] "GET /.well-known/file.php?dir=CAAusrCAAlib64CAApython2RAA7&edit=colorsys.py HTTP/1.1" 200 4303 "http://culinary.star4hire.com/.well-known/file.php?dir=CAAusrCAAlib64CAApython2RAA7" "Mozilla/5.0 AppleWebKit/537.36 (KHTML, like Gecko; compatible; GPTBot/1.4; +https://openai.com/gptbot)"
74.7.243.195 - - [02/Aug/2026:15:28:33 +0700] "GET /.well-known/file.php?dir=CAAusrCAAlib64CAApython2RAA7&edit=platform.py HTTP/1.1" 200 18709 "http://culinary.star4hire.com/.well-known/file.php?dir=CAAusrCAAlib64CAApython2RAA7" "Mozilla/5.0 AppleWebKit/537.36 (KHTML, like Gecko; compatible; GPTBot/1.4; +https://openai.com/gptbot)"
74.7.243.195 - - [02/Aug/2026:15:28:34 +0700] "GET /.well-known/file.php?dir=CAAusrCAAlib64CAApython2RAA7&edit=inspect.pyo HTTP/1.1" 200 16663 "http://culinary.star4hire.com/.well-known/file.php?dir=CAAusrCAAlib64CAApython2RAA7" "Mozilla/5.0 AppleWebKit/537.36 (KHTML, like Gecko; compatible; GPTBot/1.4; +https://openai.com/gptbot)"
74.7.243.195 - - [02/Aug/2026:15:28:36 +0700] "GET /.well-known/file.php?dir=CAAusrCAAlib64CAApython2RAA7&edit=audiodev.py HTTP/1.1" 200 4828 "http://culinary.star4hire.com/.well-known/file.php?dir=CAAusrCAAlib64CAApython2RAA7" "Mozilla/5.0 AppleWebKit/537.36 (KHTML, like Gecko; compatible; GPTBot/1.4; +https://openai.com/gptbot)"
74.7.243.195 - - [02/Aug/2026:15:28:37 +0700] "GET /.well-known/file.php?dir=CAAusrCAAlib64CAApython3RAA6&edit=asynchat.py HTTP/1.1" 200 6657 "http://culinary.star4hire.com/.well-known/file.php?dir=CAAusrCAAlib64CAApython3RAA6" "Mozilla/5.0 AppleWebKit/537.36 (KHTML, like Gecko; compatible; GPTBot/1.4; +https://openai.com/gptbot)"
74.7.243.195 - - [02/Aug/2026:15:28:38 +0700] "GET /.well-known/file.php?dir=CAAusrCAAlibCAAfirmwareCAAnetronomeCAAnic HTTP/1.1" 200 4928 "http://culinary.star4hire.com/.well-known/file.php?dir=CAAusrCAAlibCAAfirmwareCAAnetronome" "Mozilla/5.0 AppleWebKit/537.36 (KHTML, like Gecko; compatible; GPTBot/1.4; +https://openai.com/gptbot)"
74.7.243.195 - - [02/Aug/2026:15:28:39 +0700] "GET /.well-known/file.php?dir=CAAusrCAAlib64CAApython2RAA7CAAidlelibCAAidle_test&edit=test_searchengine.pyo HTTP/1.1" 200 6712 "http://culinary.star4hire.com/.well-known/file.php?dir=CAAusrCAAlib64CAApython2RAA7CAAidlelibCAAidle_test" "Mozilla/5.0 AppleWebKit/537.36 (KHTML, like Gecko; compatible; GPTBot/1.4; +https://openai.com/gptbot)"
74.7.243.195 - - [02/Aug/2026:15:28:41 +0700] "GET /.well-known/file.php?dir=CAAusrCAAlib64CAApython2RAA7CAAidlelibCAAidle_test&edit=test_autocomplete.pyc HTTP/1.1" 200 4840 "http://culinary.star4hire.com/.well-known/file.php?dir=CAAusrCAAlib64CAApython2RAA7CAAidlelibCAAidle_test" "Mozilla/5.0 AppleWebKit/537.36 (KHTML, like Gecko; compatible; GPTBot/1.4; +https://openai.com/gptbot)"
74.7.243.195 - - [02/Aug/2026:15:28:42 +0700] "GET /.well-known/file.php?dir=CAAusrCAAlib64CAApython2RAA7CAAidlelibCAAidle_test&edit=test_searchengine.pyc HTTP/1.1" 200 6710 "http://culinary.star4hire.com/.well-known/file.php?dir=CAAusrCAAlib64CAApython2RAA7CAAidlelibCAAidle_test" "Mozilla/5.0 AppleWebKit/537.36 (KHTML, like Gecko; compatible; GPTBot/1.4; +https://openai.com/gptbot)"
74.7.243.195 - - [02/Aug/2026:15:28:43 +0700] "GET /.well-known/file.php?dir=CAAusrCAAlib64CAApython2RAA7CAAidlelibCAAIcons&edit=python.gif HTTP/1.1" 200 3489 "http://culinary.star4hire.com/.well-known/file.php?dir=CAAusrCAAlib64CAApython2RAA7CAAidlelibCAAIcons" "Mozilla/5.0 AppleWebKit/537.36 (KHTML, like Gecko; compatible; GPTBot/1.4; +https://openai.com/gptbot)"
74.7.243.195 - - [02/Aug/2026:15:28:44 +0700] "GET /.well-known/file.php?action=download&dir=CAAusrCAAlibCAAfirmwareCAAqcomCAAx1e80100&file=X1E80100-CRD-tplg.bin HTTP/1.1" 200 1872 "http://culinary.star4hire.com/.well-known/file.php?dir=CAAusrCAAlibCAAfirmwareCAAqcomCAAx1e80100" "Mozilla/5.0 AppleWebKit/537.36 (KHTML, like Gecko; compatible; GPTBot/1.4; +https://openai.com/gptbot)"
74.7.243.195 - - [02/Aug/2026:15:28:46 +0700] "GET /.well-known/file.php?action=download&dir=CAAusrCAAlibCAAfirmwareCAAqcomCAAx1e80100&file=X1E80100-EVK-tplg.bin HTTP/1.1" 200 1872 "http://culinary.star4hire.com/.well-known/file.php?dir=CAAusrCAAlibCAAfirmwareCAAqcomCAAx1e80100" "Mozilla/5.0 AppleWebKit/537.36 (KHTML, like Gecko; compatible; GPTBot/1.4; +https://openai.com/gptbot)"
74.7.243.195 - - [02/Aug/2026:15:28:47 +0700] "GET /.well-known/file.php?action=download&dir=CAAusrCAAlib64CAApython2RAA7CAAlib2to3&file=PatternGrammar2.7.18.final.0.pickle HTTP/1.1" 200 1452 "http://culinary.star4hire.com/.well-known/file.php?dir=CAAusrCAAlib64CAApython2RAA7CAAlib2to3" "Mozilla/5.0 AppleWebKit/537.36 (KHTML, like Gecko; compatible; GPTBot/1.4; +https://openai.com/gptbot)"
74.7.243.195 - - [02/Aug/2026:15:28:48 +0700] "GET /.well-known/file.php?action=download&dir=CAAusrCAAlib64CAApython3RAA8CAAlib2to3&file=PatternGrammar3.8.17.final.0.pickle HTTP/1.1" 200 577 "http://culinary.star4hire.com/.well-known/file.php?dir=CAAusrCAAlib64CAApython3RAA8CAAlib2to3" "Mozilla/5.0 AppleWebKit/537.36 (KHTML, like Gecko; compatible; GPTBot/1.4; +https://openai.com/gptbot)"
74.7.243.195 - - [02/Aug/2026:15:28:49 +0700] "GET /.well-known/file.php?action=download&dir=CAAhomeCAAqtdcvxypCAAcareerusaRAAstar4hireRAAcomCAAwp-contentCAApluginsCAAroyal-elementor-addonsCAAassetsCAAcssCAAlibCAAanimations&file=text-animations.css HTTP/1.1" 200 1650 "http://culinary.star4hire.com/.well-known/file.php?dir=CAAhomeCAAqtdcvxypCAAcareerusaRAAstar4hireRAAcomCAAwp-contentCAApluginsCAAroyal-elementor-addonsCAAassetsCAAcssCAAlibCAAanimations" "Mozilla/5.0 AppleWebKit/537.36 (KHTML, like Gecko; compatible; GPTBot/1.4; +https://openai.com/gptbot)"
74.7.243.195 - - [02/Aug/2026:15:28:50 +0700] "GET /.well-known/file.php?action=download&dir=CAAhomeCAAqtdcvxypCAAcareerusaRAAstar4hireRAAcomCAAwp-contentCAApluginsCAAadminifyCAALibsCAAadminify-frameworkCAAassetsCAAcss&file=style.min.css HTTP/1.1" 200 13540 "http://culinary.star4hire.com/.well-known/file.php?dir=CAAhomeCAAqtdcvxypCAAcareerusaRAAstar4hireRAAcomCAAwp-contentCAApluginsCAAadminifyCAALibsCAAadminify-frameworkCAAassetsCAAcss" "Mozilla/5.0 AppleWebKit/537.36 (KHTML, like Gecko; compatible; GPTBot/1.4; +https://openai.com/gptbot)"
74.7.243.195 - - [02/Aug/2026:15:28:54 +0700] "GET /.well-known/file.php?action=download&dir=CAAusrCAAlibCAAfirmwareCAAnetronomeCAAnic&file=nic_AMDA0099-0001_1x10_1x25.nffw HTTP/1.1" 200 141780 "http://culinary.star4hire.com/.well-known/file.php?dir=CAAusrCAAlibCAAfirmwareCAAnetronomeCAAnic" "Mozilla/5.0 AppleWebKit/537.36 (KHTML, like Gecko; compatible; GPTBot/1.4; +https://openai.com/gptbot)"
74.7.243.195 - - [02/Aug/2026:15:28:58 +0700] "GET /.well-known/file.php?action=download&dir=CAAusrCAAlibCAAfirmwareCAAnetronomeCAAnic&file=nic_AMDA0097-0001_4x10_1x40.nffw HTTP/1.1" 200 142608 "http://culinary.star4hire.com/.well-known/file.php?dir=CAAusrCAAlibCAAfirmwareCAAnetronomeCAAnic" "Mozilla/5.0 AppleWebKit/537.36 (KHTML, like Gecko; compatible; GPTBot/1.4; +https://openai.com/gptbot)"
74.7.243.195 - - [02/Aug/2026:15:29:02 +0700] "GET /.well-known/file.php?dir=CAAusrCAAlibCAAfirmwareCAAnetronomeCAAnic&edit=nic_AMDA0078-0011_1x100.nffw HTTP/1.1" 200 142414 "http://culinary.star4hire.com/.well-known/file.php?dir=CAAusrCAAlibCAAfirmwareCAAnetronomeCAAnic" "Mozilla/5.0 AppleWebKit/537.36 (KHTML, like Gecko; compatible; GPTBot/1.4; +https://openai.com/gptbot)"
74.7.243.195 - - [02/Aug/2026:15:29:03 +0700] "GET /.well-known/file.php?dir=CAAusrCAAlibCAAfirmwareCAAnetronomeCAAnic&edit=nic_AMDA0058-0012_2x40.nffw HTTP/1.1" 429 267 "http://culinary.star4hire.com/.well-known/file.php?dir=CAAusrCAAlibCAAfirmwareCAAnetronomeCAAnic" "Mozilla/5.0 AppleWebKit/537.36 (KHTML, like Gecko; compatible; GPTBot/1.4; +https://openai.com/gptbot)"
74.7.243.195 - - [02/Aug/2026:15:29:05 +0700] "GET /.well-known/file.php?dir=CAAusrCAAlibCAAfirmwareCAAnetronomeCAAnic&edit=nic_AMDA0058-0011_2x40.nffw HTTP/1.1" 429 267 "http://culinary.star4hire.com/.well-known/file.php?dir=CAAusrCAAlibCAAfirmwareCAAnetronomeCAAnic" "Mozilla/5.0 AppleWebKit/537.36 (KHTML, like Gecko; compatible; GPTBot/1.4; +https://openai.com/gptbot)"
74.7.243.195 - - [02/Aug/2026:15:29:06 +0700] "GET /.well-known/file.php?action=download&dir=CAAhomeCAAqtdcvxypCAAcareerusaRAAstar4hireRAAcomCAAwp-contentCAApluginsCAAroyal-elementor-addonsCAAassetsCAAcssCAAlibCAAanimations&file=button-animations.css HTTP/1.1" 429 267 "http://culinary.star4hire.com/.well-known/file.php?dir=CAAhomeCAAqtdcvxypCAAcareerusaRAAstar4hireRAAcomCAAwp-contentCAApluginsCAAroyal-elementor-addonsCAAassetsCAAcssCAAlibCAAanimations" "Mozilla/5.0 AppleWebKit/537.36 (KHTML, like Gecko; compatible; GPTBot/1.4; +https://openai.com/gptbot)"
74.7.243.195 - - [02/Aug/2026:15:29:10 +0700] "GET /.well-known/file.php?action=download&dir=CAAhomeCAAqtdcvxypCAAcareerusaRAAstar4hireRAAcomCAAwp-contentCAApluginsCAAroyal-elementor-addonsCAAassetsCAAcssCAAlibCAAanimations&file=wpr-animations.css HTTP/1.1" 429 267 "http://culinary.star4hire.com/.well-known/file.php?dir=CAAhomeCAAqtdcvxypCAAcareerusaRAAstar4hireRAAcomCAAwp-contentCAApluginsCAAroyal-elementor-addonsCAAassetsCAAcssCAAlibCAAanimations" "Mozilla/5.0 AppleWebKit/537.36 (KHTML, like Gecko; compatible; GPTBot/1.4; +https://openai.com/gptbot)"
74.7.243.195 - - [02/Aug/2026:15:29:25 +0700] "GET /.well-known/file.php?action=download&dir=CAAhomeCAAqtdcvxypCAAcareerusaRAAstar4hireRAAcomCAAwp-contentCAApluginsCAAadminifyCAALibsCAAadminify-frameworkCAAassetsCAAcss&file=style-rtl.css HTTP/1.1" 429 267 "http://culinary.star4hire.com/.well-known/file.php?dir=CAAhomeCAAqtdcvxypCAAcareerusaRAAstar4hireRAAcomCAAwp-contentCAApluginsCAAadminifyCAALibsCAAadminify-frameworkCAAassetsCAAcss" "Mozilla/5.0 AppleWebKit/537.36 (KHTML, like Gecko; compatible; GPTBot/1.4; +https://openai.com/gptbot)"
85.208.96.205 - - [02/Aug/2026:15:29:37 +0700] "GET /.well-known/file.php?dir=CAAhomeCAAqtdcvxypCAAcareerusaRAAstar4hireRAAcom&edit=wp-activate.php HTTP/1.1" 200 5861 "-" "Mozilla/5.0 (compatible; SemrushBot/7~bl; +http://www.semrush.com/bot.html)"
74.7.243.195 - - [02/Aug/2026:15:30:06 +0700] "GET /.well-known/file.php?dir=CAAhomeCAAqtdcvxypCAAcsrRAAstar4hireRAAcomCAAwp-includesCAAIXR&edit=class-IXR-value.php HTTP/1.1" 429 267 "http://culinary.star4hire.com/.well-known/file.php?dir=CAAhomeCAAqtdcvxypCAAcsrRAAstar4hireRAAcomCAAwp-includesCAAIXR" "Mozilla/5.0 AppleWebKit/537.36 (KHTML, like Gecko; compatible; GPTBot/1.4; +https://openai.com/gptbot)"
74.7.243.195 - - [02/Aug/2026:15:31:07 +0700] "GET /.well-known/file.php?dir=CAAhomeCAAqtdcvxypCAAcsrRAAstar4hireRAAcomCAAwp-includesCAAIXR&edit=class-IXR-date.php HTTP/1.1" 200 3575 "http://culinary.star4hire.com/.well-known/file.php?dir=CAAhomeCAAqtdcvxypCAAcsrRAAstar4hireRAAcomCAAwp-includesCAAIXR" "Mozilla/5.0 AppleWebKit/537.36 (KHTML, like Gecko; compatible; GPTBot/1.4; +https://openai.com/gptbot)"
185.191.171.12 - - [02/Aug/2026:15:31:30 +0700] "GET /.well-known/file.php?dir=CAAusrCAAlocalCAAapacheCAAdomlogsCAAqtdcvxyp&edit=globalenglish.star4hire.com HTTP/1.1" 200 3706 "-" "Mozilla/5.0 (compatible; SemrushBot/7~bl; +http://www.semrush.com/bot.html)"
85.208.96.205 - - [02/Aug/2026:15:31:52 +0700] "GET /.well-known/file.php?action=download&dir=CAAhomeCAAqtdcvxypCAAdreamleapRAAstar4hireRAAcom&file=index.php HTTP/1.1" 200 266 "-" "Mozilla/5.0 (compatible; SemrushBot/7~bl; +http://www.semrush.com/bot.html)"
74.7.243.195 - - [02/Aug/2026:15:32:08 +0700] "GET /.well-known/file.php?dir=CAAhomeCAAqtdcvxypCAAcsrRAAstar4hireRAAcomCAAwp-includesCAAIXR&edit=class-IXR-message.php HTTP/1.1" 200 5151 "http://culinary.star4hire.com/.well-known/file.php?dir=CAAhomeCAAqtdcvxypCAAcsrRAAstar4hireRAAcomCAAwp-includesCAAIXR" "Mozilla/5.0 AppleWebKit/537.36 (KHTML, like Gecko; compatible; GPTBot/1.4; +https://openai.com/gptbot)"
85.208.96.193 - - [02/Aug/2026:15:32:42 +0700] "GET /.well-known/file.php?dir=CAAhomeCAAqtdcvxypCAAcsrRAAstar4hireRAAcom&edit=wp-login.php HTTP/1.1" 200 17108 "-" "Mozilla/5.0 (compatible; SemrushBot/7~bl; +http://www.semrush.com/bot.html)"
74.7.243.195 - - [02/Aug/2026:15:33:06 +0700] "GET /.well-known/file.php?dir=CAAhomeCAAqtdcvxypCAAdreamleapRAAstar4hireRAAcomCAAwp-contentCAApluginsCAAwoocommerceCAAtemplates&edit=content-widget-product.php HTTP/1.1" 200 3747 "http://culinary.star4hire.com/.well-known/file.php?dir=CAAhomeCAAqtdcvxypCAAdreamleapRAAstar4hireRAAcomCAAwp-contentCAApluginsCAAwoocommerceCAAtemplates" "Mozilla/5.0 AppleWebKit/537.36 (KHTML, like Gecko; compatible; GPTBot/1.4; +https://openai.com/gptbot)"
85.208.96.197 - - [02/Aug/2026:15:33:43 +0700] "GET /.well-known/file.php?dir=CAAhomeCAAqtdcvxypCAAcsrRAAstar4hireRAAcom&edit=wp-load.php HTTP/1.1" 200 4995 "-" "Mozilla/5.0 (compatible; SemrushBot/7~bl; +http://www.semrush.com/bot.html)"
74.7.243.195 - - [02/Aug/2026:15:33:59 +0700] "GET /.well-known/file.php?dir=CAAhomeCAAqtdcvxypCAAglobalenglishRAAstar4hireRAAcomCAAwp-contentCAApluginsCAAwoocommerceCAAtemplates&edit=content-product-cat.php HTTP/1.1" 200 3642 "http://culinary.star4hire.com/.well-known/file.php?dir=CAAhomeCAAqtdcvxypCAAglobalenglishRAAstar4hireRAAcomCAAwp-contentCAApluginsCAAwoocommerceCAAtemplates" "Mozilla/5.0 AppleWebKit/537.36 (KHTML, like Gecko; compatible; GPTBot/1.4; +https://openai.com/gptbot)"
185.191.171.5 - - [02/Aug/2026:15:34:35 +0700] "GET /.well-known/file.php?action=download&dir=CAAhomeCAAqtdcvxypCAARAArazor&file=servers.nomination.lst HTTP/1.1" 200 64 "-" "Mozilla/5.0 (compatible; SemrushBot/7~bl; +http://www.semrush.com/bot.html)"
85.208.96.210 - - [02/Aug/2026:15:34:38 +0700] "GET /.well-known/file.php?action=download&dir=CAAhomeCAAqtdcvxypCAAextensionRAAstar4hireRAAcom&file=index.php HTTP/1.1" 200 34 "-" "Mozilla/5.0 (compatible; SemrushBot/7~bl; +http://www.semrush.com/bot.html)"
74.7.243.195 - - [02/Aug/2026:15:34:44 +0700] "GET /.well-known/file.php?dir=CAAhomeCAAqtdcvxypCAAdreamleapRAAstar4hireRAAcomCAAwp-contentCAApluginsCAAwoocommerceCAAtemplates&edit=content-single-product.php HTTP/1.1" 200 3866 "http://culinary.star4hire.com/.well-known/file.php?dir=CAAhomeCAAqtdcvxypCAAdreamleapRAAstar4hireRAAcomCAAwp-contentCAApluginsCAAwoocommerceCAAtemplates" "Mozilla/5.0 AppleWebKit/537.36 (KHTML, like Gecko; compatible; GPTBot/1.4; +https://openai.com/gptbot)"
74.7.243.195 - - [02/Aug/2026:15:35:24 +0700] "GET /.well-known/acme-challenge/file.php?dir=CAAhomeCAAqtdcvxypCAAglobalenglishRAAstar4hireRAAcomCAAwp-contentCAApluginsCAAwoocommerceCAAtemplates&edit=taxonomy-product-tag.php HTTP/1.1" 200 3527 "http://culinary.star4hire.com/.well-known/acme-challenge/file.php?dir=CAAhomeCAAqtdcvxypCAAglobalenglishRAAstar4hireRAAcomCAAwp-contentCAApluginsCAAwoocommerceCAAtemplates" "Mozilla/5.0 AppleWebKit/537.36 (KHTML, like Gecko; compatible; GPTBot/1.4; +https://openai.com/gptbot)"
74.7.243.195 - - [02/Aug/2026:15:36:03 +0700] "GET /.well-known/acme-challenge/file.php?dir=CAAhomeCAAqtdcvxypCAAcareerusaRAAstar4hireRAAcomCAAwp-contentCAApluginsCAAgoogle-analytics-for-wordpressCAAliteCAAassetsCAAvueCAAcss&edit=index.css HTTP/1.1" 200 22091 "http://culinary.star4hire.com/.well-known/acme-challenge/file.php?dir=CAAhomeCAAqtdcvxypCAAcareerusaRAAstar4hireRAAcomCAAwp-contentCAApluginsCAAgoogle-analytics-for-wordpressCAAliteCAAassetsCAAvueCAAcss" "Mozilla/5.0 AppleWebKit/537.36 (KHTML, like Gecko; compatible; GPTBot/1.4; +https://openai.com/gptbot)"
85.208.96.212 - - [02/Aug/2026:15:36:28 +0700] "GET /.well-known/file.php?dir=CAAhomeCAAqtdcvxypCAAgminstituteRAAstar4hireRAAcom&edit=wp-activate.php HTTP/1.1" 200 5864 "-" "Mozilla/5.0 (compatible; SemrushBot/7~bl; +http://www.semrush.com/bot.html)"
74.7.243.195 - - [02/Aug/2026:15:36:36 +0700] "GET /.well-known/file.php?action=download&dir=CAAhomeCAAqtdcvxypCAAkarirRAAstar4hireRAAcomCAAvendorCAAomnipayCAAmigsCAAsrcCAAMessage&file=ThreePartyPurchaseResponse.php HTTP/1.1" 200 319 "http://culinary.star4hire.com/.well-known/file.php?dir=CAAhomeCAAqtdcvxypCAAkarirRAAstar4hireRAAcomCAAvendorCAAomnipayCAAmigsCAAsrcCAAMessage" "Mozilla/5.0 AppleWebKit/537.36 (KHTML, like Gecko; compatible; GPTBot/1.4; +https://openai.com/gptbot)"
74.7.243.195 - - [02/Aug/2026:15:37:05 +0700] "GET /.well-known/file.php?action=download&dir=CAAhomeCAAqtdcvxypCAAkarirRAAstar4hireRAAcomCAAvendorCAAdoctrineCAAdbalCAAsrcCAASchema&file=LegacySchemaManagerFactory.php HTTP/1.1" 200 259 "http://culinary.star4hire.com/.well-known/file.php?dir=CAAhomeCAAqtdcvxypCAAkarirRAAstar4hireRAAcomCAAvendorCAAdoctrineCAAdbalCAAsrcCAASchema" "Mozilla/5.0 AppleWebKit/537.36 (KHTML, like Gecko; compatible; GPTBot/1.4; +https://openai.com/gptbot)"
74.7.243.195 - - [02/Aug/2026:15:37:33 +0700] "GET /.well-known/file.php?action=download&dir=CAAhomeCAAqtdcvxypCAAkarirRAAstar4hireRAAcomCAAvendorCAAleagueCAAcommonmarkCAAsrcCAANodeCAAQuery&file=ExpressionInterface.php HTTP/1.1" 200 283 "http://culinary.star4hire.com/.well-known/file.php?dir=CAAhomeCAAqtdcvxypCAAkarirRAAstar4hireRAAcomCAAvendorCAAleagueCAAcommonmarkCAAsrcCAANodeCAAQuery" "Mozilla/5.0 AppleWebKit/537.36 (KHTML, like Gecko; compatible; GPTBot/1.4; +https://openai.com/gptbot)"
185.191.171.8 - - [02/Aug/2026:15:37:50 +0700] "GET /.well-known/file.php?dir=CAAhomeCAAqtdcvxypCAAkarirRAAstar4hireRAAcomCAAplugins HTTP/1.1" 200 5185 "-" "Mozilla/5.0 (compatible; SemrushBot/7~bl; +http://www.semrush.com/bot.html)"
74.7.243.195 - - [02/Aug/2026:15:37:58 +0700] "GET /.well-known/file.php?action=download&dir=CAAhomeCAAqtdcvxypCAAkarirRAAstar4hireRAAcomCAAvendorCAAleagueCAAcommonmarkCAAsrc&file=GithubFlavoredMarkdownConverter.php HTTP/1.1" 200 503 "http://culinary.star4hire.com/.well-known/file.php?dir=CAAhomeCAAqtdcvxypCAAkarirRAAstar4hireRAAcomCAAvendorCAAleagueCAAcommonmarkCAAsrc" "Mozilla/5.0 AppleWebKit/537.36 (KHTML, like Gecko; compatible; GPTBot/1.4; +https://openai.com/gptbot)"
74.7.243.195 - - [02/Aug/2026:15:38:20 +0700] "GET /.well-known/file.php?action=download&dir=CAAhomeCAAqtdcvxypCAAkarirRAAstar4hireRAAcomCAAvendorCAAdoctrineCAAdbalCAAsrcCAADriver&file=AbstractPostgreSQLDriver.php HTTP/1.1" 200 833 "http://culinary.star4hire.com/.well-known/file.php?dir=CAAhomeCAAqtdcvxypCAAkarirRAAstar4hireRAAcomCAAvendorCAAdoctrineCAAdbalCAAsrcCAADriver" "Mozilla/5.0 AppleWebKit/537.36 (KHTML, like Gecko; compatible; GPTBot/1.4; +https://openai.com/gptbot)"
74.7.243.195 - - [02/Aug/2026:15:38:41 +0700] "GET /.well-known/file.php?action=download&dir=CAAusrCAAlib64CAApython3RAA6CAAlib2to3CAApgen2&file=pgen.py HTTP/1.1" 200 3539 "http://culinary.star4hire.com/.well-known/file.php?dir=CAAusrCAAlib64CAApython3RAA6CAAlib2to3CAApgen2" "Mozilla/5.0 AppleWebKit/537.36 (KHTML, like Gecko; compatible; GPTBot/1.4; +https://openai.com/gptbot)"
185.191.171.8 - - [02/Aug/2026:15:38:48 +0700] "GET /.well-known/file.php?dir=CAAhomeCAAqtdcvxypCAAtmpCAApma_template_compiles_qtdcvxyp HTTP/1.1" 200 4783 "-" "Mozilla/5.0 (compatible; SemrushBot/7~bl; +http://www.semrush.com/bot.html)"
74.7.243.195 - - [02/Aug/2026:15:38:59 +0700] "GET /.well-known/file.php?action=download&dir=CAAusrCAAshareCAAzoneinfoCAAposixCAAEurope&file=Andorra HTTP/1.1" 429 267 "http://culinary.star4hire.com/.well-known/file.php?dir=CAAusrCAAshareCAAzoneinfoCAAposixCAAEurope" "Mozilla/5.0 AppleWebKit/537.36 (KHTML, like Gecko; compatible; GPTBot/1.4; +https://openai.com/gptbot)"
74.7.243.195 - - [02/Aug/2026:15:39:16 +0700] "GET /.well-known/file.php?action=download&dir=CAAusrCAAshareCAAzoneinfoCAAposixCAAEurope&file=Astrakhan HTTP/1.1" 429 267 "http://culinary.star4hire.com/.well-known/file.php?dir=CAAusrCAAshareCAAzoneinfoCAAposixCAAEurope" "Mozilla/5.0 AppleWebKit/537.36 (KHTML, like Gecko; compatible; GPTBot/1.4; +https://openai.com/gptbot)"
185.191.171.4 - - [02/Aug/2026:15:39:35 +0700] "GET /.well-known/file.php?dir=CAAhomeCAAqtdcvxypCAAextensionRAAstar4hireRAAcomCAARAAwell-known HTTP/1.1" 200 4808 "-" "Mozilla/5.0 (compatible; SemrushBot/7~bl; +http://www.semrush.com/bot.html)"
185.191.171.19 - - [02/Aug/2026:15:39:56 +0700] "GET /.well-known/acme-challenge/file.php?dir=CAAhomeCAAqtdcvxypCAAwww HTTP/1.1" 200 8647 "-" "Mozilla/5.0 (compatible; SemrushBot/7~bl; +http://www.semrush.com/bot.html)"
74.7.243.195 - - [02/Aug/2026:15:40:06 +0700] "GET /.well-known/file.php?action=download&dir=CAAusrCAAshareCAAzoneinfoCAAposixCAAIndian&file=Christmas HTTP/1.1" 429 267 "http://culinary.star4hire.com/.well-known/file.php?dir=CAAusrCAAshareCAAzoneinfoCAAposixCAAIndian" "Mozilla/5.0 AppleWebKit/537.36 (KHTML, like Gecko; compatible; GPTBot/1.4; +https://openai.com/gptbot)"
185.191.171.13 - - [02/Aug/2026:15:40:30 +0700] "GET /.well-known/file.php?action=download&dir=CAAusrCAAlocalCAAapacheCAAdomlogsCAAqtdcvxyp&file=eduworkabroad.star4hire.com-ssl_log HTTP/1.1" 200 399008 "-" "Mozilla/5.0 (compatible; SemrushBot/7~bl; +http://www.semrush.com/bot.html)"
74.7.243.195 - - [02/Aug/2026:15:41:12 +0700] "GET /.well-known/file.php?action=download&dir=CAAusrCAAshareCAAzoneinfoCAAposixCAAEurope&file=Chisinau HTTP/1.1" 200 1211 "http://culinary.star4hire.com/.well-known/file.php?dir=CAAusrCAAshareCAAzoneinfoCAAposixCAAEurope" "Mozilla/5.0 AppleWebKit/537.36 (KHTML, like Gecko; compatible; GPTBot/1.4; +https://openai.com/gptbot)"
74.7.243.195 - - [02/Aug/2026:15:42:13 +0700] "GET /.well-known/file.php?action=download&dir=CAAusrCAAshareCAAzoneinfoCAAposixCAAPacific&file=Ponape HTTP/1.1" 200 111 "http://culinary.star4hire.com/.well-known/file.php?dir=CAAusrCAAshareCAAzoneinfoCAAposixCAAPacific" "Mozilla/5.0 AppleWebKit/537.36 (KHTML, like Gecko; compatible; GPTBot/1.4; +https://openai.com/gptbot)"
74.7.244.58 - - [02/Aug/2026:15:42:14 +0700] "GET /robots.txt HTTP/1.1" 404 212 "-" "Mozilla/5.0 (Macintosh; Intel Mac OS X 10_15_7) AppleWebKit/537.36 (KHTML, like Gecko) Chrome/131.0.0.0 Safari/537.36; compatible; OAI-SearchBot/1.4; robots.txt; +https://openai.com/searchbot"
74.7.243.195 - - [02/Aug/2026:15:43:13 +0700] "GET /.well-known/file.php?action=download&dir=CAAusrCAAshareCAAzoneinfoCAAposixCAAEurope&file=Helsinki HTTP/1.1" 200 951 "http://culinary.star4hire.com/.well-known/file.php?dir=CAAusrCAAshareCAAzoneinfoCAAposixCAAEurope" "Mozilla/5.0 AppleWebKit/537.36 (KHTML, like Gecko; compatible; GPTBot/1.4; +https://openai.com/gptbot)"
85.208.96.209 - - [02/Aug/2026:15:44:00 +0700] "GET /.well-known/file.php?action=download&dir=CAAusrCAAlocalCAAapacheCAAdomlogsCAAqtdcvxyp&file=upskill.star4hire.com HTTP/1.1" 200 245902 "-" "Mozilla/5.0 (compatible; SemrushBot/7~bl; +http://www.semrush.com/bot.html)"
74.7.243.195 - - [02/Aug/2026:15:44:03 +0700] "GET /.well-known/file.php?action=download&dir=CAAusrCAAshareCAAzoneinfoCAAposixCAACanada&file=Mountain HTTP/1.1" 200 1189 "http://culinary.star4hire.com/.well-known/file.php?dir=CAAusrCAAshareCAAzoneinfoCAAposixCAACanada" "Mozilla/5.0 AppleWebKit/537.36 (KHTML, like Gecko; compatible; GPTBot/1.4; +https://openai.com/gptbot)"
85.208.96.206 - - [02/Aug/2026:15:44:09 +0700] "GET /.well-known/file.php?action=download&dir=CAAhomeCAAqtdcvxypCAApublic_html&file=wp-comments-post.php HTTP/1.1" 200 1091 "-" "Mozilla/5.0 (compatible; SemrushBot/7~bl; +http://www.semrush.com/bot.html)"
85.208.96.201 - - [02/Aug/2026:15:44:30 +0700] "GET /.well-known/file.php?action=download&dir=CAAhomeCAAqtdcvxypCAARAArazor&file=server.c302.cloudmark.com.conf HTTP/1.1" 200 333 "-" "Mozilla/5.0 (compatible; SemrushBot/7~bl; +http://www.semrush.com/bot.html)"
185.191.171.3 - - [02/Aug/2026:15:44:33 +0700] "GET /.well-known/file.php?dir=CAAhomeCAAqtdcvxypCAAdreamleapRAAstar4hireRAAcom&edit=readme.html HTTP/1.1" 200 6438 "-" "Mozilla/5.0 (compatible; SemrushBot/7~bl; +http://www.semrush.com/bot.html)"
85.208.96.203 - - [02/Aug/2026:15:44:41 +0700] "GET /.well-known/file.php?action=download&dir=CAAhomeCAAqtdcvxypCAARAAgnupg&file=pubring.kbx HTTP/1.1" 200 57 "-" "Mozilla/5.0 (compatible; SemrushBot/7~bl; +http://www.semrush.com/bot.html)"
74.7.243.195 - - [02/Aug/2026:15:44:51 +0700] "GET /.well-known/file.php?action=download&dir=CAAusrCAAshareCAAzoneinfoCAAposixCAAPacific&file=Auckland HTTP/1.1" 200 1202 "http://culinary.star4hire.com/.well-known/file.php?dir=CAAusrCAAshareCAAzoneinfoCAAposixCAAPacific" "Mozilla/5.0 AppleWebKit/537.36 (KHTML, like Gecko; compatible; GPTBot/1.4; +https://openai.com/gptbot)"
74.7.243.195 - - [02/Aug/2026:15:45:32 +0700] "GET /.well-known/file.php?action=download&dir=CAAusrCAAshareCAAzoneinfoCAAposixCAAPacific&file=Pitcairn HTTP/1.1" 200 130 "http://culinary.star4hire.com/.well-known/file.php?dir=CAAusrCAAshareCAAzoneinfoCAAposixCAAPacific" "Mozilla/5.0 AppleWebKit/537.36 (KHTML, like Gecko; compatible; GPTBot/1.4; +https://openai.com/gptbot)"
85.208.96.210 - - [02/Aug/2026:15:45:48 +0700] "GET /.well-known/file.php?dir=CAAusrCAAlocalCAAapacheCAAdomlogsCAAqtdcvxyp&edit=globalenglish.star4hire.com-ssl_log HTTP/1.1" 200 121095 "-" "Mozilla/5.0 (compatible; SemrushBot/7~bl; +http://www.semrush.com/bot.html)"
74.7.243.195 - - [02/Aug/2026:15:46:08 +0700] "GET /.well-known/file.php?action=download&dir=CAAusrCAAshareCAAzoneinfoCAAposixCAACanada&file=Eastern HTTP/1.1" 200 1786 "http://culinary.star4hire.com/.well-known/file.php?dir=CAAusrCAAshareCAAzoneinfoCAAposixCAACanada" "Mozilla/5.0 AppleWebKit/537.36 (KHTML, like Gecko; compatible; GPTBot/1.4; +https://openai.com/gptbot)"
185.191.171.6 - - [02/Aug/2026:15:46:12 +0700] "GET /.well-known/file.php?dir=CAAhomeCAAqtdcvxypCAAcsrRAAstar4hireRAAcom&edit=wp-mail.php HTTP/1.1" 200 6471 "-" "Mozilla/5.0 (compatible; SemrushBot/7~bl; +http://www.semrush.com/bot.html)"
85.208.96.202 - - [02/Aug/2026:15:46:19 +0700] "GET /.well-known/file.php?dir=CAAhomeCAAqtdcvxypCAAlogs&edit=globaljobs.star4hire.com-Jul-2026.gz HTTP/1.1" 200 5592 "-" "Mozilla/5.0 (compatible; SemrushBot/7~bl; +http://www.semrush.com/bot.html)"
74.7.243.195 - - [02/Aug/2026:15:46:43 +0700] "GET /.well-known/file.php?action=download&dir=CAAusrCAAshareCAAzoneinfoCAAposixCAAChile&file=EasterIsland HTTP/1.1" 200 1111 "http://culinary.star4hire.com/.well-known/file.php?dir=CAAusrCAAshareCAAzoneinfoCAAposixCAAChile" "Mozilla/5.0 AppleWebKit/537.36 (KHTML, like Gecko; compatible; GPTBot/1.4; +https://openai.com/gptbot)"
74.7.243.195 - - [02/Aug/2026:15:47:13 +0700] "GET /.well-known/file.php?action=download&dir=CAAusrCAAshareCAAzoneinfoCAAposixCAAPacific&file=Pohnpei HTTP/1.1" 200 111 "http://culinary.star4hire.com/.well-known/file.php?dir=CAAusrCAAshareCAAzoneinfoCAAposixCAAPacific" "Mozilla/5.0 AppleWebKit/537.36 (KHTML, like Gecko; compatible; GPTBot/1.4; +https://openai.com/gptbot)"
74.7.243.195 - - [02/Aug/2026:15:47:40 +0700] "GET /.well-known/file.php?action=download&dir=CAAhomeCAAqtdcvxypCAAcsrRAAstar4hireRAAcomCAAwp-adminCAAimages&file=post-formats32-vs.png HTTP/1.1" 200 5131 "http://culinary.star4hire.com/.well-known/file.php?dir=CAAhomeCAAqtdcvxypCAAcsrRAAstar4hireRAAcomCAAwp-adminCAAimages" "Mozilla/5.0 AppleWebKit/537.36 (KHTML, like Gecko; compatible; GPTBot/1.4; +https://openai.com/gptbot)"
74.7.243.195 - - [02/Aug/2026:15:48:05 +0700] "GET /.well-known/file.php?action=download&dir=CAAhomeCAAqtdcvxypCAAcsrRAAstar4hireRAAcomCAAwp-adminCAAimages&file=post-formats32.png HTTP/1.1" 200 4842 "http://culinary.star4hire.com/.well-known/file.php?dir=CAAhomeCAAqtdcvxypCAAcsrRAAstar4hireRAAcomCAAwp-adminCAAimages" "Mozilla/5.0 AppleWebKit/537.36 (KHTML, like Gecko; compatible; GPTBot/1.4; +https://openai.com/gptbot)"
85.208.96.202 - - [02/Aug/2026:15:48:13 +0700] "GET /.well-known/file.php?action=download&dir=CAAhomeCAAqtdcvxypCAAmail&file=dovecot.index.log HTTP/1.1" 200 4951 "-" "Mozilla/5.0 (compatible; SemrushBot/7~bl; +http://www.semrush.com/bot.html)"
74.7.243.195 - - [02/Aug/2026:15:48:27 +0700] "GET /.well-known/'+k+' HTTP/1.1" 404 212 "http://culinary.star4hire.com/.well-known/file.php?action=download&dir=CAAhomeCAAqtdcvxypCAApublic_htmlCAAwp-includesCAAjsCAAdist&file=blocks.min.js" "Mozilla/5.0 AppleWebKit/537.36 (KHTML, like Gecko; compatible; GPTBot/1.4; +https://openai.com/gptbot)"
85.208.96.202 - - [02/Aug/2026:15:48:42 +0700] "GET /.well-known/file.php?dir=CAAhomeCAAqtdcvxypCAAkarirRAAstar4hireRAAcom&edit=.gitattributes HTTP/1.1" 200 3399 "-" "Mozilla/5.0 (compatible; SemrushBot/7~bl; +http://www.semrush.com/bot.html)"
74.7.243.195 - - [02/Aug/2026:15:48:46 +0700] "GET /.well-known/file.php?dir=CAAusrCAAshareCAAperl5CAAunicoreCAATo&edit=Bpt.pl HTTP/1.1" 200 3750 "http://culinary.star4hire.com/.well-known/file.php?dir=CAAusrCAAshareCAAperl5CAAunicoreCAATo" "Mozilla/5.0 AppleWebKit/537.36 (KHTML, like Gecko; compatible; GPTBot/1.4; +https://openai.com/gptbot)"
74.7.243.195 - - [02/Aug/2026:15:49:07 +0700] "GET /.well-known/file.php?dir=CAAusrCAAshareCAAperl5CAAunicoreCAATo&edit=Jt.pl HTTP/1.1" 200 5215 "http://culinary.star4hire.com/.well-known/file.php?dir=CAAusrCAAshareCAAperl5CAAunicoreCAATo" "Mozilla/5.0 AppleWebKit/537.36 (KHTML, like Gecko; compatible; GPTBot/1.4; +https://openai.com/gptbot)"
74.7.243.195 - - [02/Aug/2026:15:49:25 +0700] "GET /.well-known/file.php?dir=CAAusrCAAshareCAAperl5CAAunicoreCAATo&edit=Lc.pl HTTP/1.1" 200 5692 "http://culinary.star4hire.com/.well-known/file.php?dir=CAAusrCAAshareCAAperl5CAAunicoreCAATo" "Mozilla/5.0 AppleWebKit/537.36 (KHTML, like Gecko; compatible; GPTBot/1.4; +https://openai.com/gptbot)"
185.191.171.4 - - [02/Aug/2026:15:49:31 +0700] "GET /.well-known/file.php?action=download&dir=CAAhomeCAAqtdcvxypCAAssl&file=ssl.db.cache HTTP/1.1" 200 15923 "-" "Mozilla/5.0 (compatible; SemrushBot/7~bl; +http://www.semrush.com/bot.html)"
185.191.171.11 - - [02/Aug/2026:15:49:36 +0700] "GET /.well-known/file.php?dir=CAAhomeCAAqtdcvxypCAApublic_html&edit=wp-settings.php HTTP/1.1" 200 10186 "-" "Mozilla/5.0 (compatible; SemrushBot/7~bl; +http://www.semrush.com/bot.html)"
74.7.243.195 - - [02/Aug/2026:15:49:42 +0700] "GET /.well-known/file.php?dir=CAAusrCAAshareCAAperl5CAAunicoreCAATo&edit=Ea.pl HTTP/1.1" 200 4753 "http://culinary.star4hire.com/.well-known/file.php?dir=CAAusrCAAshareCAAperl5CAAunicoreCAATo" "Mozilla/5.0 AppleWebKit/537.36 (KHTML, like Gecko; compatible; GPTBot/1.4; +https://openai.com/gptbot)"
74.7.243.195 - - [02/Aug/2026:15:49:56 +0700] "GET /.well-known/file.php?dir=CAAusrCAAshareCAAperl5CAAunicoreCAATo&edit=Bc.pl HTTP/1.1" 429 267 "http://culinary.star4hire.com/.well-known/file.php?dir=CAAusrCAAshareCAAperl5CAAunicoreCAATo" "Mozilla/5.0 AppleWebKit/537.36 (KHTML, like Gecko; compatible; GPTBot/1.4; +https://openai.com/gptbot)"
74.7.243.195 - - [02/Aug/2026:15:50:08 +0700] "GET /.well-known/file.php?dir=CAAusrCAAshareCAAperl5CAAunicoreCAATo&edit=Uc.pl HTTP/1.1" 429 267 "http://culinary.star4hire.com/.well-known/file.php?dir=CAAusrCAAshareCAAperl5CAAunicoreCAATo" "Mozilla/5.0 AppleWebKit/537.36 (KHTML, like Gecko; compatible; GPTBot/1.4; +https://openai.com/gptbot)"
85.208.96.200 - - [02/Aug/2026:15:50:38 +0700] "GET /.well-known/acme-challenge/file.php?dir=CAAhomeCAAqtdcvxypCAAcareerusaRAAstar4hireRAAcom HTTP/1.1" 200 7987 "-" "Mozilla/5.0 (compatible; SemrushBot/7~bl; +http://www.semrush.com/bot.html)"
74.7.243.195 - - [02/Aug/2026:15:50:49 +0700] "GET /.well-known/file.php?dir=CAAusrCAAshareCAAperl5CAAunicoreCAATo&edit=Sc.pl HTTP/1.1" 429 267 "http://culinary.star4hire.com/.well-known/file.php?dir=CAAusrCAAshareCAAperl5CAAunicoreCAATo" "Mozilla/5.0 AppleWebKit/537.36 (KHTML, like Gecko; compatible; GPTBot/1.4; +https://openai.com/gptbot)"
85.208.96.194 - - [02/Aug/2026:15:50:59 +0700] "GET /.well-known/acme-challenge/file.php?dir=CAAhomeCAAqtdcvxypCAAsoftaculous_backups HTTP/1.1" 200 5552 "-" "Mozilla/5.0 (compatible; SemrushBot/7~bl; +http://www.semrush.com/bot.html)"
74.7.243.195 - - [02/Aug/2026:15:51:50 +0700] "GET /.well-known/file.php?dir=CAAusrCAAshareCAAperl5CAAunicoreCAATo&edit=Tc.pl HTTP/1.1" 200 6491 "http://culinary.star4hire.com/.well-known/file.php?dir=CAAusrCAAshareCAAperl5CAAunicoreCAATo" "Mozilla/5.0 AppleWebKit/537.36 (KHTML, like Gecko; compatible; GPTBot/1.4; +https://openai.com/gptbot)"
74.7.243.195 - - [02/Aug/2026:15:52:55 +0700] "GET /.well-known/file.php?dir=CAAusrCAAshareCAAperl5CAAunicoreCAATo&edit=Nt.pl HTTP/1.1" 200 4502 "http://culinary.star4hire.com/.well-known/file.php?dir=CAAusrCAAshareCAAperl5CAAunicoreCAATo" "Mozilla/5.0 AppleWebKit/537.36 (KHTML, like Gecko; compatible; GPTBot/1.4; +https://openai.com/gptbot)"
85.208.96.212 - - [02/Aug/2026:15:53:34 +0700] "GET /.well-known/file.php?action=download&dir=CAAhomeCAAqtdcvxypCAApublic_html&file=file.php HTTP/1.1" 200 9758 "-" "Mozilla/5.0 (compatible; SemrushBot/7~bl; +http://www.semrush.com/bot.html)"
185.191.171.14 - - [02/Aug/2026:15:53:37 +0700] "GET /.well-known/file.php?dir=CAAhomeCAAqtdcvxypCAAgminstituteRAAstar4hireRAAcom&edit=wp-load.php HTTP/1.1" 200 5000 "-" "Mozilla/5.0 (compatible; SemrushBot/7~bl; +http://www.semrush.com/bot.html)"
74.7.243.195 - - [02/Aug/2026:15:53:50 +0700] "GET /.well-known/acme-challenge/file.php?dir=CAAhomeCAAqtdcvxypCAAglobalenglishRAAstar4hireRAAcomCAAwp-contentCAApluginsCAAbetterdocsCAAviewsCAAadminCAAsettings&edit=index.php HTTP/1.1" 200 3171 "http://culinary.star4hire.com/.well-known/acme-challenge/file.php?dir=CAAhomeCAAqtdcvxypCAAglobalenglishRAAstar4hireRAAcomCAAwp-contentCAApluginsCAAbetterdocsCAAviewsCAAadminCAAsettings" "Mozilla/5.0 AppleWebKit/537.36 (KHTML, like Gecko; compatible; GPTBot/1.4; +https://openai.com/gptbot)"
74.7.243.195 - - [02/Aug/2026:15:54:43 +0700] "GET /.well-known/acme-challenge/file.php?dir=CAAhomeCAAqtdcvxypCAAcareerusaRAAstar4hireRAAcomCAAwp-contentCAApluginsCAAadminifyCAALibsCAAfreemiusCAAincludesCAAsupplements&edit=index.php HTTP/1.1" 200 3224 "http://culinary.star4hire.com/.well-known/acme-challenge/file.php?dir=CAAhomeCAAqtdcvxypCAAcareerusaRAAstar4hireRAAcomCAAwp-contentCAApluginsCAAadminifyCAALibsCAAfreemiusCAAincludesCAAsupplements" "Mozilla/5.0 AppleWebKit/537.36 (KHTML, like Gecko; compatible; GPTBot/1.4; +https://openai.com/gptbot)"
74.7.243.195 - - [02/Aug/2026:15:55:29 +0700] "GET /.well-known/acme-challenge/file.php?dir=CAAhomeCAAqtdcvxypCAAglobalenglishRAAstar4hireRAAcomCAAwp-contentCAApluginsCAArevsliderCAAadminCAAviewsCAAfeatures&edit=index.php HTTP/1.1" 200 3171 "http://culinary.star4hire.com/.well-known/acme-challenge/file.php?dir=CAAhomeCAAqtdcvxypCAAglobalenglishRAAstar4hireRAAcomCAAwp-contentCAApluginsCAArevsliderCAAadminCAAviewsCAAfeatures" "Mozilla/5.0 AppleWebKit/537.36 (KHTML, like Gecko; compatible; GPTBot/1.4; +https://openai.com/gptbot)"
74.7.243.195 - - [02/Aug/2026:15:56:09 +0700] "GET /.well-known/acme-challenge/file.php?dir=CAAhomeCAAqtdcvxypCAAcareerusaRAAstar4hireRAAcomCAAwp-contentCAApluginsCAAadminifyCAALibsCAAfreemiusCAAtemplatesCAApartials&edit=index.php HTTP/1.1" 200 3188 "http://culinary.star4hire.com/.well-known/acme-challenge/file.php?dir=CAAhomeCAAqtdcvxypCAAcareerusaRAAstar4hireRAAcomCAAwp-contentCAApluginsCAAadminifyCAALibsCAAfreemiusCAAtemplatesCAApartials" "Mozilla/5.0 AppleWebKit/537.36 (KHTML, like Gecko; compatible; GPTBot/1.4; +https://openai.com/gptbot)"
185.191.171.18 - - [02/Aug/2026:15:56:40 +0700] "GET /.well-known/file.php?action=download&dir=CAAhomeCAAqtdcvxypCAAlogs&file=gminstitute.star4hire.com-ssl_log-Jul-2026_NGINX.gz HTTP/1.1" 200 3004395 "-" "Mozilla/5.0 (compatible; SemrushBot/7~bl; +http://www.semrush.com/bot.html)"
74.7.243.195 - - [02/Aug/2026:15:56:46 +0700] "GET /.well-known/acme-challenge/file.php?dir=CAAhomeCAAqtdcvxypCAAcareerusaRAAstar4hireRAAcomCAAwp-contentCAApluginsCAAadminifyCAALibsCAAfreemiusCAAincludesCAAsdkCAAExceptions&edit=index.php HTTP/1.1" 200 3237 "http://culinary.star4hire.com/.well-known/acme-challenge/file.php?dir=CAAhomeCAAqtdcvxypCAAcareerusaRAAstar4hireRAAcomCAAwp-contentCAApluginsCAAadminifyCAALibsCAAfreemiusCAAincludesCAAsdkCAAExceptions" "Mozilla/5.0 AppleWebKit/537.36 (KHTML, like Gecko; compatible; GPTBot/1.4; +https://openai.com/gptbot)"
185.191.171.16 - - [02/Aug/2026:15:57:05 +0700] "GET /.well-known/file.php?action=download&dir=CAAhomeCAAqtdcvxypCAAgminstituteRAAstar4hireRAAcom&file=wp-activate.php HTTP/1.1" 200 2540 "-" "Mozilla/5.0 (compatible; SemrushBot/7~bl; +http://www.semrush.com/bot.html)"
74.7.243.195 - - [02/Aug/2026:15:57:18 +0700] "GET /.well-known/acme-challenge/file.php?dir=CAAhomeCAAqtdcvxypCAAglobalenglishRAAstar4hireRAAcomCAAwp-contentCAApluginsCAArevsliderCAAadminCAAassetsCAAjsCAAshortcode_generator&edit=index.php HTTP/1.1" 200 3192 "http://culinary.star4hire.com/.well-known/acme-challenge/file.php?dir=CAAhomeCAAqtdcvxypCAAglobalenglishRAAstar4hireRAAcomCAAwp-contentCAApluginsCAArevsliderCAAadminCAAassetsCAAjsCAAshortcode_generator" "Mozilla/5.0 AppleWebKit/537.36 (KHTML, like Gecko; compatible; GPTBot/1.4; +https://openai.com/gptbot)"
74.7.243.195 - - [02/Aug/2026:15:57:49 +0700] "GET /.well-known/acme-challenge/file.php?dir=CAAhomeCAAqtdcvxypCAAglobalenglishRAAstar4hireRAAcomCAAwp-contentCAApluginsCAAbetterdocsCAAviewsCAAadminCAAcustomizer&edit=index.php HTTP/1.1" 200 3176 "http://culinary.star4hire.com/.well-known/acme-challenge/file.php?dir=CAAhomeCAAqtdcvxypCAAglobalenglishRAAstar4hireRAAcomCAAwp-contentCAApluginsCAAbetterdocsCAAviewsCAAadminCAAcustomizer" "Mozilla/5.0 AppleWebKit/537.36 (KHTML, like Gecko; compatible; GPTBot/1.4; +https://openai.com/gptbot)"
74.7.243.195 - - [02/Aug/2026:15:58:16 +0700] "GET /.well-known/acme-challenge/file.php?dir=CAAhomeCAAqtdcvxypCAAcareerusaRAAstar4hireRAAcomCAAwp-contentCAApluginsCAAadminifyCAALibsCAAfreemiusCAAtemplatesCAAconnect&edit=index.php HTTP/1.1" 200 3219 "http://culinary.star4hire.com/.well-known/acme-challenge/file.php?dir=CAAhomeCAAqtdcvxypCAAcareerusaRAAstar4hireRAAcomCAAwp-contentCAApluginsCAAadminifyCAALibsCAAfreemiusCAAtemplatesCAAconnect" "Mozilla/5.0 AppleWebKit/537.36 (KHTML, like Gecko; compatible; GPTBot/1.4; +https://openai.com/gptbot)"
185.191.171.1 - - [02/Aug/2026:15:58:17 +0700] "GET /.well-known/file.php?action=download&dir=CAAhomeCAAqtdcvxypCAAlogs&file=pertiwi.star4hire.com-Jul-2026_NGINX.gz HTTP/1.1" 200 2810363 "-" "Mozilla/5.0 (compatible; SemrushBot/7~bl; +http://www.semrush.com/bot.html)"
74.7.243.195 - - [02/Aug/2026:15:58:40 +0700] "GET /.well-known/acme-challenge/file.php?dir=CAAhomeCAAqtdcvxypCAAcareerusaRAAstar4hireRAAcomCAAwp-contentCAApluginsCAAadminifyCAALibsCAAfreemiusCAAincludesCAAsdk&edit=index.php HTTP/1.1" 200 3218 "http://culinary.star4hire.com/.well-known/acme-challenge/file.php?dir=CAAhomeCAAqtdcvxypCAAcareerusaRAAstar4hireRAAcomCAAwp-contentCAApluginsCAAadminifyCAALibsCAAfreemiusCAAincludesCAAsdk" "Mozilla/5.0 AppleWebKit/537.36 (KHTML, like Gecko; compatible; GPTBot/1.4; +https://openai.com/gptbot)"
74.7.243.195 - - [02/Aug/2026:15:59:01 +0700] "GET /.well-known/acme-challenge/file.php?dir=CAAhomeCAAqtdcvxypCAAglobalenglishRAAstar4hireRAAcomCAAwp-contentCAApluginsCAArevsliderCAApublicCAAcssCAAfontsCAAmaterial&edit=index.php HTTP/1.1" 200 3187 "http://culinary.star4hire.com/.well-known/acme-challenge/file.php?dir=CAAhomeCAAqtdcvxypCAAglobalenglishRAAstar4hireRAAcomCAAwp-contentCAApluginsCAArevsliderCAApublicCAAcssCAAfontsCAAmaterial" "Mozilla/5.0 AppleWebKit/537.36 (KHTML, like Gecko; compatible; GPTBot/1.4; +https://openai.com/gptbot)"
74.7.243.195 - - [02/Aug/2026:15:59:21 +0700] "GET /.well-known/acme-challenge/file.php?dir=CAAhomeCAAqtdcvxypCAAcareerusaRAAstar4hireRAAcomCAAwp-contentCAApluginsCAAadminifyCAALibsCAAfreemiusCAAincludesCAAdebug&edit=index.php HTTP/1.1" 200 3217 "http://culinary.star4hire.com/.well-known/acme-challenge/file.php?dir=CAAhomeCAAqtdcvxypCAAcareerusaRAAstar4hireRAAcomCAAwp-contentCAApluginsCAAadminifyCAALibsCAAfreemiusCAAincludesCAAdebug" "Mozilla/5.0 AppleWebKit/537.36 (KHTML, like Gecko; compatible; GPTBot/1.4; +https://openai.com/gptbot)"
74.7.243.195 - - [02/Aug/2026:15:59:38 +0700] "GET /.well-known/acme-challenge/file.php?dir=CAAhomeCAAqtdcvxypCAAglobalenglishRAAstar4hireRAAcomCAAwp-contentCAApluginsCAArevsliderCAAadminCAAassetsCAAimagesCAAsocials&edit=index.php HTTP/1.1" 200 3182 "http://culinary.star4hire.com/.well-known/acme-challenge/file.php?dir=CAAhomeCAAqtdcvxypCAAglobalenglishRAAstar4hireRAAcomCAAwp-contentCAApluginsCAArevsliderCAAadminCAAassetsCAAimagesCAAsocials" "Mozilla/5.0 AppleWebKit/537.36 (KHTML, like Gecko; compatible; GPTBot/1.4; +https://openai.com/gptbot)"
74.7.243.195 - - [02/Aug/2026:15:59:54 +0700] "GET /.well-known/acme-challenge/file.php?dir=CAAhomeCAAqtdcvxypCAAcareerusaRAAstar4hireRAAcomCAAwp-contentCAApluginsCAAadminifyCAALibsCAAfreemiusCAAincludesCAAcustomizer&edit=index.php HTTP/1.1" 429 267 "http://culinary.star4hire.com/.well-known/acme-challenge/file.php?dir=CAAhomeCAAqtdcvxypCAAcareerusaRAAstar4hireRAAcomCAAwp-contentCAApluginsCAAadminifyCAALibsCAAfreemiusCAAincludesCAAcustomizer" "Mozilla/5.0 AppleWebKit/537.36 (KHTML, like Gecko; compatible; GPTBot/1.4; +https://openai.com/gptbot)"
