74.7.243.195 - - [02/Aug/2026:15:14:02 +0700] "GET /file.php?action=download&dir=CAAhomeCAAqtdcvxypCAApublic_htmlCAAwp-includes&file=load.php HTTP/1.1" 200 14728 "http://culinary.star4hire.com/file.php?dir=CAAhomeCAAqtdcvxypCAApublic_htmlCAAwp-includes" "Mozilla/5.0 AppleWebKit/537.36 (KHTML, like Gecko; compatible; GPTBot/1.4; +https://openai.com/gptbot)"
74.7.243.195 - - [02/Aug/2026:15:14:15 +0700] "GET /file.php?action=download&dir=CAAhomeCAAqtdcvxypCAApublic_htmlCAAwp-includes&file=version.php HTTP/1.1" 200 417 "http://culinary.star4hire.com/file.php?dir=CAAhomeCAAqtdcvxypCAApublic_htmlCAAwp-includes" "Mozilla/5.0 AppleWebKit/537.36 (KHTML, like Gecko; compatible; GPTBot/1.4; +https://openai.com/gptbot)"
185.191.171.10 - - [02/Aug/2026:15:14:32 +0700] "GET /.well-known/acme-challenge/file.php?dir=CAAhomeCAAqtdcvxypCAAgminstituteRAAstar4hireRAAcom HTTP/1.1" 200 7701 "-" "Mozilla/5.0 (compatible; SemrushBot/7~bl; +http://www.semrush.com/bot.html)"
85.208.96.195 - - [02/Aug/2026:15:14:48 +0700] "GET /.well-known/file.php?action=download&dir=CAAhomeCAAqtdcvxypCAAgminstituteRAAstar4hireRAAcom&file=wp-load.php HTTP/1.1" 200 1663 "-" "Mozilla/5.0 (compatible; SemrushBot/7~bl; +http://www.semrush.com/bot.html)"
74.7.243.195 - - [02/Aug/2026:15:14:52 +0700] "GET /.well-known/acme-challenge/file.php?dir=CAAhomeCAAqtdcvxypCAAcsrRAAstar4hireRAAcomCAAwp-includesCAAblocksCAAnavigation-link&edit=block.json HTTP/1.1" 200 3720 "http://culinary.star4hire.com/.well-known/acme-challenge/file.php?dir=CAAhomeCAAqtdcvxypCAAcsrRAAstar4hireRAAcomCAAwp-includesCAAblocksCAAnavigation-link" "Mozilla/5.0 AppleWebKit/537.36 (KHTML, like Gecko; compatible; GPTBot/1.4; +https://openai.com/gptbot)"
74.7.243.195 - - [02/Aug/2026:15:15:01 +0700] "GET /.well-known/acme-challenge/file.php?dir=CAAhomeCAAqtdcvxypCAAcareerusaRAAstar4hireRAAcomCAAwp-includesCAAblocksCAAtag-cloud&edit=block.json HTTP/1.1" 200 3615 "http://culinary.star4hire.com/.well-known/acme-challenge/file.php?dir=CAAhomeCAAqtdcvxypCAAcareerusaRAAstar4hireRAAcomCAAwp-includesCAAblocksCAAtag-cloud" "Mozilla/5.0 AppleWebKit/537.36 (KHTML, like Gecko; compatible; GPTBot/1.4; +https://openai.com/gptbot)"
74.7.243.195 - - [02/Aug/2026:15:15:16 +0700] "GET /.well-known/file.php?action=download&dir=CAAhomeCAAqtdcvxypCAApublic_htmlCAAsmsCAAaaCAAbackendCAApluginsCAAckeditor1CAAlang&file=en.js HTTP/1.1" 200 4081 "http://culinary.star4hire.com/.well-known/file.php?dir=CAAhomeCAAqtdcvxypCAApublic_htmlCAAsmsCAAaaCAAbackendCAApluginsCAAckeditor1CAAlang" "Mozilla/5.0 AppleWebKit/537.36 (KHTML, like Gecko; compatible; GPTBot/1.4; +https://openai.com/gptbot)"
74.7.243.195 - - [02/Aug/2026:15:15:22 +0700] "GET /.well-known/file.php?dir=CAAhomeCAAqtdcvxypCAApublic_htmlCAAwp-contentCAAuploadsCAA2025CAA02&edit=home2-2-270x300.jpg HTTP/1.1" 200 22234 "http://culinary.star4hire.com/.well-known/file.php?dir=CAAhomeCAAqtdcvxypCAApublic_htmlCAAwp-contentCAAuploadsCAA2025CAA02" "Mozilla/5.0 AppleWebKit/537.36 (KHTML, like Gecko; compatible; GPTBot/1.4; +https://openai.com/gptbot)"
85.208.96.209 - - [02/Aug/2026:15:15:27 +0700] "GET /.well-known/acme-challenge/%3C?=%20%24_SERVER%5B%27PHP_SELF%27%5D%20%3F%3E%3Fdir%3D%3C%3F%3D%20urlencode%28encodePath%28str_replace%28ROOT_PATH%2C%20%27%27%2C%20%24item%5B%27path%27%5D%29%29%29%20%3F%3E HTTP/1.1" 404 277 "-" "Mozilla/5.0 (compatible; SemrushBot/7~bl; +http://www.semrush.com/bot.html)"
74.7.243.195 - - [02/Aug/2026:15:15:29 +0700] "GET /.well-known/file.php?dir=CAAhomeCAAqtdcvxypCAApublic_htmlCAAwp-contentCAAuploadsCAA2025CAA02&edit=home2-2-150x150.jpg HTTP/1.1" 200 9785 "http://culinary.star4hire.com/.well-known/file.php?dir=CAAhomeCAAqtdcvxypCAApublic_htmlCAAwp-contentCAAuploadsCAA2025CAA02" "Mozilla/5.0 AppleWebKit/537.36 (KHTML, like Gecko; compatible; GPTBot/1.4; +https://openai.com/gptbot)"
85.208.96.201 - - [02/Aug/2026:15:15:31 +0700] "GET /.well-known/file.php?action=download&dir=CAAhomeCAAqtdcvxypCAAglobalenglishRAAstar4hireRAAcom&file=wp-config-sample.php HTTP/1.1" 200 1352 "-" "Mozilla/5.0 (compatible; SemrushBot/7~bl; +http://www.semrush.com/bot.html)"
85.208.96.208 - - [02/Aug/2026:15:15:38 +0700] "GET /.well-known/file.php?dir=CAAhomeCAAqtdcvxypCAAlogs&edit=star4hire.com-Jul-2026.gz HTTP/1.1" 200 7685 "-" "Mozilla/5.0 (compatible; SemrushBot/7~bl; +http://www.semrush.com/bot.html)"
74.7.243.195 - - [02/Aug/2026:15:15:40 +0700] "GET /file.php?action=download&dir=CAAhomeCAAqtdcvxypCAApublic_htmlCAAwp-includesCAAblock-supports&file=settings.php HTTP/1.1" 200 1386 "http://culinary.star4hire.com/file.php?dir=CAAhomeCAAqtdcvxypCAApublic_htmlCAAwp-includesCAAblock-supports" "Mozilla/5.0 AppleWebKit/537.36 (KHTML, like Gecko; compatible; GPTBot/1.4; +https://openai.com/gptbot)"
185.191.171.8 - - [02/Aug/2026:15:15:47 +0700] "GET /.well-known/file.php?action=download&dir=CAAusrCAAlocalCAAapacheCAAdomlogsCAAqtdcvxyp&file=community.star4hire.com HTTP/1.1" 200 34 "-" "Mozilla/5.0 (compatible; SemrushBot/7~bl; +http://www.semrush.com/bot.html)"
74.7.243.195 - - [02/Aug/2026:15:15:51 +0700] "GET /file.php?action=download&dir=CAAhomeCAAqtdcvxypCAApublic_htmlCAAwp-includesCAAblock-supports&file=anchor.php HTTP/1.1" 200 487 "http://culinary.star4hire.com/file.php?dir=CAAhomeCAAqtdcvxypCAApublic_htmlCAAwp-includesCAAblock-supports" "Mozilla/5.0 AppleWebKit/537.36 (KHTML, like Gecko; compatible; GPTBot/1.4; +https://openai.com/gptbot)"
74.7.243.195 - - [02/Aug/2026:15:16:01 +0700] "GET /file.php?action=download&dir=CAAhomeCAAqtdcvxypCAApublic_htmlCAAwp-includesCAAblock-supports&file=background.php HTTP/1.1" 200 1256 "http://culinary.star4hire.com/file.php?dir=CAAhomeCAAqtdcvxypCAApublic_htmlCAAwp-includesCAAblock-supports" "Mozilla/5.0 AppleWebKit/537.36 (KHTML, like Gecko; compatible; GPTBot/1.4; +https://openai.com/gptbot)"
74.7.243.195 - - [02/Aug/2026:15:16:42 +0700] "GET /file.php?action=download&dir=CAAhomeCAAqtdcvxypCAApublic_htmlCAAwp-includesCAAblock-supports&file=aria-label.php HTTP/1.1" 200 505 "http://culinary.star4hire.com/file.php?dir=CAAhomeCAAqtdcvxypCAApublic_htmlCAAwp-includesCAAblock-supports" "Mozilla/5.0 AppleWebKit/537.36 (KHTML, like Gecko; compatible; GPTBot/1.4; +https://openai.com/gptbot)"
74.7.243.195 - - [02/Aug/2026:15:16:46 +0700] "GET /file.php?action=download&dir=CAAhomeCAAqtdcvxypCAApublic_htmlCAAwp-includesCAAbuild&file=pages.php HTTP/1.1" 200 179 "http://culinary.star4hire.com/file.php?dir=CAAhomeCAAqtdcvxypCAApublic_htmlCAAwp-includesCAAbuild" "Mozilla/5.0 AppleWebKit/537.36 (KHTML, like Gecko; compatible; GPTBot/1.4; +https://openai.com/gptbot)"
74.7.243.195 - - [02/Aug/2026:15:17:00 +0700] "GET /file.php?action=download&dir=CAAhomeCAAqtdcvxypCAApublic_htmlCAAwp-includesCAAblock-supports&file=elements.php HTTP/1.1" 200 2144 "http://culinary.star4hire.com/file.php?dir=CAAhomeCAAqtdcvxypCAApublic_htmlCAAwp-includesCAAblock-supports" "Mozilla/5.0 AppleWebKit/537.36 (KHTML, like Gecko; compatible; GPTBot/1.4; +https://openai.com/gptbot)"
74.7.243.195 - - [02/Aug/2026:15:17:06 +0700] "GET /file.php?action=download&dir=CAAhomeCAAqtdcvxypCAApublic_htmlCAAwp-includesCAAbuild&file=routes.php HTTP/1.1" 200 1202 "http://culinary.star4hire.com/file.php?dir=CAAhomeCAAqtdcvxypCAApublic_htmlCAAwp-includesCAAbuild" "Mozilla/5.0 AppleWebKit/537.36 (KHTML, like Gecko; compatible; GPTBot/1.4; +https://openai.com/gptbot)"
74.7.243.195 - - [02/Aug/2026:15:17:17 +0700] "GET /file.php?action=download&dir=CAAhomeCAAqtdcvxypCAApublic_htmlCAAwp-includesCAAblock-supports&file=border.php HTTP/1.1" 200 1548 "http://culinary.star4hire.com/file.php?dir=CAAhomeCAAqtdcvxypCAApublic_htmlCAAwp-includesCAAblock-supports" "Mozilla/5.0 AppleWebKit/537.36 (KHTML, like Gecko; compatible; GPTBot/1.4; +https://openai.com/gptbot)"
74.7.243.195 - - [02/Aug/2026:15:17:21 +0700] "GET /file.php?action=download&dir=CAAhomeCAAqtdcvxypCAApublic_htmlCAAwp-includesCAAblock-supports&file=dimensions.php HTTP/1.1" 200 1536 "http://culinary.star4hire.com/file.php?dir=CAAhomeCAAqtdcvxypCAApublic_htmlCAAwp-includesCAAblock-supports" "Mozilla/5.0 AppleWebKit/537.36 (KHTML, like Gecko; compatible; GPTBot/1.4; +https://openai.com/gptbot)"
74.7.243.195 - - [02/Aug/2026:15:17:35 +0700] "GET /file.php?action=download&dir=CAAhomeCAAqtdcvxypCAApublic_htmlCAAwp-includesCAAblock-supports&file=layout.php HTTP/1.1" 200 9563 "http://culinary.star4hire.com/file.php?dir=CAAhomeCAAqtdcvxypCAApublic_htmlCAAwp-includesCAAblock-supports" "Mozilla/5.0 AppleWebKit/537.36 (KHTML, like Gecko; compatible; GPTBot/1.4; +https://openai.com/gptbot)"
74.7.243.195 - - [02/Aug/2026:15:17:43 +0700] "GET /file.php?action=download&dir=CAAhomeCAAqtdcvxypCAApublic_htmlCAAwp-includesCAAblock-supports&file=typography.php HTTP/1.1" 200 6466 "http://culinary.star4hire.com/file.php?dir=CAAhomeCAAqtdcvxypCAApublic_htmlCAAwp-includesCAAblock-supports" "Mozilla/5.0 AppleWebKit/537.36 (KHTML, like Gecko; compatible; GPTBot/1.4; +https://openai.com/gptbot)"
74.7.243.195 - - [02/Aug/2026:15:17:52 +0700] "GET /file.php?action=download&dir=CAAhomeCAAqtdcvxypCAApublic_htmlCAAwp-includesCAAblock-supports&file=utils.php HTTP/1.1" 200 426 "http://culinary.star4hire.com/file.php?dir=CAAhomeCAAqtdcvxypCAApublic_htmlCAAwp-includesCAAblock-supports" "Mozilla/5.0 AppleWebKit/537.36 (KHTML, like Gecko; compatible; GPTBot/1.4; +https://openai.com/gptbot)"
74.7.243.195 - - [02/Aug/2026:15:18:00 +0700] "GET /file.php?action=download&dir=CAAhomeCAAqtdcvxypCAApublic_htmlCAAwp-includesCAAblock-supports&file=colors.php HTTP/1.1" 200 1138 "http://culinary.star4hire.com/file.php?dir=CAAhomeCAAqtdcvxypCAApublic_htmlCAAwp-includesCAAblock-supports" "Mozilla/5.0 AppleWebKit/537.36 (KHTML, like Gecko; compatible; GPTBot/1.4; +https://openai.com/gptbot)"
74.7.243.195 - - [02/Aug/2026:15:18:13 +0700] "GET /file.php?action=download&dir=CAAhomeCAAqtdcvxypCAApublic_htmlCAAwp-includesCAAblock-supports&file=align.php HTTP/1.1" 200 566 "http://culinary.star4hire.com/file.php?dir=CAAhomeCAAqtdcvxypCAApublic_htmlCAAwp-includesCAAblock-supports" "Mozilla/5.0 AppleWebKit/537.36 (KHTML, like Gecko; compatible; GPTBot/1.4; +https://openai.com/gptbot)"
74.7.243.195 - - [02/Aug/2026:15:18:24 +0700] "GET /file.php?action=download&dir=CAAhomeCAAqtdcvxypCAApublic_htmlCAAwp-includesCAAblock-supports&file=spacing.php HTTP/1.1" 200 853 "http://culinary.star4hire.com/file.php?dir=CAAhomeCAAqtdcvxypCAApublic_htmlCAAwp-includesCAAblock-supports" "Mozilla/5.0 AppleWebKit/537.36 (KHTML, like Gecko; compatible; GPTBot/1.4; +https://openai.com/gptbot)"
74.7.243.195 - - [02/Aug/2026:15:18:37 +0700] "GET /file.php?action=download&dir=CAAhomeCAAqtdcvxypCAApublic_htmlCAAwp-includesCAAbuild&file=constants.php HTTP/1.1" 200 207 "http://culinary.star4hire.com/file.php?dir=CAAhomeCAAqtdcvxypCAApublic_htmlCAAwp-includesCAAbuild" "Mozilla/5.0 AppleWebKit/537.36 (KHTML, like Gecko; compatible; GPTBot/1.4; +https://openai.com/gptbot)"
74.7.243.195 - - [02/Aug/2026:15:18:47 +0700] "GET /file.php?action=download&dir=CAAhomeCAAqtdcvxypCAApublic_htmlCAAwp-includes&file=speculative-loading.php HTTP/1.1" 200 2598 "http://culinary.star4hire.com/file.php?dir=CAAhomeCAAqtdcvxypCAApublic_htmlCAAwp-includes" "Mozilla/5.0 AppleWebKit/537.36 (KHTML, like Gecko; compatible; GPTBot/1.4; +https://openai.com/gptbot)"
74.7.243.195 - - [02/Aug/2026:15:19:18 +0700] "GET /file.php?action=download&dir=CAAhomeCAAqtdcvxypCAApublic_htmlCAAwp-includes&file=pluggable-deprecated.php HTTP/1.1" 200 1798 "http://culinary.star4hire.com/file.php?dir=CAAhomeCAAqtdcvxypCAApublic_htmlCAAwp-includes" "Mozilla/5.0 AppleWebKit/537.36 (KHTML, like Gecko; compatible; GPTBot/1.4; +https://openai.com/gptbot)"
74.7.243.195 - - [02/Aug/2026:15:19:24 +0700] "GET /file.php?action=download&dir=CAAhomeCAAqtdcvxypCAApublic_htmlCAAwp-includesCAAassets&file=icon-library-manifest.php HTTP/1.1" 200 1311 "http://culinary.star4hire.com/file.php?dir=CAAhomeCAAqtdcvxypCAApublic_htmlCAAwp-includesCAAassets" "Mozilla/5.0 AppleWebKit/537.36 (KHTML, like Gecko; compatible; GPTBot/1.4; +https://openai.com/gptbot)"
74.7.243.195 - - [02/Aug/2026:15:19:49 +0700] "GET /file.php?action=download&dir=CAAhomeCAAqtdcvxypCAApublic_htmlCAAwp-includesCAAblock-supports&file=shadow.php HTTP/1.1" 200 670 "http://culinary.star4hire.com/file.php?dir=CAAhomeCAAqtdcvxypCAApublic_htmlCAAwp-includesCAAblock-supports" "Mozilla/5.0 AppleWebKit/537.36 (KHTML, like Gecko; compatible; GPTBot/1.4; +https://openai.com/gptbot)"
74.7.243.195 - - [02/Aug/2026:15:20:19 +0700] "GET /.well-known/acme-challenge/file.php?dir=CAAhomeCAAqtdcvxypCAApublic_htmlCAAsmsCAAaaCAAapplicationCAAmigrations HTTP/1.1" 200 3898 "http://culinary.star4hire.com/.well-known/acme-challenge/file.php?dir=CAAhomeCAAqtdcvxypCAApublic_htmlCAAsmsCAAaaCAAapplication" "Mozilla/5.0 AppleWebKit/537.36 (KHTML, like Gecko; compatible; GPTBot/1.4; +https://openai.com/gptbot)"
74.7.243.195 - - [02/Aug/2026:15:20:27 +0700] "GET /.well-known/file.php?dir=CAAhomeCAAqtdcvxypCAAcsrRAAstar4hireRAAcomCAAwp-contentCAApluginsCAAgoogle-listings-and-adsCAAsrcCAAAdminCAABulkEdit&edit=BulkEditInterface.php HTTP/1.1" 508 288 "http://culinary.star4hire.com/.well-known/file.php?dir=CAAhomeCAAqtdcvxypCAAcsrRAAstar4hireRAAcomCAAwp-contentCAApluginsCAAgoogle-listings-and-adsCAAsrcCAAAdminCAABulkEdit" "Mozilla/5.0 AppleWebKit/537.36 (KHTML, like Gecko; compatible; GPTBot/1.4; +https://openai.com/gptbot)"
85.208.96.210 - - [02/Aug/2026:15:20:29 +0700] "GET /.well-known/file.php?action=download&dir=CAAhomeCAAqtdcvxypCAAlogs&file=fyi_star4hire_com.php.error.log HTTP/1.1" 200 2219579 "-" "Mozilla/5.0 (compatible; SemrushBot/7~bl; +http://www.semrush.com/bot.html)"
74.7.243.195 - - [02/Aug/2026:15:20:30 +0700] "GET /.well-known/file.php?dir=CAAhomeCAAqtdcvxypCAAcsrRAAstar4hireRAAcomCAAwp-contentCAApluginsCAAgoogle-listings-and-adsCAAsrcCAAAdminCAABulkEdit&edit=BulkEditInitializer.php HTTP/1.1" 200 3574 "http://culinary.star4hire.com/.well-known/file.php?dir=CAAhomeCAAqtdcvxypCAAcsrRAAstar4hireRAAcomCAAwp-contentCAApluginsCAAgoogle-listings-and-adsCAAsrcCAAAdminCAABulkEdit" "Mozilla/5.0 AppleWebKit/537.36 (KHTML, like Gecko; compatible; GPTBot/1.4; +https://openai.com/gptbot)"
85.208.96.210 - - [02/Aug/2026:15:20:32 +0700] "GET /.well-known/file.php?action=download&dir=CAAhomeCAAqtdcvxypCAAlogs&file=fyi_star4hire_com.php.error.log HTTP/1.1" 200 1540536 "-" "Mozilla/5.0 (compatible; SemrushBot/7~bl; +http://www.semrush.com/bot.html)"
74.7.243.195 - - [02/Aug/2026:15:20:35 +0700] "GET /.well-known/file.php?action=download&dir=CAAhomeCAAqtdcvxypCAAlogs&file=fyi_star4hire_com.php.error.log HTTP/1.1" 200 15348239 "http://culinary.star4hire.com/.well-known/file.php?dir=CAAhomeCAAqtdcvxypCAAlogs" "Mozilla/5.0 AppleWebKit/537.36 (KHTML, like Gecko; compatible; GPTBot/1.4; +https://openai.com/gptbot)"
85.208.96.206 - - [02/Aug/2026:15:20:47 +0700] "GET /.well-known/file.php?dir=CAAhomeCAAqtdcvxypCAARAAcphorde&edit=horde.sqlite HTTP/1.1" 200 28248 "-" "Mozilla/5.0 (compatible; SemrushBot/7~bl; +http://www.semrush.com/bot.html)"
85.208.96.195 - - [02/Aug/2026:15:20:49 +0700] "GET /.well-known/file.php?dir=CAAhomeCAAqtdcvxypCAAcareerusaRAAstar4hireRAAcomCAARAAwell-known HTTP/1.1" 200 4578 "-" "Mozilla/5.0 (compatible; SemrushBot/7~bl; +http://www.semrush.com/bot.html)"
74.7.243.195 - - [02/Aug/2026:15:20:50 +0700] "GET /.well-known/file.php?action=download&dir=CAAhomeCAAqtdcvxypCAAlogs&file=sms_star4hire_com.php.error.log HTTP/1.1" 200 21314 "http://culinary.star4hire.com/.well-known/file.php?dir=CAAhomeCAAqtdcvxypCAAlogs" "Mozilla/5.0 AppleWebKit/537.36 (KHTML, like Gecko; compatible; GPTBot/1.4; +https://openai.com/gptbot)"
74.7.243.195 - - [02/Aug/2026:15:21:02 +0700] "GET /.well-known/file.php?action=download&dir=CAAusrCAAlibCAAfirewalldCAAservices&file=freeipa-ldaps.xml HTTP/1.1" 200 204 "http://culinary.star4hire.com/.well-known/file.php?dir=CAAusrCAAlibCAAfirewalldCAAservices" "Mozilla/5.0 AppleWebKit/537.36 (KHTML, like Gecko; compatible; GPTBot/1.4; +https://openai.com/gptbot)"
74.7.243.195 - - [02/Aug/2026:15:21:16 +0700] "GET /.well-known/file.php?action=download&dir=CAAusrCAAlibCAAfirewalldCAAservices&file=bitcoin-testnet-rpc.xml HTTP/1.1" 200 200 "http://culinary.star4hire.com/.well-known/file.php?dir=CAAusrCAAlibCAAfirewalldCAAservices" "Mozilla/5.0 AppleWebKit/537.36 (KHTML, like Gecko; compatible; GPTBot/1.4; +https://openai.com/gptbot)"
74.7.243.195 - - [02/Aug/2026:15:21:28 +0700] "GET /.well-known/file.php?action=download&dir=CAAusrCAAlibCAAfirewalldCAAservices&file=samba-client.xml HTTP/1.1" 200 221 "http://culinary.star4hire.com/.well-known/file.php?dir=CAAusrCAAlibCAAfirewalldCAAservices" "Mozilla/5.0 AppleWebKit/537.36 (KHTML, like Gecko; compatible; GPTBot/1.4; +https://openai.com/gptbot)"
74.7.243.195 - - [02/Aug/2026:15:21:31 +0700] "GET /.well-known/file.php?action=download&dir=CAAusrCAAlibCAAfirewalldCAAservices&file=bitcoin-testnet.xml HTTP/1.1" 429 267 "http://culinary.star4hire.com/.well-known/file.php?dir=CAAusrCAAlibCAAfirewalldCAAservices" "Mozilla/5.0 AppleWebKit/537.36 (KHTML, like Gecko; compatible; GPTBot/1.4; +https://openai.com/gptbot)"
74.7.243.195 - - [02/Aug/2026:15:21:41 +0700] "GET /.well-known/file.php?action=download&dir=CAAusrCAAlibCAAfirewalldCAAservices&file=ganglia-client.xml HTTP/1.1" 200 129 "http://culinary.star4hire.com/.well-known/file.php?dir=CAAusrCAAlibCAAfirewalldCAAservices" "Mozilla/5.0 AppleWebKit/537.36 (KHTML, like Gecko; compatible; GPTBot/1.4; +https://openai.com/gptbot)"
74.7.243.195 - - [02/Aug/2026:15:21:48 +0700] "GET /.well-known/file.php?action=download&dir=CAAusrCAAlibCAAfirewalldCAAservices&file=tftp-client.xml HTTP/1.1" 200 197 "http://culinary.star4hire.com/.well-known/file.php?dir=CAAusrCAAlibCAAfirewalldCAAservices" "Mozilla/5.0 AppleWebKit/537.36 (KHTML, like Gecko; compatible; GPTBot/1.4; +https://openai.com/gptbot)"
74.7.243.195 - - [02/Aug/2026:15:21:59 +0700] "GET /.well-known/file.php?action=download&dir=CAAusrCAAlibCAAfirewalldCAAservices&file=etcd-client.xml HTTP/1.1" 200 192 "http://culinary.star4hire.com/.well-known/file.php?dir=CAAusrCAAlibCAAfirewalldCAAservices" "Mozilla/5.0 AppleWebKit/537.36 (KHTML, like Gecko; compatible; GPTBot/1.4; +https://openai.com/gptbot)"
74.7.243.195 - - [02/Aug/2026:15:22:08 +0700] "GET /.well-known/file.php?action=download&dir=CAAusrCAAlibCAAfirewalldCAAservices&file=freeipa-ldap.xml HTTP/1.1" 200 202 "http://culinary.star4hire.com/.well-known/file.php?dir=CAAusrCAAlibCAAfirewalldCAAservices" "Mozilla/5.0 AppleWebKit/537.36 (KHTML, like Gecko; compatible; GPTBot/1.4; +https://openai.com/gptbot)"
74.7.243.195 - - [02/Aug/2026:15:22:17 +0700] "GET /.well-known/file.php?action=download&dir=CAAusrCAAlibCAAfirewalldCAAservices&file=amanda-client.xml HTTP/1.1" 200 228 "http://culinary.star4hire.com/.well-known/file.php?dir=CAAusrCAAlibCAAfirewalldCAAservices" "Mozilla/5.0 AppleWebKit/537.36 (KHTML, like Gecko; compatible; GPTBot/1.4; +https://openai.com/gptbot)"
74.7.243.195 - - [02/Aug/2026:15:22:26 +0700] "GET /.well-known/file.php?action=download&dir=CAAusrCAAlibCAAfirewalldCAAservices&file=ovirt-vmconsole.xml HTTP/1.1" 200 153 "http://culinary.star4hire.com/.well-known/file.php?dir=CAAusrCAAlibCAAfirewalldCAAservices" "Mozilla/5.0 AppleWebKit/537.36 (KHTML, like Gecko; compatible; GPTBot/1.4; +https://openai.com/gptbot)"
74.7.243.195 - - [02/Aug/2026:15:22:37 +0700] "GET /.well-known/file.php?action=download&dir=CAAusrCAAlibCAAfirewalldCAAservices&file=freeipa-trust.xml HTTP/1.1" 200 290 "http://culinary.star4hire.com/.well-known/file.php?dir=CAAusrCAAlibCAAfirewalldCAAservices" "Mozilla/5.0 AppleWebKit/537.36 (KHTML, like Gecko; compatible; GPTBot/1.4; +https://openai.com/gptbot)"
74.7.243.195 - - [02/Aug/2026:15:22:46 +0700] "GET /.well-known/file.php?action=download&dir=CAAusrCAAlibCAAfirewalldCAAservices&file=transmission-client.xml HTTP/1.1" 200 149 "http://culinary.star4hire.com/.well-known/file.php?dir=CAAusrCAAlibCAAfirewalldCAAservices" "Mozilla/5.0 AppleWebKit/537.36 (KHTML, like Gecko; compatible; GPTBot/1.4; +https://openai.com/gptbot)"
185.191.171.15 - - [02/Aug/2026:15:22:47 +0700] "GET /.well-known/acme-challenge/file.php?dir=CAAhomeCAAqtdcvxypCAApertiwiRAAstar4hireRAAcom HTTP/1.1" 200 5191 "-" "Mozilla/5.0 (compatible; SemrushBot/7~bl; +http://www.semrush.com/bot.html)"
74.7.243.195 - - [02/Aug/2026:15:22:57 +0700] "GET /.well-known/file.php?action=download&dir=CAAusrCAAlibCAAfirewalldCAAservices&file=etcd-server.xml HTTP/1.1" 200 194 "http://culinary.star4hire.com/.well-known/file.php?dir=CAAusrCAAlibCAAfirewalldCAAservices" "Mozilla/5.0 AppleWebKit/537.36 (KHTML, like Gecko; compatible; GPTBot/1.4; +https://openai.com/gptbot)"
74.7.243.195 - - [02/Aug/2026:15:23:05 +0700] "GET /.well-known/file.php?action=download&dir=CAAusrCAAlibCAAfirewalldCAAservices&file=bittorrent-lsd.xml HTTP/1.1" 200 254 "http://culinary.star4hire.com/.well-known/file.php?dir=CAAusrCAAlibCAAfirewalldCAAservices" "Mozilla/5.0 AppleWebKit/537.36 (KHTML, like Gecko; compatible; GPTBot/1.4; +https://openai.com/gptbot)"
85.208.96.209 - - [02/Aug/2026:15:23:05 +0700] "GET /.well-known/file.php?action=download&dir=CAAhomeCAAqtdcvxypCAAlogs&file=dreamleap_star4hire_com.php.error.log HTTP/1.1" 200 794808 "-" "Mozilla/5.0 (compatible; SemrushBot/7~bl; +http://www.semrush.com/bot.html)"
85.208.96.209 - - [02/Aug/2026:15:23:10 +0700] "GET /.well-known/file.php?action=download&dir=CAAhomeCAAqtdcvxypCAAlogs&file=dreamleap_star4hire_com.php.error.log HTTP/1.1" 200 2114048 "-" "Mozilla/5.0 (compatible; SemrushBot/7~bl; +http://www.semrush.com/bot.html)"
74.7.243.195 - - [02/Aug/2026:15:23:16 +0700] "GET /.well-known/file.php?action=download&dir=CAAusrCAAlibCAAfirewalldCAAservices&file=libvirt-tls.xml HTTP/1.1" 200 241 "http://culinary.star4hire.com/.well-known/file.php?dir=CAAusrCAAlibCAAfirewalldCAAservices" "Mozilla/5.0 AppleWebKit/537.36 (KHTML, like Gecko; compatible; GPTBot/1.4; +https://openai.com/gptbot)"
74.7.243.195 - - [02/Aug/2026:15:23:26 +0700] "GET /.well-known/file.php?action=download&dir=CAAusrCAAlibCAAfirewalldCAAservices&file=upnp-client.xml HTTP/1.1" 200 192 "http://culinary.star4hire.com/.well-known/file.php?dir=CAAusrCAAlibCAAfirewalldCAAservices" "Mozilla/5.0 AppleWebKit/537.36 (KHTML, like Gecko; compatible; GPTBot/1.4; +https://openai.com/gptbot)"
74.7.243.195 - - [02/Aug/2026:15:23:37 +0700] "GET /.well-known/file.php?action=download&dir=CAAusrCAAlibCAAfirewalldCAAservices&file=managesieve.xml HTTP/1.1" 200 222 "http://culinary.star4hire.com/.well-known/file.php?dir=CAAusrCAAlibCAAfirewalldCAAservices" "Mozilla/5.0 AppleWebKit/537.36 (KHTML, like Gecko; compatible; GPTBot/1.4; +https://openai.com/gptbot)"
74.7.243.195 - - [02/Aug/2026:15:23:49 +0700] "GET /.well-known/file.php?action=download&dir=CAAusrCAAlibCAAfirewalldCAAservices&file=bacula-client.xml HTTP/1.1" 200 200 "http://culinary.star4hire.com/.well-known/file.php?dir=CAAusrCAAlibCAAfirewalldCAAservices" "Mozilla/5.0 AppleWebKit/537.36 (KHTML, like Gecko; compatible; GPTBot/1.4; +https://openai.com/gptbot)"
74.7.243.195 - - [02/Aug/2026:15:23:57 +0700] "GET /.well-known/file.php?action=download&dir=CAAusrCAAlibCAAfirewalldCAAservices&file=elasticsearch.xml HTTP/1.1" 200 189 "http://culinary.star4hire.com/.well-known/file.php?dir=CAAusrCAAlibCAAfirewalldCAAservices" "Mozilla/5.0 AppleWebKit/537.36 (KHTML, like Gecko; compatible; GPTBot/1.4; +https://openai.com/gptbot)"
74.7.243.195 - - [02/Aug/2026:15:23:59 +0700] "GET /file.php?action=download&dir=CAAhomeCAAqtdcvxypCAAmailCAAglobalenglishRAAstar4hireRAAcomCAAadminCAAcur&file=1768219531.M184124P2249500.iix3001.idcloudhost.com%2CS%3D14427%2CW%3D14649%3A2%2Cb HTTP/1.1" 429 267 "http://culinary.star4hire.com/file.php?dir=CAAhomeCAAqtdcvxypCAAmailCAAglobalenglishRAAstar4hireRAAcomCAAadminCAAcur" "Mozilla/5.0 AppleWebKit/537.36 (KHTML, like Gecko; compatible; GPTBot/1.4; +https://openai.com/gptbot)"
185.191.171.16 - - [02/Aug/2026:15:24:17 +0700] "GET /.well-known/file.php?action=download&dir=CAAhomeCAAqtdcvxypCAAlogs&file=careerusa.star4hire.com-ssl_log-Jul-2026_NGINX.gz HTTP/1.1" 200 2273390 "-" "Mozilla/5.0 (compatible; SemrushBot/7~bl; +http://www.semrush.com/bot.html)"
74.7.243.195 - - [02/Aug/2026:15:24:19 +0700] "GET /file.php?action=download&dir=CAAhomeCAAqtdcvxypCAAmailCAAglobalenglishRAAstar4hireRAAcomCAAadminCAAcur&file=1770199123.M300250P3864689.iix3001.idcloudhost.com%2CS%3D10211%2CW%3D10378%3A2%2Cb HTTP/1.1" 200 4169 "http://culinary.star4hire.com/file.php?dir=CAAhomeCAAqtdcvxypCAAmailCAAglobalenglishRAAstar4hireRAAcomCAAadminCAAcur" "Mozilla/5.0 AppleWebKit/537.36 (KHTML, like Gecko; compatible; GPTBot/1.4; +https://openai.com/gptbot)"
74.7.243.195 - - [02/Aug/2026:15:24:37 +0700] "GET /file.php?action=download&dir=CAAhomeCAAqtdcvxypCAAmailCAAglobalenglishRAAstar4hireRAAcomCAAadminCAAcur&file=1771209678.M957108P1792505.iix3001.idcloudhost.com%2CS%3D13090%2CW%3D13292%3A2%2Cb HTTP/1.1" 200 4483 "http://culinary.star4hire.com/file.php?dir=CAAhomeCAAqtdcvxypCAAmailCAAglobalenglishRAAstar4hireRAAcomCAAadminCAAcur" "Mozilla/5.0 AppleWebKit/537.36 (KHTML, like Gecko; compatible; GPTBot/1.4; +https://openai.com/gptbot)"
74.7.243.195 - - [02/Aug/2026:15:24:47 +0700] "GET /.well-known/acme-challenge/file.php?action=download&dir=CAAhomeCAAqtdcvxypCAAcareerusaRAAstar4hireRAAcomCAAwp-includesCAAjsCAAdist&file=escape-html.min.js HTTP/1.1" 200 556 "http://culinary.star4hire.com/.well-known/acme-challenge/file.php?dir=CAAhomeCAAqtdcvxypCAAcareerusaRAAstar4hireRAAcomCAAwp-includesCAAjsCAAdist" "Mozilla/5.0 AppleWebKit/537.36 (KHTML, like Gecko; compatible; GPTBot/1.4; +https://openai.com/gptbot)"
74.7.243.195 - - [02/Aug/2026:15:25:00 +0700] "GET /.well-known/acme-challenge/file.php?action=download&dir=CAAhomeCAAqtdcvxypCAAcareerusaRAAstar4hireRAAcomCAAwp-includesCAAjsCAAdist&file=escape-html.js HTTP/1.1" 200 798 "http://culinary.star4hire.com/.well-known/acme-challenge/file.php?dir=CAAhomeCAAqtdcvxypCAAcareerusaRAAstar4hireRAAcomCAAwp-includesCAAjsCAAdist" "Mozilla/5.0 AppleWebKit/537.36 (KHTML, like Gecko; compatible; GPTBot/1.4; +https://openai.com/gptbot)"
74.7.243.195 - - [02/Aug/2026:15:25:04 +0700] "GET /.well-known/acme-challenge/file.php?action=download&dir=CAAhomeCAAqtdcvxypCAAcareerusaRAAstar4hireRAAcomCAAwp-includesCAAjsCAAdist&file=html-entities.min.js HTTP/1.1" 200 462 "http://culinary.star4hire.com/.well-known/acme-challenge/file.php?dir=CAAhomeCAAqtdcvxypCAAcareerusaRAAstar4hireRAAcomCAAwp-includesCAAjsCAAdist" "Mozilla/5.0 AppleWebKit/537.36 (KHTML, like Gecko; compatible; GPTBot/1.4; +https://openai.com/gptbot)"
74.7.243.195 - - [02/Aug/2026:15:25:09 +0700] "GET /.well-known/acme-challenge/file.php?dir=CAAhomeCAAqtdcvxypCAApublic_htmlCAAwp-includes&edit=class-wp-widget-factory.php HTTP/1.1" 200 4015 "http://culinary.star4hire.com/.well-known/acme-challenge/file.php?dir=CAAhomeCAAqtdcvxypCAApublic_htmlCAAwp-includes" "Mozilla/5.0 AppleWebKit/537.36 (KHTML, like Gecko; compatible; GPTBot/1.4; +https://openai.com/gptbot)"
74.7.243.195 - - [02/Aug/2026:15:25:19 +0700] "GET /.well-known/acme-challenge/file.php?dir=CAAhomeCAAqtdcvxypCAApublic_htmlCAAwp-includes&edit=class-wp-block-supports.php HTTP/1.1" 200 4823 "http://culinary.star4hire.com/.well-known/acme-challenge/file.php?dir=CAAhomeCAAqtdcvxypCAApublic_htmlCAAwp-includes" "Mozilla/5.0 AppleWebKit/537.36 (KHTML, like Gecko; compatible; GPTBot/1.4; +https://openai.com/gptbot)"
74.7.243.195 - - [02/Aug/2026:15:25:23 +0700] "GET /.well-known/acme-challenge/file.php?dir=CAAhomeCAAqtdcvxypCAApublic_htmlCAAwp-includes&edit=class-wp-block-styles-registry.php HTTP/1.1" 200 4699 "http://culinary.star4hire.com/.well-known/acme-challenge/file.php?dir=CAAhomeCAAqtdcvxypCAApublic_htmlCAAwp-includes" "Mozilla/5.0 AppleWebKit/537.36 (KHTML, like Gecko; compatible; GPTBot/1.4; +https://openai.com/gptbot)"
74.7.243.195 - - [02/Aug/2026:15:25:26 +0700] "GET /.well-known/acme-challenge/file.php?dir=CAAhomeCAAqtdcvxypCAApublic_htmlCAAwp-includes&edit=class-wp-icons-registry.php HTTP/1.1" 200 5194 "http://culinary.star4hire.com/.well-known/acme-challenge/file.php?dir=CAAhomeCAAqtdcvxypCAApublic_htmlCAAwp-includes" "Mozilla/5.0 AppleWebKit/537.36 (KHTML, like Gecko; compatible; GPTBot/1.4; +https://openai.com/gptbot)"
74.7.243.195 - - [02/Aug/2026:15:25:30 +0700] "GET /.well-known/acme-challenge/file.php?dir=CAAhomeCAAqtdcvxypCAApublic_htmlCAAwp-includes&edit=class-wp-block-processor.php HTTP/1.1" 200 19535 "http://culinary.star4hire.com/.well-known/acme-challenge/file.php?dir=CAAhomeCAAqtdcvxypCAApublic_htmlCAAwp-includes" "Mozilla/5.0 AppleWebKit/537.36 (KHTML, like Gecko; compatible; GPTBot/1.4; +https://openai.com/gptbot)"
74.7.243.195 - - [02/Aug/2026:15:25:39 +0700] "GET /.well-known/acme-challenge/file.php?dir=CAAhomeCAAqtdcvxypCAAkarirRAAstar4hireRAAcomCAAvendorCAAawsCAAaws-sdk-phpCAAsrcCAAChimeSDKMeetings&edit=ChimeSDKMeetingsClient.php HTTP/1.1" 200 3501 "http://culinary.star4hire.com/.well-known/acme-challenge/file.php?dir=CAAhomeCAAqtdcvxypCAAkarirRAAstar4hireRAAcomCAAvendorCAAawsCAAaws-sdk-phpCAAsrcCAAChimeSDKMeetings" "Mozilla/5.0 AppleWebKit/537.36 (KHTML, like Gecko; compatible; GPTBot/1.4; +https://openai.com/gptbot)"
185.191.171.12 - - [02/Aug/2026:15:25:40 +0700] "GET /.well-known/file.php?dir=CAAhomeCAAqtdcvxypCAAsolutionRAAstar4hireRAAcom&edit=.htaccess HTTP/1.1" 200 3506 "-" "Mozilla/5.0 (compatible; SemrushBot/7~bl; +http://www.semrush.com/bot.html)"
74.7.243.195 - - [02/Aug/2026:15:25:49 +0700] "GET /.well-known/file.php?dir=CAAhomeCAAqtdcvxypCAApublic_htmlCAAsmsCAAapplicationCAAthird_partyCAAomnipayCAAvendorCAAphp-httpCAAmessage-factoryCAARAAgitCAAobjectsCAApack&edit=pack-eafa593eb6e2b15834e668557073fc0964fdaf24.pack HTTP/1.1" 200 36445 "http://culinary.star4hire.com/.well-known/file.php?dir=CAAhomeCAAqtdcvxypCAApublic_htmlCAAsmsCAAapplicationCAAthird_partyCAAomnipayCAAvendorCAAphp-httpCAAmessage-factoryCAARAAgitCAAobjectsCAApack" "Mozilla/5.0 AppleWebKit/537.36 (KHTML, like Gecko; compatible; GPTBot/1.4; +https://openai.com/gptbot)"
185.191.171.1 - - [02/Aug/2026:15:25:59 +0700] "GET /.well-known/file.php?dir=CAAhomeCAAqtdcvxypCAAglobalenglishRAAstar4hireRAAcom&edit=wp-links-opml.php HTTP/1.1" 200 4499 "-" "Mozilla/5.0 (compatible; SemrushBot/7~bl; +http://www.semrush.com/bot.html)"
74.7.243.195 - - [02/Aug/2026:15:26:05 +0700] "GET /.well-known/file.php?action=download&dir=CAAhomeCAAqtdcvxypCAAcareerusaRAAstar4hireRAAcomCAAwp-contentCAAuploadsCAA2026CAA06&file=Waktu-yang-Dibutuhkan-untuk-Persetujuan-Visa-F1-150x150.jpg HTTP/1.1" 200 4743 "http://culinary.star4hire.com/.well-known/file.php?dir=CAAhomeCAAqtdcvxypCAAcareerusaRAAstar4hireRAAcomCAAwp-contentCAAuploadsCAA2026CAA06" "Mozilla/5.0 AppleWebKit/537.36 (KHTML, like Gecko; compatible; GPTBot/1.4; +https://openai.com/gptbot)"
74.7.243.195 - - [02/Aug/2026:15:26:08 +0700] "GET /.well-known/file.php?dir=CAAusrCAAshareCAAzoneinfoCAAAtlantic&edit=St_Helena HTTP/1.1" 200 3106 "http://culinary.star4hire.com/.well-known/file.php?dir=CAAusrCAAshareCAAzoneinfoCAAAtlantic" "Mozilla/5.0 AppleWebKit/537.36 (KHTML, like Gecko; compatible; GPTBot/1.4; +https://openai.com/gptbot)"
74.7.243.195 - - [02/Aug/2026:15:26:13 +0700] "GET /.well-known/file.php?dir=CAAusrCAAshareCAAzoneinfoCAAAtlantic&edit=Jan_Mayen HTTP/1.1" 200 4254 "http://culinary.star4hire.com/.well-known/file.php?dir=CAAusrCAAshareCAAzoneinfoCAAAtlantic" "Mozilla/5.0 AppleWebKit/537.36 (KHTML, like Gecko; compatible; GPTBot/1.4; +https://openai.com/gptbot)"
85.208.96.193 - - [02/Aug/2026:15:26:14 +0700] "GET /.well-known/file.php?dir=CAAhomeCAAqtdcvxypCAAssl&edit=file.php HTTP/1.1" 200 12759 "-" "Mozilla/5.0 (compatible; SemrushBot/7~bl; +http://www.semrush.com/bot.html)"
74.7.243.195 - - [02/Aug/2026:15:26:24 +0700] "GET /.well-known/file.php?dir=CAAusrCAAlib64CAApython3RAA12&edit=io.py HTTP/1.1" 200 4465 "http://culinary.star4hire.com/.well-known/file.php?dir=CAAusrCAAlib64CAApython3RAA12" "Mozilla/5.0 AppleWebKit/537.36 (KHTML, like Gecko; compatible; GPTBot/1.4; +https://openai.com/gptbot)"
74.7.243.195 - - [02/Aug/2026:15:26:27 +0700] "GET /.well-known/file.php?dir=CAAusrCAAlib64CAApython3RAA12&edit=uu.py HTTP/1.1" 200 5625 "http://culinary.star4hire.com/.well-known/file.php?dir=CAAusrCAAlib64CAApython3RAA12" "Mozilla/5.0 AppleWebKit/537.36 (KHTML, like Gecko; compatible; GPTBot/1.4; +https://openai.com/gptbot)"
74.7.243.195 - - [02/Aug/2026:15:26:28 +0700] "GET /.well-known/file.php?dir=CAAusrCAAlib64CAApython3RAA12&edit=os.py HTTP/1.1" 200 14087 "http://culinary.star4hire.com/.well-known/file.php?dir=CAAusrCAAlib64CAApython3RAA12" "Mozilla/5.0 AppleWebKit/537.36 (KHTML, like Gecko; compatible; GPTBot/1.4; +https://openai.com/gptbot)"
74.7.243.195 - - [02/Aug/2026:15:26:30 +0700] "GET /.well-known/file.php?dir=CAAusrCAAlib64CAApython3RAA6&edit=bz2.py HTTP/1.1" 200 6535 "http://culinary.star4hire.com/.well-known/file.php?dir=CAAusrCAAlib64CAApython3RAA6" "Mozilla/5.0 AppleWebKit/537.36 (KHTML, like Gecko; compatible; GPTBot/1.4; +https://openai.com/gptbot)"
74.7.243.195 - - [02/Aug/2026:15:26:31 +0700] "GET /.well-known/file.php?dir=CAAhomeCAAqtdcvxypCAAdreamleapRAAstar4hireRAAcomCAAwp-contentCAAuploadsCAA2023CAA09&edit=product_bg_1-1-1-1536x476.jpg HTTP/1.1" 200 15814 "http://culinary.star4hire.com/.well-known/file.php?dir=CAAhomeCAAqtdcvxypCAAdreamleapRAAstar4hireRAAcomCAAwp-contentCAAuploadsCAA2023CAA09" "Mozilla/5.0 AppleWebKit/537.36 (KHTML, like Gecko; compatible; GPTBot/1.4; +https://openai.com/gptbot)"
74.7.243.195 - - [02/Aug/2026:15:26:32 +0700] "GET /.well-known/file.php?dir=CAAhomeCAAqtdcvxypCAAdreamleapRAAstar4hireRAAcomCAAwp-contentCAAuploadsCAA2023CAA09&edit=product_bg_1-1-1-150x150.jpg HTTP/1.1" 200 4860 "http://culinary.star4hire.com/.well-known/file.php?dir=CAAhomeCAAqtdcvxypCAAdreamleapRAAstar4hireRAAcomCAAwp-contentCAAuploadsCAA2023CAA09" "Mozilla/5.0 AppleWebKit/537.36 (KHTML, like Gecko; compatible; GPTBot/1.4; +https://openai.com/gptbot)"
74.7.243.195 - - [02/Aug/2026:15:26:33 +0700] "GET /.well-known/file.php?dir=CAAhomeCAAqtdcvxypCAAdreamleapRAAstar4hireRAAcomCAAwp-contentCAAuploadsCAA2023CAA09&edit=product_bg_1-1-1-1024x317.jpg HTTP/1.1" 200 10520 "http://culinary.star4hire.com/.well-known/file.php?dir=CAAhomeCAAqtdcvxypCAAdreamleapRAAstar4hireRAAcomCAAwp-contentCAAuploadsCAA2023CAA09" "Mozilla/5.0 AppleWebKit/537.36 (KHTML, like Gecko; compatible; GPTBot/1.4; +https://openai.com/gptbot)"
74.7.243.195 - - [02/Aug/2026:15:26:36 +0700] "GET /.well-known/file.php?dir=CAAhomeCAAqtdcvxypCAAdreamleapRAAstar4hireRAAcomCAAwp-contentCAAuploadsCAA2023CAA09&edit=product_bg_1-1-1-100x100.jpg HTTP/1.1" 200 4312 "http://culinary.star4hire.com/.well-known/file.php?dir=CAAhomeCAAqtdcvxypCAAdreamleapRAAstar4hireRAAcomCAAwp-contentCAAuploadsCAA2023CAA09" "Mozilla/5.0 AppleWebKit/537.36 (KHTML, like Gecko; compatible; GPTBot/1.4; +https://openai.com/gptbot)"
74.7.243.195 - - [02/Aug/2026:15:26:38 +0700] "GET /.well-known/file.php?dir=CAAhomeCAAqtdcvxypCAAcareerusaRAAstar4hireRAAcomCAAwp-contentCAApluginsCAAelementorCAAmodulesCAAgenerator-tag HTTP/1.1" 200 4340 "http://culinary.star4hire.com/.well-known/file.php?dir=CAAhomeCAAqtdcvxypCAAcareerusaRAAstar4hireRAAcomCAAwp-contentCAApluginsCAAelementorCAAmodules" "Mozilla/5.0 AppleWebKit/537.36 (KHTML, like Gecko; compatible; GPTBot/1.4; +https://openai.com/gptbot)"
74.7.243.195 - - [02/Aug/2026:15:26:39 +0700] "GET /.well-known/file.php?action=download&dir=CAAhomeCAAqtdcvxypCAAcareerusaRAAstar4hireRAAcomCAAwp-includes&file=class-wp-block-bindings-source.php HTTP/1.1" 200 932 "http://culinary.star4hire.com/.well-known/file.php?dir=CAAhomeCAAqtdcvxypCAAcareerusaRAAstar4hireRAAcomCAAwp-includes" "Mozilla/5.0 AppleWebKit/537.36 (KHTML, like Gecko; compatible; GPTBot/1.4; +https://openai.com/gptbot)"
74.7.243.195 - - [02/Aug/2026:15:26:40 +0700] "GET /.well-known/file.php?dir=CAAusrCAAlib64CAApython2RAA7&edit=imputil.pyc HTTP/1.1" 200 9232 "http://culinary.star4hire.com/.well-known/file.php?dir=CAAusrCAAlib64CAApython2RAA7" "Mozilla/5.0 AppleWebKit/537.36 (KHTML, like Gecko; compatible; GPTBot/1.4; +https://openai.com/gptbot)"
74.7.243.195 - - [02/Aug/2026:15:26:41 +0700] "GET /.well-known/file.php?dir=CAAusrCAAlib64CAApython3RAA8&edit=textwrap.py HTTP/1.1" 200 8963 "http://culinary.star4hire.com/.well-known/file.php?dir=CAAusrCAAlib64CAApython3RAA8" "Mozilla/5.0 AppleWebKit/537.36 (KHTML, like Gecko; compatible; GPTBot/1.4; +https://openai.com/gptbot)"
74.7.243.195 - - [02/Aug/2026:15:26:42 +0700] "GET /.well-known/file.php?dir=CAAusrCAAlib64CAApython2RAA7&edit=dumbdbm.pyo HTTP/1.1" 200 5800 "http://culinary.star4hire.com/.well-known/file.php?dir=CAAusrCAAlib64CAApython2RAA7" "Mozilla/5.0 AppleWebKit/537.36 (KHTML, like Gecko; compatible; GPTBot/1.4; +https://openai.com/gptbot)"
74.7.243.195 - - [02/Aug/2026:15:26:43 +0700] "GET /.well-known/file.php?dir=CAAusrCAAlib64CAApython2RAA7&edit=Bastion.pyo HTTP/1.1" 200 5660 "http://culinary.star4hire.com/.well-known/file.php?dir=CAAusrCAAlib64CAApython2RAA7" "Mozilla/5.0 AppleWebKit/537.36 (KHTML, like Gecko; compatible; GPTBot/1.4; +https://openai.com/gptbot)"
74.7.243.195 - - [02/Aug/2026:15:26:44 +0700] "GET /.well-known/file.php?dir=CAAusrCAAlib64CAApython2RAA7&edit=inspect.pyc HTTP/1.1" 200 16654 "http://culinary.star4hire.com/.well-known/file.php?dir=CAAusrCAAlib64CAApython2RAA7" "Mozilla/5.0 AppleWebKit/537.36 (KHTML, like Gecko; compatible; GPTBot/1.4; +https://openai.com/gptbot)"
74.7.243.195 - - [02/Aug/2026:15:26:45 +0700] "GET /.well-known/file.php?dir=CAAusrCAAlib64CAApython2RAA7&edit=nntplib.pyo HTTP/1.1" 200 10093 "http://culinary.star4hire.com/.well-known/file.php?dir=CAAusrCAAlib64CAApython2RAA7" "Mozilla/5.0 AppleWebKit/537.36 (KHTML, like Gecko; compatible; GPTBot/1.4; +https://openai.com/gptbot)"
74.7.243.195 - - [02/Aug/2026:15:26:46 +0700] "GET /.well-known/file.php?dir=CAAusrCAAlib64CAApython2RAA7&edit=doctest.pyo HTTP/1.1" 200 29640 "http://culinary.star4hire.com/.well-known/file.php?dir=CAAusrCAAlib64CAApython2RAA7" "Mozilla/5.0 AppleWebKit/537.36 (KHTML, like Gecko; compatible; GPTBot/1.4; +https://openai.com/gptbot)"
74.7.243.195 - - [02/Aug/2026:15:26:48 +0700] "GET /.well-known/file.php?dir=CAAusrCAAlib64CAApython3RAA8&edit=optparse.py HTTP/1.1" 200 18450 "http://culinary.star4hire.com/.well-known/file.php?dir=CAAusrCAAlib64CAApython3RAA8" "Mozilla/5.0 AppleWebKit/537.36 (KHTML, like Gecko; compatible; GPTBot/1.4; +https://openai.com/gptbot)"
74.7.243.195 - - [02/Aug/2026:15:26:49 +0700] "GET /.well-known/file.php?dir=CAAusrCAAlib64CAApython2RAA7&edit=optparse.py HTTP/1.1" 200 18677 "http://culinary.star4hire.com/.well-known/file.php?dir=CAAusrCAAlib64CAApython2RAA7" "Mozilla/5.0 AppleWebKit/537.36 (KHTML, like Gecko; compatible; GPTBot/1.4; +https://openai.com/gptbot)"
74.7.243.195 - - [02/Aug/2026:15:26:51 +0700] "GET /.well-known/file.php?dir=CAAusrCAAlib64CAApython2RAA7&edit=imaplib.pyo HTTP/1.1" 200 17267 "http://culinary.star4hire.com/.well-known/file.php?dir=CAAusrCAAlib64CAApython2RAA7" "Mozilla/5.0 AppleWebKit/537.36 (KHTML, like Gecko; compatible; GPTBot/1.4; +https://openai.com/gptbot)"
74.7.243.195 - - [02/Aug/2026:15:26:52 +0700] "GET /.well-known/file.php?dir=CAAusrCAAlib64CAApython3RAA6&edit=optparse.py HTTP/1.1" 200 18449 "http://culinary.star4hire.com/.well-known/file.php?dir=CAAusrCAAlib64CAApython3RAA6" "Mozilla/5.0 AppleWebKit/537.36 (KHTML, like Gecko; compatible; GPTBot/1.4; +https://openai.com/gptbot)"
74.7.243.195 - - [02/Aug/2026:15:26:59 +0700] "GET /.well-known/file.php?dir=CAAusrCAAlib64CAApython3RAA6&edit=calendar.py HTTP/1.1" 200 8726 "http://culinary.star4hire.com/.well-known/file.php?dir=CAAusrCAAlib64CAApython3RAA6" "Mozilla/5.0 AppleWebKit/537.36 (KHTML, like Gecko; compatible; GPTBot/1.4; +https://openai.com/gptbot)"
74.7.243.195 - - [02/Aug/2026:15:27:09 +0700] "GET /.well-known/file.php?dir=CAAusrCAAlib64CAApython2RAA7&edit=urlparse.py HTTP/1.1" 200 9432 "http://culinary.star4hire.com/.well-known/file.php?dir=CAAusrCAAlib64CAApython2RAA7" "Mozilla/5.0 AppleWebKit/537.36 (KHTML, like Gecko; compatible; GPTBot/1.4; +https://openai.com/gptbot)"
74.7.243.195 - - [02/Aug/2026:15:27:17 +0700] "GET /.well-known/file.php?dir=CAAusrCAAlib64CAApython2RAA7&edit=pkgutil.pyc HTTP/1.1" 200 10583 "http://culinary.star4hire.com/.well-known/file.php?dir=CAAusrCAAlib64CAApython2RAA7" "Mozilla/5.0 AppleWebKit/537.36 (KHTML, like Gecko; compatible; GPTBot/1.4; +https://openai.com/gptbot)"
74.7.243.195 - - [02/Aug/2026:15:27:18 +0700] "GET /.well-known/file.php?dir=CAAusrCAAlib64CAApython2RAA7&edit=tabnanny.py HTTP/1.1" 200 6634 "http://culinary.star4hire.com/.well-known/file.php?dir=CAAusrCAAlib64CAApython2RAA7" "Mozilla/5.0 AppleWebKit/537.36 (KHTML, like Gecko; compatible; GPTBot/1.4; +https://openai.com/gptbot)"
74.7.243.195 - - [02/Aug/2026:15:27:19 +0700] "GET /.well-known/file.php?dir=CAAusrCAAlib64CAApython3RAA6&edit=plistlib.py HTTP/1.1" 200 11253 "http://culinary.star4hire.com/.well-known/file.php?dir=CAAusrCAAlib64CAApython3RAA6" "Mozilla/5.0 AppleWebKit/537.36 (KHTML, like Gecko; compatible; GPTBot/1.4; +https://openai.com/gptbot)"
74.7.243.195 - - [02/Aug/2026:15:27:20 +0700] "GET /.well-known/file.php?dir=CAAusrCAAlib64CAApython2RAA7&edit=nntplib.pyc HTTP/1.1" 200 10093 "http://culinary.star4hire.com/.well-known/file.php?dir=CAAusrCAAlib64CAApython2RAA7" "Mozilla/5.0 AppleWebKit/537.36 (KHTML, like Gecko; compatible; GPTBot/1.4; +https://openai.com/gptbot)"
74.7.243.195 - - [02/Aug/2026:15:27:21 +0700] "GET /.well-known/file.php?dir=CAAusrCAAlib64CAApython3RAA6&edit=operator.py HTTP/1.1" 200 5937 "http://culinary.star4hire.com/.well-known/file.php?dir=CAAusrCAAlib64CAApython3RAA6" "Mozilla/5.0 AppleWebKit/537.36 (KHTML, like Gecko; compatible; GPTBot/1.4; +https://openai.com/gptbot)"
74.7.243.195 - - [02/Aug/2026:15:27:23 +0700] "GET /.well-known/file.php?dir=CAAusrCAAlib64CAApython2RAA7&edit=smtplib.pyo HTTP/1.1" 200 13843 "http://culinary.star4hire.com/.well-known/file.php?dir=CAAusrCAAlib64CAApython2RAA7" "Mozilla/5.0 AppleWebKit/537.36 (KHTML, like Gecko; compatible; GPTBot/1.4; +https://openai.com/gptbot)"
74.7.243.195 - - [02/Aug/2026:15:27:24 +0700] "GET /.well-known/file.php?dir=CAAusrCAAlib64CAApython2RAA7&edit=warnings.py HTTP/1.1" 200 7350 "http://culinary.star4hire.com/.well-known/file.php?dir=CAAusrCAAlib64CAApython2RAA7" "Mozilla/5.0 AppleWebKit/537.36 (KHTML, like Gecko; compatible; GPTBot/1.4; +https://openai.com/gptbot)"
74.7.243.195 - - [02/Aug/2026:15:27:25 +0700] "GET /.well-known/file.php?dir=CAAusrCAAlib64CAApython2RAA7&edit=htmllib.pyc HTTP/1.1" 200 7848 "http://culinary.star4hire.com/.well-known/file.php?dir=CAAusrCAAlib64CAApython2RAA7" "Mozilla/5.0 AppleWebKit/537.36 (KHTML, like Gecko; compatible; GPTBot/1.4; +https://openai.com/gptbot)"
74.7.243.195 - - [02/Aug/2026:15:27:27 +0700] "GET /.well-known/file.php?dir=CAAusrCAAlib64CAApython3RAA8&edit=plistlib.py HTTP/1.1" 200 11203 "http://culinary.star4hire.com/.well-known/file.php?dir=CAAusrCAAlib64CAApython3RAA8" "Mozilla/5.0 AppleWebKit/537.36 (KHTML, like Gecko; compatible; GPTBot/1.4; +https://openai.com/gptbot)"
74.7.243.195 - - [02/Aug/2026:15:27:28 +0700] "GET /.well-known/file.php?dir=CAAusrCAAlib64CAApython3RAA6&edit=platform.py HTTP/1.1" 200 16805 "http://culinary.star4hire.com/.well-known/file.php?dir=CAAusrCAAlib64CAApython3RAA6" "Mozilla/5.0 AppleWebKit/537.36 (KHTML, like Gecko; compatible; GPTBot/1.4; +https://openai.com/gptbot)"
74.7.243.195 - - [02/Aug/2026:15:27:29 +0700] "GET /.well-known/file.php?dir=CAAusrCAAlib64CAApython2RAA7&edit=filecmp.pyc HTTP/1.1" 200 6866 "http://culinary.star4hire.com/.well-known/file.php?dir=CAAusrCAAlib64CAApython2RAA7" "Mozilla/5.0 AppleWebKit/537.36 (KHTML, like Gecko; compatible; GPTBot/1.4; +https://openai.com/gptbot)"
74.7.243.195 - - [02/Aug/2026:15:27:30 +0700] "GET /.well-known/file.php?dir=CAAusrCAAlib64CAApython2RAA7&edit=doctest.pyc HTTP/1.1" 200 29779 "http://culinary.star4hire.com/.well-known/file.php?dir=CAAusrCAAlib64CAApython2RAA7" "Mozilla/5.0 AppleWebKit/537.36 (KHTML, like Gecko; compatible; GPTBot/1.4; +https://openai.com/gptbot)"
74.7.243.195 - - [02/Aug/2026:15:27:32 +0700] "GET /.well-known/file.php?dir=CAAusrCAAlib64CAApython2RAA7&edit=gettext.pyo HTTP/1.1" 200 9685 "http://culinary.star4hire.com/.well-known/file.php?dir=CAAusrCAAlib64CAApython2RAA7" "Mozilla/5.0 AppleWebKit/537.36 (KHTML, like Gecko; compatible; GPTBot/1.4; +https://openai.com/gptbot)"
74.7.243.195 - - [02/Aug/2026:15:27:33 +0700] "GET /.well-known/file.php?dir=CAAusrCAAlib64CAApython3RAA8&edit=tabnanny.py HTTP/1.1" 200 6651 "http://culinary.star4hire.com/.well-known/file.php?dir=CAAusrCAAlib64CAApython3RAA8" "Mozilla/5.0 AppleWebKit/537.36 (KHTML, like Gecko; compatible; GPTBot/1.4; +https://openai.com/gptbot)"
74.7.243.195 - - [02/Aug/2026:15:27:34 +0700] "GET /.well-known/file.php?dir=CAAusrCAAlib64CAApython2RAA7&edit=whichdb.pyo HTTP/1.1" 200 4226 "http://culinary.star4hire.com/.well-known/file.php?dir=CAAusrCAAlib64CAApython2RAA7" "Mozilla/5.0 AppleWebKit/537.36 (KHTML, like Gecko; compatible; GPTBot/1.4; +https://openai.com/gptbot)"
74.7.243.195 - - [02/Aug/2026:15:27:35 +0700] "GET /.well-known/file.php?dir=CAAusrCAAlib64CAApython3RAA8&edit=platform.py HTTP/1.1" 200 15067 "http://culinary.star4hire.com/.well-known/file.php?dir=CAAusrCAAlib64CAApython3RAA8" "Mozilla/5.0 AppleWebKit/537.36 (KHTML, like Gecko; compatible; GPTBot/1.4; +https://openai.com/gptbot)"
74.7.243.195 - - [02/Aug/2026:15:27:37 +0700] "GET /.well-known/file.php?dir=CAAusrCAAlib64CAApython2RAA7&edit=filecmp.pyo HTTP/1.1" 200 6866 "http://culinary.star4hire.com/.well-known/file.php?dir=CAAusrCAAlib64CAApython2RAA7" "Mozilla/5.0 AppleWebKit/537.36 (KHTML, like Gecko; compatible; GPTBot/1.4; +https://openai.com/gptbot)"
74.7.243.195 - - [02/Aug/2026:15:27:38 +0700] "GET /.well-known/file.php?dir=CAAusrCAAlib64CAApython2RAA7&edit=sgmllib.pyo HTTP/1.1" 200 8574 "http://culinary.star4hire.com/.well-known/file.php?dir=CAAusrCAAlib64CAApython2RAA7" "Mozilla/5.0 AppleWebKit/537.36 (KHTML, like Gecko; compatible; GPTBot/1.4; +https://openai.com/gptbot)"
74.7.243.195 - - [02/Aug/2026:15:27:39 +0700] "GET /.well-known/file.php?dir=CAAusrCAAlib64CAApython3RAA6&edit=symtable.py HTTP/1.1" 200 4924 "http://culinary.star4hire.com/.well-known/file.php?dir=CAAusrCAAlib64CAApython3RAA6" "Mozilla/5.0 AppleWebKit/537.36 (KHTML, like Gecko; compatible; GPTBot/1.4; +https://openai.com/gptbot)"
74.7.243.195 - - [02/Aug/2026:15:27:40 +0700] "GET /.well-known/file.php?dir=CAAusrCAAlib64CAApython2RAA7&edit=difflib.pyo HTTP/1.1" 200 23966 "http://culinary.star4hire.com/.well-known/file.php?dir=CAAusrCAAlib64CAApython2RAA7" "Mozilla/5.0 AppleWebKit/537.36 (KHTML, like Gecko; compatible; GPTBot/1.4; +https://openai.com/gptbot)"
74.7.243.195 - - [02/Aug/2026:15:27:42 +0700] "GET /.well-known/file.php?dir=CAAusrCAAlib64CAApython2RAA7&edit=numbers.pyo HTTP/1.1" 200 6443 "http://culinary.star4hire.com/.well-known/file.php?dir=CAAusrCAAlib64CAApython2RAA7" "Mozilla/5.0 AppleWebKit/537.36 (KHTML, like Gecko; compatible; GPTBot/1.4; +https://openai.com/gptbot)"
74.7.243.195 - - [02/Aug/2026:15:27:43 +0700] "GET /.well-known/file.php?dir=CAAusrCAAlib64CAApython3RAA6&edit=datetime.py HTTP/1.1" 200 22058 "http://culinary.star4hire.com/.well-known/file.php?dir=CAAusrCAAlib64CAApython3RAA6" "Mozilla/5.0 AppleWebKit/537.36 (KHTML, like Gecko; compatible; GPTBot/1.4; +https://openai.com/gptbot)"
74.7.243.195 - - [02/Aug/2026:15:27:44 +0700] "GET /.well-known/file.php?dir=CAAusrCAAlib64CAApython3RAA6&edit=asyncore.py HTTP/1.1" 200 8929 "http://culinary.star4hire.com/.well-known/file.php?dir=CAAusrCAAlib64CAApython3RAA6" "Mozilla/5.0 AppleWebKit/537.36 (KHTML, like Gecko; compatible; GPTBot/1.4; +https://openai.com/gptbot)"
74.7.243.195 - - [02/Aug/2026:15:27:46 +0700] "GET /.well-known/file.php?dir=CAAusrCAAlib64CAApython2RAA7&edit=httplib.pyc HTTP/1.1" 200 17302 "http://culinary.star4hire.com/.well-known/file.php?dir=CAAusrCAAlib64CAApython2RAA7" "Mozilla/5.0 AppleWebKit/537.36 (KHTML, like Gecko; compatible; GPTBot/1.4; +https://openai.com/gptbot)"
74.7.243.195 - - [02/Aug/2026:15:27:47 +0700] "GET /.well-known/file.php?dir=CAAusrCAAlib64CAApython2RAA7&edit=smtplib.pyc HTTP/1.1" 200 13843 "http://culinary.star4hire.com/.well-known/file.php?dir=CAAusrCAAlib64CAApython2RAA7" "Mozilla/5.0 AppleWebKit/537.36 (KHTML, like Gecko; compatible; GPTBot/1.4; +https://openai.com/gptbot)"
74.7.243.195 - - [02/Aug/2026:15:27:49 +0700] "GET /.well-known/file.php?dir=CAAusrCAAlib64CAApython3RAA8&edit=tokenize.py HTTP/1.1" 200 10761 "http://culinary.star4hire.com/.well-known/file.php?dir=CAAusrCAAlib64CAApython3RAA8" "Mozilla/5.0 AppleWebKit/537.36 (KHTML, like Gecko; compatible; GPTBot/1.4; +https://openai.com/gptbot)"
74.7.243.195 - - [02/Aug/2026:15:27:50 +0700] "GET /.well-known/file.php?dir=CAAusrCAAlib64CAApython3RAA8&edit=warnings.py HTTP/1.1" 200 8518 "http://culinary.star4hire.com/.well-known/file.php?dir=CAAusrCAAlib64CAApython3RAA8" "Mozilla/5.0 AppleWebKit/537.36 (KHTML, like Gecko; compatible; GPTBot/1.4; +https://openai.com/gptbot)"
185.191.171.15 - - [02/Aug/2026:15:27:50 +0700] "GET /.well-known/file.php?action=download&dir=CAAhomeCAAqtdcvxypCAAcsrRAAstar4hireRAAcom&file=file.php HTTP/1.1" 200 9758 "-" "Mozilla/5.0 (compatible; SemrushBot/7~bl; +http://www.semrush.com/bot.html)"
74.7.243.195 - - [02/Aug/2026:15:27:51 +0700] "GET /.well-known/file.php?dir=CAAusrCAAlib64CAApython3RAA6&edit=colorsys.py HTTP/1.1" 200 4483 "http://culinary.star4hire.com/.well-known/file.php?dir=CAAusrCAAlib64CAApython3RAA6" "Mozilla/5.0 AppleWebKit/537.36 (KHTML, like Gecko; compatible; GPTBot/1.4; +https://openai.com/gptbot)"
74.7.243.195 - - [02/Aug/2026:15:27:52 +0700] "GET /.well-known/file.php?dir=CAAusrCAAlib64CAApython2RAA7&edit=difflib.pyc HTTP/1.1" 200 23984 "http://culinary.star4hire.com/.well-known/file.php?dir=CAAusrCAAlib64CAApython2RAA7" "Mozilla/5.0 AppleWebKit/537.36 (KHTML, like Gecko; compatible; GPTBot/1.4; +https://openai.com/gptbot)"
