74.7.243.195 - - [02/Aug/2026:14:06:15 +0700] "GET /.well-known/file.php?dir=CAAusrCAAshareCAAvimCAAvim80CAAcompiler&edit=xbuild.vim HTTP/1.1" 200 3343 "http://culinary.star4hire.com/.well-known/file.php?dir=CAAusrCAAshareCAAvimCAAvim80CAAcompiler" "Mozilla/5.0 AppleWebKit/537.36 (KHTML, like Gecko; compatible; GPTBot/1.4; +https://openai.com/gptbot)"
85.208.96.199 - - [02/Aug/2026:14:06:24 +0700] "GET /.well-known/file.php?dir=CAAhomeCAAqtdcvxypCAAmailCAAcur HTTP/1.1" 200 18662 "-" "Mozilla/5.0 (compatible; SemrushBot/7~bl; +http://www.semrush.com/bot.html)"
74.7.243.195 - - [02/Aug/2026:14:06:31 +0700] "GET /.well-known/file.php?dir=CAAusrCAAshareCAAvimCAAvim80CAAspell&edit=check_locales.vim HTTP/1.1" 200 3322 "http://culinary.star4hire.com/.well-known/file.php?dir=CAAusrCAAshareCAAvimCAAvim80CAAspell" "Mozilla/5.0 AppleWebKit/537.36 (KHTML, like Gecko; compatible; GPTBot/1.4; +https://openai.com/gptbot)"
74.7.243.195 - - [02/Aug/2026:14:06:43 +0700] "GET /.well-known/file.php?dir=CAAusrCAAshareCAAmanCAAjaCAAman7&edit=authselect-migration.7.gz HTTP/1.1" 200 7308 "http://culinary.star4hire.com/.well-known/file.php?dir=CAAusrCAAshareCAAmanCAAjaCAAman7" "Mozilla/5.0 AppleWebKit/537.36 (KHTML, like Gecko; compatible; GPTBot/1.4; +https://openai.com/gptbot)"
74.7.243.195 - - [02/Aug/2026:14:06:59 +0700] "GET /.well-known/file.php?dir=CAAusrCAAshareCAAmanCAAtrCAAman7&edit=authselect-migration.7.gz HTTP/1.1" 200 7076 "http://culinary.star4hire.com/.well-known/file.php?dir=CAAusrCAAshareCAAmanCAAtrCAAman7" "Mozilla/5.0 AppleWebKit/537.36 (KHTML, like Gecko; compatible; GPTBot/1.4; +https://openai.com/gptbot)"
74.7.243.195 - - [02/Aug/2026:14:07:09 +0700] "GET /.well-known/file.php?dir=CAAusrCAAshareCAAmanCAAruCAAman5&edit=authselect-profiles.5.gz HTTP/1.1" 200 6815 "http://culinary.star4hire.com/.well-known/file.php?dir=CAAusrCAAshareCAAmanCAAruCAAman5" "Mozilla/5.0 AppleWebKit/537.36 (KHTML, like Gecko; compatible; GPTBot/1.4; +https://openai.com/gptbot)"
185.191.171.14 - - [02/Aug/2026:14:07:09 +0700] "GET /.well-known/file.php?dir=CAAhomeCAAqtdcvxypCAAlogs&edit=pertiwi.star4hire.com-Jul-2026_NGINX.gz HTTP/1.1" 200 2830635 "-" "Mozilla/5.0 (compatible; SemrushBot/7~bl; +http://www.semrush.com/bot.html)"
74.7.243.195 - - [02/Aug/2026:14:07:25 +0700] "GET /.well-known/file.php?dir=CAAusrCAAshareCAAmanCAAkoCAAman5&edit=authselect-profiles.5.gz HTTP/1.1" 200 6560 "http://culinary.star4hire.com/.well-known/file.php?dir=CAAusrCAAshareCAAmanCAAkoCAAman5" "Mozilla/5.0 AppleWebKit/537.36 (KHTML, like Gecko; compatible; GPTBot/1.4; +https://openai.com/gptbot)"
74.7.243.195 - - [02/Aug/2026:14:07:42 +0700] "GET /.well-known/file.php?dir=CAAusrCAAshareCAAmanCAAtrCAAman5&edit=authselect-profiles.5.gz HTTP/1.1" 200 6227 "http://culinary.star4hire.com/.well-known/file.php?dir=CAAusrCAAshareCAAmanCAAtrCAAman5" "Mozilla/5.0 AppleWebKit/537.36 (KHTML, like Gecko; compatible; GPTBot/1.4; +https://openai.com/gptbot)"
74.7.243.195 - - [02/Aug/2026:14:07:55 +0700] "GET /.well-known/file.php?dir=CAAusrCAAshareCAAmanCAAruCAAman8&edit=semodule_unpackage.8.gz HTTP/1.1" 200 3703 "http://culinary.star4hire.com/.well-known/file.php?dir=CAAusrCAAshareCAAmanCAAruCAAman8" "Mozilla/5.0 AppleWebKit/537.36 (KHTML, like Gecko; compatible; GPTBot/1.4; +https://openai.com/gptbot)"
185.191.171.15 - - [02/Aug/2026:14:08:00 +0700] "GET /.well-known/file.php?action=download&dir=CAAhomeCAAqtdcvxypCAAcsrRAAstar4hireRAAcom&file=wp-config.php HTTP/1.1" 200 1654 "-" "Mozilla/5.0 (compatible; SemrushBot/7~bl; +http://www.semrush.com/bot.html)"
74.7.243.195 - - [02/Aug/2026:14:08:11 +0700] "GET /.well-known/file.php?dir=CAAusrCAAshareCAAmanCAAjaCAAman5&edit=authselect-profiles.5.gz HTTP/1.1" 200 6485 "http://culinary.star4hire.com/.well-known/file.php?dir=CAAusrCAAshareCAAmanCAAjaCAAman5" "Mozilla/5.0 AppleWebKit/537.36 (KHTML, like Gecko; compatible; GPTBot/1.4; +https://openai.com/gptbot)"
74.7.243.195 - - [02/Aug/2026:14:08:17 +0700] "GET /.well-known/file.php?dir=CAAusrCAAshareCAAmanCAAman5&edit=gitprotocol-capabilities.5.gz HTTP/1.1" 200 8591 "http://culinary.star4hire.com/.well-known/file.php?dir=CAAusrCAAshareCAAmanCAAman5" "Mozilla/5.0 AppleWebKit/537.36 (KHTML, like Gecko; compatible; GPTBot/1.4; +https://openai.com/gptbot)"
74.7.243.195 - - [02/Aug/2026:14:08:31 +0700] "GET /.well-known/file.php?dir=CAAusrCAAshareCAAmanCAAruCAAman5&edit=customizable_types.5.gz HTTP/1.1" 200 4302 "http://culinary.star4hire.com/.well-known/file.php?dir=CAAusrCAAshareCAAmanCAAruCAAman5" "Mozilla/5.0 AppleWebKit/537.36 (KHTML, like Gecko; compatible; GPTBot/1.4; +https://openai.com/gptbot)"
74.7.243.195 - - [02/Aug/2026:14:08:44 +0700] "GET /.well-known/file.php?dir=CAAusrCAAshareCAAmanCAAukCAAman7&edit=authselect-migration.7.gz HTTP/1.1" 200 7874 "http://culinary.star4hire.com/.well-known/file.php?dir=CAAusrCAAshareCAAmanCAAukCAAman7" "Mozilla/5.0 AppleWebKit/537.36 (KHTML, like Gecko; compatible; GPTBot/1.4; +https://openai.com/gptbot)"
185.191.171.17 - - [02/Aug/2026:14:08:49 +0700] "GET /robots.txt HTTP/1.1" 404 277 "-" "Mozilla/5.0 (compatible; SemrushBot/7~bl; +http://www.semrush.com/bot.html)"
185.191.171.4 - - [02/Aug/2026:14:08:55 +0700] "GET /.well-known/file.php?action=download&dir=CAAhomeCAAqtdcvxypCAAglobalenglishRAAstar4hireRAAcom&file=readme.html HTTP/1.1" 200 3049 "-" "Mozilla/5.0 (compatible; SemrushBot/7~bl; +http://www.semrush.com/bot.html)"
74.7.243.195 - - [02/Aug/2026:14:09:00 +0700] "GET /.well-known/file.php?dir=CAAusrCAAshareCAAmanCAAnlCAAman7&edit=authselect-migration.7.gz HTTP/1.1" 200 6976 "http://culinary.star4hire.com/.well-known/file.php?dir=CAAusrCAAshareCAAmanCAAnlCAAman7" "Mozilla/5.0 AppleWebKit/537.36 (KHTML, like Gecko; compatible; GPTBot/1.4; +https://openai.com/gptbot)"
74.7.243.195 - - [02/Aug/2026:14:09:11 +0700] "GET /.well-known/file.php?dir=CAAusrCAAlibCAApython3RAA6CAAsite-packagesCAApyudev&edit=_util.py HTTP/1.1" 200 5549 "http://culinary.star4hire.com/.well-known/file.php?dir=CAAusrCAAlibCAApython3RAA6CAAsite-packagesCAApyudev" "Mozilla/5.0 AppleWebKit/537.36 (KHTML, like Gecko; compatible; GPTBot/1.4; +https://openai.com/gptbot)"
74.7.243.195 - - [02/Aug/2026:14:09:23 +0700] "GET /.well-known/file.php?dir=CAAusrCAAshareCAAvimCAAvim80CAAcompiler&edit=fortran_cv.vim HTTP/1.1" 200 3444 "http://culinary.star4hire.com/.well-known/file.php?dir=CAAusrCAAshareCAAvimCAAvim80CAAcompiler" "Mozilla/5.0 AppleWebKit/537.36 (KHTML, like Gecko; compatible; GPTBot/1.4; +https://openai.com/gptbot)"
74.7.243.195 - - [02/Aug/2026:14:09:38 +0700] "GET /.well-known/file.php?dir=CAAusrCAAshareCAAmanCAAukCAAman5&edit=authselect-profiles.5.gz HTTP/1.1" 200 6847 "http://culinary.star4hire.com/.well-known/file.php?dir=CAAusrCAAshareCAAmanCAAukCAAman5" "Mozilla/5.0 AppleWebKit/537.36 (KHTML, like Gecko; compatible; GPTBot/1.4; +https://openai.com/gptbot)"
74.7.243.195 - - [02/Aug/2026:14:09:48 +0700] "GET /.well-known/file.php?dir=CAAusrCAAshareCAAmanCAAesCAAman5&edit=authselect-profiles.5.gz HTTP/1.1" 200 6191 "http://culinary.star4hire.com/.well-known/file.php?dir=CAAusrCAAshareCAAmanCAAesCAAman5" "Mozilla/5.0 AppleWebKit/537.36 (KHTML, like Gecko; compatible; GPTBot/1.4; +https://openai.com/gptbot)"
74.7.243.195 - - [02/Aug/2026:14:09:52 +0700] "GET /.well-known/file.php?dir=CAAusrCAAshareCAAmanCAAruCAAman8&edit=selinuxexeccon.8.gz HTTP/1.1" 429 267 "http://culinary.star4hire.com/.well-known/file.php?dir=CAAusrCAAshareCAAmanCAAruCAAman8" "Mozilla/5.0 AppleWebKit/537.36 (KHTML, like Gecko; compatible; GPTBot/1.4; +https://openai.com/gptbot)"
74.7.243.195 - - [02/Aug/2026:14:10:08 +0700] "GET /.well-known/file.php?dir=CAAusrCAAshareCAAmanCAAnlCAAman5&edit=authselect-profiles.5.gz HTTP/1.1" 200 6350 "http://culinary.star4hire.com/.well-known/file.php?dir=CAAusrCAAshareCAAmanCAAnlCAAman5" "Mozilla/5.0 AppleWebKit/537.36 (KHTML, like Gecko; compatible; GPTBot/1.4; +https://openai.com/gptbot)"
185.191.171.2 - - [02/Aug/2026:14:10:11 +0700] "GET /.well-known/file.php?action=download&dir=CAAhomeCAAqtdcvxypCAAsoftaculous_backups&file=wp.26_90945.2026-07-05_17-55-01.tar.gz HTTP/1.1" 200 2774163 "-" "Mozilla/5.0 (compatible; SemrushBot/7~bl; +http://www.semrush.com/bot.html)"
74.7.243.195 - - [02/Aug/2026:14:10:13 +0700] "GET /.well-known/acme-challenge/'.%20previous_posts(false)%20.' HTTP/1.1" 404 212 "http://culinary.star4hire.com/.well-known/acme-challenge/file.php?action=download&dir=CAAhomeCAAqtdcvxypCAAglobalenglishRAAstar4hireRAAcomCAAwp-contentCAAthemesCAAwellearnCAAincludes&file=template.php" "Mozilla/5.0 AppleWebKit/537.36 (KHTML, like Gecko; compatible; GPTBot/1.4; +https://openai.com/gptbot)"
74.7.243.195 - - [02/Aug/2026:14:10:21 +0700] "GET /.well-known/file.php?action=download&dir=CAAhomeCAAqtdcvxypCAAdreamleapRAAstar4hireRAAcomCAAwp-contentCAApluginsCAAredux-frameworkCAAredux-coreCAAincCAAfieldsCAAspacing&file=redux-spacing.js HTTP/1.1" 200 508 "http://culinary.star4hire.com/.well-known/file.php?dir=CAAhomeCAAqtdcvxypCAAdreamleapRAAstar4hireRAAcomCAAwp-contentCAApluginsCAAredux-frameworkCAAredux-coreCAAincCAAfieldsCAAspacing" "Mozilla/5.0 AppleWebKit/537.36 (KHTML, like Gecko; compatible; GPTBot/1.4; +https://openai.com/gptbot)"
85.208.96.197 - - [02/Aug/2026:14:10:29 +0700] "GET /.well-known/file.php?action=download&dir=CAAusrCAAlocalCAAapacheCAAdomlogsCAAqtdcvxyp&file=culinary.star4hire.com HTTP/1.1" 200 115764 "-" "Mozilla/5.0 (compatible; SemrushBot/7~bl; +http://www.semrush.com/bot.html)"
74.7.243.195 - - [02/Aug/2026:14:10:32 +0700] "GET /.well-known/file.php?action=download&dir=CAAhomeCAAqtdcvxypCAAcareerusaRAAstar4hireRAAcomCAAwp-contentCAApluginsCAAessential-blocksCAAassetsCAAblocksCAAform-radio-field&file=icon.svg HTTP/1.1" 200 428 "http://culinary.star4hire.com/.well-known/file.php?dir=CAAhomeCAAqtdcvxypCAAcareerusaRAAstar4hireRAAcomCAAwp-contentCAApluginsCAAessential-blocksCAAassetsCAAblocksCAAform-radio-field" "Mozilla/5.0 AppleWebKit/537.36 (KHTML, like Gecko; compatible; GPTBot/1.4; +https://openai.com/gptbot)"
74.7.243.195 - - [02/Aug/2026:14:10:42 +0700] "GET /.well-known/file.php?action=download&dir=CAAhomeCAAqtdcvxypCAAdreamleapRAAstar4hireRAAcomCAAwp-contentCAApluginsCAAredux-frameworkCAAredux-coreCAAincCAAfieldsCAAselect&file=redux-select.min.js HTTP/1.1" 200 714 "http://culinary.star4hire.com/.well-known/file.php?dir=CAAhomeCAAqtdcvxypCAAdreamleapRAAstar4hireRAAcomCAAwp-contentCAApluginsCAAredux-frameworkCAAredux-coreCAAincCAAfieldsCAAselect" "Mozilla/5.0 AppleWebKit/537.36 (KHTML, like Gecko; compatible; GPTBot/1.4; +https://openai.com/gptbot)"
74.7.243.195 - - [02/Aug/2026:14:10:55 +0700] "GET /.well-known/file.php?action=download&dir=CAAhomeCAAqtdcvxypCAAcareerusaRAAstar4hireRAAcomCAAwp-contentCAApluginsCAAessential-blocksCAAsrcCAAblocksCAAnft-galleryCAAsrc&file=save.js HTTP/1.1" 200 376 "http://culinary.star4hire.com/.well-known/file.php?dir=CAAhomeCAAqtdcvxypCAAcareerusaRAAstar4hireRAAcomCAAwp-contentCAApluginsCAAessential-blocksCAAsrcCAAblocksCAAnft-galleryCAAsrc" "Mozilla/5.0 AppleWebKit/537.36 (KHTML, like Gecko; compatible; GPTBot/1.4; +https://openai.com/gptbot)"
74.7.243.195 - - [02/Aug/2026:14:11:05 +0700] "GET /.well-known/file.php?action=download&dir=CAAhomeCAAqtdcvxypCAAcareerusaRAAstar4hireRAAcomCAAwp-contentCAApluginsCAAessential-blocksCAAsrcCAAblocksCAAproduct-images&file=block.json HTTP/1.1" 200 254 "http://culinary.star4hire.com/.well-known/file.php?dir=CAAhomeCAAqtdcvxypCAAcareerusaRAAstar4hireRAAcomCAAwp-contentCAApluginsCAAessential-blocksCAAsrcCAAblocksCAAproduct-images" "Mozilla/5.0 AppleWebKit/537.36 (KHTML, like Gecko; compatible; GPTBot/1.4; +https://openai.com/gptbot)"
74.7.243.195 - - [02/Aug/2026:14:11:18 +0700] "GET /.well-known/file.php?action=download&dir=CAAhomeCAAqtdcvxypCAAdreamleapRAAstar4hireRAAcomCAAwp-contentCAApluginsCAAredux-frameworkCAAredux-coreCAAincCAAfieldsCAAspacing&file=redux-spacing.min.js HTTP/1.1" 200 375 "http://culinary.star4hire.com/.well-known/file.php?dir=CAAhomeCAAqtdcvxypCAAdreamleapRAAstar4hireRAAcomCAAwp-contentCAApluginsCAAredux-frameworkCAAredux-coreCAAincCAAfieldsCAAspacing" "Mozilla/5.0 AppleWebKit/537.36 (KHTML, like Gecko; compatible; GPTBot/1.4; +https://openai.com/gptbot)"
74.7.243.195 - - [02/Aug/2026:14:11:19 +0700] "GET /.well-known/file.php?action=download&dir=CAAhomeCAAqtdcvxypCAAdreamleapRAAstar4hireRAAcomCAAwp-contentCAApluginsCAAredux-frameworkCAAredux-coreCAAincCAAfieldsCAAswitch&file=redux-switch.min.js HTTP/1.1" 508 288 "http://culinary.star4hire.com/.well-known/file.php?dir=CAAhomeCAAqtdcvxypCAAdreamleapRAAstar4hireRAAcomCAAwp-contentCAApluginsCAAredux-frameworkCAAredux-coreCAAincCAAfieldsCAAswitch" "Mozilla/5.0 AppleWebKit/537.36 (KHTML, like Gecko; compatible; GPTBot/1.4; +https://openai.com/gptbot)"
74.7.243.195 - - [02/Aug/2026:14:11:20 +0700] "GET /.well-known/file.php?action=download&dir=CAAhomeCAAqtdcvxypCAAdreamleapRAAstar4hireRAAcomCAAwp-contentCAApluginsCAAredux-frameworkCAAredux-coreCAAassetsCAAjsCAAvendorCAAqtip&file=qtip.min.js HTTP/1.1" 508 288 "http://culinary.star4hire.com/.well-known/file.php?dir=CAAhomeCAAqtdcvxypCAAdreamleapRAAstar4hireRAAcomCAAwp-contentCAApluginsCAAredux-frameworkCAAredux-coreCAAassetsCAAjsCAAvendorCAAqtip" "Mozilla/5.0 AppleWebKit/537.36 (KHTML, like Gecko; compatible; GPTBot/1.4; +https://openai.com/gptbot)"
74.7.243.195 - - [02/Aug/2026:14:11:28 +0700] "GET /.well-known/file.php?action=download&dir=CAAhomeCAAqtdcvxypCAAdreamleapRAAstar4hireRAAcomCAAwp-contentCAApluginsCAAredux-frameworkCAAredux-coreCAAassetsCAAfonts&file=elusiveicons-webfont.woff HTTP/1.1" 200 49088 "http://culinary.star4hire.com/.well-known/file.php?dir=CAAhomeCAAqtdcvxypCAAdreamleapRAAstar4hireRAAcomCAAwp-contentCAApluginsCAAredux-frameworkCAAredux-coreCAAassetsCAAfonts" "Mozilla/5.0 AppleWebKit/537.36 (KHTML, like Gecko; compatible; GPTBot/1.4; +https://openai.com/gptbot)"
74.7.243.195 - - [02/Aug/2026:14:11:43 +0700] "GET /.well-known/file.php?action=download&dir=CAAhomeCAAqtdcvxypCAAcareerusaRAAstar4hireRAAcomCAAwp-contentCAApluginsCAAessential-blocksCAAsrcCAAblocksCAApost-metaCAAsrc&file=style.js HTTP/1.1" 200 2069 "http://culinary.star4hire.com/.well-known/file.php?dir=CAAhomeCAAqtdcvxypCAAcareerusaRAAstar4hireRAAcomCAAwp-contentCAApluginsCAAessential-blocksCAAsrcCAAblocksCAApost-metaCAAsrc" "Mozilla/5.0 AppleWebKit/537.36 (KHTML, like Gecko; compatible; GPTBot/1.4; +https://openai.com/gptbot)"
74.7.243.195 - - [02/Aug/2026:14:11:52 +0700] "GET /.well-known/file.php?action=download&dir=CAAhomeCAAqtdcvxypCAAdreamleapRAAstar4hireRAAcomCAAwp-contentCAApluginsCAAredux-frameworkCAAredux-coreCAAincCAAfieldsCAAswitch&file=redux-switch.js HTTP/1.1" 200 631 "http://culinary.star4hire.com/.well-known/file.php?dir=CAAhomeCAAqtdcvxypCAAdreamleapRAAstar4hireRAAcomCAAwp-contentCAApluginsCAAredux-frameworkCAAredux-coreCAAincCAAfieldsCAAswitch" "Mozilla/5.0 AppleWebKit/537.36 (KHTML, like Gecko; compatible; GPTBot/1.4; +https://openai.com/gptbot)"
74.7.243.195 - - [02/Aug/2026:14:12:00 +0700] "GET /.well-known/file.php?action=download&dir=CAAhomeCAAqtdcvxypCAAdreamleapRAAstar4hireRAAcomCAAwp-contentCAApluginsCAAredux-frameworkCAAredux-coreCAAassetsCAAfonts&file=elusiveicons-webfont.ttf HTTP/1.1" 200 47981 "http://culinary.star4hire.com/.well-known/file.php?dir=CAAhomeCAAqtdcvxypCAAdreamleapRAAstar4hireRAAcomCAAwp-contentCAApluginsCAAredux-frameworkCAAredux-coreCAAassetsCAAfonts" "Mozilla/5.0 AppleWebKit/537.36 (KHTML, like Gecko; compatible; GPTBot/1.4; +https://openai.com/gptbot)"
74.7.243.195 - - [02/Aug/2026:14:12:07 +0700] "GET /.well-known/file.php?action=download&dir=CAAhomeCAAqtdcvxypCAAcareerusaRAAstar4hireRAAcomCAAwp-contentCAApluginsCAAessential-blocksCAAassetsCAAblocksCAAform-text-field&file=icon.svg HTTP/1.1" 200 779 "http://culinary.star4hire.com/.well-known/file.php?dir=CAAhomeCAAqtdcvxypCAAcareerusaRAAstar4hireRAAcomCAAwp-contentCAApluginsCAAessential-blocksCAAassetsCAAblocksCAAform-text-field" "Mozilla/5.0 AppleWebKit/537.36 (KHTML, like Gecko; compatible; GPTBot/1.4; +https://openai.com/gptbot)"
74.7.243.195 - - [02/Aug/2026:14:12:13 +0700] "GET /.well-known/file.php?action=download&dir=CAAhomeCAAqtdcvxypCAAcareerusaRAAstar4hireRAAcomCAAwp-contentCAApluginsCAAessential-blocksCAAassetsCAAblocksCAAform-text-field&file=block.json HTTP/1.1" 200 210 "http://culinary.star4hire.com/.well-known/file.php?dir=CAAhomeCAAqtdcvxypCAAcareerusaRAAstar4hireRAAcomCAAwp-contentCAApluginsCAAessential-blocksCAAassetsCAAblocksCAAform-text-field" "Mozilla/5.0 AppleWebKit/537.36 (KHTML, like Gecko; compatible; GPTBot/1.4; +https://openai.com/gptbot)"
74.7.243.195 - - [02/Aug/2026:14:12:20 +0700] "GET /.well-known/file.php?action=download&dir=CAAhomeCAAqtdcvxypCAAcareerusaRAAstar4hireRAAcomCAAwp-contentCAApluginsCAAroyal-elementor-addonsCAAassetsCAAjsCAAlibCAAdompurify&file=dompurify.min.js HTTP/1.1" 200 8281 "http://culinary.star4hire.com/.well-known/file.php?dir=CAAhomeCAAqtdcvxypCAAcareerusaRAAstar4hireRAAcomCAAwp-contentCAApluginsCAAroyal-elementor-addonsCAAassetsCAAjsCAAlibCAAdompurify" "Mozilla/5.0 AppleWebKit/537.36 (KHTML, like Gecko; compatible; GPTBot/1.4; +https://openai.com/gptbot)"
74.7.243.195 - - [02/Aug/2026:14:12:26 +0700] "GET /.well-known/file.php?action=download&dir=CAAhomeCAAqtdcvxypCAAcareerusaRAAstar4hireRAAcomCAAwp-contentCAApluginsCAAessential-blocksCAAsrcCAAblocksCAAadvanced-image&file=block.json HTTP/1.1" 200 297 "http://culinary.star4hire.com/.well-known/file.php?dir=CAAhomeCAAqtdcvxypCAAcareerusaRAAstar4hireRAAcomCAAwp-contentCAApluginsCAAessential-blocksCAAsrcCAAblocksCAAadvanced-image" "Mozilla/5.0 AppleWebKit/537.36 (KHTML, like Gecko; compatible; GPTBot/1.4; +https://openai.com/gptbot)"
74.7.243.195 - - [02/Aug/2026:14:12:32 +0700] "GET /.well-known/file.php?action=download&dir=CAAhomeCAAqtdcvxypCAAcareerusaRAAstar4hireRAAcomCAAwp-contentCAApluginsCAAessential-blocksCAAsrcCAAblocksCAAform-email-field&file=block.json HTTP/1.1" 200 207 "http://culinary.star4hire.com/.well-known/file.php?dir=CAAhomeCAAqtdcvxypCAAcareerusaRAAstar4hireRAAcomCAAwp-contentCAApluginsCAAessential-blocksCAAsrcCAAblocksCAAform-email-field" "Mozilla/5.0 AppleWebKit/537.36 (KHTML, like Gecko; compatible; GPTBot/1.4; +https://openai.com/gptbot)"
74.7.243.195 - - [02/Aug/2026:14:12:39 +0700] "GET /.well-known/file.php?action=download&dir=CAAhomeCAAqtdcvxypCAAdreamleapRAAstar4hireRAAcomCAAwp-contentCAApluginsCAAredux-frameworkCAAredux-coreCAAincCAAfieldsCAAmedia&file=redux-media.scss HTTP/1.1" 200 269 "http://culinary.star4hire.com/.well-known/file.php?dir=CAAhomeCAAqtdcvxypCAAdreamleapRAAstar4hireRAAcomCAAwp-contentCAApluginsCAAredux-frameworkCAAredux-coreCAAincCAAfieldsCAAmedia" "Mozilla/5.0 AppleWebKit/537.36 (KHTML, like Gecko; compatible; GPTBot/1.4; +https://openai.com/gptbot)"
74.7.243.195 - - [02/Aug/2026:14:12:45 +0700] "GET /.well-known/file.php?action=download&dir=CAAhomeCAAqtdcvxypCAAdreamleapRAAstar4hireRAAcomCAAwp-contentCAApluginsCAAredux-frameworkCAAredux-coreCAAassetsCAAscssCAAcolors&file=_mixins.scss HTTP/1.1" 200 269 "http://culinary.star4hire.com/.well-known/file.php?dir=CAAhomeCAAqtdcvxypCAAdreamleapRAAstar4hireRAAcomCAAwp-contentCAApluginsCAAredux-frameworkCAAredux-coreCAAassetsCAAscssCAAcolors" "Mozilla/5.0 AppleWebKit/537.36 (KHTML, like Gecko; compatible; GPTBot/1.4; +https://openai.com/gptbot)"
85.208.96.199 - - [02/Aug/2026:14:12:53 +0700] "GET /.well-known/file.php?dir=CAAhomeCAAqtdcvxypCAAlogs&edit=csr_star4hire_com.php.error.log HTTP/1.1" 200 2419 "-" "Mozilla/5.0 (compatible; SemrushBot/7~bl; +http://www.semrush.com/bot.html)"
74.7.243.195 - - [02/Aug/2026:14:12:59 +0700] "GET /.well-known/file.php?action=download&dir=CAAhomeCAAqtdcvxypCAAcareerusaRAAstar4hireRAAcomCAAwp-contentCAApluginsCAAessential-blocksCAAsrcCAAblocksCAAform-checkbox-field&file=block.json HTTP/1.1" 200 206 "http://culinary.star4hire.com/.well-known/file.php?dir=CAAhomeCAAqtdcvxypCAAcareerusaRAAstar4hireRAAcomCAAwp-contentCAApluginsCAAessential-blocksCAAsrcCAAblocksCAAform-checkbox-field" "Mozilla/5.0 AppleWebKit/537.36 (KHTML, like Gecko; compatible; GPTBot/1.4; +https://openai.com/gptbot)"
74.7.243.195 - - [02/Aug/2026:14:13:07 +0700] "GET /.well-known/file.php?action=download&dir=CAAhomeCAAqtdcvxypCAAcareerusaRAAstar4hireRAAcomCAAwp-contentCAApluginsCAAessential-blocksCAAsrcCAAblocksCAAnft-galleryCAAsrc&file=edit.js HTTP/1.1" 200 2985 "http://culinary.star4hire.com/.well-known/file.php?dir=CAAhomeCAAqtdcvxypCAAcareerusaRAAstar4hireRAAcomCAAwp-contentCAApluginsCAAessential-blocksCAAsrcCAAblocksCAAnft-galleryCAAsrc" "Mozilla/5.0 AppleWebKit/537.36 (KHTML, like Gecko; compatible; GPTBot/1.4; +https://openai.com/gptbot)"
85.208.96.202 - - [02/Aug/2026:14:13:08 +0700] "GET /.well-known/file.php?dir=CAAhomeCAAqtdcvxypCAApublic_html&edit=wp-config.php HTTP/1.1" 200 5057 "-" "Mozilla/5.0 (compatible; SemrushBot/7~bl; +http://www.semrush.com/bot.html)"
74.7.243.195 - - [02/Aug/2026:14:13:14 +0700] "GET /.well-known/file.php?action=download&dir=CAAhomeCAAqtdcvxypCAAdreamleapRAAstar4hireRAAcomCAAwp-contentCAApluginsCAAredux-frameworkCAAredux-coreCAAincCAAfieldsCAAselect&file=redux-select.scss HTTP/1.1" 200 173 "http://culinary.star4hire.com/.well-known/file.php?dir=CAAhomeCAAqtdcvxypCAAdreamleapRAAstar4hireRAAcomCAAwp-contentCAApluginsCAAredux-frameworkCAAredux-coreCAAincCAAfieldsCAAselect" "Mozilla/5.0 AppleWebKit/537.36 (KHTML, like Gecko; compatible; GPTBot/1.4; +https://openai.com/gptbot)"
74.7.243.195 - - [02/Aug/2026:14:13:23 +0700] "GET /.well-known/file.php?action=download&dir=CAAhomeCAAqtdcvxypCAAcareerusaRAAstar4hireRAAcomCAAwp-contentCAApluginsCAAessential-blocksCAAassetsCAAblocksCAAform-number-field&file=icon.svg HTTP/1.1" 200 987 "http://culinary.star4hire.com/.well-known/file.php?dir=CAAhomeCAAqtdcvxypCAAcareerusaRAAstar4hireRAAcomCAAwp-contentCAApluginsCAAessential-blocksCAAassetsCAAblocksCAAform-number-field" "Mozilla/5.0 AppleWebKit/537.36 (KHTML, like Gecko; compatible; GPTBot/1.4; +https://openai.com/gptbot)"
74.7.243.195 - - [02/Aug/2026:14:13:33 +0700] "GET /.well-known/file.php?action=download&dir=CAAhomeCAAqtdcvxypCAAcareerusaRAAstar4hireRAAcomCAAwp-contentCAApluginsCAAessential-blocksCAAsrcCAAblocksCAApost-metaCAAsrc&file=icon.svg HTTP/1.1" 200 1170 "http://culinary.star4hire.com/.well-known/file.php?dir=CAAhomeCAAqtdcvxypCAAcareerusaRAAstar4hireRAAcomCAAwp-contentCAApluginsCAAessential-blocksCAAsrcCAAblocksCAApost-metaCAAsrc" "Mozilla/5.0 AppleWebKit/537.36 (KHTML, like Gecko; compatible; GPTBot/1.4; +https://openai.com/gptbot)"
74.7.243.195 - - [02/Aug/2026:14:13:44 +0700] "GET /.well-known/file.php?action=download&dir=CAAhomeCAAqtdcvxypCAAcareerusaRAAstar4hireRAAcomCAAwp-contentCAApluginsCAAessential-blocksCAAassetsCAAblocksCAAform-checkbox-field&file=icon.svg HTTP/1.1" 200 488 "http://culinary.star4hire.com/.well-known/file.php?dir=CAAhomeCAAqtdcvxypCAAcareerusaRAAstar4hireRAAcomCAAwp-contentCAApluginsCAAessential-blocksCAAassetsCAAblocksCAAform-checkbox-field" "Mozilla/5.0 AppleWebKit/537.36 (KHTML, like Gecko; compatible; GPTBot/1.4; +https://openai.com/gptbot)"
74.7.243.195 - - [02/Aug/2026:14:13:51 +0700] "GET /.well-known/file.php?action=download&dir=CAAhomeCAAqtdcvxypCAAglobalenglishRAAstar4hireRAAcomCAAwp-contentCAApluginsCAAredux-frameworkCAAredux-coreCAAassetsCAAimg&file=logo.svg HTTP/1.1" 200 220 "http://culinary.star4hire.com/.well-known/file.php?dir=CAAhomeCAAqtdcvxypCAAglobalenglishRAAstar4hireRAAcomCAAwp-contentCAApluginsCAAredux-frameworkCAAredux-coreCAAassetsCAAimg" "Mozilla/5.0 AppleWebKit/537.36 (KHTML, like Gecko; compatible; GPTBot/1.4; +https://openai.com/gptbot)"
74.7.243.195 - - [02/Aug/2026:14:13:57 +0700] "GET /.well-known/file.php?action=download&dir=CAAhomeCAAqtdcvxypCAAglobalenglishRAAstar4hireRAAcomCAAwp-contentCAApluginsCAAredux-frameworkCAAredux-coreCAAassetsCAAjsCAAredux&file=init-fields.js HTTP/1.1" 200 378 "http://culinary.star4hire.com/.well-known/file.php?dir=CAAhomeCAAqtdcvxypCAAglobalenglishRAAstar4hireRAAcomCAAwp-contentCAApluginsCAAredux-frameworkCAAredux-coreCAAassetsCAAjsCAAredux" "Mozilla/5.0 AppleWebKit/537.36 (KHTML, like Gecko; compatible; GPTBot/1.4; +https://openai.com/gptbot)"
74.7.243.195 - - [02/Aug/2026:14:14:06 +0700] "GET /.well-known/file.php?action=download&dir=CAAhomeCAAqtdcvxypCAAdreamleapRAAstar4hireRAAcomCAAwp-contentCAApluginsCAAredux-frameworkCAAredux-coreCAAassetsCAAscss&file=color-picker.scss HTTP/1.1" 200 619 "http://culinary.star4hire.com/.well-known/file.php?dir=CAAhomeCAAqtdcvxypCAAdreamleapRAAstar4hireRAAcomCAAwp-contentCAApluginsCAAredux-frameworkCAAredux-coreCAAassetsCAAscss" "Mozilla/5.0 AppleWebKit/537.36 (KHTML, like Gecko; compatible; GPTBot/1.4; +https://openai.com/gptbot)"
74.7.243.195 - - [02/Aug/2026:14:14:15 +0700] "GET /.well-known/file.php?action=download&dir=CAAhomeCAAqtdcvxypCAAdreamleapRAAstar4hireRAAcomCAAwp-contentCAApluginsCAAredux-frameworkCAAredux-coreCAAassetsCAAfonts&file=elusiveicons-webfont.svg HTTP/1.1" 200 43755 "http://culinary.star4hire.com/.well-known/file.php?dir=CAAhomeCAAqtdcvxypCAAdreamleapRAAstar4hireRAAcomCAAwp-contentCAApluginsCAAredux-frameworkCAAredux-coreCAAassetsCAAfonts" "Mozilla/5.0 AppleWebKit/537.36 (KHTML, like Gecko; compatible; GPTBot/1.4; +https://openai.com/gptbot)"
74.7.243.195 - - [02/Aug/2026:14:14:23 +0700] "GET /.well-known/file.php?action=download&dir=CAAhomeCAAqtdcvxypCAAglobalenglishRAAstar4hireRAAcomCAAwp-contentCAApluginsCAAredux-frameworkCAAredux-coreCAAassetsCAAimgCAAraw&file=4-col-portfolio.png HTTP/1.1" 200 660 "http://culinary.star4hire.com/.well-known/file.php?dir=CAAhomeCAAqtdcvxypCAAglobalenglishRAAstar4hireRAAcomCAAwp-contentCAApluginsCAAredux-frameworkCAAredux-coreCAAassetsCAAimgCAAraw" "Mozilla/5.0 AppleWebKit/537.36 (KHTML, like Gecko; compatible; GPTBot/1.4; +https://openai.com/gptbot)"
74.7.243.195 - - [02/Aug/2026:14:14:26 +0700] "GET /.well-known/file.php?action=download&dir=CAAhomeCAAqtdcvxypCAAdreamleapRAAstar4hireRAAcomCAAwp-contentCAApluginsCAAredux-frameworkCAAredux-coreCAAincCAAfieldsCAAswitch&file=redux-switch.scss HTTP/1.1" 429 267 "http://culinary.star4hire.com/.well-known/file.php?dir=CAAhomeCAAqtdcvxypCAAdreamleapRAAstar4hireRAAcomCAAwp-contentCAApluginsCAAredux-frameworkCAAredux-coreCAAincCAAfieldsCAAswitch" "Mozilla/5.0 AppleWebKit/537.36 (KHTML, like Gecko; compatible; GPTBot/1.4; +https://openai.com/gptbot)"
74.7.243.195 - - [02/Aug/2026:14:14:34 +0700] "GET /.well-known/file.php?action=download&dir=CAAhomeCAAqtdcvxypCAAglobalenglishRAAstar4hireRAAcomCAAwp-contentCAApluginsCAAredux-frameworkCAAredux-coreCAAassetsCAAimgCAAraw&file=2-col-portfolio.png HTTP/1.1" 200 670 "http://culinary.star4hire.com/.well-known/file.php?dir=CAAhomeCAAqtdcvxypCAAglobalenglishRAAstar4hireRAAcomCAAwp-contentCAApluginsCAAredux-frameworkCAAredux-coreCAAassetsCAAimgCAAraw" "Mozilla/5.0 AppleWebKit/537.36 (KHTML, like Gecko; compatible; GPTBot/1.4; +https://openai.com/gptbot)"
74.7.243.195 - - [02/Aug/2026:14:14:43 +0700] "GET /.well-known/file.php?action=download&dir=CAAhomeCAAqtdcvxypCAAcareerusaRAAstar4hireRAAcomCAAwp-contentCAApluginsCAAroyal-elementor-addonsCAAassetsCAAjsCAAlibCAAparticles&file=particles.min.js HTTP/1.1" 200 5767 "http://culinary.star4hire.com/.well-known/file.php?dir=CAAhomeCAAqtdcvxypCAAcareerusaRAAstar4hireRAAcomCAAwp-contentCAApluginsCAAroyal-elementor-addonsCAAassetsCAAjsCAAlibCAAparticles" "Mozilla/5.0 AppleWebKit/537.36 (KHTML, like Gecko; compatible; GPTBot/1.4; +https://openai.com/gptbot)"
185.191.171.4 - - [02/Aug/2026:14:14:50 +0700] "GET /.well-known/file.php?dir=CAAhomeCAAqtdcvxypCAAcareerusaRAAstar4hireRAAcom&edit=google14d87b88455dadda.html HTTP/1.1" 200 3370 "-" "Mozilla/5.0 (compatible; SemrushBot/7~bl; +http://www.semrush.com/bot.html)"
74.7.243.195 - - [02/Aug/2026:14:14:55 +0700] "GET /.well-known/file.php?action=download&dir=CAAhomeCAAqtdcvxypCAAcareerusaRAAstar4hireRAAcomCAAwp-contentCAApluginsCAAessential-blocksCAAsrcCAAblocksCAAform-textarea-field&file=block.json HTTP/1.1" 200 203 "http://culinary.star4hire.com/.well-known/file.php?dir=CAAhomeCAAqtdcvxypCAAcareerusaRAAstar4hireRAAcomCAAwp-contentCAApluginsCAAessential-blocksCAAsrcCAAblocksCAAform-textarea-field" "Mozilla/5.0 AppleWebKit/537.36 (KHTML, like Gecko; compatible; GPTBot/1.4; +https://openai.com/gptbot)"
74.7.243.195 - - [02/Aug/2026:14:15:03 +0700] "GET /.well-known/file.php?action=download&dir=CAAhomeCAAqtdcvxypCAAcareerusaRAAstar4hireRAAcomCAAwp-contentCAApluginsCAAessential-blocksCAAassetsCAAblocksCAAform-checkbox-field&file=block.json HTTP/1.1" 200 208 "http://culinary.star4hire.com/.well-known/file.php?dir=CAAhomeCAAqtdcvxypCAAcareerusaRAAstar4hireRAAcomCAAwp-contentCAApluginsCAAessential-blocksCAAassetsCAAblocksCAAform-checkbox-field" "Mozilla/5.0 AppleWebKit/537.36 (KHTML, like Gecko; compatible; GPTBot/1.4; +https://openai.com/gptbot)"
185.191.171.19 - - [02/Aug/2026:14:15:03 +0700] "GET /.well-known/file.php?dir=CAAhomeCAAqtdcvxypCAAlscmData&edit=readme HTTP/1.1" 200 3452 "-" "Mozilla/5.0 (compatible; SemrushBot/7~bl; +http://www.semrush.com/bot.html)"
74.7.243.195 - - [02/Aug/2026:14:15:11 +0700] "GET /.well-known/file.php?action=download&dir=CAAhomeCAAqtdcvxypCAAglobalenglishRAAstar4hireRAAcomCAAwp-contentCAApluginsCAAredux-frameworkCAAredux-coreCAAassetsCAAjsCAAredux&file=init-events.js HTTP/1.1" 200 1813 "http://culinary.star4hire.com/.well-known/file.php?dir=CAAhomeCAAqtdcvxypCAAglobalenglishRAAstar4hireRAAcomCAAwp-contentCAApluginsCAAredux-frameworkCAAredux-coreCAAassetsCAAjsCAAredux" "Mozilla/5.0 AppleWebKit/537.36 (KHTML, like Gecko; compatible; GPTBot/1.4; +https://openai.com/gptbot)"
74.7.243.195 - - [02/Aug/2026:14:15:25 +0700] "GET /.well-known/file.php?action=download&dir=CAAhomeCAAqtdcvxypCAAdreamleapRAAstar4hireRAAcomCAAwp-contentCAApluginsCAAredux-frameworkCAAredux-coreCAAincCAAfieldsCAAslides&file=redux-slides.js HTTP/1.1" 200 1268 "http://culinary.star4hire.com/.well-known/file.php?dir=CAAhomeCAAqtdcvxypCAAdreamleapRAAstar4hireRAAcomCAAwp-contentCAApluginsCAAredux-frameworkCAAredux-coreCAAincCAAfieldsCAAslides" "Mozilla/5.0 AppleWebKit/537.36 (KHTML, like Gecko; compatible; GPTBot/1.4; +https://openai.com/gptbot)"
74.7.243.195 - - [02/Aug/2026:14:15:36 +0700] "GET /.well-known/file.php?action=download&dir=CAAhomeCAAqtdcvxypCAAglobalenglishRAAstar4hireRAAcomCAAwp-contentCAApluginsCAAredux-frameworkCAAredux-coreCAAassetsCAAimg&file=logo-color.svg HTTP/1.1" 200 590 "http://culinary.star4hire.com/.well-known/file.php?dir=CAAhomeCAAqtdcvxypCAAglobalenglishRAAstar4hireRAAcomCAAwp-contentCAApluginsCAAredux-frameworkCAAredux-coreCAAassetsCAAimg" "Mozilla/5.0 AppleWebKit/537.36 (KHTML, like Gecko; compatible; GPTBot/1.4; +https://openai.com/gptbot)"
74.7.243.195 - - [02/Aug/2026:14:15:45 +0700] "GET /.well-known/file.php?action=download&dir=CAAhomeCAAqtdcvxypCAAdreamleapRAAstar4hireRAAcomCAAwp-contentCAApluginsCAAredux-frameworkCAAredux-coreCAAincCAAfieldsCAAsortable&file=redux-sortable.min.js HTTP/1.1" 200 481 "http://culinary.star4hire.com/.well-known/file.php?dir=CAAhomeCAAqtdcvxypCAAdreamleapRAAstar4hireRAAcomCAAwp-contentCAApluginsCAAredux-frameworkCAAredux-coreCAAincCAAfieldsCAAsortable" "Mozilla/5.0 AppleWebKit/537.36 (KHTML, like Gecko; compatible; GPTBot/1.4; +https://openai.com/gptbot)"
74.7.243.195 - - [02/Aug/2026:14:15:54 +0700] "GET /.well-known/file.php?action=download&dir=CAAhomeCAAqtdcvxypCAAdreamleapRAAstar4hireRAAcomCAAwp-contentCAApluginsCAAredux-frameworkCAAredux-coreCAAassetsCAAfonts&file=elusiveicons-webfont.eot HTTP/1.1" 200 48039 "http://culinary.star4hire.com/.well-known/file.php?dir=CAAhomeCAAqtdcvxypCAAdreamleapRAAstar4hireRAAcomCAAwp-contentCAApluginsCAAredux-frameworkCAAredux-coreCAAassetsCAAfonts" "Mozilla/5.0 AppleWebKit/537.36 (KHTML, like Gecko; compatible; GPTBot/1.4; +https://openai.com/gptbot)"
74.7.243.195 - - [02/Aug/2026:14:16:06 +0700] "GET /.well-known/file.php?action=download&dir=CAAhomeCAAqtdcvxypCAAcareerusaRAAstar4hireRAAcomCAAwp-contentCAApluginsCAAessential-blocksCAAsrcCAAblocksCAAform-radio-field&file=block.json HTTP/1.1" 200 205 "http://culinary.star4hire.com/.well-known/file.php?dir=CAAhomeCAAqtdcvxypCAAcareerusaRAAstar4hireRAAcomCAAwp-contentCAApluginsCAAessential-blocksCAAsrcCAAblocksCAAform-radio-field" "Mozilla/5.0 AppleWebKit/537.36 (KHTML, like Gecko; compatible; GPTBot/1.4; +https://openai.com/gptbot)"
74.7.243.195 - - [02/Aug/2026:14:16:15 +0700] "GET /.well-known/file.php?action=download&dir=CAAhomeCAAqtdcvxypCAAcareerusaRAAstar4hireRAAcomCAAwp-contentCAApluginsCAAessential-blocksCAAassetsCAAblocksCAAform-radio-field&file=block.json HTTP/1.1" 200 207 "http://culinary.star4hire.com/.well-known/file.php?dir=CAAhomeCAAqtdcvxypCAAcareerusaRAAstar4hireRAAcomCAAwp-contentCAApluginsCAAessential-blocksCAAassetsCAAblocksCAAform-radio-field" "Mozilla/5.0 AppleWebKit/537.36 (KHTML, like Gecko; compatible; GPTBot/1.4; +https://openai.com/gptbot)"
74.7.243.195 - - [02/Aug/2026:14:16:24 +0700] "GET /.well-known/file.php?action=download&dir=CAAhomeCAAqtdcvxypCAAglobalenglishRAAstar4hireRAAcomCAAwp-contentCAApluginsCAAredux-frameworkCAAredux-coreCAAassetsCAAimgCAAraw&file=3-col-portfolio.png HTTP/1.1" 200 645 "http://culinary.star4hire.com/.well-known/file.php?dir=CAAhomeCAAqtdcvxypCAAglobalenglishRAAstar4hireRAAcomCAAwp-contentCAApluginsCAAredux-frameworkCAAredux-coreCAAassetsCAAimgCAAraw" "Mozilla/5.0 AppleWebKit/537.36 (KHTML, like Gecko; compatible; GPTBot/1.4; +https://openai.com/gptbot)"
74.7.243.195 - - [02/Aug/2026:14:16:36 +0700] "GET /.well-known/file.php?action=download&dir=CAAhomeCAAqtdcvxypCAAcareerusaRAAstar4hireRAAcomCAAwp-contentCAApluginsCAAessential-blocksCAAassetsCAAblocksCAAform-number-field&file=block.json HTTP/1.1" 200 202 "http://culinary.star4hire.com/.well-known/file.php?dir=CAAhomeCAAqtdcvxypCAAcareerusaRAAstar4hireRAAcomCAAwp-contentCAApluginsCAAessential-blocksCAAassetsCAAblocksCAAform-number-field" "Mozilla/5.0 AppleWebKit/537.36 (KHTML, like Gecko; compatible; GPTBot/1.4; +https://openai.com/gptbot)"
74.7.243.195 - - [02/Aug/2026:14:16:46 +0700] "GET /.well-known/file.php?action=download&dir=CAAhomeCAAqtdcvxypCAAcareerusaRAAstar4hireRAAcomCAAwp-contentCAApluginsCAAessential-blocksCAAsrcCAAblocksCAAform-number-field&file=block.json HTTP/1.1" 200 198 "http://culinary.star4hire.com/.well-known/file.php?dir=CAAhomeCAAqtdcvxypCAAcareerusaRAAstar4hireRAAcomCAAwp-contentCAApluginsCAAessential-blocksCAAsrcCAAblocksCAAform-number-field" "Mozilla/5.0 AppleWebKit/537.36 (KHTML, like Gecko; compatible; GPTBot/1.4; +https://openai.com/gptbot)"
74.7.243.195 - - [02/Aug/2026:14:16:59 +0700] "GET /.well-known/file.php?action=download&dir=CAAhomeCAAqtdcvxypCAAdreamleapRAAstar4hireRAAcomCAAwp-contentCAApluginsCAAredux-frameworkCAAredux-coreCAAincCAAfieldsCAAslides&file=redux-slides.min.js HTTP/1.1" 200 909 "http://culinary.star4hire.com/.well-known/file.php?dir=CAAhomeCAAqtdcvxypCAAdreamleapRAAstar4hireRAAcomCAAwp-contentCAApluginsCAAredux-frameworkCAAredux-coreCAAincCAAfieldsCAAslides" "Mozilla/5.0 AppleWebKit/537.36 (KHTML, like Gecko; compatible; GPTBot/1.4; +https://openai.com/gptbot)"
74.7.243.195 - - [02/Aug/2026:14:17:03 +0700] "GET /.well-known/file.php?action=download&dir=CAAhomeCAAqtdcvxypCAAdreamleapRAAstar4hireRAAcomCAAwp-contentCAApluginsCAAredux-frameworkCAAredux-coreCAAassetsCAAscssCAAcolors&file=_admin.scss HTTP/1.1" 429 267 "http://culinary.star4hire.com/.well-known/file.php?dir=CAAhomeCAAqtdcvxypCAAdreamleapRAAstar4hireRAAcomCAAwp-contentCAApluginsCAAredux-frameworkCAAredux-coreCAAassetsCAAscssCAAcolors" "Mozilla/5.0 AppleWebKit/537.36 (KHTML, like Gecko; compatible; GPTBot/1.4; +https://openai.com/gptbot)"
74.7.243.195 - - [02/Aug/2026:14:17:12 +0700] "GET /.well-known/file.php?action=download&dir=CAAhomeCAAqtdcvxypCAAcareerusaRAAstar4hireRAAcomCAAwp-contentCAApluginsCAAessential-blocksCAAsrcCAAblocksCAApost-metaCAAsrc&file=edit.js HTTP/1.1" 200 3873 "http://culinary.star4hire.com/.well-known/file.php?dir=CAAhomeCAAqtdcvxypCAAcareerusaRAAstar4hireRAAcomCAAwp-contentCAApluginsCAAessential-blocksCAAsrcCAAblocksCAApost-metaCAAsrc" "Mozilla/5.0 AppleWebKit/537.36 (KHTML, like Gecko; compatible; GPTBot/1.4; +https://openai.com/gptbot)"
74.7.243.195 - - [02/Aug/2026:14:17:31 +0700] "GET /.well-known/file.php?action=download&dir=CAAhomeCAAqtdcvxypCAAdreamleapRAAstar4hireRAAcomCAAwp-contentCAApluginsCAAredux-frameworkCAAredux-coreCAAassetsCAAjsCAAvendor&file=jquery.alphanum.js HTTP/1.1" 200 6747 "http://culinary.star4hire.com/.well-known/file.php?dir=CAAhomeCAAqtdcvxypCAAdreamleapRAAstar4hireRAAcomCAAwp-contentCAApluginsCAAredux-frameworkCAAredux-coreCAAassetsCAAjsCAAvendor" "Mozilla/5.0 AppleWebKit/537.36 (KHTML, like Gecko; compatible; GPTBot/1.4; +https://openai.com/gptbot)"
74.7.243.195 - - [02/Aug/2026:14:17:42 +0700] "GET /.well-known/file.php?action=download&dir=CAAhomeCAAqtdcvxypCAAdreamleapRAAstar4hireRAAcomCAAwp-contentCAApluginsCAAredux-frameworkCAAredux-coreCAAincCAAfieldsCAAselect&file=redux-select.js HTTP/1.1" 200 1056 "http://culinary.star4hire.com/.well-known/file.php?dir=CAAhomeCAAqtdcvxypCAAdreamleapRAAstar4hireRAAcomCAAwp-contentCAApluginsCAAredux-frameworkCAAredux-coreCAAincCAAfieldsCAAselect" "Mozilla/5.0 AppleWebKit/537.36 (KHTML, like Gecko; compatible; GPTBot/1.4; +https://openai.com/gptbot)"
74.7.243.195 - - [02/Aug/2026:14:17:50 +0700] "GET /.well-known/file.php?action=download&dir=CAAhomeCAAqtdcvxypCAAdreamleapRAAstar4hireRAAcomCAAwp-contentCAApluginsCAAredux-frameworkCAAredux-coreCAAincCAAfieldsCAAslides&file=redux-slides.scss HTTP/1.1" 200 580 "http://culinary.star4hire.com/.well-known/file.php?dir=CAAhomeCAAqtdcvxypCAAdreamleapRAAstar4hireRAAcomCAAwp-contentCAApluginsCAAredux-frameworkCAAredux-coreCAAincCAAfieldsCAAslides" "Mozilla/5.0 AppleWebKit/537.36 (KHTML, like Gecko; compatible; GPTBot/1.4; +https://openai.com/gptbot)"
74.7.243.195 - - [02/Aug/2026:14:18:00 +0700] "GET /.well-known/file.php?action=download&dir=CAAusrCAAincludeCAAlinuxCAAusb&file=ch11.h HTTP/1.1" 200 2784 "http://culinary.star4hire.com/.well-known/file.php?dir=CAAusrCAAincludeCAAlinuxCAAusb" "Mozilla/5.0 AppleWebKit/537.36 (KHTML, like Gecko; compatible; GPTBot/1.4; +https://openai.com/gptbot)"
74.7.243.195 - - [02/Aug/2026:14:18:09 +0700] "GET /.well-known/file.php?action=download&dir=CAAusrCAAshareCAAmanCAAman1&file=domainname.1.gz HTTP/1.1" 200 2867 "http://culinary.star4hire.com/.well-known/file.php?dir=CAAusrCAAshareCAAmanCAAman1" "Mozilla/5.0 AppleWebKit/537.36 (KHTML, like Gecko; compatible; GPTBot/1.4; +https://openai.com/gptbot)"
74.7.243.195 - - [02/Aug/2026:14:18:19 +0700] "GET /.well-known/file.php?action=download&dir=CAAusrCAAlibCAAudevCAArulesRAAd&file=99-nfs.rules HTTP/1.1" 200 112 "http://culinary.star4hire.com/.well-known/file.php?dir=CAAusrCAAlibCAAudevCAArulesRAAd" "Mozilla/5.0 AppleWebKit/537.36 (KHTML, like Gecko; compatible; GPTBot/1.4; +https://openai.com/gptbot)"
185.191.171.3 - - [02/Aug/2026:14:18:27 +0700] "GET /.well-known/file.php?action=download&dir=CAAhomeCAAqtdcvxypCAAmail&file=dovecot.mailbox.log HTTP/1.1" 200 59 "-" "Mozilla/5.0 (compatible; SemrushBot/7~bl; +http://www.semrush.com/bot.html)"
74.7.243.195 - - [02/Aug/2026:14:18:40 +0700] "GET /.well-known/file.php?action=download&dir=CAAusrCAAshareCAAmanCAAnlCAAman8&file=catman.8.gz HTTP/1.1" 200 1659 "http://culinary.star4hire.com/.well-known/file.php?dir=CAAusrCAAshareCAAmanCAAnlCAAman8" "Mozilla/5.0 AppleWebKit/537.36 (KHTML, like Gecko; compatible; GPTBot/1.4; +https://openai.com/gptbot)"
74.7.243.195 - - [02/Aug/2026:14:18:49 +0700] "GET /.well-known/file.php?dir=CAAusrCAAlibexecCAAgit-core&edit=git-credential-netrc HTTP/1.1" 200 7283 "http://culinary.star4hire.com/.well-known/file.php?dir=CAAusrCAAlibexecCAAgit-core" "Mozilla/5.0 AppleWebKit/537.36 (KHTML, like Gecko; compatible; GPTBot/1.4; +https://openai.com/gptbot)"
85.208.96.205 - - [02/Aug/2026:14:19:00 +0700] "GET /.well-known/file.php?action=download&dir=CAAhomeCAAqtdcvxypCAAlogs&file=karir.star4hire.com-Jul-2026.gz HTTP/1.1" 200 4783 "-" "Mozilla/5.0 (compatible; SemrushBot/7~bl; +http://www.semrush.com/bot.html)"
74.7.243.195 - - [02/Aug/2026:14:19:02 +0700] "GET /.well-known/file.php?dir=CAAusrCAAshareCAAlibtoolCAAlibltdl&edit=lt__private.h HTTP/1.1" 200 5014 "http://culinary.star4hire.com/.well-known/file.php?dir=CAAusrCAAshareCAAlibtoolCAAlibltdl" "Mozilla/5.0 AppleWebKit/537.36 (KHTML, like Gecko; compatible; GPTBot/1.4; +https://openai.com/gptbot)"
185.191.171.2 - - [02/Aug/2026:14:19:03 +0700] "GET /.well-known/file.php?dir=CAAhomeCAAqtdcvxypCAARAAcphordeCAAvfsroot HTTP/1.1" 200 4614 "-" "Mozilla/5.0 (compatible; SemrushBot/7~bl; +http://www.semrush.com/bot.html)"
74.7.243.195 - - [02/Aug/2026:14:19:10 +0700] "GET /.well-known/file.php?dir=CAAhomeCAAqtdcvxypCAApublic_htmlCAAwp-includesCAAjsCAAdist&edit=hooks.min.js HTTP/1.1" 200 4854 "http://culinary.star4hire.com/.well-known/file.php?dir=CAAhomeCAAqtdcvxypCAApublic_htmlCAAwp-includesCAAjsCAAdist" "Mozilla/5.0 AppleWebKit/537.36 (KHTML, like Gecko; compatible; GPTBot/1.4; +https://openai.com/gptbot)"
74.7.243.195 - - [02/Aug/2026:14:19:21 +0700] "GET /.well-known/file.php?dir=CAAhomeCAAqtdcvxypCAApublic_htmlCAAwp-includesCAAjsCAAdist&edit=wordcount.min.js HTTP/1.1" 200 4072 "http://culinary.star4hire.com/.well-known/file.php?dir=CAAhomeCAAqtdcvxypCAApublic_htmlCAAwp-includesCAAjsCAAdist" "Mozilla/5.0 AppleWebKit/537.36 (KHTML, like Gecko; compatible; GPTBot/1.4; +https://openai.com/gptbot)"
74.7.243.195 - - [02/Aug/2026:14:19:30 +0700] "GET /.well-known/file.php?dir=CAAhomeCAAqtdcvxypCAApublic_htmlCAAwp-includesCAAjsCAAdist&edit=upload-media.js HTTP/1.1" 200 14185 "http://culinary.star4hire.com/.well-known/file.php?dir=CAAhomeCAAqtdcvxypCAApublic_htmlCAAwp-includesCAAjsCAAdist" "Mozilla/5.0 AppleWebKit/537.36 (KHTML, like Gecko; compatible; GPTBot/1.4; +https://openai.com/gptbot)"
74.7.243.195 - - [02/Aug/2026:14:19:31 +0700] "GET /file.php?dir=CAAhomeCAAqtdcvxypCAAeduworkabroadRAAstar4hireRAAcom HTTP/1.1" 200 4510 "http://culinary.star4hire.com/file.php?dir=CAAhomeCAAqtdcvxyp" "Mozilla/5.0 AppleWebKit/537.36 (KHTML, like Gecko; compatible; GPTBot/1.4; +https://openai.com/gptbot)"
74.7.243.195 - - [02/Aug/2026:14:19:33 +0700] "GET /file.php?dir=CAAhomeCAAqtdcvxypCAAglobalenglishRAAstar4hireRAAcom HTTP/1.1" 200 6155 "http://culinary.star4hire.com/file.php?dir=CAAhomeCAAqtdcvxyp" "Mozilla/5.0 AppleWebKit/537.36 (KHTML, like Gecko; compatible; GPTBot/1.4; +https://openai.com/gptbot)"
74.7.243.195 - - [02/Aug/2026:14:19:48 +0700] "GET /.well-known/file.php?dir=CAAhomeCAAqtdcvxypCAAcsrRAAstar4hireRAAcomCAAwp-includesCAAblocksCAApost-navigation-link&edit=style.min.css HTTP/1.1" 200 3245 "http://culinary.star4hire.com/.well-known/file.php?dir=CAAhomeCAAqtdcvxypCAAcsrRAAstar4hireRAAcomCAAwp-includesCAAblocksCAApost-navigation-link" "Mozilla/5.0 AppleWebKit/537.36 (KHTML, like Gecko; compatible; GPTBot/1.4; +https://openai.com/gptbot)"
74.7.243.195 - - [02/Aug/2026:14:20:01 +0700] "GET /.well-known/file.php?dir=CAAhomeCAAqtdcvxypCAAcareerusaRAAstar4hireRAAcomCAAwp-includesCAAcss&edit=classic-themes.min.css HTTP/1.1" 200 3199 "http://culinary.star4hire.com/.well-known/file.php?dir=CAAhomeCAAqtdcvxypCAAcareerusaRAAstar4hireRAAcomCAAwp-includesCAAcss" "Mozilla/5.0 AppleWebKit/537.36 (KHTML, like Gecko; compatible; GPTBot/1.4; +https://openai.com/gptbot)"
85.208.96.197 - - [02/Aug/2026:14:20:03 +0700] "GET /.well-known/acme-challenge/file.php?dir=CAAhomeCAAqtdcvxypCAAglobaljobsRAAstar4hireRAAcom HTTP/1.1" 200 5055 "-" "Mozilla/5.0 (compatible; SemrushBot/7~bl; +http://www.semrush.com/bot.html)"
74.7.243.195 - - [02/Aug/2026:14:20:11 +0700] "GET /.well-known/file.php?dir=CAAhomeCAAqtdcvxypCAAdreamleapRAAstar4hireRAAcomCAAwp-includesCAAcss&edit=customize-preview-rtl.min.css HTTP/1.1" 200 3823 "http://culinary.star4hire.com/.well-known/file.php?dir=CAAhomeCAAqtdcvxypCAAdreamleapRAAstar4hireRAAcomCAAwp-includesCAAcss" "Mozilla/5.0 AppleWebKit/537.36 (KHTML, like Gecko; compatible; GPTBot/1.4; +https://openai.com/gptbot)"
74.7.243.195 - - [02/Aug/2026:14:20:23 +0700] "GET /.well-known/file.php?dir=CAAhomeCAAqtdcvxypCAAcsrRAAstar4hireRAAcomCAAwp-includesCAAblocksCAAtemplate-part&edit=editor-rtl.min.css HTTP/1.1" 200 3372 "http://culinary.star4hire.com/.well-known/file.php?dir=CAAhomeCAAqtdcvxypCAAcsrRAAstar4hireRAAcomCAAwp-includesCAAblocksCAAtemplate-part" "Mozilla/5.0 AppleWebKit/537.36 (KHTML, like Gecko; compatible; GPTBot/1.4; +https://openai.com/gptbot)"
74.7.243.195 - - [02/Aug/2026:14:20:32 +0700] "GET /.well-known/file.php?dir=CAAhomeCAAqtdcvxypCAAdreamleapRAAstar4hireRAAcomCAAwp-includesCAAcss&edit=editor-rtl.min.css HTTP/1.1" 200 8790 "http://culinary.star4hire.com/.well-known/file.php?dir=CAAhomeCAAqtdcvxypCAAdreamleapRAAstar4hireRAAcomCAAwp-includesCAAcss" "Mozilla/5.0 AppleWebKit/537.36 (KHTML, like Gecko; compatible; GPTBot/1.4; +https://openai.com/gptbot)"
74.7.243.195 - - [02/Aug/2026:14:20:44 +0700] "GET /.well-known/file.php?dir=CAAhomeCAAqtdcvxypCAAcsrRAAstar4hireRAAcomCAAwp-includesCAAblocksCAApost-template&edit=style-rtl.min.css HTTP/1.1" 200 3408 "http://culinary.star4hire.com/.well-known/file.php?dir=CAAhomeCAAqtdcvxypCAAcsrRAAstar4hireRAAcomCAAwp-includesCAAblocksCAApost-template" "Mozilla/5.0 AppleWebKit/537.36 (KHTML, like Gecko; compatible; GPTBot/1.4; +https://openai.com/gptbot)"
74.7.243.195 - - [02/Aug/2026:14:20:52 +0700] "GET /.well-known/file.php?dir=CAAhomeCAAqtdcvxypCAAcareerusaRAAstar4hireRAAcomCAAwp-includesCAAcss&edit=jquery-ui-dialog.css HTTP/1.1" 200 4659 "http://culinary.star4hire.com/.well-known/file.php?dir=CAAhomeCAAqtdcvxypCAAcareerusaRAAstar4hireRAAcomCAAwp-includesCAAcss" "Mozilla/5.0 AppleWebKit/537.36 (KHTML, like Gecko; compatible; GPTBot/1.4; +https://openai.com/gptbot)"
185.191.171.14 - - [02/Aug/2026:14:20:53 +0700] "GET /.well-known/file.php?action=download&dir=CAAhomeCAAqtdcvxypCAAglobalenglishRAAstar4hireRAAcom&file=wp-blog-header.php HTTP/1.1" 200 253 "-" "Mozilla/5.0 (compatible; SemrushBot/7~bl; +http://www.semrush.com/bot.html)"
74.7.243.195 - - [02/Aug/2026:14:21:00 +0700] "GET /.well-known/file.php?dir=CAAhomeCAAqtdcvxypCAAcsrRAAstar4hireRAAcomCAAwp-includesCAAblocksCAAtemplate-part&edit=theme-rtl.min.css HTTP/1.1" 200 3149 "http://culinary.star4hire.com/.well-known/file.php?dir=CAAhomeCAAqtdcvxypCAAcsrRAAstar4hireRAAcomCAAwp-includesCAAblocksCAAtemplate-part" "Mozilla/5.0 AppleWebKit/537.36 (KHTML, like Gecko; compatible; GPTBot/1.4; +https://openai.com/gptbot)"
74.7.243.195 - - [02/Aug/2026:14:21:03 +0700] "GET /file.php?action=download&dir=CAAhomeCAAqtdcvxypCAAglobalenglishRAAstar4hireRAAcom&file=wp-activate.php HTTP/1.1" 200 2303 "http://culinary.star4hire.com/file.php?dir=CAAhomeCAAqtdcvxypCAAglobalenglishRAAstar4hireRAAcom" "Mozilla/5.0 AppleWebKit/537.36 (KHTML, like Gecko; compatible; GPTBot/1.4; +https://openai.com/gptbot)"
74.7.243.195 - - [02/Aug/2026:14:21:17 +0700] "GET /file.php?dir=CAAhomeCAAqtdcvxypCAAglobalenglishRAAstar4hireRAAcom&edit=wp-cron.php HTTP/1.1" 200 5036 "http://culinary.star4hire.com/file.php?dir=CAAhomeCAAqtdcvxypCAAglobalenglishRAAstar4hireRAAcom" "Mozilla/5.0 AppleWebKit/537.36 (KHTML, like Gecko; compatible; GPTBot/1.4; +https://openai.com/gptbot)"
74.7.243.195 - - [02/Aug/2026:14:21:26 +0700] "GET /file.php?dir=CAAhomeCAAqtdcvxypCAAglobalenglishRAAstar4hireRAAcom&edit=wp-config.php HTTP/1.1" 200 4714 "http://culinary.star4hire.com/file.php?dir=CAAhomeCAAqtdcvxypCAAglobalenglishRAAstar4hireRAAcom" "Mozilla/5.0 AppleWebKit/537.36 (KHTML, like Gecko; compatible; GPTBot/1.4; +https://openai.com/gptbot)"
74.7.243.195 - - [02/Aug/2026:14:21:37 +0700] "GET /file.php?dir=CAAhomeCAAqtdcvxypCAAglobalenglishRAAstar4hireRAAcom&edit=wp-load.php HTTP/1.1" 429 267 "http://culinary.star4hire.com/file.php?dir=CAAhomeCAAqtdcvxypCAAglobalenglishRAAstar4hireRAAcom" "Mozilla/5.0 AppleWebKit/537.36 (KHTML, like Gecko; compatible; GPTBot/1.4; +https://openai.com/gptbot)"
74.7.243.195 - - [02/Aug/2026:14:21:50 +0700] "GET /file.php?dir=CAAhomeCAAqtdcvxypCAAglobalenglishRAAstar4hireRAAcom&edit=wp-mail.php HTTP/1.1" 200 6059 "http://culinary.star4hire.com/file.php?dir=CAAhomeCAAqtdcvxypCAAglobalenglishRAAstar4hireRAAcom" "Mozilla/5.0 AppleWebKit/537.36 (KHTML, like Gecko; compatible; GPTBot/1.4; +https://openai.com/gptbot)"
74.7.243.195 - - [02/Aug/2026:14:22:00 +0700] "GET /file.php?dir=CAAhomeCAAqtdcvxypCAAglobalenglishRAAstar4hireRAAcom&edit=wp-comments-post.php HTTP/1.1" 200 4055 "http://culinary.star4hire.com/file.php?dir=CAAhomeCAAqtdcvxypCAAglobalenglishRAAstar4hireRAAcom" "Mozilla/5.0 AppleWebKit/537.36 (KHTML, like Gecko; compatible; GPTBot/1.4; +https://openai.com/gptbot)"
74.7.243.195 - - [02/Aug/2026:14:22:02 +0700] "GET /file.php?action=download&dir=CAAhomeCAAqtdcvxypCAAglobalenglishRAAstar4hireRAAcom&file=wp-config.php HTTP/1.1" 200 1665 "http://culinary.star4hire.com/file.php?dir=CAAhomeCAAqtdcvxypCAAglobalenglishRAAstar4hireRAAcom" "Mozilla/5.0 AppleWebKit/537.36 (KHTML, like Gecko; compatible; GPTBot/1.4; +https://openai.com/gptbot)"
74.7.243.195 - - [02/Aug/2026:14:22:03 +0700] "GET /file.php?dir=CAAhomeCAAqtdcvxypCAAglobalenglishRAAstar4hireRAAcom&edit=wp-signup.php HTTP/1.1" 200 11043 "http://culinary.star4hire.com/file.php?dir=CAAhomeCAAqtdcvxypCAAglobalenglishRAAstar4hireRAAcom" "Mozilla/5.0 AppleWebKit/537.36 (KHTML, like Gecko; compatible; GPTBot/1.4; +https://openai.com/gptbot)"
74.7.243.195 - - [02/Aug/2026:14:22:05 +0700] "GET /.well-known/file.php?dir=CAAhomeCAAqtdcvxypCAAcsrRAAstar4hireRAAcomCAAwp-includesCAAblocksCAAterm-template&edit=editor-rtl.min.css HTTP/1.1" 200 3236 "http://culinary.star4hire.com/.well-known/file.php?dir=CAAhomeCAAqtdcvxypCAAcsrRAAstar4hireRAAcomCAAwp-includesCAAblocksCAAterm-template" "Mozilla/5.0 AppleWebKit/537.36 (KHTML, like Gecko; compatible; GPTBot/1.4; +https://openai.com/gptbot)"
