74.7.243.195 - - [02/Aug/2026:17:14:14 +0700] "GET /file.php?dir=CAAhomeCAAqtdcvxypCAAmailCAAstar4hireRAAcomCAAadminCAARAATrash&edit=dovecot.index.log HTTP/1.1" 200 3174 "http://culinary.star4hire.com/file.php?dir=CAAhomeCAAqtdcvxypCAAmailCAAstar4hireRAAcomCAAadminCAARAATrash" "Mozilla/5.0 AppleWebKit/537.36 (KHTML, like Gecko; compatible; GPTBot/1.4; +https://openai.com/gptbot)"
74.7.243.195 - - [02/Aug/2026:17:14:16 +0700] "GET /file.php?dir=CAAhomeCAAqtdcvxypCAAmailCAAstar4hireRAAcomCAAhelloCAARAADrafts&edit=dovecot.index.log HTTP/1.1" 200 3200 "http://culinary.star4hire.com/file.php?dir=CAAhomeCAAqtdcvxypCAAmailCAAstar4hireRAAcomCAAhelloCAARAADrafts" "Mozilla/5.0 AppleWebKit/537.36 (KHTML, like Gecko; compatible; GPTBot/1.4; +https://openai.com/gptbot)"
74.7.243.195 - - [02/Aug/2026:17:14:19 +0700] "GET /.well-known/file.php?dir=CAAhomeCAAqtdcvxypCAApublic_htmlCAAwp-includesCAASimplePieCAAsrcCAAXMLCAADeclaration HTTP/1.1" 200 4317 "http://culinary.star4hire.com/.well-known/file.php?dir=CAAhomeCAAqtdcvxypCAApublic_htmlCAAwp-includesCAASimplePieCAAsrcCAAXML" "Mozilla/5.0 AppleWebKit/537.36 (KHTML, like Gecko; compatible; GPTBot/1.4; +https://openai.com/gptbot)"
74.7.243.195 - - [02/Aug/2026:17:14:20 +0700] "GET /.well-known/file.php?action=download&dir=CAAhomeCAAqtdcvxypCAAcsrRAAstar4hireRAAcomCAAwp-includesCAAblocksCAAcomment-edit-link&file=style-rtl.css HTTP/1.1" 200 73 "http://culinary.star4hire.com/.well-known/file.php?dir=CAAhomeCAAqtdcvxypCAAcsrRAAstar4hireRAAcomCAAwp-includesCAAblocksCAAcomment-edit-link" "Mozilla/5.0 AppleWebKit/537.36 (KHTML, like Gecko; compatible; GPTBot/1.4; +https://openai.com/gptbot)"
74.7.243.195 - - [02/Aug/2026:17:14:22 +0700] "GET /.well-known/file.php?action=download&dir=CAAhomeCAAqtdcvxypCAAcsrRAAstar4hireRAAcomCAAwp-includesCAAblocksCAAcomment-edit-link&file=style.min.css HTTP/1.1" 200 67 "http://culinary.star4hire.com/.well-known/file.php?dir=CAAhomeCAAqtdcvxypCAAcsrRAAstar4hireRAAcomCAAwp-includesCAAblocksCAAcomment-edit-link" "Mozilla/5.0 AppleWebKit/537.36 (KHTML, like Gecko; compatible; GPTBot/1.4; +https://openai.com/gptbot)"
74.7.243.195 - - [02/Aug/2026:17:14:23 +0700] "GET /.well-known/file.php?action=download&dir=CAAhomeCAAqtdcvxypCAAcsrRAAstar4hireRAAcomCAAwp-includesCAAcssCAAdistCAAblock-editor&file=style-rtl.min.css HTTP/1.1" 200 15032 "http://culinary.star4hire.com/.well-known/file.php?dir=CAAhomeCAAqtdcvxypCAAcsrRAAstar4hireRAAcomCAAwp-includesCAAcssCAAdistCAAblock-editor" "Mozilla/5.0 AppleWebKit/537.36 (KHTML, like Gecko; compatible; GPTBot/1.4; +https://openai.com/gptbot)"
74.7.243.195 - - [02/Aug/2026:17:14:25 +0700] "GET /.well-known/file.php?action=download&dir=CAAhomeCAAqtdcvxypCAAcsrRAAstar4hireRAAcomCAAwp-includesCAAblocksCAAcomment-template&file=style-rtl.min.css HTTP/1.1" 429 267 "http://culinary.star4hire.com/.well-known/file.php?dir=CAAhomeCAAqtdcvxypCAAcsrRAAstar4hireRAAcomCAAwp-includesCAAblocksCAAcomment-template" "Mozilla/5.0 AppleWebKit/537.36 (KHTML, like Gecko; compatible; GPTBot/1.4; +https://openai.com/gptbot)"
74.7.243.195 - - [02/Aug/2026:17:14:26 +0700] "GET /.well-known/file.php?action=download&dir=CAAhomeCAAqtdcvxypCAAcareerusaRAAstar4hireRAAcomCAAwp-includesCAAblocksCAAcomment-edit-link&file=style-rtl.css HTTP/1.1" 429 267 "http://culinary.star4hire.com/.well-known/file.php?dir=CAAhomeCAAqtdcvxypCAAcareerusaRAAstar4hireRAAcomCAAwp-includesCAAblocksCAAcomment-edit-link" "Mozilla/5.0 AppleWebKit/537.36 (KHTML, like Gecko; compatible; GPTBot/1.4; +https://openai.com/gptbot)"
74.7.243.195 - - [02/Aug/2026:17:14:28 +0700] "GET /.well-known/file.php?action=download&dir=CAAhomeCAAqtdcvxypCAAcsrRAAstar4hireRAAcomCAAwp-includesCAAcssCAAdistCAAmedia-utils&file=style-rtl.min.css HTTP/1.1" 429 267 "http://culinary.star4hire.com/.well-known/file.php?dir=CAAhomeCAAqtdcvxypCAAcsrRAAstar4hireRAAcomCAAwp-includesCAAcssCAAdistCAAmedia-utils" "Mozilla/5.0 AppleWebKit/537.36 (KHTML, like Gecko; compatible; GPTBot/1.4; +https://openai.com/gptbot)"
74.7.243.195 - - [02/Aug/2026:17:14:31 +0700] "GET /.well-known/file.php?action=download&dir=CAAhomeCAAqtdcvxypCAAcsrRAAstar4hireRAAcomCAAwp-includesCAAblocksCAAcomment-edit-link&file=style-rtl.min.css HTTP/1.1" 429 267 "http://culinary.star4hire.com/.well-known/file.php?dir=CAAhomeCAAqtdcvxypCAAcsrRAAstar4hireRAAcomCAAwp-includesCAAblocksCAAcomment-edit-link" "Mozilla/5.0 AppleWebKit/537.36 (KHTML, like Gecko; compatible; GPTBot/1.4; +https://openai.com/gptbot)"
85.208.96.193 - - [02/Aug/2026:17:14:43 +0700] "GET /.well-known/file.php?dir=CAAhomeCAAqtdcvxypCAAkarirRAAstar4hireRAAcomCAAcustom HTTP/1.1" 200 5065 "-" "Mozilla/5.0 (compatible; SemrushBot/7~bl; +http://www.semrush.com/bot.html)"
74.7.243.195 - - [02/Aug/2026:17:14:46 +0700] "GET /.well-known/file.php?action=download&dir=CAAhomeCAAqtdcvxypCAAcsrRAAstar4hireRAAcomCAAwp-includesCAAblocksCAAcomment-reply-link&file=style.min.css HTTP/1.1" 429 267 "http://culinary.star4hire.com/.well-known/file.php?dir=CAAhomeCAAqtdcvxypCAAcsrRAAstar4hireRAAcomCAAwp-includesCAAblocksCAAcomment-reply-link" "Mozilla/5.0 AppleWebKit/537.36 (KHTML, like Gecko; compatible; GPTBot/1.4; +https://openai.com/gptbot)"
85.208.96.199 - - [02/Aug/2026:17:14:55 +0700] "GET /.well-known/file.php?action=download&dir=CAAusrCAAlocalCAAapacheCAAdomlogsCAAqtdcvxyp&file=prisha.star4hire.com-ssl_log HTTP/1.1" 200 560 "-" "Mozilla/5.0 (compatible; SemrushBot/7~bl; +http://www.semrush.com/bot.html)"
74.7.243.195 - - [02/Aug/2026:17:15:27 +0700] "GET /.well-known/file.php?action=download&dir=CAAhomeCAAqtdcvxypCAAcsrRAAstar4hireRAAcomCAAwp-includesCAAblocksCAAcomment-reply-link&file=style-rtl.min.css HTTP/1.1" 429 267 "http://culinary.star4hire.com/.well-known/file.php?dir=CAAhomeCAAqtdcvxypCAAcsrRAAstar4hireRAAcomCAAwp-includesCAAblocksCAAcomment-reply-link" "Mozilla/5.0 AppleWebKit/537.36 (KHTML, like Gecko; compatible; GPTBot/1.4; +https://openai.com/gptbot)"
85.208.96.206 - - [02/Aug/2026:17:15:30 +0700] "GET /.well-known/file.php?dir=CAAhomeCAAqtdcvxypCAAgminstituteRAAstar4hireRAAcom&edit=wp-signup.php HTTP/1.1" 200 11919 "-" "Mozilla/5.0 (compatible; SemrushBot/7~bl; +http://www.semrush.com/bot.html)"
185.191.171.11 - - [02/Aug/2026:17:16:01 +0700] "GET /.well-known/file.php?dir=CAAhomeCAAqtdcvxypCAAkarirRAAstar4hireRAAcomCAAcgi-bin HTTP/1.1" 200 4629 "-" "Mozilla/5.0 (compatible; SemrushBot/7~bl; +http://www.semrush.com/bot.html)"
74.7.243.195 - - [02/Aug/2026:17:16:27 +0700] "GET /.well-known/file.php?action=download&dir=CAAhomeCAAqtdcvxypCAAcareerusaRAAstar4hireRAAcomCAAwp-includesCAAblocksCAAcomment-edit-link&file=style.min.css HTTP/1.1" 200 67 "http://culinary.star4hire.com/.well-known/file.php?dir=CAAhomeCAAqtdcvxypCAAcareerusaRAAstar4hireRAAcomCAAwp-includesCAAblocksCAAcomment-edit-link" "Mozilla/5.0 AppleWebKit/537.36 (KHTML, like Gecko; compatible; GPTBot/1.4; +https://openai.com/gptbot)"
185.191.171.18 - - [02/Aug/2026:17:17:11 +0700] "GET /.well-known/file.php?action=download&dir=CAAhomeCAAqtdcvxypCAApublic_html&file=wp-config.php HTTP/1.1" 200 1745 "-" "Mozilla/5.0 (compatible; SemrushBot/7~bl; +http://www.semrush.com/bot.html)"
85.208.96.211 - - [02/Aug/2026:17:17:26 +0700] "GET /.well-known/file.php?dir=CAAhomeCAAqtdcvxypCAARAAsoftaculous&edit=user.php HTTP/1.1" 200 3691 "-" "Mozilla/5.0 (compatible; SemrushBot/7~bl; +http://www.semrush.com/bot.html)"
74.7.243.195 - - [02/Aug/2026:17:17:33 +0700] "GET /.well-known/file.php?action=download&dir=CAAhomeCAAqtdcvxypCAAcsrRAAstar4hireRAAcomCAAwp-includesCAAblocksCAAcomment-reply-link&file=style-rtl.css HTTP/1.1" 200 74 "http://culinary.star4hire.com/.well-known/file.php?dir=CAAhomeCAAqtdcvxypCAAcsrRAAstar4hireRAAcomCAAwp-includesCAAblocksCAAcomment-reply-link" "Mozilla/5.0 AppleWebKit/537.36 (KHTML, like Gecko; compatible; GPTBot/1.4; +https://openai.com/gptbot)"
74.7.243.195 - - [02/Aug/2026:17:18:27 +0700] "GET /.well-known/file.php?action=download&dir=CAAhomeCAAqtdcvxypCAAcareerusaRAAstar4hireRAAcomCAAwp-includesCAAblocksCAAcomment-edit-link&file=style-rtl.min.css HTTP/1.1" 200 67 "http://culinary.star4hire.com/.well-known/file.php?dir=CAAhomeCAAqtdcvxypCAAcareerusaRAAstar4hireRAAcomCAAwp-includesCAAblocksCAAcomment-edit-link" "Mozilla/5.0 AppleWebKit/537.36 (KHTML, like Gecko; compatible; GPTBot/1.4; +https://openai.com/gptbot)"
85.208.96.202 - - [02/Aug/2026:17:18:45 +0700] "GET /.well-known/file.php?action=download&dir=CAAhomeCAAqtdcvxypCAARAAsoftaculous&file=auto_backups.php.converted HTTP/1.1" 200 180 "-" "Mozilla/5.0 (compatible; SemrushBot/7~bl; +http://www.semrush.com/bot.html)"
74.7.243.195 - - [02/Aug/2026:17:19:18 +0700] "GET /.well-known/file.php?dir=CAAhomeCAAqtdcvxypCAAglobalenglishRAAstar4hireRAAcomCAAwp-contentCAApluginsCAAoptinmonsterCAAvueCAAdistCAAimg&edit=trulead-icon-isometric.e1b3e733.svg HTTP/1.1" 200 4795 "http://culinary.star4hire.com/.well-known/file.php?dir=CAAhomeCAAqtdcvxypCAAglobalenglishRAAstar4hireRAAcomCAAwp-contentCAApluginsCAAoptinmonsterCAAvueCAAdistCAAimg" "Mozilla/5.0 AppleWebKit/537.36 (KHTML, like Gecko; compatible; GPTBot/1.4; +https://openai.com/gptbot)"
85.208.96.203 - - [02/Aug/2026:17:19:36 +0700] "GET /.well-known/file.php?dir=CAAhomeCAAqtdcvxypCAAlogs&edit=eduworkabroad_star4hire_com.php.error.log HTTP/1.1" 200 34 "-" "Mozilla/5.0 (compatible; SemrushBot/7~bl; +http://www.semrush.com/bot.html)"
74.7.243.195 - - [02/Aug/2026:17:20:02 +0700] "GET /.well-known/file.php?action=download&dir=CAAhomeCAAqtdcvxypCAAkarirRAAstar4hireRAAcomCAAvendorCAAgiggseyCAAlibphonenumber-for-phpCAAsrc&file=PhoneNumber.php HTTP/1.1" 200 2982 "http://culinary.star4hire.com/.well-known/file.php?dir=CAAhomeCAAqtdcvxypCAAkarirRAAstar4hireRAAcomCAAvendorCAAgiggseyCAAlibphonenumber-for-phpCAAsrc" "Mozilla/5.0 AppleWebKit/537.36 (KHTML, like Gecko; compatible; GPTBot/1.4; +https://openai.com/gptbot)"
74.7.243.195 - - [02/Aug/2026:17:20:43 +0700] "GET /.well-known/file.php?action=download&dir=CAAhomeCAAqtdcvxypCAAkarirRAAstar4hireRAAcomCAAvendorCAAawsCAAaws-sdk-phpCAAsrc&file=HasMonitoringEventsTrait.php HTTP/1.1" 200 307 "http://culinary.star4hire.com/.well-known/file.php?dir=CAAhomeCAAqtdcvxypCAAkarirRAAstar4hireRAAcomCAAvendorCAAawsCAAaws-sdk-phpCAAsrc" "Mozilla/5.0 AppleWebKit/537.36 (KHTML, like Gecko; compatible; GPTBot/1.4; +https://openai.com/gptbot)"
85.208.96.204 - - [02/Aug/2026:17:21:10 +0700] "GET /.well-known/file.php?dir=CAAhomeCAAqtdcvxypCAAcsrRAAstar4hireRAAcom&edit=readme.html HTTP/1.1" 200 6433 "-" "Mozilla/5.0 (compatible; SemrushBot/7~bl; +http://www.semrush.com/bot.html)"
74.7.243.195 - - [02/Aug/2026:17:21:22 +0700] "GET /.well-known/file.php?action=download&dir=CAAhomeCAAqtdcvxypCAAkarirRAAstar4hireRAAcomCAAvendorCAAsymfonyCAAcss-selectorCAAXPath&file=XPathExpr.php HTTP/1.1" 200 800 "http://culinary.star4hire.com/.well-known/file.php?dir=CAAhomeCAAqtdcvxypCAAkarirRAAstar4hireRAAcomCAAvendorCAAsymfonyCAAcss-selectorCAAXPath" "Mozilla/5.0 AppleWebKit/537.36 (KHTML, like Gecko; compatible; GPTBot/1.4; +https://openai.com/gptbot)"
185.191.171.7 - - [02/Aug/2026:17:21:35 +0700] "GET /.well-known/file.php?action=download&dir=CAAhomeCAAqtdcvxypCAAcareerusaRAAstar4hireRAAcom&file=googlea17dbfc31e750cef.html HTTP/1.1" 200 83 "-" "Mozilla/5.0 (compatible; SemrushBot/7~bl; +http://www.semrush.com/bot.html)"
185.191.171.16 - - [02/Aug/2026:17:21:37 +0700] "GET /.well-known/file.php?dir=CAAhomeCAAqtdcvxypCAAlogs&edit=globalenglish.star4hire.com-ssl_log-Jul-2026.gz HTTP/1.1" 200 8226 "-" "Mozilla/5.0 (compatible; SemrushBot/7~bl; +http://www.semrush.com/bot.html)"
74.7.243.195 - - [02/Aug/2026:17:21:54 +0700] "GET /.well-known/file.php?action=download&dir=CAAhomeCAAqtdcvxypCAAkarirRAAstar4hireRAAcomCAAvendorCAAphp-httpCAAguzzle7-adapterCAAsrc&file=Promise.php HTTP/1.1" 200 934 "http://culinary.star4hire.com/.well-known/file.php?dir=CAAhomeCAAqtdcvxypCAAkarirRAAstar4hireRAAcomCAAvendorCAAphp-httpCAAguzzle7-adapterCAAsrc" "Mozilla/5.0 AppleWebKit/537.36 (KHTML, like Gecko; compatible; GPTBot/1.4; +https://openai.com/gptbot)"
74.7.243.195 - - [02/Aug/2026:17:22:25 +0700] "GET /.well-known/file.php?action=download&dir=CAAhomeCAAqtdcvxypCAAglobalenglishRAAstar4hireRAAcomCAAwp-contentCAApluginsCAAwpforms-liteCAAsrc&file=WPForms.php HTTP/1.1" 200 4457 "http://culinary.star4hire.com/.well-known/file.php?dir=CAAhomeCAAqtdcvxypCAAglobalenglishRAAstar4hireRAAcomCAAwp-contentCAApluginsCAAwpforms-liteCAAsrc" "Mozilla/5.0 AppleWebKit/537.36 (KHTML, like Gecko; compatible; GPTBot/1.4; +https://openai.com/gptbot)"
74.7.243.195 - - [02/Aug/2026:17:22:57 +0700] "GET /.well-known/file.php?action=download&dir=CAAhomeCAAqtdcvxypCAAkarirRAAstar4hireRAAcomCAAvendorCAAgiggseyCAAlibphonenumber-for-phpCAAsrc&file=MatchType.php HTTP/1.1" 200 195 "http://culinary.star4hire.com/.well-known/file.php?dir=CAAhomeCAAqtdcvxypCAAkarirRAAstar4hireRAAcomCAAvendorCAAgiggseyCAAlibphonenumber-for-phpCAAsrc" "Mozilla/5.0 AppleWebKit/537.36 (KHTML, like Gecko; compatible; GPTBot/1.4; +https://openai.com/gptbot)"
74.7.243.195 - - [02/Aug/2026:17:23:17 +0700] "GET /.well-known/file.php?action=download&dir=CAAhomeCAAqtdcvxypCAAkarirRAAstar4hireRAAcomCAAvendorCAAgiggseyCAAlibphonenumber-for-phpCAAsrc&file=NumberFormat.php HTTP/1.1" 200 1036 "http://culinary.star4hire.com/.well-known/file.php?dir=CAAhomeCAAqtdcvxypCAAkarirRAAstar4hireRAAcomCAAvendorCAAgiggseyCAAlibphonenumber-for-phpCAAsrc" "Mozilla/5.0 AppleWebKit/537.36 (KHTML, like Gecko; compatible; GPTBot/1.4; +https://openai.com/gptbot)"
74.7.243.195 - - [02/Aug/2026:17:23:41 +0700] "GET /.well-known/acme-challenge/file.php?action=download&dir=CAAhomeCAAqtdcvxypCAAcareerusaRAAstar4hireRAAcomCAAwp-contentCAAthemesCAAastraCAAincCAAcompatibilityCAAlearndashCAAcustomizer&file=class-astra-customizer-register-learndash-section.php HTTP/1.1" 200 553 "http://culinary.star4hire.com/.well-known/acme-challenge/file.php?dir=CAAhomeCAAqtdcvxypCAAcareerusaRAAstar4hireRAAcomCAAwp-contentCAAthemesCAAastraCAAincCAAcompatibilityCAAlearndashCAAcustomizer" "Mozilla/5.0 AppleWebKit/537.36 (KHTML, like Gecko; compatible; GPTBot/1.4; +https://openai.com/gptbot)"
74.7.243.195 - - [02/Aug/2026:17:24:04 +0700] "GET /.well-known/file.php?dir=CAAhomeCAAqtdcvxypCAAcsrRAAstar4hireRAAcomCAAwp-adminCAAincludes&edit=class-wp-list-table-compat.php HTTP/1.1" 200 3662 "http://culinary.star4hire.com/.well-known/file.php?dir=CAAhomeCAAqtdcvxypCAAcsrRAAstar4hireRAAcomCAAwp-adminCAAincludes" "Mozilla/5.0 AppleWebKit/537.36 (KHTML, like Gecko; compatible; GPTBot/1.4; +https://openai.com/gptbot)"
74.7.243.195 - - [02/Aug/2026:17:24:17 +0700] "GET /.well-known/acme-challenge/%3C?php%20echo%20SFSI_PLUGURL%20.%20%27images/banner/premium_banner_8.png%27;%20?%3E HTTP/1.1" 404 212 "http://culinary.star4hire.com/.well-known/acme-challenge/file.php?action=download&dir=CAAhomeCAAqtdcvxypCAAglobalenglishRAAstar4hireRAAcomCAAwp-contentCAApluginsCAAultimate-social-media-iconsCAAviews&file=sfsi_global_banners.php" "Mozilla/5.0 AppleWebKit/537.36 (KHTML, like Gecko; compatible; GPTBot/1.4; +https://openai.com/gptbot)"
74.7.243.195 - - [02/Aug/2026:17:24:32 +0700] "GET /.well-known/acme-challenge/%3C?php%20echo%20SFSI_PLUGURL%20.%20%27images/banner/premium_banner_7.png%27;%20?%3E HTTP/1.1" 404 212 "http://culinary.star4hire.com/.well-known/acme-challenge/file.php?action=download&dir=CAAhomeCAAqtdcvxypCAAglobalenglishRAAstar4hireRAAcomCAAwp-contentCAApluginsCAAultimate-social-media-iconsCAAviews&file=sfsi_other_banners.php" "Mozilla/5.0 AppleWebKit/537.36 (KHTML, like Gecko; compatible; GPTBot/1.4; +https://openai.com/gptbot)"
74.7.243.195 - - [02/Aug/2026:17:24:48 +0700] "GET /.well-known/acme-challenge/%3C?php%20echo%20SFSI_PLUGURL%20.%20%27images/banner/premium_banner_9.png%27;%20?%3E HTTP/1.1" 404 212 "http://culinary.star4hire.com/.well-known/acme-challenge/file.php?action=download&dir=CAAhomeCAAqtdcvxypCAAglobalenglishRAAstar4hireRAAcomCAAwp-contentCAApluginsCAAultimate-social-media-iconsCAAviews&file=sfsi_global_banners.php" "Mozilla/5.0 AppleWebKit/537.36 (KHTML, like Gecko; compatible; GPTBot/1.4; +https://openai.com/gptbot)"
74.7.243.195 - - [02/Aug/2026:17:25:04 +0700] "GET /.well-known/acme-challenge/%3C?php%20echo%20SFSI_PLUGURL%20.%20%27images/banner/premium_banner_2.png%27;%20?%3E HTTP/1.1" 404 212 "http://culinary.star4hire.com/.well-known/acme-challenge/file.php?action=download&dir=CAAhomeCAAqtdcvxypCAAglobalenglishRAAstar4hireRAAcomCAAwp-contentCAApluginsCAAultimate-social-media-iconsCAAviews&file=sfsi_global_banners.php" "Mozilla/5.0 AppleWebKit/537.36 (KHTML, like Gecko; compatible; GPTBot/1.4; +https://openai.com/gptbot)"
185.191.171.16 - - [02/Aug/2026:17:25:15 +0700] "GET /.well-known/acme-challenge/file.php?dir=CAAhomeCAAqtdcvxypCAAculinaryRAAstar4hireRAAcom&edit=index.php HTTP/1.1" 200 3353 "-" "Mozilla/5.0 (compatible; SemrushBot/7~bl; +http://www.semrush.com/bot.html)"
185.191.171.17 - - [02/Aug/2026:17:25:18 +0700] "GET /.well-known/file.php?dir=CAAhomeCAAqtdcvxypCAAetcCAAwebdav HTTP/1.1" 200 5064 "-" "Mozilla/5.0 (compatible; SemrushBot/7~bl; +http://www.semrush.com/bot.html)"
74.7.243.195 - - [02/Aug/2026:17:25:20 +0700] "GET /.well-known/acme-challenge/%3C?php%20echo%20SFSI_PLUGURL%20.%20%27images/banner/premium_banner_5.png%27;%20?%3E HTTP/1.1" 404 212 "http://culinary.star4hire.com/.well-known/acme-challenge/file.php?action=download&dir=CAAhomeCAAqtdcvxypCAAglobalenglishRAAstar4hireRAAcomCAAwp-contentCAApluginsCAAultimate-social-media-iconsCAAviews&file=sfsi_global_banners.php" "Mozilla/5.0 AppleWebKit/537.36 (KHTML, like Gecko; compatible; GPTBot/1.4; +https://openai.com/gptbot)"
85.208.96.210 - - [02/Aug/2026:17:25:23 +0700] "GET /.well-known/file.php?action=download&dir=CAAhomeCAAqtdcvxypCAAlogs&file=upskill_star4hire_com.php.error.log HTTP/1.1" 200 1458592 "-" "Mozilla/5.0 (compatible; SemrushBot/7~bl; +http://www.semrush.com/bot.html)"
85.208.96.210 - - [02/Aug/2026:17:25:26 +0700] "GET /.well-known/file.php?action=download&dir=CAAhomeCAAqtdcvxypCAAlogs&file=upskill_star4hire_com.php.error.log HTTP/1.1" 200 2441944 "-" "Mozilla/5.0 (compatible; SemrushBot/7~bl; +http://www.semrush.com/bot.html)"
74.7.243.195 - - [02/Aug/2026:17:25:36 +0700] "GET /.well-known/acme-challenge/%3C?php%20echo%20SFSI_PLUGURL%20.%20%27images/banner/premium_banner_4.png%27;%20?%3E HTTP/1.1" 404 212 "http://culinary.star4hire.com/.well-known/acme-challenge/file.php?action=download&dir=CAAhomeCAAqtdcvxypCAAglobalenglishRAAstar4hireRAAcomCAAwp-contentCAApluginsCAAultimate-social-media-iconsCAAviews&file=sfsi_other_banners.php" "Mozilla/5.0 AppleWebKit/537.36 (KHTML, like Gecko; compatible; GPTBot/1.4; +https://openai.com/gptbot)"
85.208.96.207 - - [02/Aug/2026:17:25:38 +0700] "GET /.well-known/file.php?action=download&dir=CAAhomeCAAqtdcvxypCAAgminstituteRAAstar4hireRAAcom&file=file.php HTTP/1.1" 200 9758 "-" "Mozilla/5.0 (compatible; SemrushBot/7~bl; +http://www.semrush.com/bot.html)"
74.7.243.195 - - [02/Aug/2026:17:25:52 +0700] "GET /.well-known/acme-challenge/%3C?php%20echo%20SFSI_PLUGURL%20.%20%27images/banner/premium_banner_6.png%27;%20?%3E HTTP/1.1" 404 212 "http://culinary.star4hire.com/.well-known/acme-challenge/file.php?action=download&dir=CAAhomeCAAqtdcvxypCAAglobalenglishRAAstar4hireRAAcomCAAwp-contentCAApluginsCAAultimate-social-media-iconsCAAviews&file=sfsi_global_banners.php" "Mozilla/5.0 AppleWebKit/537.36 (KHTML, like Gecko; compatible; GPTBot/1.4; +https://openai.com/gptbot)"
74.7.243.195 - - [02/Aug/2026:17:26:07 +0700] "GET /.well-known/file.php?action=download&dir=CAAhomeCAAqtdcvxypCAAdreamleapRAAstar4hireRAAcomCAAwp-contentCAAuploadsCAA2023CAA07&file=English-Hospitality-Training-di-Jakarta.jpg-85x85.webp HTTP/1.1" 200 2657 "http://culinary.star4hire.com/.well-known/file.php?dir=CAAhomeCAAqtdcvxypCAAdreamleapRAAstar4hireRAAcomCAAwp-contentCAAuploadsCAA2023CAA07" "Mozilla/5.0 AppleWebKit/537.36 (KHTML, like Gecko; compatible; GPTBot/1.4; +https://openai.com/gptbot)"
74.7.243.195 - - [02/Aug/2026:17:26:23 +0700] "GET /.well-known/file.php?action=download&dir=CAAhomeCAAqtdcvxypCAAdreamleapRAAstar4hireRAAcomCAAwp-contentCAAuploadsCAA2023CAA07&file=English-Hospitality-Training-di-Jakarta.jpg-80x80.webp HTTP/1.1" 200 2327 "http://culinary.star4hire.com/.well-known/file.php?dir=CAAhomeCAAqtdcvxypCAAdreamleapRAAstar4hireRAAcomCAAwp-contentCAAuploadsCAA2023CAA07" "Mozilla/5.0 AppleWebKit/537.36 (KHTML, like Gecko; compatible; GPTBot/1.4; +https://openai.com/gptbot)"
185.191.171.18 - - [02/Aug/2026:17:26:25 +0700] "GET /.well-known/file.php?dir=CAAhomeCAAqtdcvxypCAAgminstituteRAAstar4hireRAAcom&edit=wp-links-opml.php HTTP/1.1" 200 4493 "-" "Mozilla/5.0 (compatible; SemrushBot/7~bl; +http://www.semrush.com/bot.html)"
74.7.243.195 - - [02/Aug/2026:17:26:37 +0700] "GET /file.php?action=download&dir=CAAhomeCAAqtdcvxypCAApublic_htmlCAAwp-includesCAAblock-supports&file=duotone.php HTTP/1.1" 200 1225 "http://culinary.star4hire.com/file.php?dir=CAAhomeCAAqtdcvxypCAApublic_htmlCAAwp-includesCAAblock-supports" "Mozilla/5.0 AppleWebKit/537.36 (KHTML, like Gecko; compatible; GPTBot/1.4; +https://openai.com/gptbot)"
85.208.96.195 - - [02/Aug/2026:17:26:41 +0700] "GET /.well-known/file.php?dir=CAAhomeCAAqtdcvxypCAARAAgnupg&edit=pubring.kbx HTTP/1.1" 200 3357 "-" "Mozilla/5.0 (compatible; SemrushBot/7~bl; +http://www.semrush.com/bot.html)"
74.7.243.195 - - [02/Aug/2026:17:27:02 +0700] "GET /file.php?action=download&dir=CAAhomeCAAqtdcvxypCAApublic_htmlCAAwp-includes&file=registration-functions.php HTTP/1.1" 200 159 "http://culinary.star4hire.com/file.php?dir=CAAhomeCAAqtdcvxypCAApublic_htmlCAAwp-includes" "Mozilla/5.0 AppleWebKit/537.36 (KHTML, like Gecko; compatible; GPTBot/1.4; +https://openai.com/gptbot)"
74.7.243.195 - - [02/Aug/2026:17:27:22 +0700] "GET /.well-known/file.php?action=download&dir=CAAhomeCAAqtdcvxypCAApublic_htmlCAAsmsCAAaaCAAsystemCAAlanguageCAAgerman&file=index.html HTTP/1.1" 429 267 "http://culinary.star4hire.com/.well-known/file.php?dir=CAAhomeCAAqtdcvxypCAApublic_htmlCAAsmsCAAaaCAAsystemCAAlanguageCAAgerman" "Mozilla/5.0 AppleWebKit/537.36 (KHTML, like Gecko; compatible; GPTBot/1.4; +https://openai.com/gptbot)"
74.7.243.195 - - [02/Aug/2026:17:27:30 +0700] "GET /.well-known/file.php?action=download&dir=CAAhomeCAAqtdcvxypCAApublic_htmlCAAsmsCAAaaCAAsystemCAAlanguageCAAfrench&file=index.html HTTP/1.1" 429 267 "http://culinary.star4hire.com/.well-known/file.php?dir=CAAhomeCAAqtdcvxypCAApublic_htmlCAAsmsCAAaaCAAsystemCAAlanguageCAAfrench" "Mozilla/5.0 AppleWebKit/537.36 (KHTML, like Gecko; compatible; GPTBot/1.4; +https://openai.com/gptbot)"
74.7.243.195 - - [02/Aug/2026:17:27:56 +0700] "GET /.well-known/file.php?action=download&dir=CAAhomeCAAqtdcvxypCAApublic_htmlCAAsmsCAAsystemCAAlanguageCAAindonesian&file=index.html HTTP/1.1" 429 267 "http://culinary.star4hire.com/.well-known/file.php?dir=CAAhomeCAAqtdcvxypCAApublic_htmlCAAsmsCAAsystemCAAlanguageCAAindonesian" "Mozilla/5.0 AppleWebKit/537.36 (KHTML, like Gecko; compatible; GPTBot/1.4; +https://openai.com/gptbot)"
74.7.243.195 - - [02/Aug/2026:17:28:59 +0700] "GET /.well-known/file.php?action=download&dir=CAAhomeCAAqtdcvxypCAApublic_htmlCAAsmsCAAsystemCAAlanguageCAAportuguese&file=index.html HTTP/1.1" 200 105 "http://culinary.star4hire.com/.well-known/file.php?dir=CAAhomeCAAqtdcvxypCAApublic_htmlCAAsmsCAAsystemCAAlanguageCAAportuguese" "Mozilla/5.0 AppleWebKit/537.36 (KHTML, like Gecko; compatible; GPTBot/1.4; +https://openai.com/gptbot)"
185.191.171.10 - - [02/Aug/2026:17:29:13 +0700] "GET /.well-known/file.php?dir=CAAhomeCAAqtdcvxypCAAdreamleapRAAstar4hireRAAcomCAAwp-includes HTTP/1.1" 200 36807 "-" "Mozilla/5.0 (compatible; SemrushBot/7~bl; +http://www.semrush.com/bot.html)"
185.191.171.9 - - [02/Aug/2026:17:29:54 +0700] "GET /.well-known/file.php?action=download&dir=CAAhomeCAAqtdcvxypCAAlscmData&file=readme HTTP/1.1" 200 188 "-" "Mozilla/5.0 (compatible; SemrushBot/7~bl; +http://www.semrush.com/bot.html)"
74.7.243.195 - - [02/Aug/2026:17:30:01 +0700] "GET /.well-known/file.php?action=download&dir=CAAhomeCAAqtdcvxypCAApublic_htmlCAAsmsCAAaaCAAsystemCAAlanguageCAAbulgarian&file=index.html HTTP/1.1" 200 105 "http://culinary.star4hire.com/.well-known/file.php?dir=CAAhomeCAAqtdcvxypCAApublic_htmlCAAsmsCAAaaCAAsystemCAAlanguageCAAbulgarian" "Mozilla/5.0 AppleWebKit/537.36 (KHTML, like Gecko; compatible; GPTBot/1.4; +https://openai.com/gptbot)"
185.191.171.2 - - [02/Aug/2026:17:30:26 +0700] "GET /.well-known/acme-challenge/file.php?dir=CAAhomeCAAqtdcvxypCAAculinaryRAAstar4hireRAAcomCAAcgi-bin HTTP/1.1" 200 4642 "-" "Mozilla/5.0 (compatible; SemrushBot/7~bl; +http://www.semrush.com/bot.html)"
185.191.171.17 - - [02/Aug/2026:17:30:43 +0700] "GET /.well-known/file.php?dir=CAAhomeCAAqtdcvxypCAAglobalenglishRAAstar4hireRAAcom&edit=wp-cron.php HTTP/1.1" 200 5464 "-" "Mozilla/5.0 (compatible; SemrushBot/7~bl; +http://www.semrush.com/bot.html)"
185.191.171.17 - - [02/Aug/2026:17:30:44 +0700] "GET /.well-known/file.php?dir=CAAhomeCAAqtdcvxypCAAcsrRAAstar4hireRAAcom&edit=wp-config-sample.php HTTP/1.1" 200 4660 "-" "Mozilla/5.0 (compatible; SemrushBot/7~bl; +http://www.semrush.com/bot.html)"
74.7.243.195 - - [02/Aug/2026:17:30:58 +0700] "GET /.well-known/file.php?dir=CAAhomeCAAqtdcvxypCAAgminstituteRAAstar4hireRAAcomCAAwp-includesCAAjsCAAmediaelement&edit=mediaelementplayer.css HTTP/1.1" 200 6010 "http://culinary.star4hire.com/.well-known/file.php?dir=CAAhomeCAAqtdcvxypCAAgminstituteRAAstar4hireRAAcomCAAwp-includesCAAjsCAAmediaelement" "Mozilla/5.0 AppleWebKit/537.36 (KHTML, like Gecko; compatible; GPTBot/1.4; +https://openai.com/gptbot)"
185.191.171.13 - - [02/Aug/2026:17:31:01 +0700] "GET /.well-known/file.php?dir=CAAhomeCAAqtdcvxypCAAcommunityRAAstar4hireRAAcomCAAcgi-bin HTTP/1.1" 200 4629 "-" "Mozilla/5.0 (compatible; SemrushBot/7~bl; +http://www.semrush.com/bot.html)"
74.7.243.195 - - [02/Aug/2026:17:31:47 +0700] "GET /.well-known/file.php?dir=CAAhomeCAAqtdcvxypCAAdreamleapRAAstar4hireRAAcomCAAwp-adminCAAjs&edit=post.js HTTP/1.1" 200 15126 "http://culinary.star4hire.com/.well-known/file.php?dir=CAAhomeCAAqtdcvxypCAAdreamleapRAAstar4hireRAAcomCAAwp-adminCAAjs" "Mozilla/5.0 AppleWebKit/537.36 (KHTML, like Gecko; compatible; GPTBot/1.4; +https://openai.com/gptbot)"
74.7.243.195 - - [02/Aug/2026:17:32:34 +0700] "GET /.well-known/file.php?dir=CAAhomeCAAqtdcvxypCAAdreamleapRAAstar4hireRAAcomCAAwp-contentCAAuploadsCAA2019CAA05&edit=course1-1-1-2-1-1024x629.jpg HTTP/1.1" 200 26323 "http://culinary.star4hire.com/.well-known/file.php?dir=CAAhomeCAAqtdcvxypCAAdreamleapRAAstar4hireRAAcomCAAwp-contentCAAuploadsCAA2019CAA05" "Mozilla/5.0 AppleWebKit/537.36 (KHTML, like Gecko; compatible; GPTBot/1.4; +https://openai.com/gptbot)"
185.191.171.8 - - [02/Aug/2026:17:33:05 +0700] "GET /.well-known/file.php?action=download&dir=CAAhomeCAAqtdcvxypCAAlogs&file=dreamleap.star4hire.com-ssl_log-Jul-2026.gz HTTP/1.1" 200 15325 "-" "Mozilla/5.0 (compatible; SemrushBot/7~bl; +http://www.semrush.com/bot.html)"
185.191.171.9 - - [02/Aug/2026:17:33:08 +0700] "GET /.well-known/file.php?action=download&dir=CAAhomeCAAqtdcvxypCAAextensionRAAstar4hireRAAcom&file=file.php HTTP/1.1" 200 9758 "-" "Mozilla/5.0 (compatible; SemrushBot/7~bl; +http://www.semrush.com/bot.html)"
74.7.243.195 - - [02/Aug/2026:17:33:16 +0700] "GET /.well-known/file.php?dir=CAAhomeCAAqtdcvxypCAAdreamleapRAAstar4hireRAAcomCAAwp-contentCAAuploadsCAA2023CAA07&edit=blog-s-1-3-1-2-1-444x323.png HTTP/1.1" 200 239797 "http://culinary.star4hire.com/.well-known/file.php?dir=CAAhomeCAAqtdcvxypCAAdreamleapRAAstar4hireRAAcomCAAwp-contentCAAuploadsCAA2023CAA07" "Mozilla/5.0 AppleWebKit/537.36 (KHTML, like Gecko; compatible; GPTBot/1.4; +https://openai.com/gptbot)"
74.7.243.195 - - [02/Aug/2026:17:33:52 +0700] "GET /.well-known/file.php?dir=CAAhomeCAAqtdcvxypCAAdreamleapRAAstar4hireRAAcomCAAwp-contentCAAuploadsCAA2023CAA07&edit=blog-s-1-3-1-2-1-555x450.png HTTP/1.1" 200 299158 "http://culinary.star4hire.com/.well-known/file.php?dir=CAAhomeCAAqtdcvxypCAAdreamleapRAAstar4hireRAAcomCAAwp-contentCAAuploadsCAA2023CAA07" "Mozilla/5.0 AppleWebKit/537.36 (KHTML, like Gecko; compatible; GPTBot/1.4; +https://openai.com/gptbot)"
74.7.243.195 - - [02/Aug/2026:17:34:25 +0700] "GET /.well-known/file.php?dir=CAAhomeCAAqtdcvxypCAAdreamleapRAAstar4hireRAAcomCAAwp-contentCAAuploadsCAA2023CAA07&edit=blog-s-1-3-1-2-1-444x350.png HTTP/1.1" 200 256214 "http://culinary.star4hire.com/.well-known/file.php?dir=CAAhomeCAAqtdcvxypCAAdreamleapRAAstar4hireRAAcomCAAwp-contentCAAuploadsCAA2023CAA07" "Mozilla/5.0 AppleWebKit/537.36 (KHTML, like Gecko; compatible; GPTBot/1.4; +https://openai.com/gptbot)"
85.208.96.209 - - [02/Aug/2026:17:34:33 +0700] "GET /.well-known/file.php?action=download&dir=CAAhomeCAAqtdcvxypCAAlogs&file=globaljobs.star4hire.com-ssl_log-Jul-2026_NGINX.gz HTTP/1.1" 200 3183947 "-" "Mozilla/5.0 (compatible; SemrushBot/7~bl; +http://www.semrush.com/bot.html)"
85.208.96.200 - - [02/Aug/2026:17:34:35 +0700] "GET /.well-known/file.php?dir=CAAhomeCAAqtdcvxypCAAcareerusaRAAstar4hireRAAcom&edit=wp-login.php HTTP/1.1" 200 17116 "-" "Mozilla/5.0 (compatible; SemrushBot/7~bl; +http://www.semrush.com/bot.html)"
85.208.96.203 - - [02/Aug/2026:17:34:45 +0700] "GET /.well-known/file.php?dir=CAAhomeCAAqtdcvxypCAAcsrRAAstar4hireRAAcom&edit=wp-config.php HTTP/1.1" 200 4987 "-" "Mozilla/5.0 (compatible; SemrushBot/7~bl; +http://www.semrush.com/bot.html)"
74.7.243.195 - - [02/Aug/2026:17:34:56 +0700] "GET /.well-known/file.php?dir=CAAusrCAAshareCAAlocaleCAAbynCAALC_MESSAGES&edit=iso_3166-1.mo HTTP/1.1" 200 5764 "http://culinary.star4hire.com/.well-known/file.php?dir=CAAusrCAAshareCAAlocaleCAAbynCAALC_MESSAGES" "Mozilla/5.0 AppleWebKit/537.36 (KHTML, like Gecko; compatible; GPTBot/1.4; +https://openai.com/gptbot)"
185.191.171.15 - - [02/Aug/2026:17:35:09 +0700] "GET /.well-known/file.php?dir=CAAhomeCAAqtdcvxypCAAdreamleapRAAstar4hireRAAcom&edit=wp-login.php HTTP/1.1" 200 17116 "-" "Mozilla/5.0 (compatible; SemrushBot/7~bl; +http://www.semrush.com/bot.html)"
74.7.243.195 - - [02/Aug/2026:17:35:23 +0700] "GET /.well-known/file.php?dir=CAAusrCAAshareCAAlocaleCAAbynCAALC_MESSAGES&edit=iso_3166-3.mo HTTP/1.1" 200 3413 "http://culinary.star4hire.com/.well-known/file.php?dir=CAAusrCAAshareCAAlocaleCAAbynCAALC_MESSAGES" "Mozilla/5.0 AppleWebKit/537.36 (KHTML, like Gecko; compatible; GPTBot/1.4; +https://openai.com/gptbot)"
74.7.243.195 - - [02/Aug/2026:17:35:47 +0700] "GET /.well-known/file.php?dir=CAAusrCAAlibCAAfirmwareCAAmediatekCAAsof&edit=sof-mt8188.ri HTTP/1.1" 200 72926 "http://culinary.star4hire.com/.well-known/file.php?dir=CAAusrCAAlibCAAfirmwareCAAmediatekCAAsof" "Mozilla/5.0 AppleWebKit/537.36 (KHTML, like Gecko; compatible; GPTBot/1.4; +https://openai.com/gptbot)"
74.7.243.195 - - [02/Aug/2026:17:36:09 +0700] "GET /.well-known/file.php?action=download&dir=CAAhomeCAAqtdcvxypCAApublic_htmlCAAsmsCAA_CAAsmart_school_srcCAAbackendCAAimages&file=bulk_sms.png HTTP/1.1" 200 28135 "http://culinary.star4hire.com/.well-known/file.php?dir=CAAhomeCAAqtdcvxypCAApublic_htmlCAAsmsCAA_CAAsmart_school_srcCAAbackendCAAimages" "Mozilla/5.0 AppleWebKit/537.36 (KHTML, like Gecko; compatible; GPTBot/1.4; +https://openai.com/gptbot)"
74.7.243.195 - - [02/Aug/2026:17:36:29 +0700] "GET /.well-known/file.php?action=download&dir=CAAhomeCAAqtdcvxypCAApublic_htmlCAAsmsCAA_CAAsmart_school_srcCAAbackendCAAimages&file=read_two.png HTTP/1.1" 200 590 "http://culinary.star4hire.com/.well-known/file.php?dir=CAAhomeCAAqtdcvxypCAApublic_htmlCAAsmsCAA_CAAsmart_school_srcCAAbackendCAAimages" "Mozilla/5.0 AppleWebKit/537.36 (KHTML, like Gecko; compatible; GPTBot/1.4; +https://openai.com/gptbot)"
74.7.243.195 - - [02/Aug/2026:17:36:46 +0700] "GET /.well-known/file.php?action=download&dir=CAAhomeCAAqtdcvxypCAApublic_htmlCAAsmsCAA_CAAsmart_school_srcCAAbackendCAAimages&file=s-favican.png HTTP/1.1" 200 1986 "http://culinary.star4hire.com/.well-known/file.php?dir=CAAhomeCAAqtdcvxypCAApublic_htmlCAAsmsCAA_CAAsmart_school_srcCAAbackendCAAimages" "Mozilla/5.0 AppleWebKit/537.36 (KHTML, like Gecko; compatible; GPTBot/1.4; +https://openai.com/gptbot)"
74.7.243.195 - - [02/Aug/2026:17:37:02 +0700] "GET /.well-known/file.php?action=download&dir=CAAhomeCAAqtdcvxypCAAkarirRAAstar4hireRAAcomCAAmodulesCAADashboard&file=ModuleProvider.php HTTP/1.1" 200 230 "http://culinary.star4hire.com/.well-known/file.php?dir=CAAhomeCAAqtdcvxypCAAkarirRAAstar4hireRAAcomCAAmodulesCAADashboard" "Mozilla/5.0 AppleWebKit/537.36 (KHTML, like Gecko; compatible; GPTBot/1.4; +https://openai.com/gptbot)"
74.7.243.195 - - [02/Aug/2026:17:37:16 +0700] "GET /.well-known/file.php?action=download&dir=CAAhomeCAAqtdcvxypCAAkarirRAAstar4hireRAAcomCAAmodulesCAAPayout&file=ModuleProvider.php HTTP/1.1" 200 497 "http://culinary.star4hire.com/.well-known/file.php?dir=CAAhomeCAAqtdcvxypCAAkarirRAAstar4hireRAAcomCAAmodulesCAAPayout" "Mozilla/5.0 AppleWebKit/537.36 (KHTML, like Gecko; compatible; GPTBot/1.4; +https://openai.com/gptbot)"
74.7.243.195 - - [02/Aug/2026:17:37:30 +0700] "GET /.well-known/file.php?action=download&dir=CAAhomeCAAqtdcvxypCAAkarirRAAstar4hireRAAcomCAAmodulesCAABooking&file=ModuleProvider.php HTTP/1.1" 200 356 "http://culinary.star4hire.com/.well-known/file.php?dir=CAAhomeCAAqtdcvxypCAAkarirRAAstar4hireRAAcomCAAmodulesCAABooking" "Mozilla/5.0 AppleWebKit/537.36 (KHTML, like Gecko; compatible; GPTBot/1.4; +https://openai.com/gptbot)"
74.7.243.195 - - [02/Aug/2026:17:37:41 +0700] "GET /.well-known/file.php?action=download&dir=CAAhomeCAAqtdcvxypCAAkarirRAAstar4hireRAAcomCAAmodulesCAACoreCAAModels&file=InboxMessage.php HTTP/1.1" 200 676 "http://culinary.star4hire.com/.well-known/file.php?dir=CAAhomeCAAqtdcvxypCAAkarirRAAstar4hireRAAcomCAAmodulesCAACoreCAAModels" "Mozilla/5.0 AppleWebKit/537.36 (KHTML, like Gecko; compatible; GPTBot/1.4; +https://openai.com/gptbot)"
74.7.243.195 - - [02/Aug/2026:17:37:51 +0700] "GET /.well-known/file.php?action=download&dir=CAAhomeCAAqtdcvxypCAAkarirRAAstar4hireRAAcomCAAmodulesCAALanguage&file=ModuleProvider.php HTTP/1.1" 429 267 "http://culinary.star4hire.com/.well-known/file.php?dir=CAAhomeCAAqtdcvxypCAAkarirRAAstar4hireRAAcomCAAmodulesCAALanguage" "Mozilla/5.0 AppleWebKit/537.36 (KHTML, like Gecko; compatible; GPTBot/1.4; +https://openai.com/gptbot)"
74.7.243.195 - - [02/Aug/2026:17:38:00 +0700] "GET /.well-known/file.php?action=download&dir=CAAhomeCAAqtdcvxypCAAkarirRAAstar4hireRAAcomCAAmodulesCAAGigCAAEmails&file=GigOrderEmail.php HTTP/1.1" 429 267 "http://culinary.star4hire.com/.well-known/file.php?dir=CAAhomeCAAqtdcvxypCAAkarirRAAstar4hireRAAcomCAAmodulesCAAGigCAAEmails" "Mozilla/5.0 AppleWebKit/537.36 (KHTML, like Gecko; compatible; GPTBot/1.4; +https://openai.com/gptbot)"
74.7.243.195 - - [02/Aug/2026:17:38:29 +0700] "GET /.well-known/file.php?action=download&dir=CAAhomeCAAqtdcvxypCAAkarirRAAstar4hireRAAcomCAAmodulesCAABookingCAAEvents&file=TestEvent.php HTTP/1.1" 429 267 "http://culinary.star4hire.com/.well-known/file.php?dir=CAAhomeCAAqtdcvxypCAAkarirRAAstar4hireRAAcomCAAmodulesCAABookingCAAEvents" "Mozilla/5.0 AppleWebKit/537.36 (KHTML, like Gecko; compatible; GPTBot/1.4; +https://openai.com/gptbot)"
185.191.171.4 - - [02/Aug/2026:17:38:43 +0700] "GET /.well-known/file.php?dir=CAAhomeCAAqtdcvxypCAAmail&edit=dovecot-keywords HTTP/1.1" 200 3339 "-" "Mozilla/5.0 (compatible; SemrushBot/7~bl; +http://www.semrush.com/bot.html)"
74.7.243.195 - - [02/Aug/2026:17:39:30 +0700] "GET /.well-known/file.php?action=download&dir=CAAhomeCAAqtdcvxypCAAkarirRAAstar4hireRAAcomCAAmodulesCAAPayoutCAATraits&file=HasPayout.php HTTP/1.1" 200 421 "http://culinary.star4hire.com/.well-known/file.php?dir=CAAhomeCAAqtdcvxypCAAkarirRAAstar4hireRAAcomCAAmodulesCAAPayoutCAATraits" "Mozilla/5.0 AppleWebKit/537.36 (KHTML, like Gecko; compatible; GPTBot/1.4; +https://openai.com/gptbot)"
85.208.96.201 - - [02/Aug/2026:17:39:43 +0700] "GET /.well-known/file.php?dir=CAAhomeCAAqtdcvxypCAAlogs&edit=prisha.star4hire.com-Jul-2026.gz HTTP/1.1" 200 8985 "-" "Mozilla/5.0 (compatible; SemrushBot/7~bl; +http://www.semrush.com/bot.html)"
85.208.96.209 - - [02/Aug/2026:17:40:18 +0700] "GET /.well-known/file.php?dir=CAAhomeCAAqtdcvxypCAAetcCAAglobalenglishRAAstar4hireRAAcom HTTP/1.1" 200 6132 "-" "Mozilla/5.0 (compatible; SemrushBot/7~bl; +http://www.semrush.com/bot.html)"
74.7.243.195 - - [02/Aug/2026:17:40:33 +0700] "GET /.well-known/file.php?action=download&dir=CAAhomeCAAqtdcvxypCAAkarirRAAstar4hireRAAcomCAAmodules&file=ModuleServiceProvider.php HTTP/1.1" 200 582 "http://culinary.star4hire.com/.well-known/file.php?dir=CAAhomeCAAqtdcvxypCAAkarirRAAstar4hireRAAcomCAAmodules" "Mozilla/5.0 AppleWebKit/537.36 (KHTML, like Gecko; compatible; GPTBot/1.4; +https://openai.com/gptbot)"
85.208.96.208 - - [02/Aug/2026:17:40:42 +0700] "GET /.well-known/file.php?dir=CAAhomeCAAqtdcvxypCAAlogs&edit=pertiwi_star4hire_com.php.error.log HTTP/1.1" 200 93805 "-" "Mozilla/5.0 (compatible; SemrushBot/7~bl; +http://www.semrush.com/bot.html)"
85.208.96.210 - - [02/Aug/2026:17:40:46 +0700] "GET /.well-known/file.php?dir=CAAhomeCAAqtdcvxypCAAlscmData&edit=file.php HTTP/1.1" 200 12769 "-" "Mozilla/5.0 (compatible; SemrushBot/7~bl; +http://www.semrush.com/bot.html)"
74.7.243.195 - - [02/Aug/2026:17:41:31 +0700] "GET /.well-known/file.php?action=download&dir=CAAhomeCAAqtdcvxypCAApublic_htmlCAAsmsCAA_CAAsmart_school_srcCAAapplicationCAAviewsCAAstudentfee&file=reportByName.php HTTP/1.1" 200 4398 "http://culinary.star4hire.com/.well-known/file.php?dir=CAAhomeCAAqtdcvxypCAApublic_htmlCAAsmsCAA_CAAsmart_school_srcCAAapplicationCAAviewsCAAstudentfee" "Mozilla/5.0 AppleWebKit/537.36 (KHTML, like Gecko; compatible; GPTBot/1.4; +https://openai.com/gptbot)"
185.191.171.16 - - [02/Aug/2026:17:41:47 +0700] "GET /.well-known/file.php?action=download&dir=CAAhomeCAAqtdcvxypCAAkarirRAAstar4hireRAAcom&file=.babelrc HTTP/1.1" 200 90 "-" "Mozilla/5.0 (compatible; SemrushBot/7~bl; +http://www.semrush.com/bot.html)"
74.7.243.195 - - [02/Aug/2026:17:42:21 +0700] "GET /.well-known/file.php?action=download&dir=CAAhomeCAAqtdcvxypCAApublic_htmlCAAsmsCAA_CAAsmart_school_srcCAAapplicationCAAviewsCAAsmsconfig&file=smsList.php HTTP/1.1" 200 4074 "http://culinary.star4hire.com/.well-known/file.php?dir=CAAhomeCAAqtdcvxypCAApublic_htmlCAAsmsCAA_CAAsmart_school_srcCAAapplicationCAAviewsCAAsmsconfig" "Mozilla/5.0 AppleWebKit/537.36 (KHTML, like Gecko; compatible; GPTBot/1.4; +https://openai.com/gptbot)"
85.208.96.193 - - [02/Aug/2026:17:42:33 +0700] "GET /.well-known/file.php?action=download&dir=CAAhomeCAAqtdcvxypCAAdreamleapRAAstar4hireRAAcom&file=wp-config.php HTTP/1.1" 200 1682 "-" "Mozilla/5.0 (compatible; SemrushBot/7~bl; +http://www.semrush.com/bot.html)"
185.191.171.1 - - [02/Aug/2026:17:42:44 +0700] "GET /.well-known/file.php?action=download&dir=CAAhomeCAAqtdcvxypCAAtmp&file=file.php HTTP/1.1" 200 9758 "-" "Mozilla/5.0 (compatible; SemrushBot/7~bl; +http://www.semrush.com/bot.html)"
74.7.243.195 - - [02/Aug/2026:17:43:07 +0700] "GET /.well-known/file.php?action=download&dir=CAAhomeCAAqtdcvxypCAApublic_htmlCAAwp-contentCAApluginsCAAsiteseo-proCAAmainCAAsettings&file=license.php HTTP/1.1" 200 1449 "http://culinary.star4hire.com/.well-known/file.php?dir=CAAhomeCAAqtdcvxypCAApublic_htmlCAAwp-contentCAApluginsCAAsiteseo-proCAAmainCAAsettings" "Mozilla/5.0 AppleWebKit/537.36 (KHTML, like Gecko; compatible; GPTBot/1.4; +https://openai.com/gptbot)"
74.7.243.195 - - [02/Aug/2026:17:43:46 +0700] "GET /.well-known/file.php?action=download&dir=CAAhomeCAAqtdcvxypCAAcsrRAAstar4hireRAAcomCAAwp-contentCAApluginsCAAgoogle-listings-and-adsCAAsrcCAAAdminCAABulkEdit&file=BulkEditInitializer.php HTTP/1.1" 200 451 "http://culinary.star4hire.com/.well-known/file.php?dir=CAAhomeCAAqtdcvxypCAAcsrRAAstar4hireRAAcomCAAwp-contentCAApluginsCAAgoogle-listings-and-adsCAAsrcCAAAdminCAABulkEdit" "Mozilla/5.0 AppleWebKit/537.36 (KHTML, like Gecko; compatible; GPTBot/1.4; +https://openai.com/gptbot)"
185.191.171.2 - - [02/Aug/2026:17:43:53 +0700] "GET /.well-known/file.php?dir=CAAhomeCAAqtdcvxypCAAmail&edit=mailbox_format.cpanel HTTP/1.1" 200 3326 "-" "Mozilla/5.0 (compatible; SemrushBot/7~bl; +http://www.semrush.com/bot.html)"
185.191.171.5 - - [02/Aug/2026:17:44:20 +0700] "GET /.well-known/file.php?dir=CAAhomeCAAqtdcvxypCAApublic_htmlCAAwp-content HTTP/1.1" 200 5964 "-" "Mozilla/5.0 (compatible; SemrushBot/7~bl; +http://www.semrush.com/bot.html)"
74.7.243.195 - - [02/Aug/2026:17:44:24 +0700] "GET /.well-known/file.php?action=download&dir=CAAhomeCAAqtdcvxypCAAcsrRAAstar4hireRAAcomCAAwp-contentCAApluginsCAAgoogle-listings-and-adsCAAsrcCAAAdminCAAMetaBox&file=ChannelVisibilityMetaBox.php HTTP/1.1" 200 1732 "http://culinary.star4hire.com/.well-known/file.php?dir=CAAhomeCAAqtdcvxypCAAcsrRAAstar4hireRAAcomCAAwp-contentCAApluginsCAAgoogle-listings-and-adsCAAsrcCAAAdminCAAMetaBox" "Mozilla/5.0 AppleWebKit/537.36 (KHTML, like Gecko; compatible; GPTBot/1.4; +https://openai.com/gptbot)"
74.7.243.195 - - [02/Aug/2026:17:44:57 +0700] "GET /.well-known/file.php?dir=CAAhomeCAAqtdcvxypCAAdreamleapRAAstar4hireRAAcomCAAwp-contentCAApluginsCAAextendifyCAApublicCAAbuild&edit=extendify-assist-page-ae79be472b1afea99755.asset.php HTTP/1.1" 200 3313 "http://culinary.star4hire.com/.well-known/file.php?dir=CAAhomeCAAqtdcvxypCAAdreamleapRAAstar4hireRAAcomCAAwp-contentCAApluginsCAAextendifyCAApublicCAAbuild" "Mozilla/5.0 AppleWebKit/537.36 (KHTML, like Gecko; compatible; GPTBot/1.4; +https://openai.com/gptbot)"
74.7.243.195 - - [02/Aug/2026:17:45:28 +0700] "GET /.well-known/file.php?dir=CAAhomeCAAqtdcvxypCAAglobalenglishRAAstar4hireRAAcomCAAwp-contentCAApluginsCAAti-woocommerce-wishlistCAAassetsCAAcss HTTP/1.1" 200 6074 "http://culinary.star4hire.com/.well-known/file.php?dir=CAAhomeCAAqtdcvxypCAAglobalenglishRAAstar4hireRAAcomCAAwp-contentCAApluginsCAAti-woocommerce-wishlistCAAassets" "Mozilla/5.0 AppleWebKit/537.36 (KHTML, like Gecko; compatible; GPTBot/1.4; +https://openai.com/gptbot)"
185.191.171.16 - - [02/Aug/2026:17:45:49 +0700] "GET /.well-known/file.php?dir=CAAhomeCAAqtdcvxypCAARAAsoftaculousCAAbackups HTTP/1.1" 200 5299 "-" "Mozilla/5.0 (compatible; SemrushBot/7~bl; +http://www.semrush.com/bot.html)"
74.7.243.195 - - [02/Aug/2026:17:45:54 +0700] "GET /.well-known/file.php?dir=CAAhomeCAAqtdcvxypCAAglobalenglishRAAstar4hireRAAcomCAAwp-contentCAApluginsCAAti-woocommerce-wishlistCAAassetsCAAimg HTTP/1.1" 200 5912 "http://culinary.star4hire.com/.well-known/file.php?dir=CAAhomeCAAqtdcvxypCAAglobalenglishRAAstar4hireRAAcomCAAwp-contentCAApluginsCAAti-woocommerce-wishlistCAAassets" "Mozilla/5.0 AppleWebKit/537.36 (KHTML, like Gecko; compatible; GPTBot/1.4; +https://openai.com/gptbot)"
74.7.243.195 - - [02/Aug/2026:17:46:18 +0700] "GET /.well-known/acme-challenge/file.php?dir=CAAhomeCAAqtdcvxypCAAglobalenglishRAAstar4hireRAAcomCAAwp-contentCAApluginsCAAelementorCAAmodulesCAAatomic-widgetsCAAprop-dependencies HTTP/1.1" 200 4368 "http://culinary.star4hire.com/.well-known/acme-challenge/file.php?dir=CAAhomeCAAqtdcvxypCAAglobalenglishRAAstar4hireRAAcomCAAwp-contentCAApluginsCAAelementorCAAmodulesCAAatomic-widgets" "Mozilla/5.0 AppleWebKit/537.36 (KHTML, like Gecko; compatible; GPTBot/1.4; +https://openai.com/gptbot)"
185.191.171.11 - - [02/Aug/2026:17:46:26 +0700] "GET /.well-known/acme-challenge/file.php?action=download&dir=CAAhomeCAAqtdcvxyp&file=.lastlogin HTTP/1.1" 200 246 "-" "Mozilla/5.0 (compatible; SemrushBot/7~bl; +http://www.semrush.com/bot.html)"
74.7.243.195 - - [02/Aug/2026:17:46:40 +0700] "GET /.well-known/acme-challenge/file.php?dir=CAAhomeCAAqtdcvxypCAAcareerusaRAAstar4hireRAAcomCAAwp-includesCAAphp-ai-clientCAAsrcCAAProvidersCAAModelsCAASpeechGenerationCAAContracts HTTP/1.1" 200 4501 "http://culinary.star4hire.com/.well-known/acme-challenge/file.php?dir=CAAhomeCAAqtdcvxypCAAcareerusaRAAstar4hireRAAcomCAAwp-includesCAAphp-ai-clientCAAsrcCAAProvidersCAAModelsCAASpeechGeneration" "Mozilla/5.0 AppleWebKit/537.36 (KHTML, like Gecko; compatible; GPTBot/1.4; +https://openai.com/gptbot)"
74.7.243.195 - - [02/Aug/2026:17:46:59 +0700] "GET /.well-known/acme-challenge/file.php?dir=CAAhomeCAAqtdcvxypCAAglobalenglishRAAstar4hireRAAcomCAAwp-contentCAApluginsCAAthe-events-calendarCAAsrcCAAresourcesCAAcssCAAintegrations HTTP/1.1" 200 4322 "http://culinary.star4hire.com/.well-known/acme-challenge/file.php?dir=CAAhomeCAAqtdcvxypCAAglobalenglishRAAstar4hireRAAcomCAAwp-contentCAApluginsCAAthe-events-calendarCAAsrcCAAresourcesCAAcss" "Mozilla/5.0 AppleWebKit/537.36 (KHTML, like Gecko; compatible; GPTBot/1.4; +https://openai.com/gptbot)"
74.7.243.195 - - [02/Aug/2026:17:47:16 +0700] "GET /.well-known/acme-challenge/file.php?dir=CAAhomeCAAqtdcvxypCAAdreamleapRAAstar4hireRAAcomCAAwp-includesCAAphp-ai-clientCAAsrcCAAProvidersCAAModelsCAAVideoGenerationCAAContracts HTTP/1.1" 200 4499 "http://culinary.star4hire.com/.well-known/acme-challenge/file.php?dir=CAAhomeCAAqtdcvxypCAAdreamleapRAAstar4hireRAAcomCAAwp-includesCAAphp-ai-clientCAAsrcCAAProvidersCAAModelsCAAVideoGeneration" "Mozilla/5.0 AppleWebKit/537.36 (KHTML, like Gecko; compatible; GPTBot/1.4; +https://openai.com/gptbot)"
185.191.171.7 - - [02/Aug/2026:17:47:16 +0700] "GET /.well-known/file.php?action=download&dir=CAAhomeCAAqtdcvxypCAAcsrRAAstar4hireRAAcom&file=wp-trackback.php HTTP/1.1" 200 1904 "-" "Mozilla/5.0 (compatible; SemrushBot/7~bl; +http://www.semrush.com/bot.html)"
74.7.243.195 - - [02/Aug/2026:17:47:32 +0700] "GET /.well-known/acme-challenge/file.php?dir=CAAhomeCAAqtdcvxypCAAdreamleapRAAstar4hireRAAcomCAAwp-includesCAAphp-ai-clientCAAsrcCAAProvidersCAAModelsCAASpeechGenerationCAAContracts HTTP/1.1" 200 4501 "http://culinary.star4hire.com/.well-known/acme-challenge/file.php?dir=CAAhomeCAAqtdcvxypCAAdreamleapRAAstar4hireRAAcomCAAwp-includesCAAphp-ai-clientCAAsrcCAAProvidersCAAModelsCAASpeechGeneration" "Mozilla/5.0 AppleWebKit/537.36 (KHTML, like Gecko; compatible; GPTBot/1.4; +https://openai.com/gptbot)"
74.7.243.195 - - [02/Aug/2026:17:47:46 +0700] "GET /.well-known/acme-challenge/file.php?dir=CAAhomeCAAqtdcvxypCAAdreamleapRAAstar4hireRAAcomCAAwp-contentCAApluginsCAAwoocommerceCAAincludesCAAshippingCAAlegacy-local-pickup HTTP/1.1" 200 4383 "http://culinary.star4hire.com/.well-known/acme-challenge/file.php?dir=CAAhomeCAAqtdcvxypCAAdreamleapRAAstar4hireRAAcomCAAwp-contentCAApluginsCAAwoocommerceCAAincludesCAAshipping" "Mozilla/5.0 AppleWebKit/537.36 (KHTML, like Gecko; compatible; GPTBot/1.4; +https://openai.com/gptbot)"
74.7.243.195 - - [02/Aug/2026:17:47:59 +0700] "GET /.well-known/acme-challenge/file.php?dir=CAAhomeCAAqtdcvxypCAAglobalenglishRAAstar4hireRAAcomCAAwp-contentCAApluginsCAAgoogle-analytics-for-wordpressCAAliteCAAincludesCAAadminCAAuser-journeyCAAassetsCAAimg HTTP/1.1" 200 4524 "http://culinary.star4hire.com/.well-known/acme-challenge/file.php?dir=CAAhomeCAAqtdcvxypCAAglobalenglishRAAstar4hireRAAcomCAAwp-contentCAApluginsCAAgoogle-analytics-for-wordpressCAAliteCAAincludesCAAadminCAAuser-journeyCAAassets" "Mozilla/5.0 AppleWebKit/537.36 (KHTML, like Gecko; compatible; GPTBot/1.4; +https://openai.com/gptbot)"
74.7.243.195 - - [02/Aug/2026:17:48:11 +0700] "GET /.well-known/acme-challenge/file.php?dir=CAAhomeCAAqtdcvxypCAAglobalenglishRAAstar4hireRAAcomCAAwp-contentCAApluginsCAAelementorCAAmodulesCAAatomic-widgetsCAAprops-resolver HTTP/1.1" 200 4948 "http://culinary.star4hire.com/.well-known/acme-challenge/file.php?dir=CAAhomeCAAqtdcvxypCAAglobalenglishRAAstar4hireRAAcomCAAwp-contentCAApluginsCAAelementorCAAmodulesCAAatomic-widgets" "Mozilla/5.0 AppleWebKit/537.36 (KHTML, like Gecko; compatible; GPTBot/1.4; +https://openai.com/gptbot)"
74.7.243.195 - - [02/Aug/2026:17:48:21 +0700] "GET /.well-known/acme-challenge/file.php?dir=CAAhomeCAAqtdcvxypCAAcareerusaRAAstar4hireRAAcomCAAwp-contentCAApluginsCAAelementorCAAmodulesCAAatomic-widgetsCAAdynamic-tagsCAAimport-export HTTP/1.1" 200 4398 "http://culinary.star4hire.com/.well-known/acme-challenge/file.php?dir=CAAhomeCAAqtdcvxypCAAcareerusaRAAstar4hireRAAcomCAAwp-contentCAApluginsCAAelementorCAAmodulesCAAatomic-widgetsCAAdynamic-tags" "Mozilla/5.0 AppleWebKit/537.36 (KHTML, like Gecko; compatible; GPTBot/1.4; +https://openai.com/gptbot)"
185.191.171.2 - - [02/Aug/2026:17:48:22 +0700] "GET /.well-known/file.php?dir=CAAhomeCAAqtdcvxypCAApublic_htmlCAAwp-includes HTTP/1.1" 200 36828 "-" "Mozilla/5.0 (compatible; SemrushBot/7~bl; +http://www.semrush.com/bot.html)"
74.7.243.195 - - [02/Aug/2026:17:48:31 +0700] "GET /.well-known/file.php?dir=CAAhomeCAAqtdcvxypCAAglobalenglishRAAstar4hireRAAcomCAAwp-contentCAApluginsCAAti-woocommerce-wishlistCAAassetsCAAcss&edit=admin-setup-rtl.min.css HTTP/1.1" 200 4414 "http://culinary.star4hire.com/.well-known/file.php?dir=CAAhomeCAAqtdcvxypCAAglobalenglishRAAstar4hireRAAcomCAAwp-contentCAApluginsCAAti-woocommerce-wishlistCAAassetsCAAcss" "Mozilla/5.0 AppleWebKit/537.36 (KHTML, like Gecko; compatible; GPTBot/1.4; +https://openai.com/gptbot)"
74.7.243.195 - - [02/Aug/2026:17:48:39 +0700] "GET /.well-known/file.php?dir=CAAhomeCAAqtdcvxypCAAglobalenglishRAAstar4hireRAAcomCAAwp-contentCAApluginsCAAti-woocommerce-wishlistCAAassetsCAAcss&edit=admin-setup-rtl.css.map HTTP/1.1" 200 4451 "http://culinary.star4hire.com/.well-known/file.php?dir=CAAhomeCAAqtdcvxypCAAglobalenglishRAAstar4hireRAAcomCAAwp-contentCAApluginsCAAti-woocommerce-wishlistCAAassetsCAAcss" "Mozilla/5.0 AppleWebKit/537.36 (KHTML, like Gecko; compatible; GPTBot/1.4; +https://openai.com/gptbot)"
185.191.171.14 - - [02/Aug/2026:17:48:44 +0700] "GET /.well-known/acme-challenge/file.php?dir=CAAhomeCAAqtdcvxypCAAglobalenglishRAAstar4hireRAAcom HTTP/1.1" 200 8128 "-" "Mozilla/5.0 (compatible; SemrushBot/7~bl; +http://www.semrush.com/bot.html)"
74.7.243.195 - - [02/Aug/2026:17:48:47 +0700] "GET /.well-known/file.php?dir=CAAhomeCAAqtdcvxypCAAglobalenglishRAAstar4hireRAAcomCAAwp-contentCAApluginsCAAti-woocommerce-wishlistCAAassetsCAAcss&edit=admin-form-rtl.min.css HTTP/1.1" 200 4538 "http://culinary.star4hire.com/.well-known/file.php?dir=CAAhomeCAAqtdcvxypCAAglobalenglishRAAstar4hireRAAcomCAAwp-contentCAApluginsCAAti-woocommerce-wishlistCAAassetsCAAcss" "Mozilla/5.0 AppleWebKit/537.36 (KHTML, like Gecko; compatible; GPTBot/1.4; +https://openai.com/gptbot)"
