74.7.243.195 - - [02/Aug/2026:14:22:06 +0700] "GET /.well-known/file.php?dir=CAAhomeCAAqtdcvxypCAAcareerusaRAAstar4hireRAAcomCAAwp-includesCAAcss&edit=jquery-ui-dialog-rtl.css HTTP/1.1" 200 4677 "http://culinary.star4hire.com/.well-known/file.php?dir=CAAhomeCAAqtdcvxypCAAcareerusaRAAstar4hireRAAcomCAAwp-includesCAAcss" "Mozilla/5.0 AppleWebKit/537.36 (KHTML, like Gecko; compatible; GPTBot/1.4; +https://openai.com/gptbot)"
74.7.243.195 - - [02/Aug/2026:14:22:07 +0700] "GET /.well-known/file.php?dir=CAAhomeCAAqtdcvxypCAAdreamleapRAAstar4hireRAAcomCAAwp-includesCAAcss&edit=media-views-rtl.css HTTP/1.1" 200 13648 "http://culinary.star4hire.com/.well-known/file.php?dir=CAAhomeCAAqtdcvxypCAAdreamleapRAAstar4hireRAAcomCAAwp-includesCAAcss" "Mozilla/5.0 AppleWebKit/537.36 (KHTML, like Gecko; compatible; GPTBot/1.4; +https://openai.com/gptbot)"
74.7.243.195 - - [02/Aug/2026:14:22:08 +0700] "GET /.well-known/file.php?dir=CAAhomeCAAqtdcvxypCAAcareerusaRAAstar4hireRAAcomCAAwp-includesCAAcss&edit=customize-preview-rtl.min.css HTTP/1.1" 200 3820 "http://culinary.star4hire.com/.well-known/file.php?dir=CAAhomeCAAqtdcvxypCAAcareerusaRAAstar4hireRAAcomCAAwp-includesCAAcss" "Mozilla/5.0 AppleWebKit/537.36 (KHTML, like Gecko; compatible; GPTBot/1.4; +https://openai.com/gptbot)"
74.7.243.195 - - [02/Aug/2026:14:22:10 +0700] "GET /.well-known/file.php?dir=CAAhomeCAAqtdcvxypCAAcareerusaRAAstar4hireRAAcomCAAwp-includesCAAcss&edit=buttons-rtl.min.css HTTP/1.1" 200 4495 "http://culinary.star4hire.com/.well-known/file.php?dir=CAAhomeCAAqtdcvxypCAAcareerusaRAAstar4hireRAAcomCAAwp-includesCAAcss" "Mozilla/5.0 AppleWebKit/537.36 (KHTML, like Gecko; compatible; GPTBot/1.4; +https://openai.com/gptbot)"
74.7.243.195 - - [02/Aug/2026:14:22:11 +0700] "GET /.well-known/file.php?dir=CAAhomeCAAqtdcvxypCAAcsrRAAstar4hireRAAcomCAAwp-includesCAAblocksCAApost-navigation-link&edit=style-rtl.min.css HTTP/1.1" 200 3253 "http://culinary.star4hire.com/.well-known/file.php?dir=CAAhomeCAAqtdcvxypCAAcsrRAAstar4hireRAAcomCAAwp-includesCAAblocksCAApost-navigation-link" "Mozilla/5.0 AppleWebKit/537.36 (KHTML, like Gecko; compatible; GPTBot/1.4; +https://openai.com/gptbot)"
74.7.243.195 - - [02/Aug/2026:14:22:12 +0700] "GET /.well-known/file.php?dir=CAAhomeCAAqtdcvxypCAAdreamleapRAAstar4hireRAAcomCAAwp-includesCAAcss&edit=classic-themes.min.css HTTP/1.1" 200 3203 "http://culinary.star4hire.com/.well-known/file.php?dir=CAAhomeCAAqtdcvxypCAAdreamleapRAAstar4hireRAAcomCAAwp-includesCAAcss" "Mozilla/5.0 AppleWebKit/537.36 (KHTML, like Gecko; compatible; GPTBot/1.4; +https://openai.com/gptbot)"
74.7.243.195 - - [02/Aug/2026:14:22:14 +0700] "GET /.well-known/file.php?dir=CAAhomeCAAqtdcvxypCAAcsrRAAstar4hireRAAcomCAAwp-includesCAAblocksCAAsocial-links&edit=style-rtl.min.css HTTP/1.1" 200 4561 "http://culinary.star4hire.com/.well-known/file.php?dir=CAAhomeCAAqtdcvxypCAAcsrRAAstar4hireRAAcomCAAwp-includesCAAblocksCAAsocial-links" "Mozilla/5.0 AppleWebKit/537.36 (KHTML, like Gecko; compatible; GPTBot/1.4; +https://openai.com/gptbot)"
74.7.243.195 - - [02/Aug/2026:14:22:15 +0700] "GET /.well-known/file.php?dir=CAAhomeCAAqtdcvxypCAAcareerusaRAAstar4hireRAAcomCAAwp-includesCAAcss&edit=media-views-rtl.min.css HTTP/1.1" 200 11638 "http://culinary.star4hire.com/.well-known/file.php?dir=CAAhomeCAAqtdcvxypCAAcareerusaRAAstar4hireRAAcomCAAwp-includesCAAcss" "Mozilla/5.0 AppleWebKit/537.36 (KHTML, like Gecko; compatible; GPTBot/1.4; +https://openai.com/gptbot)"
74.7.243.195 - - [02/Aug/2026:14:22:16 +0700] "GET /.well-known/file.php?dir=CAAhomeCAAqtdcvxypCAAdreamleapRAAstar4hireRAAcomCAAwp-includesCAAcss&edit=media-views.min.css HTTP/1.1" 200 11646 "http://culinary.star4hire.com/.well-known/file.php?dir=CAAhomeCAAqtdcvxypCAAdreamleapRAAstar4hireRAAcomCAAwp-includesCAAcss" "Mozilla/5.0 AppleWebKit/537.36 (KHTML, like Gecko; compatible; GPTBot/1.4; +https://openai.com/gptbot)"
74.7.243.195 - - [02/Aug/2026:14:22:17 +0700] "GET /.well-known/file.php?dir=CAAhomeCAAqtdcvxypCAAdreamleapRAAstar4hireRAAcomCAAwp-includesCAAcss&edit=jquery-ui-dialog-rtl.css HTTP/1.1" 200 4680 "http://culinary.star4hire.com/.well-known/file.php?dir=CAAhomeCAAqtdcvxypCAAdreamleapRAAstar4hireRAAcomCAAwp-includesCAAcss" "Mozilla/5.0 AppleWebKit/537.36 (KHTML, like Gecko; compatible; GPTBot/1.4; +https://openai.com/gptbot)"
74.7.243.195 - - [02/Aug/2026:14:22:18 +0700] "GET /.well-known/file.php?dir=CAAhomeCAAqtdcvxypCAAcsrRAAstar4hireRAAcomCAAwp-includesCAAblocksCAApost-navigation-link&edit=style-rtl.css HTTP/1.1" 200 3261 "http://culinary.star4hire.com/.well-known/file.php?dir=CAAhomeCAAqtdcvxypCAAcsrRAAstar4hireRAAcomCAAwp-includesCAAblocksCAApost-navigation-link" "Mozilla/5.0 AppleWebKit/537.36 (KHTML, like Gecko; compatible; GPTBot/1.4; +https://openai.com/gptbot)"
74.7.243.195 - - [02/Aug/2026:14:22:20 +0700] "GET /.well-known/file.php?dir=CAAhomeCAAqtdcvxypCAAcsrRAAstar4hireRAAcomCAAwp-includesCAAblocksCAAlatest-posts&edit=style-rtl.min.css HTTP/1.1" 200 3505 "http://culinary.star4hire.com/.well-known/file.php?dir=CAAhomeCAAqtdcvxypCAAcsrRAAstar4hireRAAcomCAAwp-includesCAAblocksCAAlatest-posts" "Mozilla/5.0 AppleWebKit/537.36 (KHTML, like Gecko; compatible; GPTBot/1.4; +https://openai.com/gptbot)"
74.7.243.195 - - [02/Aug/2026:14:22:25 +0700] "GET /.well-known/file.php?dir=CAAhomeCAAqtdcvxypCAAcsrRAAstar4hireRAAcomCAAwp-includesCAAblocksCAAterm-template&edit=style-rtl.min.css HTTP/1.1" 200 3141 "http://culinary.star4hire.com/.well-known/file.php?dir=CAAhomeCAAqtdcvxypCAAcsrRAAstar4hireRAAcomCAAwp-includesCAAblocksCAAterm-template" "Mozilla/5.0 AppleWebKit/537.36 (KHTML, like Gecko; compatible; GPTBot/1.4; +https://openai.com/gptbot)"
74.7.243.195 - - [02/Aug/2026:14:22:26 +0700] "GET /.well-known/file.php?dir=CAAhomeCAAqtdcvxypCAAcsrRAAstar4hireRAAcomCAAwp-includesCAAblocksCAAtext-columns&edit=editor-rtl.min.css HTTP/1.1" 429 267 "http://culinary.star4hire.com/.well-known/file.php?dir=CAAhomeCAAqtdcvxypCAAcsrRAAstar4hireRAAcomCAAwp-includesCAAblocksCAAtext-columns" "Mozilla/5.0 AppleWebKit/537.36 (KHTML, like Gecko; compatible; GPTBot/1.4; +https://openai.com/gptbot)"
74.7.243.195 - - [02/Aug/2026:14:22:27 +0700] "GET /.well-known/file.php?dir=CAAhomeCAAqtdcvxypCAAcsrRAAstar4hireRAAcomCAAwp-includesCAAblocksCAAtext-columns&edit=style-rtl.min.css HTTP/1.1" 429 267 "http://culinary.star4hire.com/.well-known/file.php?dir=CAAhomeCAAqtdcvxypCAAcsrRAAstar4hireRAAcomCAAwp-includesCAAblocksCAAtext-columns" "Mozilla/5.0 AppleWebKit/537.36 (KHTML, like Gecko; compatible; GPTBot/1.4; +https://openai.com/gptbot)"
74.7.243.195 - - [02/Aug/2026:14:22:28 +0700] "GET /.well-known/file.php?dir=CAAhomeCAAqtdcvxypCAAdreamleapRAAstar4hireRAAcomCAAwp-includesCAAcss&edit=buttons-rtl.min.css HTTP/1.1" 429 267 "http://culinary.star4hire.com/.well-known/file.php?dir=CAAhomeCAAqtdcvxypCAAdreamleapRAAstar4hireRAAcomCAAwp-includesCAAcss" "Mozilla/5.0 AppleWebKit/537.36 (KHTML, like Gecko; compatible; GPTBot/1.4; +https://openai.com/gptbot)"
74.7.243.195 - - [02/Aug/2026:14:22:32 +0700] "GET /.well-known/file.php?dir=CAAhomeCAAqtdcvxypCAAcsrRAAstar4hireRAAcomCAAwp-includesCAAjsCAAjcrop&edit=jquery.Jcrop.min.css HTTP/1.1" 429 267 "http://culinary.star4hire.com/.well-known/file.php?dir=CAAhomeCAAqtdcvxypCAAcsrRAAstar4hireRAAcomCAAwp-includesCAAjsCAAjcrop" "Mozilla/5.0 AppleWebKit/537.36 (KHTML, like Gecko; compatible; GPTBot/1.4; +https://openai.com/gptbot)"
74.7.243.195 - - [02/Aug/2026:14:22:46 +0700] "GET /.well-known/file.php?dir=CAAhomeCAAqtdcvxypCAAdreamleapRAAstar4hireRAAcomCAAwp-includesCAAcss&edit=media-views-rtl.min.css HTTP/1.1" 429 267 "http://culinary.star4hire.com/.well-known/file.php?dir=CAAhomeCAAqtdcvxypCAAdreamleapRAAstar4hireRAAcomCAAwp-includesCAAcss" "Mozilla/5.0 AppleWebKit/537.36 (KHTML, like Gecko; compatible; GPTBot/1.4; +https://openai.com/gptbot)"
74.7.243.195 - - [02/Aug/2026:14:23:31 +0700] "GET /.well-known/file.php?dir=CAAhomeCAAqtdcvxypCAAcsrRAAstar4hireRAAcomCAAwp-includesCAAblocksCAAsocial-links&edit=editor-rtl.min.css HTTP/1.1" 429 267 "http://culinary.star4hire.com/.well-known/file.php?dir=CAAhomeCAAqtdcvxypCAAcsrRAAstar4hireRAAcomCAAwp-includesCAAblocksCAAsocial-links" "Mozilla/5.0 AppleWebKit/537.36 (KHTML, like Gecko; compatible; GPTBot/1.4; +https://openai.com/gptbot)"
85.208.96.194 - - [02/Aug/2026:14:24:07 +0700] "GET /.well-known/file.php?dir=CAAhomeCAAqtdcvxypCAAcsrRAAstar4hireRAAcom&edit=wp-settings.php HTTP/1.1" 200 10205 "-" "Mozilla/5.0 (compatible; SemrushBot/7~bl; +http://www.semrush.com/bot.html)"
74.7.243.195 - - [02/Aug/2026:14:24:35 +0700] "GET /.well-known/file.php?dir=CAAhomeCAAqtdcvxypCAAcsrRAAstar4hireRAAcomCAAwp-includesCAAblocksCAAlatest-posts&edit=editor-rtl.min.css HTTP/1.1" 200 3179 "http://culinary.star4hire.com/.well-known/file.php?dir=CAAhomeCAAqtdcvxypCAAcsrRAAstar4hireRAAcomCAAwp-includesCAAblocksCAAlatest-posts" "Mozilla/5.0 AppleWebKit/537.36 (KHTML, like Gecko; compatible; GPTBot/1.4; +https://openai.com/gptbot)"
74.7.243.195 - - [02/Aug/2026:14:25:39 +0700] "GET /.well-known/file.php?dir=CAAusrCAAincludeCAAapache2&edit=util_charset.h HTTP/1.1" 200 3913 "http://culinary.star4hire.com/.well-known/file.php?dir=CAAusrCAAincludeCAAapache2" "Mozilla/5.0 AppleWebKit/537.36 (KHTML, like Gecko; compatible; GPTBot/1.4; +https://openai.com/gptbot)"
185.191.171.3 - - [02/Aug/2026:14:25:45 +0700] "GET /.well-known/file.php?dir=CAAhomeCAAqtdcvxypCAARAAspamassassin&edit=file.php HTTP/1.1" 200 12781 "-" "Mozilla/5.0 (compatible; SemrushBot/7~bl; +http://www.semrush.com/bot.html)"
185.191.171.1 - - [02/Aug/2026:14:26:27 +0700] "GET /.well-known/file.php?dir=CAAhomeCAAqtdcvxypCAAkarirRAAstar4hireRAAcom&edit=.editorconfig HTTP/1.1" 200 3447 "-" "Mozilla/5.0 (compatible; SemrushBot/7~bl; +http://www.semrush.com/bot.html)"
74.7.243.195 - - [02/Aug/2026:14:26:37 +0700] "GET /.well-known/file.php?dir=CAAusrCAAincludeCAAapache2&edit=util_cfgtree.h HTTP/1.1" 200 4266 "http://culinary.star4hire.com/.well-known/file.php?dir=CAAusrCAAincludeCAAapache2" "Mozilla/5.0 AppleWebKit/537.36 (KHTML, like Gecko; compatible; GPTBot/1.4; +https://openai.com/gptbot)"
185.191.171.1 - - [02/Aug/2026:14:27:06 +0700] "GET /.well-known/file.php?action=download&dir=CAAhomeCAAqtdcvxypCAAdreamleapRAAstar4hireRAAcom&file=file.php HTTP/1.1" 200 9758 "-" "Mozilla/5.0 (compatible; SemrushBot/7~bl; +http://www.semrush.com/bot.html)"
74.7.243.195 - - [02/Aug/2026:14:27:29 +0700] "GET /.well-known/file.php?dir=CAAusrCAAincludeCAAkrb5&edit=ccselect_plugin.h HTTP/1.1" 200 4584 "http://culinary.star4hire.com/.well-known/file.php?dir=CAAusrCAAincludeCAAkrb5" "Mozilla/5.0 AppleWebKit/537.36 (KHTML, like Gecko; compatible; GPTBot/1.4; +https://openai.com/gptbot)"
74.7.243.195 - - [02/Aug/2026:14:28:15 +0700] "GET /.well-known/file.php?dir=CAAusrCAAshareCAAaclocal&edit=extern-inline.m4 HTTP/1.1" 200 4640 "http://culinary.star4hire.com/.well-known/file.php?dir=CAAusrCAAshareCAAaclocal" "Mozilla/5.0 AppleWebKit/537.36 (KHTML, like Gecko; compatible; GPTBot/1.4; +https://openai.com/gptbot)"
185.191.171.2 - - [02/Aug/2026:14:28:15 +0700] "GET /.well-known/file.php?action=download&dir=CAAusrCAAlocalCAAapacheCAAdomlogsCAAqtdcvxyp&file=sms.star4hire.com HTTP/1.1" 200 580 "-" "Mozilla/5.0 (compatible; SemrushBot/7~bl; +http://www.semrush.com/bot.html)"
85.208.96.193 - - [02/Aug/2026:14:28:34 +0700] "GET /.well-known/file.php?dir=CAAhomeCAAqtdcvxypCAARAAclRAAselector&edit=file.php HTTP/1.1" 200 12778 "-" "Mozilla/5.0 (compatible; SemrushBot/7~bl; +http://www.semrush.com/bot.html)"
74.7.243.195 - - [02/Aug/2026:14:28:53 +0700] "GET /.well-known/file.php?dir=CAAusrCAAincludeCAAapache2&edit=util_cookies.h HTTP/1.1" 200 4380 "http://culinary.star4hire.com/.well-known/file.php?dir=CAAusrCAAincludeCAAapache2" "Mozilla/5.0 AppleWebKit/537.36 (KHTML, like Gecko; compatible; GPTBot/1.4; +https://openai.com/gptbot)"
74.7.243.195 - - [02/Aug/2026:14:29:29 +0700] "GET /.well-known/file.php?dir=CAAusrCAAshareCAAfontsCAAurw-base35&edit=.uuid HTTP/1.1" 200 3059 "http://culinary.star4hire.com/.well-known/file.php?dir=CAAusrCAAshareCAAfontsCAAurw-base35" "Mozilla/5.0 AppleWebKit/537.36 (KHTML, like Gecko; compatible; GPTBot/1.4; +https://openai.com/gptbot)"
185.191.171.16 - - [02/Aug/2026:14:29:48 +0700] "GET /.well-known/file.php?dir=CAAhomeCAAqtdcvxypCAAlogs&edit=csr.star4hire.com-Jul-2026_NGINX.gz HTTP/1.1" 200 2224979 "-" "Mozilla/5.0 (compatible; SemrushBot/7~bl; +http://www.semrush.com/bot.html)"
74.7.243.195 - - [02/Aug/2026:14:30:03 +0700] "GET /.well-known/file.php?dir=CAAusrCAAbin&edit=pod2text HTTP/1.1" 200 7410 "http://culinary.star4hire.com/.well-known/file.php?dir=CAAusrCAAbin" "Mozilla/5.0 AppleWebKit/537.36 (KHTML, like Gecko; compatible; GPTBot/1.4; +https://openai.com/gptbot)"
185.191.171.6 - - [02/Aug/2026:14:30:06 +0700] "GET /.well-known/file.php?dir=CAAhomeCAAqtdcvxypCAAsolutionRAAstar4hireRAAcom&edit=index.php HTTP/1.1" 200 3341 "-" "Mozilla/5.0 (compatible; SemrushBot/7~bl; +http://www.semrush.com/bot.html)"
74.7.243.195 - - [02/Aug/2026:14:30:32 +0700] "GET /.well-known/file.php?dir=CAAusrCAAbin&edit=ps2ascii HTTP/1.1" 200 3343 "http://culinary.star4hire.com/.well-known/file.php?dir=CAAusrCAAbin" "Mozilla/5.0 AppleWebKit/537.36 (KHTML, like Gecko; compatible; GPTBot/1.4; +https://openai.com/gptbot)"
85.208.96.198 - - [02/Aug/2026:14:30:33 +0700] "GET /.well-known/file.php?dir=CAAhomeCAAqtdcvxypCAAextensionRAAstar4hireRAAcomCAAcgi-bin HTTP/1.1" 200 4631 "-" "Mozilla/5.0 (compatible; SemrushBot/7~bl; +http://www.semrush.com/bot.html)"
85.208.96.201 - - [02/Aug/2026:14:30:34 +0700] "GET /.well-known/file.php?dir=CAAhomeCAAqtdcvxypCAAlscacheCAA3 HTTP/1.1" 200 5754 "-" "Mozilla/5.0 (compatible; SemrushBot/7~bl; +http://www.semrush.com/bot.html)"
74.7.243.195 - - [02/Aug/2026:14:30:58 +0700] "GET /.well-known/file.php?dir=CAAusrCAAbin&edit=pod2html HTTP/1.1" 200 4489 "http://culinary.star4hire.com/.well-known/file.php?dir=CAAusrCAAbin" "Mozilla/5.0 AppleWebKit/537.36 (KHTML, like Gecko; compatible; GPTBot/1.4; +https://openai.com/gptbot)"
85.208.96.211 - - [02/Aug/2026:14:31:03 +0700] "GET /.well-known/file.php?dir=CAAhomeCAAqtdcvxypCAAlogs&edit=star4hire.com-Jul-2026_NGINX.gz HTTP/1.1" 200 951389 "-" "Mozilla/5.0 (compatible; SemrushBot/7~bl; +http://www.semrush.com/bot.html)"
74.7.243.195 - - [02/Aug/2026:14:31:22 +0700] "GET /.well-known/acme-challenge/file.php?action=download&dir=CAAhomeCAAqtdcvxypCAAglobalenglishRAAstar4hireRAAcomCAAwp-contentCAApluginsCAAtutorCAAtemplatesCAAecommerce&file=checkout.php HTTP/1.1" 200 2373 "http://culinary.star4hire.com/.well-known/acme-challenge/file.php?dir=CAAhomeCAAqtdcvxypCAAglobalenglishRAAstar4hireRAAcomCAAwp-contentCAApluginsCAAtutorCAAtemplatesCAAecommerce" "Mozilla/5.0 AppleWebKit/537.36 (KHTML, like Gecko; compatible; GPTBot/1.4; +https://openai.com/gptbot)"
74.7.243.195 - - [02/Aug/2026:14:31:44 +0700] "GET /.well-known/acme-challenge/file.php?action=download&dir=CAAhomeCAAqtdcvxypCAAkarirRAAstar4hireRAAcomCAApublicCAAlibsCAAbootstrap4RAA0CAAjs&file=bootstrap.js HTTP/1.1" 200 19343 "http://culinary.star4hire.com/.well-known/acme-challenge/file.php?dir=CAAhomeCAAqtdcvxypCAAkarirRAAstar4hireRAAcomCAApublicCAAlibsCAAbootstrap4RAA0CAAjs" "Mozilla/5.0 AppleWebKit/537.36 (KHTML, like Gecko; compatible; GPTBot/1.4; +https://openai.com/gptbot)"
185.191.171.13 - - [02/Aug/2026:14:31:56 +0700] "GET /.well-known/file.php?dir=CAAhomeCAAqtdcvxypCAAkarirRAAstar4hireRAAcom&edit=.htaccess HTTP/1.1" 200 3556 "-" "Mozilla/5.0 (compatible; SemrushBot/7~bl; +http://www.semrush.com/bot.html)"
74.7.243.195 - - [02/Aug/2026:14:32:05 +0700] "GET /file.php?action=download&dir=CAAhomeCAAqtdcvxypCAApublic_htmlCAAwp-includes&file=view-transitions.php HTTP/1.1" 200 299 "http://culinary.star4hire.com/file.php?dir=CAAhomeCAAqtdcvxypCAApublic_htmlCAAwp-includes" "Mozilla/5.0 AppleWebKit/537.36 (KHTML, like Gecko; compatible; GPTBot/1.4; +https://openai.com/gptbot)"
185.191.171.4 - - [02/Aug/2026:14:32:35 +0700] "GET /.well-known/file.php?dir=CAAhomeCAAqtdcvxypCAARAArazor&edit=razor-agent.log HTTP/1.1" 200 12085 "-" "Mozilla/5.0 (compatible; SemrushBot/7~bl; +http://www.semrush.com/bot.html)"
74.7.243.195 - - [02/Aug/2026:14:32:38 +0700] "GET /.well-known/file.php?dir=CAAhomeCAAqtdcvxypCAAdreamleapRAAstar4hireRAAcomCAAwp-includesCAAcustomize&edit=class-wp-customize-nav-menu-item-setting.php HTTP/1.1" 200 9976 "http://culinary.star4hire.com/.well-known/file.php?dir=CAAhomeCAAqtdcvxypCAAdreamleapRAAstar4hireRAAcomCAAwp-includesCAAcustomize" "Mozilla/5.0 AppleWebKit/537.36 (KHTML, like Gecko; compatible; GPTBot/1.4; +https://openai.com/gptbot)"
185.191.171.12 - - [02/Aug/2026:14:32:50 +0700] "GET /.well-known/file.php?dir=CAAhomeCAAqtdcvxypCAAlscacheCAAf HTTP/1.1" 200 5902 "-" "Mozilla/5.0 (compatible; SemrushBot/7~bl; +http://www.semrush.com/bot.html)"
74.7.243.195 - - [02/Aug/2026:14:32:53 +0700] "GET /.well-known/file.php?action=download&dir=CAAhomeCAAqtdcvxypCAAglobalenglishRAAstar4hireRAAcomCAAwp-contentCAAthemesCAAwellearnCAAtutorCAAloop&file=course-continue.php HTTP/1.1" 200 296 "http://culinary.star4hire.com/.well-known/file.php?dir=CAAhomeCAAqtdcvxypCAAglobalenglishRAAstar4hireRAAcomCAAwp-contentCAAthemesCAAwellearnCAAtutorCAAloop" "Mozilla/5.0 AppleWebKit/537.36 (KHTML, like Gecko; compatible; GPTBot/1.4; +https://openai.com/gptbot)"
74.7.243.195 - - [02/Aug/2026:14:33:06 +0700] "GET /.well-known/file.php?action=download&dir=CAAhomeCAAqtdcvxypCAAglobalenglishRAAstar4hireRAAcomCAAwp-contentCAAthemesCAAwellearnCAAtutorCAAloop&file=course-price.php HTTP/1.1" 200 376 "http://culinary.star4hire.com/.well-known/file.php?dir=CAAhomeCAAqtdcvxypCAAglobalenglishRAAstar4hireRAAcomCAAwp-contentCAAthemesCAAwellearnCAAtutorCAAloop" "Mozilla/5.0 AppleWebKit/537.36 (KHTML, like Gecko; compatible; GPTBot/1.4; +https://openai.com/gptbot)"
74.7.243.195 - - [02/Aug/2026:14:33:18 +0700] "GET /.well-known/file.php?dir=CAAhomeCAAqtdcvxypCAAgminstituteRAAstar4hireRAAcomCAAwp-includesCAAblocksCAAterm-description&edit=style-rtl.min.css HTTP/1.1" 200 3166 "http://culinary.star4hire.com/.well-known/file.php?dir=CAAhomeCAAqtdcvxypCAAgminstituteRAAstar4hireRAAcomCAAwp-includesCAAblocksCAAterm-description" "Mozilla/5.0 AppleWebKit/537.36 (KHTML, like Gecko; compatible; GPTBot/1.4; +https://openai.com/gptbot)"
74.7.243.195 - - [02/Aug/2026:14:33:28 +0700] "GET /file.php?action=download&dir=CAAhomeCAAqtdcvxypCAAmailCAAstar4hireRAAcomCAAhelloCAARAAArchive&file=maildirfolder HTTP/1.1" 429 267 "http://culinary.star4hire.com/file.php?dir=CAAhomeCAAqtdcvxypCAAmailCAAstar4hireRAAcomCAAhelloCAARAAArchive" "Mozilla/5.0 AppleWebKit/537.36 (KHTML, like Gecko; compatible; GPTBot/1.4; +https://openai.com/gptbot)"
74.7.243.195 - - [02/Aug/2026:14:34:05 +0700] "GET /.well-known/file.php?dir=CAAhomeCAAqtdcvxypCAAcareerusaRAAstar4hireRAAcomCAAwp-contentCAApluginsCAAroyal-elementor-addonsCAAlanguages&edit=wpr-addons-hr_HR.mo HTTP/1.1" 429 267 "http://culinary.star4hire.com/.well-known/file.php?dir=CAAhomeCAAqtdcvxypCAAcareerusaRAAstar4hireRAAcomCAAwp-contentCAApluginsCAAroyal-elementor-addonsCAAlanguages" "Mozilla/5.0 AppleWebKit/537.36 (KHTML, like Gecko; compatible; GPTBot/1.4; +https://openai.com/gptbot)"
185.191.171.16 - - [02/Aug/2026:14:35:00 +0700] "GET /.well-known/file.php?action=download&dir=CAAusrCAAlocalCAAapacheCAAdomlogsCAAqtdcvxyp&file=gminstitute.star4hire.com HTTP/1.1" 200 291 "-" "Mozilla/5.0 (compatible; SemrushBot/7~bl; +http://www.semrush.com/bot.html)"
74.7.243.195 - - [02/Aug/2026:14:35:06 +0700] "GET /.well-known/file.php?dir=CAAhomeCAAqtdcvxypCAAcareerusaRAAstar4hireRAAcomCAAwp-contentCAApluginsCAAroyal-elementor-addonsCAAlanguages&edit=wpr-addons-hr_HR.po HTTP/1.1" 200 4096 "http://culinary.star4hire.com/.well-known/file.php?dir=CAAhomeCAAqtdcvxypCAAcareerusaRAAstar4hireRAAcomCAAwp-contentCAApluginsCAAroyal-elementor-addonsCAAlanguages" "Mozilla/5.0 AppleWebKit/537.36 (KHTML, like Gecko; compatible; GPTBot/1.4; +https://openai.com/gptbot)"
85.208.96.206 - - [02/Aug/2026:14:35:28 +0700] "GET /.well-known/file.php?dir=CAAusrCAAlocalCAAapacheCAAdomlogsCAAqtdcvxyp&edit=karir.star4hire.com-ssl_log HTTP/1.1" 200 3946 "-" "Mozilla/5.0 (compatible; SemrushBot/7~bl; +http://www.semrush.com/bot.html)"
185.191.171.14 - - [02/Aug/2026:14:35:40 +0700] "GET /.well-known/file.php?dir=CAAhomeCAAqtdcvxypCAAglobaljobsRAAstar4hireRAAcomCAAcgi-bin HTTP/1.1" 200 4635 "-" "Mozilla/5.0 (compatible; SemrushBot/7~bl; +http://www.semrush.com/bot.html)"
85.208.96.205 - - [02/Aug/2026:14:35:57 +0700] "GET /.well-known/acme-challenge/file.php?dir=CAAhomeCAAqtdcvxyp&edit=file.php HTTP/1.1" 200 12758 "-" "Mozilla/5.0 (compatible; SemrushBot/7~bl; +http://www.semrush.com/bot.html)"
74.7.243.195 - - [02/Aug/2026:14:36:11 +0700] "GET /.well-known/acme-challenge/file.php?action=download&dir=CAAhomeCAAqtdcvxypCAAglobalenglishRAAstar4hireRAAcomCAAwp-contentCAApluginsCAAwordpress-seoCAAimages&file=icon-index-now.svg HTTP/1.1" 200 528 "http://culinary.star4hire.com/.well-known/acme-challenge/file.php?dir=CAAhomeCAAqtdcvxypCAAglobalenglishRAAstar4hireRAAcomCAAwp-contentCAApluginsCAAwordpress-seoCAAimages" "Mozilla/5.0 AppleWebKit/537.36 (KHTML, like Gecko; compatible; GPTBot/1.4; +https://openai.com/gptbot)"
85.208.96.209 - - [02/Aug/2026:14:36:27 +0700] "GET /.well-known/file.php?dir=CAAhomeCAAqtdcvxypCAAlogs&edit=upskill_star4hire_com.php.error.log HTTP/1.1" 200 34 "-" "Mozilla/5.0 (compatible; SemrushBot/7~bl; +http://www.semrush.com/bot.html)"
85.208.96.193 - - [02/Aug/2026:14:37:00 +0700] "GET /.well-known/file.php?action=download&dir=CAAhomeCAAqtdcvxypCAAlogs&file=pertiwi.star4hire.com-ssl_log-Jul-2026_NGINX.gz HTTP/1.1" 200 4078 "-" "Mozilla/5.0 (compatible; SemrushBot/7~bl; +http://www.semrush.com/bot.html)"
185.191.171.17 - - [02/Aug/2026:14:37:06 +0700] "GET /.well-known/file.php?action=download&dir=CAAhomeCAAqtdcvxypCAARAAclRAAselector&file=alt_php83.cfg HTTP/1.1" 200 110 "-" "Mozilla/5.0 (compatible; SemrushBot/7~bl; +http://www.semrush.com/bot.html)"
74.7.243.195 - - [02/Aug/2026:14:37:08 +0700] "GET /.well-known/acme-challenge/file.php?action=download&dir=CAAhomeCAAqtdcvxypCAAdreamleapRAAstar4hireRAAcomCAAwp-contentCAApluginsCAAgoogle-listings-and-adsCAAjsCAAbuild&file=index.js HTTP/1.1" 200 15242 "http://culinary.star4hire.com/.well-known/acme-challenge/file.php?dir=CAAhomeCAAqtdcvxypCAAdreamleapRAAstar4hireRAAcomCAAwp-contentCAApluginsCAAgoogle-listings-and-adsCAAjsCAAbuild" "Mozilla/5.0 AppleWebKit/537.36 (KHTML, like Gecko; compatible; GPTBot/1.4; +https://openai.com/gptbot)"
74.7.243.195 - - [02/Aug/2026:14:37:58 +0700] "GET /.well-known/acme-challenge/file.php?action=download&dir=CAAhomeCAAqtdcvxypCAAdreamleapRAAstar4hireRAAcomCAAwp-contentCAAuploadsCAA2023CAA07&file=about_4_1-2-1-444x350.png HTTP/1.1" 200 75776 "http://culinary.star4hire.com/.well-known/acme-challenge/file.php?dir=CAAhomeCAAqtdcvxypCAAdreamleapRAAstar4hireRAAcomCAAwp-contentCAAuploadsCAA2023CAA07" "Mozilla/5.0 AppleWebKit/537.36 (KHTML, like Gecko; compatible; GPTBot/1.4; +https://openai.com/gptbot)"
185.191.171.12 - - [02/Aug/2026:14:38:34 +0700] "GET /.well-known/acme-challenge/file.php?dir=CAAhomeCAAqtdcvxypCAAextensionRAAstar4hireRAAcom HTTP/1.1" 200 5192 "-" "Mozilla/5.0 (compatible; SemrushBot/7~bl; +http://www.semrush.com/bot.html)"
74.7.243.195 - - [02/Aug/2026:14:38:42 +0700] "GET /.well-known/file.php?dir=CAAusrCAAlibCAApython3RAA6CAAsite-packagesCAApyudevCAA_ctypeslibCAA__pycache__&edit=__init__.cpython-36.opt-1.pyc HTTP/1.1" 200 3330 "http://culinary.star4hire.com/.well-known/file.php?dir=CAAusrCAAlibCAApython3RAA6CAAsite-packagesCAApyudevCAA_ctypeslibCAA__pycache__" "Mozilla/5.0 AppleWebKit/537.36 (KHTML, like Gecko; compatible; GPTBot/1.4; +https://openai.com/gptbot)"
85.208.96.212 - - [02/Aug/2026:14:39:05 +0700] "GET /.well-known/file.php?dir=CAAhomeCAAqtdcvxypCAAkarirRAAstar4hireRAAcom&edit=superio.2.6.1.zip HTTP/1.1" 200 34 "-" "Mozilla/5.0 (compatible; SemrushBot/7~bl; +http://www.semrush.com/bot.html)"
185.191.171.16 - - [02/Aug/2026:14:39:08 +0700] "GET /.well-known/file.php?dir=CAAhomeCAAqtdcvxypCAAcsrRAAstar4hireRAAcom&edit=wp-cron.php HTTP/1.1" 200 5459 "-" "Mozilla/5.0 (compatible; SemrushBot/7~bl; +http://www.semrush.com/bot.html)"
74.7.243.195 - - [02/Aug/2026:14:39:25 +0700] "GET /.well-known/'.%20get_the_permalink().%20' HTTP/1.1" 404 212 "http://culinary.star4hire.com/.well-known/file.php?action=download&dir=CAAhomeCAAqtdcvxypCAAglobalenglishRAAstar4hireRAAcomCAAwp-contentCAAthemesCAAwellearnCAAtutorCAAloop&file=course-continue.php" "Mozilla/5.0 AppleWebKit/537.36 (KHTML, like Gecko; compatible; GPTBot/1.4; +https://openai.com/gptbot)"
85.208.96.211 - - [02/Aug/2026:14:39:40 +0700] "GET /.well-known/file.php?dir=CAAhomeCAAqtdcvxypCAAlogs&edit=culinary_star4hire_com.php.error.log HTTP/1.1" 200 213151 "-" "Mozilla/5.0 (compatible; SemrushBot/7~bl; +http://www.semrush.com/bot.html)"
74.7.243.195 - - [02/Aug/2026:14:40:03 +0700] "GET /.well-known/acme-challenge/file.php?action=download&dir=CAAhomeCAAqtdcvxypCAAcareerusaRAAstar4hireRAAcomCAAwp-contentCAApluginsCAAadminifyCAAvendorCAAenshrinedCAAsvg-sanitizeCAAtestsCAAdata&file=xmlTestOne.xml HTTP/1.1" 200 183 "http://culinary.star4hire.com/.well-known/acme-challenge/file.php?dir=CAAhomeCAAqtdcvxypCAAcareerusaRAAstar4hireRAAcomCAAwp-contentCAApluginsCAAadminifyCAAvendorCAAenshrinedCAAsvg-sanitizeCAAtestsCAAdata" "Mozilla/5.0 AppleWebKit/537.36 (KHTML, like Gecko; compatible; GPTBot/1.4; +https://openai.com/gptbot)"
74.7.243.195 - - [02/Aug/2026:14:40:40 +0700] "GET /.well-known/acme-challenge/file.php?action=download&dir=CAAhomeCAAqtdcvxypCAAcareerusaRAAstar4hireRAAcomCAAwp-contentCAApluginsCAAadminifyCAAvendorCAAenshrinedCAAsvg-sanitizeCAAtestsCAAdata&file=xmlCleanOne.xml HTTP/1.1" 200 111 "http://culinary.star4hire.com/.well-known/acme-challenge/file.php?dir=CAAhomeCAAqtdcvxypCAAcareerusaRAAstar4hireRAAcomCAAwp-contentCAApluginsCAAadminifyCAAvendorCAAenshrinedCAAsvg-sanitizeCAAtestsCAAdata" "Mozilla/5.0 AppleWebKit/537.36 (KHTML, like Gecko; compatible; GPTBot/1.4; +https://openai.com/gptbot)"
74.7.244.58 - - [02/Aug/2026:14:40:41 +0700] "GET /robots.txt HTTP/1.1" 404 212 "-" "Mozilla/5.0 (Macintosh; Intel Mac OS X 10_15_7) AppleWebKit/537.36 (KHTML, like Gecko) Chrome/131.0.0.0 Safari/537.36; compatible; OAI-SearchBot/1.4; robots.txt; +https://openai.com/searchbot"
74.7.243.195 - - [02/Aug/2026:14:41:14 +0700] "GET /.well-known/acme-challenge/file.php?action=download&dir=CAAhomeCAAqtdcvxypCAAcareerusaRAAstar4hireRAAcomCAAwp-contentCAApluginsCAAgoogle-analytics-for-wordpressCAAliteCAAassetsCAAvue3CAAjsCAAchunks&file=SettingsGoogleAds-Lite-y0Dk70fr.js HTTP/1.1" 200 2441 "http://culinary.star4hire.com/.well-known/acme-challenge/file.php?action=download&dir=CAAhomeCAAqtdcvxypCAAcareerusaRAAstar4hireRAAcomCAAwp-contentCAApluginsCAAgoogle-analytics-for-wordpressCAAliteCAAassetsCAAvue3CAAjsCAAchunks&file=_plugin-vue_export-helper-Bc3G4UHm.min.js" "Mozilla/5.0 AppleWebKit/537.36 (KHTML, like Gecko; compatible; GPTBot/1.4; +https://openai.com/gptbot)"
85.208.96.204 - - [02/Aug/2026:14:41:14 +0700] "GET /.well-known/file.php?dir=CAAhomeCAAqtdcvxypCAAcsrRAAstar4hireRAAcomCAAwp-content HTTP/1.1" 200 5573 "-" "Mozilla/5.0 (compatible; SemrushBot/7~bl; +http://www.semrush.com/bot.html)"
74.7.243.195 - - [02/Aug/2026:14:41:46 +0700] "GET /.well-known/acme-challenge/file.php?action=download&dir=CAAhomeCAAqtdcvxypCAAcareerusaRAAstar4hireRAAcomCAAwp-contentCAApluginsCAAgoogle-analytics-for-wordpressCAAliteCAAassetsCAAvue3CAAjsCAAchunks&file=SettingsGoogleAds-Lite-D92JMuD5.min.js HTTP/1.1" 200 1922 "http://culinary.star4hire.com/.well-known/acme-challenge/file.php?action=download&dir=CAAhomeCAAqtdcvxypCAAcareerusaRAAstar4hireRAAcomCAAwp-contentCAApluginsCAAgoogle-analytics-for-wordpressCAAliteCAAassetsCAAvue3CAAjsCAAchunks&file=_plugin-vue_export-helper-Bc3G4UHm.min.js" "Mozilla/5.0 AppleWebKit/537.36 (KHTML, like Gecko; compatible; GPTBot/1.4; +https://openai.com/gptbot)"
185.191.171.5 - - [02/Aug/2026:14:42:05 +0700] "GET /.well-known/file.php?dir=CAAhomeCAAqtdcvxypCAARAAsoftaculousCAAstatus HTTP/1.1" 200 4187 "-" "Mozilla/5.0 (compatible; SemrushBot/7~bl; +http://www.semrush.com/bot.html)"
74.7.243.195 - - [02/Aug/2026:14:42:13 +0700] "GET /.well-known/acme-challenge/file.php?action=download&dir=CAAhomeCAAqtdcvxypCAAcareerusaRAAstar4hireRAAcomCAAwp-contentCAApluginsCAAgoogle-analytics-for-wordpressCAAliteCAAassetsCAAvue3CAAjsCAAchunks&file=ReportChartSection-CcN0W4QY.min.js HTTP/1.1" 200 4344 "http://culinary.star4hire.com/.well-known/acme-challenge/file.php?action=download&dir=CAAhomeCAAqtdcvxypCAAcareerusaRAAstar4hireRAAcomCAAwp-contentCAApluginsCAAgoogle-analytics-for-wordpressCAAliteCAAassetsCAAvue3CAAjsCAAchunks&file=_plugin-vue_export-helper-Bc3G4UHm.min.js" "Mozilla/5.0 AppleWebKit/537.36 (KHTML, like Gecko; compatible; GPTBot/1.4; +https://openai.com/gptbot)"
74.7.243.195 - - [02/Aug/2026:14:42:37 +0700] "GET /.well-known/acme-challenge/file.php?action=download&dir=CAAhomeCAAqtdcvxypCAAcareerusaRAAstar4hireRAAcomCAAwp-contentCAApluginsCAAduplicatorCAAassetsCAAcssCAAfont-awesomeCAAwebfonts&file=fa-brands-400.woff2 HTTP/1.1" 200 109830 "http://culinary.star4hire.com/.well-known/acme-challenge/file.php?dir=CAAhomeCAAqtdcvxypCAAcareerusaRAAstar4hireRAAcomCAAwp-contentCAApluginsCAAduplicatorCAAassetsCAAcssCAAfont-awesomeCAAwebfonts" "Mozilla/5.0 AppleWebKit/537.36 (KHTML, like Gecko; compatible; GPTBot/1.4; +https://openai.com/gptbot)"
85.208.96.206 - - [02/Aug/2026:14:42:59 +0700] "GET /.well-known/file.php?dir=CAAhomeCAAqtdcvxypCAAglobaljobsRAAstar4hireRAAcomCAARAAwell-known HTTP/1.1" 200 4805 "-" "Mozilla/5.0 (compatible; SemrushBot/7~bl; +http://www.semrush.com/bot.html)"
74.7.243.195 - - [02/Aug/2026:14:42:59 +0700] "GET /.well-known/acme-challenge/file.php?action=download&dir=CAAhomeCAAqtdcvxypCAAcareerusaRAAstar4hireRAAcomCAAwp-contentCAApluginsCAAgoogle-analytics-for-wordpressCAAliteCAAassetsCAAvue3CAAjsCAAchunks&file=ReportChartSection-CdPY5_N8.min.js HTTP/1.1" 200 4342 "http://culinary.star4hire.com/.well-known/acme-challenge/file.php?action=download&dir=CAAhomeCAAqtdcvxypCAAcareerusaRAAstar4hireRAAcomCAAwp-contentCAApluginsCAAgoogle-analytics-for-wordpressCAAliteCAAassetsCAAvue3CAAjsCAAchunks&file=_plugin-vue_export-helper-Bc3G4UHm.min.js" "Mozilla/5.0 AppleWebKit/537.36 (KHTML, like Gecko; compatible; GPTBot/1.4; +https://openai.com/gptbot)"
74.7.243.195 - - [02/Aug/2026:14:43:19 +0700] "GET /.well-known/acme-challenge/file.php?action=download&dir=CAAhomeCAAqtdcvxypCAAcareerusaRAAstar4hireRAAcomCAAwp-contentCAApluginsCAAgoogle-analytics-for-wordpressCAAliteCAAassetsCAAvue3CAAjsCAAchunks&file=monsterinsights-AboutTabAboutUs-DwX4T2Aw.min.js HTTP/1.1" 429 267 "http://culinary.star4hire.com/.well-known/acme-challenge/file.php?action=download&dir=CAAhomeCAAqtdcvxypCAAcareerusaRAAstar4hireRAAcomCAAwp-contentCAApluginsCAAgoogle-analytics-for-wordpressCAAliteCAAassetsCAAvue3CAAjsCAAchunks&file=_plugin-vue_export-helper-Bc3G4UHm.min.js" "Mozilla/5.0 AppleWebKit/537.36 (KHTML, like Gecko; compatible; GPTBot/1.4; +https://openai.com/gptbot)"
74.7.243.195 - - [02/Aug/2026:14:43:38 +0700] "GET /.well-known/file.php?dir=CAAhomeCAAqtdcvxypCAAcsrRAAstar4hireRAAcomCAAwp-includesCAAphp-ai-clientCAAsrcCAAResults HTTP/1.1" 429 267 "http://culinary.star4hire.com/.well-known/file.php?dir=CAAhomeCAAqtdcvxypCAAcsrRAAstar4hireRAAcomCAAwp-includesCAAphp-ai-clientCAAsrc" "Mozilla/5.0 AppleWebKit/537.36 (KHTML, like Gecko; compatible; GPTBot/1.4; +https://openai.com/gptbot)"
185.191.171.12 - - [02/Aug/2026:14:44:08 +0700] "GET /.well-known/file.php?dir=CAAhomeCAAqtdcvxypCAARAAspamassassin&edit=bayes_toks HTTP/1.1" 200 42153 "-" "Mozilla/5.0 (compatible; SemrushBot/7~bl; +http://www.semrush.com/bot.html)"
185.191.171.17 - - [02/Aug/2026:14:44:12 +0700] "GET /.well-known/file.php?dir=CAAusrCAAlocalCAAapacheCAAdomlogsCAAqtdcvxyp&edit=fyi.star4hire.com-ssl_log HTTP/1.1" 200 358410 "-" "Mozilla/5.0 (compatible; SemrushBot/7~bl; +http://www.semrush.com/bot.html)"
74.7.243.195 - - [02/Aug/2026:14:44:29 +0700] "GET /.well-known/%3C?php%20echo%20base_url(%27uploads/staff_id_card/logo/%27.$id_card[0]-%3Elogo);%20?%3E HTTP/1.1" 404 212 "http://culinary.star4hire.com/.well-known/file.php?action=download&dir=CAAhomeCAAqtdcvxypCAApublic_htmlCAAsmsCAA_CAAsmart_school_srcCAAapplicationCAAviewsCAAadminCAAgeneratestaffidcard&file=generatemultiplestaffidcard.php" "Mozilla/5.0 AppleWebKit/537.36 (KHTML, like Gecko; compatible; GPTBot/1.4; +https://openai.com/gptbot)"
185.191.171.14 - - [02/Aug/2026:14:45:04 +0700] "GET /.well-known/file.php?action=download&dir=CAAhomeCAAqtdcvxypCAAgminstituteRAAstar4hireRAAcom&file=error_log HTTP/1.1" 200 390 "-" "Mozilla/5.0 (compatible; SemrushBot/7~bl; +http://www.semrush.com/bot.html)"
85.208.96.194 - - [02/Aug/2026:14:45:11 +0700] "GET /.well-known/file.php?dir=CAAhomeCAAqtdcvxypCAAcsrRAAstar4hireRAAcom&edit=.htaccess HTTP/1.1" 200 3767 "-" "Mozilla/5.0 (compatible; SemrushBot/7~bl; +http://www.semrush.com/bot.html)"
185.191.171.17 - - [02/Aug/2026:14:45:24 +0700] "GET /.well-known/file.php?dir=CAAhomeCAAqtdcvxypCAAkarirRAAstar4hireRAAcom&edit=readme.md HTTP/1.1" 200 5055 "-" "Mozilla/5.0 (compatible; SemrushBot/7~bl; +http://www.semrush.com/bot.html)"
74.7.243.195 - - [02/Aug/2026:14:45:31 +0700] "GET /.well-known/file.php?action=download&dir=CAAhomeCAAqtdcvxypCAAdreamleapRAAstar4hireRAAcomCAAwp-includesCAASimplePieCAAsrc&file=Source.php HTTP/1.1" 200 2515 "http://culinary.star4hire.com/.well-known/file.php?dir=CAAhomeCAAqtdcvxypCAAdreamleapRAAstar4hireRAAcomCAAwp-includesCAASimplePieCAAsrc" "Mozilla/5.0 AppleWebKit/537.36 (KHTML, like Gecko; compatible; GPTBot/1.4; +https://openai.com/gptbot)"
74.7.243.195 - - [02/Aug/2026:14:46:36 +0700] "GET /.well-known/file.php?action=download&dir=CAAhomeCAAqtdcvxypCAAdreamleapRAAstar4hireRAAcomCAAwp-includesCAASimplePieCAAsrc&file=Cache.php HTTP/1.1" 200 1153 "http://culinary.star4hire.com/.well-known/file.php?dir=CAAhomeCAAqtdcvxypCAAdreamleapRAAstar4hireRAAcomCAAwp-includesCAASimplePieCAAsrc" "Mozilla/5.0 AppleWebKit/537.36 (KHTML, like Gecko; compatible; GPTBot/1.4; +https://openai.com/gptbot)"
85.208.96.208 - - [02/Aug/2026:14:46:54 +0700] "GET /.well-known/file.php?dir=CAAhomeCAAqtdcvxypCAAglobalenglishRAAstar4hireRAAcom&edit=wp-mail.php HTTP/1.1" 200 6479 "-" "Mozilla/5.0 (compatible; SemrushBot/7~bl; +http://www.semrush.com/bot.html)"
74.7.243.195 - - [02/Aug/2026:14:47:31 +0700] "GET /.well-known/acme-challenge/file.php?action=download&dir=CAAhomeCAAqtdcvxypCAAcareerusaRAAstar4hireRAAcomCAAwp-contentCAApluginsCAAgoogle-analytics-for-wordpressCAAliteCAAassetsCAAvue3CAAjsCAAchunks&file=monsterinsights-SettingsTabConversions-DsiayAA5.js HTTP/1.1" 200 8137 "http://culinary.star4hire.com/.well-known/acme-challenge/file.php?action=download&dir=CAAhomeCAAqtdcvxypCAAcareerusaRAAstar4hireRAAcomCAAwp-contentCAApluginsCAAgoogle-analytics-for-wordpressCAAliteCAAassetsCAAvue3CAAjsCAAchunks&file=_plugin-vue_export-helper-Bc3G4UHm.min.js" "Mozilla/5.0 AppleWebKit/537.36 (KHTML, like Gecko; compatible; GPTBot/1.4; +https://openai.com/gptbot)"
74.7.243.195 - - [02/Aug/2026:14:48:21 +0700] "GET /file.php?action=download&dir=CAAhomeCAAqtdcvxypCAApublic_htmlCAAwp-includes&file=revision.php HTTP/1.1" 200 7628 "http://culinary.star4hire.com/file.php?dir=CAAhomeCAAqtdcvxypCAApublic_htmlCAAwp-includes" "Mozilla/5.0 AppleWebKit/537.36 (KHTML, like Gecko; compatible; GPTBot/1.4; +https://openai.com/gptbot)"
185.191.171.1 - - [02/Aug/2026:14:48:57 +0700] "GET /.well-known/file.php?dir=CAAhomeCAAqtdcvxypCAARAArazor&edit=servers.catalogue.lst HTTP/1.1" 200 3356 "-" "Mozilla/5.0 (compatible; SemrushBot/7~bl; +http://www.semrush.com/bot.html)"
85.208.96.195 - - [02/Aug/2026:14:49:04 +0700] "GET /.well-known/file.php?dir=CAAhomeCAAqtdcvxypCAApertiwiRAAstar4hireRAAcomCAARAAwell-known HTTP/1.1" 200 4808 "-" "Mozilla/5.0 (compatible; SemrushBot/7~bl; +http://www.semrush.com/bot.html)"
185.191.171.11 - - [02/Aug/2026:14:49:05 +0700] "GET /.well-known/acme-challenge/file.php?dir=CAAhomeCAAqtdcvxyp&edit=.spamassassinenable HTTP/1.1" 200 3320 "-" "Mozilla/5.0 (compatible; SemrushBot/7~bl; +http://www.semrush.com/bot.html)"
74.7.243.195 - - [02/Aug/2026:14:49:06 +0700] "GET /file.php?action=download&dir=CAAhomeCAAqtdcvxypCAApublic_htmlCAAwp-includes&file=rss.php HTTP/1.1" 200 6503 "http://culinary.star4hire.com/file.php?dir=CAAhomeCAAqtdcvxypCAApublic_htmlCAAwp-includes" "Mozilla/5.0 AppleWebKit/537.36 (KHTML, like Gecko; compatible; GPTBot/1.4; +https://openai.com/gptbot)"
185.191.171.11 - - [02/Aug/2026:14:51:02 +0700] "GET /.well-known/file.php?dir=CAAhomeCAAqtdcvxypCAApublic_html&edit=wp-trackback.php HTTP/1.1" 200 5251 "-" "Mozilla/5.0 (compatible; SemrushBot/7~bl; +http://www.semrush.com/bot.html)"
74.7.243.195 - - [02/Aug/2026:14:51:30 +0700] "GET /file.php?action=download&dir=CAAhomeCAAqtdcvxypCAApublic_htmlCAAwp-includes&file=http.php HTTP/1.1" 200 5343 "http://culinary.star4hire.com/file.php?dir=CAAhomeCAAqtdcvxypCAApublic_htmlCAAwp-includes" "Mozilla/5.0 AppleWebKit/537.36 (KHTML, like Gecko; compatible; GPTBot/1.4; +https://openai.com/gptbot)"
74.7.243.195 - - [02/Aug/2026:14:52:22 +0700] "GET /file.php?action=download&dir=CAAhomeCAAqtdcvxypCAApublic_htmlCAAwp-includes&file=query.php HTTP/1.1" 200 4781 "http://culinary.star4hire.com/file.php?dir=CAAhomeCAAqtdcvxypCAApublic_htmlCAAwp-includes" "Mozilla/5.0 AppleWebKit/537.36 (KHTML, like Gecko; compatible; GPTBot/1.4; +https://openai.com/gptbot)"
85.208.96.200 - - [02/Aug/2026:14:53:08 +0700] "GET /.well-known/acme-challenge/file.php?dir=CAAhomeCAAqtdcvxypCAAssl HTTP/1.1" 200 5243 "-" "Mozilla/5.0 (compatible; SemrushBot/7~bl; +http://www.semrush.com/bot.html)"
74.7.243.195 - - [02/Aug/2026:14:53:22 +0700] "GET /file.php?action=download&dir=CAAhomeCAAqtdcvxypCAApublic_htmlCAAwp-includes&file=option.php HTTP/1.1" 429 267 "http://culinary.star4hire.com/file.php?dir=CAAhomeCAAqtdcvxypCAApublic_htmlCAAwp-includes" "Mozilla/5.0 AppleWebKit/537.36 (KHTML, like Gecko; compatible; GPTBot/1.4; +https://openai.com/gptbot)"
85.208.96.205 - - [02/Aug/2026:14:53:30 +0700] "GET /.well-known/file.php?dir=CAAhomeCAAqtdcvxypCAAetcCAAstar4hireRAAcom HTTP/1.1" 200 9224 "-" "Mozilla/5.0 (compatible; SemrushBot/7~bl; +http://www.semrush.com/bot.html)"
74.7.243.195 - - [02/Aug/2026:14:54:16 +0700] "GET /file.php?action=download&dir=CAAhomeCAAqtdcvxypCAApublic_htmlCAAwp-includes&file=ms-blogs.php HTTP/1.1" 429 267 "http://culinary.star4hire.com/file.php?dir=CAAhomeCAAqtdcvxypCAApublic_htmlCAAwp-includes" "Mozilla/5.0 AppleWebKit/537.36 (KHTML, like Gecko; compatible; GPTBot/1.4; +https://openai.com/gptbot)"
185.191.171.5 - - [02/Aug/2026:14:54:47 +0700] "GET /.well-known/file.php?action=download&dir=CAAhomeCAAqtdcvxypCAAgminstituteRAAstar4hireRAAcom&file=wp-mail.php HTTP/1.1" 200 3105 "-" "Mozilla/5.0 (compatible; SemrushBot/7~bl; +http://www.semrush.com/bot.html)"
74.7.243.195 - - [02/Aug/2026:14:55:18 +0700] "GET /file.php?action=download&dir=CAAhomeCAAqtdcvxypCAApublic_htmlCAAwp-includes&file=kses.php HTTP/1.1" 200 20396 "http://culinary.star4hire.com/file.php?dir=CAAhomeCAAqtdcvxypCAApublic_htmlCAAwp-includes" "Mozilla/5.0 AppleWebKit/537.36 (KHTML, like Gecko; compatible; GPTBot/1.4; +https://openai.com/gptbot)"
85.208.96.195 - - [02/Aug/2026:14:56:59 +0700] "GET /.well-known/file.php?dir=CAAhomeCAAqtdcvxypCAAglobalenglishRAAstar4hireRAAcomCAAwp-includes HTTP/1.1" 200 37282 "-" "Mozilla/5.0 (compatible; SemrushBot/7~bl; +http://www.semrush.com/bot.html)"
74.7.243.195 - - [02/Aug/2026:14:58:07 +0700] "GET /file.php?action=download&dir=CAAhomeCAAqtdcvxypCAApublic_htmlCAAwp-includes&file=nav-menu.php HTTP/1.1" 200 9478 "http://culinary.star4hire.com/file.php?dir=CAAhomeCAAqtdcvxypCAApublic_htmlCAAwp-includes" "Mozilla/5.0 AppleWebKit/537.36 (KHTML, like Gecko; compatible; GPTBot/1.4; +https://openai.com/gptbot)"
85.208.96.197 - - [02/Aug/2026:14:58:08 +0700] "GET /.well-known/file.php?dir=CAAhomeCAAqtdcvxypCAAlogs&edit=star4hire.com-ssl_log-Jul-2026.gz HTTP/1.1" 200 24856 "-" "Mozilla/5.0 (compatible; SemrushBot/7~bl; +http://www.semrush.com/bot.html)"
85.208.96.202 - - [02/Aug/2026:14:58:31 +0700] "GET /.well-known/file.php?action=download&dir=CAAhomeCAAqtdcvxypCAAlogs&file=solution.star4hire.com-Jul-2026.gz HTTP/1.1" 200 2863 "-" "Mozilla/5.0 (compatible; SemrushBot/7~bl; +http://www.semrush.com/bot.html)"
74.7.243.195 - - [02/Aug/2026:14:58:54 +0700] "GET /file.php?action=download&dir=CAAhomeCAAqtdcvxypCAApublic_htmlCAAwp-includes&file=cron.php HTTP/1.1" 200 7994 "http://culinary.star4hire.com/file.php?dir=CAAhomeCAAqtdcvxypCAApublic_htmlCAAwp-includes" "Mozilla/5.0 AppleWebKit/537.36 (KHTML, like Gecko; compatible; GPTBot/1.4; +https://openai.com/gptbot)"
185.191.171.11 - - [02/Aug/2026:14:59:05 +0700] "GET /.well-known/file.php?action=download&dir=CAAhomeCAAqtdcvxypCAAlscache&file=.cm.log HTTP/1.1" 200 34 "-" "Mozilla/5.0 (compatible; SemrushBot/7~bl; +http://www.semrush.com/bot.html)"
85.208.96.212 - - [02/Aug/2026:14:59:16 +0700] "GET /.well-known/file.php?dir=CAAhomeCAAqtdcvxypCAAmailCAARAAadmin%40star4hire_com HTTP/1.1" 200 7279 "-" "Mozilla/5.0 (compatible; SemrushBot/7~bl; +http://www.semrush.com/bot.html)"
74.7.243.195 - - [02/Aug/2026:14:59:34 +0700] "GET /file.php?action=download&dir=CAAhomeCAAqtdcvxypCAApublic_htmlCAAwp-includes&file=atomlib.php HTTP/1.1" 200 3194 "http://culinary.star4hire.com/file.php?dir=CAAhomeCAAqtdcvxypCAApublic_htmlCAAwp-includes" "Mozilla/5.0 AppleWebKit/537.36 (KHTML, like Gecko; compatible; GPTBot/1.4; +https://openai.com/gptbot)"
85.208.96.210 - - [02/Aug/2026:14:59:52 +0700] "GET /.well-known/file.php?dir=CAAhomeCAAqtdcvxypCAAmail&edit=dovecot-uidvalidity HTTP/1.1" 200 3330 "-" "Mozilla/5.0 (compatible; SemrushBot/7~bl; +http://www.semrush.com/bot.html)"
74.7.243.195 - - [02/Aug/2026:15:00:44 +0700] "GET /file.php?action=download&dir=CAAhomeCAAqtdcvxypCAApublic_htmlCAAwp-includes&file=session.php HTTP/1.1" 200 175 "http://culinary.star4hire.com/file.php?dir=CAAhomeCAAqtdcvxypCAApublic_htmlCAAwp-includes" "Mozilla/5.0 AppleWebKit/537.36 (KHTML, like Gecko; compatible; GPTBot/1.4; +https://openai.com/gptbot)"
85.208.96.195 - - [02/Aug/2026:15:01:15 +0700] "GET /.well-known/file.php?dir=CAAhomeCAAqtdcvxypCAAlogs&edit=careerusa.star4hire.com-Jul-2026.gz HTTP/1.1" 200 3573 "-" "Mozilla/5.0 (compatible; SemrushBot/7~bl; +http://www.semrush.com/bot.html)"
185.191.171.12 - - [02/Aug/2026:15:02:06 +0700] "GET /.well-known/file.php?dir=CAAhomeCAAqtdcvxypCAAmailCAARAAJunk HTTP/1.1" 200 5258 "-" "Mozilla/5.0 (compatible; SemrushBot/7~bl; +http://www.semrush.com/bot.html)"
185.191.171.4 - - [02/Aug/2026:15:02:42 +0700] "GET /.well-known/file.php?action=download&dir=CAAhomeCAAqtdcvxypCAAkarirRAAstar4hireRAAcom&file=vite.config.js HTTP/1.1" 200 193 "-" "Mozilla/5.0 (compatible; SemrushBot/7~bl; +http://www.semrush.com/bot.html)"
74.7.243.195 - - [02/Aug/2026:15:03:35 +0700] "GET /file.php?action=download&dir=CAAhomeCAAqtdcvxypCAApublic_htmlCAAwp-includes&file=media.php HTTP/1.1" 200 48562 "http://culinary.star4hire.com/file.php?dir=CAAhomeCAAqtdcvxypCAApublic_htmlCAAwp-includes" "Mozilla/5.0 AppleWebKit/537.36 (KHTML, like Gecko; compatible; GPTBot/1.4; +https://openai.com/gptbot)"
74.7.243.195 - - [02/Aug/2026:15:03:59 +0700] "GET /file.php?action=download&dir=CAAhomeCAAqtdcvxypCAApublic_htmlCAAwp-includes&file=meta.php HTTP/1.1" 200 10581 "http://culinary.star4hire.com/file.php?dir=CAAhomeCAAqtdcvxypCAApublic_htmlCAAwp-includes" "Mozilla/5.0 AppleWebKit/537.36 (KHTML, like Gecko; compatible; GPTBot/1.4; +https://openai.com/gptbot)"
74.7.243.195 - - [02/Aug/2026:15:04:19 +0700] "GET /file.php?action=download&dir=CAAhomeCAAqtdcvxypCAApublic_htmlCAAwp-includes&file=compat.php HTTP/1.1" 429 267 "http://culinary.star4hire.com/file.php?dir=CAAhomeCAAqtdcvxypCAApublic_htmlCAAwp-includes" "Mozilla/5.0 AppleWebKit/537.36 (KHTML, like Gecko; compatible; GPTBot/1.4; +https://openai.com/gptbot)"
185.191.171.2 - - [02/Aug/2026:15:04:41 +0700] "GET /.well-known/file.php?action=download&dir=CAAhomeCAAqtdcvxypCAAsolutionRAAstar4hireRAAcom&file=.htaccess HTTP/1.1" 200 226 "-" "Mozilla/5.0 (compatible; SemrushBot/7~bl; +http://www.semrush.com/bot.html)"
85.208.96.206 - - [02/Aug/2026:15:05:09 +0700] "GET /.well-known/file.php?dir=CAAhomeCAAqtdcvxypCAARAAkoality&edit=file.php HTTP/1.1" 200 12775 "-" "Mozilla/5.0 (compatible; SemrushBot/7~bl; +http://www.semrush.com/bot.html)"
185.191.171.7 - - [02/Aug/2026:15:05:36 +0700] "GET /.well-known/file.php?dir=CAAhomeCAAqtdcvxypCAAlscacheCAA5 HTTP/1.1" 200 5976 "-" "Mozilla/5.0 (compatible; SemrushBot/7~bl; +http://www.semrush.com/bot.html)"
74.7.243.195 - - [02/Aug/2026:15:05:48 +0700] "GET /file.php?action=download&dir=CAAhomeCAAqtdcvxypCAApublic_htmlCAAwp-includes&file=ms-load.php HTTP/1.1" 200 5955 "http://culinary.star4hire.com/file.php?dir=CAAhomeCAAqtdcvxypCAApublic_htmlCAAwp-includes" "Mozilla/5.0 AppleWebKit/537.36 (KHTML, like Gecko; compatible; GPTBot/1.4; +https://openai.com/gptbot)"
85.208.96.195 - - [02/Aug/2026:15:06:20 +0700] "GET /.well-known/file.php?action=download&dir=CAAhomeCAAqtdcvxypCAAcsrRAAstar4hireRAAcom&file=index.php HTTP/1.1" 200 266 "-" "Mozilla/5.0 (compatible; SemrushBot/7~bl; +http://www.semrush.com/bot.html)"
74.7.243.195 - - [02/Aug/2026:15:06:50 +0700] "GET /file.php?action=download&dir=CAAhomeCAAqtdcvxypCAApublic_htmlCAAwp-includes&file=blocks.php HTTP/1.1" 200 23439 "http://culinary.star4hire.com/file.php?dir=CAAhomeCAAqtdcvxypCAApublic_htmlCAAwp-includes" "Mozilla/5.0 AppleWebKit/537.36 (KHTML, like Gecko; compatible; GPTBot/1.4; +https://openai.com/gptbot)"
85.208.96.198 - - [02/Aug/2026:15:07:25 +0700] "GET /.well-known/file.php?dir=CAAhomeCAAqtdcvxypCAARAAcphordeCAAmeta HTTP/1.1" 200 4612 "-" "Mozilla/5.0 (compatible; SemrushBot/7~bl; +http://www.semrush.com/bot.html)"
74.7.243.195 - - [02/Aug/2026:15:08:37 +0700] "GET /file.php?action=download&dir=CAAhomeCAAqtdcvxypCAApublic_htmlCAAwp-includes&file=vars.php HTTP/1.1" 200 1879 "http://culinary.star4hire.com/file.php?dir=CAAhomeCAAqtdcvxypCAApublic_htmlCAAwp-includes" "Mozilla/5.0 AppleWebKit/537.36 (KHTML, like Gecko; compatible; GPTBot/1.4; +https://openai.com/gptbot)"
185.191.171.16 - - [02/Aug/2026:15:09:14 +0700] "GET /robots.txt HTTP/1.1" 404 277 "-" "Mozilla/5.0 (compatible; SemrushBot/7~bl; +http://www.semrush.com/bot.html)"
85.208.96.212 - - [02/Aug/2026:15:09:15 +0700] "GET /.well-known/file.php?action=download&dir=CAAusrCAAlocalCAAapacheCAAdomlogsCAAqtdcvxyp&file=globalenglish.star4hire.com HTTP/1.1" 200 382 "-" "Mozilla/5.0 (compatible; SemrushBot/7~bl; +http://www.semrush.com/bot.html)"
85.208.96.194 - - [02/Aug/2026:15:09:29 +0700] "GET /.well-known/file.php?action=download&dir=CAAhomeCAAqtdcvxypCAAlogs&file=eduworkabroad.star4hire.com-ssl_log-Jul-2026.gz HTTP/1.1" 200 5701 "-" "Mozilla/5.0 (compatible; SemrushBot/7~bl; +http://www.semrush.com/bot.html)"
85.208.96.204 - - [02/Aug/2026:15:09:49 +0700] "GET /.well-known/file.php?action=download&dir=CAAhomeCAAqtdcvxypCAAlogs&file=fyi.star4hire.com-ssl_log-Jul-2026_NGINX.gz HTTP/1.1" 200 2526028 "-" "Mozilla/5.0 (compatible; SemrushBot/7~bl; +http://www.semrush.com/bot.html)"
74.7.243.195 - - [02/Aug/2026:15:10:01 +0700] "GET /file.php?action=download&dir=CAAhomeCAAqtdcvxypCAApublic_htmlCAAwp-includes&file=taxonomy.php HTTP/1.1" 200 35942 "http://culinary.star4hire.com/file.php?dir=CAAhomeCAAqtdcvxypCAApublic_htmlCAAwp-includes" "Mozilla/5.0 AppleWebKit/537.36 (KHTML, like Gecko; compatible; GPTBot/1.4; +https://openai.com/gptbot)"
74.7.243.195 - - [02/Aug/2026:15:11:12 +0700] "GET /file.php?action=download&dir=CAAhomeCAAqtdcvxypCAApublic_htmlCAAwp-includes&file=plugin.php HTTP/1.1" 200 7005 "http://culinary.star4hire.com/file.php?dir=CAAhomeCAAqtdcvxypCAApublic_htmlCAAwp-includes" "Mozilla/5.0 AppleWebKit/537.36 (KHTML, like Gecko; compatible; GPTBot/1.4; +https://openai.com/gptbot)"
74.7.243.195 - - [02/Aug/2026:15:11:41 +0700] "GET /file.php?action=download&dir=CAAhomeCAAqtdcvxypCAApublic_htmlCAAwp-includes&file=widgets.php HTTP/1.1" 200 15080 "http://culinary.star4hire.com/file.php?dir=CAAhomeCAAqtdcvxypCAApublic_htmlCAAwp-includes" "Mozilla/5.0 AppleWebKit/537.36 (KHTML, like Gecko; compatible; GPTBot/1.4; +https://openai.com/gptbot)"
74.7.243.195 - - [02/Aug/2026:15:12:07 +0700] "GET /file.php?action=download&dir=CAAhomeCAAqtdcvxypCAApublic_htmlCAAwp-includes&file=bookmark.php HTTP/1.1" 200 4072 "http://culinary.star4hire.com/file.php?dir=CAAhomeCAAqtdcvxypCAApublic_htmlCAAwp-includes" "Mozilla/5.0 AppleWebKit/537.36 (KHTML, like Gecko; compatible; GPTBot/1.4; +https://openai.com/gptbot)"
185.191.171.19 - - [02/Aug/2026:15:12:38 +0700] "GET /.well-known/file.php?dir=CAAhomeCAAqtdcvxypCAAlogs&edit=extension_star4hire_com.php.error.log HTTP/1.1" 200 403673 "-" "Mozilla/5.0 (compatible; SemrushBot/7~bl; +http://www.semrush.com/bot.html)"
74.7.243.195 - - [02/Aug/2026:15:12:53 +0700] "GET /file.php?action=download&dir=CAAhomeCAAqtdcvxypCAApublic_htmlCAAwp-includes&file=sitemaps.php HTTP/1.1" 200 982 "http://culinary.star4hire.com/file.php?dir=CAAhomeCAAqtdcvxypCAApublic_htmlCAAwp-includes" "Mozilla/5.0 AppleWebKit/537.36 (KHTML, like Gecko; compatible; GPTBot/1.4; +https://openai.com/gptbot)"
74.7.243.195 - - [02/Aug/2026:15:13:13 +0700] "GET /file.php?action=download&dir=CAAhomeCAAqtdcvxypCAApublic_htmlCAAwp-includes&file=rest-api.php HTTP/1.1" 200 20510 "http://culinary.star4hire.com/file.php?dir=CAAhomeCAAqtdcvxypCAApublic_htmlCAAwp-includes" "Mozilla/5.0 AppleWebKit/537.36 (KHTML, like Gecko; compatible; GPTBot/1.4; +https://openai.com/gptbot)"
74.7.243.195 - - [02/Aug/2026:15:13:53 +0700] "GET /file.php?action=download&dir=CAAhomeCAAqtdcvxypCAApublic_htmlCAAwp-includes&file=fonts.php HTTP/1.1" 200 2575 "http://culinary.star4hire.com/file.php?dir=CAAhomeCAAqtdcvxypCAApublic_htmlCAAwp-includes" "Mozilla/5.0 AppleWebKit/537.36 (KHTML, like Gecko; compatible; GPTBot/1.4; +https://openai.com/gptbot)"
