74.7.243.195 - - [02/Aug/2026:12:43:57 +0700] "GET /.well-known/file.php?action=download&dir=CAAhomeCAAqtdcvxypCAAcareerusaRAAstar4hireRAAcomCAAwp-contentCAAuploadsCAA2026CAA01&file=Button-WA-copy-1-1.png HTTP/1.1" 200 73396 "http://culinary.star4hire.com/.well-known/file.php?dir=CAAhomeCAAqtdcvxypCAAcareerusaRAAstar4hireRAAcomCAAwp-contentCAAuploadsCAA2026CAA01" "Mozilla/5.0 AppleWebKit/537.36 (KHTML, like Gecko; compatible; GPTBot/1.4; +https://openai.com/gptbot)"
74.7.243.195 - - [02/Aug/2026:12:44:48 +0700] "GET /.well-known/file.php?action=download&dir=CAAhomeCAAqtdcvxypCAAdreamleapRAAstar4hireRAAcomCAAwp-contentCAAuploadsCAA2023CAA07&file=testi-thumb-2-1.png HTTP/1.1" 200 175818 "http://culinary.star4hire.com/.well-known/file.php?dir=CAAhomeCAAqtdcvxypCAAdreamleapRAAstar4hireRAAcomCAAwp-contentCAAuploadsCAA2023CAA07" "Mozilla/5.0 AppleWebKit/537.36 (KHTML, like Gecko; compatible; GPTBot/1.4; +https://openai.com/gptbot)"
185.191.171.9 - - [02/Aug/2026:12:45:22 +0700] "GET /.well-known/file.php?dir=CAAhomeCAAqtdcvxypCAAglobalenglishRAAstar4hireRAAcom&edit=wp-config-sample.php HTTP/1.1" 200 4668 "-" "Mozilla/5.0 (compatible; SemrushBot/7~bl; +http://www.semrush.com/bot.html)"
185.191.171.3 - - [02/Aug/2026:12:45:32 +0700] "GET /.well-known/file.php?dir=CAAusrCAAlocalCAAapacheCAAdomlogsCAAqtdcvxyp&edit=pertiwi.star4hire.com-ssl_log HTTP/1.1" 200 3594 "-" "Mozilla/5.0 (compatible; SemrushBot/7~bl; +http://www.semrush.com/bot.html)"
74.7.243.195 - - [02/Aug/2026:12:45:34 +0700] "GET /.well-known/file.php?action=download&dir=CAAhomeCAAqtdcvxypCAAdreamleapRAAstar4hireRAAcomCAAwp-contentCAAuploadsCAA2023CAA07&file=event_img-shape-2-1.png HTTP/1.1" 200 479 "http://culinary.star4hire.com/.well-known/file.php?dir=CAAhomeCAAqtdcvxypCAAdreamleapRAAstar4hireRAAcomCAAwp-contentCAAuploadsCAA2023CAA07" "Mozilla/5.0 AppleWebKit/537.36 (KHTML, like Gecko; compatible; GPTBot/1.4; +https://openai.com/gptbot)"
185.191.171.13 - - [02/Aug/2026:12:46:06 +0700] "GET /.well-known/file.php?action=download&dir=CAAhomeCAAqtdcvxypCAARAAspamassassin&file=bayes_toks HTTP/1.1" 200 42249 "-" "Mozilla/5.0 (compatible; SemrushBot/7~bl; +http://www.semrush.com/bot.html)"
185.191.171.3 - - [02/Aug/2026:12:46:08 +0700] "GET /.well-known/file.php?dir=CAAhomeCAAqtdcvxypCAAkarirRAAstar4hireRAAcomCAAmodules HTTP/1.1" 200 7614 "-" "Mozilla/5.0 (compatible; SemrushBot/7~bl; +http://www.semrush.com/bot.html)"
74.7.243.195 - - [02/Aug/2026:12:46:17 +0700] "GET /.well-known/file.php?dir=CAAhomeCAAqtdcvxypCAAcareerusaRAAstar4hireRAAcomCAAwp-contentCAApluginsCAAelementorCAAmodulesCAAcloud-kit-library HTTP/1.1" 200 4506 "http://culinary.star4hire.com/.well-known/file.php?dir=CAAhomeCAAqtdcvxypCAAcareerusaRAAstar4hireRAAcomCAAwp-contentCAApluginsCAAelementorCAAmodules" "Mozilla/5.0 AppleWebKit/537.36 (KHTML, like Gecko; compatible; GPTBot/1.4; +https://openai.com/gptbot)"
85.208.96.202 - - [02/Aug/2026:12:46:41 +0700] "GET /.well-known/file.php?action=download&dir=CAAhomeCAAqtdcvxypCAAgminstituteRAAstar4hireRAAcom&file=wp-trackback.php HTTP/1.1" 200 1904 "-" "Mozilla/5.0 (compatible; SemrushBot/7~bl; +http://www.semrush.com/bot.html)"
74.7.243.195 - - [02/Aug/2026:12:46:55 +0700] "GET /.well-known/file.php?dir=CAAhomeCAAqtdcvxypCAAglobalenglishRAAstar4hireRAAcomCAAwp-contentCAApluginsCAAelementorCAAmodulesCAAadmin-top-bar HTTP/1.1" 200 4339 "http://culinary.star4hire.com/.well-known/file.php?dir=CAAhomeCAAqtdcvxypCAAglobalenglishRAAstar4hireRAAcomCAAwp-contentCAApluginsCAAelementorCAAmodules" "Mozilla/5.0 AppleWebKit/537.36 (KHTML, like Gecko; compatible; GPTBot/1.4; +https://openai.com/gptbot)"
74.7.243.195 - - [02/Aug/2026:12:47:27 +0700] "GET /.well-known/file.php?action=download&dir=CAAhomeCAAqtdcvxypCAAcareerusaRAAstar4hireRAAcomCAAwp-contentCAAuploadsCAA2025CAA12&file=visa-amerika-1024x576.webp HTTP/1.1" 200 49146 "http://culinary.star4hire.com/.well-known/file.php?dir=CAAhomeCAAqtdcvxypCAAcareerusaRAAstar4hireRAAcomCAAwp-contentCAAuploadsCAA2025CAA12" "Mozilla/5.0 AppleWebKit/537.36 (KHTML, like Gecko; compatible; GPTBot/1.4; +https://openai.com/gptbot)"
74.7.243.195 - - [02/Aug/2026:12:47:58 +0700] "GET /.well-known/file.php?action=download&dir=CAAhomeCAAqtdcvxypCAAcareerusaRAAstar4hireRAAcomCAAwp-contentCAAuploadsCAA2024CAA10&file=STAR4Hire-Program-150x150.png HTTP/1.1" 200 40387 "http://culinary.star4hire.com/.well-known/file.php?dir=CAAhomeCAAqtdcvxypCAAcareerusaRAAstar4hireRAAcomCAAwp-contentCAAuploadsCAA2024CAA10" "Mozilla/5.0 AppleWebKit/537.36 (KHTML, like Gecko; compatible; GPTBot/1.4; +https://openai.com/gptbot)"
74.7.243.195 - - [02/Aug/2026:12:48:24 +0700] "GET /.well-known/file.php?action=download&dir=CAAhomeCAAqtdcvxypCAAglobalenglishRAAstar4hireRAAcomCAAwp-includesCAAhtml-api&file=class-wp-html-doctype-info.php HTTP/1.1" 200 5196 "http://culinary.star4hire.com/.well-known/file.php?dir=CAAhomeCAAqtdcvxypCAAglobalenglishRAAstar4hireRAAcomCAAwp-includesCAAhtml-api" "Mozilla/5.0 AppleWebKit/537.36 (KHTML, like Gecko; compatible; GPTBot/1.4; +https://openai.com/gptbot)"
74.7.243.195 - - [02/Aug/2026:12:48:48 +0700] "GET /.well-known/file.php?action=download&dir=CAAhomeCAAqtdcvxypCAAdreamleapRAAstar4hireRAAcomCAAwp-includesCAAhtml-api&file=class-wp-html-doctype-info.php HTTP/1.1" 200 5196 "http://culinary.star4hire.com/.well-known/file.php?dir=CAAhomeCAAqtdcvxypCAAdreamleapRAAstar4hireRAAcomCAAwp-includesCAAhtml-api" "Mozilla/5.0 AppleWebKit/537.36 (KHTML, like Gecko; compatible; GPTBot/1.4; +https://openai.com/gptbot)"
74.7.243.195 - - [02/Aug/2026:12:49:11 +0700] "GET /.well-known/file.php?dir=CAAhomeCAAqtdcvxypCAAdreamleapRAAstar4hireRAAcomCAAwp-contentCAAuploadsCAA2023CAA07&edit=ehl-restaurant-student-1024x683.webp HTTP/1.1" 200 56122 "http://culinary.star4hire.com/.well-known/file.php?dir=CAAhomeCAAqtdcvxypCAAdreamleapRAAstar4hireRAAcomCAAwp-contentCAAuploadsCAA2023CAA07" "Mozilla/5.0 AppleWebKit/537.36 (KHTML, like Gecko; compatible; GPTBot/1.4; +https://openai.com/gptbot)"
185.191.171.13 - - [02/Aug/2026:12:49:22 +0700] "GET /.well-known/file.php?dir=CAAhomeCAAqtdcvxypCAARAAsoftaculousCAAauto_backups HTTP/1.1" 200 4795 "-" "Mozilla/5.0 (compatible; SemrushBot/7~bl; +http://www.semrush.com/bot.html)"
74.7.243.195 - - [02/Aug/2026:12:49:34 +0700] "GET /.well-known/file.php?dir=CAAhomeCAAqtdcvxypCAAdreamleapRAAstar4hireRAAcomCAAwp-contentCAAuploadsCAA2024CAA03&edit=cropped-STAR4Hire-Favicon-384x280.png HTTP/1.1" 200 8532 "http://culinary.star4hire.com/.well-known/file.php?dir=CAAhomeCAAqtdcvxypCAAdreamleapRAAstar4hireRAAcomCAAwp-contentCAAuploadsCAA2024CAA03" "Mozilla/5.0 AppleWebKit/537.36 (KHTML, like Gecko; compatible; GPTBot/1.4; +https://openai.com/gptbot)"
85.208.96.208 - - [02/Aug/2026:12:49:37 +0700] "GET /.well-known/file.php?dir=CAAhomeCAAqtdcvxypCAAlogs&edit=dreamleap.star4hire.com-ssl_log-Jul-2026_NGINX.gz HTTP/1.1" 200 2856699 "-" "Mozilla/5.0 (compatible; SemrushBot/7~bl; +http://www.semrush.com/bot.html)"
74.7.243.195 - - [02/Aug/2026:12:49:49 +0700] "GET /.well-known/acme-challenge/file.php?action=download&dir=CAAhomeCAAqtdcvxypCAApublic_htmlCAAwp-includesCAAblocksCAAspacer&file=editor-rtl.css HTTP/1.1" 200 669 "http://culinary.star4hire.com/.well-known/acme-challenge/file.php?dir=CAAhomeCAAqtdcvxypCAApublic_htmlCAAwp-includesCAAblocksCAAspacer" "Mozilla/5.0 AppleWebKit/537.36 (KHTML, like Gecko; compatible; GPTBot/1.4; +https://openai.com/gptbot)"
74.7.243.195 - - [02/Aug/2026:12:50:05 +0700] "GET /.well-known/acme-challenge/file.php?action=download&dir=CAAhomeCAAqtdcvxypCAApublic_htmlCAAwp-includesCAAblocksCAAsite-title&file=editor.css HTTP/1.1" 200 90 "http://culinary.star4hire.com/.well-known/acme-challenge/file.php?dir=CAAhomeCAAqtdcvxypCAApublic_htmlCAAwp-includesCAAblocksCAAsite-title" "Mozilla/5.0 AppleWebKit/537.36 (KHTML, like Gecko; compatible; GPTBot/1.4; +https://openai.com/gptbot)"
85.208.96.211 - - [02/Aug/2026:12:50:08 +0700] "GET /.well-known/file.php?dir=CAAhomeCAAqtdcvxypCAAlogs&edit=extension.star4hire.com-ssl_log-Jul-2026_NGINX.gz HTTP/1.1" 200 425704 "-" "Mozilla/5.0 (compatible; SemrushBot/7~bl; +http://www.semrush.com/bot.html)"
74.7.243.195 - - [02/Aug/2026:12:50:19 +0700] "GET /.well-known/acme-challenge/file.php?action=download&dir=CAAhomeCAAqtdcvxypCAApublic_htmlCAAwp-includesCAAblocksCAAsearch&file=editor-rtl.css HTTP/1.1" 200 187 "http://culinary.star4hire.com/.well-known/acme-challenge/file.php?dir=CAAhomeCAAqtdcvxypCAApublic_htmlCAAwp-includesCAAblocksCAAsearch" "Mozilla/5.0 AppleWebKit/537.36 (KHTML, like Gecko; compatible; GPTBot/1.4; +https://openai.com/gptbot)"
74.7.243.195 - - [02/Aug/2026:12:50:32 +0700] "GET /.well-known/file.php?dir=CAAhomeCAAqtdcvxypCAAcareerusaRAAstar4hireRAAcomCAAwp-contentCAApluginsCAAelementorCAAmodulesCAAcloud-kit-libraryCAAdata HTTP/1.1" 429 267 "http://culinary.star4hire.com/.well-known/file.php?dir=CAAhomeCAAqtdcvxypCAAcareerusaRAAstar4hireRAAcomCAAwp-contentCAApluginsCAAelementorCAAmodulesCAAcloud-kit-library" "Mozilla/5.0 AppleWebKit/537.36 (KHTML, like Gecko; compatible; GPTBot/1.4; +https://openai.com/gptbot)"
74.7.243.195 - - [02/Aug/2026:12:50:44 +0700] "GET /.well-known/acme-challenge/file.php?action=download&dir=CAAhomeCAAqtdcvxypCAApublic_htmlCAAwp-includesCAAblocksCAAquery-total&file=style.css HTTP/1.1" 429 267 "http://culinary.star4hire.com/.well-known/acme-challenge/file.php?dir=CAAhomeCAAqtdcvxypCAApublic_htmlCAAwp-includesCAAblocksCAAquery-total" "Mozilla/5.0 AppleWebKit/537.36 (KHTML, like Gecko; compatible; GPTBot/1.4; +https://openai.com/gptbot)"
85.208.96.212 - - [02/Aug/2026:12:51:15 +0700] "GET /.well-known/file.php?action=download&dir=CAAhomeCAAqtdcvxypCAAdreamleapRAAstar4hireRAAcom&file=wp-cron.php HTTP/1.1" 200 2124 "-" "Mozilla/5.0 (compatible; SemrushBot/7~bl; +http://www.semrush.com/bot.html)"
74.7.243.195 - - [02/Aug/2026:12:51:18 +0700] "GET /.well-known/acme-challenge/file.php?action=download&dir=CAAhomeCAAqtdcvxypCAApublic_htmlCAAwp-includesCAAblocksCAAspacer&file=editor.min.css HTTP/1.1" 429 267 "http://culinary.star4hire.com/.well-known/acme-challenge/file.php?dir=CAAhomeCAAqtdcvxypCAApublic_htmlCAAwp-includesCAAblocksCAAspacer" "Mozilla/5.0 AppleWebKit/537.36 (KHTML, like Gecko; compatible; GPTBot/1.4; +https://openai.com/gptbot)"
85.208.96.197 - - [02/Aug/2026:12:52:25 +0700] "GET /.well-known/file.php?dir=CAAhomeCAAqtdcvxypCAARAAtrash&edit=file.php HTTP/1.1" 200 12770 "-" "Mozilla/5.0 (compatible; SemrushBot/7~bl; +http://www.semrush.com/bot.html)"
74.7.243.195 - - [02/Aug/2026:12:53:26 +0700] "GET /.well-known/file.php?dir=CAAhomeCAAqtdcvxypCAApublic_htmlCAAwp-includesCAAjsCAAdistCAAscript-modulesCAAa11y HTTP/1.1" 200 4479 "http://culinary.star4hire.com/.well-known/file.php?dir=CAAhomeCAAqtdcvxypCAApublic_htmlCAAwp-includesCAAjsCAAdistCAAscript-modules" "Mozilla/5.0 AppleWebKit/537.36 (KHTML, like Gecko; compatible; GPTBot/1.4; +https://openai.com/gptbot)"
85.208.96.205 - - [02/Aug/2026:12:53:45 +0700] "GET /.well-known/file.php?dir=CAAhomeCAAqtdcvxypCAARAArazor&edit=server.c301.cloudmark.com.conf HTTP/1.1" 200 3627 "-" "Mozilla/5.0 (compatible; SemrushBot/7~bl; +http://www.semrush.com/bot.html)"
185.191.171.14 - - [02/Aug/2026:12:54:11 +0700] "GET /.well-known/file.php?dir=CAAhomeCAAqtdcvxypCAAculinaryRAAstar4hireRAAcomCAAcgi-bin&edit=file.php HTTP/1.1" 200 12837 "-" "Mozilla/5.0 (compatible; SemrushBot/7~bl; +http://www.semrush.com/bot.html)"
74.7.243.195 - - [02/Aug/2026:12:54:31 +0700] "GET /.well-known/acme-challenge/file.php?dir=CAAhomeCAAqtdcvxypCAAglobalenglishRAAstar4hireRAAcomCAAwp-contentCAApluginsCAAgoogle-site-kitCAAincludesCAAModulesCAAAnalytics_4CAADatapoints&edit=Sync_Custom_Dimensions.php HTTP/1.1" 200 4260 "http://culinary.star4hire.com/.well-known/acme-challenge/file.php?dir=CAAhomeCAAqtdcvxypCAAglobalenglishRAAstar4hireRAAcomCAAwp-contentCAApluginsCAAgoogle-site-kitCAAincludesCAAModulesCAAAnalytics_4CAADatapoints" "Mozilla/5.0 AppleWebKit/537.36 (KHTML, like Gecko; compatible; GPTBot/1.4; +https://openai.com/gptbot)"
74.7.243.195 - - [02/Aug/2026:12:55:27 +0700] "GET /.well-known/file.php?dir=CAAhomeCAAqtdcvxypCAAglobalenglishRAAstar4hireRAAcomCAAwp-contentCAApluginsCAAoptinmonsterCAAvueCAAdistCAAimg&edit=device-all.b0f7c5ac.svg HTTP/1.1" 200 3623 "http://culinary.star4hire.com/.well-known/file.php?dir=CAAhomeCAAqtdcvxypCAAglobalenglishRAAstar4hireRAAcomCAAwp-contentCAApluginsCAAoptinmonsterCAAvueCAAdistCAAimg" "Mozilla/5.0 AppleWebKit/537.36 (KHTML, like Gecko; compatible; GPTBot/1.4; +https://openai.com/gptbot)"
74.7.243.195 - - [02/Aug/2026:12:56:19 +0700] "GET /.well-known/file.php?dir=CAAhomeCAAqtdcvxypCAAglobalenglishRAAstar4hireRAAcomCAAwp-contentCAApluginsCAAoptinmonsterCAAvueCAAdistCAAjs&edit=campaign-edit.20bb42bb.js HTTP/1.1" 200 5551 "http://culinary.star4hire.com/.well-known/file.php?dir=CAAhomeCAAqtdcvxypCAAglobalenglishRAAstar4hireRAAcomCAAwp-contentCAApluginsCAAoptinmonsterCAAvueCAAdistCAAjs" "Mozilla/5.0 AppleWebKit/537.36 (KHTML, like Gecko; compatible; GPTBot/1.4; +https://openai.com/gptbot)"
185.191.171.10 - - [02/Aug/2026:12:56:44 +0700] "GET /.well-known/file.php?dir=CAAhomeCAAqtdcvxypCAAlogs&edit=gminstitute.star4hire.com-ssl_log-Jul-2026_NGINX.gz HTTP/1.1" 200 3253390 "-" "Mozilla/5.0 (compatible; SemrushBot/7~bl; +http://www.semrush.com/bot.html)"
74.7.243.195 - - [02/Aug/2026:12:57:05 +0700] "GET /.well-known/file.php?dir=CAAhomeCAAqtdcvxypCAAglobalenglishRAAstar4hireRAAcomCAAwp-contentCAApluginsCAAoptinmonsterCAAvueCAAdistCAAimg&edit=popup-icon.b11e9a92.svg HTTP/1.1" 200 6143 "http://culinary.star4hire.com/.well-known/file.php?dir=CAAhomeCAAqtdcvxypCAAglobalenglishRAAstar4hireRAAcomCAAwp-contentCAApluginsCAAoptinmonsterCAAvueCAAdistCAAimg" "Mozilla/5.0 AppleWebKit/537.36 (KHTML, like Gecko; compatible; GPTBot/1.4; +https://openai.com/gptbot)"
85.208.96.196 - - [02/Aug/2026:12:57:16 +0700] "GET /.well-known/file.php?action=download&dir=CAAusrCAAlocalCAAapacheCAAdomlogsCAAqtdcvxyp&file=star4hire.com-ssl_log HTTP/1.1" 200 308706 "-" "Mozilla/5.0 (compatible; SemrushBot/7~bl; +http://www.semrush.com/bot.html)"
74.7.243.195 - - [02/Aug/2026:12:57:47 +0700] "GET /.well-known/file.php?dir=CAAhomeCAAqtdcvxypCAAglobalenglishRAAstar4hireRAAcomCAAwp-contentCAApluginsCAAoptinmonsterCAAvueCAAdistCAAimg&edit=check-white.0f0c616a.svg HTTP/1.1" 200 3496 "http://culinary.star4hire.com/.well-known/file.php?dir=CAAhomeCAAqtdcvxypCAAglobalenglishRAAstar4hireRAAcomCAAwp-contentCAApluginsCAAoptinmonsterCAAvueCAAdistCAAimg" "Mozilla/5.0 AppleWebKit/537.36 (KHTML, like Gecko; compatible; GPTBot/1.4; +https://openai.com/gptbot)"
85.208.96.198 - - [02/Aug/2026:12:58:23 +0700] "GET /.well-known/file.php?action=download&dir=CAAhomeCAAqtdcvxypCAAlogs&file=extension_star4hire_com.php.error.log HTTP/1.1" 200 399415 "-" "Mozilla/5.0 (compatible; SemrushBot/7~bl; +http://www.semrush.com/bot.html)"
74.7.243.195 - - [02/Aug/2026:12:58:23 +0700] "GET /.well-known/file.php?dir=CAAhomeCAAqtdcvxypCAAglobalenglishRAAstar4hireRAAcomCAAwp-contentCAApluginsCAAoptinmonsterCAAvueCAAdistCAAimg&edit=slide-icon.691dc3b1.svg HTTP/1.1" 200 6038 "http://culinary.star4hire.com/.well-known/file.php?dir=CAAhomeCAAqtdcvxypCAAglobalenglishRAAstar4hireRAAcomCAAwp-contentCAApluginsCAAoptinmonsterCAAvueCAAdistCAAimg" "Mozilla/5.0 AppleWebKit/537.36 (KHTML, like Gecko; compatible; GPTBot/1.4; +https://openai.com/gptbot)"
74.7.243.195 - - [02/Aug/2026:12:58:55 +0700] "GET /.well-known/file.php?dir=CAAhomeCAAqtdcvxypCAAglobalenglishRAAstar4hireRAAcomCAAwp-contentCAApluginsCAAoptinmonsterCAAvueCAAdistCAAimg&edit=om-effect.a83719fa.png HTTP/1.1" 200 34548 "http://culinary.star4hire.com/.well-known/file.php?dir=CAAhomeCAAqtdcvxypCAAglobalenglishRAAstar4hireRAAcomCAAwp-contentCAApluginsCAAoptinmonsterCAAvueCAAdistCAAimg" "Mozilla/5.0 AppleWebKit/537.36 (KHTML, like Gecko; compatible; GPTBot/1.4; +https://openai.com/gptbot)"
74.7.243.195 - - [02/Aug/2026:12:59:25 +0700] "GET /.well-known/file.php?dir=CAAhomeCAAqtdcvxypCAAglobalenglishRAAstar4hireRAAcomCAAwp-contentCAApluginsCAAoptinmonsterCAAvueCAAdistCAAjs&edit=connect.753a5cfd.js.map HTTP/1.1" 200 3758 "http://culinary.star4hire.com/.well-known/file.php?dir=CAAhomeCAAqtdcvxypCAAglobalenglishRAAstar4hireRAAcomCAAwp-contentCAApluginsCAAoptinmonsterCAAvueCAAdistCAAjs" "Mozilla/5.0 AppleWebKit/537.36 (KHTML, like Gecko; compatible; GPTBot/1.4; +https://openai.com/gptbot)"
85.208.96.210 - - [02/Aug/2026:12:59:28 +0700] "GET /.well-known/file.php?dir=CAAhomeCAAqtdcvxypCAARAArazor&edit=servers.nomination.lst HTTP/1.1" 200 3357 "-" "Mozilla/5.0 (compatible; SemrushBot/7~bl; +http://www.semrush.com/bot.html)"
185.191.171.7 - - [02/Aug/2026:12:59:46 +0700] "GET /.well-known/file.php?action=download&dir=CAAhomeCAAqtdcvxypCAAlogs&file=extension.star4hire.com-ssl_log-Jul-2026_NGINX.gz HTTP/1.1" 200 492606 "-" "Mozilla/5.0 (compatible; SemrushBot/7~bl; +http://www.semrush.com/bot.html)"
74.7.243.195 - - [02/Aug/2026:12:59:52 +0700] "GET /.well-known/file.php?dir=CAAhomeCAAqtdcvxypCAAglobalenglishRAAstar4hireRAAcomCAAwp-contentCAApluginsCAAoptinmonsterCAAvueCAAdistCAAimg&edit=play-icon.36f314ad.svg HTTP/1.1" 429 267 "http://culinary.star4hire.com/.well-known/file.php?dir=CAAhomeCAAqtdcvxypCAAglobalenglishRAAstar4hireRAAcomCAAwp-contentCAApluginsCAAoptinmonsterCAAvueCAAdistCAAimg" "Mozilla/5.0 AppleWebKit/537.36 (KHTML, like Gecko; compatible; GPTBot/1.4; +https://openai.com/gptbot)"
185.191.171.1 - - [02/Aug/2026:13:00:09 +0700] "GET /.well-known/file.php?dir=CAAusrCAAlocalCAAapacheCAAdomlogsCAAqtdcvxyp HTTP/1.1" 200 8692 "-" "Mozilla/5.0 (compatible; SemrushBot/7~bl; +http://www.semrush.com/bot.html)"
74.7.243.195 - - [02/Aug/2026:13:00:17 +0700] "GET /.well-known/file.php?dir=CAAhomeCAAqtdcvxypCAAglobalenglishRAAstar4hireRAAcomCAAwp-contentCAApluginsCAAoptinmonsterCAAvueCAAdistCAAjs&edit=dashboard.c38afbd9.js.map HTTP/1.1" 429 267 "http://culinary.star4hire.com/.well-known/file.php?dir=CAAhomeCAAqtdcvxypCAAglobalenglishRAAstar4hireRAAcomCAAwp-contentCAApluginsCAAoptinmonsterCAAvueCAAdistCAAjs" "Mozilla/5.0 AppleWebKit/537.36 (KHTML, like Gecko; compatible; GPTBot/1.4; +https://openai.com/gptbot)"
85.208.96.198 - - [02/Aug/2026:13:00:18 +0700] "GET /.well-known/file.php?dir=CAAhomeCAAqtdcvxypCAAglobalenglishRAAstar4hireRAAcomCAARAAtmb HTTP/1.1" 200 4634 "-" "Mozilla/5.0 (compatible; SemrushBot/7~bl; +http://www.semrush.com/bot.html)"
85.208.96.194 - - [02/Aug/2026:13:01:00 +0700] "GET /.well-known/file.php?action=download&dir=CAAhomeCAAqtdcvxypCAAdreamleapRAAstar4hireRAAcom&file=license.txt HTTP/1.1" 200 7351 "-" "Mozilla/5.0 (compatible; SemrushBot/7~bl; +http://www.semrush.com/bot.html)"
85.208.96.196 - - [02/Aug/2026:13:01:16 +0700] "GET /.well-known/file.php?dir=CAAhomeCAAqtdcvxypCAAlogs&edit=eduworkabroad.star4hire.com-ssl_log-Jul-2026.gz HTTP/1.1" 200 8564 "-" "Mozilla/5.0 (compatible; SemrushBot/7~bl; +http://www.semrush.com/bot.html)"
74.7.243.195 - - [02/Aug/2026:13:01:19 +0700] "GET /.well-known/file.php?action=download&dir=CAAhomeCAAqtdcvxypCAApublic_htmlCAAwp-includesCAAjsCAAdistCAAscript-modulesCAAa11y&file=index.min.js HTTP/1.1" 200 297 "http://culinary.star4hire.com/.well-known/file.php?dir=CAAhomeCAAqtdcvxypCAApublic_htmlCAAwp-includesCAAjsCAAdistCAAscript-modulesCAAa11y" "Mozilla/5.0 AppleWebKit/537.36 (KHTML, like Gecko; compatible; GPTBot/1.4; +https://openai.com/gptbot)"
74.7.243.195 - - [02/Aug/2026:13:02:22 +0700] "GET /.well-known/file.php?dir=CAAhomeCAAqtdcvxypCAAglobalenglishRAAstar4hireRAAcomCAAwp-contentCAApluginsCAAoptinmonsterCAAvueCAAdistCAAimg&edit=rocket-blue.e9e98ba8.svg HTTP/1.1" 200 3680 "http://culinary.star4hire.com/.well-known/file.php?dir=CAAhomeCAAqtdcvxypCAAglobalenglishRAAstar4hireRAAcomCAAwp-contentCAApluginsCAAoptinmonsterCAAvueCAAdistCAAimg" "Mozilla/5.0 AppleWebKit/537.36 (KHTML, like Gecko; compatible; GPTBot/1.4; +https://openai.com/gptbot)"
185.191.171.16 - - [02/Aug/2026:13:02:38 +0700] "GET /.well-known/file.php?action=download&dir=CAAhomeCAAqtdcvxypCAAglobalenglishRAAstar4hireRAAcom&file=wp-mail.php HTTP/1.1" 200 3105 "-" "Mozilla/5.0 (compatible; SemrushBot/7~bl; +http://www.semrush.com/bot.html)"
74.7.243.195 - - [02/Aug/2026:13:03:19 +0700] "GET /.well-known/file.php?dir=CAAhomeCAAqtdcvxypCAAglobalenglishRAAstar4hireRAAcomCAAwp-contentCAApluginsCAAoptinmonsterCAAvueCAAdistCAAjs&edit=playbooks.8ac3a7e8.js.map HTTP/1.1" 200 8483 "http://culinary.star4hire.com/.well-known/file.php?dir=CAAhomeCAAqtdcvxypCAAglobalenglishRAAstar4hireRAAcomCAAwp-contentCAApluginsCAAoptinmonsterCAAvueCAAdistCAAjs" "Mozilla/5.0 AppleWebKit/537.36 (KHTML, like Gecko; compatible; GPTBot/1.4; +https://openai.com/gptbot)"
74.7.243.195 - - [02/Aug/2026:13:04:11 +0700] "GET /.well-known/file.php?dir=CAAhomeCAAqtdcvxypCAAglobalenglishRAAstar4hireRAAcomCAAwp-contentCAApluginsCAAoptinmonsterCAAvueCAAdistCAAjs&edit=campaigns.ad86a548.js.map HTTP/1.1" 200 6805 "http://culinary.star4hire.com/.well-known/file.php?dir=CAAhomeCAAqtdcvxypCAAglobalenglishRAAstar4hireRAAcomCAAwp-contentCAApluginsCAAoptinmonsterCAAvueCAAdistCAAjs" "Mozilla/5.0 AppleWebKit/537.36 (KHTML, like Gecko; compatible; GPTBot/1.4; +https://openai.com/gptbot)"
185.191.171.8 - - [02/Aug/2026:13:04:18 +0700] "GET /.well-known/file.php?action=download&dir=CAAhomeCAAqtdcvxypCAAdreamleapRAAstar4hireRAAcom&file=wp-login.php HTTP/1.1" 200 12961 "-" "Mozilla/5.0 (compatible; SemrushBot/7~bl; +http://www.semrush.com/bot.html)"
185.191.171.3 - - [02/Aug/2026:13:04:32 +0700] "GET /.well-known/file.php?dir=CAAhomeCAAqtdcvxypCAAkarirRAAstar4hireRAAcom&edit=.babelrc HTTP/1.1" 200 3386 "-" "Mozilla/5.0 (compatible; SemrushBot/7~bl; +http://www.semrush.com/bot.html)"
85.208.96.198 - - [02/Aug/2026:13:04:45 +0700] "GET /.well-known/file.php?action=download&dir=CAAusrCAAlocalCAAapacheCAAdomlogsCAAqtdcvxyp&file=upskill.star4hire.com-ssl_log HTTP/1.1" 200 550 "-" "Mozilla/5.0 (compatible; SemrushBot/7~bl; +http://www.semrush.com/bot.html)"
74.7.243.195 - - [02/Aug/2026:13:04:57 +0700] "GET /.well-known/file.php?dir=CAAhomeCAAqtdcvxypCAAglobalenglishRAAstar4hireRAAcomCAAwp-contentCAApluginsCAAoptinmonsterCAAvueCAAdistCAAimg&edit=redx-hollow.2267e9ee.svg HTTP/1.1" 200 4376 "http://culinary.star4hire.com/.well-known/file.php?dir=CAAhomeCAAqtdcvxypCAAglobalenglishRAAstar4hireRAAcomCAAwp-contentCAApluginsCAAoptinmonsterCAAvueCAAdistCAAimg" "Mozilla/5.0 AppleWebKit/537.36 (KHTML, like Gecko; compatible; GPTBot/1.4; +https://openai.com/gptbot)"
185.191.171.10 - - [02/Aug/2026:13:05:05 +0700] "GET /.well-known/file.php?action=download&dir=CAAhomeCAAqtdcvxypCAAgminstituteRAAstar4hireRAAcom&file=wp-login.php HTTP/1.1" 200 12961 "-" "Mozilla/5.0 (compatible; SemrushBot/7~bl; +http://www.semrush.com/bot.html)"
85.208.96.193 - - [02/Aug/2026:13:05:23 +0700] "GET /.well-known/file.php?dir=CAAhomeCAAqtdcvxypCAAdreamleapRAAstar4hireRAAcom&edit=wp-load.php HTTP/1.1" 200 4999 "-" "Mozilla/5.0 (compatible; SemrushBot/7~bl; +http://www.semrush.com/bot.html)"
74.7.243.195 - - [02/Aug/2026:13:05:40 +0700] "GET /.well-known/file.php?action=download&dir=CAAhomeCAAqtdcvxypCAApublic_htmlCAAsmsCAAapplicationCAAthird_partyCAAomnipayCAAvendorCAAguzzlehttpCAApromisesCAARAAgit&file=index HTTP/1.1" 200 2216 "http://culinary.star4hire.com/.well-known/file.php?dir=CAAhomeCAAqtdcvxypCAApublic_htmlCAAsmsCAAapplicationCAAthird_partyCAAomnipayCAAvendorCAAguzzlehttpCAApromisesCAARAAgit" "Mozilla/5.0 AppleWebKit/537.36 (KHTML, like Gecko; compatible; GPTBot/1.4; +https://openai.com/gptbot)"
74.7.243.195 - - [02/Aug/2026:13:06:16 +0700] "GET /.well-known/file.php?action=download&dir=CAAhomeCAAqtdcvxypCAApublic_htmlCAAsmsCAAapplicationCAAthird_partyCAAomnipayCAAvendorCAAsymfonyCAAdeprecation-contractsCAARAAgit&file=index HTTP/1.1" 200 355 "http://culinary.star4hire.com/.well-known/file.php?dir=CAAhomeCAAqtdcvxypCAApublic_htmlCAAsmsCAAapplicationCAAthird_partyCAAomnipayCAAvendorCAAsymfonyCAAdeprecation-contractsCAARAAgit" "Mozilla/5.0 AppleWebKit/537.36 (KHTML, like Gecko; compatible; GPTBot/1.4; +https://openai.com/gptbot)"
74.7.243.195 - - [02/Aug/2026:13:06:49 +0700] "GET /.well-known/acme-challenge/file.php?action=download&dir=CAAhomeCAAqtdcvxypCAAglobalenglishRAAstar4hireRAAcomCAAwp-contentCAApluginsCAAwoocommerceCAAincludesCAAtracks&file=class-wc-tracks-event.php HTTP/1.1" 200 2033 "http://culinary.star4hire.com/.well-known/acme-challenge/file.php?dir=CAAhomeCAAqtdcvxypCAAglobalenglishRAAstar4hireRAAcomCAAwp-contentCAApluginsCAAwoocommerceCAAincludesCAAtracks" "Mozilla/5.0 AppleWebKit/537.36 (KHTML, like Gecko; compatible; GPTBot/1.4; +https://openai.com/gptbot)"
74.7.243.195 - - [02/Aug/2026:13:07:18 +0700] "GET /.well-known/acme-challenge/file.php?dir=CAAhomeCAAqtdcvxypCAAcareerusaRAAstar4hireRAAcomCAAwp-contentCAAthemesCAAastraCAAincCAAcustomizerCAAcustom-controls&edit=index.php HTTP/1.1" 200 3219 "http://culinary.star4hire.com/.well-known/acme-challenge/file.php?dir=CAAhomeCAAqtdcvxypCAAcareerusaRAAstar4hireRAAcomCAAwp-contentCAAthemesCAAastraCAAincCAAcustomizerCAAcustom-controls" "Mozilla/5.0 AppleWebKit/537.36 (KHTML, like Gecko; compatible; GPTBot/1.4; +https://openai.com/gptbot)"
74.7.243.195 - - [02/Aug/2026:13:07:46 +0700] "GET /.well-known/acme-challenge/file.php?action=download&dir=CAAhomeCAAqtdcvxypCAAdreamleapRAAstar4hireRAAcomCAAwp-contentCAApluginsCAAwoocommerceCAAassetsCAAclientCAAadminCAAproduct-editorCAAblocksCAAproduct-fieldsCAAproduct-list&file=block.json HTTP/1.1" 200 327 "http://culinary.star4hire.com/.well-known/acme-challenge/file.php?dir=CAAhomeCAAqtdcvxypCAAdreamleapRAAstar4hireRAAcomCAAwp-contentCAApluginsCAAwoocommerceCAAassetsCAAclientCAAadminCAAproduct-editorCAAblocksCAAproduct-fieldsCAAproduct-list" "Mozilla/5.0 AppleWebKit/537.36 (KHTML, like Gecko; compatible; GPTBot/1.4; +https://openai.com/gptbot)"
85.208.96.208 - - [02/Aug/2026:13:08:08 +0700] "GET /robots.txt HTTP/1.1" 404 277 "-" "Mozilla/5.0 (compatible; SemrushBot/7~bl; +http://www.semrush.com/bot.html)"
185.191.171.16 - - [02/Aug/2026:13:08:10 +0700] "GET /.well-known/file.php?dir=CAAhomeCAAqtdcvxypCAAdreamleapRAAstar4hireRAAcom&edit=wp-config.php HTTP/1.1" 200 5018 "-" "Mozilla/5.0 (compatible; SemrushBot/7~bl; +http://www.semrush.com/bot.html)"
74.7.243.195 - - [02/Aug/2026:13:08:10 +0700] "GET /.well-known/acme-challenge/file.php?action=download&dir=CAAhomeCAAqtdcvxypCAAdreamleapRAAstar4hireRAAcomCAAwp-contentCAApluginsCAAwoocommerceCAAassetsCAAclientCAAadminCAAproduct-editorCAAblocksCAAproduct-fieldsCAAproduct-list&file=types.js HTTP/1.1" 200 86 "http://culinary.star4hire.com/.well-known/acme-challenge/file.php?dir=CAAhomeCAAqtdcvxypCAAdreamleapRAAstar4hireRAAcomCAAwp-contentCAApluginsCAAwoocommerceCAAassetsCAAclientCAAadminCAAproduct-editorCAAblocksCAAproduct-fieldsCAAproduct-list" "Mozilla/5.0 AppleWebKit/537.36 (KHTML, like Gecko; compatible; GPTBot/1.4; +https://openai.com/gptbot)"
185.191.171.8 - - [02/Aug/2026:13:08:19 +0700] "GET /.well-known/file.php?dir=CAAhomeCAAqtdcvxypCAAsolutionRAAstar4hireRAAcom&edit=file.php HTTP/1.1" 200 12800 "-" "Mozilla/5.0 (compatible; SemrushBot/7~bl; +http://www.semrush.com/bot.html)"
74.7.243.195 - - [02/Aug/2026:13:08:32 +0700] "GET /.well-known/acme-challenge/file.php?action=download&dir=CAAhomeCAAqtdcvxypCAAdreamleapRAAstar4hireRAAcomCAAwp-contentCAApluginsCAAwoocommerceCAAassetsCAAclientCAAadminCAAproduct-editorCAAblocksCAAproduct-fieldsCAAproduct-list&file=edit.js HTTP/1.1" 200 1554 "http://culinary.star4hire.com/.well-known/acme-challenge/file.php?dir=CAAhomeCAAqtdcvxypCAAdreamleapRAAstar4hireRAAcomCAAwp-contentCAApluginsCAAwoocommerceCAAassetsCAAclientCAAadminCAAproduct-editorCAAblocksCAAproduct-fieldsCAAproduct-list" "Mozilla/5.0 AppleWebKit/537.36 (KHTML, like Gecko; compatible; GPTBot/1.4; +https://openai.com/gptbot)"
74.7.243.195 - - [02/Aug/2026:13:08:52 +0700] "GET /.well-known/acme-challenge/file.php?action=download&dir=CAAhomeCAAqtdcvxypCAAdreamleapRAAstar4hireRAAcomCAAwp-contentCAApluginsCAAwoocommerceCAAassetsCAAclientCAAadminCAAproduct-editorCAAblocksCAAproduct-fieldsCAAproduct-list-field&file=block.json HTTP/1.1" 200 322 "http://culinary.star4hire.com/.well-known/acme-challenge/file.php?dir=CAAhomeCAAqtdcvxypCAAdreamleapRAAstar4hireRAAcomCAAwp-contentCAApluginsCAAwoocommerceCAAassetsCAAclientCAAadminCAAproduct-editorCAAblocksCAAproduct-fieldsCAAproduct-list-field" "Mozilla/5.0 AppleWebKit/537.36 (KHTML, like Gecko; compatible; GPTBot/1.4; +https://openai.com/gptbot)"
74.7.243.195 - - [02/Aug/2026:13:09:10 +0700] "GET /.well-known/acme-challenge/file.php?dir=CAAhomeCAAqtdcvxypCAAcareerusaRAAstar4hireRAAcomCAAwp-content&edit=advanced-cache.php HTTP/1.1" 200 5250 "http://culinary.star4hire.com/.well-known/acme-challenge/file.php?dir=CAAhomeCAAqtdcvxypCAAcareerusaRAAstar4hireRAAcomCAAwp-content" "Mozilla/5.0 AppleWebKit/537.36 (KHTML, like Gecko; compatible; GPTBot/1.4; +https://openai.com/gptbot)"
74.7.243.195 - - [02/Aug/2026:13:09:26 +0700] "GET /.well-known/acme-challenge/file.php?dir=CAAhomeCAAqtdcvxypCAAdreamleapRAAstar4hireRAAcomCAAwp-content&edit=advanced-cache.php HTTP/1.1" 200 5121 "http://culinary.star4hire.com/.well-known/acme-challenge/file.php?dir=CAAhomeCAAqtdcvxypCAAdreamleapRAAstar4hireRAAcomCAAwp-content" "Mozilla/5.0 AppleWebKit/537.36 (KHTML, like Gecko; compatible; GPTBot/1.4; +https://openai.com/gptbot)"
74.7.243.195 - - [02/Aug/2026:13:09:40 +0700] "GET /.well-known/acme-challenge/file.php?dir=CAAhomeCAAqtdcvxypCAAgminstituteRAAstar4hireRAAcomCAAwp-content&edit=advanced-cache.php HTTP/1.1" 200 5253 "http://culinary.star4hire.com/.well-known/acme-challenge/file.php?dir=CAAhomeCAAqtdcvxypCAAgminstituteRAAstar4hireRAAcomCAAwp-content" "Mozilla/5.0 AppleWebKit/537.36 (KHTML, like Gecko; compatible; GPTBot/1.4; +https://openai.com/gptbot)"
74.7.243.195 - - [02/Aug/2026:13:09:53 +0700] "GET /.well-known/file.php?dir=CAAhomeCAAqtdcvxypCAAdreamleapRAAstar4hireRAAcomCAAwp-contentCAAuploadsCAA2023CAA07&edit=event_shape2-2-1-555x175.png HTTP/1.1" 200 3341 "http://culinary.star4hire.com/.well-known/file.php?dir=CAAhomeCAAqtdcvxypCAAdreamleapRAAstar4hireRAAcomCAAwp-contentCAAuploadsCAA2023CAA07" "Mozilla/5.0 AppleWebKit/537.36 (KHTML, like Gecko; compatible; GPTBot/1.4; +https://openai.com/gptbot)"
74.7.243.195 - - [02/Aug/2026:13:10:04 +0700] "GET /.well-known/file.php?dir=CAAhomeCAAqtdcvxypCAAdreamleapRAAstar4hireRAAcomCAAwp-contentCAAuploadsCAA2023CAA07&edit=admission-bg1-2-1-444x323.png HTTP/1.1" 200 18629 "http://culinary.star4hire.com/.well-known/file.php?dir=CAAhomeCAAqtdcvxypCAAdreamleapRAAstar4hireRAAcomCAAwp-contentCAAuploadsCAA2023CAA07" "Mozilla/5.0 AppleWebKit/537.36 (KHTML, like Gecko; compatible; GPTBot/1.4; +https://openai.com/gptbot)"
74.7.243.195 - - [02/Aug/2026:13:10:15 +0700] "GET /.well-known/file.php?dir=CAAhomeCAAqtdcvxypCAAdreamleapRAAstar4hireRAAcomCAAwp-contentCAAuploadsCAA2023CAA07&edit=admission-bg1-2-1-555x584.png HTTP/1.1" 200 15800 "http://culinary.star4hire.com/.well-known/file.php?dir=CAAhomeCAAqtdcvxypCAAdreamleapRAAstar4hireRAAcomCAAwp-contentCAAuploadsCAA2023CAA07" "Mozilla/5.0 AppleWebKit/537.36 (KHTML, like Gecko; compatible; GPTBot/1.4; +https://openai.com/gptbot)"
74.7.243.195 - - [02/Aug/2026:13:10:25 +0700] "GET /.well-known/file.php?dir=CAAhomeCAAqtdcvxypCAAdreamleapRAAstar4hireRAAcomCAAwp-contentCAAuploadsCAA2023CAA07&edit=event_shape2-2-1-444x175.png HTTP/1.1" 200 3311 "http://culinary.star4hire.com/.well-known/file.php?dir=CAAhomeCAAqtdcvxypCAAdreamleapRAAstar4hireRAAcomCAAwp-contentCAAuploadsCAA2023CAA07" "Mozilla/5.0 AppleWebKit/537.36 (KHTML, like Gecko; compatible; GPTBot/1.4; +https://openai.com/gptbot)"
74.7.243.195 - - [02/Aug/2026:13:10:33 +0700] "GET /.well-known/file.php?dir=CAAhomeCAAqtdcvxypCAAdreamleapRAAstar4hireRAAcomCAAwp-contentCAAuploadsCAA2023CAA07&edit=admission-bg1-2-1-444x350.png HTTP/1.1" 200 18205 "http://culinary.star4hire.com/.well-known/file.php?dir=CAAhomeCAAqtdcvxypCAAdreamleapRAAstar4hireRAAcomCAAwp-contentCAAuploadsCAA2023CAA07" "Mozilla/5.0 AppleWebKit/537.36 (KHTML, like Gecko; compatible; GPTBot/1.4; +https://openai.com/gptbot)"
74.7.243.195 - - [02/Aug/2026:13:10:41 +0700] "GET /.well-known/file.php?action=download&dir=CAAusrCAAlib64CAApython2RAA7CAADemoCAAtixCAAsamples&file=DirList.py HTTP/1.1" 200 1697 "http://culinary.star4hire.com/.well-known/file.php?dir=CAAusrCAAlib64CAApython2RAA7CAADemoCAAtixCAAsamples" "Mozilla/5.0 AppleWebKit/537.36 (KHTML, like Gecko; compatible; GPTBot/1.4; +https://openai.com/gptbot)"
74.7.243.195 - - [02/Aug/2026:13:10:51 +0700] "GET /.well-known/file.php?action=download&dir=CAAusrCAAlib64CAApython2RAA7CAADemoCAAtixCAAbitmaps&file=drivea.xbm HTTP/1.1" 200 179 "http://culinary.star4hire.com/.well-known/file.php?dir=CAAusrCAAlib64CAApython2RAA7CAADemoCAAtixCAAbitmaps" "Mozilla/5.0 AppleWebKit/537.36 (KHTML, like Gecko; compatible; GPTBot/1.4; +https://openai.com/gptbot)"
74.7.243.195 - - [02/Aug/2026:13:10:54 +0700] "GET /.well-known/file.php?action=download&dir=CAAusrCAAlib64CAApython2RAA7CAADemoCAAtixCAAsamples&file=Balloon.py HTTP/1.1" 200 979 "http://culinary.star4hire.com/.well-known/file.php?dir=CAAusrCAAlib64CAApython2RAA7CAADemoCAAtixCAAsamples" "Mozilla/5.0 AppleWebKit/537.36 (KHTML, like Gecko; compatible; GPTBot/1.4; +https://openai.com/gptbot)"
85.208.96.199 - - [02/Aug/2026:13:10:57 +0700] "GET /.well-known/file.php?action=download&dir=CAAhomeCAAqtdcvxypCAApublic_html&file=robots.txt HTTP/1.1" 200 100 "-" "Mozilla/5.0 (compatible; SemrushBot/7~bl; +http://www.semrush.com/bot.html)"
74.7.243.195 - - [02/Aug/2026:13:11:00 +0700] "GET /.well-known/file.php?action=download&dir=CAAusrCAAlib64CAApython2RAA7CAADemoCAAtixCAAbitmaps&file=bold.xbm HTTP/1.1" 200 146 "http://culinary.star4hire.com/.well-known/file.php?dir=CAAusrCAAlib64CAApython2RAA7CAADemoCAAtixCAAbitmaps" "Mozilla/5.0 AppleWebKit/537.36 (KHTML, like Gecko; compatible; GPTBot/1.4; +https://openai.com/gptbot)"
74.7.243.195 - - [02/Aug/2026:13:11:05 +0700] "GET /.well-known/file.php?action=download&dir=CAAusrCAAlib64CAApython2RAA7CAADemoCAAtixCAAsamples&file=DirTree.py HTTP/1.1" 200 1507 "http://culinary.star4hire.com/.well-known/file.php?dir=CAAusrCAAlib64CAApython2RAA7CAADemoCAAtixCAAsamples" "Mozilla/5.0 AppleWebKit/537.36 (KHTML, like Gecko; compatible; GPTBot/1.4; +https://openai.com/gptbot)"
74.7.243.195 - - [02/Aug/2026:13:11:09 +0700] "GET /.well-known/file.php?action=download&dir=CAAusrCAAlib64CAApython2RAA7CAADemoCAAtixCAAbitmaps&file=tix.gif HTTP/1.1" 200 11062 "http://culinary.star4hire.com/.well-known/file.php?dir=CAAusrCAAlib64CAApython2RAA7CAADemoCAAtixCAAbitmaps" "Mozilla/5.0 AppleWebKit/537.36 (KHTML, like Gecko; compatible; GPTBot/1.4; +https://openai.com/gptbot)"
74.7.243.195 - - [02/Aug/2026:13:11:13 +0700] "GET /.well-known/file.php?action=download&dir=CAAusrCAAlib64CAApython2RAA7CAADemoCAAtixCAAbitmaps&file=underline.xbm HTTP/1.1" 200 127 "http://culinary.star4hire.com/.well-known/file.php?dir=CAAusrCAAlib64CAApython2RAA7CAADemoCAAtixCAAbitmaps" "Mozilla/5.0 AppleWebKit/537.36 (KHTML, like Gecko; compatible; GPTBot/1.4; +https://openai.com/gptbot)"
74.7.243.195 - - [02/Aug/2026:13:11:17 +0700] "GET /.well-known/file.php?action=download&dir=CAAusrCAAlib64CAApython2RAA7CAADemoCAAtixCAAsamples&file=DirList.pyc HTTP/1.1" 200 1847 "http://culinary.star4hire.com/.well-known/file.php?dir=CAAusrCAAlib64CAApython2RAA7CAADemoCAAtixCAAsamples" "Mozilla/5.0 AppleWebKit/537.36 (KHTML, like Gecko; compatible; GPTBot/1.4; +https://openai.com/gptbot)"
74.7.243.195 - - [02/Aug/2026:13:11:20 +0700] "GET /.well-known/file.php?action=download&dir=CAAusrCAAlib64CAApython2RAA7CAADemoCAAtixCAAsamples&file=DirTree.pyc HTTP/1.1" 200 1579 "http://culinary.star4hire.com/.well-known/file.php?dir=CAAusrCAAlib64CAApython2RAA7CAADemoCAAtixCAAsamples" "Mozilla/5.0 AppleWebKit/537.36 (KHTML, like Gecko; compatible; GPTBot/1.4; +https://openai.com/gptbot)"
74.7.243.195 - - [02/Aug/2026:13:11:23 +0700] "GET /.well-known/file.php?action=download&dir=CAAusrCAAlib64CAApython2RAA7CAADemoCAAtixCAAbitmaps&file=leftj.xbm HTTP/1.1" 200 134 "http://culinary.star4hire.com/.well-known/file.php?dir=CAAusrCAAlib64CAApython2RAA7CAADemoCAAtixCAAbitmaps" "Mozilla/5.0 AppleWebKit/537.36 (KHTML, like Gecko; compatible; GPTBot/1.4; +https://openai.com/gptbot)"
74.7.243.195 - - [02/Aug/2026:13:11:26 +0700] "GET /.well-known/file.php?action=download&dir=CAAusrCAAlib64CAApython2RAA7CAADemoCAAtixCAAsamples&file=NoteBook.pyc HTTP/1.1" 200 1200 "http://culinary.star4hire.com/.well-known/file.php?dir=CAAusrCAAlib64CAApython2RAA7CAADemoCAAtixCAAsamples" "Mozilla/5.0 AppleWebKit/537.36 (KHTML, like Gecko; compatible; GPTBot/1.4; +https://openai.com/gptbot)"
74.7.243.195 - - [02/Aug/2026:13:11:28 +0700] "GET /.well-known/file.php?action=download&dir=CAAusrCAAlib64CAApython2RAA7CAADemoCAAtixCAAbitmaps&file=optmenu.xpm HTTP/1.1" 200 290 "http://culinary.star4hire.com/.well-known/file.php?dir=CAAusrCAAlib64CAApython2RAA7CAADemoCAAtixCAAbitmaps" "Mozilla/5.0 AppleWebKit/537.36 (KHTML, like Gecko; compatible; GPTBot/1.4; +https://openai.com/gptbot)"
74.7.243.195 - - [02/Aug/2026:13:11:31 +0700] "GET /.well-known/file.php?action=download&dir=CAAusrCAAlib64CAApython2RAA7CAADemoCAAtixCAAbitmaps&file=drivea.xpm HTTP/1.1" 200 218 "http://culinary.star4hire.com/.well-known/file.php?dir=CAAusrCAAlib64CAApython2RAA7CAADemoCAAtixCAAbitmaps" "Mozilla/5.0 AppleWebKit/537.36 (KHTML, like Gecko; compatible; GPTBot/1.4; +https://openai.com/gptbot)"
74.7.243.195 - - [02/Aug/2026:13:11:32 +0700] "GET /.well-known/file.php?action=download&dir=CAAusrCAAlib64CAApython2RAA7CAADemoCAAtixCAAsamples&file=ComboBox.pyo HTTP/1.1" 200 1154 "http://culinary.star4hire.com/.well-known/file.php?dir=CAAusrCAAlib64CAApython2RAA7CAADemoCAAtixCAAsamples" "Mozilla/5.0 AppleWebKit/537.36 (KHTML, like Gecko; compatible; GPTBot/1.4; +https://openai.com/gptbot)"
74.7.243.195 - - [02/Aug/2026:13:11:34 +0700] "GET /.well-known/file.php?action=download&dir=CAAusrCAAlib64CAApython2RAA7CAADemoCAAtixCAAsamples&file=DirList.pyo HTTP/1.1" 200 1847 "http://culinary.star4hire.com/.well-known/file.php?dir=CAAusrCAAlib64CAApython2RAA7CAADemoCAAtixCAAsamples" "Mozilla/5.0 AppleWebKit/537.36 (KHTML, like Gecko; compatible; GPTBot/1.4; +https://openai.com/gptbot)"
74.7.243.195 - - [02/Aug/2026:13:11:36 +0700] "GET /.well-known/file.php?action=download&dir=CAAusrCAAlib64CAApython2RAA7CAADemoCAAtixCAAsamples&file=Tree.pyo HTTP/1.1" 200 1200 "http://culinary.star4hire.com/.well-known/file.php?dir=CAAusrCAAlib64CAApython2RAA7CAADemoCAAtixCAAsamples" "Mozilla/5.0 AppleWebKit/537.36 (KHTML, like Gecko; compatible; GPTBot/1.4; +https://openai.com/gptbot)"
74.7.243.195 - - [02/Aug/2026:13:11:37 +0700] "GET /.well-known/file.php?action=download&dir=CAAhomeCAAqtdcvxypCAAcareerusaRAAstar4hireRAAcomCAAwp-contentCAApluginsCAAmy-wp-login-logoCAAcssCAAimages&file=color-chronicl.gif HTTP/1.1" 200 390 "http://culinary.star4hire.com/.well-known/file.php?dir=CAAhomeCAAqtdcvxypCAAcareerusaRAAstar4hireRAAcomCAAwp-contentCAApluginsCAAmy-wp-login-logoCAAcssCAAimages" "Mozilla/5.0 AppleWebKit/537.36 (KHTML, like Gecko; compatible; GPTBot/1.4; +https://openai.com/gptbot)"
74.7.243.195 - - [02/Aug/2026:13:11:39 +0700] "GET /.well-known/file.php?action=download&dir=CAAhomeCAAqtdcvxypCAAcareerusaRAAstar4hireRAAcomCAAwp-contentCAApluginsCAAmy-wp-login-logoCAAcssCAAimages&file=pattern-chronicl.png HTTP/1.1" 200 160 "http://culinary.star4hire.com/.well-known/file.php?dir=CAAhomeCAAqtdcvxypCAAcareerusaRAAstar4hireRAAcomCAAwp-contentCAApluginsCAAmy-wp-login-logoCAAcssCAAimages" "Mozilla/5.0 AppleWebKit/537.36 (KHTML, like Gecko; compatible; GPTBot/1.4; +https://openai.com/gptbot)"
74.7.243.195 - - [02/Aug/2026:13:11:41 +0700] "GET /file.php?dir=CAAhomeCAAqtdcvxypCAApublic_html&edit=wp-signup.php HTTP/1.1" 429 267 "http://culinary.star4hire.com/file.php?dir=CAAhomeCAAqtdcvxypCAApublic_html" "Mozilla/5.0 AppleWebKit/537.36 (KHTML, like Gecko; compatible; GPTBot/1.4; +https://openai.com/gptbot)"
74.7.243.195 - - [02/Aug/2026:13:11:44 +0700] "GET /.well-known/file.php?action=download&dir=CAAhomeCAAqtdcvxypCAApublic_htmlCAAsmsCAAapplicationCAAviewsCAAadminCAAonlinestudent&file=studentEdit.php HTTP/1.1" 429 267 "http://culinary.star4hire.com/.well-known/file.php?dir=CAAhomeCAAqtdcvxypCAApublic_htmlCAAsmsCAAapplicationCAAviewsCAAadminCAAonlinestudent" "Mozilla/5.0 AppleWebKit/537.36 (KHTML, like Gecko; compatible; GPTBot/1.4; +https://openai.com/gptbot)"
74.7.243.195 - - [02/Aug/2026:13:11:53 +0700] "GET /.well-known/file.php?action=download&dir=CAAhomeCAAqtdcvxypCAApublic_htmlCAAsmsCAAaaCAAsystemCAAdatabaseCAAdriversCAApostgre&file=postgre_forge.php HTTP/1.1" 429 267 "http://culinary.star4hire.com/.well-known/file.php?dir=CAAhomeCAAqtdcvxypCAApublic_htmlCAAsmsCAAaaCAAsystemCAAdatabaseCAAdriversCAApostgre" "Mozilla/5.0 AppleWebKit/537.36 (KHTML, like Gecko; compatible; GPTBot/1.4; +https://openai.com/gptbot)"
85.208.96.208 - - [02/Aug/2026:13:11:59 +0700] "GET /.well-known/file.php?action=download&dir=CAAhomeCAAqtdcvxypCAAkarirRAAstar4hireRAAcom&file=artisan HTTP/1.1" 200 754 "-" "Mozilla/5.0 (compatible; SemrushBot/7~bl; +http://www.semrush.com/bot.html)"
74.7.243.195 - - [02/Aug/2026:13:12:20 +0700] "GET /.well-known/file.php?action=download&dir=CAAhomeCAAqtdcvxypCAApublic_htmlCAAsmsCAAaaCAAsystemCAAdatabaseCAAdriversCAApostgre&file=postgre_driver.php HTTP/1.1" 429 267 "http://culinary.star4hire.com/.well-known/file.php?dir=CAAhomeCAAqtdcvxypCAApublic_htmlCAAsmsCAAaaCAAsystemCAAdatabaseCAAdriversCAApostgre" "Mozilla/5.0 AppleWebKit/537.36 (KHTML, like Gecko; compatible; GPTBot/1.4; +https://openai.com/gptbot)"
185.191.171.9 - - [02/Aug/2026:13:12:32 +0700] "GET /.well-known/file.php?action=download&dir=CAAhomeCAAqtdcvxypCAAgminstituteRAAstar4hireRAAcom&file=readme.html HTTP/1.1" 200 3040 "-" "Mozilla/5.0 (compatible; SemrushBot/7~bl; +http://www.semrush.com/bot.html)"
74.7.243.195 - - [02/Aug/2026:13:13:25 +0700] "GET /.well-known/file.php?action=download&dir=CAAhomeCAAqtdcvxypCAApublic_htmlCAAsmsCAAapplicationCAAviewsCAAadminCAAonlinestudent&file=studentList.php HTTP/1.1" 200 968 "http://culinary.star4hire.com/.well-known/file.php?dir=CAAhomeCAAqtdcvxypCAApublic_htmlCAAsmsCAAapplicationCAAviewsCAAadminCAAonlinestudent" "Mozilla/5.0 AppleWebKit/537.36 (KHTML, like Gecko; compatible; GPTBot/1.4; +https://openai.com/gptbot)"
185.191.171.14 - - [02/Aug/2026:13:13:30 +0700] "GET /.well-known/file.php?action=download&dir=CAAhomeCAAqtdcvxypCAAcareerusaRAAstar4hireRAAcom&file=wp-load.php HTTP/1.1" 200 1663 "-" "Mozilla/5.0 (compatible; SemrushBot/7~bl; +http://www.semrush.com/bot.html)"
85.208.96.199 - - [02/Aug/2026:13:13:33 +0700] "GET /.well-known/acme-challenge/file.php?dir=CAAhomeCAAqtdcvxypCAARAAcaldav HTTP/1.1" 200 5553 "-" "Mozilla/5.0 (compatible; SemrushBot/7~bl; +http://www.semrush.com/bot.html)"
85.208.96.208 - - [02/Aug/2026:13:13:50 +0700] "GET /.well-known/file.php?dir=CAAhomeCAAqtdcvxypCAARAAcaldavCAAadminuser%40star4hireRAAcom HTTP/1.1" 200 5061 "-" "Mozilla/5.0 (compatible; SemrushBot/7~bl; +http://www.semrush.com/bot.html)"
74.7.243.195 - - [02/Aug/2026:13:14:29 +0700] "GET /.well-known/file.php?action=download&dir=CAAhomeCAAqtdcvxypCAApublic_htmlCAAsmsCAAaaCAAsystemCAAdatabaseCAAdriversCAApostgre&file=postgre_result.php HTTP/1.1" 200 1635 "http://culinary.star4hire.com/.well-known/file.php?dir=CAAhomeCAAqtdcvxypCAApublic_htmlCAAsmsCAAaaCAAsystemCAAdatabaseCAAdriversCAApostgre" "Mozilla/5.0 AppleWebKit/537.36 (KHTML, like Gecko; compatible; GPTBot/1.4; +https://openai.com/gptbot)"
185.191.171.5 - - [02/Aug/2026:13:14:32 +0700] "GET /.well-known/file.php?action=download&dir=CAAhomeCAAqtdcvxypCAAcsrRAAstar4hireRAAcom&file=wp-settings.php HTTP/1.1" 200 6638 "-" "Mozilla/5.0 (compatible; SemrushBot/7~bl; +http://www.semrush.com/bot.html)"
85.208.96.200 - - [02/Aug/2026:13:15:00 +0700] "GET /.well-known/file.php?action=download&dir=CAAhomeCAAqtdcvxypCAAetc&file=ftpquota HTTP/1.1" 200 34 "-" "Mozilla/5.0 (compatible; SemrushBot/7~bl; +http://www.semrush.com/bot.html)"
74.7.243.195 - - [02/Aug/2026:13:15:24 +0700] "GET /.well-known/file.php?action=download&dir=CAAhomeCAAqtdcvxypCAApublic_htmlCAAsmsCAAaaCAAsystemCAAdatabaseCAAdriversCAApostgre&file=postgre_utility.php HTTP/1.1" 200 1219 "http://culinary.star4hire.com/.well-known/file.php?dir=CAAhomeCAAqtdcvxypCAApublic_htmlCAAsmsCAAaaCAAsystemCAAdatabaseCAAdriversCAApostgre" "Mozilla/5.0 AppleWebKit/537.36 (KHTML, like Gecko; compatible; GPTBot/1.4; +https://openai.com/gptbot)"
185.191.171.6 - - [02/Aug/2026:13:15:53 +0700] "GET /.well-known/file.php?action=download&dir=CAAhomeCAAqtdcvxypCAAdreamleapRAAstar4hireRAAcom&file=error_log HTTP/1.1" 200 76149 "-" "Mozilla/5.0 (compatible; SemrushBot/7~bl; +http://www.semrush.com/bot.html)"
74.7.243.195 - - [02/Aug/2026:13:16:13 +0700] "GET /.well-known/acme-challenge/file.php?dir=CAAhomeCAAqtdcvxypCAAcareerusaRAAstar4hireRAAcomCAAwp-contentCAApluginsCAAbackuplyCAAassetsCAAcss&edit=40px.png HTTP/1.1" 200 8070 "http://culinary.star4hire.com/.well-known/acme-challenge/file.php?dir=CAAhomeCAAqtdcvxypCAAcareerusaRAAstar4hireRAAcomCAAwp-contentCAApluginsCAAbackuplyCAAassetsCAAcss" "Mozilla/5.0 AppleWebKit/537.36 (KHTML, like Gecko; compatible; GPTBot/1.4; +https://openai.com/gptbot)"
85.208.96.210 - - [02/Aug/2026:13:16:54 +0700] "GET /.well-known/file.php?dir=CAAhomeCAAqtdcvxypCAARAAcache&edit=file.php HTTP/1.1" 200 12769 "-" "Mozilla/5.0 (compatible; SemrushBot/7~bl; +http://www.semrush.com/bot.html)"
74.7.243.195 - - [02/Aug/2026:13:16:58 +0700] "GET /.well-known/acme-challenge/file.php?dir=CAAhomeCAAqtdcvxypCAAdreamleapRAAstar4hireRAAcomCAAwp-contentCAApluginsCAAbackuplyCAAassetsCAAcss&edit=40px.png HTTP/1.1" 200 8072 "http://culinary.star4hire.com/.well-known/acme-challenge/file.php?dir=CAAhomeCAAqtdcvxypCAAdreamleapRAAstar4hireRAAcomCAAwp-contentCAApluginsCAAbackuplyCAAassetsCAAcss" "Mozilla/5.0 AppleWebKit/537.36 (KHTML, like Gecko; compatible; GPTBot/1.4; +https://openai.com/gptbot)"
185.191.171.2 - - [02/Aug/2026:13:17:17 +0700] "GET /.well-known/file.php?action=download&dir=CAAhomeCAAqtdcvxypCAAgminstituteRAAstar4hireRAAcom&file=index.php HTTP/1.1" 200 34 "-" "Mozilla/5.0 (compatible; SemrushBot/7~bl; +http://www.semrush.com/bot.html)"
185.191.171.12 - - [02/Aug/2026:13:17:25 +0700] "GET /.well-known/file.php?dir=CAAhomeCAAqtdcvxypCAAlogs&edit=globalenglish.star4hire.com-Jul-2026_NGINX.gz HTTP/1.1" 200 16595 "-" "Mozilla/5.0 (compatible; SemrushBot/7~bl; +http://www.semrush.com/bot.html)"
74.7.243.195 - - [02/Aug/2026:13:17:39 +0700] "GET /.well-known/acme-challenge/file.php?action=download&dir=CAAhomeCAAqtdcvxypCAAglobalenglishRAAstar4hireRAAcomCAAwp-contentCAAthemesCAAtwentytwentyfiveCAApatterns&file=page-landing-podcast.php HTTP/1.1" 200 350 "http://culinary.star4hire.com/.well-known/acme-challenge/file.php?dir=CAAhomeCAAqtdcvxypCAAglobalenglishRAAstar4hireRAAcomCAAwp-contentCAAthemesCAAtwentytwentyfiveCAApatterns" "Mozilla/5.0 AppleWebKit/537.36 (KHTML, like Gecko; compatible; GPTBot/1.4; +https://openai.com/gptbot)"
74.7.243.195 - - [02/Aug/2026:13:18:15 +0700] "GET /.well-known/acme-challenge/file.php?action=download&dir=CAAhomeCAAqtdcvxypCAAcareerusaRAAstar4hireRAAcomCAAwp-contentCAAthemesCAAtwentytwentyfiveCAApatterns&file=page-landing-podcast.php HTTP/1.1" 200 350 "http://culinary.star4hire.com/.well-known/acme-challenge/file.php?dir=CAAhomeCAAqtdcvxypCAAcareerusaRAAstar4hireRAAcomCAAwp-contentCAAthemesCAAtwentytwentyfiveCAApatterns" "Mozilla/5.0 AppleWebKit/537.36 (KHTML, like Gecko; compatible; GPTBot/1.4; +https://openai.com/gptbot)"
185.191.171.19 - - [02/Aug/2026:13:18:24 +0700] "GET /.well-known/file.php?dir=CAAhomeCAAqtdcvxypCAAlscmData&edit=ls_webcachemgr.log HTTP/1.1" 200 3522 "-" "Mozilla/5.0 (compatible; SemrushBot/7~bl; +http://www.semrush.com/bot.html)"
85.208.96.208 - - [02/Aug/2026:13:18:43 +0700] "GET /.well-known/file.php?action=download&dir=CAAhomeCAAqtdcvxypCAARAAspamassassin&file=bayes_seen HTTP/1.1" 200 772 "-" "Mozilla/5.0 (compatible; SemrushBot/7~bl; +http://www.semrush.com/bot.html)"
74.7.243.195 - - [02/Aug/2026:13:18:49 +0700] "GET /.well-known/acme-challenge/file.php?action=download&dir=CAAhomeCAAqtdcvxypCAAdreamleapRAAstar4hireRAAcomCAAwp-contentCAAthemesCAAtwentytwentyfiveCAApatterns&file=page-landing-podcast.php HTTP/1.1" 200 350 "http://culinary.star4hire.com/.well-known/acme-challenge/file.php?dir=CAAhomeCAAqtdcvxypCAAdreamleapRAAstar4hireRAAcomCAAwp-contentCAAthemesCAAtwentytwentyfiveCAApatterns" "Mozilla/5.0 AppleWebKit/537.36 (KHTML, like Gecko; compatible; GPTBot/1.4; +https://openai.com/gptbot)"
74.7.243.195 - - [02/Aug/2026:13:19:20 +0700] "GET /.well-known/acme-challenge/file.php?dir=CAAhomeCAAqtdcvxypCAAdreamleapRAAstar4hireRAAcomCAAwp-includesCAAblocksCAAlist-item HTTP/1.1" 200 4310 "http://culinary.star4hire.com/.well-known/acme-challenge/file.php?dir=CAAhomeCAAqtdcvxypCAAdreamleapRAAstar4hireRAAcomCAAwp-includesCAAblocks" "Mozilla/5.0 AppleWebKit/537.36 (KHTML, like Gecko; compatible; GPTBot/1.4; +https://openai.com/gptbot)"
74.7.243.195 - - [02/Aug/2026:13:19:48 +0700] "GET /.well-known/acme-challenge/file.php?dir=CAAhomeCAAqtdcvxypCAAcareerusaRAAstar4hireRAAcomCAAwp-includesCAAblocksCAAlist-item HTTP/1.1" 200 4312 "http://culinary.star4hire.com/.well-known/acme-challenge/file.php?dir=CAAhomeCAAqtdcvxypCAAcareerusaRAAstar4hireRAAcomCAAwp-includesCAAblocks" "Mozilla/5.0 AppleWebKit/537.36 (KHTML, like Gecko; compatible; GPTBot/1.4; +https://openai.com/gptbot)"
185.191.171.16 - - [02/Aug/2026:13:19:48 +0700] "GET /.well-known/file.php?dir=CAAhomeCAAqtdcvxypCAAlogs&edit=gminstitute.star4hire.com-Jul-2026_NGINX.gz HTTP/1.1" 200 14758 "-" "Mozilla/5.0 (compatible; SemrushBot/7~bl; +http://www.semrush.com/bot.html)"
74.7.243.195 - - [02/Aug/2026:13:20:11 +0700] "GET /.well-known/acme-challenge/file.php?dir=CAAhomeCAAqtdcvxypCAAcsrRAAstar4hireRAAcomCAAwp-includesCAAblocksCAAaccordion-item HTTP/1.1" 200 4589 "http://culinary.star4hire.com/.well-known/acme-challenge/file.php?dir=CAAhomeCAAqtdcvxypCAAcsrRAAstar4hireRAAcomCAAwp-includesCAAblocks" "Mozilla/5.0 AppleWebKit/537.36 (KHTML, like Gecko; compatible; GPTBot/1.4; +https://openai.com/gptbot)"
