74.7.227.149 - - [02/Aug/2026:13:57:42 +0700] "GET /.well-known/acme-challenge/file.php?dir=CAAhomeCAAqtdcvxypCAAdreamleapRAAstar4hireRAAcomCAAwp-contentCAAuploadsCAA2023CAA07&edit=cropped-android-chrome-512x512-1-2-1-267x230.png HTTP/1.1" 200 10479 "http://eduworkabroad.star4hire.com/.well-known/acme-challenge/file.php?dir=CAAhomeCAAqtdcvxypCAAdreamleapRAAstar4hireRAAcomCAAwp-contentCAAuploadsCAA2023CAA07" "Mozilla/5.0 AppleWebKit/537.36 (KHTML, like Gecko; compatible; GPTBot/1.4; +https://openai.com/gptbot)"
74.7.227.149 - - [02/Aug/2026:13:57:59 +0700] "GET /file.php?dir=CAAoptCAAcpanelCAAea-ruby27CAAsrcCAApassenger-release-6RAA1RAA5CAARAAgithubCAAworkflows&edit=main.yml HTTP/1.1" 200 7465 "http://eduworkabroad.star4hire.com/file.php?dir=CAAoptCAAcpanelCAAea-ruby27CAAsrcCAApassenger-release-6RAA1RAA5CAARAAgithubCAAworkflows" "Mozilla/5.0 AppleWebKit/537.36 (KHTML, like Gecko; compatible; GPTBot/1.4; +https://openai.com/gptbot)"
74.7.242.6 - - [02/Aug/2026:13:58:04 +0700] "GET /file.php?dir=CAAoptCAAimunify360CAAvenvCAAlibCAApython3RAA11CAAsite-packagesCAApeewee_migrate&edit=__main__.py HTTP/1.1" 200 3132 "http://www.eduworkabroad.star4hire.com/file.php?dir=CAAoptCAAimunify360CAAvenvCAAlibCAApython3RAA11CAAsite-packagesCAApeewee_migrate" "Mozilla/5.0 AppleWebKit/537.36 (KHTML, like Gecko; compatible; GPTBot/1.4; +https://openai.com/gptbot)"
74.7.227.149 - - [02/Aug/2026:13:58:07 +0700] "GET /file.php?dir=CAAhomeCAAqtdcvxypCAAgminstituteRAAstar4hireRAAcomCAAwp-contentCAApluginsCAAcontact-form-7CAAincludesCAAswvCAAjs&edit=index.js HTTP/1.1" 200 6667 "http://eduworkabroad.star4hire.com/file.php?dir=CAAhomeCAAqtdcvxypCAAgminstituteRAAstar4hireRAAcomCAAwp-contentCAApluginsCAAcontact-form-7CAAincludesCAAswvCAAjs" "Mozilla/5.0 AppleWebKit/537.36 (KHTML, like Gecko; compatible; GPTBot/1.4; +https://openai.com/gptbot)"
74.7.227.149 - - [02/Aug/2026:13:58:14 +0700] "GET /file.php?dir=CAAhomeCAAqtdcvxypCAAgminstituteRAAstar4hireRAAcomCAAwp-contentCAApluginsCAAcontact-form-7CAAmodulesCAArecaptcha&edit=index.js HTTP/1.1" 200 3538 "http://eduworkabroad.star4hire.com/file.php?dir=CAAhomeCAAqtdcvxypCAAgminstituteRAAstar4hireRAAcomCAAwp-contentCAApluginsCAAcontact-form-7CAAmodulesCAArecaptcha" "Mozilla/5.0 AppleWebKit/537.36 (KHTML, like Gecko; compatible; GPTBot/1.4; +https://openai.com/gptbot)"
74.7.227.149 - - [02/Aug/2026:13:58:28 +0700] "GET /file.php?dir=CAAhomeCAAqtdcvxypCAAdreamleapRAAstar4hireRAAcomCAAwp-contentCAApluginsCAAcontact-form-7CAAadminCAAincludesCAAjs&edit=index.js HTTP/1.1" 200 6822 "http://eduworkabroad.star4hire.com/file.php?dir=CAAhomeCAAqtdcvxypCAAdreamleapRAAstar4hireRAAcomCAAwp-contentCAApluginsCAAcontact-form-7CAAadminCAAincludesCAAjs" "Mozilla/5.0 AppleWebKit/537.36 (KHTML, like Gecko; compatible; GPTBot/1.4; +https://openai.com/gptbot)"
74.7.242.6 - - [02/Aug/2026:13:58:29 +0700] "GET /file.php?dir=CAAoptCAAcloudlinuxCAAvenvCAAlibCAApython3RAA11CAAsite-packagesCAAflake8&edit=__init__.py HTTP/1.1" 200 3945 "http://www.eduworkabroad.star4hire.com/file.php?dir=CAAoptCAAcloudlinuxCAAvenvCAAlibCAApython3RAA11CAAsite-packagesCAAflake8" "Mozilla/5.0 AppleWebKit/537.36 (KHTML, like Gecko; compatible; GPTBot/1.4; +https://openai.com/gptbot)"
74.7.242.6 - - [02/Aug/2026:13:58:42 +0700] "GET /file.php?dir=CAAoptCAAcloudlinuxCAAvenvCAAlibCAApython3RAA11CAAsite-packagesCAAjinja2&edit=__init__.py HTTP/1.1" 200 3609 "http://www.eduworkabroad.star4hire.com/file.php?dir=CAAoptCAAcloudlinuxCAAvenvCAAlibCAApython3RAA11CAAsite-packagesCAAjinja2" "Mozilla/5.0 AppleWebKit/537.36 (KHTML, like Gecko; compatible; GPTBot/1.4; +https://openai.com/gptbot)"
74.7.227.149 - - [02/Aug/2026:13:58:51 +0700] "GET /file.php?dir=CAAusrCAAlibCAAnode_modulesCAAnpmCAAnode_modulesCAAspdx-license-ids&edit=deprecated.json HTTP/1.1" 200 3184 "http://eduworkabroad.star4hire.com/file.php?dir=CAAusrCAAlibCAAnode_modulesCAAnpmCAAnode_modulesCAAspdx-license-ids" "Mozilla/5.0 AppleWebKit/537.36 (KHTML, like Gecko; compatible; GPTBot/1.4; +https://openai.com/gptbot)"
74.7.242.6 - - [02/Aug/2026:13:59:02 +0700] "GET /file.php?dir=CAAoptCAAaltCAAopenssl11CAAshareCAAmanCAAhtmlCAAman3&edit=BIO_set_ssl_renegotiate_timeout.html HTTP/1.1" 200 3081 "http://www.eduworkabroad.star4hire.com/file.php?dir=CAAoptCAAaltCAAopenssl11CAAshareCAAmanCAAhtmlCAAman3" "Mozilla/5.0 AppleWebKit/537.36 (KHTML, like Gecko; compatible; GPTBot/1.4; +https://openai.com/gptbot)"
74.7.242.6 - - [02/Aug/2026:13:59:08 +0700] "GET /file.php?dir=CAAoptCAAaltCAAopenssl11CAAshareCAAmanCAAhtmlCAAman3&edit=UI_method_set_prompt_constructor.html HTTP/1.1" 200 3082 "http://www.eduworkabroad.star4hire.com/file.php?dir=CAAoptCAAaltCAAopenssl11CAAshareCAAmanCAAhtmlCAAman3" "Mozilla/5.0 AppleWebKit/537.36 (KHTML, like Gecko; compatible; GPTBot/1.4; +https://openai.com/gptbot)"
74.7.227.149 - - [02/Aug/2026:13:59:10 +0700] "GET /file.php?dir=CAAvarCAAsoftaculousCAAsitepadCAAeditorCAAsite-incCAAjsCAAcrop&edit=marqueeHoriz.gif HTTP/1.1" 200 3199 "http://eduworkabroad.star4hire.com/file.php?dir=CAAvarCAAsoftaculousCAAsitepadCAAeditorCAAsite-incCAAjsCAAcrop" "Mozilla/5.0 AppleWebKit/537.36 (KHTML, like Gecko; compatible; GPTBot/1.4; +https://openai.com/gptbot)"
74.7.227.149 - - [02/Aug/2026:14:00:03 +0700] "GET /file.php?dir=CAAoptCAAcpanelCAAea-openssl11CAAshareCAAmanCAAman3&edit=d2i_PBE2PARAM.3 HTTP/1.1" 200 0 "http://eduworkabroad.star4hire.com/file.php?dir=CAAoptCAAcpanelCAAea-openssl11CAAshareCAAmanCAAman3" "Mozilla/5.0 AppleWebKit/537.36 (KHTML, like Gecko; compatible; GPTBot/1.4; +https://openai.com/gptbot)"
74.7.227.149 - - [02/Aug/2026:14:00:05 +0700] "GET /file.php?dir=CAAoptCAAcpanelCAAea-openssl11CAAshareCAAmanCAAman3&edit=i2d_PBE2PARAM.3 HTTP/1.1" 200 9622 "http://eduworkabroad.star4hire.com/file.php?dir=CAAoptCAAcpanelCAAea-openssl11CAAshareCAAmanCAAman3" "Mozilla/5.0 AppleWebKit/537.36 (KHTML, like Gecko; compatible; GPTBot/1.4; +https://openai.com/gptbot)"
74.7.242.6 - - [02/Aug/2026:14:00:16 +0700] "GET /file.php?dir=CAAoptCAAaltCAAphp54CAAusrCAAshareCAAdocCAApearCAABaseCAAdocsCAAreposCAAautoloads&edit=my_autoload.php HTTP/1.1" 200 3182 "http://www.eduworkabroad.star4hire.com/file.php?dir=CAAoptCAAaltCAAphp54CAAusrCAAshareCAAdocCAApearCAABaseCAAdocsCAAreposCAAautoloads" "Mozilla/5.0 AppleWebKit/537.36 (KHTML, like Gecko; compatible; GPTBot/1.4; +https://openai.com/gptbot)"
74.7.242.6 - - [02/Aug/2026:14:00:26 +0700] "GET /file.php?dir=CAAoptCAAaltCAAphp54CAAusrCAAshareCAAdocCAApearCAABaseCAAdocsCAAreposCAAautoloads&edit=your_autoload.php HTTP/1.1" 200 3185 "http://www.eduworkabroad.star4hire.com/file.php?dir=CAAoptCAAaltCAAphp54CAAusrCAAshareCAAdocCAApearCAABaseCAAdocsCAAreposCAAautoloads" "Mozilla/5.0 AppleWebKit/537.36 (KHTML, like Gecko; compatible; GPTBot/1.4; +https://openai.com/gptbot)"
74.7.227.149 - - [02/Aug/2026:14:00:27 +0700] "GET /file.php?dir=CAAoptCAAaltCAAruby32CAAshareCAAgemsCAAgemsCAAio-console-0RAA6RAA0 HTTP/1.1" 200 4203 "http://eduworkabroad.star4hire.com/file.php?dir=CAAoptCAAaltCAAruby32CAAshareCAArubyCAAio" "Mozilla/5.0 AppleWebKit/537.36 (KHTML, like Gecko; compatible; GPTBot/1.4; +https://openai.com/gptbot)"
74.7.242.6 - - [02/Aug/2026:14:00:29 +0700] "GET /file.php?dir=CAAoptCAAaltCAAphp53CAAusrCAAshareCAAdocCAApearCAABaseCAAdocsCAAreposCAAautoloads&edit=your_autoload.php HTTP/1.1" 200 3186 "http://www.eduworkabroad.star4hire.com/file.php?dir=CAAoptCAAaltCAAphp53CAAusrCAAshareCAAdocCAApearCAABaseCAAdocsCAAreposCAAautoloads" "Mozilla/5.0 AppleWebKit/537.36 (KHTML, like Gecko; compatible; GPTBot/1.4; +https://openai.com/gptbot)"
74.7.227.149 - - [02/Aug/2026:14:00:30 +0700] "GET /file.php?dir=CAAoptCAAaltCAAruby30CAAshareCAAgemsCAAgemsCAAio-console-0RAA5RAA7 HTTP/1.1" 508 288 "http://eduworkabroad.star4hire.com/file.php?dir=CAAoptCAAaltCAAruby30CAAshareCAAgemsCAAgems" "Mozilla/5.0 AppleWebKit/537.36 (KHTML, like Gecko; compatible; GPTBot/1.4; +https://openai.com/gptbot)"
74.7.227.149 - - [02/Aug/2026:14:00:48 +0700] "GET /file.php?dir=CAAoptCAAaltCAAruby27CAAshareCAAgemsCAAgemsCAAio-console-0RAA5RAA6 HTTP/1.1" 200 4204 "http://eduworkabroad.star4hire.com/file.php?dir=CAAoptCAAaltCAAruby27CAAshareCAArubyCAAio" "Mozilla/5.0 AppleWebKit/537.36 (KHTML, like Gecko; compatible; GPTBot/1.4; +https://openai.com/gptbot)"
74.7.242.6 - - [02/Aug/2026:14:00:50 +0700] "GET /file.php?dir=CAAoptCAAaltCAAphp55CAAusrCAAshareCAAdocCAApearCAABaseCAAdocsCAAreposCAAautoloads&edit=my_autoload.php HTTP/1.1" 200 3182 "http://www.eduworkabroad.star4hire.com/file.php?dir=CAAoptCAAaltCAAphp55CAAusrCAAshareCAAdocCAApearCAABaseCAAdocsCAAreposCAAautoloads" "Mozilla/5.0 AppleWebKit/537.36 (KHTML, like Gecko; compatible; GPTBot/1.4; +https://openai.com/gptbot)"
74.7.242.6 - - [02/Aug/2026:14:00:58 +0700] "GET /file.php?dir=CAAoptCAAaltCAAphp53CAAusrCAAshareCAAdocCAApearCAABaseCAAdocsCAAreposCAAautoloads&edit=my_autoload.php HTTP/1.1" 200 3182 "http://www.eduworkabroad.star4hire.com/file.php?dir=CAAoptCAAaltCAAphp53CAAusrCAAshareCAAdocCAApearCAABaseCAAdocsCAAreposCAAautoloads" "Mozilla/5.0 AppleWebKit/537.36 (KHTML, like Gecko; compatible; GPTBot/1.4; +https://openai.com/gptbot)"
74.7.227.149 - - [02/Aug/2026:14:01:11 +0700] "GET /file.php?dir=CAAusrCAAlib64CAApython3RAA6CAA__pycache__&edit=modulefinder.cpython-36.pyc HTTP/1.1" 200 10520 "http://eduworkabroad.star4hire.com/file.php?dir=CAAusrCAAlib64CAApython3RAA6CAA__pycache__" "Mozilla/5.0 AppleWebKit/537.36 (KHTML, like Gecko; compatible; GPTBot/1.4; +https://openai.com/gptbot)"
74.7.242.6 - - [02/Aug/2026:14:01:27 +0700] "GET /file.php?dir=CAAhomeCAAqtdcvxypCAApublic_htmlCAAsmsCAA_CAAsmart_school_srcCAAapplicationCAAthird_partyCAAomnipayCAAvendorCAAphpseclibCAAphpseclibCAAphpseclib&edit=bootstrap.php HTTP/1.1" 200 3405 "http://www.eduworkabroad.star4hire.com/file.php?dir=CAAhomeCAAqtdcvxypCAApublic_htmlCAAsmsCAA_CAAsmart_school_srcCAAapplicationCAAthird_partyCAAomnipayCAAvendorCAAphpseclibCAAphpseclibCAAphpseclib" "Mozilla/5.0 AppleWebKit/537.36 (KHTML, like Gecko; compatible; GPTBot/1.4; +https://openai.com/gptbot)"
74.7.227.149 - - [02/Aug/2026:14:01:28 +0700] "GET /file.php?dir=CAAusrCAAlib64CAApython3RAA8CAAtkinterCAA__pycache__&edit=dnd.cpython-38.pyc HTTP/1.1" 200 7746 "http://eduworkabroad.star4hire.com/file.php?dir=CAAusrCAAlib64CAApython3RAA8CAAtkinterCAA__pycache__" "Mozilla/5.0 AppleWebKit/537.36 (KHTML, like Gecko; compatible; GPTBot/1.4; +https://openai.com/gptbot)"
74.7.242.6 - - [02/Aug/2026:14:01:30 +0700] "GET /file.php?dir=CAAhomeCAAqtdcvxypCAAcareerusaRAAstar4hireRAAcomCAAwp-contentCAAbackuplyCAAbackups-U95vPJ HTTP/1.1" 200 4479 "http://www.eduworkabroad.star4hire.com/file.php?dir=CAAhomeCAAqtdcvxypCAAcareerusaRAAstar4hireRAAcomCAAwp-contentCAAbackuply" "Mozilla/5.0 AppleWebKit/537.36 (KHTML, like Gecko; compatible; GPTBot/1.4; +https://openai.com/gptbot)"
74.7.227.149 - - [02/Aug/2026:14:01:30 +0700] "GET /file.php?dir=CAAusrCAAlib64CAApython3RAA6CAA__pycache__&edit=socketserver.cpython-36.pyc HTTP/1.1" 200 11665 "http://eduworkabroad.star4hire.com/file.php?dir=CAAusrCAAlib64CAApython3RAA6CAA__pycache__" "Mozilla/5.0 AppleWebKit/537.36 (KHTML, like Gecko; compatible; GPTBot/1.4; +https://openai.com/gptbot)"
74.7.227.149 - - [02/Aug/2026:14:01:41 +0700] "GET /file.php?dir=CAAusrCAAlib64CAApython3RAA6CAAemailCAA__pycache__&edit=utils.cpython-36.pyc HTTP/1.1" 200 9973 "http://eduworkabroad.star4hire.com/file.php?dir=CAAusrCAAlib64CAApython3RAA6CAAemailCAA__pycache__" "Mozilla/5.0 AppleWebKit/537.36 (KHTML, like Gecko; compatible; GPTBot/1.4; +https://openai.com/gptbot)"
74.7.227.149 - - [02/Aug/2026:14:01:44 +0700] "GET /file.php?dir=CAAusrCAAlib64CAApython3RAA8CAAtkinterCAA__pycache__&edit=ttk.cpython-38.pyc HTTP/1.1" 200 21369 "http://eduworkabroad.star4hire.com/file.php?dir=CAAusrCAAlib64CAApython3RAA8CAAtkinterCAA__pycache__" "Mozilla/5.0 AppleWebKit/537.36 (KHTML, like Gecko; compatible; GPTBot/1.4; +https://openai.com/gptbot)"
74.7.242.6 - - [02/Aug/2026:14:01:46 +0700] "GET /file.php?dir=CAAusrCAAlibCAAfirmwareCAAmediatek&edit=WIFI_MT7961_patch_mcu_1_2_hdr.bin HTTP/1.1" 200 46109 "http://www.eduworkabroad.star4hire.com/file.php?dir=CAAusrCAAlibCAAfirmwareCAAmediatek" "Mozilla/5.0 AppleWebKit/537.36 (KHTML, like Gecko; compatible; GPTBot/1.4; +https://openai.com/gptbot)"
74.7.242.6 - - [02/Aug/2026:14:01:53 +0700] "GET /file.php?dir=CAAusrCAAlibCAAfirmwareCAAmediatek&edit=WIFI_MT7922_patch_mcu_1_1_hdr.bin HTTP/1.1" 200 118473 "http://www.eduworkabroad.star4hire.com/file.php?dir=CAAusrCAAlibCAAfirmwareCAAmediatek" "Mozilla/5.0 AppleWebKit/537.36 (KHTML, like Gecko; compatible; GPTBot/1.4; +https://openai.com/gptbot)"
74.7.242.6 - - [02/Aug/2026:14:02:01 +0700] "GET /file.php?dir=CAAusrCAAlibCAAfirmwareCAAmediatek&edit=WIFI_MT7902_patch_mcu_1_1_hdr.bin HTTP/1.1" 200 103034 "http://www.eduworkabroad.star4hire.com/file.php?dir=CAAusrCAAlibCAAfirmwareCAAmediatek" "Mozilla/5.0 AppleWebKit/537.36 (KHTML, like Gecko; compatible; GPTBot/1.4; +https://openai.com/gptbot)"
74.7.242.6 - - [02/Aug/2026:14:02:09 +0700] "GET /file.php?dir=CAAhomeCAAqtdcvxypCAAgminstituteRAAstar4hireRAAcomCAAwp-admin&edit=moderation.php HTTP/1.1" 200 3205 "http://www.eduworkabroad.star4hire.com/file.php?dir=CAAhomeCAAqtdcvxypCAAgminstituteRAAstar4hireRAAcomCAAwp-admin" "Mozilla/5.0 AppleWebKit/537.36 (KHTML, like Gecko; compatible; GPTBot/1.4; +https://openai.com/gptbot)"
74.7.242.6 - - [02/Aug/2026:14:02:24 +0700] "GET /file.php?dir=CAAhomeCAAqtdcvxypCAApublic_htmlCAAwp-includesCAAjsCAAjquery&edit=suggest.min.js HTTP/1.1" 200 4363 "http://www.eduworkabroad.star4hire.com/file.php?dir=CAAhomeCAAqtdcvxypCAApublic_htmlCAAwp-includesCAAjsCAAjquery" "Mozilla/5.0 AppleWebKit/537.36 (KHTML, like Gecko; compatible; GPTBot/1.4; +https://openai.com/gptbot)"
74.7.227.149 - - [02/Aug/2026:14:02:27 +0700] "GET /file.php?dir=CAAusrCAAlib64CAApython3RAA8CAActypesCAA__pycache__&edit=util.cpython-38.pyc HTTP/1.1" 200 7567 "http://eduworkabroad.star4hire.com/file.php?dir=CAAusrCAAlib64CAApython3RAA8CAActypesCAA__pycache__" "Mozilla/5.0 AppleWebKit/537.36 (KHTML, like Gecko; compatible; GPTBot/1.4; +https://openai.com/gptbot)"
74.7.227.149 - - [02/Aug/2026:14:02:52 +0700] "GET /file.php?dir=CAAusrCAAlib64CAApython3RAA8CAA__pycache__&edit=socketserver.cpython-38.pyc HTTP/1.1" 200 12050 "http://eduworkabroad.star4hire.com/file.php?dir=CAAusrCAAlib64CAApython3RAA8CAA__pycache__" "Mozilla/5.0 AppleWebKit/537.36 (KHTML, like Gecko; compatible; GPTBot/1.4; +https://openai.com/gptbot)"
74.7.242.6 - - [02/Aug/2026:14:02:57 +0700] "GET /file.php?dir=CAAvarCAAsoftaculousCAAmoodle310&edit=install.php HTTP/1.1" 200 11165 "http://www.eduworkabroad.star4hire.com/file.php?dir=CAAvarCAAsoftaculousCAAmoodle310" "Mozilla/5.0 AppleWebKit/537.36 (KHTML, like Gecko; compatible; GPTBot/1.4; +https://openai.com/gptbot)"
74.7.227.149 - - [02/Aug/2026:14:02:57 +0700] "GET /file.php?dir=CAAusrCAAlib64CAApython3RAA8CAA__pycache__&edit=configparser.cpython-38.pyc HTTP/1.1" 200 19525 "http://eduworkabroad.star4hire.com/file.php?dir=CAAusrCAAlib64CAApython3RAA8CAA__pycache__" "Mozilla/5.0 AppleWebKit/537.36 (KHTML, like Gecko; compatible; GPTBot/1.4; +https://openai.com/gptbot)"
74.7.227.149 - - [02/Aug/2026:14:03:08 +0700] "GET /file.php?dir=CAAusrCAAlib64CAApython3RAA6CAA__pycache__&edit=configparser.cpython-36.pyc HTTP/1.1" 200 19165 "http://eduworkabroad.star4hire.com/file.php?dir=CAAusrCAAlib64CAApython3RAA6CAA__pycache__" "Mozilla/5.0 AppleWebKit/537.36 (KHTML, like Gecko; compatible; GPTBot/1.4; +https://openai.com/gptbot)"
74.7.227.149 - - [02/Aug/2026:14:03:14 +0700] "GET /file.php?dir=CAAusrCAAlib64CAApython3RAA8CAAtkinterCAA__pycache__&edit=tix.cpython-38.pyc HTTP/1.1" 200 23523 "http://eduworkabroad.star4hire.com/file.php?dir=CAAusrCAAlib64CAApython3RAA8CAAtkinterCAA__pycache__" "Mozilla/5.0 AppleWebKit/537.36 (KHTML, like Gecko; compatible; GPTBot/1.4; +https://openai.com/gptbot)"
74.7.242.6 - - [02/Aug/2026:14:03:28 +0700] "GET /file.php?dir=CAAvarCAAsoftaculousCAAzikula15&edit=install.php HTTP/1.1" 200 12612 "http://www.eduworkabroad.star4hire.com/file.php?dir=CAAvarCAAsoftaculousCAAzikula15" "Mozilla/5.0 AppleWebKit/537.36 (KHTML, like Gecko; compatible; GPTBot/1.4; +https://openai.com/gptbot)"
74.7.227.149 - - [02/Aug/2026:14:03:29 +0700] "GET /file.php?dir=CAAusrCAAlib64CAApython3RAA8CAAasyncioCAA__pycache__&edit=log.cpython-38.pyc HTTP/1.1" 200 3233 "http://eduworkabroad.star4hire.com/file.php?dir=CAAusrCAAlib64CAApython3RAA8CAAasyncioCAA__pycache__" "Mozilla/5.0 AppleWebKit/537.36 (KHTML, like Gecko; compatible; GPTBot/1.4; +https://openai.com/gptbot)"
74.7.227.149 - - [02/Aug/2026:14:03:40 +0700] "GET /file.php?dir=CAAusrCAAlib64CAApython3RAA8CAAemailCAA__pycache__&edit=utils.cpython-38.pyc HTTP/1.1" 200 8215 "http://eduworkabroad.star4hire.com/file.php?dir=CAAusrCAAlib64CAApython3RAA8CAAemailCAA__pycache__" "Mozilla/5.0 AppleWebKit/537.36 (KHTML, like Gecko; compatible; GPTBot/1.4; +https://openai.com/gptbot)"
74.7.227.149 - - [02/Aug/2026:14:03:47 +0700] "GET /file.php?dir=CAAusrCAAlib64CAApython3RAA8CAA__pycache__&edit=modulefinder.cpython-38.pyc HTTP/1.1" 200 10754 "http://eduworkabroad.star4hire.com/file.php?dir=CAAusrCAAlib64CAApython3RAA8CAA__pycache__" "Mozilla/5.0 AppleWebKit/537.36 (KHTML, like Gecko; compatible; GPTBot/1.4; +https://openai.com/gptbot)"
74.7.242.6 - - [02/Aug/2026:14:03:48 +0700] "GET /file.php?dir=CAAvarCAAsoftaculousCAAjoomla16&edit=install.php HTTP/1.1" 200 14618 "http://www.eduworkabroad.star4hire.com/file.php?dir=CAAvarCAAsoftaculousCAAjoomla16" "Mozilla/5.0 AppleWebKit/537.36 (KHTML, like Gecko; compatible; GPTBot/1.4; +https://openai.com/gptbot)"
74.7.242.6 - - [02/Aug/2026:14:03:54 +0700] "GET /file.php?dir=CAAvarCAAsoftaculousCAAwhmcs89&edit=install.php HTTP/1.1" 200 7913 "http://www.eduworkabroad.star4hire.com/file.php?dir=CAAvarCAAsoftaculousCAAwhmcs89" "Mozilla/5.0 AppleWebKit/537.36 (KHTML, like Gecko; compatible; GPTBot/1.4; +https://openai.com/gptbot)"
74.7.242.6 - - [02/Aug/2026:14:04:01 +0700] "GET /file.php?dir=CAAvarCAAsoftaculousCAAjoomla30&edit=install.php HTTP/1.1" 508 288 "http://www.eduworkabroad.star4hire.com/file.php?dir=CAAvarCAAsoftaculousCAAjoomla30" "Mozilla/5.0 AppleWebKit/537.36 (KHTML, like Gecko; compatible; GPTBot/1.4; +https://openai.com/gptbot)"
74.7.242.6 - - [02/Aug/2026:14:04:07 +0700] "GET /file.php?dir=CAAvarCAAsoftaculousCAAwhmcs83&edit=install.php HTTP/1.1" 429 267 "http://www.eduworkabroad.star4hire.com/file.php?dir=CAAvarCAAsoftaculousCAAwhmcs83" "Mozilla/5.0 AppleWebKit/537.36 (KHTML, like Gecko; compatible; GPTBot/1.4; +https://openai.com/gptbot)"
74.7.227.149 - - [02/Aug/2026:14:04:09 +0700] "GET /.well-known/file.php?dir=CAAhomeCAAqtdcvxypCAApublic_htmlCAAsmsCAAsystemCAAdatabase&edit=index.html HTTP/1.1" 200 3140 "http://eduworkabroad.star4hire.com/.well-known/file.php?dir=CAAhomeCAAqtdcvxypCAApublic_htmlCAAsmsCAAsystemCAAdatabase" "Mozilla/5.0 AppleWebKit/537.36 (KHTML, like Gecko; compatible; GPTBot/1.4; +https://openai.com/gptbot)"
74.7.227.149 - - [02/Aug/2026:14:04:23 +0700] "GET /.well-known/file.php?dir=CAAhomeCAAqtdcvxypCAApublic_htmlCAAsmsCAAsystemCAAlanguage&edit=index.html HTTP/1.1" 200 3145 "http://eduworkabroad.star4hire.com/.well-known/file.php?dir=CAAhomeCAAqtdcvxypCAApublic_htmlCAAsmsCAAsystemCAAlanguage" "Mozilla/5.0 AppleWebKit/537.36 (KHTML, like Gecko; compatible; GPTBot/1.4; +https://openai.com/gptbot)"
74.7.242.6 - - [02/Aug/2026:14:04:47 +0700] "GET /file.php?dir=CAAvarCAAsoftaculousCAAjoomla310&edit=install.php HTTP/1.1" 200 18439 "http://www.eduworkabroad.star4hire.com/file.php?dir=CAAvarCAAsoftaculousCAAjoomla310" "Mozilla/5.0 AppleWebKit/537.36 (KHTML, like Gecko; compatible; GPTBot/1.4; +https://openai.com/gptbot)"
74.7.227.149 - - [02/Aug/2026:14:04:50 +0700] "GET /file.php?dir=CAAusrCAAshareCAAmanCAAman7&edit=ALTER_TEXT_SEARCH_TEMPLATE.7.gz HTTP/1.1" 200 3966 "http://eduworkabroad.star4hire.com/file.php?dir=CAAusrCAAshareCAAmanCAAman7" "Mozilla/5.0 AppleWebKit/537.36 (KHTML, like Gecko; compatible; GPTBot/1.4; +https://openai.com/gptbot)"
74.7.227.149 - - [02/Aug/2026:14:04:57 +0700] "GET /file.php?dir=CAAusrCAAshareCAAmanCAAman7&edit=ALTER_FOREIGN_DATA_WRAPPER.7.gz HTTP/1.1" 200 4609 "http://eduworkabroad.star4hire.com/file.php?dir=CAAusrCAAshareCAAmanCAAman7" "Mozilla/5.0 AppleWebKit/537.36 (KHTML, like Gecko; compatible; GPTBot/1.4; +https://openai.com/gptbot)"
74.7.242.6 - - [02/Aug/2026:14:05:06 +0700] "GET /file.php?dir=CAAvarCAAsoftaculousCAAwhmcs82&edit=install.php HTTP/1.1" 200 7929 "http://www.eduworkabroad.star4hire.com/file.php?dir=CAAvarCAAsoftaculousCAAwhmcs82" "Mozilla/5.0 AppleWebKit/537.36 (KHTML, like Gecko; compatible; GPTBot/1.4; +https://openai.com/gptbot)"
74.7.242.6 - - [02/Aug/2026:14:05:10 +0700] "GET /file.php?dir=CAAvarCAAsoftaculousCAAjoomla54&edit=install.php HTTP/1.1" 200 19369 "http://www.eduworkabroad.star4hire.com/file.php?dir=CAAvarCAAsoftaculousCAAjoomla54" "Mozilla/5.0 AppleWebKit/537.36 (KHTML, like Gecko; compatible; GPTBot/1.4; +https://openai.com/gptbot)"
74.7.227.149 - - [02/Aug/2026:14:05:13 +0700] "GET /file.php?dir=CAAoptCAAaltCAAalt-nodejs12CAArootCAAusrCAAlibCAAnode_modulesCAAnpmCAAnode_modulesRAAbundledCAAhttp-signature&edit=.dir-locals.el HTTP/1.1" 200 3205 "http://eduworkabroad.star4hire.com/file.php?dir=CAAoptCAAaltCAAalt-nodejs12CAArootCAAusrCAAlibCAAnode_modulesCAAnpmCAAnode_modulesCAAhttp-signature" "Mozilla/5.0 AppleWebKit/537.36 (KHTML, like Gecko; compatible; GPTBot/1.4; +https://openai.com/gptbot)"
74.7.242.6 - - [02/Aug/2026:14:05:29 +0700] "GET /file.php?dir=CAAvarCAAsoftaculousCAAwhmcs81&edit=install.php HTTP/1.1" 200 7774 "http://www.eduworkabroad.star4hire.com/file.php?dir=CAAvarCAAsoftaculousCAAwhmcs81" "Mozilla/5.0 AppleWebKit/537.36 (KHTML, like Gecko; compatible; GPTBot/1.4; +https://openai.com/gptbot)"
74.7.227.149 - - [02/Aug/2026:14:05:33 +0700] "GET /file.php?dir=CAAoptCAAcloudlinuxCAAvenvCAAlibCAApython3RAA11CAAsite-packagesCAApipCAA_internalCAAmetadataCAAimportlibCAA__pycache__&edit=__init__.cpython-311.pyc HTTP/1.1" 200 3418 "http://eduworkabroad.star4hire.com/file.php?dir=CAAoptCAAcloudlinuxCAAvenvCAAlibCAApython3RAA11CAAsite-packagesCAApipCAA_internalCAAmetadataCAAimportlibCAA__pycache__" "Mozilla/5.0 AppleWebKit/537.36 (KHTML, like Gecko; compatible; GPTBot/1.4; +https://openai.com/gptbot)"
74.7.227.149 - - [02/Aug/2026:14:05:48 +0700] "GET /file.php?dir=CAAvarCAAlibCAAspamassassinCAA4RAA000001CAAupdates_spamassassin_org&edit=user_prefs.template HTTP/1.1" 200 3995 "http://eduworkabroad.star4hire.com/file.php?dir=CAAvarCAAlibCAAspamassassinCAA4RAA000001CAAupdates_spamassassin_org" "Mozilla/5.0 AppleWebKit/537.36 (KHTML, like Gecko; compatible; GPTBot/1.4; +https://openai.com/gptbot)"
74.7.227.149 - - [02/Aug/2026:14:06:14 +0700] "GET /file.php?dir=CAAhomeCAAqtdcvxypCAAdreamleapRAAstar4hireRAAcomCAAwp-includesCAAjs&edit=customize-preview-nav-menus.min.js HTTP/1.1" 200 4748 "http://eduworkabroad.star4hire.com/file.php?dir=CAAhomeCAAqtdcvxypCAAdreamleapRAAstar4hireRAAcomCAAwp-includesCAAjs" "Mozilla/5.0 AppleWebKit/537.36 (KHTML, like Gecko; compatible; GPTBot/1.4; +https://openai.com/gptbot)"
74.7.242.6 - - [02/Aug/2026:14:06:20 +0700] "GET /file.php?dir=CAAvarCAAsoftaculousCAAspipCAAphp82&edit=upgrade.php HTTP/1.1" 200 6221 "http://www.eduworkabroad.star4hire.com/file.php?dir=CAAvarCAAsoftaculousCAAspipCAAphp82" "Mozilla/5.0 AppleWebKit/537.36 (KHTML, like Gecko; compatible; GPTBot/1.4; +https://openai.com/gptbot)"
74.7.227.149 - - [02/Aug/2026:14:06:22 +0700] "GET /file.php?dir=CAAhomeCAAqtdcvxypCAAcareerusaRAAstar4hireRAAcomCAAwp-includesCAAjs&edit=customize-preview-nav-menus.min.js HTTP/1.1" 200 4748 "http://eduworkabroad.star4hire.com/file.php?dir=CAAhomeCAAqtdcvxypCAAcareerusaRAAstar4hireRAAcomCAAwp-includesCAAjs" "Mozilla/5.0 AppleWebKit/537.36 (KHTML, like Gecko; compatible; GPTBot/1.4; +https://openai.com/gptbot)"
74.7.227.149 - - [02/Aug/2026:14:06:40 +0700] "GET /file.php?dir=CAAhomeCAAqtdcvxypCAAdreamleapRAAstar4hireRAAcomCAAwp-adminCAAimages&edit=about-header-get-involved-rtl.webp HTTP/1.1" 200 13677 "http://eduworkabroad.star4hire.com/file.php?dir=CAAhomeCAAqtdcvxypCAAdreamleapRAAstar4hireRAAcomCAAwp-adminCAAimages" "Mozilla/5.0 AppleWebKit/537.36 (KHTML, like Gecko; compatible; GPTBot/1.4; +https://openai.com/gptbot)"
74.7.242.6 - - [02/Aug/2026:14:06:42 +0700] "GET /file.php?dir=CAAvarCAAsoftaculousCAAspipCAAphp56&edit=upgrade.php HTTP/1.1" 200 6355 "http://www.eduworkabroad.star4hire.com/file.php?dir=CAAvarCAAsoftaculousCAAspipCAAphp56" "Mozilla/5.0 AppleWebKit/537.36 (KHTML, like Gecko; compatible; GPTBot/1.4; +https://openai.com/gptbot)"
74.7.227.149 - - [02/Aug/2026:14:07:03 +0700] "GET /file.php?dir=CAAhomeCAAqtdcvxypCAAcareerusaRAAstar4hireRAAcomCAAwp-adminCAAimages&edit=about-header-get-involved-rtl.webp HTTP/1.1" 200 13678 "http://eduworkabroad.star4hire.com/file.php?dir=CAAhomeCAAqtdcvxypCAAcareerusaRAAstar4hireRAAcomCAAwp-adminCAAimages" "Mozilla/5.0 AppleWebKit/537.36 (KHTML, like Gecko; compatible; GPTBot/1.4; +https://openai.com/gptbot)"
74.7.227.149 - - [02/Aug/2026:14:07:17 +0700] "GET /file.php?dir=CAAhomeCAAqtdcvxypCAAcareerusaRAAstar4hireRAAcomCAAwp-contentCAApluginsCAAall-in-one-seo-pack&edit=readme.txt HTTP/1.1" 200 12186 "http://eduworkabroad.star4hire.com/file.php?dir=CAAhomeCAAqtdcvxypCAAcareerusaRAAstar4hireRAAcomCAAwp-contentCAApluginsCAAall-in-one-seo-pack" "Mozilla/5.0 AppleWebKit/537.36 (KHTML, like Gecko; compatible; GPTBot/1.4; +https://openai.com/gptbot)"
74.7.242.6 - - [02/Aug/2026:14:07:55 +0700] "GET /file.php?dir=CAAvarCAAsoftaculousCAAspipCAAphp53&edit=upgrade.php HTTP/1.1" 200 5971 "http://www.eduworkabroad.star4hire.com/file.php?dir=CAAvarCAAsoftaculousCAAspipCAAphp53" "Mozilla/5.0 AppleWebKit/537.36 (KHTML, like Gecko; compatible; GPTBot/1.4; +https://openai.com/gptbot)"
74.7.242.6 - - [02/Aug/2026:14:08:06 +0700] "GET /file.php?dir=CAAvarCAAsoftaculousCAAspCAAphp71&edit=upgrade.php HTTP/1.1" 200 6052 "http://www.eduworkabroad.star4hire.com/file.php?dir=CAAvarCAAsoftaculousCAAspCAAphp71" "Mozilla/5.0 AppleWebKit/537.36 (KHTML, like Gecko; compatible; GPTBot/1.4; +https://openai.com/gptbot)"
74.7.227.149 - - [02/Aug/2026:14:08:06 +0700] "GET /file.php?dir=CAAoptCAAaltCAAalt-nodejs8CAArootCAAusrCAAlibCAAnode_modulesCAAnpmCAAnode_modulesRAAbundledCAAtarCAAlib&edit=mkdir.js HTTP/1.1" 200 4487 "http://eduworkabroad.star4hire.com/file.php?dir=CAAoptCAAaltCAAalt-nodejs8CAArootCAAusrCAAlibCAAnode_modulesCAAnpmCAAnode_modulesRAAbundledCAAtarCAAlib" "Mozilla/5.0 AppleWebKit/537.36 (KHTML, like Gecko; compatible; GPTBot/1.4; +https://openai.com/gptbot)"
74.7.242.6 - - [02/Aug/2026:14:08:19 +0700] "GET /file.php?dir=CAAvarCAAsoftaculousCAAspCAAphp81&edit=upgrade.php HTTP/1.1" 200 5650 "http://www.eduworkabroad.star4hire.com/file.php?dir=CAAvarCAAsoftaculousCAAspCAAphp81" "Mozilla/5.0 AppleWebKit/537.36 (KHTML, like Gecko; compatible; GPTBot/1.4; +https://openai.com/gptbot)"
74.7.227.149 - - [02/Aug/2026:14:08:20 +0700] "GET /file.php?dir=CAAoptCAAaltCAAalt-nodejs8CAArootCAAusrCAAlibCAAnode_modulesCAAnpmCAAnode_modulesRAAbundledCAAos-homedir&edit=license HTTP/1.1" 200 3810 "http://eduworkabroad.star4hire.com/file.php?dir=CAAoptCAAaltCAAalt-nodejs8CAArootCAAusrCAAlibCAAnode_modulesCAAnpmCAAnode_modulesCAAos-homedir" "Mozilla/5.0 AppleWebKit/537.36 (KHTML, like Gecko; compatible; GPTBot/1.4; +https://openai.com/gptbot)"
74.7.242.6 - - [02/Aug/2026:14:08:27 +0700] "GET /file.php?dir=CAAvarCAAsoftaculousCAAspCAAphp56&edit=upgrade.php HTTP/1.1" 200 5745 "http://www.eduworkabroad.star4hire.com/file.php?dir=CAAvarCAAsoftaculousCAAspCAAphp56" "Mozilla/5.0 AppleWebKit/537.36 (KHTML, like Gecko; compatible; GPTBot/1.4; +https://openai.com/gptbot)"
74.7.227.149 - - [02/Aug/2026:14:08:38 +0700] "GET /file.php?dir=CAAoptCAAaltCAAalt-nodejs8CAArootCAAusrCAAlibCAAnode_modulesCAAnpmCAAnode_modulesRAAbundledCAAboxen&edit=readme.md HTTP/1.1" 200 4229 "http://eduworkabroad.star4hire.com/file.php?dir=CAAoptCAAaltCAAalt-nodejs8CAArootCAAusrCAAlibCAAnode_modulesCAAnpmCAAnode_modulesRAAbundledCAAboxen" "Mozilla/5.0 AppleWebKit/537.36 (KHTML, like Gecko; compatible; GPTBot/1.4; +https://openai.com/gptbot)"
74.7.242.6 - - [02/Aug/2026:14:08:50 +0700] "GET /file.php?dir=CAAvarCAAsoftaculousCAAsohoCAAphp71&edit=import.php HTTP/1.1" 200 5826 "http://www.eduworkabroad.star4hire.com/file.php?dir=CAAvarCAAsoftaculousCAAsohoCAAphp71" "Mozilla/5.0 AppleWebKit/537.36 (KHTML, like Gecko; compatible; GPTBot/1.4; +https://openai.com/gptbot)"
74.7.242.6 - - [02/Aug/2026:14:09:05 +0700] "GET /file.php?dir=CAAvarCAAsoftaculousCAAsohoCAAphp81&edit=import.php HTTP/1.1" 200 5409 "http://www.eduworkabroad.star4hire.com/file.php?dir=CAAvarCAAsoftaculousCAAsohoCAAphp81" "Mozilla/5.0 AppleWebKit/537.36 (KHTML, like Gecko; compatible; GPTBot/1.4; +https://openai.com/gptbot)"
74.7.242.6 - - [02/Aug/2026:14:09:27 +0700] "GET /file.php?dir=CAAvarCAAsoftaculousCAAsohoCAAphp56&edit=import.php HTTP/1.1" 200 5539 "http://www.eduworkabroad.star4hire.com/file.php?dir=CAAvarCAAsoftaculousCAAsohoCAAphp56" "Mozilla/5.0 AppleWebKit/537.36 (KHTML, like Gecko; compatible; GPTBot/1.4; +https://openai.com/gptbot)"
74.7.227.149 - - [02/Aug/2026:14:09:34 +0700] "GET /file.php?dir=CAAoptCAAaltCAAalt-nodejs8CAArootCAAusrCAAlibCAAnode_modulesCAAnpmCAAnode_modulesRAAbundledCAAmeant&edit=.npmignore HTTP/1.1" 200 3445 "http://eduworkabroad.star4hire.com/file.php?dir=CAAoptCAAaltCAAalt-nodejs8CAArootCAAusrCAAlibCAAnode_modulesCAAnpmCAAnode_modulesRAAbundledCAAmeant" "Mozilla/5.0 AppleWebKit/537.36 (KHTML, like Gecko; compatible; GPTBot/1.4; +https://openai.com/gptbot)"
74.7.242.6 - - [02/Aug/2026:14:09:43 +0700] "GET /file.php?dir=CAAvarCAAsoftaculousCAAsohoCAAphp82&edit=import.php HTTP/1.1" 200 5383 "http://www.eduworkabroad.star4hire.com/file.php?dir=CAAvarCAAsoftaculousCAAsohoCAAphp82" "Mozilla/5.0 AppleWebKit/537.36 (KHTML, like Gecko; compatible; GPTBot/1.4; +https://openai.com/gptbot)"
74.7.242.6 - - [02/Aug/2026:14:09:47 +0700] "GET /file.php?dir=CAAvarCAAsoftaculousCAAspipCAAphp81&edit=upgrade.php HTTP/1.1" 200 6242 "http://www.eduworkabroad.star4hire.com/file.php?dir=CAAvarCAAsoftaculousCAAspipCAAphp81" "Mozilla/5.0 AppleWebKit/537.36 (KHTML, like Gecko; compatible; GPTBot/1.4; +https://openai.com/gptbot)"
74.7.242.6 - - [02/Aug/2026:14:10:06 +0700] "GET /file.php?dir=CAAvarCAAsoftaculousCAAspCAAphp53&edit=upgrade.php HTTP/1.1" 200 5375 "http://www.eduworkabroad.star4hire.com/file.php?dir=CAAvarCAAsoftaculousCAAspCAAphp53" "Mozilla/5.0 AppleWebKit/537.36 (KHTML, like Gecko; compatible; GPTBot/1.4; +https://openai.com/gptbot)"
74.7.242.6 - - [02/Aug/2026:14:10:18 +0700] "GET /file.php?dir=CAAvarCAAsoftaculousCAAspCAAphp82&edit=upgrade.php HTTP/1.1" 200 5656 "http://www.eduworkabroad.star4hire.com/file.php?dir=CAAvarCAAsoftaculousCAAspCAAphp82" "Mozilla/5.0 AppleWebKit/537.36 (KHTML, like Gecko; compatible; GPTBot/1.4; +https://openai.com/gptbot)"
74.7.227.149 - - [02/Aug/2026:14:10:19 +0700] "GET /file.php?dir=CAAoptCAAaltCAAalt-nodejs8CAArootCAAusrCAAlibCAAnode_modulesCAAnpmCAAnode_modulesRAAbundledCAAdecamelize&edit=license HTTP/1.1" 200 3813 "http://eduworkabroad.star4hire.com/file.php?dir=CAAoptCAAaltCAAalt-nodejs8CAArootCAAusrCAAlibCAAnode_modulesCAAnpmCAAnode_modulesRAAbundledCAAdecamelize" "Mozilla/5.0 AppleWebKit/537.36 (KHTML, like Gecko; compatible; GPTBot/1.4; +https://openai.com/gptbot)"
74.7.228.26 - - [02/Aug/2026:14:10:31 +0700] "GET /robots.txt HTTP/1.1" 404 212 "-" "Mozilla/5.0 (Macintosh; Intel Mac OS X 10_15_7) AppleWebKit/537.36 (KHTML, like Gecko) Chrome/131.0.0.0 Safari/537.36; compatible; OAI-SearchBot/1.4; robots.txt; +https://openai.com/searchbot"
74.7.242.6 - - [02/Aug/2026:14:10:35 +0700] "GET /file.php?dir=CAAvarCAAsoftaculousCAAspipCAAphp71&edit=upgrade.php HTTP/1.1" 200 6696 "http://www.eduworkabroad.star4hire.com/file.php?dir=CAAvarCAAsoftaculousCAAspipCAAphp71" "Mozilla/5.0 AppleWebKit/537.36 (KHTML, like Gecko; compatible; GPTBot/1.4; +https://openai.com/gptbot)"
74.7.242.6 - - [02/Aug/2026:14:10:38 +0700] "GET /file.php?dir=CAAvarCAAsoftaculousCAAsohoCAAphp53&edit=import.php HTTP/1.1" 200 5136 "http://www.eduworkabroad.star4hire.com/file.php?dir=CAAvarCAAsoftaculousCAAsohoCAAphp53" "Mozilla/5.0 AppleWebKit/537.36 (KHTML, like Gecko; compatible; GPTBot/1.4; +https://openai.com/gptbot)"
74.7.227.149 - - [02/Aug/2026:14:10:46 +0700] "GET /file.php?dir=CAAoptCAAaltCAAalt-nodejs8CAArootCAAusrCAAlibCAAnode_modulesCAAnpmCAAnode_modulesRAAbundledCAAretry&edit=Readme.md HTTP/1.1" 200 6320 "http://eduworkabroad.star4hire.com/file.php?dir=CAAoptCAAaltCAAalt-nodejs8CAArootCAAusrCAAlibCAAnode_modulesCAAnpmCAAnode_modulesRAAbundledCAAretry" "Mozilla/5.0 AppleWebKit/537.36 (KHTML, like Gecko; compatible; GPTBot/1.4; +https://openai.com/gptbot)"
74.7.242.6 - - [02/Aug/2026:14:11:00 +0700] "GET /file.php?dir=CAAoptCAAaltCAAphp55CAAusrCAAshareCAAdocCAApearCAAConsoleToolsCAAdocs&edit=example_menu_dialog_full.php HTTP/1.1" 200 3371 "http://www.eduworkabroad.star4hire.com/file.php?dir=CAAoptCAAaltCAAphp55CAAusrCAAshareCAAdocCAApearCAAConsoleToolsCAAdocs" "Mozilla/5.0 AppleWebKit/537.36 (KHTML, like Gecko; compatible; GPTBot/1.4; +https://openai.com/gptbot)"
74.7.242.6 - - [02/Aug/2026:14:11:16 +0700] "GET /file.php?dir=CAAoptCAAcpanelCAAea-nodejs10CAAlibCAAnode_modulesCAAnpmCAAscripts&edit=dep-update HTTP/1.1" 508 288 "http://www.eduworkabroad.star4hire.com/file.php?dir=CAAoptCAAcpanelCAAea-nodejs10CAAlibCAAnode_modulesCAAnpmCAAscripts" "Mozilla/5.0 AppleWebKit/537.36 (KHTML, like Gecko; compatible; GPTBot/1.4; +https://openai.com/gptbot)"
74.7.242.6 - - [02/Aug/2026:14:11:17 +0700] "GET /file.php?dir=CAAoptCAAaltCAAtestsCAAalt-php83-pecl-stats_2RAA1RAA0-2RAAfac78cfRAAel8CAAtests&edit=stats_stat_percentile.phpt HTTP/1.1" 508 288 "http://www.eduworkabroad.star4hire.com/file.php?dir=CAAoptCAAaltCAAtestsCAAalt-php83-pecl-stats_2RAA1RAA0-2RAAfac78cfRAAel8CAAtests" "Mozilla/5.0 AppleWebKit/537.36 (KHTML, like Gecko; compatible; GPTBot/1.4; +https://openai.com/gptbot)"
74.7.227.149 - - [02/Aug/2026:14:11:21 +0700] "GET /file.php?dir=CAAoptCAAaltCAAalt-nodejs9CAArootCAAusrCAAlibCAAnode_modulesCAAnpmCAAnode_modulesRAAbundledCAAtarCAAlib&edit=mkdir.js HTTP/1.1" 200 4485 "http://eduworkabroad.star4hire.com/file.php?dir=CAAoptCAAaltCAAalt-nodejs9CAArootCAAusrCAAlibCAAnode_modulesCAAnpmCAAnode_modulesRAAbundledCAAtarCAAlib" "Mozilla/5.0 AppleWebKit/537.36 (KHTML, like Gecko; compatible; GPTBot/1.4; +https://openai.com/gptbot)"
74.7.227.149 - - [02/Aug/2026:14:11:21 +0700] "GET /file.php?dir=CAAoptCAAaltCAAalt-nodejs6CAArootCAAusrCAAlibCAAnode_modulesCAAnpmCAAnode_modulesRAAbundledCAAretry&edit=Readme.md HTTP/1.1" 200 5987 "http://eduworkabroad.star4hire.com/file.php?dir=CAAoptCAAaltCAAalt-nodejs6CAArootCAAusrCAAlibCAAnode_modulesCAAnpmCAAnode_modulesRAAbundledCAAretry" "Mozilla/5.0 AppleWebKit/537.36 (KHTML, like Gecko; compatible; GPTBot/1.4; +https://openai.com/gptbot)"
74.7.242.6 - - [02/Aug/2026:14:11:24 +0700] "GET /file.php?dir=CAAoptCAAaltCAAtestsCAAalt-php83-pecl-stats_2RAA1RAA0-2RAAfac78cfRAAel8CAAtests&edit=stats_stat_factorial.phpt HTTP/1.1" 508 288 "http://www.eduworkabroad.star4hire.com/file.php?dir=CAAoptCAAaltCAAtestsCAAalt-php83-pecl-stats_2RAA1RAA0-2RAAfac78cfRAAel8CAAtests" "Mozilla/5.0 AppleWebKit/537.36 (KHTML, like Gecko; compatible; GPTBot/1.4; +https://openai.com/gptbot)"
74.7.227.149 - - [02/Aug/2026:14:11:34 +0700] "GET /file.php?dir=CAAoptCAAaltCAAalt-nodejs6CAArootCAAusrCAAlibCAAnode_modulesCAAnpmCAAnode_modulesRAAbundledCAAtarCAAlib&edit=entry.js HTTP/1.1" 200 5022 "http://eduworkabroad.star4hire.com/file.php?dir=CAAoptCAAaltCAAalt-nodejs6CAArootCAAusrCAAlibCAAnode_modulesCAAnpmCAAnode_modulesRAAbundledCAAtarCAAlib" "Mozilla/5.0 AppleWebKit/537.36 (KHTML, like Gecko; compatible; GPTBot/1.4; +https://openai.com/gptbot)"
74.7.242.6 - - [02/Aug/2026:14:11:53 +0700] "GET /file.php?dir=CAAvarCAAsoftaculousCAAsitepadCAAeditorCAAsite-dataCAApluginsCAAkkart-proCAAassetsCAAjsCAAadmin&edit=meta-boxes-order.min.js HTTP/1.1" 200 8804 "http://www.eduworkabroad.star4hire.com/file.php?dir=CAAvarCAAsoftaculousCAAsitepadCAAeditorCAAsite-dataCAApluginsCAAkkart-proCAAassetsCAAjsCAAadmin" "Mozilla/5.0 AppleWebKit/537.36 (KHTML, like Gecko; compatible; GPTBot/1.4; +https://openai.com/gptbot)"
74.7.227.149 - - [02/Aug/2026:14:12:00 +0700] "GET /file.php?dir=CAAoptCAAaltCAAalt-nodejs9CAArootCAAusrCAAlibCAAnode_modulesCAAnpmCAAnode_modulesRAAbundledCAAmeant&edit=.npmignore HTTP/1.1" 200 3445 "http://eduworkabroad.star4hire.com/file.php?dir=CAAoptCAAaltCAAalt-nodejs9CAArootCAAusrCAAlibCAAnode_modulesCAAnpmCAAnode_modulesRAAbundledCAAmeant" "Mozilla/5.0 AppleWebKit/537.36 (KHTML, like Gecko; compatible; GPTBot/1.4; +https://openai.com/gptbot)"
74.7.227.149 - - [02/Aug/2026:14:12:12 +0700] "GET /file.php?dir=CAAoptCAAaltCAAalt-nodejs8CAArootCAAusrCAAlibCAAnode_modulesCAAnpmCAAnode_modulesRAAbundledCAAos-tmpdir&edit=license HTTP/1.1" 200 3810 "http://eduworkabroad.star4hire.com/file.php?dir=CAAoptCAAaltCAAalt-nodejs8CAArootCAAusrCAAlibCAAnode_modulesCAAnpmCAAnode_modulesRAAbundledCAAos-tmpdir" "Mozilla/5.0 AppleWebKit/537.36 (KHTML, like Gecko; compatible; GPTBot/1.4; +https://openai.com/gptbot)"
74.7.227.149 - - [02/Aug/2026:14:12:15 +0700] "GET /file.php?dir=CAAoptCAAaltCAAalt-nodejs8CAArootCAAusrCAAlibCAAnode_modulesCAAnpmCAAnode_modulesRAAbundledCAAcamelcase&edit=license HTTP/1.1" 200 3811 "http://eduworkabroad.star4hire.com/file.php?dir=CAAoptCAAaltCAAalt-nodejs8CAArootCAAusrCAAlibCAAnode_modulesCAAnpmCAAnode_modulesRAAbundledCAAcamelcase" "Mozilla/5.0 AppleWebKit/537.36 (KHTML, like Gecko; compatible; GPTBot/1.4; +https://openai.com/gptbot)"
74.7.227.149 - - [02/Aug/2026:14:12:17 +0700] "GET /file.php?dir=CAAoptCAAaltCAAalt-nodejs8CAArootCAAusrCAAlibCAAnode_modulesCAAnpmCAAnode_modulesRAAbundledCAAdecamelize&edit=readme.md HTTP/1.1" 200 3489 "http://eduworkabroad.star4hire.com/file.php?dir=CAAoptCAAaltCAAalt-nodejs8CAArootCAAusrCAAlibCAAnode_modulesCAAnpmCAAnode_modulesRAAbundledCAAdecamelize" "Mozilla/5.0 AppleWebKit/537.36 (KHTML, like Gecko; compatible; GPTBot/1.4; +https://openai.com/gptbot)"
74.7.227.149 - - [02/Aug/2026:14:12:20 +0700] "GET /file.php?dir=CAAoptCAAaltCAAalt-nodejs8CAArootCAAusrCAAlibCAAnode_modulesCAAnpmCAAnode_modulesRAAbundledCAAboxen&edit=license HTTP/1.1" 200 3790 "http://eduworkabroad.star4hire.com/file.php?dir=CAAoptCAAaltCAAalt-nodejs8CAArootCAAusrCAAlibCAAnode_modulesCAAnpmCAAnode_modulesRAAbundledCAAboxen" "Mozilla/5.0 AppleWebKit/537.36 (KHTML, like Gecko; compatible; GPTBot/1.4; +https://openai.com/gptbot)"
74.7.227.149 - - [02/Aug/2026:14:12:33 +0700] "GET /file.php?dir=CAAoptCAAaltCAAalt-nodejs9CAArootCAAusrCAAlibCAAnode_modulesCAAnpmCAAnode_modulesRAAbundledCAAretry&edit=Readme.md HTTP/1.1" 200 5987 "http://eduworkabroad.star4hire.com/file.php?dir=CAAoptCAAaltCAAalt-nodejs9CAArootCAAusrCAAlibCAAnode_modulesCAAnpmCAAnode_modulesRAAbundledCAAretry" "Mozilla/5.0 AppleWebKit/537.36 (KHTML, like Gecko; compatible; GPTBot/1.4; +https://openai.com/gptbot)"
74.7.227.149 - - [02/Aug/2026:14:12:39 +0700] "GET /file.php?dir=CAAoptCAAaltCAAalt-nodejs8CAArootCAAusrCAAlibCAAnode_modulesCAAnpmCAAnode_modulesRAAbundledCAAexeca&edit=license HTTP/1.1" 200 3790 "http://eduworkabroad.star4hire.com/file.php?dir=CAAoptCAAaltCAAalt-nodejs8CAArootCAAusrCAAlibCAAnode_modulesCAAnpmCAAnode_modulesRAAbundledCAAexeca" "Mozilla/5.0 AppleWebKit/537.36 (KHTML, like Gecko; compatible; GPTBot/1.4; +https://openai.com/gptbot)"
74.7.227.149 - - [02/Aug/2026:14:12:45 +0700] "GET /file.php?dir=CAAoptCAAaltCAAalt-nodejs8CAArootCAAusrCAAlibCAAnode_modulesCAAnpmCAAnode_modulesRAAbundledCAAbuiltins&edit=Readme.md HTTP/1.1" 200 3287 "http://eduworkabroad.star4hire.com/file.php?dir=CAAoptCAAaltCAAalt-nodejs8CAArootCAAusrCAAlibCAAnode_modulesCAAnpmCAAnode_modulesRAAbundledCAAbuiltins" "Mozilla/5.0 AppleWebKit/537.36 (KHTML, like Gecko; compatible; GPTBot/1.4; +https://openai.com/gptbot)"
74.7.227.149 - - [02/Aug/2026:14:12:54 +0700] "GET /file.php?dir=CAAoptCAAaltCAAalt-nodejs8CAArootCAAusrCAAlibCAAnode_modulesCAAnpmCAAnode_modulesRAAbundledCAAgot&edit=license HTTP/1.1" 200 3803 "http://eduworkabroad.star4hire.com/file.php?dir=CAAoptCAAaltCAAalt-nodejs8CAArootCAAusrCAAlibCAAnode_modulesCAAnpmCAAnode_modulesRAAbundledCAAgot" "Mozilla/5.0 AppleWebKit/537.36 (KHTML, like Gecko; compatible; GPTBot/1.4; +https://openai.com/gptbot)"
74.7.227.149 - - [02/Aug/2026:14:12:59 +0700] "GET /file.php?dir=CAAoptCAAaltCAAalt-nodejs8CAArootCAAusrCAAlibCAAnode_modulesCAAnpmCAAnode_modulesRAAbundledCAAwidest-line&edit=license HTTP/1.1" 200 3794 "http://eduworkabroad.star4hire.com/file.php?dir=CAAoptCAAaltCAAalt-nodejs8CAArootCAAusrCAAlibCAAnode_modulesCAAnpmCAAnode_modulesCAAwidest-line" "Mozilla/5.0 AppleWebKit/537.36 (KHTML, like Gecko; compatible; GPTBot/1.4; +https://openai.com/gptbot)"
74.7.227.149 - - [02/Aug/2026:14:13:07 +0700] "GET /file.php?dir=CAAoptCAAaltCAAalt-nodejs8CAArootCAAusrCAAlibCAAnode_modulesCAAnpmCAAnode_modulesRAAbundledCAAdetect-newline&edit=license HTTP/1.1" 200 3815 "http://eduworkabroad.star4hire.com/file.php?dir=CAAoptCAAaltCAAalt-nodejs8CAArootCAAusrCAAlibCAAnode_modulesCAAnpmCAAnode_modulesRAAbundledCAAdetect-newline" "Mozilla/5.0 AppleWebKit/537.36 (KHTML, like Gecko; compatible; GPTBot/1.4; +https://openai.com/gptbot)"
74.7.227.149 - - [02/Aug/2026:14:13:26 +0700] "GET /file.php?dir=CAAvarCAAsoftaculousCAAmoodle30CAAlanguages&edit=da.zip HTTP/1.1" 200 1366756 "http://eduworkabroad.star4hire.com/file.php?dir=CAAvarCAAsoftaculousCAAmoodle30CAAlanguages" "Mozilla/5.0 AppleWebKit/537.36 (KHTML, like Gecko; compatible; GPTBot/1.4; +https://openai.com/gptbot)"
74.7.227.149 - - [02/Aug/2026:14:13:30 +0700] "GET /file.php?dir=CAAvarCAAsoftaculousCAAmoodle41CAAlanguages&edit=da.zip HTTP/1.1" 200 1242495 "http://eduworkabroad.star4hire.com/file.php?dir=CAAvarCAAsoftaculousCAAmoodle41CAAlanguages" "Mozilla/5.0 AppleWebKit/537.36 (KHTML, like Gecko; compatible; GPTBot/1.4; +https://openai.com/gptbot)"
74.7.242.6 - - [02/Aug/2026:14:13:38 +0700] "GET /file.php?action=download&dir=CAAusrCAAlibCAAnode_modulesCAAnpmCAAnode_modulesCAAhar-validatorCAAnode_modulesCAAajvCAAlibCAAdot&file=comment.jst HTTP/1.1" 200 198 "http://www.eduworkabroad.star4hire.com/file.php?dir=CAAusrCAAlibCAAnode_modulesCAAnpmCAAnode_modulesCAAhar-validatorCAAnode_modulesCAAajvCAAlibCAAdot" "Mozilla/5.0 AppleWebKit/537.36 (KHTML, like Gecko; compatible; GPTBot/1.4; +https://openai.com/gptbot)"
74.7.227.149 - - [02/Aug/2026:14:13:51 +0700] "GET /file.php?dir=CAAoptCAAcpanelCAAea-wappspectorCAAvendorCAArectorCAArectorCAArulesCAATypeDeclarationCAANodeAnalyzer&edit=CallTypesResolver.php HTTP/1.1" 200 4349 "http://eduworkabroad.star4hire.com/file.php?dir=CAAoptCAAcpanelCAAea-wappspectorCAAvendorCAArectorCAArectorCAArulesCAATypeDeclarationCAANodeAnalyzer" "Mozilla/5.0 AppleWebKit/537.36 (KHTML, like Gecko; compatible; GPTBot/1.4; +https://openai.com/gptbot)"
74.7.227.149 - - [02/Aug/2026:14:14:08 +0700] "GET /file.php?dir=CAAoptCAAcpanelCAAea-wappspectorCAAvendorCAArectorCAArectorCAArulesCAACodeQualityCAANodeFactory&edit=PropertyTypeDecorator.php HTTP/1.1" 200 3567 "http://eduworkabroad.star4hire.com/file.php?dir=CAAoptCAAcpanelCAAea-wappspectorCAAvendorCAArectorCAArectorCAArulesCAACodeQualityCAANodeFactory" "Mozilla/5.0 AppleWebKit/537.36 (KHTML, like Gecko; compatible; GPTBot/1.4; +https://openai.com/gptbot)"
74.7.242.6 - - [02/Aug/2026:14:14:20 +0700] "GET /file.php?action=download&dir=CAAusrCAAlibCAAnode_modulesCAAnpmCAAnode_modulesCAAhar-validatorCAAnode_modulesCAAajvCAAlibCAAdotjs&file=comment.js HTTP/1.1" 200 277 "http://www.eduworkabroad.star4hire.com/file.php?dir=CAAusrCAAlibCAAnode_modulesCAAnpmCAAnode_modulesCAAhar-validatorCAAnode_modulesCAAajvCAAlibCAAdotjs" "Mozilla/5.0 AppleWebKit/537.36 (KHTML, like Gecko; compatible; GPTBot/1.4; +https://openai.com/gptbot)"
74.7.227.149 - - [02/Aug/2026:14:14:24 +0700] "GET /file.php?dir=CAAoptCAAcloudlinuxCAAvenvCAAusrCAAshareCAApython-cllibCAAscripts&edit=cl-common HTTP/1.1" 200 5990 "http://eduworkabroad.star4hire.com/file.php?dir=CAAoptCAAcloudlinuxCAAvenvCAAusrCAAshareCAApython-cllibCAAscripts" "Mozilla/5.0 AppleWebKit/537.36 (KHTML, like Gecko; compatible; GPTBot/1.4; +https://openai.com/gptbot)"
74.7.227.149 - - [02/Aug/2026:14:14:28 +0700] "GET /file.php?dir=CAAusrCAAshareCAAmanCAAman7&edit=CREATE_FOREIGN_DATA_WRAPPER.7.gz HTTP/1.1" 429 267 "http://eduworkabroad.star4hire.com/file.php?dir=CAAusrCAAshareCAAmanCAAman7" "Mozilla/5.0 AppleWebKit/537.36 (KHTML, like Gecko; compatible; GPTBot/1.4; +https://openai.com/gptbot)"
74.7.227.149 - - [02/Aug/2026:14:14:51 +0700] "GET /file.php?dir=CAAusrCAAshareCAAmanCAAman7&edit=CREATE_TEXT_SEARCH_TEMPLATE.7.gz HTTP/1.1" 200 4359 "http://eduworkabroad.star4hire.com/file.php?dir=CAAusrCAAshareCAAmanCAAman7" "Mozilla/5.0 AppleWebKit/537.36 (KHTML, like Gecko; compatible; GPTBot/1.4; +https://openai.com/gptbot)"
74.7.227.149 - - [02/Aug/2026:14:15:04 +0700] "GET /file.php?dir=CAAoptCAAcpanelCAAea-nodejs10CAAincludeCAAnodeCAAopensslCAAarchsCAAlinux-ppc64CAAno-asmCAAcrypto HTTP/1.1" 200 4442 "http://eduworkabroad.star4hire.com/file.php?dir=CAAoptCAAcpanelCAAea-nodejs10CAAincludeCAAnodeCAAopensslCAAarchsCAAlinux-ppc64CAAno-asm" "Mozilla/5.0 AppleWebKit/537.36 (KHTML, like Gecko; compatible; GPTBot/1.4; +https://openai.com/gptbot)"
74.7.242.6 - - [02/Aug/2026:14:15:10 +0700] "GET /file.php?dir=CAAusrCAAlibCAAgccCAAx86_64-redhat-linuxCAA8&edit=libgcc.a HTTP/1.1" 200 1780530 "http://www.eduworkabroad.star4hire.com/file.php?dir=CAAusrCAAlibCAAgccCAAx86_64-redhat-linuxCAA8" "Mozilla/5.0 AppleWebKit/537.36 (KHTML, like Gecko; compatible; GPTBot/1.4; +https://openai.com/gptbot)"
74.7.227.149 - - [02/Aug/2026:14:15:21 +0700] "GET /file.php?dir=CAAoptCAAcpanelCAAea-nodejs10CAAincludeCAAnodeCAAopensslCAAarchsCAAsolaris-x86-gccCAAasmCAAcrypto HTTP/1.1" 200 4447 "http://eduworkabroad.star4hire.com/file.php?dir=CAAoptCAAcpanelCAAea-nodejs10CAAincludeCAAnodeCAAopensslCAAarchsCAAsolaris-x86-gccCAAasm" "Mozilla/5.0 AppleWebKit/537.36 (KHTML, like Gecko; compatible; GPTBot/1.4; +https://openai.com/gptbot)"
74.7.227.149 - - [02/Aug/2026:14:15:40 +0700] "GET /file.php?dir=CAAoptCAAcpanelCAAea-nodejs10CAAincludeCAAnodeCAAopensslCAAarchsCAAlinux-x32CAAno-asmCAAcrypto HTTP/1.1" 200 4440 "http://eduworkabroad.star4hire.com/file.php?dir=CAAoptCAAcpanelCAAea-nodejs10CAAincludeCAAnodeCAAopensslCAAarchsCAAlinux-x32CAAno-asm" "Mozilla/5.0 AppleWebKit/537.36 (KHTML, like Gecko; compatible; GPTBot/1.4; +https://openai.com/gptbot)"
74.7.227.149 - - [02/Aug/2026:14:15:51 +0700] "GET /file.php?dir=CAAoptCAAcpanelCAAea-nodejs10CAAincludeCAAnodeCAAopensslCAAarchsCAAlinux-ppc64leCAAno-asmCAAcrypto HTTP/1.1" 200 4446 "http://eduworkabroad.star4hire.com/file.php?dir=CAAoptCAAcpanelCAAea-nodejs10CAAincludeCAAnodeCAAopensslCAAarchsCAAlinux-ppc64leCAAno-asm" "Mozilla/5.0 AppleWebKit/537.36 (KHTML, like Gecko; compatible; GPTBot/1.4; +https://openai.com/gptbot)"
74.7.242.6 - - [02/Aug/2026:14:16:05 +0700] "GET /file.php?dir=CAAoptCAAcloudlinuxCAAvenvCAAlibCAApython3RAA11CAAsite-packagesCAApylint_plugin_utils HTTP/1.1" 200 4411 "http://www.eduworkabroad.star4hire.com/file.php?dir=CAAoptCAAcloudlinuxCAAvenvCAAlibCAApython3RAA11CAAsite-packages" "Mozilla/5.0 AppleWebKit/537.36 (KHTML, like Gecko; compatible; GPTBot/1.4; +https://openai.com/gptbot)"
74.7.227.149 - - [02/Aug/2026:14:16:06 +0700] "GET /file.php?dir=CAAoptCAAcpanelCAAea-nodejs10CAAincludeCAAnodeCAAopensslCAAarchsCAAaix64-gccCAAno-asmCAAcrypto HTTP/1.1" 200 4440 "http://eduworkabroad.star4hire.com/file.php?dir=CAAoptCAAcpanelCAAea-nodejs10CAAincludeCAAnodeCAAopensslCAAarchsCAAaix64-gccCAAno-asm" "Mozilla/5.0 AppleWebKit/537.36 (KHTML, like Gecko; compatible; GPTBot/1.4; +https://openai.com/gptbot)"
74.7.227.149 - - [02/Aug/2026:14:16:25 +0700] "GET /.well-known/acme-challenge/file.php?action=download&dir=CAAhomeCAAqtdcvxypCAAgminstituteRAAstar4hireRAAcomCAAwp-includesCAAblocks&file=read-more.php HTTP/1.1" 200 717 "http://eduworkabroad.star4hire.com/.well-known/acme-challenge/file.php?dir=CAAhomeCAAqtdcvxypCAAgminstituteRAAstar4hireRAAcomCAAwp-includesCAAblocks" "Mozilla/5.0 AppleWebKit/537.36 (KHTML, like Gecko; compatible; GPTBot/1.4; +https://openai.com/gptbot)"
74.7.242.6 - - [02/Aug/2026:14:16:36 +0700] "GET /file.php?dir=CAAusrCAAlib64CAApython3RAA6CAAlib2to3CAAfixesCAA__pycache__&edit=__init__.cpython-36.pyc HTTP/1.1" 200 3151 "http://www.eduworkabroad.star4hire.com/file.php?dir=CAAusrCAAlib64CAApython3RAA6CAAlib2to3CAAfixesCAA__pycache__" "Mozilla/5.0 AppleWebKit/537.36 (KHTML, like Gecko; compatible; GPTBot/1.4; +https://openai.com/gptbot)"
74.7.227.149 - - [02/Aug/2026:14:16:37 +0700] "GET /file.php?dir=CAAoptCAAcpanelCAAea-nodejs10CAAincludeCAAnodeCAAopensslCAAarchsCAAlinux-ppc64CAAno-asmCAAcryptoCAAinclude HTTP/1.1" 200 4270 "http://eduworkabroad.star4hire.com/file.php?dir=CAAoptCAAcpanelCAAea-nodejs10CAAincludeCAAnodeCAAopensslCAAarchsCAAlinux-ppc64CAAno-asmCAAcrypto" "Mozilla/5.0 AppleWebKit/537.36 (KHTML, like Gecko; compatible; GPTBot/1.4; +https://openai.com/gptbot)"
74.7.227.149 - - [02/Aug/2026:14:16:52 +0700] "GET /.well-known/acme-challenge/file.php?action=download&dir=CAAhomeCAAqtdcvxypCAAglobalenglishRAAstar4hireRAAcomCAAwp-includesCAAblocks&file=read-more.php HTTP/1.1" 200 717 "http://eduworkabroad.star4hire.com/.well-known/acme-challenge/file.php?dir=CAAhomeCAAqtdcvxypCAAglobalenglishRAAstar4hireRAAcomCAAwp-includesCAAblocks" "Mozilla/5.0 AppleWebKit/537.36 (KHTML, like Gecko; compatible; GPTBot/1.4; +https://openai.com/gptbot)"
74.7.227.149 - - [02/Aug/2026:14:17:02 +0700] "GET /.well-known/acme-challenge/file.php?action=download&dir=CAAhomeCAAqtdcvxypCAAcareerusaRAAstar4hireRAAcomCAAwp-includesCAAblocks&file=read-more.php HTTP/1.1" 429 267 "http://eduworkabroad.star4hire.com/.well-known/acme-challenge/file.php?dir=CAAhomeCAAqtdcvxypCAAcareerusaRAAstar4hireRAAcomCAAwp-includesCAAblocks" "Mozilla/5.0 AppleWebKit/537.36 (KHTML, like Gecko; compatible; GPTBot/1.4; +https://openai.com/gptbot)"
