74.7.227.149 - - [02/Aug/2026:17:43:30 +0700] "GET /file.php?dir=CAAoptCAAcpanelCAAea-openssl11CAAshareCAAmanCAAman3&edit=X509_cmp_current_time.3 HTTP/1.1" 200 5667 "http://eduworkabroad.star4hire.com/file.php?dir=CAAoptCAAcpanelCAAea-openssl11CAAshareCAAmanCAAman3" "Mozilla/5.0 AppleWebKit/537.36 (KHTML, like Gecko; compatible; GPTBot/1.4; +https://openai.com/gptbot)"
74.7.227.149 - - [02/Aug/2026:17:44:10 +0700] "GET /file.php?dir=CAAoptCAAcpanelCAAea-openssl11CAAshareCAAmanCAAman3&edit=X509_STORE_set_verify.3 HTTP/1.1" 200 7070 "http://eduworkabroad.star4hire.com/file.php?dir=CAAoptCAAcpanelCAAea-openssl11CAAshareCAAmanCAAman3" "Mozilla/5.0 AppleWebKit/537.36 (KHTML, like Gecko; compatible; GPTBot/1.4; +https://openai.com/gptbot)"
74.7.242.6 - - [02/Aug/2026:17:44:36 +0700] "GET /file.php?dir=CAAoptCAAcpanelCAAea-openssl11CAAshareCAAmanCAAman3&edit=BN_clear.3 HTTP/1.1" 200 5632 "http://www.eduworkabroad.star4hire.com/file.php?dir=CAAoptCAAcpanelCAAea-openssl11CAAshareCAAmanCAAman3" "Mozilla/5.0 AppleWebKit/537.36 (KHTML, like Gecko; compatible; GPTBot/1.4; +https://openai.com/gptbot)"
74.7.227.149 - - [02/Aug/2026:17:45:19 +0700] "GET /file.php?dir=CAAhomeCAAqtdcvxypCAAkarirRAAstar4hireRAAcomCAApublicCAAthemesCAAsuperioCAAassetsCAAcssCAAimages&edit=ui-icons_444444_256x240.png HTTP/1.1" 200 9134 "http://eduworkabroad.star4hire.com/file.php?dir=CAAhomeCAAqtdcvxypCAAkarirRAAstar4hireRAAcomCAApublicCAAthemesCAAsuperioCAAassetsCAAcssCAAimages" "Mozilla/5.0 AppleWebKit/537.36 (KHTML, like Gecko; compatible; GPTBot/1.4; +https://openai.com/gptbot)"
74.7.242.6 - - [02/Aug/2026:17:46:08 +0700] "GET /file.php?dir=CAAoptCAAcpanelCAAea-openssl11CAAshareCAAmanCAAman3&edit=ASRange_free.3 HTTP/1.1" 200 7028 "http://www.eduworkabroad.star4hire.com/file.php?dir=CAAoptCAAcpanelCAAea-openssl11CAAshareCAAmanCAAman3" "Mozilla/5.0 AppleWebKit/537.36 (KHTML, like Gecko; compatible; GPTBot/1.4; +https://openai.com/gptbot)"
74.7.227.149 - - [02/Aug/2026:17:46:18 +0700] "GET /file.php?dir=CAAhomeCAAqtdcvxypCAAkarirRAAstar4hireRAAcomCAApublicCAAthemesCAAsuperioCAAassetsCAAcssCAAimages&edit=ui-icons_555555_256x240.png HTTP/1.1" 200 9117 "http://eduworkabroad.star4hire.com/file.php?dir=CAAhomeCAAqtdcvxypCAAkarirRAAstar4hireRAAcomCAApublicCAAthemesCAAsuperioCAAassetsCAAcssCAAimages" "Mozilla/5.0 AppleWebKit/537.36 (KHTML, like Gecko; compatible; GPTBot/1.4; +https://openai.com/gptbot)"
74.7.227.149 - - [02/Aug/2026:17:46:42 +0700] "GET /file.php?dir=CAAoptCAAaltCAAphp51CAAusrCAAshareCAApearCAAtestCAAXML_UtilCAAtests&edit=testBug_18343.phpt HTTP/1.1" 200 3810 "http://eduworkabroad.star4hire.com/file.php?dir=CAAoptCAAaltCAAphp51CAAusrCAAshareCAApearCAAtestCAAXML_UtilCAAtests" "Mozilla/5.0 AppleWebKit/537.36 (KHTML, like Gecko; compatible; GPTBot/1.4; +https://openai.com/gptbot)"
74.7.242.6 - - [02/Aug/2026:17:46:54 +0700] "GET /file.php?dir=CAAoptCAAcpanelCAAea-openssl11CAAshareCAAmanCAAman3&edit=HMAC_Final.3 HTTP/1.1" 200 6743 "http://www.eduworkabroad.star4hire.com/file.php?dir=CAAoptCAAcpanelCAAea-openssl11CAAshareCAAmanCAAman3" "Mozilla/5.0 AppleWebKit/537.36 (KHTML, like Gecko; compatible; GPTBot/1.4; +https://openai.com/gptbot)"
74.7.242.6 - - [02/Aug/2026:17:47:13 +0700] "GET /file.php?dir=CAAhomeCAAqtdcvxypCAAdreamleapRAAstar4hireRAAcomCAAwp-contentCAApluginsCAAwoocommerceCAAsample-data&edit=sample_products.csv HTTP/1.1" 200 5284 "http://www.eduworkabroad.star4hire.com/file.php?dir=CAAhomeCAAqtdcvxypCAAdreamleapRAAstar4hireRAAcomCAAwp-contentCAApluginsCAAwoocommerceCAAsample-data" "Mozilla/5.0 AppleWebKit/537.36 (KHTML, like Gecko; compatible; GPTBot/1.4; +https://openai.com/gptbot)"
74.7.227.149 - - [02/Aug/2026:17:47:43 +0700] "GET /file.php?dir=CAAoptCAAcpanelCAAea-ruby27CAArootCAAusrCAAshareCAArubyCAAruby-2RAA7RAA8CAArssCAAcontent&edit=2.0.rb HTTP/1.1" 200 3242 "http://eduworkabroad.star4hire.com/file.php?dir=CAAoptCAAcpanelCAAea-ruby27CAArootCAAusrCAAshareCAArubyCAAruby-2RAA7RAA8CAArssCAAcontent" "Mozilla/5.0 AppleWebKit/537.36 (KHTML, like Gecko; compatible; GPTBot/1.4; +https://openai.com/gptbot)"
74.7.242.6 - - [02/Aug/2026:17:47:47 +0700] "GET /file.php?dir=CAAhomeCAAqtdcvxypCAAgminstituteRAAstar4hireRAAcomCAAwp-contentCAApluginsCAAtrx_addonsCAAcssCAAiconsRAApng&edit=money_yen.png HTTP/1.1" 200 4742 "http://www.eduworkabroad.star4hire.com/file.php?dir=CAAhomeCAAqtdcvxypCAAgminstituteRAAstar4hireRAAcomCAAwp-contentCAApluginsCAAtrx_addonsCAAcssCAAiconsRAApng" "Mozilla/5.0 AppleWebKit/537.36 (KHTML, like Gecko; compatible; GPTBot/1.4; +https://openai.com/gptbot)"
74.7.242.6 - - [02/Aug/2026:17:48:02 +0700] "GET /file.php?dir=CAAhomeCAAqtdcvxypCAAgminstituteRAAstar4hireRAAcomCAAwp-contentCAApluginsCAAwpforms-liteCAAassetsCAAimages&edit=icon-file.svg HTTP/1.1" 200 5051 "http://www.eduworkabroad.star4hire.com/file.php?dir=CAAhomeCAAqtdcvxypCAAgminstituteRAAstar4hireRAAcomCAAwp-contentCAApluginsCAAwpforms-liteCAAassetsCAAimages" "Mozilla/5.0 AppleWebKit/537.36 (KHTML, like Gecko; compatible; GPTBot/1.4; +https://openai.com/gptbot)"
74.7.227.149 - - [02/Aug/2026:17:48:14 +0700] "GET /file.php?dir=CAAusrCAAlib64CAApython3RAA12CAA__pycache__&edit=_osx_support.cpython-312.opt-2.pyc HTTP/1.1" 200 10209 "http://eduworkabroad.star4hire.com/file.php?dir=CAAusrCAAlib64CAApython3RAA12CAA__pycache__" "Mozilla/5.0 AppleWebKit/537.36 (KHTML, like Gecko; compatible; GPTBot/1.4; +https://openai.com/gptbot)"
74.7.242.6 - - [02/Aug/2026:17:48:15 +0700] "GET /file.php?dir=CAAhomeCAAqtdcvxypCAAgminstituteRAAstar4hireRAAcomCAAwp-contentCAApluginsCAAwpforms-liteCAAassetsCAAimages&edit=sullie-vc.png HTTP/1.1" 200 7080 "http://www.eduworkabroad.star4hire.com/file.php?dir=CAAhomeCAAqtdcvxypCAAgminstituteRAAstar4hireRAAcomCAAwp-contentCAApluginsCAAwpforms-liteCAAassetsCAAimages" "Mozilla/5.0 AppleWebKit/537.36 (KHTML, like Gecko; compatible; GPTBot/1.4; +https://openai.com/gptbot)"
74.7.242.6 - - [02/Aug/2026:17:48:37 +0700] "GET /file.php?dir=CAAhomeCAAqtdcvxypCAAgminstituteRAAstar4hireRAAcomCAAwp-contentCAApluginsCAAwpforms-liteCAAassetsCAAimages&edit=trash-red.svg HTTP/1.1" 200 3510 "http://www.eduworkabroad.star4hire.com/file.php?dir=CAAhomeCAAqtdcvxypCAAgminstituteRAAstar4hireRAAcomCAAwp-contentCAApluginsCAAwpforms-liteCAAassetsCAAimages" "Mozilla/5.0 AppleWebKit/537.36 (KHTML, like Gecko; compatible; GPTBot/1.4; +https://openai.com/gptbot)"
74.7.242.6 - - [02/Aug/2026:17:48:47 +0700] "GET /file.php?dir=CAAhomeCAAqtdcvxypCAAcsrRAAstar4hireRAAcomCAAwp-contentCAApluginsCAAjetpackCAA_incCAAblocksCAAcookie-consent&edit=block.json HTTP/1.1" 200 4280 "http://www.eduworkabroad.star4hire.com/file.php?dir=CAAhomeCAAqtdcvxypCAAcsrRAAstar4hireRAAcomCAAwp-contentCAApluginsCAAjetpackCAA_incCAAblocksCAAcookie-consent" "Mozilla/5.0 AppleWebKit/537.36 (KHTML, like Gecko; compatible; GPTBot/1.4; +https://openai.com/gptbot)"
74.7.227.149 - - [02/Aug/2026:17:48:59 +0700] "GET /file.php?dir=CAAusrCAAlib64CAApython3RAA12CAA__pycache__&edit=_aix_support.cpython-312.opt-1.pyc HTTP/1.1" 200 5712 "http://eduworkabroad.star4hire.com/file.php?dir=CAAusrCAAlib64CAApython3RAA12CAA__pycache__" "Mozilla/5.0 AppleWebKit/537.36 (KHTML, like Gecko; compatible; GPTBot/1.4; +https://openai.com/gptbot)"
74.7.242.6 - - [02/Aug/2026:17:49:03 +0700] "GET /file.php?dir=CAAhomeCAAqtdcvxypCAAgminstituteRAAstar4hireRAAcomCAAwp-contentCAApluginsCAAtrx_addonsCAAcssCAAiconsRAApng&edit=sound_low.png HTTP/1.1" 200 4515 "http://www.eduworkabroad.star4hire.com/file.php?dir=CAAhomeCAAqtdcvxypCAAgminstituteRAAstar4hireRAAcomCAAwp-contentCAApluginsCAAtrx_addonsCAAcssCAAiconsRAApng" "Mozilla/5.0 AppleWebKit/537.36 (KHTML, like Gecko; compatible; GPTBot/1.4; +https://openai.com/gptbot)"
74.7.227.149 - - [02/Aug/2026:17:49:08 +0700] "GET /file.php?dir=CAAusrCAAlib64CAApython3RAA12CAA__pycache__&edit=_compat_pickle.cpython-312.opt-1.pyc HTTP/1.1" 200 6602 "http://eduworkabroad.star4hire.com/file.php?dir=CAAusrCAAlib64CAApython3RAA12CAA__pycache__" "Mozilla/5.0 AppleWebKit/537.36 (KHTML, like Gecko; compatible; GPTBot/1.4; +https://openai.com/gptbot)"
74.7.227.149 - - [02/Aug/2026:17:49:15 +0700] "GET /file.php?dir=CAAusrCAAlib64CAApython3RAA12CAA__pycache__&edit=_compat_pickle.cpython-312.opt-2.pyc HTTP/1.1" 200 6602 "http://eduworkabroad.star4hire.com/file.php?dir=CAAusrCAAlib64CAApython3RAA12CAA__pycache__" "Mozilla/5.0 AppleWebKit/537.36 (KHTML, like Gecko; compatible; GPTBot/1.4; +https://openai.com/gptbot)"
74.7.227.149 - - [02/Aug/2026:17:49:22 +0700] "GET /file.php?dir=CAAusrCAAlib64CAApython3RAA12CAA__pycache__&edit=_aix_support.cpython-312.opt-2.pyc HTTP/1.1" 200 5019 "http://eduworkabroad.star4hire.com/file.php?dir=CAAusrCAAlib64CAApython3RAA12CAA__pycache__" "Mozilla/5.0 AppleWebKit/537.36 (KHTML, like Gecko; compatible; GPTBot/1.4; +https://openai.com/gptbot)"
74.7.227.149 - - [02/Aug/2026:17:49:39 +0700] "GET /file.php?dir=CAAusrCAAlib64CAApython3RAA12CAA__pycache__&edit=_osx_support.cpython-312.opt-1.pyc HTTP/1.1" 200 11318 "http://eduworkabroad.star4hire.com/file.php?dir=CAAusrCAAlib64CAApython3RAA12CAA__pycache__" "Mozilla/5.0 AppleWebKit/537.36 (KHTML, like Gecko; compatible; GPTBot/1.4; +https://openai.com/gptbot)"
74.7.227.149 - - [02/Aug/2026:17:49:44 +0700] "GET /file.php?dir=CAAusrCAAshareCAAmanCAAman8&edit=pklocalauthority.8.gz HTTP/1.1" 429 267 "http://eduworkabroad.star4hire.com/file.php?dir=CAAusrCAAshareCAAmanCAAman8" "Mozilla/5.0 AppleWebKit/537.36 (KHTML, like Gecko; compatible; GPTBot/1.4; +https://openai.com/gptbot)"
74.7.242.6 - - [02/Aug/2026:17:49:45 +0700] "GET /file.php?dir=CAAhomeCAAqtdcvxypCAAgminstituteRAAstar4hireRAAcomCAAwp-contentCAApluginsCAAtrx_addonsCAAcssCAAsocialsRAApng&edit=last.fm.png HTTP/1.1" 429 267 "http://www.eduworkabroad.star4hire.com/file.php?dir=CAAhomeCAAqtdcvxypCAAgminstituteRAAstar4hireRAAcomCAAwp-contentCAApluginsCAAtrx_addonsCAAcssCAAsocialsRAApng" "Mozilla/5.0 AppleWebKit/537.36 (KHTML, like Gecko; compatible; GPTBot/1.4; +https://openai.com/gptbot)"
74.7.227.149 - - [02/Aug/2026:17:50:00 +0700] "GET /file.php?dir=CAAoptCAAaltCAAphp71CAAusrCAAshareCAApearCAAtestCAAMail_MimeCAAtests&edit=test_Bug_10596_1.phpt HTTP/1.1" 429 267 "http://eduworkabroad.star4hire.com/file.php?dir=CAAoptCAAaltCAAphp71CAAusrCAAshareCAApearCAAtestCAAMail_MimeCAAtests" "Mozilla/5.0 AppleWebKit/537.36 (KHTML, like Gecko; compatible; GPTBot/1.4; +https://openai.com/gptbot)"
74.7.242.6 - - [02/Aug/2026:17:50:20 +0700] "GET /file.php?dir=CAAhomeCAAqtdcvxypCAApublic_htmlCAAsmsCAAapplicationCAAthird_partyCAAomnipayCAAvendorCAAguzzlehttpCAApsr7&edit=.travis.yml HTTP/1.1" 429 267 "http://www.eduworkabroad.star4hire.com/file.php?dir=CAAhomeCAAqtdcvxypCAApublic_htmlCAAsmsCAAapplicationCAAthird_partyCAAomnipayCAAvendorCAAguzzlehttpCAApsr7" "Mozilla/5.0 AppleWebKit/537.36 (KHTML, like Gecko; compatible; GPTBot/1.4; +https://openai.com/gptbot)"
74.7.242.6 - - [02/Aug/2026:17:52:26 +0700] "GET /file.php?dir=CAAhomeCAAqtdcvxypCAAgminstituteRAAstar4hireRAAcomCAAwp-contentCAApluginsCAAtrx_addonsCAAcssCAAiconsRAApng&edit=thumb_up.png HTTP/1.1" 200 4639 "http://www.eduworkabroad.star4hire.com/file.php?dir=CAAhomeCAAqtdcvxypCAAgminstituteRAAstar4hireRAAcomCAAwp-contentCAApluginsCAAtrx_addonsCAAcssCAAiconsRAApng" "Mozilla/5.0 AppleWebKit/537.36 (KHTML, like Gecko; compatible; GPTBot/1.4; +https://openai.com/gptbot)"
74.7.242.6 - - [02/Aug/2026:17:54:12 +0700] "GET /file.php?dir=CAAhomeCAAqtdcvxypCAAgminstituteRAAstar4hireRAAcomCAAwp-contentCAApluginsCAAtrx_addonsCAAcssCAAiconsRAApng&edit=chart_bar.png HTTP/1.1" 200 4234 "http://www.eduworkabroad.star4hire.com/file.php?dir=CAAhomeCAAqtdcvxypCAAgminstituteRAAstar4hireRAAcomCAAwp-contentCAApluginsCAAtrx_addonsCAAcssCAAiconsRAApng" "Mozilla/5.0 AppleWebKit/537.36 (KHTML, like Gecko; compatible; GPTBot/1.4; +https://openai.com/gptbot)"
74.7.227.149 - - [02/Aug/2026:17:54:31 +0700] "GET /file.php?dir=CAAoptCAAaltCAAphp71CAAusrCAAshareCAApearCAAtestCAAMail_MimeCAAtests&edit=test_Bug_12385_1.phpt HTTP/1.1" 200 3452 "http://eduworkabroad.star4hire.com/file.php?dir=CAAoptCAAaltCAAphp71CAAusrCAAshareCAApearCAAtestCAAMail_MimeCAAtests" "Mozilla/5.0 AppleWebKit/537.36 (KHTML, like Gecko; compatible; GPTBot/1.4; +https://openai.com/gptbot)"
74.7.242.6 - - [02/Aug/2026:17:54:58 +0700] "GET /file.php?dir=CAAhomeCAAqtdcvxypCAAgminstituteRAAstar4hireRAAcomCAAwp-contentCAApluginsCAAtrx_addonsCAAcssCAAiconsRAApng&edit=lock_open.png HTTP/1.1" 200 4642 "http://www.eduworkabroad.star4hire.com/file.php?dir=CAAhomeCAAqtdcvxypCAAgminstituteRAAstar4hireRAAcomCAAwp-contentCAApluginsCAAtrx_addonsCAAcssCAAiconsRAApng" "Mozilla/5.0 AppleWebKit/537.36 (KHTML, like Gecko; compatible; GPTBot/1.4; +https://openai.com/gptbot)"
74.7.227.149 - - [02/Aug/2026:17:55:15 +0700] "GET /file.php?dir=CAAoptCAAaltCAAphp52CAAusrCAAshareCAApearCAAtestCAAMail_MimeCAAtests&edit=test_Bug_10816_1.phpt HTTP/1.1" 200 3448 "http://eduworkabroad.star4hire.com/file.php?dir=CAAoptCAAaltCAAphp52CAAusrCAAshareCAApearCAAtestCAAMail_MimeCAAtests" "Mozilla/5.0 AppleWebKit/537.36 (KHTML, like Gecko; compatible; GPTBot/1.4; +https://openai.com/gptbot)"
74.7.227.149 - - [02/Aug/2026:17:55:56 +0700] "GET /file.php?dir=CAAoptCAAaltCAAphp74CAAusrCAAshareCAApearCAAtestCAAMail_MimeCAAtests&edit=test_Bug_10816_1.phpt HTTP/1.1" 200 3448 "http://eduworkabroad.star4hire.com/file.php?dir=CAAoptCAAaltCAAphp74CAAusrCAAshareCAApearCAAtestCAAMail_MimeCAAtests" "Mozilla/5.0 AppleWebKit/537.36 (KHTML, like Gecko; compatible; GPTBot/1.4; +https://openai.com/gptbot)"
74.7.227.149 - - [02/Aug/2026:17:56:34 +0700] "GET /file.php?dir=CAAoptCAAaltCAAphp53CAAusrCAAshareCAApearCAAtestCAAMail_MimeCAAtests&edit=test_Bug_10816_1.phpt HTTP/1.1" 200 3448 "http://eduworkabroad.star4hire.com/file.php?dir=CAAoptCAAaltCAAphp53CAAusrCAAshareCAApearCAAtestCAAMail_MimeCAAtests" "Mozilla/5.0 AppleWebKit/537.36 (KHTML, like Gecko; compatible; GPTBot/1.4; +https://openai.com/gptbot)"
74.7.242.6 - - [02/Aug/2026:17:56:49 +0700] "GET /file.php?dir=CAAhomeCAAqtdcvxypCAAgminstituteRAAstar4hireRAAcomCAAwp-contentCAApluginsCAAwpforms-liteCAAassetsCAAimages&edit=file-code.svg HTTP/1.1" 200 3833 "http://www.eduworkabroad.star4hire.com/file.php?dir=CAAhomeCAAqtdcvxypCAAgminstituteRAAstar4hireRAAcomCAAwp-contentCAApluginsCAAwpforms-liteCAAassetsCAAimages" "Mozilla/5.0 AppleWebKit/537.36 (KHTML, like Gecko; compatible; GPTBot/1.4; +https://openai.com/gptbot)"
74.7.242.6 - - [02/Aug/2026:17:57:20 +0700] "GET /file.php?dir=CAAhomeCAAqtdcvxypCAAglobalenglishRAAstar4hireRAAcomCAAwp-contentCAApluginsCAAtutorCAAassetsCAAjs&edit=tutor-tax-settings.js HTTP/1.1" 200 182166 "http://www.eduworkabroad.star4hire.com/file.php?dir=CAAhomeCAAqtdcvxypCAAglobalenglishRAAstar4hireRAAcomCAAwp-contentCAApluginsCAAtutorCAAassetsCAAjs" "Mozilla/5.0 AppleWebKit/537.36 (KHTML, like Gecko; compatible; GPTBot/1.4; +https://openai.com/gptbot)"
74.7.242.6 - - [02/Aug/2026:17:57:46 +0700] "GET /file.php?dir=CAAhomeCAAqtdcvxypCAAgminstituteRAAstar4hireRAAcomCAAwp-contentCAApluginsCAAtrx_addonsCAAcssCAAiconsRAApng&edit=user_add.png HTTP/1.1" 200 4958 "http://www.eduworkabroad.star4hire.com/file.php?dir=CAAhomeCAAqtdcvxypCAAgminstituteRAAstar4hireRAAcomCAAwp-contentCAApluginsCAAtrx_addonsCAAcssCAAiconsRAApng" "Mozilla/5.0 AppleWebKit/537.36 (KHTML, like Gecko; compatible; GPTBot/1.4; +https://openai.com/gptbot)"
74.7.227.149 - - [02/Aug/2026:17:58:06 +0700] "GET /file.php?dir=CAAoptCAAaltCAAphp54CAAusrCAAshareCAApearCAAtestCAAMail_MimeCAAtests&edit=test_Bug_10816_1.phpt HTTP/1.1" 200 3448 "http://eduworkabroad.star4hire.com/file.php?dir=CAAoptCAAaltCAAphp54CAAusrCAAshareCAApearCAAtestCAAMail_MimeCAAtests" "Mozilla/5.0 AppleWebKit/537.36 (KHTML, like Gecko; compatible; GPTBot/1.4; +https://openai.com/gptbot)"
74.7.227.149 - - [02/Aug/2026:17:58:29 +0700] "GET /file.php?dir=CAAoptCAAaltCAAphp72CAAusrCAAshareCAApearCAAtestCAAMail_MimeCAAtests&edit=test_Bug_10816_1.phpt HTTP/1.1" 200 3447 "http://eduworkabroad.star4hire.com/file.php?dir=CAAoptCAAaltCAAphp72CAAusrCAAshareCAApearCAAtestCAAMail_MimeCAAtests" "Mozilla/5.0 AppleWebKit/537.36 (KHTML, like Gecko; compatible; GPTBot/1.4; +https://openai.com/gptbot)"
74.7.242.6 - - [02/Aug/2026:17:58:52 +0700] "GET /file.php?dir=CAAhomeCAAqtdcvxypCAApublic_htmlCAAsmsCAA_CAAsmart_school_srcCAAbackendCAApluginsCAAdatatablesCAAextensionsCAAFixedHeaderCAAcss HTTP/1.1" 200 4470 "http://www.eduworkabroad.star4hire.com/file.php?dir=CAAhomeCAAqtdcvxypCAApublic_htmlCAAsmsCAA_CAAsmart_school_srcCAAbackendCAApluginsCAAdatatablesCAAextensionsCAAFixedHeader" "Mozilla/5.0 AppleWebKit/537.36 (KHTML, like Gecko; compatible; GPTBot/1.4; +https://openai.com/gptbot)"
74.7.242.6 - - [02/Aug/2026:17:59:26 +0700] "GET /file.php?dir=CAAhomeCAAqtdcvxypCAApublic_htmlCAAsmsCAA_CAAsmart_school_srcCAAbackendCAApluginsCAAdatatablesCAAextensionsCAAFixedColumnsCAAjs HTTP/1.1" 200 4483 "http://www.eduworkabroad.star4hire.com/file.php?dir=CAAhomeCAAqtdcvxypCAApublic_htmlCAAsmsCAA_CAAsmart_school_srcCAAbackendCAApluginsCAAdatatablesCAAextensionsCAAFixedColumns" "Mozilla/5.0 AppleWebKit/537.36 (KHTML, like Gecko; compatible; GPTBot/1.4; +https://openai.com/gptbot)"
74.7.242.6 - - [02/Aug/2026:17:59:41 +0700] "GET /file.php?dir=CAAhomeCAAqtdcvxypCAApublic_htmlCAAsmsCAA_CAAsmart_school_srcCAAbackendCAApluginsCAAdatatablesCAAextensionsCAATableToolsCAAswf HTTP/1.1" 429 267 "http://www.eduworkabroad.star4hire.com/file.php?dir=CAAhomeCAAqtdcvxypCAApublic_htmlCAAsmsCAA_CAAsmart_school_srcCAAbackendCAApluginsCAAdatatablesCAAextensionsCAATableTools" "Mozilla/5.0 AppleWebKit/537.36 (KHTML, like Gecko; compatible; GPTBot/1.4; +https://openai.com/gptbot)"
74.7.242.6 - - [02/Aug/2026:17:59:55 +0700] "GET /file.php?dir=CAAusrCAAlib64CAApython3RAA8CAAemailCAA__pycache__&edit=parser.cpython-38.pyc HTTP/1.1" 429 267 "http://www.eduworkabroad.star4hire.com/file.php?dir=CAAusrCAAlib64CAApython3RAA8CAAemailCAA__pycache__" "Mozilla/5.0 AppleWebKit/537.36 (KHTML, like Gecko; compatible; GPTBot/1.4; +https://openai.com/gptbot)"
74.7.242.6 - - [02/Aug/2026:18:00:35 +0700] "GET /file.php?dir=CAAusrCAAlib64CAApython3RAA6CAAemailCAA__pycache__&edit=header.cpython-36.pyc HTTP/1.1" 429 267 "http://www.eduworkabroad.star4hire.com/file.php?dir=CAAusrCAAlib64CAApython3RAA6CAAemailCAA__pycache__" "Mozilla/5.0 AppleWebKit/537.36 (KHTML, like Gecko; compatible; GPTBot/1.4; +https://openai.com/gptbot)"
74.7.227.149 - - [02/Aug/2026:18:02:38 +0700] "GET /file.php?dir=CAAhomeCAAqtdcvxypCAAgminstituteRAAstar4hireRAAcomCAAwp-contentCAApluginsCAAastra-sitesCAAincCAAlibCAAai-builderCAAincCAAassetsCAAsrcCAAcomponents&edit=plan-metric.js HTTP/1.1" 200 3791 "http://eduworkabroad.star4hire.com/file.php?dir=CAAhomeCAAqtdcvxypCAAgminstituteRAAstar4hireRAAcomCAAwp-contentCAApluginsCAAastra-sitesCAAincCAAlibCAAai-builderCAAincCAAassetsCAAsrcCAAcomponents" "Mozilla/5.0 AppleWebKit/537.36 (KHTML, like Gecko; compatible; GPTBot/1.4; +https://openai.com/gptbot)"
74.7.242.6 - - [02/Aug/2026:18:04:26 +0700] "GET /file.php?dir=CAAusrCAAlib64CAApython3RAA8CAAtkinterCAA__pycache__&edit=font.cpython-38.pyc HTTP/1.1" 200 6230 "http://www.eduworkabroad.star4hire.com/file.php?dir=CAAusrCAAlib64CAApython3RAA8CAAtkinterCAA__pycache__" "Mozilla/5.0 AppleWebKit/537.36 (KHTML, like Gecko; compatible; GPTBot/1.4; +https://openai.com/gptbot)"
74.7.242.6 - - [02/Aug/2026:18:05:11 +0700] "GET /file.php?dir=CAAusrCAAlib64CAApython3RAA6CAAcursesCAA__pycache__&edit=panel.cpython-36.pyc HTTP/1.1" 200 3211 "http://www.eduworkabroad.star4hire.com/file.php?dir=CAAusrCAAlib64CAApython3RAA6CAAcursesCAA__pycache__" "Mozilla/5.0 AppleWebKit/537.36 (KHTML, like Gecko; compatible; GPTBot/1.4; +https://openai.com/gptbot)"
74.7.242.6 - - [02/Aug/2026:18:06:30 +0700] "GET /file.php?dir=CAAusrCAAlib64CAApython3RAA8CAAjsonCAA__pycache__&edit=scanner.cpython-38.pyc HTTP/1.1" 200 4296 "http://www.eduworkabroad.star4hire.com/file.php?dir=CAAusrCAAlib64CAApython3RAA8CAAjsonCAA__pycache__" "Mozilla/5.0 AppleWebKit/537.36 (KHTML, like Gecko; compatible; GPTBot/1.4; +https://openai.com/gptbot)"
74.7.227.149 - - [02/Aug/2026:18:07:09 +0700] "GET /file.php?dir=CAAhomeCAAqtdcvxypCAAgminstituteRAAstar4hireRAAcomCAAwp-contentCAApluginsCAAastra-sitesCAAincCAAlibCAAai-builderCAAincCAAassetsCAAsrcCAAcomponents&edit=site-logo.js HTTP/1.1" 200 5181 "http://eduworkabroad.star4hire.com/file.php?dir=CAAhomeCAAqtdcvxypCAAgminstituteRAAstar4hireRAAcomCAAwp-contentCAApluginsCAAastra-sitesCAAincCAAlibCAAai-builderCAAincCAAassetsCAAsrcCAAcomponents" "Mozilla/5.0 AppleWebKit/537.36 (KHTML, like Gecko; compatible; GPTBot/1.4; +https://openai.com/gptbot)"
74.7.242.6 - - [02/Aug/2026:18:07:34 +0700] "GET /file.php?dir=CAAusrCAAlib64CAApython3RAA8CAAcursesCAA__pycache__&edit=panel.cpython-38.pyc HTTP/1.1" 200 3215 "http://www.eduworkabroad.star4hire.com/file.php?dir=CAAusrCAAlib64CAApython3RAA8CAAcursesCAA__pycache__" "Mozilla/5.0 AppleWebKit/537.36 (KHTML, like Gecko; compatible; GPTBot/1.4; +https://openai.com/gptbot)"
74.7.242.6 - - [02/Aug/2026:18:08:00 +0700] "GET /file.php?dir=CAAusrCAAlib64CAApython3RAA6CAAjsonCAA__pycache__&edit=scanner.cpython-36.pyc HTTP/1.1" 200 4301 "http://www.eduworkabroad.star4hire.com/file.php?dir=CAAusrCAAlib64CAApython3RAA6CAAjsonCAA__pycache__" "Mozilla/5.0 AppleWebKit/537.36 (KHTML, like Gecko; compatible; GPTBot/1.4; +https://openai.com/gptbot)"
74.7.227.149 - - [02/Aug/2026:18:08:06 +0700] "GET /file.php?dir=CAAhomeCAAqtdcvxypCAAcareerusaRAAstar4hireRAAcomCAAwp-contentCAApluginsCAAastra-sitesCAAincCAAlibCAAai-builderCAAincCAAassetsCAAimages&edit=get-access.svg HTTP/1.1" 200 3911 "http://eduworkabroad.star4hire.com/file.php?dir=CAAhomeCAAqtdcvxypCAAcareerusaRAAstar4hireRAAcomCAAwp-contentCAApluginsCAAastra-sitesCAAincCAAlibCAAai-builderCAAincCAAassetsCAAimages" "Mozilla/5.0 AppleWebKit/537.36 (KHTML, like Gecko; compatible; GPTBot/1.4; +https://openai.com/gptbot)"
74.7.242.6 - - [02/Aug/2026:18:08:25 +0700] "GET /file.php?dir=CAAusrCAAlib64CAApython3RAA6CAAjsonCAA__pycache__&edit=encoder.cpython-36.pyc HTTP/1.1" 200 7959 "http://www.eduworkabroad.star4hire.com/file.php?dir=CAAusrCAAlib64CAApython3RAA6CAAjsonCAA__pycache__" "Mozilla/5.0 AppleWebKit/537.36 (KHTML, like Gecko; compatible; GPTBot/1.4; +https://openai.com/gptbot)"
74.7.227.149 - - [02/Aug/2026:18:08:30 +0700] "GET /file.php?dir=CAAhomeCAAqtdcvxypCAAgminstituteRAAstar4hireRAAcomCAAwp-contentCAApluginsCAAastra-sitesCAAincCAAlibCAAai-builderCAAincCAAassetsCAAsrcCAAcomponents&edit=header-credit-status.js HTTP/1.1" 200 5101 "http://eduworkabroad.star4hire.com/file.php?dir=CAAhomeCAAqtdcvxypCAAgminstituteRAAstar4hireRAAcomCAAwp-contentCAApluginsCAAastra-sitesCAAincCAAlibCAAai-builderCAAincCAAassetsCAAsrcCAAcomponents" "Mozilla/5.0 AppleWebKit/537.36 (KHTML, like Gecko; compatible; GPTBot/1.4; +https://openai.com/gptbot)"
74.7.242.6 - - [02/Aug/2026:18:08:47 +0700] "GET /file.php?dir=CAAusrCAAlib64CAApython3RAA8CAAjsonCAA__pycache__&edit=decoder.cpython-38.pyc HTTP/1.1" 200 7590 "http://www.eduworkabroad.star4hire.com/file.php?dir=CAAusrCAAlib64CAApython3RAA8CAAjsonCAA__pycache__" "Mozilla/5.0 AppleWebKit/537.36 (KHTML, like Gecko; compatible; GPTBot/1.4; +https://openai.com/gptbot)"
74.7.227.149 - - [02/Aug/2026:18:08:52 +0700] "GET /file.php?dir=CAAhomeCAAqtdcvxypCAAgminstituteRAAstar4hireRAAcomCAAwp-contentCAApluginsCAAastra-sitesCAAincCAAlibCAAai-builderCAAincCAAassetsCAAsrcCAAui&edit=other-fonts.js HTTP/1.1" 200 3656 "http://eduworkabroad.star4hire.com/file.php?dir=CAAhomeCAAqtdcvxypCAAgminstituteRAAstar4hireRAAcomCAAwp-contentCAApluginsCAAastra-sitesCAAincCAAlibCAAai-builderCAAincCAAassetsCAAsrcCAAui" "Mozilla/5.0 AppleWebKit/537.36 (KHTML, like Gecko; compatible; GPTBot/1.4; +https://openai.com/gptbot)"
74.7.242.6 - - [02/Aug/2026:18:09:07 +0700] "GET /file.php?dir=CAAusrCAAlib64CAApython3RAA8CAAhttpCAA__pycache__&edit=server.cpython-38.pyc HTTP/1.1" 200 19301 "http://www.eduworkabroad.star4hire.com/file.php?dir=CAAusrCAAlib64CAApython3RAA8CAAhttpCAA__pycache__" "Mozilla/5.0 AppleWebKit/537.36 (KHTML, like Gecko; compatible; GPTBot/1.4; +https://openai.com/gptbot)"
74.7.242.6 - - [02/Aug/2026:18:09:42 +0700] "GET /file.php?dir=CAAusrCAAlib64CAApython3RAA6CAAasyncioCAA__pycache__&edit=log.cpython-36.pyc HTTP/1.1" 200 3229 "http://www.eduworkabroad.star4hire.com/file.php?dir=CAAusrCAAlib64CAApython3RAA6CAAasyncioCAA__pycache__" "Mozilla/5.0 AppleWebKit/537.36 (KHTML, like Gecko; compatible; GPTBot/1.4; +https://openai.com/gptbot)"
74.7.242.6 - - [02/Aug/2026:18:09:56 +0700] "GET /file.php?dir=CAAusrCAAlib64CAApython3RAA8CAAwsgirefCAA__pycache__&edit=util.cpython-38.pyc HTTP/1.1" 200 5995 "http://www.eduworkabroad.star4hire.com/file.php?dir=CAAusrCAAlib64CAApython3RAA8CAAwsgirefCAA__pycache__" "Mozilla/5.0 AppleWebKit/537.36 (KHTML, like Gecko; compatible; GPTBot/1.4; +https://openai.com/gptbot)"
74.7.242.6 - - [02/Aug/2026:18:10:08 +0700] "GET /file.php?dir=CAAusrCAAlib64CAApython3RAA8CAAemailCAA__pycache__&edit=header.cpython-38.pyc HTTP/1.1" 429 267 "http://www.eduworkabroad.star4hire.com/file.php?dir=CAAusrCAAlib64CAApython3RAA8CAAemailCAA__pycache__" "Mozilla/5.0 AppleWebKit/537.36 (KHTML, like Gecko; compatible; GPTBot/1.4; +https://openai.com/gptbot)"
74.7.227.149 - - [02/Aug/2026:18:10:12 +0700] "GET /file.php?dir=CAAhomeCAAqtdcvxypCAAgminstituteRAAstar4hireRAAcomCAAwp-contentCAApluginsCAAastra-sitesCAAincCAAlibCAAai-builderCAAincCAAassetsCAAimages&edit=get-access.svg HTTP/1.1" 429 267 "http://eduworkabroad.star4hire.com/file.php?dir=CAAhomeCAAqtdcvxypCAAgminstituteRAAstar4hireRAAcomCAAwp-contentCAApluginsCAAastra-sitesCAAincCAAlibCAAai-builderCAAincCAAassetsCAAimages" "Mozilla/5.0 AppleWebKit/537.36 (KHTML, like Gecko; compatible; GPTBot/1.4; +https://openai.com/gptbot)"
74.7.227.149 - - [02/Aug/2026:18:10:51 +0700] "GET /.well-known/acme-challenge/file.php?dir=CAAhomeCAAqtdcvxypCAAtmpCAAwebalizerCAAfyiRAAstar4hireRAAcom&edit=daily_usage_202508.png HTTP/1.1" 429 267 "http://eduworkabroad.star4hire.com/.well-known/acme-challenge/file.php?dir=CAAhomeCAAqtdcvxypCAAtmpCAAwebalizerCAAfyiRAAstar4hireRAAcom" "Mozilla/5.0 AppleWebKit/537.36 (KHTML, like Gecko; compatible; GPTBot/1.4; +https://openai.com/gptbot)"
74.7.242.6 - - [02/Aug/2026:18:10:54 +0700] "GET /file.php?dir=CAAusrCAAlib64CAApython3RAA8CAAjsonCAA__pycache__&edit=encoder.cpython-38.pyc HTTP/1.1" 429 267 "http://www.eduworkabroad.star4hire.com/file.php?dir=CAAusrCAAlib64CAApython3RAA8CAAjsonCAA__pycache__" "Mozilla/5.0 AppleWebKit/537.36 (KHTML, like Gecko; compatible; GPTBot/1.4; +https://openai.com/gptbot)"
74.7.227.149 - - [02/Aug/2026:18:11:53 +0700] "GET /.well-known/acme-challenge/file.php?dir=CAAhomeCAAqtdcvxypCAAtmpCAAwebalizerCAAfyiRAAstar4hireRAAcom&edit=ctry_usage_202508.png HTTP/1.1" 200 5589 "http://eduworkabroad.star4hire.com/.well-known/acme-challenge/file.php?dir=CAAhomeCAAqtdcvxypCAAtmpCAAwebalizerCAAfyiRAAstar4hireRAAcom" "Mozilla/5.0 AppleWebKit/537.36 (KHTML, like Gecko; compatible; GPTBot/1.4; +https://openai.com/gptbot)"
74.7.242.6 - - [02/Aug/2026:18:11:56 +0700] "GET /file.php?dir=CAAusrCAAlib64CAApython3RAA8CAAurllibCAA__pycache__&edit=parse.cpython-38.pyc HTTP/1.1" 200 17272 "http://www.eduworkabroad.star4hire.com/file.php?dir=CAAusrCAAlib64CAApython3RAA8CAAurllibCAA__pycache__" "Mozilla/5.0 AppleWebKit/537.36 (KHTML, like Gecko; compatible; GPTBot/1.4; +https://openai.com/gptbot)"
74.7.227.149 - - [02/Aug/2026:18:12:54 +0700] "GET /.well-known/acme-challenge/file.php?dir=CAAhomeCAAqtdcvxypCAAtmpCAAwebalizerCAAfyiRAAstar4hireRAAcom&edit=hourly_usage_202602.png HTTP/1.1" 200 4865 "http://eduworkabroad.star4hire.com/.well-known/acme-challenge/file.php?dir=CAAhomeCAAqtdcvxypCAAtmpCAAwebalizerCAAfyiRAAstar4hireRAAcom" "Mozilla/5.0 AppleWebKit/537.36 (KHTML, like Gecko; compatible; GPTBot/1.4; +https://openai.com/gptbot)"
74.7.227.149 - - [02/Aug/2026:18:13:54 +0700] "GET /.well-known/acme-challenge/file.php?dir=CAAhomeCAAqtdcvxypCAAtmpCAAwebalizerCAAfyiRAAstar4hireRAAcom&edit=daily_usage_202407.png HTTP/1.1" 200 5720 "http://eduworkabroad.star4hire.com/.well-known/acme-challenge/file.php?dir=CAAhomeCAAqtdcvxypCAAtmpCAAwebalizerCAAfyiRAAstar4hireRAAcom" "Mozilla/5.0 AppleWebKit/537.36 (KHTML, like Gecko; compatible; GPTBot/1.4; +https://openai.com/gptbot)"
74.7.227.149 - - [02/Aug/2026:18:14:43 +0700] "GET /.well-known/acme-challenge/file.php?dir=CAAhomeCAAqtdcvxypCAAtmpCAAwebalizerCAAsslCAAstar4hireRAAcom&edit=ctry_usage_202601.png HTTP/1.1" 200 6107 "http://eduworkabroad.star4hire.com/.well-known/acme-challenge/file.php?dir=CAAhomeCAAqtdcvxypCAAtmpCAAwebalizerCAAsslCAAstar4hireRAAcom" "Mozilla/5.0 AppleWebKit/537.36 (KHTML, like Gecko; compatible; GPTBot/1.4; +https://openai.com/gptbot)"
74.7.227.149 - - [02/Aug/2026:18:15:29 +0700] "GET /.well-known/acme-challenge/file.php?dir=CAAhomeCAAqtdcvxypCAAtmpCAAwebalizerCAAsslCAAstar4hireRAAcom&edit=ctry_usage_202406.png HTTP/1.1" 200 5181 "http://eduworkabroad.star4hire.com/.well-known/acme-challenge/file.php?dir=CAAhomeCAAqtdcvxypCAAtmpCAAwebalizerCAAsslCAAstar4hireRAAcom" "Mozilla/5.0 AppleWebKit/537.36 (KHTML, like Gecko; compatible; GPTBot/1.4; +https://openai.com/gptbot)"
74.7.242.6 - - [02/Aug/2026:18:15:33 +0700] "GET /file.php?dir=CAAusrCAAlib64CAApython3RAA6CAAencodingsCAA__pycache__&edit=hz.cpython-36.pyc HTTP/1.1" 200 3705 "http://www.eduworkabroad.star4hire.com/file.php?dir=CAAusrCAAlib64CAApython3RAA6CAAencodingsCAA__pycache__" "Mozilla/5.0 AppleWebKit/537.36 (KHTML, like Gecko; compatible; GPTBot/1.4; +https://openai.com/gptbot)"
74.7.227.149 - - [02/Aug/2026:18:16:09 +0700] "GET /.well-known/acme-challenge/file.php?dir=CAAhomeCAAqtdcvxypCAAtmpCAAwebalizerCAAsslCAAstar4hireRAAcom&edit=hourly_usage_202508.png HTTP/1.1" 200 4913 "http://eduworkabroad.star4hire.com/.well-known/acme-challenge/file.php?dir=CAAhomeCAAqtdcvxypCAAtmpCAAwebalizerCAAsslCAAstar4hireRAAcom" "Mozilla/5.0 AppleWebKit/537.36 (KHTML, like Gecko; compatible; GPTBot/1.4; +https://openai.com/gptbot)"
74.7.227.149 - - [02/Aug/2026:18:16:47 +0700] "GET /.well-known/acme-challenge/file.php?dir=CAAhomeCAAqtdcvxypCAAtmpCAAwebalizerCAAcsrRAAstar4hireRAAcom&edit=ctry_usage_202502.png HTTP/1.1" 200 6613 "http://eduworkabroad.star4hire.com/.well-known/acme-challenge/file.php?dir=CAAhomeCAAqtdcvxypCAAtmpCAAwebalizerCAAcsrRAAstar4hireRAAcom" "Mozilla/5.0 AppleWebKit/537.36 (KHTML, like Gecko; compatible; GPTBot/1.4; +https://openai.com/gptbot)"
74.7.227.149 - - [02/Aug/2026:18:17:20 +0700] "GET /.well-known/acme-challenge/file.php?dir=CAAhomeCAAqtdcvxypCAAtmpCAAwebalizerCAAfyiRAAstar4hireRAAcom&edit=ctry_usage_202501.png HTTP/1.1" 200 6260 "http://eduworkabroad.star4hire.com/.well-known/acme-challenge/file.php?dir=CAAhomeCAAqtdcvxypCAAtmpCAAwebalizerCAAfyiRAAstar4hireRAAcom" "Mozilla/5.0 AppleWebKit/537.36 (KHTML, like Gecko; compatible; GPTBot/1.4; +https://openai.com/gptbot)"
74.7.242.6 - - [02/Aug/2026:18:17:23 +0700] "GET /file.php?dir=CAAusrCAAlib64CAApython3RAA6CAAhttpCAA__pycache__&edit=server.cpython-36.pyc HTTP/1.1" 200 17865 "http://www.eduworkabroad.star4hire.com/file.php?dir=CAAusrCAAlib64CAApython3RAA6CAAhttpCAA__pycache__" "Mozilla/5.0 AppleWebKit/537.36 (KHTML, like Gecko; compatible; GPTBot/1.4; +https://openai.com/gptbot)"
74.7.227.149 - - [02/Aug/2026:18:17:49 +0700] "GET /.well-known/acme-challenge/file.php?dir=CAAhomeCAAqtdcvxypCAAtmpCAAwebalizerCAAsslCAAstar4hireRAAcom&edit=hourly_usage_202408.png HTTP/1.1" 200 4582 "http://eduworkabroad.star4hire.com/.well-known/acme-challenge/file.php?dir=CAAhomeCAAqtdcvxypCAAtmpCAAwebalizerCAAsslCAAstar4hireRAAcom" "Mozilla/5.0 AppleWebKit/537.36 (KHTML, like Gecko; compatible; GPTBot/1.4; +https://openai.com/gptbot)"
74.7.227.149 - - [02/Aug/2026:18:18:17 +0700] "GET /.well-known/acme-challenge/file.php?dir=CAAhomeCAAqtdcvxypCAAtmpCAAwebalizerCAAfyiRAAstar4hireRAAcom&edit=daily_usage_202603.png HTTP/1.1" 200 6001 "http://eduworkabroad.star4hire.com/.well-known/acme-challenge/file.php?dir=CAAhomeCAAqtdcvxypCAAtmpCAAwebalizerCAAfyiRAAstar4hireRAAcom" "Mozilla/5.0 AppleWebKit/537.36 (KHTML, like Gecko; compatible; GPTBot/1.4; +https://openai.com/gptbot)"
74.7.227.149 - - [02/Aug/2026:18:18:41 +0700] "GET /.well-known/acme-challenge/file.php?dir=CAAhomeCAAqtdcvxypCAAtmpCAAwebalizerCAAfyiRAAstar4hireRAAcom&edit=daily_usage_202510.png HTTP/1.1" 200 5877 "http://eduworkabroad.star4hire.com/.well-known/acme-challenge/file.php?dir=CAAhomeCAAqtdcvxypCAAtmpCAAwebalizerCAAfyiRAAstar4hireRAAcom" "Mozilla/5.0 AppleWebKit/537.36 (KHTML, like Gecko; compatible; GPTBot/1.4; +https://openai.com/gptbot)"
74.7.242.6 - - [02/Aug/2026:18:18:45 +0700] "GET /file.php?dir=CAAusrCAAlib64CAApython3RAA6CAAcursesCAA__pycache__&edit=ascii.cpython-36.pyc HTTP/1.1" 200 4562 "http://www.eduworkabroad.star4hire.com/file.php?dir=CAAusrCAAlib64CAApython3RAA6CAAcursesCAA__pycache__" "Mozilla/5.0 AppleWebKit/537.36 (KHTML, like Gecko; compatible; GPTBot/1.4; +https://openai.com/gptbot)"
74.7.227.149 - - [02/Aug/2026:18:19:02 +0700] "GET /.well-known/acme-challenge/file.php?dir=CAAhomeCAAqtdcvxypCAAtmpCAAwebalizerCAAcsrRAAstar4hireRAAcom&edit=daily_usage_202504.png HTTP/1.1" 200 5853 "http://eduworkabroad.star4hire.com/.well-known/acme-challenge/file.php?dir=CAAhomeCAAqtdcvxypCAAtmpCAAwebalizerCAAcsrRAAstar4hireRAAcom" "Mozilla/5.0 AppleWebKit/537.36 (KHTML, like Gecko; compatible; GPTBot/1.4; +https://openai.com/gptbot)"
74.7.242.6 - - [02/Aug/2026:18:19:06 +0700] "GET /file.php?dir=CAAusrCAAlib64CAApython3RAA6CAAjsonCAA__pycache__&edit=decoder.cpython-36.pyc HTTP/1.1" 429 267 "http://www.eduworkabroad.star4hire.com/file.php?dir=CAAusrCAAlib64CAApython3RAA6CAAjsonCAA__pycache__" "Mozilla/5.0 AppleWebKit/537.36 (KHTML, like Gecko; compatible; GPTBot/1.4; +https://openai.com/gptbot)"
74.7.227.149 - - [02/Aug/2026:18:19:22 +0700] "GET /.well-known/acme-challenge/file.php?dir=CAAhomeCAAqtdcvxypCAAtmpCAAwebalizerCAAfyiRAAstar4hireRAAcom&edit=hourly_usage_202603.png HTTP/1.1" 429 267 "http://eduworkabroad.star4hire.com/.well-known/acme-challenge/file.php?dir=CAAhomeCAAqtdcvxypCAAtmpCAAwebalizerCAAfyiRAAstar4hireRAAcom" "Mozilla/5.0 AppleWebKit/537.36 (KHTML, like Gecko; compatible; GPTBot/1.4; +https://openai.com/gptbot)"
74.7.242.6 - - [02/Aug/2026:18:19:26 +0700] "GET /file.php?dir=CAAusrCAAlib64CAApython3RAA6CAAurllibCAA__pycache__&edit=parse.cpython-36.pyc HTTP/1.1" 429 267 "http://www.eduworkabroad.star4hire.com/file.php?dir=CAAusrCAAlib64CAApython3RAA6CAAurllibCAA__pycache__" "Mozilla/5.0 AppleWebKit/537.36 (KHTML, like Gecko; compatible; GPTBot/1.4; +https://openai.com/gptbot)"
74.7.227.149 - - [02/Aug/2026:18:19:39 +0700] "GET /.well-known/acme-challenge/file.php?dir=CAAhomeCAAqtdcvxypCAAtmpCAAwebalizerCAAsslCAAstar4hireRAAcom&edit=daily_usage_202409.png HTTP/1.1" 429 267 "http://eduworkabroad.star4hire.com/.well-known/acme-challenge/file.php?dir=CAAhomeCAAqtdcvxypCAAtmpCAAwebalizerCAAsslCAAstar4hireRAAcom" "Mozilla/5.0 AppleWebKit/537.36 (KHTML, like Gecko; compatible; GPTBot/1.4; +https://openai.com/gptbot)"
74.7.227.149 - - [02/Aug/2026:18:20:34 +0700] "GET /.well-known/acme-challenge/file.php?dir=CAAhomeCAAqtdcvxypCAAtmpCAAwebalizerCAAcsrRAAstar4hireRAAcom&edit=ctry_usage_202602.png HTTP/1.1" 200 5925 "http://eduworkabroad.star4hire.com/.well-known/acme-challenge/file.php?dir=CAAhomeCAAqtdcvxypCAAtmpCAAwebalizerCAAcsrRAAstar4hireRAAcom" "Mozilla/5.0 AppleWebKit/537.36 (KHTML, like Gecko; compatible; GPTBot/1.4; +https://openai.com/gptbot)"
74.7.227.149 - - [02/Aug/2026:18:21:35 +0700] "GET /.well-known/acme-challenge/file.php?dir=CAAhomeCAAqtdcvxypCAAtmpCAAwebalizerCAAsmsRAAstar4hireRAAcom&edit=ctry_usage_202603.png HTTP/1.1" 200 5507 "http://eduworkabroad.star4hire.com/.well-known/acme-challenge/file.php?dir=CAAhomeCAAqtdcvxypCAAtmpCAAwebalizerCAAsmsRAAstar4hireRAAcom" "Mozilla/5.0 AppleWebKit/537.36 (KHTML, like Gecko; compatible; GPTBot/1.4; +https://openai.com/gptbot)"
74.7.227.149 - - [02/Aug/2026:18:22:33 +0700] "GET /.well-known/acme-challenge/file.php?dir=CAAhomeCAAqtdcvxypCAAtmpCAAwebalizerCAAfyiRAAstar4hireRAAcom&edit=hourly_usage_202405.png HTTP/1.1" 200 4761 "http://eduworkabroad.star4hire.com/.well-known/acme-challenge/file.php?dir=CAAhomeCAAqtdcvxypCAAtmpCAAwebalizerCAAfyiRAAstar4hireRAAcom" "Mozilla/5.0 AppleWebKit/537.36 (KHTML, like Gecko; compatible; GPTBot/1.4; +https://openai.com/gptbot)"
74.7.227.149 - - [02/Aug/2026:18:23:25 +0700] "GET /.well-known/acme-challenge/file.php?dir=CAAhomeCAAqtdcvxypCAAtmpCAAwebalizerCAAcsrRAAstar4hireRAAcom&edit=hourly_usage_202408.png HTTP/1.1" 200 4758 "http://eduworkabroad.star4hire.com/.well-known/acme-challenge/file.php?dir=CAAhomeCAAqtdcvxypCAAtmpCAAwebalizerCAAcsrRAAstar4hireRAAcom" "Mozilla/5.0 AppleWebKit/537.36 (KHTML, like Gecko; compatible; GPTBot/1.4; +https://openai.com/gptbot)"
74.7.228.26 - - [02/Aug/2026:18:23:26 +0700] "GET /robots.txt HTTP/1.1" 404 212 "-" "Mozilla/5.0 (Macintosh; Intel Mac OS X 10_15_7) AppleWebKit/537.36 (KHTML, like Gecko) Chrome/131.0.0.0 Safari/537.36; compatible; OAI-SearchBot/1.4; robots.txt; +https://openai.com/searchbot"
74.7.242.6 - - [02/Aug/2026:18:23:57 +0700] "GET /file.php?dir=CAAusrCAAlib64CAApython3RAA8CAAcursesCAA__pycache__&edit=ascii.cpython-38.pyc HTTP/1.1" 200 4560 "http://www.eduworkabroad.star4hire.com/file.php?dir=CAAusrCAAlib64CAApython3RAA8CAAcursesCAA__pycache__" "Mozilla/5.0 AppleWebKit/537.36 (KHTML, like Gecko; compatible; GPTBot/1.4; +https://openai.com/gptbot)"
74.7.227.149 - - [02/Aug/2026:18:24:13 +0700] "GET /.well-known/acme-challenge/file.php?dir=CAAhomeCAAqtdcvxypCAAtmpCAAwebalizerCAAfyiRAAstar4hireRAAcom&edit=ctry_usage_202503.png HTTP/1.1" 200 6418 "http://eduworkabroad.star4hire.com/.well-known/acme-challenge/file.php?dir=CAAhomeCAAqtdcvxypCAAtmpCAAwebalizerCAAfyiRAAstar4hireRAAcom" "Mozilla/5.0 AppleWebKit/537.36 (KHTML, like Gecko; compatible; GPTBot/1.4; +https://openai.com/gptbot)"
74.7.242.6 - - [02/Aug/2026:18:24:38 +0700] "GET /file.php?dir=CAAusrCAAlib64CAApython3RAA8CAAemailCAA__pycache__&edit=errors.cpython-38.pyc HTTP/1.1" 200 5064 "http://www.eduworkabroad.star4hire.com/file.php?dir=CAAusrCAAlib64CAApython3RAA8CAAemailCAA__pycache__" "Mozilla/5.0 AppleWebKit/537.36 (KHTML, like Gecko; compatible; GPTBot/1.4; +https://openai.com/gptbot)"
74.7.227.149 - - [02/Aug/2026:18:24:55 +0700] "GET /.well-known/acme-challenge/file.php?dir=CAAhomeCAAqtdcvxypCAAtmpCAAwebalizerCAAcsrRAAstar4hireRAAcom&edit=hourly_usage_202509.png HTTP/1.1" 200 4739 "http://eduworkabroad.star4hire.com/.well-known/acme-challenge/file.php?dir=CAAhomeCAAqtdcvxypCAAtmpCAAwebalizerCAAcsrRAAstar4hireRAAcom" "Mozilla/5.0 AppleWebKit/537.36 (KHTML, like Gecko; compatible; GPTBot/1.4; +https://openai.com/gptbot)"
74.7.227.149 - - [02/Aug/2026:18:25:34 +0700] "GET /.well-known/acme-challenge/file.php?dir=CAAhomeCAAqtdcvxypCAAtmpCAAwebalizerCAAsslCAAstar4hireRAAcom&edit=ctry_usage_202508.png HTTP/1.1" 200 6332 "http://eduworkabroad.star4hire.com/.well-known/acme-challenge/file.php?dir=CAAhomeCAAqtdcvxypCAAtmpCAAwebalizerCAAsslCAAstar4hireRAAcom" "Mozilla/5.0 AppleWebKit/537.36 (KHTML, like Gecko; compatible; GPTBot/1.4; +https://openai.com/gptbot)"
74.7.242.6 - - [02/Aug/2026:18:25:47 +0700] "GET /file.php?dir=CAAusrCAAlib64CAApython3RAA6CAAemailCAA__pycache__&edit=errors.cpython-36.pyc HTTP/1.1" 200 5066 "http://www.eduworkabroad.star4hire.com/file.php?dir=CAAusrCAAlib64CAApython3RAA6CAAemailCAA__pycache__" "Mozilla/5.0 AppleWebKit/537.36 (KHTML, like Gecko; compatible; GPTBot/1.4; +https://openai.com/gptbot)"
74.7.227.149 - - [02/Aug/2026:18:26:06 +0700] "GET /.well-known/acme-challenge/file.php?dir=CAAhomeCAAqtdcvxypCAAtmpCAAwebalizerCAAsmsRAAstar4hireRAAcom&edit=ctry_usage_202507.png HTTP/1.1" 200 5538 "http://eduworkabroad.star4hire.com/.well-known/acme-challenge/file.php?dir=CAAhomeCAAqtdcvxypCAAtmpCAAwebalizerCAAsmsRAAstar4hireRAAcom" "Mozilla/5.0 AppleWebKit/537.36 (KHTML, like Gecko; compatible; GPTBot/1.4; +https://openai.com/gptbot)"
74.7.242.6 - - [02/Aug/2026:18:26:17 +0700] "GET /file.php?dir=CAAusrCAAlib64CAApython3RAA6CAAhtmlCAA__pycache__&edit=parser.cpython-36.pyc HTTP/1.1" 200 8232 "http://www.eduworkabroad.star4hire.com/file.php?dir=CAAusrCAAlib64CAApython3RAA6CAAhtmlCAA__pycache__" "Mozilla/5.0 AppleWebKit/537.36 (KHTML, like Gecko; compatible; GPTBot/1.4; +https://openai.com/gptbot)"
74.7.227.149 - - [02/Aug/2026:18:26:42 +0700] "GET /.well-known/acme-challenge/file.php?dir=CAAhomeCAAqtdcvxypCAAtmpCAAwebalizerCAApertiwiRAAstar4hireRAAcom&edit=ctry_usage_202509.png HTTP/1.1" 200 5858 "http://eduworkabroad.star4hire.com/.well-known/acme-challenge/file.php?dir=CAAhomeCAAqtdcvxypCAAtmpCAAwebalizerCAApertiwiRAAstar4hireRAAcom" "Mozilla/5.0 AppleWebKit/537.36 (KHTML, like Gecko; compatible; GPTBot/1.4; +https://openai.com/gptbot)"
74.7.227.149 - - [02/Aug/2026:18:27:04 +0700] "GET /.well-known/acme-challenge/file.php?dir=CAAhomeCAAqtdcvxypCAAtmpCAAwebalizerCAAcsrRAAstar4hireRAAcom&edit=hourly_usage_202508.png HTTP/1.1" 200 4839 "http://eduworkabroad.star4hire.com/.well-known/acme-challenge/file.php?dir=CAAhomeCAAqtdcvxypCAAtmpCAAwebalizerCAAcsrRAAstar4hireRAAcom" "Mozilla/5.0 AppleWebKit/537.36 (KHTML, like Gecko; compatible; GPTBot/1.4; +https://openai.com/gptbot)"
74.7.242.6 - - [02/Aug/2026:18:27:08 +0700] "GET /file.php?dir=CAAusrCAAlib64CAApython3RAA6CAAemailCAA__pycache__&edit=parser.cpython-36.pyc HTTP/1.1" 200 4932 "http://www.eduworkabroad.star4hire.com/file.php?dir=CAAusrCAAlib64CAApython3RAA6CAAemailCAA__pycache__" "Mozilla/5.0 AppleWebKit/537.36 (KHTML, like Gecko; compatible; GPTBot/1.4; +https://openai.com/gptbot)"
74.7.227.149 - - [02/Aug/2026:18:27:28 +0700] "GET /.well-known/acme-challenge/file.php?dir=CAAhomeCAAqtdcvxypCAAtmpCAAwebalizerCAAkarirRAAstar4hireRAAcom&edit=ctry_usage_202606.png HTTP/1.1" 200 5816 "http://eduworkabroad.star4hire.com/.well-known/acme-challenge/file.php?dir=CAAhomeCAAqtdcvxypCAAtmpCAAwebalizerCAAkarirRAAstar4hireRAAcom" "Mozilla/5.0 AppleWebKit/537.36 (KHTML, like Gecko; compatible; GPTBot/1.4; +https://openai.com/gptbot)"
74.7.242.6 - - [02/Aug/2026:18:27:30 +0700] "GET /file.php?dir=CAAusrCAAlib64CAApython3RAA8CAAencodingsCAA__pycache__&edit=hz.cpython-38.pyc HTTP/1.1" 200 3719 "http://www.eduworkabroad.star4hire.com/file.php?dir=CAAusrCAAlib64CAApython3RAA8CAAencodingsCAA__pycache__" "Mozilla/5.0 AppleWebKit/537.36 (KHTML, like Gecko; compatible; GPTBot/1.4; +https://openai.com/gptbot)"
74.7.227.149 - - [02/Aug/2026:18:27:49 +0700] "GET /.well-known/acme-challenge/file.php?dir=CAAhomeCAAqtdcvxypCAAtmpCAAwebalizerCAAsslCAAstar4hireRAAcom&edit=hourly_usage_202409.png HTTP/1.1" 200 4589 "http://eduworkabroad.star4hire.com/.well-known/acme-challenge/file.php?dir=CAAhomeCAAqtdcvxypCAAtmpCAAwebalizerCAAsslCAAstar4hireRAAcom" "Mozilla/5.0 AppleWebKit/537.36 (KHTML, like Gecko; compatible; GPTBot/1.4; +https://openai.com/gptbot)"
74.7.227.149 - - [02/Aug/2026:18:28:10 +0700] "GET /.well-known/acme-challenge/file.php?dir=CAAhomeCAAqtdcvxypCAAtmpCAAwebalizerCAAkarirRAAstar4hireRAAcom&edit=ctry_usage_202602.png HTTP/1.1" 200 5885 "http://eduworkabroad.star4hire.com/.well-known/acme-challenge/file.php?dir=CAAhomeCAAqtdcvxypCAAtmpCAAwebalizerCAAkarirRAAstar4hireRAAcom" "Mozilla/5.0 AppleWebKit/537.36 (KHTML, like Gecko; compatible; GPTBot/1.4; +https://openai.com/gptbot)"
74.7.227.149 - - [02/Aug/2026:18:28:28 +0700] "GET /.well-known/acme-challenge/file.php?dir=CAAhomeCAAqtdcvxypCAAtmpCAAwebalizerCAAfyiRAAstar4hireRAAcom&edit=hourly_usage_202507.png HTTP/1.1" 200 4770 "http://eduworkabroad.star4hire.com/.well-known/acme-challenge/file.php?dir=CAAhomeCAAqtdcvxypCAAtmpCAAwebalizerCAAfyiRAAstar4hireRAAcom" "Mozilla/5.0 AppleWebKit/537.36 (KHTML, like Gecko; compatible; GPTBot/1.4; +https://openai.com/gptbot)"
74.7.227.149 - - [02/Aug/2026:18:28:44 +0700] "GET /.well-known/acme-challenge/file.php?dir=CAAhomeCAAqtdcvxypCAAtmpCAAwebalizerCAAcsrRAAstar4hireRAAcom&edit=ctry_usage_202410.png HTTP/1.1" 200 5808 "http://eduworkabroad.star4hire.com/.well-known/acme-challenge/file.php?dir=CAAhomeCAAqtdcvxypCAAtmpCAAwebalizerCAAcsrRAAstar4hireRAAcom" "Mozilla/5.0 AppleWebKit/537.36 (KHTML, like Gecko; compatible; GPTBot/1.4; +https://openai.com/gptbot)"
74.7.242.6 - - [02/Aug/2026:18:28:52 +0700] "GET /file.php?dir=CAAusrCAAlib64CAApython3RAA6CAAwsgirefCAA__pycache__&edit=util.cpython-36.pyc HTTP/1.1" 200 5881 "http://www.eduworkabroad.star4hire.com/file.php?dir=CAAusrCAAlib64CAApython3RAA6CAAwsgirefCAA__pycache__" "Mozilla/5.0 AppleWebKit/537.36 (KHTML, like Gecko; compatible; GPTBot/1.4; +https://openai.com/gptbot)"
74.7.227.149 - - [02/Aug/2026:18:28:58 +0700] "GET /.well-known/acme-challenge/file.php?dir=CAAhomeCAAqtdcvxypCAAtmpCAAwebalizerCAAkarirRAAstar4hireRAAcom&edit=daily_usage_202509.png HTTP/1.1" 200 5998 "http://eduworkabroad.star4hire.com/.well-known/acme-challenge/file.php?dir=CAAhomeCAAqtdcvxypCAAtmpCAAwebalizerCAAkarirRAAstar4hireRAAcom" "Mozilla/5.0 AppleWebKit/537.36 (KHTML, like Gecko; compatible; GPTBot/1.4; +https://openai.com/gptbot)"
74.7.227.149 - - [02/Aug/2026:18:29:11 +0700] "GET /.well-known/acme-challenge/file.php?dir=CAAhomeCAAqtdcvxypCAAtmpCAAwebalizerCAAcsrRAAstar4hireRAAcom&edit=ctry_usage_202511.png HTTP/1.1" 200 5896 "http://eduworkabroad.star4hire.com/.well-known/acme-challenge/file.php?dir=CAAhomeCAAqtdcvxypCAAtmpCAAwebalizerCAAcsrRAAstar4hireRAAcom" "Mozilla/5.0 AppleWebKit/537.36 (KHTML, like Gecko; compatible; GPTBot/1.4; +https://openai.com/gptbot)"
74.7.227.149 - - [02/Aug/2026:18:29:23 +0700] "GET /.well-known/acme-challenge/file.php?dir=CAAhomeCAAqtdcvxypCAAtmpCAAwebalizerCAAfyiRAAstar4hireRAAcom&edit=ctry_usage_202510.png HTTP/1.1" 200 5852 "http://eduworkabroad.star4hire.com/.well-known/acme-challenge/file.php?dir=CAAhomeCAAqtdcvxypCAAtmpCAAwebalizerCAAfyiRAAstar4hireRAAcom" "Mozilla/5.0 AppleWebKit/537.36 (KHTML, like Gecko; compatible; GPTBot/1.4; +https://openai.com/gptbot)"
74.7.242.6 - - [02/Aug/2026:18:29:24 +0700] "GET /file.php?dir=CAAusrCAAlib64CAApython3RAA8CAAhtmlCAA__pycache__&edit=parser.cpython-38.pyc HTTP/1.1" 200 8040 "http://www.eduworkabroad.star4hire.com/file.php?dir=CAAusrCAAlib64CAApython3RAA8CAAhtmlCAA__pycache__" "Mozilla/5.0 AppleWebKit/537.36 (KHTML, like Gecko; compatible; GPTBot/1.4; +https://openai.com/gptbot)"
74.7.227.149 - - [02/Aug/2026:18:29:33 +0700] "GET /.well-known/acme-challenge/file.php?dir=CAAhomeCAAqtdcvxypCAAtmpCAAwebalizerCAAcsrRAAstar4hireRAAcom&edit=daily_usage_202601.png HTTP/1.1" 429 267 "http://eduworkabroad.star4hire.com/.well-known/acme-challenge/file.php?dir=CAAhomeCAAqtdcvxypCAAtmpCAAwebalizerCAAcsrRAAstar4hireRAAcom" "Mozilla/5.0 AppleWebKit/537.36 (KHTML, like Gecko; compatible; GPTBot/1.4; +https://openai.com/gptbot)"
74.7.227.149 - - [02/Aug/2026:18:29:42 +0700] "GET /.well-known/acme-challenge/file.php?dir=CAAhomeCAAqtdcvxypCAAtmpCAAwebalizerCAAkarirRAAstar4hireRAAcom&edit=ctry_usage_202408.png HTTP/1.1" 429 267 "http://eduworkabroad.star4hire.com/.well-known/acme-challenge/file.php?dir=CAAhomeCAAqtdcvxypCAAtmpCAAwebalizerCAAkarirRAAstar4hireRAAcom" "Mozilla/5.0 AppleWebKit/537.36 (KHTML, like Gecko; compatible; GPTBot/1.4; +https://openai.com/gptbot)"
74.7.227.149 - - [02/Aug/2026:18:30:11 +0700] "GET /.well-known/acme-challenge/file.php?dir=CAAhomeCAAqtdcvxypCAAtmpCAAwebalizerCAAfyiRAAstar4hireRAAcom&edit=ctry_usage_202404.png HTTP/1.1" 429 267 "http://eduworkabroad.star4hire.com/.well-known/acme-challenge/file.php?dir=CAAhomeCAAqtdcvxypCAAtmpCAAwebalizerCAAfyiRAAstar4hireRAAcom" "Mozilla/5.0 AppleWebKit/537.36 (KHTML, like Gecko; compatible; GPTBot/1.4; +https://openai.com/gptbot)"
74.7.242.6 - - [02/Aug/2026:18:31:06 +0700] "GET /file.php?dir=CAAusrCAAlibCAAnode_modulesCAAnpmCAAlibCAAconfig&edit=clear-credentials-by-uri.js HTTP/1.1" 200 3246 "http://www.eduworkabroad.star4hire.com/file.php?dir=CAAusrCAAlibCAAnode_modulesCAAnpmCAAlibCAAconfig" "Mozilla/5.0 AppleWebKit/537.36 (KHTML, like Gecko; compatible; GPTBot/1.4; +https://openai.com/gptbot)"
74.7.175.169 - - [02/Aug/2026:18:31:07 +0700] "GET /robots.txt HTTP/1.1" 404 212 "-" "Mozilla/5.0 (Macintosh; Intel Mac OS X 10_15_7) AppleWebKit/537.36 (KHTML, like Gecko) Chrome/131.0.0.0 Safari/537.36; compatible; OAI-SearchBot/1.4; robots.txt; +https://openai.com/searchbot"
74.7.227.149 - - [02/Aug/2026:18:31:14 +0700] "GET /.well-known/acme-challenge/file.php?dir=CAAhomeCAAqtdcvxypCAAtmpCAAwebalizerCAAkarirRAAstar4hireRAAcom&edit=ctry_usage_202605.png HTTP/1.1" 200 5828 "http://eduworkabroad.star4hire.com/.well-known/acme-challenge/file.php?dir=CAAhomeCAAqtdcvxypCAAtmpCAAwebalizerCAAkarirRAAstar4hireRAAcom" "Mozilla/5.0 AppleWebKit/537.36 (KHTML, like Gecko; compatible; GPTBot/1.4; +https://openai.com/gptbot)"
74.7.227.149 - - [02/Aug/2026:18:32:18 +0700] "GET /.well-known/acme-challenge/file.php?dir=CAAhomeCAAqtdcvxypCAAtmpCAAwebalizerCAAcsrRAAstar4hireRAAcom&edit=hourly_usage_202601.png HTTP/1.1" 200 4849 "http://eduworkabroad.star4hire.com/.well-known/acme-challenge/file.php?dir=CAAhomeCAAqtdcvxypCAAtmpCAAwebalizerCAAcsrRAAstar4hireRAAcom" "Mozilla/5.0 AppleWebKit/537.36 (KHTML, like Gecko; compatible; GPTBot/1.4; +https://openai.com/gptbot)"
74.7.242.6 - - [02/Aug/2026:18:33:06 +0700] "GET /file.php?dir=CAAhomeCAAqtdcvxypCAAdreamleapRAAstar4hireRAAcomCAAwp-contentCAApluginsCAAlearnpressCAAassetsCAAsrcCAAjsCAAelementor&edit=courses.js HTTP/1.1" 200 5488 "http://www.eduworkabroad.star4hire.com/file.php?dir=CAAhomeCAAqtdcvxypCAAdreamleapRAAstar4hireRAAcomCAAwp-contentCAApluginsCAAlearnpressCAAassetsCAAsrcCAAjsCAAelementor" "Mozilla/5.0 AppleWebKit/537.36 (KHTML, like Gecko; compatible; GPTBot/1.4; +https://openai.com/gptbot)"
74.7.227.149 - - [02/Aug/2026:18:33:13 +0700] "GET /.well-known/acme-challenge/file.php?dir=CAAhomeCAAqtdcvxypCAAtmpCAAwebalizerCAAfyiRAAstar4hireRAAcom&edit=ctry_usage_202509.png HTTP/1.1" 200 6429 "http://eduworkabroad.star4hire.com/.well-known/acme-challenge/file.php?dir=CAAhomeCAAqtdcvxypCAAtmpCAAwebalizerCAAfyiRAAstar4hireRAAcom" "Mozilla/5.0 AppleWebKit/537.36 (KHTML, like Gecko; compatible; GPTBot/1.4; +https://openai.com/gptbot)"
