Advanced Web Server Manager
Complete File Manager & Terminal - Standalone Version
By Sid Gifari | Gifari Industries
Current path:
/
/
usr
/
local
/
apache
/
domlogs
/
qtdcvxyp
✏️
Editing: eduworkabroad.star4hire.com
74.7.227.149 - - [01/Aug/2026:19:02:57 +0700] "GET /file.php?dir=CAAhomeCAAqtdcvxypCAAgminstituteRAAstar4hireRAAcomCAAwp-contentCAApluginsCAAastra-sitesCAAincCAAassetsCAAjs&edit=index.js HTTP/1.1" 200 3127 "http://eduworkabroad.star4hire.com/file.php?dir=CAAhomeCAAqtdcvxypCAAgminstituteRAAstar4hireRAAcomCAAwp-contentCAApluginsCAAastra-sitesCAAincCAAassetsCAAjs" "Mozilla/5.0 AppleWebKit/537.36 (KHTML, like Gecko; compatible; GPTBot/1.4; +https://openai.com/gptbot)"
74.7.242.6 - - [01/Aug/2026:19:03:41 +0700] "GET /file.php?dir=CAAusrCAAlibCAAfirmware&edit=iwlwifi-6000g2a-6.ucode HTTP/1.1" 200 217366 "http://www.eduworkabroad.star4hire.com/file.php?dir=CAAusrCAAlibCAAfirmware" "Mozilla/5.0 AppleWebKit/537.36 (KHTML, like Gecko; compatible; GPTBot/1.4; +https://openai.com/gptbot)"
74.7.227.149 - - [01/Aug/2026:19:03:53 +0700] "GET /file.php?dir=CAAhomeCAAqtdcvxypCAAgminstituteRAAstar4hireRAAcomCAAwp-contentCAApluginsCAAastra-sitesCAAincCAAassetsCAAjs&edit=eventsource.min.js HTTP/1.1" 200 6668 "http://eduworkabroad.star4hire.com/file.php?dir=CAAhomeCAAqtdcvxypCAAgminstituteRAAstar4hireRAAcomCAAwp-contentCAApluginsCAAastra-sitesCAAincCAAassetsCAAjs" "Mozilla/5.0 AppleWebKit/537.36 (KHTML, like Gecko; compatible; GPTBot/1.4; +https://openai.com/gptbot)"
74.7.242.6 - - [01/Aug/2026:19:04:32 +0700] "GET /file.php?dir=CAAhomeCAAqtdcvxypCAAdreamleapRAAstar4hireRAAcomCAAwp-contentCAApluginsCAAelementorCAAmodulesCAAlanding-pagesCAAadmin-menu-items&edit=landing-pages-empty-view-menu-item.php HTTP/1.1" 200 3390 "http://www.eduworkabroad.star4hire.com/file.php?dir=CAAhomeCAAqtdcvxypCAAdreamleapRAAstar4hireRAAcomCAAwp-contentCAApluginsCAAelementorCAAmodulesCAAlanding-pagesCAAadmin-menu-items" "Mozilla/5.0 AppleWebKit/537.36 (KHTML, like Gecko; compatible; GPTBot/1.4; +https://openai.com/gptbot)"
74.7.227.149 - - [01/Aug/2026:19:04:45 +0700] "GET /file.php?dir=CAAhomeCAAqtdcvxypCAAdreamleapRAAstar4hireRAAcomCAAwp-contentCAApluginsCAAtutorCAAviewsCAAoptionsCAAtemplateCAAcommon HTTP/1.1" 200 4526 "http://eduworkabroad.star4hire.com/file.php?dir=CAAhomeCAAqtdcvxypCAAdreamleapRAAstar4hireRAAcomCAAwp-contentCAApluginsCAAtutorCAAviewsCAAoptionsCAAtemplate" "Mozilla/5.0 AppleWebKit/537.36 (KHTML, like Gecko; compatible; GPTBot/1.4; +https://openai.com/gptbot)"
74.7.242.6 - - [01/Aug/2026:19:05:16 +0700] "GET /file.php?action=download&dir=CAAhomeCAAqtdcvxypCAAcareerusaRAAstar4hireRAAcomCAAwp-contentCAApluginsCAAelementorCAAmodulesCAAlanding-pagesCAAadmin-menu-items&file=landing-pages-menu-item.php HTTP/1.1" 200 326 "http://www.eduworkabroad.star4hire.com/file.php?dir=CAAhomeCAAqtdcvxypCAAcareerusaRAAstar4hireRAAcomCAAwp-contentCAApluginsCAAelementorCAAmodulesCAAlanding-pagesCAAadmin-menu-items" "Mozilla/5.0 AppleWebKit/537.36 (KHTML, like Gecko; compatible; GPTBot/1.4; +https://openai.com/gptbot)"
74.7.227.149 - - [01/Aug/2026:19:05:30 +0700] "GET /file.php?action=download&dir=CAAhomeCAAqtdcvxypCAAkarirRAAstar4hireRAAcomCAAvendorCAAmyclabsCAAdeep-copyCAAsrcCAADeepCopyCAATypeMatcher&file=TypeMatcher.php HTTP/1.1" 200 230 "http://eduworkabroad.star4hire.com/file.php?dir=CAAhomeCAAqtdcvxypCAAkarirRAAstar4hireRAAcomCAAvendorCAAmyclabsCAAdeep-copyCAAsrcCAADeepCopyCAATypeMatcher" "Mozilla/5.0 AppleWebKit/537.36 (KHTML, like Gecko; compatible; GPTBot/1.4; +https://openai.com/gptbot)"
74.7.242.6 - - [01/Aug/2026:19:06:01 +0700] "GET /file.php?dir=CAAhomeCAAqtdcvxypCAAcareerusaRAAstar4hireRAAcomCAAwp-contentCAApluginsCAAelementorCAAmodulesCAAlanding-pagesCAAadmin-menu-items&edit=landing-pages-empty-view-menu-item.php HTTP/1.1" 200 3389 "http://www.eduworkabroad.star4hire.com/file.php?dir=CAAhomeCAAqtdcvxypCAAcareerusaRAAstar4hireRAAcomCAAwp-contentCAApluginsCAAelementorCAAmodulesCAAlanding-pagesCAAadmin-menu-items" "Mozilla/5.0 AppleWebKit/537.36 (KHTML, like Gecko; compatible; GPTBot/1.4; +https://openai.com/gptbot)"
74.7.227.149 - - [01/Aug/2026:19:06:09 +0700] "GET /file.php?dir=CAAhomeCAAqtdcvxypCAAgminstituteRAAstar4hireRAAcomCAAwp-contentCAApluginsCAAastra-sitesCAAincCAAassetsCAAjs&edit=import-status.js HTTP/1.1" 200 3908 "http://eduworkabroad.star4hire.com/file.php?dir=CAAhomeCAAqtdcvxypCAAgminstituteRAAstar4hireRAAcomCAAwp-contentCAApluginsCAAastra-sitesCAAincCAAassetsCAAjs" "Mozilla/5.0 AppleWebKit/537.36 (KHTML, like Gecko; compatible; GPTBot/1.4; +https://openai.com/gptbot)"
74.7.227.149 - - [01/Aug/2026:19:06:46 +0700] "GET /file.php?dir=CAAhomeCAAqtdcvxypCAAgminstituteRAAstar4hireRAAcomCAAwp-contentCAApluginsCAAastra-sitesCAAincCAAassetsCAAjs&edit=command-palette.js HTTP/1.1" 200 3839 "http://eduworkabroad.star4hire.com/file.php?dir=CAAhomeCAAqtdcvxypCAAgminstituteRAAstar4hireRAAcomCAAwp-contentCAApluginsCAAastra-sitesCAAincCAAassetsCAAjs" "Mozilla/5.0 AppleWebKit/537.36 (KHTML, like Gecko; compatible; GPTBot/1.4; +https://openai.com/gptbot)"
74.7.227.149 - - [01/Aug/2026:19:07:50 +0700] "GET /file.php?dir=CAAhomeCAAqtdcvxypCAAdreamleapRAAstar4hireRAAcomCAAwp-contentCAApluginsCAAsiteseoCAAvendorCAAralouphieCAAgetallheadersCAAsrc HTTP/1.1" 200 4359 "http://eduworkabroad.star4hire.com/file.php?dir=CAAhomeCAAqtdcvxypCAAdreamleapRAAstar4hireRAAcomCAAwp-contentCAApluginsCAAsiteseoCAAvendorCAAralouphieCAAgetallheaders" "Mozilla/5.0 AppleWebKit/537.36 (KHTML, like Gecko; compatible; GPTBot/1.4; +https://openai.com/gptbot)"
74.7.242.6 - - [01/Aug/2026:19:08:09 +0700] "GET /file.php?dir=CAAhomeCAAqtdcvxypCAApublic_htmlCAAwp-includesCAAjsCAAjcrop&edit=jquery.Jcrop.min.js HTTP/1.1" 200 10043 "http://www.eduworkabroad.star4hire.com/file.php?dir=CAAhomeCAAqtdcvxypCAApublic_htmlCAAwp-includesCAAjsCAAjcrop" "Mozilla/5.0 AppleWebKit/537.36 (KHTML, like Gecko; compatible; GPTBot/1.4; +https://openai.com/gptbot)"
74.7.227.149 - - [01/Aug/2026:19:08:17 +0700] "GET /file.php?dir=CAAhomeCAAqtdcvxypCAAcareerusaRAAstar4hireRAAcomCAAwp-contentCAApluginsCAAtemplatelyCAAassetsCAAimagesCAAicons HTTP/1.1" 200 5620 "http://eduworkabroad.star4hire.com/file.php?dir=CAAhomeCAAqtdcvxypCAAcareerusaRAAstar4hireRAAcomCAAwp-contentCAApluginsCAAtemplatelyCAAassetsCAAimages" "Mozilla/5.0 AppleWebKit/537.36 (KHTML, like Gecko; compatible; GPTBot/1.4; +https://openai.com/gptbot)"
74.7.227.149 - - [01/Aug/2026:19:08:41 +0700] "GET /file.php?dir=CAAhomeCAAqtdcvxypCAAdreamleapRAAstar4hireRAAcomCAAwp-contentCAApluginsCAAwoocommerceCAAvendorCAAcomposerCAAinstallers HTTP/1.1" 200 4560 "http://eduworkabroad.star4hire.com/file.php?dir=CAAhomeCAAqtdcvxypCAAdreamleapRAAstar4hireRAAcomCAAwp-contentCAApluginsCAAwoocommerceCAAvendorCAAcomposer" "Mozilla/5.0 AppleWebKit/537.36 (KHTML, like Gecko; compatible; GPTBot/1.4; +https://openai.com/gptbot)"
74.7.242.6 - - [01/Aug/2026:19:09:16 +0700] "GET /file.php?dir=CAAoptCAAaltCAApython-internalCAAlib64CAApython3RAA11CAAimportlib&edit=readers.py HTTP/1.1" 200 3228 "http://www.eduworkabroad.star4hire.com/file.php?dir=CAAoptCAAaltCAApython-internalCAAlib64CAApython3RAA11CAAimportlib" "Mozilla/5.0 AppleWebKit/537.36 (KHTML, like Gecko; compatible; GPTBot/1.4; +https://openai.com/gptbot)"
74.7.227.149 - - [01/Aug/2026:19:09:22 +0700] "GET /file.php?dir=CAAhomeCAAqtdcvxypCAAcsrRAAstar4hireRAAcomCAAwp-contentCAApluginsCAAsiteseoCAAvendorCAAgoogleCAAgrpc-gcpCAAcloudprober HTTP/1.1" 200 4727 "http://eduworkabroad.star4hire.com/file.php?dir=CAAhomeCAAqtdcvxypCAAcsrRAAstar4hireRAAcomCAAwp-contentCAApluginsCAAsiteseoCAAvendorCAAgoogleCAAgrpc-gcp" "Mozilla/5.0 AppleWebKit/537.36 (KHTML, like Gecko; compatible; GPTBot/1.4; +https://openai.com/gptbot)"
74.7.242.6 - - [01/Aug/2026:19:09:34 +0700] "GET /file.php?dir=CAAusrCAAlibCAAnode_modulesCAAnpmCAAnode_modulesCAAnpm-registry-fetch&edit=check-response.js HTTP/1.1" 200 4382 "http://www.eduworkabroad.star4hire.com/file.php?dir=CAAusrCAAlibCAAnode_modulesCAAnpmCAAnode_modulesCAAnpm-registry-fetch" "Mozilla/5.0 AppleWebKit/537.36 (KHTML, like Gecko; compatible; GPTBot/1.4; +https://openai.com/gptbot)"
74.7.242.6 - - [01/Aug/2026:19:09:51 +0700] "GET /file.php?dir=CAAusrCAAlibCAAnode_modulesCAAnpmCAAnode_modulesCAAnpm-normalize-package-bin&edit=.npmignore HTTP/1.1" 200 3232 "http://www.eduworkabroad.star4hire.com/file.php?dir=CAAusrCAAlibCAAnode_modulesCAAnpmCAAnode_modulesCAAnpm-normalize-package-bin" "Mozilla/5.0 AppleWebKit/537.36 (KHTML, like Gecko; compatible; GPTBot/1.4; +https://openai.com/gptbot)"
74.7.227.149 - - [01/Aug/2026:19:09:56 +0700] "GET /file.php?dir=CAAoptCAAcpanelCAAea-wappspectorCAAvendorCAAsquizlabsCAAphp_codesnifferCAAsrcCAAStandardsCAAPSR1CAASniffs HTTP/1.1" 200 4379 "http://eduworkabroad.star4hire.com/file.php?dir=CAAoptCAAcpanelCAAea-wappspectorCAAvendorCAAsquizlabsCAAphp_codesnifferCAAsrcCAAStandardsCAAPSR1" "Mozilla/5.0 AppleWebKit/537.36 (KHTML, like Gecko; compatible; GPTBot/1.4; +https://openai.com/gptbot)"
74.7.227.149 - - [01/Aug/2026:19:10:23 +0700] "GET /file.php?dir=CAAhomeCAAqtdcvxypCAAdreamleapRAAstar4hireRAAcomCAAwp-contentCAApluginsCAAtutor-proCAAaddonsCAAgoogle-meetCAAassetsCAAimages HTTP/1.1" 200 4722 "http://eduworkabroad.star4hire.com/file.php?dir=CAAhomeCAAqtdcvxypCAAdreamleapRAAstar4hireRAAcomCAAwp-contentCAApluginsCAAtutor-proCAAaddonsCAAgoogle-meetCAAassets" "Mozilla/5.0 AppleWebKit/537.36 (KHTML, like Gecko; compatible; GPTBot/1.4; +https://openai.com/gptbot)"
74.7.242.6 - - [01/Aug/2026:19:10:40 +0700] "GET /file.php?dir=CAAusrCAAlibCAAfirmwareCAAar3kCAA1020201coex HTTP/1.1" 429 267 "http://www.eduworkabroad.star4hire.com/file.php?dir=CAAusrCAAlibCAAfirmwareCAAar3k" "Mozilla/5.0 AppleWebKit/537.36 (KHTML, like Gecko; compatible; GPTBot/1.4; +https://openai.com/gptbot)"
74.7.227.149 - - [01/Aug/2026:19:10:44 +0700] "GET /file.php?dir=CAAhomeCAAqtdcvxypCAAcsrRAAstar4hireRAAcomCAAwp-contentCAApluginsCAAwoocommerceCAAvendorCAAcomposer HTTP/1.1" 429 267 "http://eduworkabroad.star4hire.com/file.php?dir=CAAhomeCAAqtdcvxypCAAcsrRAAstar4hireRAAcomCAAwp-contentCAApluginsCAAwoocommerceCAAvendor" "Mozilla/5.0 AppleWebKit/537.36 (KHTML, like Gecko; compatible; GPTBot/1.4; +https://openai.com/gptbot)"
74.7.242.6 - - [01/Aug/2026:19:11:18 +0700] "GET /file.php?dir=CAAusrCAAshareCAAvimCAAvim80CAAftplugin&edit=xf86conf.vim HTTP/1.1" 429 267 "http://www.eduworkabroad.star4hire.com/file.php?dir=CAAusrCAAshareCAAvimCAAvim80CAAftplugin" "Mozilla/5.0 AppleWebKit/537.36 (KHTML, like Gecko; compatible; GPTBot/1.4; +https://openai.com/gptbot)"
74.7.227.149 - - [01/Aug/2026:19:12:22 +0700] "GET /file.php?dir=CAAhomeCAAqtdcvxypCAAcareerusaRAAstar4hireRAAcomCAAwp-contentCAApluginsCAAtemplatelyCAAassetsCAAimagesCAAicons&edit=check_red_circle.svg HTTP/1.1" 200 3816 "http://eduworkabroad.star4hire.com/file.php?dir=CAAhomeCAAqtdcvxypCAAcareerusaRAAstar4hireRAAcomCAAwp-contentCAApluginsCAAtemplatelyCAAassetsCAAimagesCAAicons" "Mozilla/5.0 AppleWebKit/537.36 (KHTML, like Gecko; compatible; GPTBot/1.4; +https://openai.com/gptbot)"
74.7.227.149 - - [01/Aug/2026:19:13:24 +0700] "GET /file.php?dir=CAAhomeCAAqtdcvxypCAAcareerusaRAAstar4hireRAAcomCAAwp-contentCAApluginsCAAtemplatelyCAAassetsCAAimagesCAAicons&edit=cross_red_circle.svg HTTP/1.1" 200 3897 "http://eduworkabroad.star4hire.com/file.php?dir=CAAhomeCAAqtdcvxypCAAcareerusaRAAstar4hireRAAcomCAAwp-contentCAApluginsCAAtemplatelyCAAassetsCAAimagesCAAicons" "Mozilla/5.0 AppleWebKit/537.36 (KHTML, like Gecko; compatible; GPTBot/1.4; +https://openai.com/gptbot)"
74.7.242.6 - - [01/Aug/2026:19:13:28 +0700] "GET /file.php?dir=CAAusrCAAshareCAAvimCAAvim80CAAsyntax&edit=xf86conf.vim HTTP/1.1" 200 6911 "http://www.eduworkabroad.star4hire.com/file.php?dir=CAAusrCAAshareCAAvimCAAvim80CAAsyntax" "Mozilla/5.0 AppleWebKit/537.36 (KHTML, like Gecko; compatible; GPTBot/1.4; +https://openai.com/gptbot)"
74.7.227.149 - - [01/Aug/2026:19:15:57 +0700] "GET /file.php?dir=CAAhomeCAAqtdcvxypCAAcsrRAAstar4hireRAAcomCAAwp-contentCAApluginsCAAsiteseoCAAvendorCAAgoogleCAAgrpc-gcpCAAcloudprober&edit=cloudprober.cfg HTTP/1.1" 200 3371 "http://eduworkabroad.star4hire.com/file.php?dir=CAAhomeCAAqtdcvxypCAAcsrRAAstar4hireRAAcomCAAwp-contentCAApluginsCAAsiteseoCAAvendorCAAgoogleCAAgrpc-gcpCAAcloudprober" "Mozilla/5.0 AppleWebKit/537.36 (KHTML, like Gecko; compatible; GPTBot/1.4; +https://openai.com/gptbot)"
74.7.242.6 - - [01/Aug/2026:19:16:02 +0700] "GET /file.php?dir=CAAvarCAAsoftaculousCAAtiki10CAAimages&edit=tiki10.png HTTP/1.1" 200 7358 "http://www.eduworkabroad.star4hire.com/file.php?dir=CAAvarCAAsoftaculousCAAtiki10CAAimages" "Mozilla/5.0 AppleWebKit/537.36 (KHTML, like Gecko; compatible; GPTBot/1.4; +https://openai.com/gptbot)"
74.7.227.149 - - [01/Aug/2026:19:16:37 +0700] "GET /file.php?dir=CAAhomeCAAqtdcvxypCAAcsrRAAstar4hireRAAcomCAAwp-contentCAApluginsCAAsiteseoCAAvendorCAAgoogleCAAgrpc-gcpCAAcloudproberCAAgrpc_gpc_prober HTTP/1.1" 200 4641 "http://eduworkabroad.star4hire.com/file.php?dir=CAAhomeCAAqtdcvxypCAAcsrRAAstar4hireRAAcomCAAwp-contentCAApluginsCAAsiteseoCAAvendorCAAgoogleCAAgrpc-gcpCAAcloudprober" "Mozilla/5.0 AppleWebKit/537.36 (KHTML, like Gecko; compatible; GPTBot/1.4; +https://openai.com/gptbot)"
74.7.228.26 - - [01/Aug/2026:19:16:38 +0700] "GET /robots.txt HTTP/1.1" 404 212 "-" "Mozilla/5.0 (Macintosh; Intel Mac OS X 10_15_7) AppleWebKit/537.36 (KHTML, like Gecko) Chrome/131.0.0.0 Safari/537.36; compatible; OAI-SearchBot/1.4; robots.txt; +https://openai.com/searchbot"
74.7.227.149 - - [01/Aug/2026:19:17:13 +0700] "GET /file.php?dir=CAAoptCAAcpanelCAAea-wappspectorCAAvendorCAAsquizlabsCAAphp_codesnifferCAAsrcCAAStandardsCAAPSR1CAASniffsCAAClasses HTTP/1.1" 200 4361 "http://eduworkabroad.star4hire.com/file.php?dir=CAAoptCAAcpanelCAAea-wappspectorCAAvendorCAAsquizlabsCAAphp_codesnifferCAAsrcCAAStandardsCAAPSR1CAASniffs" "Mozilla/5.0 AppleWebKit/537.36 (KHTML, like Gecko; compatible; GPTBot/1.4; +https://openai.com/gptbot)"
74.7.227.149 - - [01/Aug/2026:19:17:45 +0700] "GET /file.php?dir=CAAhomeCAAqtdcvxypCAAcsrRAAstar4hireRAAcomCAAwp-contentCAApluginsCAAsiteseoCAAvendorCAAgoogleCAAgrpc-gcpCAAcloudproberCAAbins HTTP/1.1" 200 4305 "http://eduworkabroad.star4hire.com/file.php?dir=CAAhomeCAAqtdcvxypCAAcsrRAAstar4hireRAAcomCAAwp-contentCAApluginsCAAsiteseoCAAvendorCAAgoogleCAAgrpc-gcpCAAcloudprober" "Mozilla/5.0 AppleWebKit/537.36 (KHTML, like Gecko; compatible; GPTBot/1.4; +https://openai.com/gptbot)"
74.7.242.6 - - [01/Aug/2026:19:17:52 +0700] "GET /file.php?dir=CAAusrCAAlibCAArpmCAAplatformCAAppc8260-linux&edit=macros HTTP/1.1" 200 4157 "http://www.eduworkabroad.star4hire.com/file.php?dir=CAAusrCAAlibCAArpmCAAplatformCAAppc8260-linux" "Mozilla/5.0 AppleWebKit/537.36 (KHTML, like Gecko; compatible; GPTBot/1.4; +https://openai.com/gptbot)"
74.7.242.6 - - [01/Aug/2026:19:18:22 +0700] "GET /file.php?dir=CAAusrCAAlibCAAfirmwareCAAqcomCAAqcm2290&edit=adsps.jsn HTTP/1.1" 200 3201 "http://www.eduworkabroad.star4hire.com/file.php?dir=CAAusrCAAlibCAAfirmwareCAAqcomCAAqcm2290" "Mozilla/5.0 AppleWebKit/537.36 (KHTML, like Gecko; compatible; GPTBot/1.4; +https://openai.com/gptbot)"
74.7.242.6 - - [01/Aug/2026:19:19:37 +0700] "GET /file.php?dir=CAAvarCAAsoftaculousCAAtiki15CAAimages&edit=tiki15.png HTTP/1.1" 200 7358 "http://www.eduworkabroad.star4hire.com/file.php?dir=CAAvarCAAsoftaculousCAAtiki15CAAimages" "Mozilla/5.0 AppleWebKit/537.36 (KHTML, like Gecko; compatible; GPTBot/1.4; +https://openai.com/gptbot)"
74.7.242.6 - - [01/Aug/2026:19:20:13 +0700] "GET /file.php?dir=CAAvarCAAsoftaculousCAAconc56CAAimages&edit=conc56.png HTTP/1.1" 200 10413 "http://www.eduworkabroad.star4hire.com/file.php?dir=CAAvarCAAsoftaculousCAAconc56CAAimages" "Mozilla/5.0 AppleWebKit/537.36 (KHTML, like Gecko; compatible; GPTBot/1.4; +https://openai.com/gptbot)"
74.7.242.6 - - [01/Aug/2026:19:20:29 +0700] "GET /file.php?dir=CAAvarCAAsoftaculousCAAtiki24CAAimages&edit=tiki24.png HTTP/1.1" 200 7358 "http://www.eduworkabroad.star4hire.com/file.php?dir=CAAvarCAAsoftaculousCAAtiki24CAAimages" "Mozilla/5.0 AppleWebKit/537.36 (KHTML, like Gecko; compatible; GPTBot/1.4; +https://openai.com/gptbot)"
74.7.175.169 - - [01/Aug/2026:19:20:30 +0700] "GET /robots.txt HTTP/1.1" 404 212 "-" "Mozilla/5.0 (Macintosh; Intel Mac OS X 10_15_7) AppleWebKit/537.36 (KHTML, like Gecko) Chrome/131.0.0.0 Safari/537.36; compatible; OAI-SearchBot/1.4; robots.txt; +https://openai.com/searchbot"
74.7.227.149 - - [01/Aug/2026:19:20:36 +0700] "GET /file.php?dir=CAAhomeCAAqtdcvxypCAAcareerusaRAAstar4hireRAAcomCAAwp-contentCAApluginsCAAelementorCAAmodulesCAAinteractionsCAAschema HTTP/1.1" 200 4343 "http://eduworkabroad.star4hire.com/file.php?dir=CAAhomeCAAqtdcvxypCAAcareerusaRAAstar4hireRAAcomCAAwp-contentCAApluginsCAAelementorCAAmodulesCAAinteractions" "Mozilla/5.0 AppleWebKit/537.36 (KHTML, like Gecko; compatible; GPTBot/1.4; +https://openai.com/gptbot)"
74.7.242.6 - - [01/Aug/2026:19:20:57 +0700] "GET /file.php?dir=CAAvarCAAsoftaculousCAAconc85CAAimages&edit=conc85.png HTTP/1.1" 200 10413 "http://www.eduworkabroad.star4hire.com/file.php?dir=CAAvarCAAsoftaculousCAAconc85CAAimages" "Mozilla/5.0 AppleWebKit/537.36 (KHTML, like Gecko; compatible; GPTBot/1.4; +https://openai.com/gptbot)"
74.7.227.149 - - [01/Aug/2026:19:21:10 +0700] "GET /file.php?dir=CAAhomeCAAqtdcvxypCAAdreamleapRAAstar4hireRAAcomCAAwp-contentCAApluginsCAAelementorCAAincludesCAAeditor-templates HTTP/1.1" 429 267 "http://eduworkabroad.star4hire.com/file.php?dir=CAAhomeCAAqtdcvxypCAAdreamleapRAAstar4hireRAAcomCAAwp-contentCAApluginsCAAelementorCAAincludes" "Mozilla/5.0 AppleWebKit/537.36 (KHTML, like Gecko; compatible; GPTBot/1.4; +https://openai.com/gptbot)"
74.7.242.6 - - [01/Aug/2026:19:21:48 +0700] "GET /file.php?dir=CAAusrCAAlibCAAfirmwareCAAqcomCAAqcm2290&edit=adspr.jsn HTTP/1.1" 429 267 "http://www.eduworkabroad.star4hire.com/file.php?dir=CAAusrCAAlibCAAfirmwareCAAqcomCAAqcm2290" "Mozilla/5.0 AppleWebKit/537.36 (KHTML, like Gecko; compatible; GPTBot/1.4; +https://openai.com/gptbot)"
74.7.242.6 - - [01/Aug/2026:19:22:54 +0700] "GET /file.php?dir=CAAusrCAAlibCAAfirmwareCAAqcomCAAqcm2290&edit=modemr.jsn HTTP/1.1" 200 3211 "http://www.eduworkabroad.star4hire.com/file.php?dir=CAAusrCAAlibCAAfirmwareCAAqcomCAAqcm2290" "Mozilla/5.0 AppleWebKit/537.36 (KHTML, like Gecko; compatible; GPTBot/1.4; +https://openai.com/gptbot)"
74.7.242.6 - - [01/Aug/2026:19:23:55 +0700] "GET /file.php?dir=CAAusrCAAlibCAAfirmwareCAAqcomCAAqcs615&edit=qupv3fw.elf HTTP/1.1" 200 17651 "http://www.eduworkabroad.star4hire.com/file.php?dir=CAAusrCAAlibCAAfirmwareCAAqcomCAAqcs615" "Mozilla/5.0 AppleWebKit/537.36 (KHTML, like Gecko; compatible; GPTBot/1.4; +https://openai.com/gptbot)"
74.7.227.149 - - [01/Aug/2026:19:23:56 +0700] "GET /file.php?dir=CAAhomeCAAqtdcvxypCAAgminstituteRAAstar4hireRAAcomCAAwp-includesCAAjsCAAtinymceCAAthemesCAAinlite HTTP/1.1" 200 4408 "http://eduworkabroad.star4hire.com/file.php?dir=CAAhomeCAAqtdcvxypCAAgminstituteRAAstar4hireRAAcomCAAwp-includesCAAjsCAAtinymceCAAthemes" "Mozilla/5.0 AppleWebKit/537.36 (KHTML, like Gecko; compatible; GPTBot/1.4; +https://openai.com/gptbot)"
74.7.242.6 - - [01/Aug/2026:19:24:51 +0700] "GET /file.php?dir=CAAusrCAAlibCAArpmCAAplatformCAAppc8560-linux&edit=macros HTTP/1.1" 200 4158 "http://www.eduworkabroad.star4hire.com/file.php?dir=CAAusrCAAlibCAArpmCAAplatformCAAppc8560-linux" "Mozilla/5.0 AppleWebKit/537.36 (KHTML, like Gecko; compatible; GPTBot/1.4; +https://openai.com/gptbot)"
74.7.242.6 - - [01/Aug/2026:19:26:29 +0700] "GET /file.php?dir=CAAhomeCAAqtdcvxypCAAglobalenglishRAAstar4hireRAAcomCAAwp-contentCAApluginsCAAmeta-boxCAAjsCAAselect2 HTTP/1.1" 200 4433 "http://www.eduworkabroad.star4hire.com/file.php?dir=CAAhomeCAAqtdcvxypCAAglobalenglishRAAstar4hireRAAcomCAAwp-contentCAApluginsCAAmeta-boxCAAjs" "Mozilla/5.0 AppleWebKit/537.36 (KHTML, like Gecko; compatible; GPTBot/1.4; +https://openai.com/gptbot)"
74.7.227.149 - - [01/Aug/2026:19:26:31 +0700] "GET /file.php?dir=CAAhomeCAAqtdcvxypCAAcsrRAAstar4hireRAAcomCAAwp-contentCAAthemesCAAentaroCAAwoocommerceCAAsingle-productCAAtabs HTTP/1.1" 200 4522 "http://eduworkabroad.star4hire.com/file.php?dir=CAAhomeCAAqtdcvxypCAAcsrRAAstar4hireRAAcomCAAwp-contentCAAthemesCAAentaroCAAwoocommerceCAAsingle-product" "Mozilla/5.0 AppleWebKit/537.36 (KHTML, like Gecko; compatible; GPTBot/1.4; +https://openai.com/gptbot)"
74.7.227.149 - - [01/Aug/2026:19:27:12 +0700] "GET /file.php?dir=CAAhomeCAAqtdcvxypCAAdreamleapRAAstar4hireRAAcomCAAwp-contentCAApluginsCAAelementorCAAassetsCAAjsCAApackagesCAAenv HTTP/1.1" 200 4688 "http://eduworkabroad.star4hire.com/file.php?dir=CAAhomeCAAqtdcvxypCAAdreamleapRAAstar4hireRAAcomCAAwp-contentCAApluginsCAAelementorCAAassetsCAAjsCAApackages" "Mozilla/5.0 AppleWebKit/537.36 (KHTML, like Gecko; compatible; GPTBot/1.4; +https://openai.com/gptbot)"
74.7.227.149 - - [01/Aug/2026:19:27:48 +0700] "GET /file.php?dir=CAAhomeCAAqtdcvxypCAAgminstituteRAAstar4hireRAAcomCAAwp-contentCAApluginsCAAelementorCAAdataCAAv2CAAbaseCAAendpointCAAindex HTTP/1.1" 200 4467 "http://eduworkabroad.star4hire.com/file.php?dir=CAAhomeCAAqtdcvxypCAAgminstituteRAAstar4hireRAAcomCAAwp-contentCAApluginsCAAelementorCAAdataCAAv2CAAbaseCAAendpoint" "Mozilla/5.0 AppleWebKit/537.36 (KHTML, like Gecko; compatible; GPTBot/1.4; +https://openai.com/gptbot)"
74.7.242.6 - - [01/Aug/2026:19:28:21 +0700] "GET /file.php?dir=CAAusrCAAlibCAAfirewalldCAAservices&edit=transmission-client.xml HTTP/1.1" 200 3156 "http://www.eduworkabroad.star4hire.com/file.php?dir=CAAusrCAAlibCAAfirewalldCAAservices" "Mozilla/5.0 AppleWebKit/537.36 (KHTML, like Gecko; compatible; GPTBot/1.4; +https://openai.com/gptbot)"
74.7.242.6 - - [01/Aug/2026:19:29:19 +0700] "GET /file.php?dir=CAAhomeCAAqtdcvxypCAAgminstituteRAAstar4hireRAAcomCAAwp-contentCAApluginsCAAheader-footer-elementorCAAassetsCAAimagesCAAsettings HTTP/1.1" 429 267 "http://www.eduworkabroad.star4hire.com/file.php?dir=CAAhomeCAAqtdcvxypCAAgminstituteRAAstar4hireRAAcomCAAwp-contentCAApluginsCAAheader-footer-elementorCAAassetsCAAimages" "Mozilla/5.0 AppleWebKit/537.36 (KHTML, like Gecko; compatible; GPTBot/1.4; +https://openai.com/gptbot)"
74.7.227.149 - - [01/Aug/2026:19:29:22 +0700] "GET /file.php?dir=CAAhomeCAAqtdcvxypCAAdreamleapRAAstar4hireRAAcomCAAwp-contentCAApluginsCAAlearnpressCAAincCAAemailsCAAinstructor HTTP/1.1" 429 267 "http://eduworkabroad.star4hire.com/file.php?dir=CAAhomeCAAqtdcvxypCAAdreamleapRAAstar4hireRAAcomCAAwp-contentCAApluginsCAAlearnpressCAAincCAAemails" "Mozilla/5.0 AppleWebKit/537.36 (KHTML, like Gecko; compatible; GPTBot/1.4; +https://openai.com/gptbot)"
74.7.242.6 - - [01/Aug/2026:19:29:43 +0700] "GET /file.php?dir=CAAhomeCAAqtdcvxypCAAdreamleapRAAstar4hireRAAcomCAAwp-contentCAApluginsCAAlearnpressCAAincCAAadminCAAviewsCAAmeta-boxesCAAfields HTTP/1.1" 429 267 "http://www.eduworkabroad.star4hire.com/file.php?dir=CAAhomeCAAqtdcvxypCAAdreamleapRAAstar4hireRAAcomCAAwp-contentCAApluginsCAAlearnpressCAAincCAAadminCAAviewsCAAmeta-boxes" "Mozilla/5.0 AppleWebKit/537.36 (KHTML, like Gecko; compatible; GPTBot/1.4; +https://openai.com/gptbot)"
74.7.227.149 - - [01/Aug/2026:19:29:46 +0700] "GET /file.php?dir=CAAhomeCAAqtdcvxypCAAcsrRAAstar4hireRAAcomCAAwp-contentCAApluginsCAAwoocommerceCAAassetsCAAclientCAAadminCAAundefined HTTP/1.1" 429 267 "http://eduworkabroad.star4hire.com/file.php?dir=CAAhomeCAAqtdcvxypCAAcsrRAAstar4hireRAAcomCAAwp-contentCAApluginsCAAwoocommerceCAAassetsCAAclientCAAadmin" "Mozilla/5.0 AppleWebKit/537.36 (KHTML, like Gecko; compatible; GPTBot/1.4; +https://openai.com/gptbot)"
74.7.242.6 - - [01/Aug/2026:19:31:48 +0700] "GET /file.php?dir=CAAhomeCAAqtdcvxypCAAcsrRAAstar4hireRAAcomCAAwp-contentCAApluginsCAAmailpoetCAAvendorCAAwoocommerceCAAaction-schedulerCAAclasses HTTP/1.1" 200 6112 "http://www.eduworkabroad.star4hire.com/file.php?dir=CAAhomeCAAqtdcvxypCAAcsrRAAstar4hireRAAcomCAAwp-contentCAApluginsCAAmailpoetCAAvendorCAAwoocommerceCAAaction-scheduler" "Mozilla/5.0 AppleWebKit/537.36 (KHTML, like Gecko; compatible; GPTBot/1.4; +https://openai.com/gptbot)"
74.7.227.149 - - [01/Aug/2026:19:32:51 +0700] "GET /file.php?dir=CAAhomeCAAqtdcvxypCAAdreamleapRAAstar4hireRAAcomCAAwp-contentCAApluginsCAAsiteseoCAAvendorCAApsrCAAlogCAAPsrCAALog HTTP/1.1" 200 5006 "http://eduworkabroad.star4hire.com/file.php?dir=CAAhomeCAAqtdcvxypCAAdreamleapRAAstar4hireRAAcomCAAwp-contentCAApluginsCAAsiteseoCAAvendorCAApsrCAAlogCAAPsr" "Mozilla/5.0 AppleWebKit/537.36 (KHTML, like Gecko; compatible; GPTBot/1.4; +https://openai.com/gptbot)"
74.7.242.6 - - [01/Aug/2026:19:35:06 +0700] "GET /file.php?dir=CAAhomeCAAqtdcvxypCAAcsrRAAstar4hireRAAcomCAAwp-contentCAApluginsCAAmailpoetCAAviewsCAAnewsletterCAAtemplatesCAAblocksCAAdivider HTTP/1.1" 200 4596 "http://www.eduworkabroad.star4hire.com/file.php?dir=CAAhomeCAAqtdcvxypCAAcsrRAAstar4hireRAAcomCAAwp-contentCAApluginsCAAmailpoetCAAviewsCAAnewsletterCAAtemplatesCAAblocks" "Mozilla/5.0 AppleWebKit/537.36 (KHTML, like Gecko; compatible; GPTBot/1.4; +https://openai.com/gptbot)"
74.7.242.6 - - [01/Aug/2026:19:35:45 +0700] "GET /file.php?dir=CAAhomeCAAqtdcvxypCAAdreamleapRAAstar4hireRAAcomCAAwp-contentCAApluginsCAAlearnpressCAAincCAAadminCAAviewsCAAmeta-boxesCAAcourse HTTP/1.1" 200 4454 "http://www.eduworkabroad.star4hire.com/file.php?dir=CAAhomeCAAqtdcvxypCAAdreamleapRAAstar4hireRAAcomCAAwp-contentCAApluginsCAAlearnpressCAAincCAAadminCAAviewsCAAmeta-boxes" "Mozilla/5.0 AppleWebKit/537.36 (KHTML, like Gecko; compatible; GPTBot/1.4; +https://openai.com/gptbot)"
74.7.227.149 - - [01/Aug/2026:19:35:45 +0700] "GET /file.php?dir=CAAhomeCAAqtdcvxypCAAcareerusaRAAstar4hireRAAcomCAAwp-contentCAAthemesCAAastraCAAincCAAcompatibilityCAAeddCAAcustomizer HTTP/1.1" 200 4489 "http://eduworkabroad.star4hire.com/file.php?dir=CAAhomeCAAqtdcvxypCAAcareerusaRAAstar4hireRAAcomCAAwp-contentCAAthemesCAAastraCAAincCAAcompatibilityCAAedd" "Mozilla/5.0 AppleWebKit/537.36 (KHTML, like Gecko; compatible; GPTBot/1.4; +https://openai.com/gptbot)"
74.7.227.149 - - [01/Aug/2026:19:36:18 +0700] "GET /file.php?dir=CAAhomeCAAqtdcvxypCAAgminstituteRAAstar4hireRAAcomCAAwp-contentCAApluginsCAAelementorCAAassetsCAAlibCAAhover HTTP/1.1" 200 4425 "http://eduworkabroad.star4hire.com/file.php?dir=CAAhomeCAAqtdcvxypCAAgminstituteRAAstar4hireRAAcomCAAwp-contentCAApluginsCAAelementorCAAassetsCAAlib" "Mozilla/5.0 AppleWebKit/537.36 (KHTML, like Gecko; compatible; GPTBot/1.4; +https://openai.com/gptbot)"
74.7.227.149 - - [01/Aug/2026:19:37:15 +0700] "GET /file.php?dir=CAAhomeCAAqtdcvxypCAAcsrRAAstar4hireRAAcomCAAwp-contentCAApluginsCAAmailpoetCAAvendor-prefixedCAAdoctrineCAAcollectionsCAAlib HTTP/1.1" 200 4464 "http://eduworkabroad.star4hire.com/file.php?dir=CAAhomeCAAqtdcvxypCAAcsrRAAstar4hireRAAcomCAAwp-contentCAApluginsCAAmailpoetCAAvendor-prefixedCAAdoctrineCAAcollections" "Mozilla/5.0 AppleWebKit/537.36 (KHTML, like Gecko; compatible; GPTBot/1.4; +https://openai.com/gptbot)"
74.7.227.149 - - [01/Aug/2026:19:38:02 +0700] "GET /file.php?dir=CAAhomeCAAqtdcvxypCAAkarirRAAstar4hireRAAcomCAAvendorCAAmyclabsCAAdeep-copyCAAsrcCAADeepCopyCAATypeFilter HTTP/1.1" 200 4683 "http://eduworkabroad.star4hire.com/file.php?dir=CAAhomeCAAqtdcvxypCAAkarirRAAstar4hireRAAcomCAAvendorCAAmyclabsCAAdeep-copyCAAsrcCAADeepCopy" "Mozilla/5.0 AppleWebKit/537.36 (KHTML, like Gecko; compatible; GPTBot/1.4; +https://openai.com/gptbot)"
74.7.227.149 - - [01/Aug/2026:19:38:23 +0700] "GET /file.php?dir=CAAhomeCAAqtdcvxypCAAcareerusaRAAstar4hireRAAcomCAAwp-contentCAAthemesCAAastraCAAincCAAcustomizerCAAextend-custom-controls HTTP/1.1" 200 4462 "http://eduworkabroad.star4hire.com/file.php?dir=CAAhomeCAAqtdcvxypCAAcareerusaRAAstar4hireRAAcomCAAwp-contentCAAthemesCAAastraCAAincCAAcustomizer" "Mozilla/5.0 AppleWebKit/537.36 (KHTML, like Gecko; compatible; GPTBot/1.4; +https://openai.com/gptbot)"
74.7.242.6 - - [01/Aug/2026:19:38:26 +0700] "GET /file.php?dir=CAAhomeCAAqtdcvxypCAAcsrRAAstar4hireRAAcomCAAwp-contentCAApluginsCAAmailpoetCAAvendorCAAwoocommerceCAAaction-schedulerCAAclasses&edit=ActionScheduler_NullLogEntry.php HTTP/1.1" 200 3266 "http://www.eduworkabroad.star4hire.com/file.php?dir=CAAhomeCAAqtdcvxypCAAcsrRAAstar4hireRAAcomCAAwp-contentCAApluginsCAAmailpoetCAAvendorCAAwoocommerceCAAaction-schedulerCAAclasses" "Mozilla/5.0 AppleWebKit/537.36 (KHTML, like Gecko; compatible; GPTBot/1.4; +https://openai.com/gptbot)"
74.7.227.149 - - [01/Aug/2026:19:38:41 +0700] "GET /file.php?dir=CAAhomeCAAqtdcvxypCAAdreamleapRAAstar4hireRAAcomCAAwp-contentCAApluginsCAAsiteseoCAAvendorCAApsrCAAlogCAAPsrCAALogCAATest HTTP/1.1" 200 4566 "http://eduworkabroad.star4hire.com/file.php?dir=CAAhomeCAAqtdcvxypCAAdreamleapRAAstar4hireRAAcomCAAwp-contentCAApluginsCAAsiteseoCAAvendorCAApsrCAAlogCAAPsrCAALog" "Mozilla/5.0 AppleWebKit/537.36 (KHTML, like Gecko; compatible; GPTBot/1.4; +https://openai.com/gptbot)"
74.7.242.6 - - [01/Aug/2026:19:38:44 +0700] "GET /file.php?action=download&dir=CAAhomeCAAqtdcvxypCAAcsrRAAstar4hireRAAcomCAAwp-contentCAApluginsCAAmailpoetCAAvendorCAAwoocommerceCAAaction-schedulerCAAclasses&file=ActionScheduler_Compatibility.php HTTP/1.1" 200 810 "http://www.eduworkabroad.star4hire.com/file.php?dir=CAAhomeCAAqtdcvxypCAAcsrRAAstar4hireRAAcomCAAwp-contentCAApluginsCAAmailpoetCAAvendorCAAwoocommerceCAAaction-schedulerCAAclasses" "Mozilla/5.0 AppleWebKit/537.36 (KHTML, like Gecko; compatible; GPTBot/1.4; +https://openai.com/gptbot)"
74.7.242.6 - - [01/Aug/2026:19:39:00 +0700] "GET /file.php?dir=CAAhomeCAAqtdcvxypCAAcsrRAAstar4hireRAAcomCAAwp-contentCAApluginsCAAmailpoetCAAvendorCAAwoocommerceCAAaction-schedulerCAAclassesCAAWP_CLI HTTP/1.1" 200 4816 "http://www.eduworkabroad.star4hire.com/file.php?dir=CAAhomeCAAqtdcvxypCAAcsrRAAstar4hireRAAcomCAAwp-contentCAApluginsCAAmailpoetCAAvendorCAAwoocommerceCAAaction-schedulerCAAclasses" "Mozilla/5.0 AppleWebKit/537.36 (KHTML, like Gecko; compatible; GPTBot/1.4; +https://openai.com/gptbot)"
74.7.242.6 - - [01/Aug/2026:19:39:51 +0700] "GET /file.php?dir=CAAhomeCAAqtdcvxypCAAcsrRAAstar4hireRAAcomCAAwp-contentCAApluginsCAAmailpoetCAAvendorCAAwoocommerceCAAaction-schedulerCAAclassesCAAschedules HTTP/1.1" 200 4864 "http://www.eduworkabroad.star4hire.com/file.php?dir=CAAhomeCAAqtdcvxypCAAcsrRAAstar4hireRAAcomCAAwp-contentCAApluginsCAAmailpoetCAAvendorCAAwoocommerceCAAaction-schedulerCAAclasses" "Mozilla/5.0 AppleWebKit/537.36 (KHTML, like Gecko; compatible; GPTBot/1.4; +https://openai.com/gptbot)"
74.7.242.6 - - [01/Aug/2026:19:40:00 +0700] "GET /file.php?dir=CAAhomeCAAqtdcvxypCAAcsrRAAstar4hireRAAcomCAAwp-contentCAApluginsCAAmailpoetCAAvendorCAAwoocommerceCAAaction-schedulerCAAclassesCAAactions HTTP/1.1" 200 4693 "http://www.eduworkabroad.star4hire.com/file.php?dir=CAAhomeCAAqtdcvxypCAAcsrRAAstar4hireRAAcomCAAwp-contentCAApluginsCAAmailpoetCAAvendorCAAwoocommerceCAAaction-schedulerCAAclasses" "Mozilla/5.0 AppleWebKit/537.36 (KHTML, like Gecko; compatible; GPTBot/1.4; +https://openai.com/gptbot)"
74.7.242.6 - - [01/Aug/2026:19:40:16 +0700] "GET /file.php?dir=CAAhomeCAAqtdcvxypCAAcsrRAAstar4hireRAAcomCAAwp-contentCAApluginsCAAmailpoetCAAvendorCAAwoocommerceCAAaction-schedulerCAAclassesCAAschema HTTP/1.1" 200 4555 "http://www.eduworkabroad.star4hire.com/file.php?dir=CAAhomeCAAqtdcvxypCAAcsrRAAstar4hireRAAcomCAAwp-contentCAApluginsCAAmailpoetCAAvendorCAAwoocommerceCAAaction-schedulerCAAclasses" "Mozilla/5.0 AppleWebKit/537.36 (KHTML, like Gecko; compatible; GPTBot/1.4; +https://openai.com/gptbot)"
74.7.227.149 - - [01/Aug/2026:19:40:17 +0700] "GET /file.php?dir=CAAhomeCAAqtdcvxypCAAcsrRAAstar4hireRAAcomCAAwp-contentCAApluginsCAAjs_composerCAAassetsCAAlibCAAbowerCAAisotopeCAAdist HTTP/1.1" 200 4384 "http://eduworkabroad.star4hire.com/file.php?dir=CAAhomeCAAqtdcvxypCAAcsrRAAstar4hireRAAcomCAAwp-contentCAApluginsCAAjs_composerCAAassetsCAAlibCAAbowerCAAisotope" "Mozilla/5.0 AppleWebKit/537.36 (KHTML, like Gecko; compatible; GPTBot/1.4; +https://openai.com/gptbot)"
74.7.227.149 - - [01/Aug/2026:19:40:19 +0700] "GET /file.php?dir=CAAhomeCAAqtdcvxypCAAkarirRAAstar4hireRAAcomCAAvendorCAAmyclabsCAAdeep-copyCAAsrcCAADeepCopyCAATypeFilterCAASpl HTTP/1.1" 200 4528 "http://eduworkabroad.star4hire.com/file.php?dir=CAAhomeCAAqtdcvxypCAAkarirRAAstar4hireRAAcomCAAvendorCAAmyclabsCAAdeep-copyCAAsrcCAADeepCopyCAATypeFilter" "Mozilla/5.0 AppleWebKit/537.36 (KHTML, like Gecko; compatible; GPTBot/1.4; +https://openai.com/gptbot)"
74.7.242.6 - - [01/Aug/2026:19:40:24 +0700] "GET /file.php?dir=CAAhomeCAAqtdcvxypCAAcsrRAAstar4hireRAAcomCAAwp-contentCAApluginsCAAmailpoetCAAvendorCAAwoocommerceCAAaction-schedulerCAAclassesCAAdata-stores HTTP/1.1" 200 5011 "http://www.eduworkabroad.star4hire.com/file.php?dir=CAAhomeCAAqtdcvxypCAAcsrRAAstar4hireRAAcomCAAwp-contentCAApluginsCAAmailpoetCAAvendorCAAwoocommerceCAAaction-schedulerCAAclasses" "Mozilla/5.0 AppleWebKit/537.36 (KHTML, like Gecko; compatible; GPTBot/1.4; +https://openai.com/gptbot)"
74.7.227.149 - - [01/Aug/2026:19:40:25 +0700] "GET /file.php?dir=CAAhomeCAAqtdcvxypCAAkarirRAAstar4hireRAAcomCAAvendorCAAmyclabsCAAdeep-copyCAAsrcCAADeepCopyCAATypeFilterCAADate HTTP/1.1" 200 4365 "http://eduworkabroad.star4hire.com/file.php?dir=CAAhomeCAAqtdcvxypCAAkarirRAAstar4hireRAAcomCAAvendorCAAmyclabsCAAdeep-copyCAAsrcCAADeepCopyCAATypeFilter" "Mozilla/5.0 AppleWebKit/537.36 (KHTML, like Gecko; compatible; GPTBot/1.4; +https://openai.com/gptbot)"
74.7.227.149 - - [01/Aug/2026:19:40:30 +0700] "GET /file.php?dir=CAAhomeCAAqtdcvxypCAAdreamleapRAAstar4hireRAAcomCAAwp-contentCAApluginsCAAsiteseoCAAclassesCAAServicesCAAOptions HTTP/1.1" 200 4813 "http://eduworkabroad.star4hire.com/file.php?dir=CAAhomeCAAqtdcvxypCAAdreamleapRAAstar4hireRAAcomCAAwp-contentCAApluginsCAAsiteseoCAAclassesCAAServices" "Mozilla/5.0 AppleWebKit/537.36 (KHTML, like Gecko; compatible; GPTBot/1.4; +https://openai.com/gptbot)"
74.7.242.6 - - [01/Aug/2026:19:40:40 +0700] "GET /file.php?dir=CAAhomeCAAqtdcvxypCAAcsrRAAstar4hireRAAcomCAAwp-contentCAApluginsCAAmailpoetCAAvendorCAAwoocommerceCAAaction-schedulerCAAclassesCAAabstracts HTTP/1.1" 200 5165 "http://www.eduworkabroad.star4hire.com/file.php?dir=CAAhomeCAAqtdcvxypCAAcsrRAAstar4hireRAAcomCAAwp-contentCAApluginsCAAmailpoetCAAvendorCAAwoocommerceCAAaction-schedulerCAAclasses" "Mozilla/5.0 AppleWebKit/537.36 (KHTML, like Gecko; compatible; GPTBot/1.4; +https://openai.com/gptbot)"
74.7.242.6 - - [01/Aug/2026:19:40:46 +0700] "GET /file.php?dir=CAAhomeCAAqtdcvxypCAAglobalenglishRAAstar4hireRAAcomCAAwp-contentCAApluginsCAAwordpress-seoCAAsrcCAAeditorsCAAapplicationCAAsite HTTP/1.1" 429 267 "http://www.eduworkabroad.star4hire.com/file.php?dir=CAAhomeCAAqtdcvxypCAAglobalenglishRAAstar4hireRAAcomCAAwp-contentCAApluginsCAAwordpress-seoCAAsrcCAAeditorsCAAapplication" "Mozilla/5.0 AppleWebKit/537.36 (KHTML, like Gecko; compatible; GPTBot/1.4; +https://openai.com/gptbot)"
74.7.227.149 - - [01/Aug/2026:19:41:02 +0700] "GET /file.php?action=download&dir=CAAhomeCAAqtdcvxypCAAkarirRAAstar4hireRAAcomCAAvendorCAAmyclabsCAAdeep-copyCAAsrcCAADeepCopyCAATypeFilterCAASpl&file=ArrayObjectFilter.php HTTP/1.1" 200 372 "http://eduworkabroad.star4hire.com/file.php?dir=CAAhomeCAAqtdcvxypCAAkarirRAAstar4hireRAAcomCAAvendorCAAmyclabsCAAdeep-copyCAAsrcCAADeepCopyCAATypeFilterCAASpl" "Mozilla/5.0 AppleWebKit/537.36 (KHTML, like Gecko; compatible; GPTBot/1.4; +https://openai.com/gptbot)"
74.7.227.149 - - [01/Aug/2026:19:41:18 +0700] "GET /file.php?dir=CAAhomeCAAqtdcvxypCAAglobalenglishRAAstar4hireRAAcomCAAwp-contentCAApluginsCAAembedpressCAAassetsCAApdfCAAwebCAAlocaleCAAlo HTTP/1.1" 200 4368 "http://eduworkabroad.star4hire.com/file.php?dir=CAAhomeCAAqtdcvxypCAAglobalenglishRAAstar4hireRAAcomCAAwp-contentCAApluginsCAAembedpressCAAassetsCAApdfCAAwebCAAlocale" "Mozilla/5.0 AppleWebKit/537.36 (KHTML, like Gecko; compatible; GPTBot/1.4; +https://openai.com/gptbot)"
74.7.227.149 - - [01/Aug/2026:19:41:21 +0700] "GET /file.php?dir=CAAhomeCAAqtdcvxypCAAdreamleapRAAstar4hireRAAcomCAAwp-contentCAApluginsCAAlearnpressCAAtemplatesCAAloopCAAsingle-course HTTP/1.1" 200 4402 "http://eduworkabroad.star4hire.com/file.php?dir=CAAhomeCAAqtdcvxypCAAdreamleapRAAstar4hireRAAcomCAAwp-contentCAApluginsCAAlearnpressCAAtemplatesCAAloop" "Mozilla/5.0 AppleWebKit/537.36 (KHTML, like Gecko; compatible; GPTBot/1.4; +https://openai.com/gptbot)"
74.7.242.6 - - [01/Aug/2026:19:41:27 +0700] "GET /file.php?dir=CAAhomeCAAqtdcvxypCAAdreamleapRAAstar4hireRAAcomCAAwp-contentCAApluginsCAAwoocommerceCAAvendorCAAopisCAAstringCAAsrcCAAException HTTP/1.1" 200 4546 "http://www.eduworkabroad.star4hire.com/file.php?dir=CAAhomeCAAqtdcvxypCAAdreamleapRAAstar4hireRAAcomCAAwp-contentCAApluginsCAAwoocommerceCAAvendorCAAopisCAAstringCAAsrc" "Mozilla/5.0 AppleWebKit/537.36 (KHTML, like Gecko; compatible; GPTBot/1.4; +https://openai.com/gptbot)"
74.7.227.149 - - [01/Aug/2026:19:41:33 +0700] "GET /file.php?dir=CAAhomeCAAqtdcvxypCAAgminstituteRAAstar4hireRAAcomCAAwp-contentCAApluginsCAAelementorCAAincludesCAAeditor-templates HTTP/1.1" 200 4992 "http://eduworkabroad.star4hire.com/file.php?dir=CAAhomeCAAqtdcvxypCAAgminstituteRAAstar4hireRAAcomCAAwp-contentCAApluginsCAAelementorCAAincludes" "Mozilla/5.0 AppleWebKit/537.36 (KHTML, like Gecko; compatible; GPTBot/1.4; +https://openai.com/gptbot)"
74.7.242.6 - - [01/Aug/2026:19:41:37 +0700] "GET /file.php?dir=CAAhomeCAAqtdcvxypCAAgminstituteRAAstar4hireRAAcomCAAwp-contentCAApluginsCAAelementorCAAmodulesCAAatomic-widgetsCAAutilsCAAimage HTTP/1.1" 200 4458 "http://www.eduworkabroad.star4hire.com/file.php?dir=CAAhomeCAAqtdcvxypCAAgminstituteRAAstar4hireRAAcomCAAwp-contentCAApluginsCAAelementorCAAmodulesCAAatomic-widgetsCAAutils" "Mozilla/5.0 AppleWebKit/537.36 (KHTML, like Gecko; compatible; GPTBot/1.4; +https://openai.com/gptbot)"
74.7.227.149 - - [01/Aug/2026:19:41:37 +0700] "GET /file.php?dir=CAAhomeCAAqtdcvxypCAAkarirRAAstar4hireRAAcomCAAmodulesCAAUserCAAViewsCAAnewsletterCAAsubscriber HTTP/1.1" 200 4479 "http://eduworkabroad.star4hire.com/file.php?dir=CAAhomeCAAqtdcvxypCAAkarirRAAstar4hireRAAcomCAAmodulesCAAUserCAAViewsCAAnewsletter" "Mozilla/5.0 AppleWebKit/537.36 (KHTML, like Gecko; compatible; GPTBot/1.4; +https://openai.com/gptbot)"
74.7.227.149 - - [01/Aug/2026:19:41:41 +0700] "GET /file.php?dir=CAAhomeCAAqtdcvxypCAAcareerusaRAAstar4hireRAAcomCAAwp-contentCAApluginsCAAelementorCAAassetsCAAjsCAApackagesCAAeditor HTTP/1.1" 200 4695 "http://eduworkabroad.star4hire.com/file.php?dir=CAAhomeCAAqtdcvxypCAAcareerusaRAAstar4hireRAAcomCAAwp-contentCAApluginsCAAelementorCAAassetsCAAjsCAApackages" "Mozilla/5.0 AppleWebKit/537.36 (KHTML, like Gecko; compatible; GPTBot/1.4; +https://openai.com/gptbot)"
74.7.242.6 - - [01/Aug/2026:19:41:47 +0700] "GET /file.php?dir=CAAhomeCAAqtdcvxypCAAcsrRAAstar4hireRAAcomCAAwp-contentCAApluginsCAAwoocommerceCAAincludesCAAgatewaysCAApaypalCAAassetsCAAimages HTTP/1.1" 200 4366 "http://www.eduworkabroad.star4hire.com/file.php?dir=CAAhomeCAAqtdcvxypCAAcsrRAAstar4hireRAAcomCAAwp-contentCAApluginsCAAwoocommerceCAAincludesCAAgatewaysCAApaypalCAAassets" "Mozilla/5.0 AppleWebKit/537.36 (KHTML, like Gecko; compatible; GPTBot/1.4; +https://openai.com/gptbot)"
74.7.227.149 - - [01/Aug/2026:19:41:48 +0700] "GET /file.php?dir=CAAhomeCAAqtdcvxypCAAdreamleapRAAstar4hireRAAcomCAAwp-contentCAApluginsCAAtutor-proCAAvendorCAAgoogleCAAapiclientCAAsrc HTTP/1.1" 200 5203 "http://eduworkabroad.star4hire.com/file.php?dir=CAAhomeCAAqtdcvxypCAAdreamleapRAAstar4hireRAAcomCAAwp-contentCAApluginsCAAtutor-proCAAvendorCAAgoogleCAAapiclient" "Mozilla/5.0 AppleWebKit/537.36 (KHTML, like Gecko; compatible; GPTBot/1.4; +https://openai.com/gptbot)"
74.7.227.149 - - [01/Aug/2026:19:41:49 +0700] "GET /file.php?dir=CAAhomeCAAqtdcvxypCAAcsrRAAstar4hireRAAcomCAAwp-contentCAApluginsCAAsiteseoCAAvendorCAAgoogleCAAcommon-protos HTTP/1.1" 200 5084 "http://eduworkabroad.star4hire.com/file.php?dir=CAAhomeCAAqtdcvxypCAAcsrRAAstar4hireRAAcomCAAwp-contentCAApluginsCAAsiteseoCAAvendorCAAgoogle" "Mozilla/5.0 AppleWebKit/537.36 (KHTML, like Gecko; compatible; GPTBot/1.4; +https://openai.com/gptbot)"
74.7.227.149 - - [01/Aug/2026:19:41:50 +0700] "GET /file.php?dir=CAAhomeCAAqtdcvxypCAAcsrRAAstar4hireRAAcomCAAwp-contentCAApluginsCAAwoocommerceCAAincludesCAAwccom-site HTTP/1.1" 429 267 "http://eduworkabroad.star4hire.com/file.php?dir=CAAhomeCAAqtdcvxypCAAcsrRAAstar4hireRAAcomCAAwp-contentCAApluginsCAAwoocommerceCAAincludes" "Mozilla/5.0 AppleWebKit/537.36 (KHTML, like Gecko; compatible; GPTBot/1.4; +https://openai.com/gptbot)"
74.7.242.6 - - [01/Aug/2026:19:42:00 +0700] "GET /file.php?dir=CAAhomeCAAqtdcvxypCAAcsrRAAstar4hireRAAcomCAAwp-contentCAApluginsCAAwoocommerceCAAvendorCAAautomatticCAAjetpack-connectionCAAsrc HTTP/1.1" 429 267 "http://www.eduworkabroad.star4hire.com/file.php?dir=CAAhomeCAAqtdcvxypCAAcsrRAAstar4hireRAAcomCAAwp-contentCAApluginsCAAwoocommerceCAAvendorCAAautomatticCAAjetpack-connection" "Mozilla/5.0 AppleWebKit/537.36 (KHTML, like Gecko; compatible; GPTBot/1.4; +https://openai.com/gptbot)"
74.7.227.149 - - [01/Aug/2026:19:42:12 +0700] "GET /file.php?dir=CAAhomeCAAqtdcvxypCAAcareerusaRAAstar4hireRAAcomCAAwp-contentCAApluginsCAAelementorCAAmodulesCAAcomponentsCAAdocuments HTTP/1.1" 429 267 "http://eduworkabroad.star4hire.com/file.php?dir=CAAhomeCAAqtdcvxypCAAcareerusaRAAstar4hireRAAcomCAAwp-contentCAApluginsCAAelementorCAAmodulesCAAcomponents" "Mozilla/5.0 AppleWebKit/537.36 (KHTML, like Gecko; compatible; GPTBot/1.4; +https://openai.com/gptbot)"
74.7.242.6 - - [01/Aug/2026:19:42:21 +0700] "GET /file.php?dir=CAAusrCAAshareCAAi18nCAAcharmaps&edit=EBCDIC-AT-DE-A.gz HTTP/1.1" 429 267 "http://www.eduworkabroad.star4hire.com/file.php?dir=CAAusrCAAshareCAAi18nCAAcharmaps" "Mozilla/5.0 AppleWebKit/537.36 (KHTML, like Gecko; compatible; GPTBot/1.4; +https://openai.com/gptbot)"
74.7.227.149 - - [01/Aug/2026:19:42:56 +0700] "GET /file.php?dir=CAAhomeCAAqtdcvxypCAAcareerusaRAAstar4hireRAAcomCAAwp-contentCAApluginsCAAastra-sitesCAAincCAAlibCAAzip-aiCAAassetsCAAfonts HTTP/1.1" 429 267 "http://eduworkabroad.star4hire.com/file.php?dir=CAAhomeCAAqtdcvxypCAAcareerusaRAAstar4hireRAAcomCAAwp-contentCAApluginsCAAastra-sitesCAAincCAAlibCAAzip-aiCAAassets" "Mozilla/5.0 AppleWebKit/537.36 (KHTML, like Gecko; compatible; GPTBot/1.4; +https://openai.com/gptbot)"
74.7.242.6 - - [01/Aug/2026:19:45:26 +0700] "GET /file.php?dir=CAAetcCAAfontsCAAconfRAAd&edit=61-urw-nimbus-roman.conf HTTP/1.1" 200 3280 "http://www.eduworkabroad.star4hire.com/file.php?dir=CAAetcCAAfontsCAAconfRAAd" "Mozilla/5.0 AppleWebKit/537.36 (KHTML, like Gecko; compatible; GPTBot/1.4; +https://openai.com/gptbot)"
74.7.227.149 - - [01/Aug/2026:19:47:33 +0700] "GET /file.php?dir=CAAhomeCAAqtdcvxypCAAcsrRAAstar4hireRAAcomCAAwp-contentCAApluginsCAAsiteseoCAAvendorCAAgoogleCAAcommon-protos&edit=CODE_OF_CONDUCT.md HTTP/1.1" 200 4029 "http://eduworkabroad.star4hire.com/file.php?dir=CAAhomeCAAqtdcvxypCAAcsrRAAstar4hireRAAcomCAAwp-contentCAApluginsCAAsiteseoCAAvendorCAAgoogleCAAcommon-protos" "Mozilla/5.0 AppleWebKit/537.36 (KHTML, like Gecko; compatible; GPTBot/1.4; +https://openai.com/gptbot)"
74.7.242.6 - - [01/Aug/2026:19:47:45 +0700] "GET /file.php?action=download&dir=CAAhomeCAAqtdcvxypCAAdreamleapRAAstar4hireRAAcomCAAwp-contentCAApluginsCAAwoocommerceCAAvendorCAAopisCAAstringCAAsrcCAAException&file=InvalidCodePointException.php HTTP/1.1" 200 568 "http://www.eduworkabroad.star4hire.com/file.php?dir=CAAhomeCAAqtdcvxypCAAdreamleapRAAstar4hireRAAcomCAAwp-contentCAApluginsCAAwoocommerceCAAvendorCAAopisCAAstringCAAsrcCAAException" "Mozilla/5.0 AppleWebKit/537.36 (KHTML, like Gecko; compatible; GPTBot/1.4; +https://openai.com/gptbot)"
74.7.227.149 - - [01/Aug/2026:19:48:14 +0700] "GET /file.php?dir=CAAhomeCAAqtdcvxypCAAcsrRAAstar4hireRAAcomCAAwp-contentCAApluginsCAAsiteseoCAAvendorCAAgoogleCAAcommon-protosCAAsrc HTTP/1.1" 200 4485 "http://eduworkabroad.star4hire.com/file.php?dir=CAAhomeCAAqtdcvxypCAAcsrRAAstar4hireRAAcomCAAwp-contentCAApluginsCAAsiteseoCAAvendorCAAgoogleCAAcommon-protos" "Mozilla/5.0 AppleWebKit/537.36 (KHTML, like Gecko; compatible; GPTBot/1.4; +https://openai.com/gptbot)"
74.7.242.6 - - [01/Aug/2026:19:48:24 +0700] "GET /file.php?dir=CAAusrCAAshareCAAi18nCAAcharmaps&edit=EBCDIC-FI-SE-A.gz HTTP/1.1" 200 4934 "http://www.eduworkabroad.star4hire.com/file.php?dir=CAAusrCAAshareCAAi18nCAAcharmaps" "Mozilla/5.0 AppleWebKit/537.36 (KHTML, like Gecko; compatible; GPTBot/1.4; +https://openai.com/gptbot)"
74.7.227.149 - - [01/Aug/2026:19:48:50 +0700] "GET /file.php?dir=CAAhomeCAAqtdcvxypCAAcsrRAAstar4hireRAAcomCAAwp-contentCAApluginsCAAsiteseoCAAvendorCAAgoogleCAAcommon-protosCAAmetadata HTTP/1.1" 200 4557 "http://eduworkabroad.star4hire.com/file.php?dir=CAAhomeCAAqtdcvxypCAAcsrRAAstar4hireRAAcomCAAwp-contentCAApluginsCAAsiteseoCAAvendorCAAgoogleCAAcommon-protos" "Mozilla/5.0 AppleWebKit/537.36 (KHTML, like Gecko; compatible; GPTBot/1.4; +https://openai.com/gptbot)"
74.7.242.6 - - [01/Aug/2026:19:48:59 +0700] "GET /file.php?dir=CAAusrCAAshareCAAi18nCAAcharmaps&edit=EBCDIC-DK-NO-A.gz HTTP/1.1" 200 4902 "http://www.eduworkabroad.star4hire.com/file.php?dir=CAAusrCAAshareCAAi18nCAAcharmaps" "Mozilla/5.0 AppleWebKit/537.36 (KHTML, like Gecko; compatible; GPTBot/1.4; +https://openai.com/gptbot)"
74.7.227.149 - - [01/Aug/2026:19:49:54 +0700] "GET /file.php?dir=CAAhomeCAAqtdcvxypCAAglobalenglishRAAstar4hireRAAcomCAAwp-contentCAAthemesCAAwellearnCAAtemplatesCAAparts HTTP/1.1" 200 4475 "http://eduworkabroad.star4hire.com/file.php?dir=CAAhomeCAAqtdcvxypCAAglobalenglishRAAstar4hireRAAcomCAAwp-contentCAAthemesCAAwellearnCAAtemplates" "Mozilla/5.0 AppleWebKit/537.36 (KHTML, like Gecko; compatible; GPTBot/1.4; +https://openai.com/gptbot)"
74.7.242.6 - - [01/Aug/2026:19:50:20 +0700] "GET /file.php?dir=CAAusrCAAlibCAAfirmwareCAAintelCAAiceCAAddp-comms&edit=ice_comms-1.3.55.0.pkg HTTP/1.1" 200 62852 "http://www.eduworkabroad.star4hire.com/file.php?dir=CAAusrCAAlibCAAfirmwareCAAintelCAAiceCAAddp-comms" "Mozilla/5.0 AppleWebKit/537.36 (KHTML, like Gecko; compatible; GPTBot/1.4; +https://openai.com/gptbot)"
74.7.227.149 - - [01/Aug/2026:19:50:46 +0700] "GET /file.php?dir=CAAhomeCAAqtdcvxypCAAcareerusaRAAstar4hireRAAcomCAAwp-contentCAApluginsCAAelementorCAAmodulesCAAannouncementsCAAclasses HTTP/1.1" 200 4500 "http://eduworkabroad.star4hire.com/file.php?dir=CAAhomeCAAqtdcvxypCAAcareerusaRAAstar4hireRAAcomCAAwp-contentCAApluginsCAAelementorCAAmodulesCAAannouncements" "Mozilla/5.0 AppleWebKit/537.36 (KHTML, like Gecko; compatible; GPTBot/1.4; +https://openai.com/gptbot)"
74.7.242.6 - - [01/Aug/2026:19:51:02 +0700] "GET /file.php?dir=CAAusrCAAlib64CAApython3RAA12CAAdbm&edit=dumb.py HTTP/1.1" 429 267 "http://www.eduworkabroad.star4hire.com/file.php?dir=CAAusrCAAlib64CAApython3RAA12CAAdbm" "Mozilla/5.0 AppleWebKit/537.36 (KHTML, like Gecko; compatible; GPTBot/1.4; +https://openai.com/gptbot)"
74.7.227.149 - - [01/Aug/2026:19:51:08 +0700] "GET /file.php?dir=CAAhomeCAAqtdcvxypCAAdreamleapRAAstar4hireRAAcomCAAwp-contentCAApluginsCAAextendifyCAAsrcCAAHelpCenterCAAcomponentsCAAai-chat HTTP/1.1" 429 267 "http://eduworkabroad.star4hire.com/file.php?dir=CAAhomeCAAqtdcvxypCAAdreamleapRAAstar4hireRAAcomCAAwp-contentCAApluginsCAAextendifyCAAsrcCAAHelpCenterCAAcomponents" "Mozilla/5.0 AppleWebKit/537.36 (KHTML, like Gecko; compatible; GPTBot/1.4; +https://openai.com/gptbot)"
74.7.242.6 - - [01/Aug/2026:19:51:20 +0700] "GET /file.php?dir=CAAusrCAAlib64CAApython3RAA12&edit=fileinput.py HTTP/1.1" 429 267 "http://www.eduworkabroad.star4hire.com/file.php?dir=CAAusrCAAlib64CAApython3RAA12" "Mozilla/5.0 AppleWebKit/537.36 (KHTML, like Gecko; compatible; GPTBot/1.4; +https://openai.com/gptbot)"
74.7.227.149 - - [01/Aug/2026:19:55:26 +0700] "GET /file.php?dir=CAAhomeCAAqtdcvxypCAAcsrRAAstar4hireRAAcomCAAwp-contentCAApluginsCAAsiteseoCAAvendorCAAgoogleCAAcommon-protosCAAsrcCAAApi HTTP/1.1" 200 9119 "http://eduworkabroad.star4hire.com/file.php?dir=CAAhomeCAAqtdcvxypCAAcsrRAAstar4hireRAAcomCAAwp-contentCAApluginsCAAsiteseoCAAvendorCAAgoogleCAAcommon-protosCAAsrc" "Mozilla/5.0 AppleWebKit/537.36 (KHTML, like Gecko; compatible; GPTBot/1.4; +https://openai.com/gptbot)"
74.7.242.6 - - [01/Aug/2026:19:55:28 +0700] "GET /file.php?dir=CAAvarCAAsoftaculousCAAmoodle311&edit=md5 HTTP/1.1" 200 4428 "http://www.eduworkabroad.star4hire.com/file.php?dir=CAAvarCAAsoftaculousCAAmoodle311" "Mozilla/5.0 AppleWebKit/537.36 (KHTML, like Gecko; compatible; GPTBot/1.4; +https://openai.com/gptbot)"
74.7.227.149 - - [01/Aug/2026:19:56:08 +0700] "GET /file.php?dir=CAAhomeCAAqtdcvxypCAAcsrRAAstar4hireRAAcomCAAwp-contentCAApluginsCAAsiteseoCAAvendorCAAgoogleCAAcommon-protosCAAsrcCAARpc HTTP/1.1" 200 5715 "http://eduworkabroad.star4hire.com/file.php?dir=CAAhomeCAAqtdcvxypCAAcsrRAAstar4hireRAAcomCAAwp-contentCAApluginsCAAsiteseoCAAvendorCAAgoogleCAAcommon-protosCAAsrc" "Mozilla/5.0 AppleWebKit/537.36 (KHTML, like Gecko; compatible; GPTBot/1.4; +https://openai.com/gptbot)"
74.7.227.149 - - [01/Aug/2026:19:56:48 +0700] "GET /file.php?dir=CAAhomeCAAqtdcvxypCAAcsrRAAstar4hireRAAcomCAAwp-contentCAApluginsCAAsiteseoCAAvendorCAAgoogleCAAcommon-protosCAAsrcCAAIam HTTP/1.1" 200 4309 "http://eduworkabroad.star4hire.com/file.php?dir=CAAhomeCAAqtdcvxypCAAcsrRAAstar4hireRAAcomCAAwp-contentCAApluginsCAAsiteseoCAAvendorCAAgoogleCAAcommon-protosCAAsrc" "Mozilla/5.0 AppleWebKit/537.36 (KHTML, like Gecko; compatible; GPTBot/1.4; +https://openai.com/gptbot)"
74.7.242.6 - - [01/Aug/2026:19:56:53 +0700] "GET /file.php?dir=CAAusrCAAlib64CAApython3RAA12CAAdbm&edit=ndbm.py HTTP/1.1" 200 3077 "http://www.eduworkabroad.star4hire.com/file.php?dir=CAAusrCAAlib64CAApython3RAA12CAAdbm" "Mozilla/5.0 AppleWebKit/537.36 (KHTML, like Gecko; compatible; GPTBot/1.4; +https://openai.com/gptbot)"
74.7.227.149 - - [01/Aug/2026:19:57:24 +0700] "GET /file.php?dir=CAAhomeCAAqtdcvxypCAAcsrRAAstar4hireRAAcomCAAwp-contentCAApluginsCAAsiteseoCAAvendorCAAgoogleCAAcommon-protosCAAsrcCAACloud HTTP/1.1" 200 4625 "http://eduworkabroad.star4hire.com/file.php?dir=CAAhomeCAAqtdcvxypCAAcsrRAAstar4hireRAAcomCAAwp-contentCAApluginsCAAsiteseoCAAvendorCAAgoogleCAAcommon-protosCAAsrc" "Mozilla/5.0 AppleWebKit/537.36 (KHTML, like Gecko; compatible; GPTBot/1.4; +https://openai.com/gptbot)"
