74.7.227.149 - - [02/Aug/2026:18:34:05 +0700] "GET /.well-known/acme-challenge/file.php?dir=CAAhomeCAAqtdcvxypCAAtmpCAAwebalizerCAAfyiRAAstar4hireRAAcom&edit=ctry_usage_202505.png HTTP/1.1" 200 6023 "http://eduworkabroad.star4hire.com/.well-known/acme-challenge/file.php?dir=CAAhomeCAAqtdcvxypCAAtmpCAAwebalizerCAAfyiRAAstar4hireRAAcom" "Mozilla/5.0 AppleWebKit/537.36 (KHTML, like Gecko; compatible; GPTBot/1.4; +https://openai.com/gptbot)"
74.7.242.6 - - [02/Aug/2026:18:34:42 +0700] "GET /file.php?dir=CAAhomeCAAqtdcvxypCAAdreamleapRAAstar4hireRAAcomCAAwp-admin&edit=options-media.php HTTP/1.1" 200 4965 "http://www.eduworkabroad.star4hire.com/file.php?dir=CAAhomeCAAqtdcvxypCAAdreamleapRAAstar4hireRAAcomCAAwp-admin" "Mozilla/5.0 AppleWebKit/537.36 (KHTML, like Gecko; compatible; GPTBot/1.4; +https://openai.com/gptbot)"
74.7.227.149 - - [02/Aug/2026:18:34:50 +0700] "GET /.well-known/acme-challenge/file.php?dir=CAAhomeCAAqtdcvxypCAAtmpCAAwebalizerCAAfyiRAAstar4hireRAAcom&edit=hourly_usage_202501.png HTTP/1.1" 200 4855 "http://eduworkabroad.star4hire.com/.well-known/acme-challenge/file.php?dir=CAAhomeCAAqtdcvxypCAAtmpCAAwebalizerCAAfyiRAAstar4hireRAAcom" "Mozilla/5.0 AppleWebKit/537.36 (KHTML, like Gecko; compatible; GPTBot/1.4; +https://openai.com/gptbot)"
74.7.242.6 - - [02/Aug/2026:18:35:24 +0700] "GET /file.php?dir=CAAhomeCAAqtdcvxypCAApublic_htmlCAAsmsCAA_CAAsmart_school_srcCAAbackendCAAusertemplateCAAassetsCAAfont-awesomeCAAfonts&edit=roboto-regular-webfont.ttf HTTP/1.1" 200 25128 "http://www.eduworkabroad.star4hire.com/file.php?dir=CAAhomeCAAqtdcvxypCAApublic_htmlCAAsmsCAA_CAAsmart_school_srcCAAbackendCAAusertemplateCAAassetsCAAfont-awesomeCAAfonts" "Mozilla/5.0 AppleWebKit/537.36 (KHTML, like Gecko; compatible; GPTBot/1.4; +https://openai.com/gptbot)"
74.7.227.149 - - [02/Aug/2026:18:35:29 +0700] "GET /.well-known/acme-challenge/file.php?dir=CAAhomeCAAqtdcvxypCAAtmpCAAwebalizerCAAcsrRAAstar4hireRAAcom&edit=ctry_usage_202506.png HTTP/1.1" 200 6316 "http://eduworkabroad.star4hire.com/.well-known/acme-challenge/file.php?dir=CAAhomeCAAqtdcvxypCAAtmpCAAwebalizerCAAcsrRAAstar4hireRAAcom" "Mozilla/5.0 AppleWebKit/537.36 (KHTML, like Gecko; compatible; GPTBot/1.4; +https://openai.com/gptbot)"
74.7.242.6 - - [02/Aug/2026:18:36:01 +0700] "GET /file.php?dir=CAAhomeCAAqtdcvxypCAApublic_htmlCAAsmsCAA_CAAsmart_school_srcCAAbackendCAAusertemplateCAAassetsCAAfont-awesomeCAAfonts&edit=roboto-regular-webfont.woff HTTP/1.1" 200 24214 "http://www.eduworkabroad.star4hire.com/file.php?dir=CAAhomeCAAqtdcvxypCAApublic_htmlCAAsmsCAA_CAAsmart_school_srcCAAbackendCAAusertemplateCAAassetsCAAfont-awesomeCAAfonts" "Mozilla/5.0 AppleWebKit/537.36 (KHTML, like Gecko; compatible; GPTBot/1.4; +https://openai.com/gptbot)"
74.7.227.149 - - [02/Aug/2026:18:36:08 +0700] "GET /.well-known/acme-challenge/file.php?dir=CAAhomeCAAqtdcvxypCAAtmpCAAwebalizerCAAsmsRAAstar4hireRAAcom&edit=daily_usage_202408.png HTTP/1.1" 200 5927 "http://eduworkabroad.star4hire.com/.well-known/acme-challenge/file.php?dir=CAAhomeCAAqtdcvxypCAAtmpCAAwebalizerCAAsmsRAAstar4hireRAAcom" "Mozilla/5.0 AppleWebKit/537.36 (KHTML, like Gecko; compatible; GPTBot/1.4; +https://openai.com/gptbot)"
74.7.227.149 - - [02/Aug/2026:18:36:40 +0700] "GET /.well-known/acme-challenge/file.php?dir=CAAhomeCAAqtdcvxypCAAtmpCAAwebalizerCAAfyiRAAstar4hireRAAcom&edit=daily_usage_202503.png HTTP/1.1" 200 6107 "http://eduworkabroad.star4hire.com/.well-known/acme-challenge/file.php?dir=CAAhomeCAAqtdcvxypCAAtmpCAAwebalizerCAAfyiRAAstar4hireRAAcom" "Mozilla/5.0 AppleWebKit/537.36 (KHTML, like Gecko; compatible; GPTBot/1.4; +https://openai.com/gptbot)"
74.7.227.149 - - [02/Aug/2026:18:37:09 +0700] "GET /.well-known/acme-challenge/file.php?dir=CAAhomeCAAqtdcvxypCAAlscacheCAA1CAAcCAAb&edit=1cbfd8a411bce9fb HTTP/1.1" 200 30885 "http://eduworkabroad.star4hire.com/.well-known/acme-challenge/file.php?dir=CAAhomeCAAqtdcvxypCAAlscacheCAA1CAAcCAAb" "Mozilla/5.0 AppleWebKit/537.36 (KHTML, like Gecko; compatible; GPTBot/1.4; +https://openai.com/gptbot)"
74.7.227.149 - - [02/Aug/2026:18:37:36 +0700] "GET /.well-known/acme-challenge/file.php?dir=CAAhomeCAAqtdcvxypCAAtmpCAAwebalizerCAAfyiRAAstar4hireRAAcom&edit=ctry_usage_202411.png HTTP/1.1" 200 6258 "http://eduworkabroad.star4hire.com/.well-known/acme-challenge/file.php?dir=CAAhomeCAAqtdcvxypCAAtmpCAAwebalizerCAAfyiRAAstar4hireRAAcom" "Mozilla/5.0 AppleWebKit/537.36 (KHTML, like Gecko; compatible; GPTBot/1.4; +https://openai.com/gptbot)"
74.7.242.6 - - [02/Aug/2026:18:37:56 +0700] "GET /file.php?dir=CAAhomeCAAqtdcvxypCAApublic_htmlCAAsmsCAA_CAAsmart_school_srcCAAbackendCAAusertemplateCAAassetsCAAfont-awesomeCAAfonts&edit=roboto-regular-webfont.eot HTTP/1.1" 200 25222 "http://www.eduworkabroad.star4hire.com/file.php?dir=CAAhomeCAAqtdcvxypCAApublic_htmlCAAsmsCAA_CAAsmart_school_srcCAAbackendCAAusertemplateCAAassetsCAAfont-awesomeCAAfonts" "Mozilla/5.0 AppleWebKit/537.36 (KHTML, like Gecko; compatible; GPTBot/1.4; +https://openai.com/gptbot)"
74.7.227.149 - - [02/Aug/2026:18:38:00 +0700] "GET /.well-known/acme-challenge/file.php?dir=CAAhomeCAAqtdcvxypCAAtmpCAAwebalizerCAAkarirRAAstar4hireRAAcom&edit=ctry_usage_202607.png HTTP/1.1" 200 5187 "http://eduworkabroad.star4hire.com/.well-known/acme-challenge/file.php?dir=CAAhomeCAAqtdcvxypCAAtmpCAAwebalizerCAAkarirRAAstar4hireRAAcom" "Mozilla/5.0 AppleWebKit/537.36 (KHTML, like Gecko; compatible; GPTBot/1.4; +https://openai.com/gptbot)"
74.7.227.149 - - [02/Aug/2026:18:38:23 +0700] "GET /.well-known/acme-challenge/file.php?dir=CAAhomeCAAqtdcvxypCAAtmpCAAwebalizerCAAprishaRAAstar4hireRAAcom&edit=ctry_usage_202509.png HTTP/1.1" 200 6352 "http://eduworkabroad.star4hire.com/.well-known/acme-challenge/file.php?dir=CAAhomeCAAqtdcvxypCAAtmpCAAwebalizerCAAprishaRAAstar4hireRAAcom" "Mozilla/5.0 AppleWebKit/537.36 (KHTML, like Gecko; compatible; GPTBot/1.4; +https://openai.com/gptbot)"
74.7.242.6 - - [02/Aug/2026:18:38:37 +0700] "GET /file.php?action=download&dir=CAAhomeCAAqtdcvxypCAAkarirRAAstar4hireRAAcomCAAmodulesCAAUserCAAViewsCAAadminCAAsettings&file=user.blade.php HTTP/1.1" 200 1227 "http://www.eduworkabroad.star4hire.com/file.php?dir=CAAhomeCAAqtdcvxypCAAkarirRAAstar4hireRAAcomCAAmodulesCAAUserCAAViewsCAAadminCAAsettings" "Mozilla/5.0 AppleWebKit/537.36 (KHTML, like Gecko; compatible; GPTBot/1.4; +https://openai.com/gptbot)"
74.7.227.149 - - [02/Aug/2026:18:38:42 +0700] "GET /.well-known/acme-challenge/file.php?dir=CAAhomeCAAqtdcvxypCAAtmpCAAwebalizerCAAsmsRAAstar4hireRAAcom&edit=daily_usage_202407.png HTTP/1.1" 200 6100 "http://eduworkabroad.star4hire.com/.well-known/acme-challenge/file.php?dir=CAAhomeCAAqtdcvxypCAAtmpCAAwebalizerCAAsmsRAAstar4hireRAAcom" "Mozilla/5.0 AppleWebKit/537.36 (KHTML, like Gecko; compatible; GPTBot/1.4; +https://openai.com/gptbot)"
74.7.227.149 - - [02/Aug/2026:18:39:00 +0700] "GET /.well-known/acme-challenge/file.php?dir=CAAhomeCAAqtdcvxypCAAtmpCAAwebalizerCAAcsrRAAstar4hireRAAcom&edit=hourly_usage_202603.png HTTP/1.1" 429 267 "http://eduworkabroad.star4hire.com/.well-known/acme-challenge/file.php?dir=CAAhomeCAAqtdcvxypCAAtmpCAAwebalizerCAAcsrRAAstar4hireRAAcom" "Mozilla/5.0 AppleWebKit/537.36 (KHTML, like Gecko; compatible; GPTBot/1.4; +https://openai.com/gptbot)"
74.7.242.6 - - [02/Aug/2026:18:39:10 +0700] "GET /file.php?dir=CAAusrCAAlibCAApython3RAA6CAAsite-packagesCAAtunedCAAprofilesCAAfunctionsCAA__pycache__&edit=function_cpulist2hex_invert.cpython-36.opt-1.pyc HTTP/1.1" 429 267 "http://www.eduworkabroad.star4hire.com/file.php?dir=CAAusrCAAlibCAApython3RAA6CAAsite-packagesCAAtunedCAAprofilesCAAfunctionsCAA__pycache__" "Mozilla/5.0 AppleWebKit/537.36 (KHTML, like Gecko; compatible; GPTBot/1.4; +https://openai.com/gptbot)"
74.7.227.149 - - [02/Aug/2026:18:39:15 +0700] "GET /.well-known/acme-challenge/file.php?dir=CAAhomeCAAqtdcvxypCAAtmpCAAwebalizerCAAfyiRAAstar4hireRAAcom&edit=hourly_usage_202508.png HTTP/1.1" 429 267 "http://eduworkabroad.star4hire.com/.well-known/acme-challenge/file.php?dir=CAAhomeCAAqtdcvxypCAAtmpCAAwebalizerCAAfyiRAAstar4hireRAAcom" "Mozilla/5.0 AppleWebKit/537.36 (KHTML, like Gecko; compatible; GPTBot/1.4; +https://openai.com/gptbot)"
74.7.227.149 - - [02/Aug/2026:18:40:04 +0700] "GET /.well-known/acme-challenge/file.php?dir=CAAhomeCAAqtdcvxypCAAtmpCAAwebalizerCAAcsrRAAstar4hireRAAcom&edit=ctry_usage_202510.png HTTP/1.1" 429 267 "http://eduworkabroad.star4hire.com/.well-known/acme-challenge/file.php?dir=CAAhomeCAAqtdcvxypCAAtmpCAAwebalizerCAAcsrRAAstar4hireRAAcom" "Mozilla/5.0 AppleWebKit/537.36 (KHTML, like Gecko; compatible; GPTBot/1.4; +https://openai.com/gptbot)"
74.7.242.6 - - [02/Aug/2026:18:40:07 +0700] "GET /file.php?dir=CAAoptCAAcpanelCAAea-wappspectorCAAvendorCAArectorCAArectorCAAsrcCAABetterPhpDocParserCAAValueObject&edit=StartAndEnd.php HTTP/1.1" 429 267 "http://www.eduworkabroad.star4hire.com/file.php?dir=CAAoptCAAcpanelCAAea-wappspectorCAAvendorCAArectorCAArectorCAAsrcCAABetterPhpDocParserCAAValueObject" "Mozilla/5.0 AppleWebKit/537.36 (KHTML, like Gecko; compatible; GPTBot/1.4; +https://openai.com/gptbot)"
74.7.227.149 - - [02/Aug/2026:18:41:09 +0700] "GET /.well-known/acme-challenge/file.php?dir=CAAhomeCAAqtdcvxypCAAtmpCAAwebalizerCAAfyiRAAstar4hireRAAcom&edit=ctry_usage_202605.png HTTP/1.1" 200 6588 "http://eduworkabroad.star4hire.com/.well-known/acme-challenge/file.php?dir=CAAhomeCAAqtdcvxypCAAtmpCAAwebalizerCAAfyiRAAstar4hireRAAcom" "Mozilla/5.0 AppleWebKit/537.36 (KHTML, like Gecko; compatible; GPTBot/1.4; +https://openai.com/gptbot)"
74.7.242.6 - - [02/Aug/2026:18:41:10 +0700] "GET /file.php?dir=CAAoptCAAcpanelCAAea-wappspectorCAAvendorCAArectorCAArectorCAAsrcCAAStaticTypeMapperCAANaming&edit=NameScopeFactory.php HTTP/1.1" 200 3872 "http://www.eduworkabroad.star4hire.com/file.php?dir=CAAoptCAAcpanelCAAea-wappspectorCAAvendorCAArectorCAArectorCAAsrcCAAStaticTypeMapperCAANaming" "Mozilla/5.0 AppleWebKit/537.36 (KHTML, like Gecko; compatible; GPTBot/1.4; +https://openai.com/gptbot)"
74.7.227.149 - - [02/Aug/2026:18:42:14 +0700] "GET /.well-known/acme-challenge/file.php?dir=CAAhomeCAAqtdcvxypCAAtmpCAAwebalizerCAAcsrRAAstar4hireRAAcom&edit=daily_usage_202511.png HTTP/1.1" 200 5956 "http://eduworkabroad.star4hire.com/.well-known/acme-challenge/file.php?dir=CAAhomeCAAqtdcvxypCAAtmpCAAwebalizerCAAcsrRAAstar4hireRAAcom" "Mozilla/5.0 AppleWebKit/537.36 (KHTML, like Gecko; compatible; GPTBot/1.4; +https://openai.com/gptbot)"
74.7.227.149 - - [02/Aug/2026:18:43:13 +0700] "GET /.well-known/acme-challenge/file.php?dir=CAAhomeCAAqtdcvxypCAAtmpCAAwebalizerCAAcsrRAAstar4hireRAAcom&edit=ctry_usage_202407.png HTTP/1.1" 200 6764 "http://eduworkabroad.star4hire.com/.well-known/acme-challenge/file.php?dir=CAAhomeCAAqtdcvxypCAAtmpCAAwebalizerCAAcsrRAAstar4hireRAAcom" "Mozilla/5.0 AppleWebKit/537.36 (KHTML, like Gecko; compatible; GPTBot/1.4; +https://openai.com/gptbot)"
74.7.242.6 - - [02/Aug/2026:18:44:01 +0700] "GET /file.php?dir=CAAvarCAAsoftaculousCAAmoodle41&edit=install.php HTTP/1.1" 200 11493 "http://www.eduworkabroad.star4hire.com/file.php?dir=CAAvarCAAsoftaculousCAAmoodle41" "Mozilla/5.0 AppleWebKit/537.36 (KHTML, like Gecko; compatible; GPTBot/1.4; +https://openai.com/gptbot)"
74.7.227.149 - - [02/Aug/2026:18:44:04 +0700] "GET /.well-known/acme-challenge/file.php?dir=CAAhomeCAAqtdcvxypCAAtmpCAAwebalizerCAAsmsRAAstar4hireRAAcom&edit=ctry_usage_202406.png HTTP/1.1" 200 5175 "http://eduworkabroad.star4hire.com/.well-known/acme-challenge/file.php?dir=CAAhomeCAAqtdcvxypCAAtmpCAAwebalizerCAAsmsRAAstar4hireRAAcom" "Mozilla/5.0 AppleWebKit/537.36 (KHTML, like Gecko; compatible; GPTBot/1.4; +https://openai.com/gptbot)"
74.7.242.6 - - [02/Aug/2026:18:44:45 +0700] "GET /file.php?dir=CAAvarCAAsoftaculousCAApresta178&edit=install.php HTTP/1.1" 200 17754 "http://www.eduworkabroad.star4hire.com/file.php?dir=CAAvarCAAsoftaculousCAApresta178" "Mozilla/5.0 AppleWebKit/537.36 (KHTML, like Gecko; compatible; GPTBot/1.4; +https://openai.com/gptbot)"
74.7.227.149 - - [02/Aug/2026:18:44:48 +0700] "GET /.well-known/acme-challenge/file.php?dir=CAAhomeCAAqtdcvxypCAAtmpCAAwebalizerCAAfyiRAAstar4hireRAAcom&edit=hourly_usage_202503.png HTTP/1.1" 200 4932 "http://eduworkabroad.star4hire.com/.well-known/acme-challenge/file.php?dir=CAAhomeCAAqtdcvxypCAAtmpCAAwebalizerCAAfyiRAAstar4hireRAAcom" "Mozilla/5.0 AppleWebKit/537.36 (KHTML, like Gecko; compatible; GPTBot/1.4; +https://openai.com/gptbot)"
74.7.242.6 - - [02/Aug/2026:18:45:25 +0700] "GET /file.php?dir=CAAvarCAAsoftaculousCAAmoodle30&edit=install.php HTTP/1.1" 200 15216 "http://www.eduworkabroad.star4hire.com/file.php?dir=CAAvarCAAsoftaculousCAAmoodle30" "Mozilla/5.0 AppleWebKit/537.36 (KHTML, like Gecko; compatible; GPTBot/1.4; +https://openai.com/gptbot)"
74.7.227.149 - - [02/Aug/2026:18:45:27 +0700] "GET /.well-known/acme-challenge/file.php?dir=CAAhomeCAAqtdcvxypCAAtmpCAAwebalizerCAAsslCAAstar4hireRAAcom&edit=ctry_usage_202408.png HTTP/1.1" 200 5165 "http://eduworkabroad.star4hire.com/.well-known/acme-challenge/file.php?dir=CAAhomeCAAqtdcvxypCAAtmpCAAwebalizerCAAsslCAAstar4hireRAAcom" "Mozilla/5.0 AppleWebKit/537.36 (KHTML, like Gecko; compatible; GPTBot/1.4; +https://openai.com/gptbot)"
74.7.227.149 - - [02/Aug/2026:18:46:03 +0700] "GET /.well-known/acme-challenge/file.php?dir=CAAhomeCAAqtdcvxypCAAlscacheCAAdCAAbCAAb&edit=dbbcd9239f8ff6d5 HTTP/1.1" 200 29131 "http://eduworkabroad.star4hire.com/.well-known/acme-challenge/file.php?dir=CAAhomeCAAqtdcvxypCAAlscacheCAAdCAAbCAAb" "Mozilla/5.0 AppleWebKit/537.36 (KHTML, like Gecko; compatible; GPTBot/1.4; +https://openai.com/gptbot)"
74.7.242.6 - - [02/Aug/2026:18:46:35 +0700] "GET /file.php?dir=CAAvarCAAsoftaculousCAAmoodle27&edit=install.php HTTP/1.1" 200 17472 "http://www.eduworkabroad.star4hire.com/file.php?dir=CAAvarCAAsoftaculousCAAmoodle27" "Mozilla/5.0 AppleWebKit/537.36 (KHTML, like Gecko; compatible; GPTBot/1.4; +https://openai.com/gptbot)"
74.7.227.149 - - [02/Aug/2026:18:46:36 +0700] "GET /.well-known/acme-challenge/file.php?dir=CAAhomeCAAqtdcvxypCAAtmpCAAwebalizerCAAsslCAAstar4hireRAAcom&edit=ctry_usage_202604.png HTTP/1.1" 200 6579 "http://eduworkabroad.star4hire.com/.well-known/acme-challenge/file.php?dir=CAAhomeCAAqtdcvxypCAAtmpCAAwebalizerCAAsslCAAstar4hireRAAcom" "Mozilla/5.0 AppleWebKit/537.36 (KHTML, like Gecko; compatible; GPTBot/1.4; +https://openai.com/gptbot)"
74.7.227.149 - - [02/Aug/2026:18:47:04 +0700] "GET /.well-known/acme-challenge/file.php?dir=CAAhomeCAAqtdcvxypCAAtmpCAAwebalizerCAAfyiRAAstar4hireRAAcom&edit=daily_usage_202505.png HTTP/1.1" 200 6189 "http://eduworkabroad.star4hire.com/.well-known/acme-challenge/file.php?dir=CAAhomeCAAqtdcvxypCAAtmpCAAwebalizerCAAfyiRAAstar4hireRAAcom" "Mozilla/5.0 AppleWebKit/537.36 (KHTML, like Gecko; compatible; GPTBot/1.4; +https://openai.com/gptbot)"
74.7.227.149 - - [02/Aug/2026:18:47:32 +0700] "GET /.well-known/acme-challenge/file.php?dir=CAAhomeCAAqtdcvxypCAAtmpCAAwebalizerCAAcsrRAAstar4hireRAAcom&edit=ctry_usage_202508.png HTTP/1.1" 200 6163 "http://eduworkabroad.star4hire.com/.well-known/acme-challenge/file.php?dir=CAAhomeCAAqtdcvxypCAAtmpCAAwebalizerCAAcsrRAAstar4hireRAAcom" "Mozilla/5.0 AppleWebKit/537.36 (KHTML, like Gecko; compatible; GPTBot/1.4; +https://openai.com/gptbot)"
74.7.227.149 - - [02/Aug/2026:18:47:57 +0700] "GET /.well-known/acme-challenge/file.php?dir=CAAhomeCAAqtdcvxypCAAtmpCAAwebalizerCAAcsrRAAstar4hireRAAcom&edit=ctry_usage_202503.png HTTP/1.1" 200 5961 "http://eduworkabroad.star4hire.com/.well-known/acme-challenge/file.php?dir=CAAhomeCAAqtdcvxypCAAtmpCAAwebalizerCAAcsrRAAstar4hireRAAcom" "Mozilla/5.0 AppleWebKit/537.36 (KHTML, like Gecko; compatible; GPTBot/1.4; +https://openai.com/gptbot)"
74.7.242.6 - - [02/Aug/2026:18:48:20 +0700] "GET /file.php?dir=CAAvarCAAsoftaculousCAAmoodle28&edit=install.php HTTP/1.1" 200 17466 "http://www.eduworkabroad.star4hire.com/file.php?dir=CAAvarCAAsoftaculousCAAmoodle28" "Mozilla/5.0 AppleWebKit/537.36 (KHTML, like Gecko; compatible; GPTBot/1.4; +https://openai.com/gptbot)"
74.7.227.149 - - [02/Aug/2026:18:48:20 +0700] "GET /.well-known/acme-challenge/file.php?dir=CAAhomeCAAqtdcvxypCAAlscacheCAAfCAAaCAAf&edit=faf6a5e63cff180b HTTP/1.1" 200 29653 "http://eduworkabroad.star4hire.com/.well-known/acme-challenge/file.php?dir=CAAhomeCAAqtdcvxypCAAlscacheCAAfCAAaCAAf" "Mozilla/5.0 AppleWebKit/537.36 (KHTML, like Gecko; compatible; GPTBot/1.4; +https://openai.com/gptbot)"
74.7.242.6 - - [02/Aug/2026:18:48:38 +0700] "GET /file.php?dir=CAAvarCAAsoftaculousCAAmoodle51&edit=install.php HTTP/1.1" 200 15021 "http://www.eduworkabroad.star4hire.com/file.php?dir=CAAvarCAAsoftaculousCAAmoodle51" "Mozilla/5.0 AppleWebKit/537.36 (KHTML, like Gecko; compatible; GPTBot/1.4; +https://openai.com/gptbot)"
74.7.227.149 - - [02/Aug/2026:18:48:40 +0700] "GET /.well-known/acme-challenge/file.php?dir=CAAhomeCAAqtdcvxypCAAtmpCAAwebalizerCAAfyiRAAstar4hireRAAcom&edit=daily_usage_202601.png HTTP/1.1" 200 6036 "http://eduworkabroad.star4hire.com/.well-known/acme-challenge/file.php?dir=CAAhomeCAAqtdcvxypCAAtmpCAAwebalizerCAAfyiRAAstar4hireRAAcom" "Mozilla/5.0 AppleWebKit/537.36 (KHTML, like Gecko; compatible; GPTBot/1.4; +https://openai.com/gptbot)"
74.7.242.6 - - [02/Aug/2026:18:48:57 +0700] "GET /file.php?dir=CAAvarCAAsoftaculousCAAmoodle29&edit=install.php HTTP/1.1" 200 18142 "http://www.eduworkabroad.star4hire.com/file.php?dir=CAAvarCAAsoftaculousCAAmoodle29" "Mozilla/5.0 AppleWebKit/537.36 (KHTML, like Gecko; compatible; GPTBot/1.4; +https://openai.com/gptbot)"
74.7.227.149 - - [02/Aug/2026:18:48:58 +0700] "GET /.well-known/acme-challenge/file.php?dir=CAAhomeCAAqtdcvxypCAAtmpCAAwebalizerCAAcsrRAAstar4hireRAAcom&edit=ctry_usage_202512.png HTTP/1.1" 200 5977 "http://eduworkabroad.star4hire.com/.well-known/acme-challenge/file.php?dir=CAAhomeCAAqtdcvxypCAAtmpCAAwebalizerCAAcsrRAAstar4hireRAAcom" "Mozilla/5.0 AppleWebKit/537.36 (KHTML, like Gecko; compatible; GPTBot/1.4; +https://openai.com/gptbot)"
74.7.227.149 - - [02/Aug/2026:18:49:13 +0700] "GET /.well-known/acme-challenge/file.php?dir=CAAhomeCAAqtdcvxypCAAtmpCAAwebalizerCAAfyiRAAstar4hireRAAcom&edit=ctry_usage_202504.png HTTP/1.1" 200 5539 "http://eduworkabroad.star4hire.com/.well-known/acme-challenge/file.php?dir=CAAhomeCAAqtdcvxypCAAtmpCAAwebalizerCAAfyiRAAstar4hireRAAcom" "Mozilla/5.0 AppleWebKit/537.36 (KHTML, like Gecko; compatible; GPTBot/1.4; +https://openai.com/gptbot)"
74.7.242.6 - - [02/Aug/2026:18:49:13 +0700] "GET /file.php?dir=CAAvarCAAsoftaculousCAAmoodle38&edit=install.php HTTP/1.1" 200 18155 "http://www.eduworkabroad.star4hire.com/file.php?dir=CAAvarCAAsoftaculousCAAmoodle38" "Mozilla/5.0 AppleWebKit/537.36 (KHTML, like Gecko; compatible; GPTBot/1.4; +https://openai.com/gptbot)"
74.7.242.6 - - [02/Aug/2026:18:49:27 +0700] "GET /file.php?dir=CAAvarCAAsoftaculousCAAmoodle45&edit=install.php HTTP/1.1" 429 267 "http://www.eduworkabroad.star4hire.com/file.php?dir=CAAvarCAAsoftaculousCAAmoodle45" "Mozilla/5.0 AppleWebKit/537.36 (KHTML, like Gecko; compatible; GPTBot/1.4; +https://openai.com/gptbot)"
74.7.227.149 - - [02/Aug/2026:18:49:27 +0700] "GET /.well-known/acme-challenge/file.php?dir=CAAhomeCAAqtdcvxypCAAtmpCAAwebalizerCAAfyiRAAstar4hireRAAcom&edit=ctry_usage_202406.png HTTP/1.1" 429 267 "http://eduworkabroad.star4hire.com/.well-known/acme-challenge/file.php?dir=CAAhomeCAAqtdcvxypCAAtmpCAAwebalizerCAAfyiRAAstar4hireRAAcom" "Mozilla/5.0 AppleWebKit/537.36 (KHTML, like Gecko; compatible; GPTBot/1.4; +https://openai.com/gptbot)"
74.7.227.149 - - [02/Aug/2026:18:49:40 +0700] "GET /.well-known/acme-challenge/file.php?dir=CAAhomeCAAqtdcvxypCAAtmpCAAwebalizerCAAfyiRAAstar4hireRAAcom&edit=ctry_usage_202602.png HTTP/1.1" 429 267 "http://eduworkabroad.star4hire.com/.well-known/acme-challenge/file.php?dir=CAAhomeCAAqtdcvxypCAAtmpCAAwebalizerCAAfyiRAAstar4hireRAAcom" "Mozilla/5.0 AppleWebKit/537.36 (KHTML, like Gecko; compatible; GPTBot/1.4; +https://openai.com/gptbot)"
74.7.227.149 - - [02/Aug/2026:18:50:19 +0700] "GET /.well-known/acme-challenge/file.php?dir=CAAhomeCAAqtdcvxypCAAtmpCAAwebalizerCAAsslCAAstar4hireRAAcom&edit=ctry_usage_202507.png HTTP/1.1" 429 267 "http://eduworkabroad.star4hire.com/.well-known/acme-challenge/file.php?dir=CAAhomeCAAqtdcvxypCAAtmpCAAwebalizerCAAsslCAAstar4hireRAAcom" "Mozilla/5.0 AppleWebKit/537.36 (KHTML, like Gecko; compatible; GPTBot/1.4; +https://openai.com/gptbot)"
74.7.227.149 - - [02/Aug/2026:18:51:21 +0700] "GET /.well-known/acme-challenge/file.php?dir=CAAhomeCAAqtdcvxypCAAtmpCAAwebalizerCAAcsrRAAstar4hireRAAcom&edit=daily_usage_202605.png HTTP/1.1" 200 6126 "http://eduworkabroad.star4hire.com/.well-known/acme-challenge/file.php?dir=CAAhomeCAAqtdcvxypCAAtmpCAAwebalizerCAAcsrRAAstar4hireRAAcom" "Mozilla/5.0 AppleWebKit/537.36 (KHTML, like Gecko; compatible; GPTBot/1.4; +https://openai.com/gptbot)"
74.7.242.6 - - [02/Aug/2026:18:51:24 +0700] "GET /file.php?dir=CAAvarCAAsoftaculousCAAvtiger72&edit=install.php HTTP/1.1" 200 11118 "http://www.eduworkabroad.star4hire.com/file.php?dir=CAAvarCAAsoftaculousCAAvtiger72" "Mozilla/5.0 AppleWebKit/537.36 (KHTML, like Gecko; compatible; GPTBot/1.4; +https://openai.com/gptbot)"
74.7.227.149 - - [02/Aug/2026:18:52:24 +0700] "GET /.well-known/acme-challenge/file.php?dir=CAAhomeCAAqtdcvxypCAAtmpCAAwebalizerCAAcsrRAAstar4hireRAAcom&edit=hourly_usage_202407.png HTTP/1.1" 200 4773 "http://eduworkabroad.star4hire.com/.well-known/acme-challenge/file.php?dir=CAAhomeCAAqtdcvxypCAAtmpCAAwebalizerCAAcsrRAAstar4hireRAAcom" "Mozilla/5.0 AppleWebKit/537.36 (KHTML, like Gecko; compatible; GPTBot/1.4; +https://openai.com/gptbot)"
74.7.227.149 - - [02/Aug/2026:18:53:23 +0700] "GET /.well-known/acme-challenge/file.php?dir=CAAhomeCAAqtdcvxypCAAtmpCAAwebalizerCAAprishaRAAstar4hireRAAcom&edit=daily_usage_202509.png HTTP/1.1" 200 5907 "http://eduworkabroad.star4hire.com/.well-known/acme-challenge/file.php?dir=CAAhomeCAAqtdcvxypCAAtmpCAAwebalizerCAAprishaRAAstar4hireRAAcom" "Mozilla/5.0 AppleWebKit/537.36 (KHTML, like Gecko; compatible; GPTBot/1.4; +https://openai.com/gptbot)"
74.7.242.6 - - [02/Aug/2026:18:53:27 +0700] "GET /file.php?dir=CAAvarCAAsoftaculousCAAmoodle20&edit=install.php HTTP/1.1" 200 11178 "http://www.eduworkabroad.star4hire.com/file.php?dir=CAAvarCAAsoftaculousCAAmoodle20" "Mozilla/5.0 AppleWebKit/537.36 (KHTML, like Gecko; compatible; GPTBot/1.4; +https://openai.com/gptbot)"
74.7.227.149 - - [02/Aug/2026:18:54:14 +0700] "GET /.well-known/acme-challenge/file.php?dir=CAAhomeCAAqtdcvxypCAAtmpCAAwebalizerCAAsslCAAstar4hireRAAcom&edit=daily_usage_202508.png HTTP/1.1" 200 6664 "http://eduworkabroad.star4hire.com/.well-known/acme-challenge/file.php?dir=CAAhomeCAAqtdcvxypCAAtmpCAAwebalizerCAAsslCAAstar4hireRAAcom" "Mozilla/5.0 AppleWebKit/537.36 (KHTML, like Gecko; compatible; GPTBot/1.4; +https://openai.com/gptbot)"
74.7.242.6 - - [02/Aug/2026:18:54:17 +0700] "GET /file.php?dir=CAAvarCAAsoftaculousCAAmoodle39&edit=install.php HTTP/1.1" 200 11161 "http://www.eduworkabroad.star4hire.com/file.php?dir=CAAvarCAAsoftaculousCAAmoodle39" "Mozilla/5.0 AppleWebKit/537.36 (KHTML, like Gecko; compatible; GPTBot/1.4; +https://openai.com/gptbot)"
74.7.227.149 - - [02/Aug/2026:18:55:00 +0700] "GET /.well-known/acme-challenge/file.php?dir=CAAhomeCAAqtdcvxypCAAtmpCAAwebalizerCAAfyiRAAstar4hireRAAcom&edit=ctry_usage_202604.png HTTP/1.1" 200 5766 "http://eduworkabroad.star4hire.com/.well-known/acme-challenge/file.php?dir=CAAhomeCAAqtdcvxypCAAtmpCAAwebalizerCAAfyiRAAstar4hireRAAcom" "Mozilla/5.0 AppleWebKit/537.36 (KHTML, like Gecko; compatible; GPTBot/1.4; +https://openai.com/gptbot)"
74.7.242.6 - - [02/Aug/2026:18:55:01 +0700] "GET /file.php?dir=CAAvarCAAsoftaculousCAAmoodle42&edit=install.php HTTP/1.1" 200 11497 "http://www.eduworkabroad.star4hire.com/file.php?dir=CAAvarCAAsoftaculousCAAmoodle42" "Mozilla/5.0 AppleWebKit/537.36 (KHTML, like Gecko; compatible; GPTBot/1.4; +https://openai.com/gptbot)"
74.7.227.149 - - [02/Aug/2026:18:55:41 +0700] "GET /.well-known/acme-challenge/file.php?dir=CAAhomeCAAqtdcvxypCAAtmpCAAwebalizerCAAsmsRAAstar4hireRAAcom&edit=daily_usage_202509.png HTTP/1.1" 200 5873 "http://eduworkabroad.star4hire.com/.well-known/acme-challenge/file.php?dir=CAAhomeCAAqtdcvxypCAAtmpCAAwebalizerCAAsmsRAAstar4hireRAAcom" "Mozilla/5.0 AppleWebKit/537.36 (KHTML, like Gecko; compatible; GPTBot/1.4; +https://openai.com/gptbot)"
74.7.242.6 - - [02/Aug/2026:18:55:44 +0700] "GET /file.php?dir=CAAvarCAAsoftaculousCAAmoodle40&edit=install.php HTTP/1.1" 200 11495 "http://www.eduworkabroad.star4hire.com/file.php?dir=CAAvarCAAsoftaculousCAAmoodle40" "Mozilla/5.0 AppleWebKit/537.36 (KHTML, like Gecko; compatible; GPTBot/1.4; +https://openai.com/gptbot)"
74.7.227.149 - - [02/Aug/2026:18:56:20 +0700] "GET /.well-known/acme-challenge/file.php?dir=CAAhomeCAAqtdcvxypCAAtmpCAAwebalizerCAAfyiRAAstar4hireRAAcom&edit=ctry_usage_202408.png HTTP/1.1" 200 5513 "http://eduworkabroad.star4hire.com/.well-known/acme-challenge/file.php?dir=CAAhomeCAAqtdcvxypCAAtmpCAAwebalizerCAAfyiRAAstar4hireRAAcom" "Mozilla/5.0 AppleWebKit/537.36 (KHTML, like Gecko; compatible; GPTBot/1.4; +https://openai.com/gptbot)"
74.7.227.149 - - [02/Aug/2026:18:56:56 +0700] "GET /.well-known/acme-challenge/file.php?dir=CAAhomeCAAqtdcvxypCAAtmpCAAwebalizerCAAfyiRAAstar4hireRAAcom&edit=daily_usage_202405.png HTTP/1.1" 200 5753 "http://eduworkabroad.star4hire.com/.well-known/acme-challenge/file.php?dir=CAAhomeCAAqtdcvxypCAAtmpCAAwebalizerCAAfyiRAAstar4hireRAAcom" "Mozilla/5.0 AppleWebKit/537.36 (KHTML, like Gecko; compatible; GPTBot/1.4; +https://openai.com/gptbot)"
74.7.227.149 - - [02/Aug/2026:18:57:28 +0700] "GET /.well-known/acme-challenge/file.php?dir=CAAhomeCAAqtdcvxypCAAtmpCAAwebalizerCAAsslCAAstar4hireRAAcom&edit=ctry_usage_202606.png HTTP/1.1" 200 6573 "http://eduworkabroad.star4hire.com/.well-known/acme-challenge/file.php?dir=CAAhomeCAAqtdcvxypCAAtmpCAAwebalizerCAAsslCAAstar4hireRAAcom" "Mozilla/5.0 AppleWebKit/537.36 (KHTML, like Gecko; compatible; GPTBot/1.4; +https://openai.com/gptbot)"
74.7.227.149 - - [02/Aug/2026:18:57:52 +0700] "GET /.well-known/acme-challenge/file.php?dir=CAAhomeCAAqtdcvxypCAAtmpCAAwebalizerCAAsmsRAAstar4hireRAAcom&edit=ctry_usage_202508.png HTTP/1.1" 200 5558 "http://eduworkabroad.star4hire.com/.well-known/acme-challenge/file.php?dir=CAAhomeCAAqtdcvxypCAAtmpCAAwebalizerCAAsmsRAAstar4hireRAAcom" "Mozilla/5.0 AppleWebKit/537.36 (KHTML, like Gecko; compatible; GPTBot/1.4; +https://openai.com/gptbot)"
74.7.242.6 - - [02/Aug/2026:18:58:14 +0700] "GET /file.php?dir=CAAvarCAAsoftaculousCAAmoodle311&edit=install.php HTTP/1.1" 200 11172 "http://www.eduworkabroad.star4hire.com/file.php?dir=CAAvarCAAsoftaculousCAAmoodle311" "Mozilla/5.0 AppleWebKit/537.36 (KHTML, like Gecko; compatible; GPTBot/1.4; +https://openai.com/gptbot)"
74.7.227.149 - - [02/Aug/2026:18:58:16 +0700] "GET /.well-known/acme-challenge/file.php?dir=CAAhomeCAAqtdcvxypCAAtmpCAAwebalizerCAAsslCAAstar4hireRAAcom&edit=ctry_usage_202607.png HTTP/1.1" 200 5861 "http://eduworkabroad.star4hire.com/.well-known/acme-challenge/file.php?dir=CAAhomeCAAqtdcvxypCAAtmpCAAwebalizerCAAsslCAAstar4hireRAAcom" "Mozilla/5.0 AppleWebKit/537.36 (KHTML, like Gecko; compatible; GPTBot/1.4; +https://openai.com/gptbot)"
74.7.242.6 - - [02/Aug/2026:18:58:37 +0700] "GET /file.php?dir=CAAvarCAAsoftaculousCAAmoodle50&edit=install.php HTTP/1.1" 200 11556 "http://www.eduworkabroad.star4hire.com/file.php?dir=CAAvarCAAsoftaculousCAAmoodle50" "Mozilla/5.0 AppleWebKit/537.36 (KHTML, like Gecko; compatible; GPTBot/1.4; +https://openai.com/gptbot)"
74.7.227.149 - - [02/Aug/2026:18:58:39 +0700] "GET /.well-known/acme-challenge/file.php?dir=CAAhomeCAAqtdcvxypCAAtmpCAAwebalizerCAAfyiRAAstar4hireRAAcom&edit=ctry_usage_202409.png HTTP/1.1" 200 5860 "http://eduworkabroad.star4hire.com/.well-known/acme-challenge/file.php?dir=CAAhomeCAAqtdcvxypCAAtmpCAAwebalizerCAAfyiRAAstar4hireRAAcom" "Mozilla/5.0 AppleWebKit/537.36 (KHTML, like Gecko; compatible; GPTBot/1.4; +https://openai.com/gptbot)"
74.7.227.149 - - [02/Aug/2026:18:59:00 +0700] "GET /.well-known/acme-challenge/file.php?dir=CAAhomeCAAqtdcvxypCAAtmpCAAwebalizerCAAkarirRAAstar4hireRAAcom&edit=daily_usage_202408.png HTTP/1.1" 200 5608 "http://eduworkabroad.star4hire.com/.well-known/acme-challenge/file.php?dir=CAAhomeCAAqtdcvxypCAAtmpCAAwebalizerCAAkarirRAAstar4hireRAAcom" "Mozilla/5.0 AppleWebKit/537.36 (KHTML, like Gecko; compatible; GPTBot/1.4; +https://openai.com/gptbot)"
74.7.242.6 - - [02/Aug/2026:18:59:15 +0700] "GET /file.php?dir=CAAvarCAAsoftaculousCAAmoodle43&edit=install.php HTTP/1.1" 200 11557 "http://www.eduworkabroad.star4hire.com/file.php?dir=CAAvarCAAsoftaculousCAAmoodle43" "Mozilla/5.0 AppleWebKit/537.36 (KHTML, like Gecko; compatible; GPTBot/1.4; +https://openai.com/gptbot)"
74.7.227.149 - - [02/Aug/2026:18:59:17 +0700] "GET /.well-known/acme-challenge/file.php?dir=CAAhomeCAAqtdcvxypCAAtmpCAAwebalizerCAAfyiRAAstar4hireRAAcom&edit=daily_usage_202509.png HTTP/1.1" 200 5977 "http://eduworkabroad.star4hire.com/.well-known/acme-challenge/file.php?dir=CAAhomeCAAqtdcvxypCAAtmpCAAwebalizerCAAfyiRAAstar4hireRAAcom" "Mozilla/5.0 AppleWebKit/537.36 (KHTML, like Gecko; compatible; GPTBot/1.4; +https://openai.com/gptbot)"
74.7.227.149 - - [02/Aug/2026:18:59:33 +0700] "GET /.well-known/acme-challenge/file.php?dir=CAAhomeCAAqtdcvxypCAAtmpCAAwebalizerCAAfyiRAAstar4hireRAAcom&edit=ctry_usage_202606.png HTTP/1.1" 429 267 "http://eduworkabroad.star4hire.com/.well-known/acme-challenge/file.php?dir=CAAhomeCAAqtdcvxypCAAtmpCAAwebalizerCAAfyiRAAstar4hireRAAcom" "Mozilla/5.0 AppleWebKit/537.36 (KHTML, like Gecko; compatible; GPTBot/1.4; +https://openai.com/gptbot)"
74.7.227.149 - - [02/Aug/2026:18:59:48 +0700] "GET /.well-known/acme-challenge/file.php?dir=CAAhomeCAAqtdcvxypCAAtmpCAAwebalizerCAAkarirRAAstar4hireRAAcom&edit=ctry_usage_202508.png HTTP/1.1" 429 267 "http://eduworkabroad.star4hire.com/.well-known/acme-challenge/file.php?dir=CAAhomeCAAqtdcvxypCAAtmpCAAwebalizerCAAkarirRAAstar4hireRAAcom" "Mozilla/5.0 AppleWebKit/537.36 (KHTML, like Gecko; compatible; GPTBot/1.4; +https://openai.com/gptbot)"
74.7.227.149 - - [02/Aug/2026:19:00:33 +0700] "GET /.well-known/acme-challenge/file.php?dir=CAAhomeCAAqtdcvxypCAAtmpCAAwebalizerCAAkarirRAAstar4hireRAAcom&edit=ctry_usage_202603.png HTTP/1.1" 429 267 "http://eduworkabroad.star4hire.com/.well-known/acme-challenge/file.php?dir=CAAhomeCAAqtdcvxypCAAtmpCAAwebalizerCAAkarirRAAstar4hireRAAcom" "Mozilla/5.0 AppleWebKit/537.36 (KHTML, like Gecko; compatible; GPTBot/1.4; +https://openai.com/gptbot)"
74.7.227.149 - - [02/Aug/2026:19:01:34 +0700] "GET /.well-known/acme-challenge/file.php?dir=CAAhomeCAAqtdcvxypCAAtmpCAAwebalizerCAAkarirRAAstar4hireRAAcom&edit=hourly_usage_202409.png HTTP/1.1" 200 4815 "http://eduworkabroad.star4hire.com/.well-known/acme-challenge/file.php?dir=CAAhomeCAAqtdcvxypCAAtmpCAAwebalizerCAAkarirRAAstar4hireRAAcom" "Mozilla/5.0 AppleWebKit/537.36 (KHTML, like Gecko; compatible; GPTBot/1.4; +https://openai.com/gptbot)"
74.7.227.149 - - [02/Aug/2026:19:02:36 +0700] "GET /.well-known/acme-challenge/file.php?dir=CAAhomeCAAqtdcvxypCAAtmpCAAwebalizerCAAupskillRAAstar4hireRAAcom&edit=ctry_usage_202607.png HTTP/1.1" 200 5475 "http://eduworkabroad.star4hire.com/.well-known/acme-challenge/file.php?dir=CAAhomeCAAqtdcvxypCAAtmpCAAwebalizerCAAupskillRAAstar4hireRAAcom" "Mozilla/5.0 AppleWebKit/537.36 (KHTML, like Gecko; compatible; GPTBot/1.4; +https://openai.com/gptbot)"
74.7.242.6 - - [02/Aug/2026:19:03:27 +0700] "GET /file.php?dir=CAAoptCAAcpanelCAAea-nodejs10CAAlibCAAnode_modulesCAAnpmCAAnode_modulesCAAjsbn&edit=example.html HTTP/1.1" 200 3172 "http://www.eduworkabroad.star4hire.com/file.php?dir=CAAoptCAAcpanelCAAea-nodejs10CAAlibCAAnode_modulesCAAnpmCAAnode_modulesCAAjsbn" "Mozilla/5.0 AppleWebKit/537.36 (KHTML, like Gecko; compatible; GPTBot/1.4; +https://openai.com/gptbot)"
74.7.227.149 - - [02/Aug/2026:19:03:31 +0700] "GET /.well-known/acme-challenge/file.php?dir=CAAhomeCAAqtdcvxypCAAtmpCAAwebalizerCAAfyiRAAstar4hireRAAcom&edit=ctry_usage_202512.png HTTP/1.1" 200 7007 "http://eduworkabroad.star4hire.com/.well-known/acme-challenge/file.php?dir=CAAhomeCAAqtdcvxypCAAtmpCAAwebalizerCAAfyiRAAstar4hireRAAcom" "Mozilla/5.0 AppleWebKit/537.36 (KHTML, like Gecko; compatible; GPTBot/1.4; +https://openai.com/gptbot)"
74.7.227.149 - - [02/Aug/2026:19:04:20 +0700] "GET /.well-known/acme-challenge/file.php?dir=CAAhomeCAAqtdcvxypCAAtmpCAAwebalizerCAAcsrRAAstar4hireRAAcom&edit=daily_usage_202508.png HTTP/1.1" 200 5895 "http://eduworkabroad.star4hire.com/.well-known/acme-challenge/file.php?dir=CAAhomeCAAqtdcvxypCAAtmpCAAwebalizerCAAcsrRAAstar4hireRAAcom" "Mozilla/5.0 AppleWebKit/537.36 (KHTML, like Gecko; compatible; GPTBot/1.4; +https://openai.com/gptbot)"
74.7.242.6 - - [02/Aug/2026:19:05:03 +0700] "GET /file.php?dir=CAAusrCAAlibCAApython3RAA6CAAsite-packagesCAAtunedCAAprofilesCAAfunctions&edit=__init__.py HTTP/1.1" 200 3101 "http://www.eduworkabroad.star4hire.com/file.php?dir=CAAusrCAAlibCAApython3RAA6CAAsite-packagesCAAtunedCAAprofilesCAAfunctions" "Mozilla/5.0 AppleWebKit/537.36 (KHTML, like Gecko; compatible; GPTBot/1.4; +https://openai.com/gptbot)"
74.7.227.149 - - [02/Aug/2026:19:05:07 +0700] "GET /.well-known/acme-challenge/file.php?dir=CAAhomeCAAqtdcvxypCAAtmpCAAwebalizerCAAfyiRAAstar4hireRAAcom&edit=hourly_usage_202409.png HTTP/1.1" 200 4870 "http://eduworkabroad.star4hire.com/.well-known/acme-challenge/file.php?dir=CAAhomeCAAqtdcvxypCAAtmpCAAwebalizerCAAfyiRAAstar4hireRAAcom" "Mozilla/5.0 AppleWebKit/537.36 (KHTML, like Gecko; compatible; GPTBot/1.4; +https://openai.com/gptbot)"
74.7.227.149 - - [02/Aug/2026:19:05:47 +0700] "GET /.well-known/acme-challenge/file.php?dir=CAAhomeCAAqtdcvxypCAAtmpCAAwebalizerCAAfyiRAAstar4hireRAAcom&edit=hourly_usage_202509.png HTTP/1.1" 200 4833 "http://eduworkabroad.star4hire.com/.well-known/acme-challenge/file.php?dir=CAAhomeCAAqtdcvxypCAAtmpCAAwebalizerCAAfyiRAAstar4hireRAAcom" "Mozilla/5.0 AppleWebKit/537.36 (KHTML, like Gecko; compatible; GPTBot/1.4; +https://openai.com/gptbot)"
74.7.227.149 - - [02/Aug/2026:19:06:24 +0700] "GET /.well-known/acme-challenge/file.php?dir=CAAhomeCAAqtdcvxypCAAtmpCAAwebalizerCAAcsrRAAstar4hireRAAcom&edit=daily_usage_202510.png HTTP/1.1" 200 5707 "http://eduworkabroad.star4hire.com/.well-known/acme-challenge/file.php?dir=CAAhomeCAAqtdcvxypCAAtmpCAAwebalizerCAAcsrRAAstar4hireRAAcom" "Mozilla/5.0 AppleWebKit/537.36 (KHTML, like Gecko; compatible; GPTBot/1.4; +https://openai.com/gptbot)"
74.7.227.149 - - [02/Aug/2026:19:06:57 +0700] "GET /.well-known/acme-challenge/file.php?dir=CAAhomeCAAqtdcvxypCAAtmpCAAwebalizerCAAcsrRAAstar4hireRAAcom&edit=hourly_usage_202606.png HTTP/1.1" 200 4977 "http://eduworkabroad.star4hire.com/.well-known/acme-challenge/file.php?dir=CAAhomeCAAqtdcvxypCAAtmpCAAwebalizerCAAcsrRAAstar4hireRAAcom" "Mozilla/5.0 AppleWebKit/537.36 (KHTML, like Gecko; compatible; GPTBot/1.4; +https://openai.com/gptbot)"
74.7.242.6 - - [02/Aug/2026:19:06:59 +0700] "GET /file.php?dir=CAAoptCAAcpanelCAAea-opensslCAAetcCAApkiCAAtlsCAAmanCAAman3&edit=SSL_CTX_set_ssl_version.3 HTTP/1.1" 200 5452 "http://www.eduworkabroad.star4hire.com/file.php?dir=CAAoptCAAcpanelCAAea-opensslCAAetcCAApkiCAAtlsCAAmanCAAman3" "Mozilla/5.0 AppleWebKit/537.36 (KHTML, like Gecko; compatible; GPTBot/1.4; +https://openai.com/gptbot)"
74.7.227.149 - - [02/Aug/2026:19:07:28 +0700] "GET /.well-known/acme-challenge/file.php?dir=CAAhomeCAAqtdcvxypCAAtmpCAAwebalizerCAAfyiRAAstar4hireRAAcom&edit=ctry_usage_202601.png HTTP/1.1" 200 7880 "http://eduworkabroad.star4hire.com/.well-known/acme-challenge/file.php?dir=CAAhomeCAAqtdcvxypCAAtmpCAAwebalizerCAAfyiRAAstar4hireRAAcom" "Mozilla/5.0 AppleWebKit/537.36 (KHTML, like Gecko; compatible; GPTBot/1.4; +https://openai.com/gptbot)"
74.7.242.6 - - [02/Aug/2026:19:07:54 +0700] "GET /file.php?dir=CAAusrCAAlibCAAdracutCAAmodulesRAAdCAA99microcode_ctl-fw_dir_override&edit=module-setup.sh HTTP/1.1" 200 4721 "http://www.eduworkabroad.star4hire.com/file.php?dir=CAAusrCAAlibCAAdracutCAAmodulesRAAdCAA99microcode_ctl-fw_dir_override" "Mozilla/5.0 AppleWebKit/537.36 (KHTML, like Gecko; compatible; GPTBot/1.4; +https://openai.com/gptbot)"
74.7.227.149 - - [02/Aug/2026:19:07:55 +0700] "GET /.well-known/acme-challenge/file.php?dir=CAAhomeCAAqtdcvxypCAAtmpCAAwebalizerCAAfyiRAAstar4hireRAAcom&edit=hourly_usage_202506.png HTTP/1.1" 200 4747 "http://eduworkabroad.star4hire.com/.well-known/acme-challenge/file.php?dir=CAAhomeCAAqtdcvxypCAAtmpCAAwebalizerCAAfyiRAAstar4hireRAAcom" "Mozilla/5.0 AppleWebKit/537.36 (KHTML, like Gecko; compatible; GPTBot/1.4; +https://openai.com/gptbot)"
74.7.242.6 - - [02/Aug/2026:19:08:18 +0700] "GET /file.php?dir=CAAoptCAAcpanelCAAea-opensslCAAetcCAApkiCAAtlsCAAmanCAAman3&edit=SSL_CTX_sess_cache_full.3 HTTP/1.1" 200 5545 "http://www.eduworkabroad.star4hire.com/file.php?dir=CAAoptCAAcpanelCAAea-opensslCAAetcCAApkiCAAtlsCAAmanCAAman3" "Mozilla/5.0 AppleWebKit/537.36 (KHTML, like Gecko; compatible; GPTBot/1.4; +https://openai.com/gptbot)"
74.7.227.149 - - [02/Aug/2026:19:08:19 +0700] "GET /.well-known/acme-challenge/file.php?dir=CAAhomeCAAqtdcvxypCAAtmpCAAwebalizerCAAsslCAAstar4hireRAAcom&edit=ctry_usage_202506.png HTTP/1.1" 200 6807 "http://eduworkabroad.star4hire.com/.well-known/acme-challenge/file.php?dir=CAAhomeCAAqtdcvxypCAAtmpCAAwebalizerCAAsslCAAstar4hireRAAcom" "Mozilla/5.0 AppleWebKit/537.36 (KHTML, like Gecko; compatible; GPTBot/1.4; +https://openai.com/gptbot)"
74.7.227.149 - - [02/Aug/2026:19:08:42 +0700] "GET /.well-known/acme-challenge/file.php?dir=CAAhomeCAAqtdcvxypCAAtmpCAAwebalizerCAAcsrRAAstar4hireRAAcom&edit=ctry_usage_202507.png HTTP/1.1" 200 5543 "http://eduworkabroad.star4hire.com/.well-known/acme-challenge/file.php?dir=CAAhomeCAAqtdcvxypCAAtmpCAAwebalizerCAAcsrRAAstar4hireRAAcom" "Mozilla/5.0 AppleWebKit/537.36 (KHTML, like Gecko; compatible; GPTBot/1.4; +https://openai.com/gptbot)"
74.7.242.6 - - [02/Aug/2026:19:09:01 +0700] "GET /file.php?dir=CAAoptCAAcpanelCAAea-opensslCAAetcCAApkiCAAtlsCAAmanCAAman3&edit=EC_POINT_is_at_infinity.3 HTTP/1.1" 200 5928 "http://www.eduworkabroad.star4hire.com/file.php?dir=CAAoptCAAcpanelCAAea-opensslCAAetcCAApkiCAAtlsCAAmanCAAman3" "Mozilla/5.0 AppleWebKit/537.36 (KHTML, like Gecko; compatible; GPTBot/1.4; +https://openai.com/gptbot)"
74.7.227.149 - - [02/Aug/2026:19:09:02 +0700] "GET /.well-known/acme-challenge/file.php?dir=CAAhomeCAAqtdcvxypCAAtmpCAAwebalizerCAAcsrRAAstar4hireRAAcom&edit=hourly_usage_202607.png HTTP/1.1" 200 4880 "http://eduworkabroad.star4hire.com/.well-known/acme-challenge/file.php?dir=CAAhomeCAAqtdcvxypCAAtmpCAAwebalizerCAAcsrRAAstar4hireRAAcom" "Mozilla/5.0 AppleWebKit/537.36 (KHTML, like Gecko; compatible; GPTBot/1.4; +https://openai.com/gptbot)"
74.7.227.149 - - [02/Aug/2026:19:09:25 +0700] "GET /.well-known/acme-challenge/file.php?dir=CAAhomeCAAqtdcvxypCAAtmpCAAwebalizerCAAkarirRAAstar4hireRAAcom&edit=hourly_usage_202408.png HTTP/1.1" 200 4678 "http://eduworkabroad.star4hire.com/.well-known/acme-challenge/file.php?dir=CAAhomeCAAqtdcvxypCAAtmpCAAwebalizerCAAkarirRAAstar4hireRAAcom" "Mozilla/5.0 AppleWebKit/537.36 (KHTML, like Gecko; compatible; GPTBot/1.4; +https://openai.com/gptbot)"
74.7.242.6 - - [02/Aug/2026:19:09:26 +0700] "GET /file.php?dir=CAAvarCAAsoftaculousCAAsitepadCAAeditorCAAsite-dataCAApluginsCAAkkart-proCAAincludesCAAadmin&edit=class-kkart-admin-api-keys.php HTTP/1.1" 200 5456 "http://www.eduworkabroad.star4hire.com/file.php?dir=CAAvarCAAsoftaculousCAAsitepadCAAeditorCAAsite-dataCAApluginsCAAkkart-proCAAincludesCAAadmin" "Mozilla/5.0 AppleWebKit/537.36 (KHTML, like Gecko; compatible; GPTBot/1.4; +https://openai.com/gptbot)"
74.7.227.149 - - [02/Aug/2026:19:09:35 +0700] "GET /.well-known/acme-challenge/file.php?dir=CAAhomeCAAqtdcvxypCAAtmpCAAwebalizerCAAsmsRAAstar4hireRAAcom&edit=ctry_usage_202605.png HTTP/1.1" 200 6216 "http://eduworkabroad.star4hire.com/.well-known/acme-challenge/file.php?dir=CAAhomeCAAqtdcvxypCAAtmpCAAwebalizerCAAsmsRAAstar4hireRAAcom" "Mozilla/5.0 AppleWebKit/537.36 (KHTML, like Gecko; compatible; GPTBot/1.4; +https://openai.com/gptbot)"
74.7.227.149 - - [02/Aug/2026:19:09:50 +0700] "GET /.well-known/acme-challenge/file.php?dir=CAAhomeCAAqtdcvxypCAAtmpCAAwebalizerCAAcsrRAAstar4hireRAAcom&edit=ctry_usage_202409.png HTTP/1.1" 429 267 "http://eduworkabroad.star4hire.com/.well-known/acme-challenge/file.php?dir=CAAhomeCAAqtdcvxypCAAtmpCAAwebalizerCAAcsrRAAstar4hireRAAcom" "Mozilla/5.0 AppleWebKit/537.36 (KHTML, like Gecko; compatible; GPTBot/1.4; +https://openai.com/gptbot)"
74.7.242.6 - - [02/Aug/2026:19:10:02 +0700] "GET /file.php?dir=CAAoptCAAcpanelCAAea-ruby27CAArootCAAusrCAAlib64CAArubyCAAruby-2RAA7RAA8&edit=pty.so HTTP/1.1" 429 267 "http://www.eduworkabroad.star4hire.com/file.php?dir=CAAoptCAAcpanelCAAea-ruby27CAArootCAAusrCAAlib64CAArubyCAAruby-2RAA7RAA8" "Mozilla/5.0 AppleWebKit/537.36 (KHTML, like Gecko; compatible; GPTBot/1.4; +https://openai.com/gptbot)"
74.7.227.149 - - [02/Aug/2026:19:10:03 +0700] "GET /.well-known/acme-challenge/file.php?dir=CAAhomeCAAqtdcvxypCAAtmpCAAwebalizerCAAcsrRAAstar4hireRAAcom&edit=hourly_usage_202604.png HTTP/1.1" 429 267 "http://eduworkabroad.star4hire.com/.well-known/acme-challenge/file.php?dir=CAAhomeCAAqtdcvxypCAAtmpCAAwebalizerCAAcsrRAAstar4hireRAAcom" "Mozilla/5.0 AppleWebKit/537.36 (KHTML, like Gecko; compatible; GPTBot/1.4; +https://openai.com/gptbot)"
74.7.227.149 - - [02/Aug/2026:19:10:42 +0700] "GET /.well-known/acme-challenge/file.php?dir=CAAhomeCAAqtdcvxypCAAtmpCAAwebalizerCAAfyiRAAstar4hireRAAcom&edit=daily_usage_202511.png HTTP/1.1" 429 267 "http://eduworkabroad.star4hire.com/.well-known/acme-challenge/file.php?dir=CAAhomeCAAqtdcvxypCAAtmpCAAwebalizerCAAfyiRAAstar4hireRAAcom" "Mozilla/5.0 AppleWebKit/537.36 (KHTML, like Gecko; compatible; GPTBot/1.4; +https://openai.com/gptbot)"
74.7.242.6 - - [02/Aug/2026:19:11:42 +0700] "GET /file.php?dir=CAAusrCAAshareCAAfontsCAAdejavu&edit=DejaVuSansMono-Bold.ttf HTTP/1.1" 200 172161 "http://www.eduworkabroad.star4hire.com/file.php?dir=CAAusrCAAshareCAAfontsCAAdejavu" "Mozilla/5.0 AppleWebKit/537.36 (KHTML, like Gecko; compatible; GPTBot/1.4; +https://openai.com/gptbot)"
74.7.227.149 - - [02/Aug/2026:19:11:48 +0700] "GET /.well-known/acme-challenge/file.php?dir=CAAhomeCAAqtdcvxypCAAtmpCAAwebalizerCAAcsrRAAstar4hireRAAcom&edit=daily_usage_202409.png HTTP/1.1" 200 5901 "http://eduworkabroad.star4hire.com/.well-known/acme-challenge/file.php?dir=CAAhomeCAAqtdcvxypCAAtmpCAAwebalizerCAAcsrRAAstar4hireRAAcom" "Mozilla/5.0 AppleWebKit/537.36 (KHTML, like Gecko; compatible; GPTBot/1.4; +https://openai.com/gptbot)"
74.7.242.6 - - [02/Aug/2026:19:12:44 +0700] "GET /file.php?dir=CAAusrCAAshareCAAfontsCAAdejavu&edit=DejaVuSans-Oblique.ttf HTTP/1.1" 200 276145 "http://www.eduworkabroad.star4hire.com/file.php?dir=CAAusrCAAshareCAAfontsCAAdejavu" "Mozilla/5.0 AppleWebKit/537.36 (KHTML, like Gecko; compatible; GPTBot/1.4; +https://openai.com/gptbot)"
74.7.227.149 - - [02/Aug/2026:19:12:50 +0700] "GET /.well-known/acme-challenge/file.php?dir=CAAhomeCAAqtdcvxypCAAtmpCAAwebalizerCAAsmsRAAstar4hireRAAcom&edit=ctry_usage_202407.png HTTP/1.1" 200 5434 "http://eduworkabroad.star4hire.com/.well-known/acme-challenge/file.php?dir=CAAhomeCAAqtdcvxypCAAtmpCAAwebalizerCAAsmsRAAstar4hireRAAcom" "Mozilla/5.0 AppleWebKit/537.36 (KHTML, like Gecko; compatible; GPTBot/1.4; +https://openai.com/gptbot)"
74.7.227.149 - - [02/Aug/2026:19:13:47 +0700] "GET /.well-known/acme-challenge/file.php?dir=CAAhomeCAAqtdcvxypCAAtmpCAAwebalizerCAAfyiRAAstar4hireRAAcom&edit=ctry_usage_202405.png HTTP/1.1" 200 5756 "http://eduworkabroad.star4hire.com/.well-known/acme-challenge/file.php?dir=CAAhomeCAAqtdcvxypCAAtmpCAAwebalizerCAAfyiRAAstar4hireRAAcom" "Mozilla/5.0 AppleWebKit/537.36 (KHTML, like Gecko; compatible; GPTBot/1.4; +https://openai.com/gptbot)"
74.7.242.6 - - [02/Aug/2026:19:14:29 +0700] "GET /file.php?dir=CAAhomeCAAqtdcvxypCAAdreamleapRAAstar4hireRAAcomCAAwp-contentCAApluginsCAAelementorCAAassetsCAAlibCAAwaypoints&edit=waypoints.js HTTP/1.1" 200 6683 "http://www.eduworkabroad.star4hire.com/file.php?dir=CAAhomeCAAqtdcvxypCAAdreamleapRAAstar4hireRAAcomCAAwp-contentCAApluginsCAAelementorCAAassetsCAAlibCAAwaypoints" "Mozilla/5.0 AppleWebKit/537.36 (KHTML, like Gecko; compatible; GPTBot/1.4; +https://openai.com/gptbot)"
74.7.227.149 - - [02/Aug/2026:19:14:36 +0700] "GET /.well-known/acme-challenge/file.php?dir=CAAhomeCAAqtdcvxypCAAtmpCAAwebalizerCAAfyiRAAstar4hireRAAcom&edit=hourly_usage_202606.png HTTP/1.1" 200 4872 "http://eduworkabroad.star4hire.com/.well-known/acme-challenge/file.php?dir=CAAhomeCAAqtdcvxypCAAtmpCAAwebalizerCAAfyiRAAstar4hireRAAcom" "Mozilla/5.0 AppleWebKit/537.36 (KHTML, like Gecko; compatible; GPTBot/1.4; +https://openai.com/gptbot)"
74.7.227.149 - - [02/Aug/2026:19:15:24 +0700] "GET /.well-known/acme-challenge/file.php?dir=CAAhomeCAAqtdcvxypCAAtmpCAAwebalizerCAAcsrRAAstar4hireRAAcom&edit=hourly_usage_202506.png HTTP/1.1" 200 4815 "http://eduworkabroad.star4hire.com/.well-known/acme-challenge/file.php?dir=CAAhomeCAAqtdcvxypCAAtmpCAAwebalizerCAAcsrRAAstar4hireRAAcom" "Mozilla/5.0 AppleWebKit/537.36 (KHTML, like Gecko; compatible; GPTBot/1.4; +https://openai.com/gptbot)"
74.7.242.6 - - [02/Aug/2026:19:15:57 +0700] "GET /file.php?dir=CAAhomeCAAqtdcvxypCAAkarirRAAstar4hireRAAcomCAAvendorCAArachidlaasriCAAlaravel-installerCAAsrcCAAassetsCAAfonts&edit=ionicons.woff HTTP/1.1" 200 58605 "http://www.eduworkabroad.star4hire.com/file.php?dir=CAAhomeCAAqtdcvxypCAAkarirRAAstar4hireRAAcomCAAvendorCAArachidlaasriCAAlaravel-installerCAAsrcCAAassetsCAAfonts" "Mozilla/5.0 AppleWebKit/537.36 (KHTML, like Gecko; compatible; GPTBot/1.4; +https://openai.com/gptbot)"
74.7.227.149 - - [02/Aug/2026:19:16:03 +0700] "GET /.well-known/acme-challenge/file.php?dir=CAAhomeCAAqtdcvxypCAAtmpCAAwebalizerCAAfyiRAAstar4hireRAAcom&edit=hourly_usage_202504.png HTTP/1.1" 200 4786 "http://eduworkabroad.star4hire.com/.well-known/acme-challenge/file.php?dir=CAAhomeCAAqtdcvxypCAAtmpCAAwebalizerCAAfyiRAAstar4hireRAAcom" "Mozilla/5.0 AppleWebKit/537.36 (KHTML, like Gecko; compatible; GPTBot/1.4; +https://openai.com/gptbot)"
74.7.227.149 - - [02/Aug/2026:19:16:48 +0700] "GET /.well-known/acme-challenge/file.php?dir=CAAhomeCAAqtdcvxypCAAtmpCAAwebalizerCAAfyiRAAstar4hireRAAcom&edit=hourly_usage_202406.png HTTP/1.1" 200 4638 "http://eduworkabroad.star4hire.com/.well-known/acme-challenge/file.php?dir=CAAhomeCAAqtdcvxypCAAtmpCAAwebalizerCAAfyiRAAstar4hireRAAcom" "Mozilla/5.0 AppleWebKit/537.36 (KHTML, like Gecko; compatible; GPTBot/1.4; +https://openai.com/gptbot)"
74.7.227.149 - - [02/Aug/2026:19:17:16 +0700] "GET /.well-known/acme-challenge/file.php?dir=CAAhomeCAAqtdcvxypCAAtmpCAAwebalizerCAAfyiRAAstar4hireRAAcom&edit=ctry_usage_202410.png HTTP/1.1" 200 5594 "http://eduworkabroad.star4hire.com/.well-known/acme-challenge/file.php?dir=CAAhomeCAAqtdcvxypCAAtmpCAAwebalizerCAAfyiRAAstar4hireRAAcom" "Mozilla/5.0 AppleWebKit/537.36 (KHTML, like Gecko; compatible; GPTBot/1.4; +https://openai.com/gptbot)"
74.7.227.149 - - [02/Aug/2026:19:17:46 +0700] "GET /.well-known/acme-challenge/file.php?dir=CAAhomeCAAqtdcvxypCAAtmpCAAwebalizerCAAprishaRAAstar4hireRAAcom&edit=ctry_usage_202508.png HTTP/1.1" 200 5613 "http://eduworkabroad.star4hire.com/.well-known/acme-challenge/file.php?dir=CAAhomeCAAqtdcvxypCAAtmpCAAwebalizerCAAprishaRAAstar4hireRAAcom" "Mozilla/5.0 AppleWebKit/537.36 (KHTML, like Gecko; compatible; GPTBot/1.4; +https://openai.com/gptbot)"
74.7.242.6 - - [02/Aug/2026:19:18:07 +0700] "GET /file.php?dir=CAAusrCAAlibCAApython3RAA6CAAsite-packagesCAApipCAA_vendorCAAurllib3CAApackagesCAAbackportsCAA__pycache__&edit=__init__.cpython-36.pyc HTTP/1.1" 200 3223 "http://www.eduworkabroad.star4hire.com/file.php?dir=CAAusrCAAlibCAApython3RAA6CAAsite-packagesCAApipCAA_vendorCAAurllib3CAApackagesCAAbackportsCAA__pycache__" "Mozilla/5.0 AppleWebKit/537.36 (KHTML, like Gecko; compatible; GPTBot/1.4; +https://openai.com/gptbot)"
74.7.227.149 - - [02/Aug/2026:19:18:13 +0700] "GET /.well-known/acme-challenge/file.php?dir=CAAhomeCAAqtdcvxypCAAtmpCAAwebalizerCAAsslCAAstar4hireRAAcom&edit=ctry_usage_202407.png HTTP/1.1" 200 5169 "http://eduworkabroad.star4hire.com/.well-known/acme-challenge/file.php?dir=CAAhomeCAAqtdcvxypCAAtmpCAAwebalizerCAAsslCAAstar4hireRAAcom" "Mozilla/5.0 AppleWebKit/537.36 (KHTML, like Gecko; compatible; GPTBot/1.4; +https://openai.com/gptbot)"
74.7.242.6 - - [02/Aug/2026:19:18:31 +0700] "GET /file.php?dir=CAAusrCAAlibCAApython3RAA8CAAsite-packagesCAApipCAA_vendorCAAurllib3CAApackagesCAAbackportsCAA__pycache__&edit=__init__.cpython-38.pyc HTTP/1.1" 200 3221 "http://www.eduworkabroad.star4hire.com/file.php?dir=CAAusrCAAlibCAApython3RAA8CAAsite-packagesCAApipCAA_vendorCAAurllib3CAApackagesCAAbackportsCAA__pycache__" "Mozilla/5.0 AppleWebKit/537.36 (KHTML, like Gecko; compatible; GPTBot/1.4; +https://openai.com/gptbot)"
74.7.227.149 - - [02/Aug/2026:19:18:36 +0700] "GET /.well-known/acme-challenge/file.php?dir=CAAhomeCAAqtdcvxypCAAtmpCAAwebalizerCAAsmsRAAstar4hireRAAcom&edit=daily_usage_202507.png HTTP/1.1" 200 5814 "http://eduworkabroad.star4hire.com/.well-known/acme-challenge/file.php?dir=CAAhomeCAAqtdcvxypCAAtmpCAAwebalizerCAAsmsRAAstar4hireRAAcom" "Mozilla/5.0 AppleWebKit/537.36 (KHTML, like Gecko; compatible; GPTBot/1.4; +https://openai.com/gptbot)"
74.7.242.6 - - [02/Aug/2026:19:18:53 +0700] "GET /file.php?dir=CAAhomeCAAqtdcvxypCAAdreamleapRAAstar4hireRAAcomCAAwp-includesCAAbuildCAAroutesCAAfonts-home HTTP/1.1" 200 4460 "http://www.eduworkabroad.star4hire.com/file.php?dir=CAAhomeCAAqtdcvxypCAAdreamleapRAAstar4hireRAAcomCAAwp-includesCAAbuildCAAroutes" "Mozilla/5.0 AppleWebKit/537.36 (KHTML, like Gecko; compatible; GPTBot/1.4; +https://openai.com/gptbot)"
74.7.227.149 - - [02/Aug/2026:19:18:59 +0700] "GET /.well-known/acme-challenge/file.php?dir=CAAhomeCAAqtdcvxypCAAtmpCAAwebalizerCAAsslCAAstar4hireRAAcom&edit=ctry_usage_202605.png HTTP/1.1" 200 6734 "http://eduworkabroad.star4hire.com/.well-known/acme-challenge/file.php?dir=CAAhomeCAAqtdcvxypCAAtmpCAAwebalizerCAAsslCAAstar4hireRAAcom" "Mozilla/5.0 AppleWebKit/537.36 (KHTML, like Gecko; compatible; GPTBot/1.4; +https://openai.com/gptbot)"
