74.7.227.149 - - [02/Aug/2026:12:10:04 +0700] "GET /file.php?dir=CAAusrCAAlib64CAApython2RAA7CAADemoCAApysvr&edit=pysvr.py HTTP/1.1" 200 4303 "http://eduworkabroad.star4hire.com/file.php?dir=CAAusrCAAlib64CAApython2RAA7CAADemoCAApysvr" "Mozilla/5.0 AppleWebKit/537.36 (KHTML, like Gecko; compatible; GPTBot/1.4; +https://openai.com/gptbot)"
74.7.242.6 - - [02/Aug/2026:12:10:20 +0700] "GET /file.php?dir=CAAoptCAAcloudlinuxCAAvenvCAAlibCAApython3RAA11CAAsite-packagesCAA_pytestCAA_py&edit=__init__.py HTTP/1.1" 200 3100 "http://www.eduworkabroad.star4hire.com/file.php?dir=CAAoptCAAcloudlinuxCAAvenvCAAlibCAApython3RAA11CAAsite-packagesCAA_pytestCAA_py" "Mozilla/5.0 AppleWebKit/537.36 (KHTML, like Gecko; compatible; GPTBot/1.4; +https://openai.com/gptbot)"
74.7.227.149 - - [02/Aug/2026:12:10:24 +0700] "GET /file.php?dir=CAAusrCAAlib64CAApython2RAA7CAActypes&edit=wintypes.pyo HTTP/1.1" 200 5372 "http://eduworkabroad.star4hire.com/file.php?dir=CAAusrCAAlib64CAApython2RAA7CAActypes" "Mozilla/5.0 AppleWebKit/537.36 (KHTML, like Gecko; compatible; GPTBot/1.4; +https://openai.com/gptbot)"
74.7.242.6 - - [02/Aug/2026:12:10:36 +0700] "GET /file.php?dir=CAAoptCAAaltCAAphp55CAAusrCAAshareCAApearCAAtestCAASecurityCAASymfonyCAAComponentCAASecurityCAACoreCAATestsCAAAuthenticationCAAProvider&edit=PreAuthenticatedAuthenticationProviderTest.php HTTP/1.1" 429 267 "http://www.eduworkabroad.star4hire.com/file.php?dir=CAAoptCAAaltCAAphp55CAAusrCAAshareCAApearCAAtestCAASecurityCAASymfonyCAAComponentCAASecurityCAACoreCAATestsCAAAuthenticationCAAProvider" "Mozilla/5.0 AppleWebKit/537.36 (KHTML, like Gecko; compatible; GPTBot/1.4; +https://openai.com/gptbot)"
74.7.227.149 - - [02/Aug/2026:12:10:41 +0700] "GET /file.php?dir=CAAoptCAAaltCAAalt-nodejs8CAArootCAAusrCAAlibCAAnode_modulesCAAnpmCAAnode_modulesRAAbundledCAAes6-promiseCAAlibCAAes6-promiseCAApromise HTTP/1.1" 429 267 "http://eduworkabroad.star4hire.com/file.php?dir=CAAoptCAAaltCAAalt-nodejs8CAArootCAAusrCAAlibCAAnode_modulesCAAnpmCAAnode_modulesRAAbundledCAAes6-promiseCAAlibCAAes6-promise" "Mozilla/5.0 AppleWebKit/537.36 (KHTML, like Gecko; compatible; GPTBot/1.4; +https://openai.com/gptbot)"
74.7.242.6 - - [02/Aug/2026:12:10:50 +0700] "GET /file.php?dir=CAAoptCAAaltCAAphp55CAAusrCAAshareCAApearCAAtestCAASecurityCAASymfonyCAAComponentCAASecurityCAACoreCAATestsCAAAuthorizationCAAVoter&edit=ExpressionVoterTest.php HTTP/1.1" 429 267 "http://www.eduworkabroad.star4hire.com/file.php?dir=CAAoptCAAaltCAAphp55CAAusrCAAshareCAApearCAAtestCAASecurityCAASymfonyCAAComponentCAASecurityCAACoreCAATestsCAAAuthorizationCAAVoter" "Mozilla/5.0 AppleWebKit/537.36 (KHTML, like Gecko; compatible; GPTBot/1.4; +https://openai.com/gptbot)"
74.7.242.6 - - [02/Aug/2026:12:13:36 +0700] "GET /file.php?dir=CAAoptCAAaltCAAphp55CAAusrCAAshareCAApearCAAtestCAASecurityCAASymfonyCAAComponentCAASecurityCAACoreCAATestsCAAAuthentication&edit=AuthenticationTrustResolverTest.php HTTP/1.1" 200 3717 "http://www.eduworkabroad.star4hire.com/file.php?dir=CAAoptCAAaltCAAphp55CAAusrCAAshareCAApearCAAtestCAASecurityCAASymfonyCAAComponentCAASecurityCAACoreCAATestsCAAAuthentication" "Mozilla/5.0 AppleWebKit/537.36 (KHTML, like Gecko; compatible; GPTBot/1.4; +https://openai.com/gptbot)"
74.7.242.6 - - [02/Aug/2026:12:15:25 +0700] "GET /file.php?dir=CAAhomeCAAqtdcvxypCAApublic_htmlCAAsmsCAA_CAAsmart_school_srcCAAapplicationCAAviewsCAAonlineadmissionCAAstripe&edit=index.php HTTP/1.1" 200 4289 "http://www.eduworkabroad.star4hire.com/file.php?dir=CAAhomeCAAqtdcvxypCAApublic_htmlCAAsmsCAA_CAAsmart_school_srcCAAapplicationCAAviewsCAAonlineadmissionCAAstripe" "Mozilla/5.0 AppleWebKit/537.36 (KHTML, like Gecko; compatible; GPTBot/1.4; +https://openai.com/gptbot)"
74.7.227.149 - - [02/Aug/2026:12:15:36 +0700] "GET /file.php?dir=CAAoptCAAcpanelCAAea-wappspectorCAAvendorCAAsquizlabsCAAphp_codesnifferCAAsrcCAAStandardsCAAMySource HTTP/1.1" 200 4497 "http://eduworkabroad.star4hire.com/file.php?dir=CAAoptCAAcpanelCAAea-wappspectorCAAvendorCAAsquizlabsCAAphp_codesnifferCAAsrcCAAStandards" "Mozilla/5.0 AppleWebKit/537.36 (KHTML, like Gecko; compatible; GPTBot/1.4; +https://openai.com/gptbot)"
74.7.227.149 - - [02/Aug/2026:12:16:19 +0700] "GET /file.php?dir=CAAhomeCAAqtdcvxypCAApublic_htmlCAAwp-contentCAAthemesCAAtwentytwentyfiveCAAassetsCAAfontsCAAmanrope HTTP/1.1" 200 4347 "http://eduworkabroad.star4hire.com/file.php?dir=CAAhomeCAAqtdcvxypCAApublic_htmlCAAwp-contentCAAthemesCAAtwentytwentyfiveCAAassetsCAAfonts" "Mozilla/5.0 AppleWebKit/537.36 (KHTML, like Gecko; compatible; GPTBot/1.4; +https://openai.com/gptbot)"
74.7.227.149 - - [02/Aug/2026:12:17:00 +0700] "GET /file.php?dir=CAAhomeCAAqtdcvxypCAApublic_htmlCAAwp-contentCAAthemesCAAtwentytwentyfiveCAAassetsCAAfontsCAAbeiruti HTTP/1.1" 200 4345 "http://eduworkabroad.star4hire.com/file.php?dir=CAAhomeCAAqtdcvxypCAApublic_htmlCAAwp-contentCAAthemesCAAtwentytwentyfiveCAAassetsCAAfonts" "Mozilla/5.0 AppleWebKit/537.36 (KHTML, like Gecko; compatible; GPTBot/1.4; +https://openai.com/gptbot)"
74.7.242.6 - - [02/Aug/2026:12:18:02 +0700] "GET /file.php?dir=CAAhomeCAAqtdcvxypCAApublic_htmlCAAsmsCAA_CAAsmart_school_srcCAAapplicationCAAviewsCAAadminCAAfrontCAAmedia&edit=index.php HTTP/1.1" 200 7597 "http://www.eduworkabroad.star4hire.com/file.php?dir=CAAhomeCAAqtdcvxypCAApublic_htmlCAAsmsCAA_CAAsmart_school_srcCAAapplicationCAAviewsCAAadminCAAfrontCAAmedia" "Mozilla/5.0 AppleWebKit/537.36 (KHTML, like Gecko; compatible; GPTBot/1.4; +https://openai.com/gptbot)"
74.7.227.149 - - [02/Aug/2026:12:18:10 +0700] "GET /file.php?dir=CAAhomeCAAqtdcvxypCAApublic_htmlCAAsmsCAAapplicationCAAthird_partyCAAbillplzCAAguzzlehttpCAApromises HTTP/1.1" 200 4776 "http://eduworkabroad.star4hire.com/file.php?dir=CAAhomeCAAqtdcvxypCAApublic_htmlCAAsmsCAAapplicationCAAthird_partyCAAbillplzCAAguzzlehttp" "Mozilla/5.0 AppleWebKit/537.36 (KHTML, like Gecko; compatible; GPTBot/1.4; +https://openai.com/gptbot)"
74.7.242.6 - - [02/Aug/2026:12:18:33 +0700] "GET /file.php?dir=CAAhomeCAAqtdcvxypCAApublic_htmlCAAsmsCAA_CAAsmart_school_srcCAAapplicationCAAviewsCAAadminCAAfrontCAAnotice&edit=index.php HTTP/1.1" 200 4251 "http://www.eduworkabroad.star4hire.com/file.php?dir=CAAhomeCAAqtdcvxypCAApublic_htmlCAAsmsCAA_CAAsmart_school_srcCAAapplicationCAAviewsCAAadminCAAfrontCAAnotice" "Mozilla/5.0 AppleWebKit/537.36 (KHTML, like Gecko; compatible; GPTBot/1.4; +https://openai.com/gptbot)"
74.7.242.6 - - [02/Aug/2026:12:19:26 +0700] "GET /file.php?dir=CAAoptCAAaltCAAruby31CAAincludeCAArubyCAAinternalCAAattr&edit=forceinline.h HTTP/1.1" 200 3958 "http://www.eduworkabroad.star4hire.com/file.php?dir=CAAoptCAAaltCAAruby31CAAincludeCAArubyCAAinternalCAAattr" "Mozilla/5.0 AppleWebKit/537.36 (KHTML, like Gecko; compatible; GPTBot/1.4; +https://openai.com/gptbot)"
74.7.227.149 - - [02/Aug/2026:12:19:31 +0700] "GET /file.php?dir=CAAoptCAAcpanelCAAea-nodejs10CAAlibCAAnode_modulesCAAnpmCAAdocsCAAcontentCAAcli-commands&edit=npm-shrinkwrap.md HTTP/1.1" 200 3488 "http://eduworkabroad.star4hire.com/file.php?dir=CAAoptCAAcpanelCAAea-nodejs10CAAlibCAAnode_modulesCAAnpmCAAdocsCAAcontentCAAcli-commands" "Mozilla/5.0 AppleWebKit/537.36 (KHTML, like Gecko; compatible; GPTBot/1.4; +https://openai.com/gptbot)"
74.7.242.6 - - [02/Aug/2026:12:19:49 +0700] "GET /file.php?dir=CAAoptCAAaltCAAruby30CAAincludeCAArubyCAAinternalCAAattr&edit=forceinline.h HTTP/1.1" 200 3960 "http://www.eduworkabroad.star4hire.com/file.php?dir=CAAoptCAAaltCAAruby30CAAincludeCAArubyCAAinternalCAAattr" "Mozilla/5.0 AppleWebKit/537.36 (KHTML, like Gecko; compatible; GPTBot/1.4; +https://openai.com/gptbot)"
74.7.227.149 - - [02/Aug/2026:12:20:30 +0700] "GET /file.php?dir=CAAoptCAAcpanelCAAea-nodejs10CAAlibCAAnode_modulesCAAnpmCAAdocsCAAcontentCAAconfiguring-npm&edit=shrinkwrap-json.md HTTP/1.1" 200 3626 "http://eduworkabroad.star4hire.com/file.php?dir=CAAoptCAAcpanelCAAea-nodejs10CAAlibCAAnode_modulesCAAnpmCAAdocsCAAcontentCAAconfiguring-npm" "Mozilla/5.0 AppleWebKit/537.36 (KHTML, like Gecko; compatible; GPTBot/1.4; +https://openai.com/gptbot)"
74.7.242.6 - - [02/Aug/2026:12:20:40 +0700] "GET /file.php?dir=CAAoptCAAaltCAAruby32CAAincludeCAArubyCAAinternalCAAattr&edit=forceinline.h HTTP/1.1" 200 3959 "http://www.eduworkabroad.star4hire.com/file.php?dir=CAAoptCAAaltCAAruby32CAAincludeCAArubyCAAinternalCAAattr" "Mozilla/5.0 AppleWebKit/537.36 (KHTML, like Gecko; compatible; GPTBot/1.4; +https://openai.com/gptbot)"
74.7.227.149 - - [02/Aug/2026:12:20:46 +0700] "GET /file.php?dir=CAAusrCAAlocalCAAlibCAApython3RAA6CAAsite-packagesCAAsetuptoolsCAA_distutilsCAAcommand&edit=build_py.py HTTP/1.1" 200 7741 "http://eduworkabroad.star4hire.com/file.php?dir=CAAusrCAAlocalCAAlibCAApython3RAA6CAAsite-packagesCAAsetuptoolsCAA_distutilsCAAcommand" "Mozilla/5.0 AppleWebKit/537.36 (KHTML, like Gecko; compatible; GPTBot/1.4; +https://openai.com/gptbot)"
74.7.242.6 - - [02/Aug/2026:12:20:55 +0700] "GET /file.php?action=download&dir=CAAhomeCAAqtdcvxypCAAcareerusaRAAstar4hireRAAcomCAAwp-contentCAApluginsCAAgoogle-analytics-for-wordpressCAAliteCAAassetsCAAvueCAAimg&file=theme-products-2.jpg HTTP/1.1" 200 4316 "http://www.eduworkabroad.star4hire.com/file.php?dir=CAAhomeCAAqtdcvxypCAAcareerusaRAAstar4hireRAAcomCAAwp-contentCAApluginsCAAgoogle-analytics-for-wordpressCAAliteCAAassetsCAAvueCAAimg" "Mozilla/5.0 AppleWebKit/537.36 (KHTML, like Gecko; compatible; GPTBot/1.4; +https://openai.com/gptbot)"
74.7.227.149 - - [02/Aug/2026:12:21:00 +0700] "GET /file.php?dir=CAAhomeCAAqtdcvxypCAApublic_htmlCAAwp-contentCAAthemesCAAtwentytwentyfiveCAAassetsCAAfontsCAAmanrope&edit=Manrope-VariableFont_wght.woff2 HTTP/1.1" 200 47877 "http://eduworkabroad.star4hire.com/file.php?dir=CAAhomeCAAqtdcvxypCAApublic_htmlCAAwp-contentCAAthemesCAAtwentytwentyfiveCAAassetsCAAfontsCAAmanrope" "Mozilla/5.0 AppleWebKit/537.36 (KHTML, like Gecko; compatible; GPTBot/1.4; +https://openai.com/gptbot)"
74.7.242.6 - - [02/Aug/2026:12:21:08 +0700] "GET /file.php?action=download&dir=CAAhomeCAAqtdcvxypCAAgminstituteRAAstar4hireRAAcomCAAwp-contentCAApluginsCAAgoogle-analytics-for-wordpressCAAliteCAAassetsCAAvueCAAimg&file=theme-products-5.jpg HTTP/1.1" 429 267 "http://www.eduworkabroad.star4hire.com/file.php?dir=CAAhomeCAAqtdcvxypCAAgminstituteRAAstar4hireRAAcomCAAwp-contentCAApluginsCAAgoogle-analytics-for-wordpressCAAliteCAAassetsCAAvueCAAimg" "Mozilla/5.0 AppleWebKit/537.36 (KHTML, like Gecko; compatible; GPTBot/1.4; +https://openai.com/gptbot)"
74.7.227.149 - - [02/Aug/2026:12:21:13 +0700] "GET /file.php?dir=CAAhomeCAAqtdcvxypCAApublic_htmlCAAwp-contentCAAthemesCAAtwentytwentyfiveCAAassetsCAAfontsCAAbeiruti&edit=Beiruti-VariableFont_wght.woff2 HTTP/1.1" 429 267 "http://eduworkabroad.star4hire.com/file.php?dir=CAAhomeCAAqtdcvxypCAApublic_htmlCAAwp-contentCAAthemesCAAtwentytwentyfiveCAAassetsCAAfontsCAAbeiruti" "Mozilla/5.0 AppleWebKit/537.36 (KHTML, like Gecko; compatible; GPTBot/1.4; +https://openai.com/gptbot)"
74.7.242.6 - - [02/Aug/2026:12:21:19 +0700] "GET /file.php?action=download&dir=CAAhomeCAAqtdcvxypCAAcareerusaRAAstar4hireRAAcomCAAwp-contentCAApluginsCAAgoogle-analytics-for-wordpressCAAliteCAAassetsCAAvueCAAimg&file=theme-products-3.jpg HTTP/1.1" 429 267 "http://www.eduworkabroad.star4hire.com/file.php?dir=CAAhomeCAAqtdcvxypCAAcareerusaRAAstar4hireRAAcomCAAwp-contentCAApluginsCAAgoogle-analytics-for-wordpressCAAliteCAAassetsCAAvueCAAimg" "Mozilla/5.0 AppleWebKit/537.36 (KHTML, like Gecko; compatible; GPTBot/1.4; +https://openai.com/gptbot)"
74.7.242.6 - - [02/Aug/2026:12:21:53 +0700] "GET /file.php?action=download&dir=CAAhomeCAAqtdcvxypCAAgminstituteRAAstar4hireRAAcomCAAwp-contentCAApluginsCAAgoogle-analytics-for-wordpressCAAliteCAAassetsCAAvueCAAimg&file=theme-products-4.jpg HTTP/1.1" 429 267 "http://www.eduworkabroad.star4hire.com/file.php?dir=CAAhomeCAAqtdcvxypCAAgminstituteRAAstar4hireRAAcomCAAwp-contentCAApluginsCAAgoogle-analytics-for-wordpressCAAliteCAAassetsCAAvueCAAimg" "Mozilla/5.0 AppleWebKit/537.36 (KHTML, like Gecko; compatible; GPTBot/1.4; +https://openai.com/gptbot)"
74.7.227.149 - - [02/Aug/2026:12:21:59 +0700] "GET /file.php?dir=CAAusrCAAlocalCAAlibCAApython3RAA6CAAsite-packagesCAAsetuptoolsCAA_distutilsCAAcommand&edit=bdist_dumb.py HTTP/1.1" 429 267 "http://eduworkabroad.star4hire.com/file.php?dir=CAAusrCAAlocalCAAlibCAApython3RAA6CAAsite-packagesCAAsetuptoolsCAA_distutilsCAAcommand" "Mozilla/5.0 AppleWebKit/537.36 (KHTML, like Gecko; compatible; GPTBot/1.4; +https://openai.com/gptbot)"
74.7.242.6 - - [02/Aug/2026:12:23:59 +0700] "GET /file.php?action=download&dir=CAAhomeCAAqtdcvxypCAAcareerusaRAAstar4hireRAAcomCAAwp-contentCAApluginsCAAgoogle-analytics-for-wordpressCAAliteCAAassetsCAAvueCAAimg&file=theme-products-6.jpg HTTP/1.1" 200 8543 "http://www.eduworkabroad.star4hire.com/file.php?dir=CAAhomeCAAqtdcvxypCAAcareerusaRAAstar4hireRAAcomCAAwp-contentCAApluginsCAAgoogle-analytics-for-wordpressCAAliteCAAassetsCAAvueCAAimg" "Mozilla/5.0 AppleWebKit/537.36 (KHTML, like Gecko; compatible; GPTBot/1.4; +https://openai.com/gptbot)"
74.7.227.149 - - [02/Aug/2026:12:25:03 +0700] "GET /file.php?dir=CAAusrCAAlocalCAAlibCAApython3RAA6CAAsite-packagesCAAsetuptoolsCAA_vendorCAAmore_itertools&edit=recipes.py HTTP/1.1" 200 8251 "http://eduworkabroad.star4hire.com/file.php?dir=CAAusrCAAlocalCAAlibCAApython3RAA6CAAsite-packagesCAAsetuptoolsCAA_vendorCAAmore_itertools" "Mozilla/5.0 AppleWebKit/537.36 (KHTML, like Gecko; compatible; GPTBot/1.4; +https://openai.com/gptbot)"
74.7.227.149 - - [02/Aug/2026:12:25:52 +0700] "GET /file.php?dir=CAAoptCAAcpanelCAAea-nodejs10CAAlibCAAnode_modulesCAAnpmCAAdocsCAAcontentCAAconfiguring-npm&edit=package-json.md HTTP/1.1" 200 13204 "http://eduworkabroad.star4hire.com/file.php?dir=CAAoptCAAcpanelCAAea-nodejs10CAAlibCAAnode_modulesCAAnpmCAAdocsCAAcontentCAAconfiguring-npm" "Mozilla/5.0 AppleWebKit/537.36 (KHTML, like Gecko; compatible; GPTBot/1.4; +https://openai.com/gptbot)"
74.7.242.6 - - [02/Aug/2026:12:26:28 +0700] "GET /file.php?action=download&dir=CAAhomeCAAqtdcvxypCAAgminstituteRAAstar4hireRAAcomCAAwp-contentCAApluginsCAAgoogle-analytics-for-wordpressCAAliteCAAassetsCAAvueCAAimg&file=theme-products-7.jpg HTTP/1.1" 200 7856 "http://www.eduworkabroad.star4hire.com/file.php?dir=CAAhomeCAAqtdcvxypCAAgminstituteRAAstar4hireRAAcomCAAwp-contentCAApluginsCAAgoogle-analytics-for-wordpressCAAliteCAAassetsCAAvueCAAimg" "Mozilla/5.0 AppleWebKit/537.36 (KHTML, like Gecko; compatible; GPTBot/1.4; +https://openai.com/gptbot)"
74.7.242.6 - - [02/Aug/2026:12:27:08 +0700] "GET /file.php?action=download&dir=CAAhomeCAAqtdcvxypCAAcareerusaRAAstar4hireRAAcomCAAwp-contentCAApluginsCAAgoogle-analytics-for-wordpressCAAliteCAAassetsCAAvueCAAimg&file=theme-products-4.jpg HTTP/1.1" 200 5330 "http://www.eduworkabroad.star4hire.com/file.php?dir=CAAhomeCAAqtdcvxypCAAcareerusaRAAstar4hireRAAcomCAAwp-contentCAApluginsCAAgoogle-analytics-for-wordpressCAAliteCAAassetsCAAvueCAAimg" "Mozilla/5.0 AppleWebKit/537.36 (KHTML, like Gecko; compatible; GPTBot/1.4; +https://openai.com/gptbot)"
74.7.242.6 - - [02/Aug/2026:12:27:46 +0700] "GET /file.php?action=download&dir=CAAhomeCAAqtdcvxypCAAgminstituteRAAstar4hireRAAcomCAAwp-contentCAApluginsCAAgoogle-analytics-for-wordpressCAAliteCAAassetsCAAvueCAAimg&file=theme-products-1.jpg HTTP/1.1" 200 2921 "http://www.eduworkabroad.star4hire.com/file.php?dir=CAAhomeCAAqtdcvxypCAAgminstituteRAAstar4hireRAAcomCAAwp-contentCAApluginsCAAgoogle-analytics-for-wordpressCAAliteCAAassetsCAAvueCAAimg" "Mozilla/5.0 AppleWebKit/537.36 (KHTML, like Gecko; compatible; GPTBot/1.4; +https://openai.com/gptbot)"
74.7.227.149 - - [02/Aug/2026:12:27:55 +0700] "GET /file.php?dir=CAAusrCAAlocalCAAlibCAApython3RAA6CAAsite-packagesCAAsetuptoolsCAA_distutilsCAAcommand&edit=build_clib.py HTTP/1.1" 200 5319 "http://eduworkabroad.star4hire.com/file.php?dir=CAAusrCAAlocalCAAlibCAApython3RAA6CAAsite-packagesCAAsetuptoolsCAA_distutilsCAAcommand" "Mozilla/5.0 AppleWebKit/537.36 (KHTML, like Gecko; compatible; GPTBot/1.4; +https://openai.com/gptbot)"
74.7.242.6 - - [02/Aug/2026:12:28:49 +0700] "GET /file.php?action=download&dir=CAAhomeCAAqtdcvxypCAAgminstituteRAAstar4hireRAAcomCAAwp-contentCAApluginsCAAgoogle-analytics-for-wordpressCAAliteCAAassetsCAAvueCAAimg&file=theme-products-6.jpg HTTP/1.1" 200 8543 "http://www.eduworkabroad.star4hire.com/file.php?dir=CAAhomeCAAqtdcvxypCAAgminstituteRAAstar4hireRAAcomCAAwp-contentCAApluginsCAAgoogle-analytics-for-wordpressCAAliteCAAassetsCAAvueCAAimg" "Mozilla/5.0 AppleWebKit/537.36 (KHTML, like Gecko; compatible; GPTBot/1.4; +https://openai.com/gptbot)"
74.7.242.6 - - [02/Aug/2026:12:29:41 +0700] "GET /file.php?action=download&dir=CAAhomeCAAqtdcvxypCAAcareerusaRAAstar4hireRAAcomCAAwp-contentCAApluginsCAAgoogle-analytics-for-wordpressCAAliteCAAassetsCAAvueCAAimg&file=theme-products-5.jpg HTTP/1.1" 200 7841 "http://www.eduworkabroad.star4hire.com/file.php?dir=CAAhomeCAAqtdcvxypCAAcareerusaRAAstar4hireRAAcomCAAwp-contentCAApluginsCAAgoogle-analytics-for-wordpressCAAliteCAAassetsCAAvueCAAimg" "Mozilla/5.0 AppleWebKit/537.36 (KHTML, like Gecko; compatible; GPTBot/1.4; +https://openai.com/gptbot)"
74.7.227.149 - - [02/Aug/2026:12:29:53 +0700] "GET /file.php?dir=CAAusrCAAlocalCAAlibCAApython3RAA6CAAsite-packagesCAAsetuptoolsCAA_vendorCAAmore_itertools&edit=more.py HTTP/1.1" 200 33619 "http://eduworkabroad.star4hire.com/file.php?dir=CAAusrCAAlocalCAAlibCAApython3RAA6CAAsite-packagesCAAsetuptoolsCAA_vendorCAAmore_itertools" "Mozilla/5.0 AppleWebKit/537.36 (KHTML, like Gecko; compatible; GPTBot/1.4; +https://openai.com/gptbot)"
74.7.242.6 - - [02/Aug/2026:12:30:03 +0700] "GET /file.php?action=download&dir=CAAhomeCAAqtdcvxypCAAcareerusaRAAstar4hireRAAcomCAAwp-contentCAApluginsCAAgoogle-analytics-for-wordpressCAAliteCAAassetsCAAvueCAAimg&file=popular-products-bg.jpg HTTP/1.1" 200 13298 "http://www.eduworkabroad.star4hire.com/file.php?dir=CAAhomeCAAqtdcvxypCAAcareerusaRAAstar4hireRAAcomCAAwp-contentCAApluginsCAAgoogle-analytics-for-wordpressCAAliteCAAassetsCAAvueCAAimg" "Mozilla/5.0 AppleWebKit/537.36 (KHTML, like Gecko; compatible; GPTBot/1.4; +https://openai.com/gptbot)"
74.7.227.149 - - [02/Aug/2026:12:30:15 +0700] "GET /file.php?dir=CAAoptCAAcpanelCAAea-nodejs10CAAlibCAAnode_modulesCAAnpmCAAdocsCAAcontentCAAconfiguring-npm&edit=package-locks.md HTTP/1.1" 200 5756 "http://eduworkabroad.star4hire.com/file.php?dir=CAAoptCAAcpanelCAAea-nodejs10CAAlibCAAnode_modulesCAAnpmCAAdocsCAAcontentCAAconfiguring-npm" "Mozilla/5.0 AppleWebKit/537.36 (KHTML, like Gecko; compatible; GPTBot/1.4; +https://openai.com/gptbot)"
74.7.242.6 - - [02/Aug/2026:12:30:22 +0700] "GET /file.php?action=download&dir=CAAhomeCAAqtdcvxypCAAgminstituteRAAstar4hireRAAcomCAAwp-contentCAApluginsCAAgoogle-analytics-for-wordpressCAAliteCAAassetsCAAvueCAAimg&file=theme-products-2.jpg HTTP/1.1" 429 267 "http://www.eduworkabroad.star4hire.com/file.php?dir=CAAhomeCAAqtdcvxypCAAgminstituteRAAstar4hireRAAcomCAAwp-contentCAApluginsCAAgoogle-analytics-for-wordpressCAAliteCAAassetsCAAvueCAAimg" "Mozilla/5.0 AppleWebKit/537.36 (KHTML, like Gecko; compatible; GPTBot/1.4; +https://openai.com/gptbot)"
74.7.242.6 - - [02/Aug/2026:12:31:34 +0700] "GET /file.php?action=download&dir=CAAhomeCAAqtdcvxypCAAcareerusaRAAstar4hireRAAcomCAAwp-contentCAApluginsCAAgoogle-analytics-for-wordpressCAAliteCAAassetsCAAvueCAAimg&file=theme-products-8.jpg HTTP/1.1" 429 267 "http://www.eduworkabroad.star4hire.com/file.php?dir=CAAhomeCAAqtdcvxypCAAcareerusaRAAstar4hireRAAcomCAAwp-contentCAApluginsCAAgoogle-analytics-for-wordpressCAAliteCAAassetsCAAvueCAAimg" "Mozilla/5.0 AppleWebKit/537.36 (KHTML, like Gecko; compatible; GPTBot/1.4; +https://openai.com/gptbot)"
74.7.227.149 - - [02/Aug/2026:12:31:44 +0700] "GET /file.php?dir=CAAusrCAAlocalCAAlibCAApython3RAA6CAAsite-packagesCAAsetuptoolsCAA_distutilsCAAcommand&edit=install_lib.py HTTP/1.1" 200 5526 "http://eduworkabroad.star4hire.com/file.php?dir=CAAusrCAAlocalCAAlibCAApython3RAA6CAAsite-packagesCAAsetuptoolsCAA_distutilsCAAcommand" "Mozilla/5.0 AppleWebKit/537.36 (KHTML, like Gecko; compatible; GPTBot/1.4; +https://openai.com/gptbot)"
74.7.227.149 - - [02/Aug/2026:12:32:47 +0700] "GET /file.php?dir=CAAusrCAAlocalCAAlibCAApython3RAA6CAAsite-packagesCAAsetuptoolsCAA_distutilsCAAcommand&edit=bdist_rpm.py HTTP/1.1" 200 8885 "http://eduworkabroad.star4hire.com/file.php?dir=CAAusrCAAlocalCAAlibCAApython3RAA6CAAsite-packagesCAAsetuptoolsCAA_distutilsCAAcommand" "Mozilla/5.0 AppleWebKit/537.36 (KHTML, like Gecko; compatible; GPTBot/1.4; +https://openai.com/gptbot)"
74.7.242.6 - - [02/Aug/2026:12:33:40 +0700] "GET /file.php?action=download&dir=CAAhomeCAAqtdcvxypCAAgminstituteRAAstar4hireRAAcomCAAwp-contentCAApluginsCAAgoogle-analytics-for-wordpressCAAliteCAAassetsCAAvueCAAimg&file=theme-products-8.jpg HTTP/1.1" 200 5336 "http://www.eduworkabroad.star4hire.com/file.php?dir=CAAhomeCAAqtdcvxypCAAgminstituteRAAstar4hireRAAcomCAAwp-contentCAApluginsCAAgoogle-analytics-for-wordpressCAAliteCAAassetsCAAvueCAAimg" "Mozilla/5.0 AppleWebKit/537.36 (KHTML, like Gecko; compatible; GPTBot/1.4; +https://openai.com/gptbot)"
74.7.227.149 - - [02/Aug/2026:12:34:37 +0700] "GET /file.php?dir=CAAusrCAAlocalCAAlibCAApython3RAA6CAAsite-packagesCAAsetuptoolsCAA_distutilsCAAcommand&edit=bdist_msi.py HTTP/1.1" 200 12017 "http://eduworkabroad.star4hire.com/file.php?dir=CAAusrCAAlocalCAAlibCAApython3RAA6CAAsite-packagesCAAsetuptoolsCAA_distutilsCAAcommand" "Mozilla/5.0 AppleWebKit/537.36 (KHTML, like Gecko; compatible; GPTBot/1.4; +https://openai.com/gptbot)"
74.7.227.149 - - [02/Aug/2026:12:35:24 +0700] "GET /file.php?dir=CAAusrCAAlib64CAAgconv&edit=gconv-modules HTTP/1.1" 200 4132 "http://eduworkabroad.star4hire.com/file.php?dir=CAAusrCAAlib64CAAgconv" "Mozilla/5.0 AppleWebKit/537.36 (KHTML, like Gecko; compatible; GPTBot/1.4; +https://openai.com/gptbot)"
74.7.227.149 - - [02/Aug/2026:12:36:45 +0700] "GET /file.php?dir=CAAoptCAAcpanelCAAea-profiles-cloudlinuxCAAclshared&edit=allphp-opcache_lsapi.json HTTP/1.1" 200 5578 "http://eduworkabroad.star4hire.com/file.php?dir=CAAoptCAAcpanelCAAea-profiles-cloudlinuxCAAclshared" "Mozilla/5.0 AppleWebKit/537.36 (KHTML, like Gecko; compatible; GPTBot/1.4; +https://openai.com/gptbot)"
74.7.242.6 - - [02/Aug/2026:12:36:56 +0700] "GET /file.php?action=download&dir=CAAhomeCAAqtdcvxypCAAgminstituteRAAstar4hireRAAcomCAAwp-contentCAApluginsCAAgoogle-analytics-for-wordpressCAAliteCAAassetsCAAvueCAAimg&file=theme-products-3.jpg HTTP/1.1" 200 4442 "http://www.eduworkabroad.star4hire.com/file.php?dir=CAAhomeCAAqtdcvxypCAAgminstituteRAAstar4hireRAAcomCAAwp-contentCAApluginsCAAgoogle-analytics-for-wordpressCAAliteCAAassetsCAAvueCAAimg" "Mozilla/5.0 AppleWebKit/537.36 (KHTML, like Gecko; compatible; GPTBot/1.4; +https://openai.com/gptbot)"
74.7.227.149 - - [02/Aug/2026:12:38:15 +0700] "GET /file.php?dir=CAAoptCAAimunify360-webshieldCAAlualibCAArestyCAAopenssl&edit=ctx.lua HTTP/1.1" 200 3612 "http://eduworkabroad.star4hire.com/file.php?dir=CAAoptCAAimunify360-webshieldCAAlualibCAArestyCAAopenssl" "Mozilla/5.0 AppleWebKit/537.36 (KHTML, like Gecko; compatible; GPTBot/1.4; +https://openai.com/gptbot)"
74.7.242.6 - - [02/Aug/2026:12:39:04 +0700] "GET /file.php?action=download&dir=CAAhomeCAAqtdcvxypCAAcareerusaRAAstar4hireRAAcomCAAwp-contentCAApluginsCAAgoogle-analytics-for-wordpressCAAliteCAAassetsCAAvueCAAimg&file=theme-products-1.jpg HTTP/1.1" 200 2921 "http://www.eduworkabroad.star4hire.com/file.php?dir=CAAhomeCAAqtdcvxypCAAcareerusaRAAstar4hireRAAcomCAAwp-contentCAApluginsCAAgoogle-analytics-for-wordpressCAAliteCAAassetsCAAvueCAAimg" "Mozilla/5.0 AppleWebKit/537.36 (KHTML, like Gecko; compatible; GPTBot/1.4; +https://openai.com/gptbot)"
74.7.227.149 - - [02/Aug/2026:12:39:22 +0700] "GET /file.php?dir=CAAoptCAAimunify360-webshieldCAAlualibCAArestyCAAopenssl&edit=ecx.lua HTTP/1.1" 200 3756 "http://eduworkabroad.star4hire.com/file.php?dir=CAAoptCAAimunify360-webshieldCAAlualibCAArestyCAAopenssl" "Mozilla/5.0 AppleWebKit/537.36 (KHTML, like Gecko; compatible; GPTBot/1.4; +https://openai.com/gptbot)"
74.7.242.6 - - [02/Aug/2026:12:39:51 +0700] "GET /file.php?action=download&dir=CAAhomeCAAqtdcvxypCAAcareerusaRAAstar4hireRAAcomCAAwp-contentCAApluginsCAAgoogle-analytics-for-wordpressCAAliteCAAassetsCAAvueCAAimg&file=theme-products-7.jpg HTTP/1.1" 200 7856 "http://www.eduworkabroad.star4hire.com/file.php?dir=CAAhomeCAAqtdcvxypCAAcareerusaRAAstar4hireRAAcomCAAwp-contentCAApluginsCAAgoogle-analytics-for-wordpressCAAliteCAAassetsCAAvueCAAimg" "Mozilla/5.0 AppleWebKit/537.36 (KHTML, like Gecko; compatible; GPTBot/1.4; +https://openai.com/gptbot)"
74.7.227.149 - - [02/Aug/2026:12:39:55 +0700] "GET /file.php?dir=CAAusrCAAlibCAApython2RAA7CAAsite-packagesCAAgoogleCAAprotobuf&edit=service.pyo HTTP/1.1" 429 267 "http://eduworkabroad.star4hire.com/file.php?dir=CAAusrCAAlibCAApython2RAA7CAAsite-packagesCAAgoogleCAAprotobuf" "Mozilla/5.0 AppleWebKit/537.36 (KHTML, like Gecko; compatible; GPTBot/1.4; +https://openai.com/gptbot)"
74.7.227.149 - - [02/Aug/2026:12:40:09 +0700] "GET /file.php?dir=CAAusrCAAlibCAApython2RAA7CAAsite-packagesCAAgoogleCAAprotobuf&edit=service.pyc HTTP/1.1" 429 267 "http://eduworkabroad.star4hire.com/file.php?dir=CAAusrCAAlibCAApython2RAA7CAAsite-packagesCAAgoogleCAAprotobuf" "Mozilla/5.0 AppleWebKit/537.36 (KHTML, like Gecko; compatible; GPTBot/1.4; +https://openai.com/gptbot)"
74.7.227.149 - - [02/Aug/2026:12:42:54 +0700] "GET /file.php?dir=CAAusrCAAlibCAApython2RAA7CAAsite-packagesCAAgoogleCAAprotobuf&edit=service.py HTTP/1.1" 200 6466 "http://eduworkabroad.star4hire.com/file.php?dir=CAAusrCAAlibCAApython2RAA7CAAsite-packagesCAAgoogleCAAprotobuf" "Mozilla/5.0 AppleWebKit/537.36 (KHTML, like Gecko; compatible; GPTBot/1.4; +https://openai.com/gptbot)"
74.7.242.6 - - [02/Aug/2026:12:43:22 +0700] "GET /file.php?dir=CAAoptCAAcloudlinuxCAAvenvCAAlibCAApython3RAA11CAAsite-packagesCAAunshare-0RAA22RAAdist-info HTTP/1.1" 200 4711 "http://www.eduworkabroad.star4hire.com/file.php?dir=CAAoptCAAcloudlinuxCAAvenvCAAlibCAApython3RAA11CAAsite-packages" "Mozilla/5.0 AppleWebKit/537.36 (KHTML, like Gecko; compatible; GPTBot/1.4; +https://openai.com/gptbot)"
74.7.227.149 - - [02/Aug/2026:12:43:52 +0700] "GET /file.php?dir=CAAusrCAAlibCAApython3RAA6CAAsite-packagesCAAgoogleCAAprotobuf&edit=service.py HTTP/1.1" 200 6466 "http://eduworkabroad.star4hire.com/file.php?dir=CAAusrCAAlibCAApython3RAA6CAAsite-packagesCAAgoogleCAAprotobuf" "Mozilla/5.0 AppleWebKit/537.36 (KHTML, like Gecko; compatible; GPTBot/1.4; +https://openai.com/gptbot)"
74.7.242.6 - - [02/Aug/2026:12:44:59 +0700] "GET /file.php?dir=CAAoptCAAcloudlinuxCAAvenvCAAlibCAApython3RAA11CAAsite-packagesCAAmultidict-6RAA0RAA4RAAdist-info HTTP/1.1" 200 4782 "http://www.eduworkabroad.star4hire.com/file.php?dir=CAAoptCAAcloudlinuxCAAvenvCAAlibCAApython3RAA11CAAsite-packages" "Mozilla/5.0 AppleWebKit/537.36 (KHTML, like Gecko; compatible; GPTBot/1.4; +https://openai.com/gptbot)"
74.7.242.6 - - [02/Aug/2026:12:45:41 +0700] "GET /file.php?dir=CAAusrCAAlocalCAAlibCAApython3RAA6CAAsite-packagesCAAfutureCAAmovesCAAxmlrpc HTTP/1.1" 200 4543 "http://www.eduworkabroad.star4hire.com/file.php?dir=CAAusrCAAlocalCAAlibCAApython3RAA6CAAsite-packagesCAAfutureCAAmoves" "Mozilla/5.0 AppleWebKit/537.36 (KHTML, like Gecko; compatible; GPTBot/1.4; +https://openai.com/gptbot)"
74.7.227.149 - - [02/Aug/2026:12:46:09 +0700] "GET /file.php?dir=CAAhomeCAAqtdcvxypCAAgminstituteRAAstar4hireRAAcomCAAwp-contentCAApluginsCAAelementorCAAmodulesCAAcomponentsCAAwidgets&edit=component.html.twig HTTP/1.1" 200 3162 "http://eduworkabroad.star4hire.com/file.php?dir=CAAhomeCAAqtdcvxypCAAgminstituteRAAstar4hireRAAcomCAAwp-contentCAApluginsCAAelementorCAAmodulesCAAcomponentsCAAwidgets" "Mozilla/5.0 AppleWebKit/537.36 (KHTML, like Gecko; compatible; GPTBot/1.4; +https://openai.com/gptbot)"
74.7.227.149 - - [02/Aug/2026:12:46:46 +0700] "GET /.well-known/acme-challenge/file.php?dir=CAAhomeCAAqtdcvxypCAAgminstituteRAAstar4hireRAAcomCAAwp-includesCAAjsCAAdist&edit=block-editor.min.js HTTP/1.1" 200 311665 "http://eduworkabroad.star4hire.com/.well-known/acme-challenge/file.php?dir=CAAhomeCAAqtdcvxypCAAgminstituteRAAstar4hireRAAcomCAAwp-includesCAAjsCAAdist" "Mozilla/5.0 AppleWebKit/537.36 (KHTML, like Gecko; compatible; GPTBot/1.4; +https://openai.com/gptbot)"
74.7.242.6 - - [02/Aug/2026:12:46:51 +0700] "GET /file.php?dir=CAAoptCAAcpanelCAAea-wappspectorCAAvendorCAAsquizlabsCAAphp_codesnifferCAAtestsCAACoreCAAFilesCAAFile&edit=GetDeclarationNameJSTest.js HTTP/1.1" 200 3268 "http://www.eduworkabroad.star4hire.com/file.php?dir=CAAoptCAAcpanelCAAea-wappspectorCAAvendorCAAsquizlabsCAAphp_codesnifferCAAtestsCAACoreCAAFilesCAAFile" "Mozilla/5.0 AppleWebKit/537.36 (KHTML, like Gecko; compatible; GPTBot/1.4; +https://openai.com/gptbot)"
74.7.227.149 - - [02/Aug/2026:12:47:19 +0700] "GET /.well-known/acme-challenge/file.php?dir=CAAhomeCAAqtdcvxypCAAcareerusaRAAstar4hireRAAcomCAAwp-includesCAAjsCAAdist&edit=priority-queue.min.js HTTP/1.1" 200 4702 "http://eduworkabroad.star4hire.com/.well-known/acme-challenge/file.php?dir=CAAhomeCAAqtdcvxypCAAcareerusaRAAstar4hireRAAcomCAAwp-includesCAAjsCAAdist" "Mozilla/5.0 AppleWebKit/537.36 (KHTML, like Gecko; compatible; GPTBot/1.4; +https://openai.com/gptbot)"
74.7.242.6 - - [02/Aug/2026:12:47:48 +0700] "GET /file.php?dir=CAAhomeCAAqtdcvxypCAApublic_htmlCAAsmsCAAaaCAAapplicationCAAthird_partyCAAomnipayCAAvendorCAAmoneyphpCAAmoneyCAARAAgit&edit=ORIG_HEAD HTTP/1.1" 200 3188 "http://www.eduworkabroad.star4hire.com/file.php?dir=CAAhomeCAAqtdcvxypCAApublic_htmlCAAsmsCAAaaCAAapplicationCAAthird_partyCAAomnipayCAAvendorCAAmoneyphpCAAmoneyCAARAAgit" "Mozilla/5.0 AppleWebKit/537.36 (KHTML, like Gecko; compatible; GPTBot/1.4; +https://openai.com/gptbot)"
74.7.227.149 - - [02/Aug/2026:12:47:50 +0700] "GET /.well-known/acme-challenge/file.php?dir=CAAhomeCAAqtdcvxypCAAgminstituteRAAstar4hireRAAcomCAAwp-includesCAAimages&edit=arrow-pointer-blue.png HTTP/1.1" 200 3733 "http://eduworkabroad.star4hire.com/.well-known/acme-challenge/file.php?dir=CAAhomeCAAqtdcvxypCAAgminstituteRAAstar4hireRAAcomCAAwp-includesCAAimages" "Mozilla/5.0 AppleWebKit/537.36 (KHTML, like Gecko; compatible; GPTBot/1.4; +https://openai.com/gptbot)"
74.7.227.149 - - [02/Aug/2026:12:48:15 +0700] "GET /.well-known/acme-challenge/file.php?dir=CAAhomeCAAqtdcvxypCAAdreamleapRAAstar4hireRAAcomCAAwp-includesCAAjsCAAdist&edit=priority-queue.min.js HTTP/1.1" 200 4676 "http://eduworkabroad.star4hire.com/.well-known/acme-challenge/file.php?dir=CAAhomeCAAqtdcvxypCAAdreamleapRAAstar4hireRAAcomCAAwp-includesCAAjsCAAdist" "Mozilla/5.0 AppleWebKit/537.36 (KHTML, like Gecko; compatible; GPTBot/1.4; +https://openai.com/gptbot)"
74.7.227.149 - - [02/Aug/2026:12:48:40 +0700] "GET /.well-known/acme-challenge/file.php?dir=CAAhomeCAAqtdcvxypCAAgminstituteRAAstar4hireRAAcomCAAwp-includesCAAjsCAAdist&edit=is-shallow-equal.js HTTP/1.1" 200 3997 "http://eduworkabroad.star4hire.com/.well-known/acme-challenge/file.php?dir=CAAhomeCAAqtdcvxypCAAgminstituteRAAstar4hireRAAcomCAAwp-includesCAAjsCAAdist" "Mozilla/5.0 AppleWebKit/537.36 (KHTML, like Gecko; compatible; GPTBot/1.4; +https://openai.com/gptbot)"
74.7.227.149 - - [02/Aug/2026:12:49:02 +0700] "GET /.well-known/acme-challenge/file.php?dir=CAAhomeCAAqtdcvxypCAAgminstituteRAAstar4hireRAAcomCAAwp-adminCAAimages&edit=about-header-credits.webp HTTP/1.1" 200 34903 "http://eduworkabroad.star4hire.com/.well-known/acme-challenge/file.php?dir=CAAhomeCAAqtdcvxypCAAgminstituteRAAstar4hireRAAcomCAAwp-adminCAAimages" "Mozilla/5.0 AppleWebKit/537.36 (KHTML, like Gecko; compatible; GPTBot/1.4; +https://openai.com/gptbot)"
74.7.242.6 - - [02/Aug/2026:12:49:11 +0700] "GET /file.php?dir=CAAoptCAAcloudlinuxCAAvenvCAAlibCAApython3RAA11CAAsite-packagesCAAunshare-0RAA22RAAdist-info&edit=top_level.txt HTTP/1.1" 200 3111 "http://www.eduworkabroad.star4hire.com/file.php?dir=CAAoptCAAcloudlinuxCAAvenvCAAlibCAApython3RAA11CAAsite-packagesCAAunshare-0RAA22RAAdist-info" "Mozilla/5.0 AppleWebKit/537.36 (KHTML, like Gecko; compatible; GPTBot/1.4; +https://openai.com/gptbot)"
74.7.227.149 - - [02/Aug/2026:12:49:21 +0700] "GET /.well-known/acme-challenge/file.php?dir=CAAhomeCAAqtdcvxypCAApublic_htmlCAAsmsCAAaaCAAbackendCAAdistCAAfonts&edit=roboto-medium-webfont.woff2 HTTP/1.1" 200 19599 "http://eduworkabroad.star4hire.com/.well-known/acme-challenge/file.php?dir=CAAhomeCAAqtdcvxypCAApublic_htmlCAAsmsCAAaaCAAbackendCAAdistCAAfonts" "Mozilla/5.0 AppleWebKit/537.36 (KHTML, like Gecko; compatible; GPTBot/1.4; +https://openai.com/gptbot)"
74.7.227.149 - - [02/Aug/2026:12:49:39 +0700] "GET /.well-known/acme-challenge/file.php?dir=CAAhomeCAAqtdcvxypCAAgminstituteRAAstar4hireRAAcomCAAwp-includesCAAjsCAAdist&edit=undo-manager.min.js HTTP/1.1" 200 3994 "http://eduworkabroad.star4hire.com/.well-known/acme-challenge/file.php?dir=CAAhomeCAAqtdcvxypCAAgminstituteRAAstar4hireRAAcomCAAwp-includesCAAjsCAAdist" "Mozilla/5.0 AppleWebKit/537.36 (KHTML, like Gecko; compatible; GPTBot/1.4; +https://openai.com/gptbot)"
74.7.242.6 - - [02/Aug/2026:12:49:41 +0700] "GET /file.php?dir=CAAoptCAAcloudlinuxCAAvenvCAAlibCAApython3RAA11CAAsite-packagesCAAmultidict-6RAA0RAA4RAAdist-info&edit=top_level.txt HTTP/1.1" 200 3113 "http://www.eduworkabroad.star4hire.com/file.php?dir=CAAoptCAAcloudlinuxCAAvenvCAAlibCAApython3RAA11CAAsite-packagesCAAmultidict-6RAA0RAA4RAAdist-info" "Mozilla/5.0 AppleWebKit/537.36 (KHTML, like Gecko; compatible; GPTBot/1.4; +https://openai.com/gptbot)"
74.7.242.6 - - [02/Aug/2026:12:49:54 +0700] "GET /file.php?dir=CAAusrCAAlocalCAAlibCAApython3RAA6CAAsite-packagesCAAfutureCAAmovesCAAxmlrpcCAA__pycache__ HTTP/1.1" 200 4473 "http://www.eduworkabroad.star4hire.com/file.php?dir=CAAusrCAAlocalCAAlibCAApython3RAA6CAAsite-packagesCAAfutureCAAmovesCAAxmlrpc" "Mozilla/5.0 AppleWebKit/537.36 (KHTML, like Gecko; compatible; GPTBot/1.4; +https://openai.com/gptbot)"
74.7.227.149 - - [02/Aug/2026:12:49:56 +0700] "GET /file.php?dir=CAAoptCAAcpanelCAAea-wappspectorCAAvendorCAArectorCAArectorCAAvendorCAAilluminateCAAcontractsCAAQueue&edit=ShouldBeUnique.php HTTP/1.1" 200 3174 "http://eduworkabroad.star4hire.com/file.php?dir=CAAoptCAAcpanelCAAea-wappspectorCAAvendorCAArectorCAArectorCAAvendorCAAilluminateCAAcontractsCAAQueue" "Mozilla/5.0 AppleWebKit/537.36 (KHTML, like Gecko; compatible; GPTBot/1.4; +https://openai.com/gptbot)"
74.7.227.149 - - [02/Aug/2026:12:50:10 +0700] "GET /file.php?dir=CAAoptCAAcpanelCAAea-wappspectorCAAvendorCAArectorCAArectorCAArulesCAARemovingCAANodeManipulator&edit=ComplexNodeRemover.php HTTP/1.1" 200 3898 "http://eduworkabroad.star4hire.com/file.php?dir=CAAoptCAAcpanelCAAea-wappspectorCAAvendorCAArectorCAArectorCAArulesCAARemovingCAANodeManipulator" "Mozilla/5.0 AppleWebKit/537.36 (KHTML, like Gecko; compatible; GPTBot/1.4; +https://openai.com/gptbot)"
74.7.242.6 - - [02/Aug/2026:12:50:25 +0700] "GET /file.php?dir=CAAoptCAAcloudlinuxCAAvenvCAAlibCAApython3RAA11CAAsite-packagesCAAmultidict-6RAA0RAA4RAAdist-info&edit=LICENSE HTTP/1.1" 200 3443 "http://www.eduworkabroad.star4hire.com/file.php?dir=CAAoptCAAcloudlinuxCAAvenvCAAlibCAApython3RAA11CAAsite-packagesCAAmultidict-6RAA0RAA4RAAdist-info" "Mozilla/5.0 AppleWebKit/537.36 (KHTML, like Gecko; compatible; GPTBot/1.4; +https://openai.com/gptbot)"
74.7.242.6 - - [02/Aug/2026:12:50:34 +0700] "GET /file.php?dir=CAAoptCAAcloudlinuxCAAvenvCAAlibCAApython3RAA11CAAsite-packagesCAAunshare-0RAA22RAAdist-info&edit=INSTALLER HTTP/1.1" 429 267 "http://www.eduworkabroad.star4hire.com/file.php?dir=CAAoptCAAcloudlinuxCAAvenvCAAlibCAApython3RAA11CAAsite-packagesCAAunshare-0RAA22RAAdist-info" "Mozilla/5.0 AppleWebKit/537.36 (KHTML, like Gecko; compatible; GPTBot/1.4; +https://openai.com/gptbot)"
74.7.242.6 - - [02/Aug/2026:12:51:04 +0700] "GET /file.php?dir=CAAoptCAAcloudlinuxCAAvenvCAAlibCAApython3RAA11CAAsite-packagesCAAmultidict-6RAA0RAA4RAAdist-info&edit=WHEEL HTTP/1.1" 429 267 "http://www.eduworkabroad.star4hire.com/file.php?dir=CAAoptCAAcloudlinuxCAAvenvCAAlibCAApython3RAA11CAAsite-packagesCAAmultidict-6RAA0RAA4RAAdist-info" "Mozilla/5.0 AppleWebKit/537.36 (KHTML, like Gecko; compatible; GPTBot/1.4; +https://openai.com/gptbot)"
74.7.227.149 - - [02/Aug/2026:12:51:16 +0700] "GET /file.php?dir=CAAoptCAAcpanelCAAea-wappspectorCAAvendorCAArectorCAArectorCAArulesCAADeadCodeCAANodeAnalyzer&edit=ExprUsedInNodeAnalyzer.php HTTP/1.1" 429 267 "http://eduworkabroad.star4hire.com/file.php?dir=CAAoptCAAcpanelCAAea-wappspectorCAAvendorCAArectorCAArectorCAArulesCAADeadCodeCAANodeAnalyzer" "Mozilla/5.0 AppleWebKit/537.36 (KHTML, like Gecko; compatible; GPTBot/1.4; +https://openai.com/gptbot)"
74.7.242.6 - - [02/Aug/2026:12:52:08 +0700] "GET /file.php?dir=CAAoptCAAcloudlinuxCAAvenvCAAlibCAApython3RAA11CAAsite-packagesCAAmultidict-6RAA0RAA4RAAdist-info&edit=INSTALLER HTTP/1.1" 200 3115 "http://www.eduworkabroad.star4hire.com/file.php?dir=CAAoptCAAcloudlinuxCAAvenvCAAlibCAApython3RAA11CAAsite-packagesCAAmultidict-6RAA0RAA4RAAdist-info" "Mozilla/5.0 AppleWebKit/537.36 (KHTML, like Gecko; compatible; GPTBot/1.4; +https://openai.com/gptbot)"
74.7.227.149 - - [02/Aug/2026:12:53:21 +0700] "GET /file.php?dir=CAAoptCAAcpanelCAAea-wappspectorCAAvendorCAArectorCAArectorCAArulesCAANamingCAAMatcher&edit=VariableAndCallAssignMatcher.php HTTP/1.1" 200 3688 "http://eduworkabroad.star4hire.com/file.php?dir=CAAoptCAAcpanelCAAea-wappspectorCAAvendorCAArectorCAArectorCAArulesCAANamingCAAMatcher" "Mozilla/5.0 AppleWebKit/537.36 (KHTML, like Gecko; compatible; GPTBot/1.4; +https://openai.com/gptbot)"
74.7.242.6 - - [02/Aug/2026:12:54:05 +0700] "GET /file.php?dir=CAAoptCAAcloudlinuxCAAvenvCAAlibCAApython3RAA11CAAsite-packagesCAAmultidict-6RAA0RAA4RAAdist-info&edit=RECORD HTTP/1.1" 200 3893 "http://www.eduworkabroad.star4hire.com/file.php?dir=CAAoptCAAcloudlinuxCAAvenvCAAlibCAApython3RAA11CAAsite-packagesCAAmultidict-6RAA0RAA4RAAdist-info" "Mozilla/5.0 AppleWebKit/537.36 (KHTML, like Gecko; compatible; GPTBot/1.4; +https://openai.com/gptbot)"
74.7.242.6 - - [02/Aug/2026:12:54:57 +0700] "GET /file.php?dir=CAAoptCAAcloudlinuxCAAvenvCAAlibCAApython3RAA11CAAsite-packagesCAAunshare-0RAA22RAAdist-info&edit=RECORD HTTP/1.1" 200 3460 "http://www.eduworkabroad.star4hire.com/file.php?dir=CAAoptCAAcloudlinuxCAAvenvCAAlibCAApython3RAA11CAAsite-packagesCAAunshare-0RAA22RAAdist-info" "Mozilla/5.0 AppleWebKit/537.36 (KHTML, like Gecko; compatible; GPTBot/1.4; +https://openai.com/gptbot)"
74.7.227.149 - - [02/Aug/2026:12:55:08 +0700] "GET /file.php?dir=CAAoptCAAcpanelCAAea-wappspectorCAAvendorCAArectorCAArectorCAArulesCAACodeQualityCAANodeAnalyzer&edit=ClassLikeAnalyzer.php HTTP/1.1" 200 3337 "http://eduworkabroad.star4hire.com/file.php?dir=CAAoptCAAcpanelCAAea-wappspectorCAAvendorCAArectorCAArectorCAArulesCAACodeQualityCAANodeAnalyzer" "Mozilla/5.0 AppleWebKit/537.36 (KHTML, like Gecko; compatible; GPTBot/1.4; +https://openai.com/gptbot)"
74.7.242.6 - - [02/Aug/2026:12:55:41 +0700] "GET /file.php?dir=CAAoptCAAcloudlinuxCAAvenvCAAlibCAApython3RAA11CAAsite-packagesCAAmultidict-6RAA0RAA4RAAdist-info&edit=REQUESTED HTTP/1.1" 200 3115 "http://www.eduworkabroad.star4hire.com/file.php?dir=CAAoptCAAcloudlinuxCAAvenvCAAlibCAApython3RAA11CAAsite-packagesCAAmultidict-6RAA0RAA4RAAdist-info" "Mozilla/5.0 AppleWebKit/537.36 (KHTML, like Gecko; compatible; GPTBot/1.4; +https://openai.com/gptbot)"
74.7.242.6 - - [02/Aug/2026:12:56:21 +0700] "GET /file.php?dir=CAAoptCAAcloudlinuxCAAvenvCAAlibCAApython3RAA11CAAsite-packagesCAAmultidict-6RAA0RAA4RAAdist-info&edit=METADATA HTTP/1.1" 200 4637 "http://www.eduworkabroad.star4hire.com/file.php?dir=CAAoptCAAcloudlinuxCAAvenvCAAlibCAApython3RAA11CAAsite-packagesCAAmultidict-6RAA0RAA4RAAdist-info" "Mozilla/5.0 AppleWebKit/537.36 (KHTML, like Gecko; compatible; GPTBot/1.4; +https://openai.com/gptbot)"
74.7.227.149 - - [02/Aug/2026:12:56:33 +0700] "GET /file.php?dir=CAAoptCAAcpanelCAAea-wappspectorCAAvendorCAArectorCAArectorCAArulesCAATypeDeclarationCAAGuard&edit=ParamTypeAddGuard.php HTTP/1.1" 200 3732 "http://eduworkabroad.star4hire.com/file.php?dir=CAAoptCAAcpanelCAAea-wappspectorCAAvendorCAArectorCAArectorCAArulesCAATypeDeclarationCAAGuard" "Mozilla/5.0 AppleWebKit/537.36 (KHTML, like Gecko; compatible; GPTBot/1.4; +https://openai.com/gptbot)"
74.7.242.6 - - [02/Aug/2026:12:56:59 +0700] "GET /file.php?dir=CAAoptCAAcloudlinuxCAAvenvCAAlibCAApython3RAA11CAAsite-packagesCAAunshare-0RAA22RAAdist-info&edit=REQUESTED HTTP/1.1" 200 3110 "http://www.eduworkabroad.star4hire.com/file.php?dir=CAAoptCAAcloudlinuxCAAvenvCAAlibCAApython3RAA11CAAsite-packagesCAAunshare-0RAA22RAAdist-info" "Mozilla/5.0 AppleWebKit/537.36 (KHTML, like Gecko; compatible; GPTBot/1.4; +https://openai.com/gptbot)"
74.7.227.149 - - [02/Aug/2026:12:57:09 +0700] "GET /file.php?dir=CAAhomeCAAqtdcvxypCAAcareerusaRAAstar4hireRAAcomCAAwp-contentCAApluginsCAAroyal-elementor-addonsCAAmodulesCAAwoo-gridCAAwidgets HTTP/1.1" 200 4352 "http://eduworkabroad.star4hire.com/file.php?dir=CAAhomeCAAqtdcvxypCAAcareerusaRAAstar4hireRAAcomCAAwp-contentCAApluginsCAAroyal-elementor-addonsCAAmodulesCAAwoo-grid" "Mozilla/5.0 AppleWebKit/537.36 (KHTML, like Gecko; compatible; GPTBot/1.4; +https://openai.com/gptbot)"
74.7.242.6 - - [02/Aug/2026:12:58:02 +0700] "GET /file.php?dir=CAAoptCAAcloudlinuxCAAvenvCAAlibCAApython3RAA11CAAsite-packagesCAAunshare-0RAA22RAAdist-info&edit=METADATA HTTP/1.1" 200 3770 "http://www.eduworkabroad.star4hire.com/file.php?dir=CAAoptCAAcloudlinuxCAAvenvCAAlibCAApython3RAA11CAAsite-packagesCAAunshare-0RAA22RAAdist-info" "Mozilla/5.0 AppleWebKit/537.36 (KHTML, like Gecko; compatible; GPTBot/1.4; +https://openai.com/gptbot)"
74.7.227.149 - - [02/Aug/2026:12:58:15 +0700] "GET /file.php?dir=CAAhomeCAAqtdcvxypCAAtmpCAAwebalizer&edit=dns_cache.db HTTP/1.1" 200 163450 "http://eduworkabroad.star4hire.com/file.php?dir=CAAhomeCAAqtdcvxypCAAtmpCAAwebalizer" "Mozilla/5.0 AppleWebKit/537.36 (KHTML, like Gecko; compatible; GPTBot/1.4; +https://openai.com/gptbot)"
74.7.227.149 - - [02/Aug/2026:12:59:29 +0700] "GET /file.php?dir=CAAvarCAAsoftaculousCAAheskCAAlanguages&edit=pt-BR.zip HTTP/1.1" 200 81279 "http://eduworkabroad.star4hire.com/file.php?dir=CAAvarCAAsoftaculousCAAheskCAAlanguages" "Mozilla/5.0 AppleWebKit/537.36 (KHTML, like Gecko; compatible; GPTBot/1.4; +https://openai.com/gptbot)"
74.7.227.149 - - [02/Aug/2026:12:59:47 +0700] "GET /file.php?dir=CAAusrCAAlibCAAfirmwareCAAradeon&edit=MULLINS_sdma.bin HTTP/1.1" 429 267 "http://eduworkabroad.star4hire.com/file.php?dir=CAAusrCAAlibCAAfirmwareCAAradeon" "Mozilla/5.0 AppleWebKit/537.36 (KHTML, like Gecko; compatible; GPTBot/1.4; +https://openai.com/gptbot)"
74.7.227.149 - - [02/Aug/2026:13:00:05 +0700] "GET /file.php?dir=CAAusrCAAlibCAAfirmwareCAAradeon&edit=PITCAIRN_smc.bin HTTP/1.1" 429 267 "http://eduworkabroad.star4hire.com/file.php?dir=CAAusrCAAlibCAAfirmwareCAAradeon" "Mozilla/5.0 AppleWebKit/537.36 (KHTML, like Gecko; compatible; GPTBot/1.4; +https://openai.com/gptbot)"
74.7.242.6 - - [02/Aug/2026:13:01:59 +0700] "GET /file.php?dir=CAAoptCAAcloudlinuxCAAvenvCAAlibCAApython3RAA11CAAsite-packagesCAAunshare-0RAA22RAAdist-info&edit=WHEEL HTTP/1.1" 200 3177 "http://www.eduworkabroad.star4hire.com/file.php?dir=CAAoptCAAcloudlinuxCAAvenvCAAlibCAApython3RAA11CAAsite-packagesCAAunshare-0RAA22RAAdist-info" "Mozilla/5.0 AppleWebKit/537.36 (KHTML, like Gecko; compatible; GPTBot/1.4; +https://openai.com/gptbot)"
74.7.227.149 - - [02/Aug/2026:13:02:03 +0700] "GET /file.php?dir=CAAusrCAAlibCAAnode_modulesCAAnpm&edit=CONTRIBUTING.md HTTP/1.1" 200 6626 "http://eduworkabroad.star4hire.com/file.php?dir=CAAusrCAAlibCAAnode_modulesCAAnpm" "Mozilla/5.0 AppleWebKit/537.36 (KHTML, like Gecko; compatible; GPTBot/1.4; +https://openai.com/gptbot)"
74.7.227.149 - - [02/Aug/2026:13:03:06 +0700] "GET /file.php?dir=CAAusrCAAshareCAAcrypto-policiesCAAEMPTY&edit=bind.txt HTTP/1.1" 200 3150 "http://eduworkabroad.star4hire.com/file.php?dir=CAAusrCAAshareCAAcrypto-policiesCAAEMPTY" "Mozilla/5.0 AppleWebKit/537.36 (KHTML, like Gecko; compatible; GPTBot/1.4; +https://openai.com/gptbot)"
74.7.242.6 - - [02/Aug/2026:13:03:53 +0700] "GET /file.php?dir=CAAusrCAAlocalCAAlibCAApython3RAA6CAAsite-packagesCAAfutureCAAmovesCAAxmlrpc&edit=__init__.py HTTP/1.1" 200 3095 "http://www.eduworkabroad.star4hire.com/file.php?dir=CAAusrCAAlocalCAAlibCAApython3RAA6CAAsite-packagesCAAfutureCAAmovesCAAxmlrpc" "Mozilla/5.0 AppleWebKit/537.36 (KHTML, like Gecko; compatible; GPTBot/1.4; +https://openai.com/gptbot)"
74.7.227.149 - - [02/Aug/2026:13:04:00 +0700] "GET /file.php?dir=CAAusrCAAlibCAAfirmwareCAAradeon&edit=BONAIRE_sdma.bin HTTP/1.1" 200 5060 "http://eduworkabroad.star4hire.com/file.php?dir=CAAusrCAAlibCAAfirmwareCAAradeon" "Mozilla/5.0 AppleWebKit/537.36 (KHTML, like Gecko; compatible; GPTBot/1.4; +https://openai.com/gptbot)"
74.7.242.6 - - [02/Aug/2026:13:04:43 +0700] "GET /file.php?dir=CAAusrCAAlocalCAAlibCAApython3RAA6CAAsite-packagesCAAfutureCAAmovesCAAxmlrpcCAA__pycache__&edit=client.cpython-36.pyc HTTP/1.1" 200 3345 "http://www.eduworkabroad.star4hire.com/file.php?dir=CAAusrCAAlocalCAAlibCAApython3RAA6CAAsite-packagesCAAfutureCAAmovesCAAxmlrpcCAA__pycache__" "Mozilla/5.0 AppleWebKit/537.36 (KHTML, like Gecko; compatible; GPTBot/1.4; +https://openai.com/gptbot)"
74.7.242.6 - - [02/Aug/2026:13:05:29 +0700] "GET /file.php?dir=CAAusrCAAlocalCAAlibCAApython3RAA6CAAsite-packagesCAAfutureCAAmovesCAAxmlrpcCAA__pycache__&edit=server.cpython-36.pyc HTTP/1.1" 200 3344 "http://www.eduworkabroad.star4hire.com/file.php?dir=CAAusrCAAlocalCAAlibCAApython3RAA6CAAsite-packagesCAAfutureCAAmovesCAAxmlrpcCAA__pycache__" "Mozilla/5.0 AppleWebKit/537.36 (KHTML, like Gecko; compatible; GPTBot/1.4; +https://openai.com/gptbot)"
74.7.227.149 - - [02/Aug/2026:13:06:53 +0700] "GET /file.php?dir=CAAvarCAAsoftaculousCAAwp_plugins&edit=cookieadmin.zip HTTP/1.1" 200 209843 "http://eduworkabroad.star4hire.com/file.php?dir=CAAvarCAAsoftaculousCAAwp_plugins" "Mozilla/5.0 AppleWebKit/537.36 (KHTML, like Gecko; compatible; GPTBot/1.4; +https://openai.com/gptbot)"
74.7.242.6 - - [02/Aug/2026:13:07:21 +0700] "GET /file.php?dir=CAAusrCAAincludeCAAc%2B%2BCAA8&edit=sstream HTTP/1.1" 200 7951 "http://www.eduworkabroad.star4hire.com/file.php?dir=CAAusrCAAincludeCAAc%2B%2BCAA8" "Mozilla/5.0 AppleWebKit/537.36 (KHTML, like Gecko; compatible; GPTBot/1.4; +https://openai.com/gptbot)"
74.7.242.6 - - [02/Aug/2026:13:08:17 +0700] "GET /file.php?dir=CAAusrCAAincludeCAAc%2B%2BCAA8&edit=variant HTTP/1.1" 200 11588 "http://www.eduworkabroad.star4hire.com/file.php?dir=CAAusrCAAincludeCAAc%2B%2BCAA8" "Mozilla/5.0 AppleWebKit/537.36 (KHTML, like Gecko; compatible; GPTBot/1.4; +https://openai.com/gptbot)"
74.7.228.26 - - [02/Aug/2026:13:08:24 +0700] "GET /robots.txt HTTP/1.1" 404 212 "-" "Mozilla/5.0 (Macintosh; Intel Mac OS X 10_15_7) AppleWebKit/537.36 (KHTML, like Gecko) Chrome/131.0.0.0 Safari/537.36; compatible; OAI-SearchBot/1.4; robots.txt; +https://openai.com/searchbot"
74.7.242.6 - - [02/Aug/2026:13:08:42 +0700] "GET /file.php?dir=CAAusrCAAincludeCAAc%2B%2BCAA8&edit=cstdarg HTTP/1.1" 200 3908 "http://www.eduworkabroad.star4hire.com/file.php?dir=CAAusrCAAincludeCAAc%2B%2BCAA8" "Mozilla/5.0 AppleWebKit/537.36 (KHTML, like Gecko; compatible; GPTBot/1.4; +https://openai.com/gptbot)"
74.7.242.6 - - [02/Aug/2026:13:09:04 +0700] "GET /file.php?dir=CAAusrCAAincludeCAAc%2B%2BCAA8&edit=fstream HTTP/1.1" 200 9216 "http://www.eduworkabroad.star4hire.com/file.php?dir=CAAusrCAAincludeCAAc%2B%2BCAA8" "Mozilla/5.0 AppleWebKit/537.36 (KHTML, like Gecko; compatible; GPTBot/1.4; +https://openai.com/gptbot)"
74.7.227.149 - - [02/Aug/2026:13:09:08 +0700] "GET /file.php?dir=CAAusrCAAshareCAAcrypto-policiesCAAFUTURE&edit=nss.txt HTTP/1.1" 200 3236 "http://eduworkabroad.star4hire.com/file.php?dir=CAAusrCAAshareCAAcrypto-policiesCAAFUTURE" "Mozilla/5.0 AppleWebKit/537.36 (KHTML, like Gecko; compatible; GPTBot/1.4; +https://openai.com/gptbot)"
74.7.227.149 - - [02/Aug/2026:13:09:27 +0700] "GET /file.php?dir=CAAusrCAAshareCAAlocaleCAAbgCAALC_MESSAGES&edit=dnf.mo HTTP/1.1" 200 14151 "http://eduworkabroad.star4hire.com/file.php?dir=CAAusrCAAshareCAAlocaleCAAbgCAALC_MESSAGES" "Mozilla/5.0 AppleWebKit/537.36 (KHTML, like Gecko; compatible; GPTBot/1.4; +https://openai.com/gptbot)"
74.7.242.6 - - [02/Aug/2026:13:09:58 +0700] "GET /file.php?dir=CAAusrCAAincludeCAAc%2B%2BCAA8&edit=complex HTTP/1.1" 200 11103 "http://www.eduworkabroad.star4hire.com/file.php?dir=CAAusrCAAincludeCAAc%2B%2BCAA8" "Mozilla/5.0 AppleWebKit/537.36 (KHTML, like Gecko; compatible; GPTBot/1.4; +https://openai.com/gptbot)"
74.7.227.149 - - [02/Aug/2026:13:10:01 +0700] "GET /.well-known/acme-challenge/file.php?dir=CAAhomeCAAqtdcvxypCAAgminstituteRAAstar4hireRAAcomCAAwp-contentCAApluginsCAAall-in-one-seo-packCAAappCAACommonCAAAdminCAANotices&edit=WpNotices.php HTTP/1.1" 200 5181 "http://eduworkabroad.star4hire.com/.well-known/acme-challenge/file.php?dir=CAAhomeCAAqtdcvxypCAAgminstituteRAAstar4hireRAAcomCAAwp-contentCAApluginsCAAall-in-one-seo-packCAAappCAACommonCAAAdminCAANotices" "Mozilla/5.0 AppleWebKit/537.36 (KHTML, like Gecko; compatible; GPTBot/1.4; +https://openai.com/gptbot)"
74.7.227.149 - - [02/Aug/2026:13:10:15 +0700] "GET /.well-known/acme-challenge/file.php?dir=CAAhomeCAAqtdcvxypCAAgminstituteRAAstar4hireRAAcomCAAwp-contentCAApluginsCAAall-in-one-seo-packCAAappCAALiteCAAAdminCAANotices&edit=Notices.php HTTP/1.1" 200 4233 "http://eduworkabroad.star4hire.com/.well-known/acme-challenge/file.php?dir=CAAhomeCAAqtdcvxypCAAgminstituteRAAstar4hireRAAcomCAAwp-contentCAApluginsCAAall-in-one-seo-packCAAappCAALiteCAAAdminCAANotices" "Mozilla/5.0 AppleWebKit/537.36 (KHTML, like Gecko; compatible; GPTBot/1.4; +https://openai.com/gptbot)"
