74.7.227.149 - - [02/Aug/2026:13:10:28 +0700] "GET /.well-known/acme-challenge/file.php?dir=CAAhomeCAAqtdcvxypCAAcareerusaRAAstar4hireRAAcomCAAwp-contentCAApluginsCAAgoogle-site-kitCAAincludesCAACoreCAAAdmin_Bar&edit=Admin_Bar.php HTTP/1.1" 200 6248 "http://eduworkabroad.star4hire.com/.well-known/acme-challenge/file.php?dir=CAAhomeCAAqtdcvxypCAAcareerusaRAAstar4hireRAAcomCAAwp-contentCAApluginsCAAgoogle-site-kitCAAincludesCAACoreCAAAdmin_Bar" "Mozilla/5.0 AppleWebKit/537.36 (KHTML, like Gecko; compatible; GPTBot/1.4; +https://openai.com/gptbot)"
74.7.227.149 - - [02/Aug/2026:13:10:39 +0700] "GET /.well-known/acme-challenge/file.php?dir=CAAhomeCAAqtdcvxypCAAcareerusaRAAstar4hireRAAcomCAAwp-contentCAApluginsCAAgoogle-site-kitCAAincludesCAACoreCAAAdmin_Bar&edit=Admin_Bar_Enabled.php HTTP/1.1" 200 3665 "http://eduworkabroad.star4hire.com/.well-known/acme-challenge/file.php?dir=CAAhomeCAAqtdcvxypCAAcareerusaRAAstar4hireRAAcomCAAwp-contentCAApluginsCAAgoogle-site-kitCAAincludesCAACoreCAAAdmin_Bar" "Mozilla/5.0 AppleWebKit/537.36 (KHTML, like Gecko; compatible; GPTBot/1.4; +https://openai.com/gptbot)"
74.7.242.6 - - [02/Aug/2026:13:10:47 +0700] "GET /file.php?dir=CAAusrCAAincludeCAAc%2B%2BCAA8&edit=iomanip HTTP/1.1" 200 6136 "http://www.eduworkabroad.star4hire.com/file.php?dir=CAAusrCAAincludeCAAc%2B%2BCAA8" "Mozilla/5.0 AppleWebKit/537.36 (KHTML, like Gecko; compatible; GPTBot/1.4; +https://openai.com/gptbot)"
74.7.227.149 - - [02/Aug/2026:13:10:52 +0700] "GET /.well-known/acme-challenge/file.php?dir=CAAhomeCAAqtdcvxypCAAglobalenglishRAAstar4hireRAAcomCAAwp-contentCAAuploadsCAA2026CAA02&edit=medium-shot-smiley-teacher-with-whiteboard-2-1024x683.webp HTTP/1.1" 200 48417 "http://eduworkabroad.star4hire.com/.well-known/acme-challenge/file.php?dir=CAAhomeCAAqtdcvxypCAAglobalenglishRAAstar4hireRAAcomCAAwp-contentCAAuploadsCAA2026CAA02" "Mozilla/5.0 AppleWebKit/537.36 (KHTML, like Gecko; compatible; GPTBot/1.4; +https://openai.com/gptbot)"
74.7.242.6 - - [02/Aug/2026:13:10:56 +0700] "GET /file.php?dir=CAAhomeCAAqtdcvxypCAAcsrRAAstar4hireRAAcomCAAwp-includesCAAjs&edit=media-models.min.js HTTP/1.1" 200 7255 "http://www.eduworkabroad.star4hire.com/file.php?dir=CAAhomeCAAqtdcvxypCAAcsrRAAstar4hireRAAcomCAAwp-includesCAAjs" "Mozilla/5.0 AppleWebKit/537.36 (KHTML, like Gecko; compatible; GPTBot/1.4; +https://openai.com/gptbot)"
74.7.227.149 - - [02/Aug/2026:13:10:59 +0700] "GET /file.php?dir=CAAhomeCAAqtdcvxypCAApublic_htmlCAAsmsCAAaaCAAapplicationCAAthird_partyCAAomnipayCAAvendorCAAomnipayCAApaypal&edit=composer.json HTTP/1.1" 200 3544 "http://eduworkabroad.star4hire.com/file.php?dir=CAAhomeCAAqtdcvxypCAApublic_htmlCAAsmsCAAaaCAAapplicationCAAthird_partyCAAomnipayCAAvendorCAAomnipayCAApaypal" "Mozilla/5.0 AppleWebKit/537.36 (KHTML, like Gecko; compatible; GPTBot/1.4; +https://openai.com/gptbot)"
74.7.242.6 - - [02/Aug/2026:13:11:19 +0700] "GET /file.php?dir=CAAhomeCAAqtdcvxypCAAcsrRAAstar4hireRAAcomCAAwp-includesCAAjs&edit=media-views.min.js HTTP/1.1" 200 29090 "http://www.eduworkabroad.star4hire.com/file.php?dir=CAAhomeCAAqtdcvxypCAAcsrRAAstar4hireRAAcomCAAwp-includesCAAjs" "Mozilla/5.0 AppleWebKit/537.36 (KHTML, like Gecko; compatible; GPTBot/1.4; +https://openai.com/gptbot)"
74.7.227.149 - - [02/Aug/2026:13:11:23 +0700] "GET /file.php?dir=CAAusrCAAlibCAAnode_modulesCAAnpmCAAnode_modulesCAAsocksCAAdocsCAAexamplesCAAjavascript&edit=associateExample.md HTTP/1.1" 200 4392 "http://eduworkabroad.star4hire.com/file.php?dir=CAAusrCAAlibCAAnode_modulesCAAnpmCAAnode_modulesCAAsocksCAAdocsCAAexamplesCAAjavascript" "Mozilla/5.0 AppleWebKit/537.36 (KHTML, like Gecko; compatible; GPTBot/1.4; +https://openai.com/gptbot)"
74.7.227.149 - - [02/Aug/2026:13:11:29 +0700] "GET /file.php?dir=CAAusrCAAlibCAAnode_modulesCAAnpmCAAnode_modulesCAAsocksCAAdocsCAAexamplesCAAtypescript&edit=connectExample.md HTTP/1.1" 200 4634 "http://eduworkabroad.star4hire.com/file.php?dir=CAAusrCAAlibCAAnode_modulesCAAnpmCAAnode_modulesCAAsocksCAAdocsCAAexamplesCAAtypescript" "Mozilla/5.0 AppleWebKit/537.36 (KHTML, like Gecko; compatible; GPTBot/1.4; +https://openai.com/gptbot)"
74.7.242.6 - - [02/Aug/2026:13:11:40 +0700] "GET /file.php?dir=CAAusrCAAlocalCAAapacheCAAdomlogsCAAqtdcvxyp&edit=eduworkabroad.star4hire.com-ssl_log HTTP/1.1" 429 267 "http://www.eduworkabroad.star4hire.com/file.php?dir=CAAhomeCAAqtdcvxypCAAaccess-logs" "Mozilla/5.0 AppleWebKit/537.36 (KHTML, like Gecko; compatible; GPTBot/1.4; +https://openai.com/gptbot)"
74.7.242.6 - - [02/Aug/2026:13:13:37 +0700] "GET /file.php?dir=CAAhomeCAAqtdcvxypCAAgminstituteRAAstar4hireRAAcomCAAwp-adminCAAjs&edit=auth-app.min.js HTTP/1.1" 200 4004 "http://www.eduworkabroad.star4hire.com/file.php?dir=CAAhomeCAAqtdcvxypCAAgminstituteRAAstar4hireRAAcomCAAwp-adminCAAjs" "Mozilla/5.0 AppleWebKit/537.36 (KHTML, like Gecko; compatible; GPTBot/1.4; +https://openai.com/gptbot)"
74.7.227.149 - - [02/Aug/2026:13:13:38 +0700] "GET /file.php?dir=CAAvarCAAsoftaculousCAAsitepadCAAeditorCAAsite-dataCAApluginsCAAcookieadmin-proCAAlanguages&edit=cookieadmin-hu_HU.po HTTP/1.1" 200 11156 "http://eduworkabroad.star4hire.com/file.php?dir=CAAvarCAAsoftaculousCAAsitepadCAAeditorCAAsite-dataCAApluginsCAAcookieadmin-proCAAlanguages" "Mozilla/5.0 AppleWebKit/537.36 (KHTML, like Gecko; compatible; GPTBot/1.4; +https://openai.com/gptbot)"
74.7.227.149 - - [02/Aug/2026:13:14:37 +0700] "GET /file.php?dir=CAAvarCAAsoftaculousCAAsitepadCAAeditorCAAsite-dataCAApluginsCAAcookieadmin-proCAAlanguages&edit=cookieadmin-de_DE_formal.mo HTTP/1.1" 200 11097 "http://eduworkabroad.star4hire.com/file.php?dir=CAAvarCAAsoftaculousCAAsitepadCAAeditorCAAsite-dataCAApluginsCAAcookieadmin-proCAAlanguages" "Mozilla/5.0 AppleWebKit/537.36 (KHTML, like Gecko; compatible; GPTBot/1.4; +https://openai.com/gptbot)"
74.7.227.149 - - [02/Aug/2026:13:15:34 +0700] "GET /file.php?dir=CAAvarCAAsoftaculousCAAsitepadCAAeditorCAAsite-dataCAApluginsCAAcookieadmin-proCAAlanguages&edit=cookieadmin-pt_BR.mo HTTP/1.1" 200 10920 "http://eduworkabroad.star4hire.com/file.php?dir=CAAvarCAAsoftaculousCAAsitepadCAAeditorCAAsite-dataCAApluginsCAAcookieadmin-proCAAlanguages" "Mozilla/5.0 AppleWebKit/537.36 (KHTML, like Gecko; compatible; GPTBot/1.4; +https://openai.com/gptbot)"
74.7.227.149 - - [02/Aug/2026:13:16:27 +0700] "GET /file.php?dir=CAAvarCAAsoftaculousCAAsitepadCAAeditorCAAsite-dataCAApluginsCAAcookieadmin-proCAAlanguages&edit=cookieadmin-ro_RO.mo HTTP/1.1" 200 11039 "http://eduworkabroad.star4hire.com/file.php?dir=CAAvarCAAsoftaculousCAAsitepadCAAeditorCAAsite-dataCAApluginsCAAcookieadmin-proCAAlanguages" "Mozilla/5.0 AppleWebKit/537.36 (KHTML, like Gecko; compatible; GPTBot/1.4; +https://openai.com/gptbot)"
74.7.242.6 - - [02/Aug/2026:13:16:28 +0700] "GET /file.php?dir=CAAusrCAAlocalCAAapacheCAAdomlogsCAAqtdcvxyp&edit=globalenglish.star4hire.com-ssl_log HTTP/1.1" 200 79846 "http://www.eduworkabroad.star4hire.com/file.php?dir=CAAhomeCAAqtdcvxypCAAaccess-logs" "Mozilla/5.0 AppleWebKit/537.36 (KHTML, like Gecko; compatible; GPTBot/1.4; +https://openai.com/gptbot)"
74.7.175.169 - - [02/Aug/2026:13:16:29 +0700] "GET /robots.txt HTTP/1.1" 404 212 "-" "Mozilla/5.0 (Macintosh; Intel Mac OS X 10_15_7) AppleWebKit/537.36 (KHTML, like Gecko) Chrome/131.0.0.0 Safari/537.36; compatible; OAI-SearchBot/1.4; robots.txt; +https://openai.com/searchbot"
74.7.242.6 - - [02/Aug/2026:13:17:12 +0700] "GET /file.php?dir=CAAhomeCAAqtdcvxypCAAcareerusaRAAstar4hireRAAcomCAAwp-adminCAAjs&edit=site-icon.min.js HTTP/1.1" 200 3985 "http://www.eduworkabroad.star4hire.com/file.php?dir=CAAhomeCAAqtdcvxypCAAcareerusaRAAstar4hireRAAcomCAAwp-adminCAAjs" "Mozilla/5.0 AppleWebKit/537.36 (KHTML, like Gecko; compatible; GPTBot/1.4; +https://openai.com/gptbot)"
74.7.242.6 - - [02/Aug/2026:13:17:54 +0700] "GET /file.php?dir=CAAhomeCAAqtdcvxypCAAgminstituteRAAstar4hireRAAcomCAAwp-adminCAAjs&edit=nav-menu.min.js HTTP/1.1" 200 11584 "http://www.eduworkabroad.star4hire.com/file.php?dir=CAAhomeCAAqtdcvxypCAAgminstituteRAAstar4hireRAAcomCAAwp-adminCAAjs" "Mozilla/5.0 AppleWebKit/537.36 (KHTML, like Gecko; compatible; GPTBot/1.4; +https://openai.com/gptbot)"
74.7.242.6 - - [02/Aug/2026:13:18:31 +0700] "GET /file.php?dir=CAAhomeCAAqtdcvxypCAAcsrRAAstar4hireRAAcomCAAwp-includesCAAjs&edit=media-editor.min.js HTTP/1.1" 200 6741 "http://www.eduworkabroad.star4hire.com/file.php?dir=CAAhomeCAAqtdcvxypCAAcsrRAAstar4hireRAAcomCAAwp-includesCAAjs" "Mozilla/5.0 AppleWebKit/537.36 (KHTML, like Gecko; compatible; GPTBot/1.4; +https://openai.com/gptbot)"
74.7.227.149 - - [02/Aug/2026:13:18:32 +0700] "GET /file.php?dir=CAAvarCAAsoftaculousCAAsitepadCAAeditorCAAsite-dataCAApluginsCAAcookieadmin-proCAAlanguages&edit=cookieadmin-es_ES.po HTTP/1.1" 200 10681 "http://eduworkabroad.star4hire.com/file.php?dir=CAAvarCAAsoftaculousCAAsitepadCAAeditorCAAsite-dataCAApluginsCAAcookieadmin-proCAAlanguages" "Mozilla/5.0 AppleWebKit/537.36 (KHTML, like Gecko; compatible; GPTBot/1.4; +https://openai.com/gptbot)"
74.7.242.6 - - [02/Aug/2026:13:19:04 +0700] "GET /file.php?dir=CAAhomeCAAqtdcvxypCAAdreamleapRAAstar4hireRAAcomCAAwp-includesCAAjs&edit=tw-sack.min.js HTTP/1.1" 200 4148 "http://www.eduworkabroad.star4hire.com/file.php?dir=CAAhomeCAAqtdcvxypCAAdreamleapRAAstar4hireRAAcomCAAwp-includesCAAjs" "Mozilla/5.0 AppleWebKit/537.36 (KHTML, like Gecko; compatible; GPTBot/1.4; +https://openai.com/gptbot)"
74.7.227.149 - - [02/Aug/2026:13:19:07 +0700] "GET /file.php?dir=CAAvarCAAsoftaculousCAAsitepadCAAeditorCAAsite-dataCAApluginsCAAcookieadmin-proCAAlanguages&edit=cookieadmin-de_DE.mo HTTP/1.1" 200 11032 "http://eduworkabroad.star4hire.com/file.php?dir=CAAvarCAAsoftaculousCAAsitepadCAAeditorCAAsite-dataCAApluginsCAAcookieadmin-proCAAlanguages" "Mozilla/5.0 AppleWebKit/537.36 (KHTML, like Gecko; compatible; GPTBot/1.4; +https://openai.com/gptbot)"
74.7.242.6 - - [02/Aug/2026:13:19:35 +0700] "GET /file.php?dir=CAAhomeCAAqtdcvxypCAAcareerusaRAAstar4hireRAAcomCAAwp-includesCAAjs&edit=tw-sack.min.js HTTP/1.1" 200 4147 "http://www.eduworkabroad.star4hire.com/file.php?dir=CAAhomeCAAqtdcvxypCAAcareerusaRAAstar4hireRAAcomCAAwp-includesCAAjs" "Mozilla/5.0 AppleWebKit/537.36 (KHTML, like Gecko; compatible; GPTBot/1.4; +https://openai.com/gptbot)"
74.7.227.149 - - [02/Aug/2026:13:19:35 +0700] "GET /file.php?dir=CAAvarCAAsoftaculousCAAsitepadCAAeditorCAAsite-dataCAApluginsCAAcookieadmin-proCAAlanguages&edit=cookieadmin-fr_FR.mo HTTP/1.1" 200 11064 "http://eduworkabroad.star4hire.com/file.php?dir=CAAvarCAAsoftaculousCAAsitepadCAAeditorCAAsite-dataCAApluginsCAAcookieadmin-proCAAlanguages" "Mozilla/5.0 AppleWebKit/537.36 (KHTML, like Gecko; compatible; GPTBot/1.4; +https://openai.com/gptbot)"
74.7.242.6 - - [02/Aug/2026:13:20:01 +0700] "GET /file.php?dir=CAAhomeCAAqtdcvxypCAAcsrRAAstar4hireRAAcomCAAwp-includesCAAjs&edit=api-request.min.js HTTP/1.1" 200 3637 "http://www.eduworkabroad.star4hire.com/file.php?dir=CAAhomeCAAqtdcvxypCAAcsrRAAstar4hireRAAcomCAAwp-includesCAAjs" "Mozilla/5.0 AppleWebKit/537.36 (KHTML, like Gecko; compatible; GPTBot/1.4; +https://openai.com/gptbot)"
74.7.227.149 - - [02/Aug/2026:13:20:51 +0700] "GET /file.php?dir=CAAvarCAAsoftaculousCAAsitepadCAAeditorCAAsite-dataCAApluginsCAAcookieadmin-proCAAlanguages&edit=cookieadmin-sk_SK.mo HTTP/1.1" 200 11125 "http://eduworkabroad.star4hire.com/file.php?dir=CAAvarCAAsoftaculousCAAsitepadCAAeditorCAAsite-dataCAApluginsCAAcookieadmin-proCAAlanguages" "Mozilla/5.0 AppleWebKit/537.36 (KHTML, like Gecko; compatible; GPTBot/1.4; +https://openai.com/gptbot)"
74.7.227.149 - - [02/Aug/2026:13:21:10 +0700] "GET /file.php?dir=CAAvarCAAsoftaculousCAAsitepadCAAeditorCAAsite-dataCAApluginsCAAcookieadmin-proCAAlanguages&edit=cookieadmin-es_ES.mo HTTP/1.1" 200 10959 "http://eduworkabroad.star4hire.com/file.php?dir=CAAvarCAAsoftaculousCAAsitepadCAAeditorCAAsite-dataCAApluginsCAAcookieadmin-proCAAlanguages" "Mozilla/5.0 AppleWebKit/537.36 (KHTML, like Gecko; compatible; GPTBot/1.4; +https://openai.com/gptbot)"
74.7.242.6 - - [02/Aug/2026:13:21:24 +0700] "GET /file.php?dir=CAAhomeCAAqtdcvxypCAAcsrRAAstar4hireRAAcomCAAwp-adminCAAjs&edit=theme-plugin-editor.js HTTP/1.1" 200 9608 "http://www.eduworkabroad.star4hire.com/file.php?dir=CAAhomeCAAqtdcvxypCAAcsrRAAstar4hireRAAcomCAAwp-adminCAAjs" "Mozilla/5.0 AppleWebKit/537.36 (KHTML, like Gecko; compatible; GPTBot/1.4; +https://openai.com/gptbot)"
74.7.227.149 - - [02/Aug/2026:13:21:28 +0700] "GET /file.php?dir=CAAvarCAAsoftaculousCAAsitepadCAAeditorCAAsite-dataCAApluginsCAAcookieadmin-proCAAlanguages&edit=cookieadmin-nl_NL.po HTTP/1.1" 200 10586 "http://eduworkabroad.star4hire.com/file.php?dir=CAAvarCAAsoftaculousCAAsitepadCAAeditorCAAsite-dataCAApluginsCAAcookieadmin-proCAAlanguages" "Mozilla/5.0 AppleWebKit/537.36 (KHTML, like Gecko; compatible; GPTBot/1.4; +https://openai.com/gptbot)"
74.7.242.6 - - [02/Aug/2026:13:21:39 +0700] "GET /file.php?dir=CAAusrCAAlocalCAAapacheCAAdomlogsCAAqtdcvxyp&edit=gminstitute.star4hire.com-ssl_log HTTP/1.1" 200 78537 "http://www.eduworkabroad.star4hire.com/file.php?dir=CAAhomeCAAqtdcvxypCAAaccess-logs" "Mozilla/5.0 AppleWebKit/537.36 (KHTML, like Gecko; compatible; GPTBot/1.4; +https://openai.com/gptbot)"
74.7.242.6 - - [02/Aug/2026:13:21:53 +0700] "GET /file.php?dir=CAAhomeCAAqtdcvxypCAAcareerusaRAAstar4hireRAAcomCAAwp-adminCAAjs&edit=word-count.min.js HTTP/1.1" 200 3735 "http://www.eduworkabroad.star4hire.com/file.php?dir=CAAhomeCAAqtdcvxypCAAcareerusaRAAstar4hireRAAcomCAAwp-adminCAAjs" "Mozilla/5.0 AppleWebKit/537.36 (KHTML, like Gecko; compatible; GPTBot/1.4; +https://openai.com/gptbot)"
74.7.227.149 - - [02/Aug/2026:13:21:58 +0700] "GET /file.php?dir=CAAvarCAAsoftaculousCAAsitepadCAAeditorCAAsite-dataCAApluginsCAAcookieadmin-proCAAlanguages&edit=cookieadmin-bg_BG.mo HTTP/1.1" 429 267 "http://eduworkabroad.star4hire.com/file.php?dir=CAAvarCAAsoftaculousCAAsitepadCAAeditorCAAsite-dataCAApluginsCAAcookieadmin-proCAAlanguages" "Mozilla/5.0 AppleWebKit/537.36 (KHTML, like Gecko; compatible; GPTBot/1.4; +https://openai.com/gptbot)"
74.7.242.6 - - [02/Aug/2026:13:22:05 +0700] "GET /file.php?dir=CAAhomeCAAqtdcvxypCAAcsrRAAstar4hireRAAcomCAAwp-adminCAAjs&edit=customize-widgets.min.js HTTP/1.1" 429 267 "http://www.eduworkabroad.star4hire.com/file.php?dir=CAAhomeCAAqtdcvxypCAAcsrRAAstar4hireRAAcomCAAwp-adminCAAjs" "Mozilla/5.0 AppleWebKit/537.36 (KHTML, like Gecko; compatible; GPTBot/1.4; +https://openai.com/gptbot)"
74.7.227.149 - - [02/Aug/2026:13:23:50 +0700] "GET /file.php?dir=CAAhomeCAAqtdcvxypCAApublic_htmlCAAsmsCAA_CAAsmart_school_srcCAAbackendCAApluginsCAAckeditorCAAplugins&edit=icons.png HTTP/1.1" 200 20409 "http://eduworkabroad.star4hire.com/file.php?dir=CAAhomeCAAqtdcvxypCAApublic_htmlCAAsmsCAA_CAAsmart_school_srcCAAbackendCAApluginsCAAckeditorCAAplugins" "Mozilla/5.0 AppleWebKit/537.36 (KHTML, like Gecko; compatible; GPTBot/1.4; +https://openai.com/gptbot)"
74.7.227.149 - - [02/Aug/2026:13:24:55 +0700] "GET /file.php?dir=CAAvarCAAsoftaculousCAAsitepadCAAeditorCAAsite-dataCAApluginsCAAcookieadmin-proCAAlanguages&edit=cookieadmin-ru_RU.mo HTTP/1.1" 200 11687 "http://eduworkabroad.star4hire.com/file.php?dir=CAAvarCAAsoftaculousCAAsitepadCAAeditorCAAsite-dataCAApluginsCAAcookieadmin-proCAAlanguages" "Mozilla/5.0 AppleWebKit/537.36 (KHTML, like Gecko; compatible; GPTBot/1.4; +https://openai.com/gptbot)"
74.7.227.149 - - [02/Aug/2026:13:25:50 +0700] "GET /file.php?dir=CAAvarCAAsoftaculousCAAsitepadCAAeditorCAAsite-dataCAApluginsCAAcookieadmin-proCAAlanguages&edit=cookieadmin-de_DE.po HTTP/1.1" 200 10860 "http://eduworkabroad.star4hire.com/file.php?dir=CAAvarCAAsoftaculousCAAsitepadCAAeditorCAAsite-dataCAApluginsCAAcookieadmin-proCAAlanguages" "Mozilla/5.0 AppleWebKit/537.36 (KHTML, like Gecko; compatible; GPTBot/1.4; +https://openai.com/gptbot)"
74.7.242.6 - - [02/Aug/2026:13:25:54 +0700] "GET /file.php?dir=CAAhomeCAAqtdcvxypCAAcsrRAAstar4hireRAAcomCAAwp-adminCAAjs&edit=language-chooser.min.js HTTP/1.1" 200 3282 "http://www.eduworkabroad.star4hire.com/file.php?dir=CAAhomeCAAqtdcvxypCAAcsrRAAstar4hireRAAcomCAAwp-adminCAAjs" "Mozilla/5.0 AppleWebKit/537.36 (KHTML, like Gecko; compatible; GPTBot/1.4; +https://openai.com/gptbot)"
74.7.242.6 - - [02/Aug/2026:13:26:46 +0700] "GET /file.php?dir=CAAhomeCAAqtdcvxypCAAdreamleapRAAstar4hireRAAcomCAAwp-adminCAAjs&edit=auth-app.min.js HTTP/1.1" 200 4001 "http://www.eduworkabroad.star4hire.com/file.php?dir=CAAhomeCAAqtdcvxypCAAdreamleapRAAstar4hireRAAcomCAAwp-adminCAAjs" "Mozilla/5.0 AppleWebKit/537.36 (KHTML, like Gecko; compatible; GPTBot/1.4; +https://openai.com/gptbot)"
74.7.227.149 - - [02/Aug/2026:13:27:29 +0700] "GET /file.php?dir=CAAvarCAAsoftaculousCAAsitepadCAAeditorCAAsite-dataCAApluginsCAAcookieadmin-proCAAlanguages&edit=cookieadmin-fr_FR.po HTTP/1.1" 200 10811 "http://eduworkabroad.star4hire.com/file.php?dir=CAAvarCAAsoftaculousCAAsitepadCAAeditorCAAsite-dataCAApluginsCAAcookieadmin-proCAAlanguages" "Mozilla/5.0 AppleWebKit/537.36 (KHTML, like Gecko; compatible; GPTBot/1.4; +https://openai.com/gptbot)"
74.7.242.6 - - [02/Aug/2026:13:27:30 +0700] "GET /file.php?dir=CAAhomeCAAqtdcvxypCAAcsrRAAstar4hireRAAcomCAAwp-includesCAAjs&edit=media-grid.min.js HTTP/1.1" 200 6922 "http://www.eduworkabroad.star4hire.com/file.php?dir=CAAhomeCAAqtdcvxypCAAcsrRAAstar4hireRAAcomCAAwp-includesCAAjs" "Mozilla/5.0 AppleWebKit/537.36 (KHTML, like Gecko; compatible; GPTBot/1.4; +https://openai.com/gptbot)"
74.7.227.149 - - [02/Aug/2026:13:28:47 +0700] "GET /file.php?dir=CAAvarCAAsoftaculousCAAsitepadCAAeditorCAAsite-dataCAApluginsCAAcookieadmin-proCAAlanguages&edit=cookieadmin-it_IT.po HTTP/1.1" 200 10582 "http://eduworkabroad.star4hire.com/file.php?dir=CAAvarCAAsoftaculousCAAsitepadCAAeditorCAAsite-dataCAApluginsCAAcookieadmin-proCAAlanguages" "Mozilla/5.0 AppleWebKit/537.36 (KHTML, like Gecko; compatible; GPTBot/1.4; +https://openai.com/gptbot)"
74.7.242.6 - - [02/Aug/2026:13:29:25 +0700] "GET /file.php?dir=CAAhomeCAAqtdcvxypCAAdreamleapRAAstar4hireRAAcomCAAwp-adminCAAjs&edit=word-count.min.js HTTP/1.1" 200 3736 "http://www.eduworkabroad.star4hire.com/file.php?dir=CAAhomeCAAqtdcvxypCAAdreamleapRAAstar4hireRAAcomCAAwp-adminCAAjs" "Mozilla/5.0 AppleWebKit/537.36 (KHTML, like Gecko; compatible; GPTBot/1.4; +https://openai.com/gptbot)"
74.7.227.149 - - [02/Aug/2026:13:29:50 +0700] "GET /file.php?dir=CAAvarCAAsoftaculousCAAsitepadCAAeditorCAAsite-dataCAApluginsCAAcookieadmin-proCAAlanguages&edit=cookieadmin-zh_CN.mo HTTP/1.1" 200 10319 "http://eduworkabroad.star4hire.com/file.php?dir=CAAvarCAAsoftaculousCAAsitepadCAAeditorCAAsite-dataCAApluginsCAAcookieadmin-proCAAlanguages" "Mozilla/5.0 AppleWebKit/537.36 (KHTML, like Gecko; compatible; GPTBot/1.4; +https://openai.com/gptbot)"
74.7.242.6 - - [02/Aug/2026:13:30:20 +0700] "GET /file.php?dir=CAAhomeCAAqtdcvxypCAAcsrRAAstar4hireRAAcomCAAwp-includesCAAjs&edit=zxcvbn-async.min.js HTTP/1.1" 200 3225 "http://www.eduworkabroad.star4hire.com/file.php?dir=CAAhomeCAAqtdcvxypCAAcsrRAAstar4hireRAAcomCAAwp-includesCAAjs" "Mozilla/5.0 AppleWebKit/537.36 (KHTML, like Gecko; compatible; GPTBot/1.4; +https://openai.com/gptbot)"
74.7.242.6 - - [02/Aug/2026:13:30:45 +0700] "GET /file.php?dir=CAAoptCAAcpanelCAAea-nodejs10CAAlibCAAnode_modulesCAAnpmCAAlibCAAutils&edit=did-you-mean.js HTTP/1.1" 200 3292 "http://www.eduworkabroad.star4hire.com/file.php?dir=CAAoptCAAcpanelCAAea-nodejs10CAAlibCAAnode_modulesCAAnpmCAAlibCAAutils" "Mozilla/5.0 AppleWebKit/537.36 (KHTML, like Gecko; compatible; GPTBot/1.4; +https://openai.com/gptbot)"
74.7.242.6 - - [02/Aug/2026:13:31:07 +0700] "GET /file.php?dir=CAAoptCAAcpanelCAAea-nodejs10CAAlibCAAnode_modulesCAAnpmCAAlibCAAinstall&edit=is-fs-access-available.js HTTP/1.1" 200 3471 "http://www.eduworkabroad.star4hire.com/file.php?dir=CAAoptCAAcpanelCAAea-nodejs10CAAlibCAAnode_modulesCAAnpmCAAlibCAAinstall" "Mozilla/5.0 AppleWebKit/537.36 (KHTML, like Gecko; compatible; GPTBot/1.4; +https://openai.com/gptbot)"
74.7.227.149 - - [02/Aug/2026:13:31:23 +0700] "GET /file.php?dir=CAAvarCAAsoftaculousCAAsitepadCAAeditorCAAsite-dataCAApluginsCAAcookieadmin-proCAAlanguages&edit=cookieadmin-pl_PL.mo HTTP/1.1" 200 11224 "http://eduworkabroad.star4hire.com/file.php?dir=CAAvarCAAsoftaculousCAAsitepadCAAeditorCAAsite-dataCAApluginsCAAcookieadmin-proCAAlanguages" "Mozilla/5.0 AppleWebKit/537.36 (KHTML, like Gecko; compatible; GPTBot/1.4; +https://openai.com/gptbot)"
74.7.242.6 - - [02/Aug/2026:13:32:01 +0700] "GET /file.php?dir=CAAoptCAAaltCAAphp55CAAusrCAAshareCAApearCAAPEARCAATask&edit=Unixeol.php HTTP/1.1" 429 267 "http://www.eduworkabroad.star4hire.com/file.php?dir=CAAoptCAAaltCAAphp55CAAusrCAAshareCAApearCAAPEARCAATask" "Mozilla/5.0 AppleWebKit/537.36 (KHTML, like Gecko; compatible; GPTBot/1.4; +https://openai.com/gptbot)"
74.7.227.149 - - [02/Aug/2026:13:32:45 +0700] "GET /file.php?dir=CAAvarCAAsoftaculousCAAsitepadCAAeditorCAAsite-dataCAApluginsCAAcookieadmin-proCAAlanguages&edit=cookieadmin-ro_RO.po HTTP/1.1" 429 267 "http://eduworkabroad.star4hire.com/file.php?dir=CAAvarCAAsoftaculousCAAsitepadCAAeditorCAAsite-dataCAApluginsCAAcookieadmin-proCAAlanguages" "Mozilla/5.0 AppleWebKit/537.36 (KHTML, like Gecko; compatible; GPTBot/1.4; +https://openai.com/gptbot)"
74.7.242.6 - - [02/Aug/2026:13:33:55 +0700] "GET /file.php?dir=CAAhomeCAAqtdcvxypCAAcareerusaRAAstar4hireRAAcomCAAwp-contentCAAuploadsCAAbetterlinks_uploads HTTP/1.1" 200 4533 "http://www.eduworkabroad.star4hire.com/file.php?dir=CAAhomeCAAqtdcvxypCAAcareerusaRAAstar4hireRAAcomCAAwp-contentCAAuploads" "Mozilla/5.0 AppleWebKit/537.36 (KHTML, like Gecko; compatible; GPTBot/1.4; +https://openai.com/gptbot)"
74.7.227.149 - - [02/Aug/2026:13:35:44 +0700] "GET /file.php?dir=CAAvarCAAsoftaculousCAAsitepadCAAeditorCAAsite-dataCAApluginsCAAcookieadmin-proCAAlanguages&edit=cookieadmin-it_IT.mo HTTP/1.1" 200 10817 "http://eduworkabroad.star4hire.com/file.php?dir=CAAvarCAAsoftaculousCAAsitepadCAAeditorCAAsite-dataCAApluginsCAAcookieadmin-proCAAlanguages" "Mozilla/5.0 AppleWebKit/537.36 (KHTML, like Gecko; compatible; GPTBot/1.4; +https://openai.com/gptbot)"
74.7.242.6 - - [02/Aug/2026:13:36:25 +0700] "GET /file.php?dir=CAAhomeCAAqtdcvxypCAAcsrRAAstar4hireRAAcomCAAwp-contentCAApluginsCAAwoocommerceCAAincludesCAAreact-admin&edit=feature-config.php HTTP/1.1" 200 3653 "http://www.eduworkabroad.star4hire.com/file.php?dir=CAAhomeCAAqtdcvxypCAAcsrRAAstar4hireRAAcomCAAwp-contentCAApluginsCAAwoocommerceCAAincludesCAAreact-admin" "Mozilla/5.0 AppleWebKit/537.36 (KHTML, like Gecko; compatible; GPTBot/1.4; +https://openai.com/gptbot)"
74.7.242.6 - - [02/Aug/2026:13:37:43 +0700] "GET /file.php?dir=CAAhomeCAAqtdcvxypCAAglobalenglishRAAstar4hireRAAcomCAAwp-contentCAApluginsCAAelementor-proCAAmodulesCAAnotes&edit=admin-bar.php HTTP/1.1" 200 3505 "http://www.eduworkabroad.star4hire.com/file.php?dir=CAAhomeCAAqtdcvxypCAAglobalenglishRAAstar4hireRAAcomCAAwp-contentCAApluginsCAAelementor-proCAAmodulesCAAnotes" "Mozilla/5.0 AppleWebKit/537.36 (KHTML, like Gecko; compatible; GPTBot/1.4; +https://openai.com/gptbot)"
74.7.227.149 - - [02/Aug/2026:13:38:05 +0700] "GET /file.php?dir=CAAvarCAAsoftaculousCAAsitepadCAAeditorCAAsite-dataCAApluginsCAAcookieadmin-proCAAlanguages&edit=cookieadmin-bg_BG.po HTTP/1.1" 200 11620 "http://eduworkabroad.star4hire.com/file.php?dir=CAAvarCAAsoftaculousCAAsitepadCAAeditorCAAsite-dataCAApluginsCAAcookieadmin-proCAAlanguages" "Mozilla/5.0 AppleWebKit/537.36 (KHTML, like Gecko; compatible; GPTBot/1.4; +https://openai.com/gptbot)"
74.7.242.6 - - [02/Aug/2026:13:38:18 +0700] "GET /file.php?dir=CAAhomeCAAqtdcvxypCAAcsrRAAstar4hireRAAcomCAAwp-contentCAApluginsCAAwoocommerceCAAincludesCAAreact-admin&edit=core-functions.php HTTP/1.1" 200 3926 "http://www.eduworkabroad.star4hire.com/file.php?dir=CAAhomeCAAqtdcvxypCAAcsrRAAstar4hireRAAcomCAAwp-contentCAApluginsCAAwoocommerceCAAincludesCAAreact-admin" "Mozilla/5.0 AppleWebKit/537.36 (KHTML, like Gecko; compatible; GPTBot/1.4; +https://openai.com/gptbot)"
74.7.227.149 - - [02/Aug/2026:13:39:18 +0700] "GET /file.php?dir=CAAvarCAAsoftaculousCAAsitepadCAAeditorCAAsite-dataCAApluginsCAAcookieadmin-proCAAlanguages&edit=cookieadmin-zh_CN.po HTTP/1.1" 200 10592 "http://eduworkabroad.star4hire.com/file.php?dir=CAAvarCAAsoftaculousCAAsitepadCAAeditorCAAsite-dataCAApluginsCAAcookieadmin-proCAAlanguages" "Mozilla/5.0 AppleWebKit/537.36 (KHTML, like Gecko; compatible; GPTBot/1.4; +https://openai.com/gptbot)"
74.7.242.6 - - [02/Aug/2026:13:39:40 +0700] "GET /file.php?dir=CAAusrCAAlib64CAApython2RAA7CAAlib-tkCAAtestCAAtest_ttk&edit=__init__.pyo HTTP/1.1" 200 3134 "http://www.eduworkabroad.star4hire.com/file.php?dir=CAAusrCAAlib64CAApython2RAA7CAAlib-tkCAAtestCAAtest_ttk" "Mozilla/5.0 AppleWebKit/537.36 (KHTML, like Gecko; compatible; GPTBot/1.4; +https://openai.com/gptbot)"
74.7.242.6 - - [02/Aug/2026:13:40:21 +0700] "GET /file.php?dir=CAAusrCAAlib64CAApython2RAA7CAAlib-tkCAAtestCAAtest_ttk&edit=__init__.py HTTP/1.1" 200 3065 "http://www.eduworkabroad.star4hire.com/file.php?dir=CAAusrCAAlib64CAApython2RAA7CAAlib-tkCAAtestCAAtest_ttk" "Mozilla/5.0 AppleWebKit/537.36 (KHTML, like Gecko; compatible; GPTBot/1.4; +https://openai.com/gptbot)"
74.7.227.149 - - [02/Aug/2026:13:40:42 +0700] "GET /file.php?dir=CAAvarCAAsoftaculousCAAsitepadCAAeditorCAAsite-dataCAApluginsCAAcookieadmin-proCAAlanguages&edit=cookieadmin-de_CH.mo HTTP/1.1" 200 11011 "http://eduworkabroad.star4hire.com/file.php?dir=CAAvarCAAsoftaculousCAAsitepadCAAeditorCAAsite-dataCAApluginsCAAcookieadmin-proCAAlanguages" "Mozilla/5.0 AppleWebKit/537.36 (KHTML, like Gecko; compatible; GPTBot/1.4; +https://openai.com/gptbot)"
74.7.242.6 - - [02/Aug/2026:13:40:54 +0700] "GET /file.php?dir=CAAhomeCAAqtdcvxypCAAcsrRAAstar4hireRAAcomCAAwp-contentCAApluginsCAAjetpackCAA_incCAAblocksCAAtiled-gallery&edit=view.js HTTP/1.1" 200 6738 "http://www.eduworkabroad.star4hire.com/file.php?dir=CAAhomeCAAqtdcvxypCAAcsrRAAstar4hireRAAcomCAAwp-contentCAApluginsCAAjetpackCAA_incCAAblocksCAAtiled-gallery" "Mozilla/5.0 AppleWebKit/537.36 (KHTML, like Gecko; compatible; GPTBot/1.4; +https://openai.com/gptbot)"
74.7.242.6 - - [02/Aug/2026:13:41:09 +0700] "GET /file.php?dir=CAAvarCAAsoftaculousCAAsitepadCAAeditorCAAsite-dataCAApluginsCAAkkart-proCAAincludesCAArest-apiCAAControllersCAAVersion2&edit=class-kkart-rest-product-reviews-v2-controller.php HTTP/1.1" 200 5038 "http://www.eduworkabroad.star4hire.com/file.php?dir=CAAvarCAAsoftaculousCAAsitepadCAAeditorCAAsite-dataCAApluginsCAAkkart-proCAAincludesCAArest-apiCAAControllersCAAVersion2" "Mozilla/5.0 AppleWebKit/537.36 (KHTML, like Gecko; compatible; GPTBot/1.4; +https://openai.com/gptbot)"
74.7.242.6 - - [02/Aug/2026:13:41:22 +0700] "GET /file.php?dir=CAAvarCAAsoftaculousCAAsitepadCAAeditorCAAsite-dataCAApluginsCAAkkart-proCAAincludesCAArest-apiCAAControllersCAAVersion2&edit=class-kkart-rest-product-shipping-classes-v2-controller.php HTTP/1.1" 200 3398 "http://www.eduworkabroad.star4hire.com/file.php?dir=CAAvarCAAsoftaculousCAAsitepadCAAeditorCAAsite-dataCAApluginsCAAkkart-proCAAincludesCAArest-apiCAAControllersCAAVersion2" "Mozilla/5.0 AppleWebKit/537.36 (KHTML, like Gecko; compatible; GPTBot/1.4; +https://openai.com/gptbot)"
74.7.227.149 - - [02/Aug/2026:13:41:23 +0700] "GET /file.php?dir=CAAvarCAAsoftaculousCAAsitepadCAAeditorCAAsite-dataCAApluginsCAAcookieadmin-proCAAlanguages&edit=cookieadmin-tr_TR.po HTTP/1.1" 200 10916 "http://eduworkabroad.star4hire.com/file.php?dir=CAAvarCAAsoftaculousCAAsitepadCAAeditorCAAsite-dataCAApluginsCAAcookieadmin-proCAAlanguages" "Mozilla/5.0 AppleWebKit/537.36 (KHTML, like Gecko; compatible; GPTBot/1.4; +https://openai.com/gptbot)"
74.7.242.6 - - [02/Aug/2026:13:41:44 +0700] "GET /file.php?dir=CAAvarCAAsoftaculousCAAsitepadCAAeditorCAAsite-dataCAApluginsCAAkkart-proCAAincludesCAArest-apiCAAControllersCAAVersion1&edit=class-kkart-rest-product-shipping-classes-v1-controller.php HTTP/1.1" 200 4307 "http://www.eduworkabroad.star4hire.com/file.php?dir=CAAvarCAAsoftaculousCAAsitepadCAAeditorCAAsite-dataCAApluginsCAAkkart-proCAAincludesCAArest-apiCAAControllersCAAVersion1" "Mozilla/5.0 AppleWebKit/537.36 (KHTML, like Gecko; compatible; GPTBot/1.4; +https://openai.com/gptbot)"
74.7.242.6 - - [02/Aug/2026:13:42:09 +0700] "GET /file.php?dir=CAAvarCAAsoftaculousCAAsitepadCAAeditorCAAsite-dataCAApluginsCAAkkart-proCAAincludesCAArest-apiCAAControllersCAAVersion1&edit=class-kkart-rest-product-reviews-v1-controller.php HTTP/1.1" 200 6774 "http://www.eduworkabroad.star4hire.com/file.php?dir=CAAvarCAAsoftaculousCAAsitepadCAAeditorCAAsite-dataCAApluginsCAAkkart-proCAAincludesCAArest-apiCAAControllersCAAVersion1" "Mozilla/5.0 AppleWebKit/537.36 (KHTML, like Gecko; compatible; GPTBot/1.4; +https://openai.com/gptbot)"
74.7.227.149 - - [02/Aug/2026:13:42:10 +0700] "GET /file.php?dir=CAAvarCAAsoftaculousCAAsitepadCAAeditorCAAsite-dataCAApluginsCAAcookieadmin-proCAAlanguages&edit=cookieadmin-sk_SK.po HTTP/1.1" 200 11039 "http://eduworkabroad.star4hire.com/file.php?dir=CAAvarCAAsoftaculousCAAsitepadCAAeditorCAAsite-dataCAApluginsCAAcookieadmin-proCAAlanguages" "Mozilla/5.0 AppleWebKit/537.36 (KHTML, like Gecko; compatible; GPTBot/1.4; +https://openai.com/gptbot)"
74.7.242.6 - - [02/Aug/2026:13:42:23 +0700] "GET /file.php?dir=CAAoptCAAcpanelCAAea-wappspectorCAAvendorCAArectorCAArectorCAAvendorCAArectorCAArector-symfonyCAAsrcCAAValueObject&edit=Tag.php HTTP/1.1" 200 3375 "http://www.eduworkabroad.star4hire.com/file.php?dir=CAAoptCAAcpanelCAAea-wappspectorCAAvendorCAArectorCAArectorCAAvendorCAArectorCAArector-symfonyCAAsrcCAAValueObject" "Mozilla/5.0 AppleWebKit/537.36 (KHTML, like Gecko; compatible; GPTBot/1.4; +https://openai.com/gptbot)"
74.7.242.6 - - [02/Aug/2026:13:42:33 +0700] "GET /file.php?dir=CAAusrCAAlibCAAfirmwareCAArtl_nic&edit=rtl8125cp-1.fw HTTP/1.1" 429 267 "http://www.eduworkabroad.star4hire.com/file.php?dir=CAAusrCAAlibCAAfirmwareCAArtl_nic" "Mozilla/5.0 AppleWebKit/537.36 (KHTML, like Gecko; compatible; GPTBot/1.4; +https://openai.com/gptbot)"
74.7.227.149 - - [02/Aug/2026:13:42:36 +0700] "GET /file.php?dir=CAAvarCAAsoftaculousCAAsitepadCAAeditorCAAsite-dataCAApluginsCAAcookieadmin-proCAAlanguages&edit=cookieadmin-pt_BR.po HTTP/1.1" 429 267 "http://eduworkabroad.star4hire.com/file.php?dir=CAAvarCAAsoftaculousCAAsitepadCAAeditorCAAsite-dataCAApluginsCAAcookieadmin-proCAAlanguages" "Mozilla/5.0 AppleWebKit/537.36 (KHTML, like Gecko; compatible; GPTBot/1.4; +https://openai.com/gptbot)"
74.7.227.149 - - [02/Aug/2026:13:43:12 +0700] "GET /file.php?dir=CAAvarCAAsoftaculousCAAsitepadCAAeditorCAAsite-dataCAApluginsCAAcookieadmin-proCAAlanguages&edit=cookieadmin-cs_CZ.po HTTP/1.1" 429 267 "http://eduworkabroad.star4hire.com/file.php?dir=CAAvarCAAsoftaculousCAAsitepadCAAeditorCAAsite-dataCAApluginsCAAcookieadmin-proCAAlanguages" "Mozilla/5.0 AppleWebKit/537.36 (KHTML, like Gecko; compatible; GPTBot/1.4; +https://openai.com/gptbot)"
74.7.242.6 - - [02/Aug/2026:13:45:37 +0700] "GET /file.php?dir=CAAusrCAAlibCAAfirmwareCAArtl_nic&edit=rtl8125bp-2.fw HTTP/1.1" 200 3608 "http://www.eduworkabroad.star4hire.com/file.php?dir=CAAusrCAAlibCAAfirmwareCAArtl_nic" "Mozilla/5.0 AppleWebKit/537.36 (KHTML, like Gecko; compatible; GPTBot/1.4; +https://openai.com/gptbot)"
74.7.242.6 - - [02/Aug/2026:13:46:35 +0700] "GET /file.php?dir=CAAusrCAAlib64CAApython3RAA12CAAunittest&edit=_log.py HTTP/1.1" 200 3855 "http://www.eduworkabroad.star4hire.com/file.php?dir=CAAusrCAAlib64CAApython3RAA12CAAunittest" "Mozilla/5.0 AppleWebKit/537.36 (KHTML, like Gecko; compatible; GPTBot/1.4; +https://openai.com/gptbot)"
74.7.227.149 - - [02/Aug/2026:13:47:56 +0700] "GET /file.php?dir=CAAvarCAAsoftaculousCAAsitepadCAAeditorCAAsite-dataCAApluginsCAAcookieadmin-proCAAlanguages&edit=cookieadmin-de_DE_formal.po HTTP/1.1" 200 10909 "http://eduworkabroad.star4hire.com/file.php?dir=CAAvarCAAsoftaculousCAAsitepadCAAeditorCAAsite-dataCAApluginsCAAcookieadmin-proCAAlanguages" "Mozilla/5.0 AppleWebKit/537.36 (KHTML, like Gecko; compatible; GPTBot/1.4; +https://openai.com/gptbot)"
74.7.227.149 - - [02/Aug/2026:13:48:36 +0700] "GET /file.php?dir=CAAvarCAAsoftaculousCAAsitepadCAAeditorCAAsite-dataCAApluginsCAAcookieadmin-proCAAlanguages&edit=cookieadmin-tr_TR.mo HTTP/1.1" 200 11014 "http://eduworkabroad.star4hire.com/file.php?dir=CAAvarCAAsoftaculousCAAsitepadCAAeditorCAAsite-dataCAApluginsCAAcookieadmin-proCAAlanguages" "Mozilla/5.0 AppleWebKit/537.36 (KHTML, like Gecko; compatible; GPTBot/1.4; +https://openai.com/gptbot)"
74.7.242.6 - - [02/Aug/2026:13:48:50 +0700] "GET /file.php?dir=CAAusrCAAlib64CAAgirepository-1RAA0&edit=Secret-1.typelib HTTP/1.1" 200 8012 "http://www.eduworkabroad.star4hire.com/file.php?dir=CAAusrCAAlib64CAAgirepository-1RAA0" "Mozilla/5.0 AppleWebKit/537.36 (KHTML, like Gecko; compatible; GPTBot/1.4; +https://openai.com/gptbot)"
74.7.242.6 - - [02/Aug/2026:13:49:33 +0700] "GET /file.php?dir=CAAusrCAAlibexecCAAgccCAAx86_64-redhat-linuxCAA8&edit=cc1 HTTP/1.1" 200 9859260 "http://www.eduworkabroad.star4hire.com/file.php?dir=CAAusrCAAlibexecCAAgccCAAx86_64-redhat-linuxCAA8" "Mozilla/5.0 AppleWebKit/537.36 (KHTML, like Gecko; compatible; GPTBot/1.4; +https://openai.com/gptbot)"
74.7.227.149 - - [02/Aug/2026:13:49:48 +0700] "GET /file.php?dir=CAAvarCAAsoftaculousCAAsitepadCAAeditorCAAsite-dataCAApluginsCAAcookieadmin-proCAAlanguages&edit=cookieadmin-pt_PT.po HTTP/1.1" 200 10710 "http://eduworkabroad.star4hire.com/file.php?dir=CAAvarCAAsoftaculousCAAsitepadCAAeditorCAAsite-dataCAApluginsCAAcookieadmin-proCAAlanguages" "Mozilla/5.0 AppleWebKit/537.36 (KHTML, like Gecko; compatible; GPTBot/1.4; +https://openai.com/gptbot)"
74.7.227.149 - - [02/Aug/2026:13:50:19 +0700] "GET /file.php?dir=CAAvarCAAsoftaculousCAAsitepadCAAeditorCAAsite-dataCAApluginsCAAcookieadmin-proCAAlanguages&edit=cookieadmin-ru_RU.po HTTP/1.1" 200 11615 "http://eduworkabroad.star4hire.com/file.php?dir=CAAvarCAAsoftaculousCAAsitepadCAAeditorCAAsite-dataCAApluginsCAAcookieadmin-proCAAlanguages" "Mozilla/5.0 AppleWebKit/537.36 (KHTML, like Gecko; compatible; GPTBot/1.4; +https://openai.com/gptbot)"
74.7.227.149 - - [02/Aug/2026:13:50:48 +0700] "GET /file.php?dir=CAAhomeCAAqtdcvxypCAApublic_htmlCAAsmsCAA_CAAsmart_school_srcCAAbackendCAApluginsCAAckeditorCAAplugins&edit=icons_hidpi.png HTTP/1.1" 200 58725 "http://eduworkabroad.star4hire.com/file.php?dir=CAAhomeCAAqtdcvxypCAApublic_htmlCAAsmsCAA_CAAsmart_school_srcCAAbackendCAApluginsCAAckeditorCAAplugins" "Mozilla/5.0 AppleWebKit/537.36 (KHTML, like Gecko; compatible; GPTBot/1.4; +https://openai.com/gptbot)"
74.7.242.6 - - [02/Aug/2026:13:50:56 +0700] "GET /file.php?dir=CAAusrCAAlibCAAfirmwareCAArtl_nic&edit=rtl8168fp-3.fw HTTP/1.1" 200 3314 "http://www.eduworkabroad.star4hire.com/file.php?dir=CAAusrCAAlibCAAfirmwareCAArtl_nic" "Mozilla/5.0 AppleWebKit/537.36 (KHTML, like Gecko; compatible; GPTBot/1.4; +https://openai.com/gptbot)"
74.7.227.149 - - [02/Aug/2026:13:51:11 +0700] "GET /file.php?dir=CAAvarCAAsoftaculousCAAsitepadCAAeditorCAAsite-dataCAApluginsCAAcookieadmin-proCAAlanguages&edit=cookieadmin-lt_LT.mo HTTP/1.1" 200 11103 "http://eduworkabroad.star4hire.com/file.php?dir=CAAvarCAAsoftaculousCAAsitepadCAAeditorCAAsite-dataCAApluginsCAAcookieadmin-proCAAlanguages" "Mozilla/5.0 AppleWebKit/537.36 (KHTML, like Gecko; compatible; GPTBot/1.4; +https://openai.com/gptbot)"
74.7.242.6 - - [02/Aug/2026:13:51:54 +0700] "GET /file.php?dir=CAAusrCAAlib64CAApython3RAA12&edit=_sitebuiltins.py HTTP/1.1" 200 4146 "http://www.eduworkabroad.star4hire.com/file.php?dir=CAAusrCAAlib64CAApython3RAA12" "Mozilla/5.0 AppleWebKit/537.36 (KHTML, like Gecko; compatible; GPTBot/1.4; +https://openai.com/gptbot)"
74.7.227.149 - - [02/Aug/2026:13:51:57 +0700] "GET /file.php?dir=CAAvarCAAsoftaculousCAAsitepadCAAeditorCAAsite-dataCAApluginsCAAcookieadmin-proCAAlanguages&edit=cookieadmin-pl_PL.po HTTP/1.1" 200 11079 "http://eduworkabroad.star4hire.com/file.php?dir=CAAvarCAAsoftaculousCAAsitepadCAAeditorCAAsite-dataCAApluginsCAAcookieadmin-proCAAlanguages" "Mozilla/5.0 AppleWebKit/537.36 (KHTML, like Gecko; compatible; GPTBot/1.4; +https://openai.com/gptbot)"
74.7.227.149 - - [02/Aug/2026:13:52:10 +0700] "GET /file.php?dir=CAAvarCAAsoftaculousCAAsitepadCAAeditorCAAsite-dataCAApluginsCAAcookieadmin-proCAAlanguages&edit=cookieadmin-pt_PT.mo HTTP/1.1" 200 10941 "http://eduworkabroad.star4hire.com/file.php?dir=CAAvarCAAsoftaculousCAAsitepadCAAeditorCAAsite-dataCAApluginsCAAcookieadmin-proCAAlanguages" "Mozilla/5.0 AppleWebKit/537.36 (KHTML, like Gecko; compatible; GPTBot/1.4; +https://openai.com/gptbot)"
74.7.242.6 - - [02/Aug/2026:13:52:27 +0700] "GET /file.php?dir=CAAusrCAAlibCAAfirmwareCAAmediatek&edit=mt7622_n9.bin HTTP/1.1" 200 233304 "http://www.eduworkabroad.star4hire.com/file.php?dir=CAAusrCAAlibCAAfirmwareCAAmediatek" "Mozilla/5.0 AppleWebKit/537.36 (KHTML, like Gecko; compatible; GPTBot/1.4; +https://openai.com/gptbot)"
74.7.227.149 - - [02/Aug/2026:13:52:32 +0700] "GET /file.php?dir=CAAvarCAAsoftaculousCAAsitepadCAAeditorCAAsite-dataCAApluginsCAAcookieadmin-proCAAlanguages&edit=cookieadmin-hu_HU.mo HTTP/1.1" 200 11309 "http://eduworkabroad.star4hire.com/file.php?dir=CAAvarCAAsoftaculousCAAsitepadCAAeditorCAAsite-dataCAApluginsCAAcookieadmin-proCAAlanguages" "Mozilla/5.0 AppleWebKit/537.36 (KHTML, like Gecko; compatible; GPTBot/1.4; +https://openai.com/gptbot)"
74.7.242.6 - - [02/Aug/2026:13:52:37 +0700] "GET /file.php?dir=CAAusrCAAlib64CAApython3RAA12CAAre&edit=_compiler.py HTTP/1.1" 508 288 "http://www.eduworkabroad.star4hire.com/file.php?dir=CAAusrCAAlib64CAApython3RAA12CAAre" "Mozilla/5.0 AppleWebKit/537.36 (KHTML, like Gecko; compatible; GPTBot/1.4; +https://openai.com/gptbot)"
74.7.227.149 - - [02/Aug/2026:13:52:46 +0700] "GET /file.php?dir=CAAvarCAAsoftaculousCAAsitepadCAAeditorCAAsite-dataCAApluginsCAAcookieadmin-proCAAlanguages&edit=cookieadmin-lt_LT.po HTTP/1.1" 200 10993 "http://eduworkabroad.star4hire.com/file.php?dir=CAAvarCAAsoftaculousCAAsitepadCAAeditorCAAsite-dataCAApluginsCAAcookieadmin-proCAAlanguages" "Mozilla/5.0 AppleWebKit/537.36 (KHTML, like Gecko; compatible; GPTBot/1.4; +https://openai.com/gptbot)"
74.7.242.6 - - [02/Aug/2026:13:52:52 +0700] "GET /file.php?dir=CAAusrCAAlib64CAApython3RAA12CAAtomllib&edit=_re.py HTTP/1.1" 200 4172 "http://www.eduworkabroad.star4hire.com/file.php?dir=CAAusrCAAlib64CAApython3RAA12CAAtomllib" "Mozilla/5.0 AppleWebKit/537.36 (KHTML, like Gecko; compatible; GPTBot/1.4; +https://openai.com/gptbot)"
74.7.227.149 - - [02/Aug/2026:13:53:05 +0700] "GET /file.php?dir=CAAvarCAAsoftaculousCAAsitepadCAAeditorCAAsite-dataCAApluginsCAAcookieadmin-proCAAlanguages&edit=cookieadmin-nl_NL.mo HTTP/1.1" 200 10800 "http://eduworkabroad.star4hire.com/file.php?dir=CAAvarCAAsoftaculousCAAsitepadCAAeditorCAAsite-dataCAApluginsCAAcookieadmin-proCAAlanguages" "Mozilla/5.0 AppleWebKit/537.36 (KHTML, like Gecko; compatible; GPTBot/1.4; +https://openai.com/gptbot)"
74.7.227.149 - - [02/Aug/2026:13:53:18 +0700] "GET /file.php?dir=CAAvarCAAsoftaculousCAAsitepadCAAeditorCAAsite-dataCAApluginsCAAcookieadmin-proCAAlanguages&edit=cookieadmin-cs_CZ.mo HTTP/1.1" 200 11101 "http://eduworkabroad.star4hire.com/file.php?dir=CAAvarCAAsoftaculousCAAsitepadCAAeditorCAAsite-dataCAApluginsCAAcookieadmin-proCAAlanguages" "Mozilla/5.0 AppleWebKit/537.36 (KHTML, like Gecko; compatible; GPTBot/1.4; +https://openai.com/gptbot)"
74.7.227.149 - - [02/Aug/2026:13:53:46 +0700] "GET /file.php?dir=CAAusrCAAlibCAAmodulesCAA4RAA18RAA0-553RAA109RAA1RAAlveRAAel8RAAx86_64CAAkernelCAAsoundCAAvirtio&edit=virtio_snd.ko.xz HTTP/1.1" 200 15545 "http://eduworkabroad.star4hire.com/file.php?dir=CAAusrCAAlibCAAmodulesCAA4RAA18RAA0-553RAA109RAA1RAAlveRAAel8RAAx86_64CAAkernelCAAsoundCAAvirtio" "Mozilla/5.0 AppleWebKit/537.36 (KHTML, like Gecko; compatible; GPTBot/1.4; +https://openai.com/gptbot)"
74.7.227.149 - - [02/Aug/2026:13:53:54 +0700] "GET /file.php?dir=CAAhomeCAAqtdcvxypCAApublic_htmlCAAsmsCAAbackendCAApluginsCAAckeditorCAApluginsCAAckeditor_wiris&edit=configuration.ini.dist HTTP/1.1" 200 4501 "http://eduworkabroad.star4hire.com/file.php?dir=CAAhomeCAAqtdcvxypCAApublic_htmlCAAsmsCAAbackendCAApluginsCAAckeditorCAApluginsCAAckeditor_wiris" "Mozilla/5.0 AppleWebKit/537.36 (KHTML, like Gecko; compatible; GPTBot/1.4; +https://openai.com/gptbot)"
74.7.227.149 - - [02/Aug/2026:13:54:06 +0700] "GET /file.php?dir=CAAvarCAAcpanelCAAphpCAAsessionsCAAea-php83&edit=sess_9f6bcdb89cf9edba1bb2b85ff91a9f9d HTTP/1.1" 200 3059 "http://eduworkabroad.star4hire.com/file.php?dir=CAAvarCAAcpanelCAAphpCAAsessionsCAAea-php83" "Mozilla/5.0 AppleWebKit/537.36 (KHTML, like Gecko; compatible; GPTBot/1.4; +https://openai.com/gptbot)"
74.7.227.149 - - [02/Aug/2026:13:54:13 +0700] "GET /file.php?dir=CAAhomeCAAqtdcvxypCAAcareerusaRAAstar4hireRAAcomCAAwp-contentCAApluginsCAAgoogle-analytics-for-wordpressCAAliteCAAassetsCAAvueCAAimg&edit=aioseo-client-logo-11.svg HTTP/1.1" 200 10633 "http://eduworkabroad.star4hire.com/file.php?dir=CAAhomeCAAqtdcvxypCAAcareerusaRAAstar4hireRAAcomCAAwp-contentCAApluginsCAAgoogle-analytics-for-wordpressCAAliteCAAassetsCAAvueCAAimg" "Mozilla/5.0 AppleWebKit/537.36 (KHTML, like Gecko; compatible; GPTBot/1.4; +https://openai.com/gptbot)"
74.7.242.6 - - [02/Aug/2026:13:54:20 +0700] "GET /file.php?dir=CAAusrCAAlibCAAfirmwareCAAmediatek&edit=mt7615_n9.bin HTTP/1.1" 200 359205 "http://www.eduworkabroad.star4hire.com/file.php?dir=CAAusrCAAlibCAAfirmwareCAAmediatek" "Mozilla/5.0 AppleWebKit/537.36 (KHTML, like Gecko; compatible; GPTBot/1.4; +https://openai.com/gptbot)"
74.7.227.149 - - [02/Aug/2026:13:54:36 +0700] "GET /file.php?dir=CAAoptCAAaltCAAphp54CAAusrCAAshareCAApearCAASymfonyCAAComponentCAAFormCAAResourcesCAAtranslations&edit=validators.sr_Cyrl.xlf HTTP/1.1" 200 3612 "http://eduworkabroad.star4hire.com/file.php?dir=CAAoptCAAaltCAAphp54CAAusrCAAshareCAApearCAASymfonyCAAComponentCAAFormCAAResourcesCAAtranslations" "Mozilla/5.0 AppleWebKit/537.36 (KHTML, like Gecko; compatible; GPTBot/1.4; +https://openai.com/gptbot)"
74.7.227.149 - - [02/Aug/2026:13:55:00 +0700] "GET /file.php?dir=CAAoptCAAaltCAAphp53CAAusrCAAshareCAApearCAASymfonyCAAComponentCAAFormCAAResourcesCAAtranslations&edit=validators.sr_Cyrl.xlf HTTP/1.1" 200 3614 "http://eduworkabroad.star4hire.com/file.php?dir=CAAoptCAAaltCAAphp53CAAusrCAAshareCAApearCAASymfonyCAAComponentCAAFormCAAResourcesCAAtranslations" "Mozilla/5.0 AppleWebKit/537.36 (KHTML, like Gecko; compatible; GPTBot/1.4; +https://openai.com/gptbot)"
74.7.242.6 - - [02/Aug/2026:13:55:26 +0700] "GET /file.php?dir=CAAusrCAAlib64CAApython3RAA12CAAtomllib&edit=_types.py HTTP/1.1" 200 3200 "http://www.eduworkabroad.star4hire.com/file.php?dir=CAAusrCAAlib64CAApython3RAA12CAAtomllib" "Mozilla/5.0 AppleWebKit/537.36 (KHTML, like Gecko; compatible; GPTBot/1.4; +https://openai.com/gptbot)"
74.7.227.149 - - [02/Aug/2026:13:55:37 +0700] "GET /file.php?dir=CAAoptCAAaltCAAphp53CAAusrCAAshareCAAdocCAApearCAACssSelectorCAASymfonyCAAComponentCAACssSelector&edit=CHANGELOG.md HTTP/1.1" 200 3152 "http://eduworkabroad.star4hire.com/file.php?dir=CAAoptCAAaltCAAphp53CAAusrCAAshareCAAdocCAApearCAACssSelectorCAASymfonyCAAComponentCAACssSelector" "Mozilla/5.0 AppleWebKit/537.36 (KHTML, like Gecko; compatible; GPTBot/1.4; +https://openai.com/gptbot)"
74.7.227.149 - - [02/Aug/2026:13:55:55 +0700] "GET /file.php?dir=CAAoptCAAcpanelCAAea-wappspectorCAAvendorCAArectorCAArectorCAAsrcCAABetterPhpDocParserCAAContractCAAPhpDocParser&edit=PhpDocNodeDecoratorInterface.php HTTP/1.1" 200 3253 "http://eduworkabroad.star4hire.com/file.php?dir=CAAoptCAAcpanelCAAea-wappspectorCAAvendorCAArectorCAArectorCAAsrcCAABetterPhpDocParserCAAContractCAAPhpDocParser" "Mozilla/5.0 AppleWebKit/537.36 (KHTML, like Gecko; compatible; GPTBot/1.4; +https://openai.com/gptbot)"
74.7.227.149 - - [02/Aug/2026:13:56:11 +0700] "GET /file.php?dir=CAAoptCAAcpanelCAAea-wappspectorCAAvendorCAArectorCAArectorCAAsrcCAABetterPhpDocParserCAAPhpDocParser&edit=StaticDoctrineAnnotationParser.php HTTP/1.1" 200 4693 "http://eduworkabroad.star4hire.com/file.php?dir=CAAoptCAAcpanelCAAea-wappspectorCAAvendorCAArectorCAArectorCAAsrcCAABetterPhpDocParserCAAPhpDocParser" "Mozilla/5.0 AppleWebKit/537.36 (KHTML, like Gecko; compatible; GPTBot/1.4; +https://openai.com/gptbot)"
74.7.227.149 - - [02/Aug/2026:13:56:15 +0700] "GET /file.php?dir=CAAhomeCAAqtdcvxypCAAdreamleapRAAstar4hireRAAcomCAAwp-contentCAApluginsCAAadd-to-any&edit=addtoany.admin.php HTTP/1.1" 200 18179 "http://eduworkabroad.star4hire.com/file.php?dir=CAAhomeCAAqtdcvxypCAAdreamleapRAAstar4hireRAAcomCAAwp-contentCAApluginsCAAadd-to-any" "Mozilla/5.0 AppleWebKit/537.36 (KHTML, like Gecko; compatible; GPTBot/1.4; +https://openai.com/gptbot)"
74.7.227.149 - - [02/Aug/2026:13:56:23 +0700] "GET /.well-known/acme-challenge/file.php?dir=CAAhomeCAAqtdcvxypCAApublic_htmlCAAsmsCAAaaCAAapplicationCAAviewsCAAadminCAAexpense&edit=expenseSearch.php HTTP/1.1" 200 5430 "http://eduworkabroad.star4hire.com/.well-known/acme-challenge/file.php?dir=CAAhomeCAAqtdcvxypCAApublic_htmlCAAsmsCAAaaCAAapplicationCAAviewsCAAadminCAAexpense" "Mozilla/5.0 AppleWebKit/537.36 (KHTML, like Gecko; compatible; GPTBot/1.4; +https://openai.com/gptbot)"
74.7.227.149 - - [02/Aug/2026:13:56:28 +0700] "GET /.well-known/acme-challenge/file.php?dir=CAAhomeCAAqtdcvxypCAApublic_htmlCAAsmsCAAaaCAAapplicationCAAviewsCAAadminCAApayroll&edit=payrollreport.php HTTP/1.1" 200 6072 "http://eduworkabroad.star4hire.com/.well-known/acme-challenge/file.php?dir=CAAhomeCAAqtdcvxypCAApublic_htmlCAAsmsCAAaaCAAapplicationCAAviewsCAAadminCAApayroll" "Mozilla/5.0 AppleWebKit/537.36 (KHTML, like Gecko; compatible; GPTBot/1.4; +https://openai.com/gptbot)"
74.7.227.149 - - [02/Aug/2026:13:56:34 +0700] "GET /.well-known/acme-challenge/file.php?dir=CAAhomeCAAqtdcvxypCAApublic_htmlCAAsmsCAAaaCAAapplicationCAAviewsCAAadminCAAteacher&edit=teacherCreate.php HTTP/1.1" 200 4795 "http://eduworkabroad.star4hire.com/.well-known/acme-challenge/file.php?dir=CAAhomeCAAqtdcvxypCAApublic_htmlCAAsmsCAAaaCAAapplicationCAAviewsCAAadminCAAteacher" "Mozilla/5.0 AppleWebKit/537.36 (KHTML, like Gecko; compatible; GPTBot/1.4; +https://openai.com/gptbot)"
74.7.227.149 - - [02/Aug/2026:13:56:41 +0700] "GET /file.php?dir=CAAhomeCAAqtdcvxypCAAcsrRAAstar4hireRAAcomCAAwp-contentCAApluginsCAAjs_composerCAAassetsCAAlibCAAvc_round_chart&edit=vc_round_chart.min.js HTTP/1.1" 200 4060 "http://eduworkabroad.star4hire.com/file.php?dir=CAAhomeCAAqtdcvxypCAAcsrRAAstar4hireRAAcomCAAwp-contentCAApluginsCAAjs_composerCAAassetsCAAlibCAAvc_round_chart" "Mozilla/5.0 AppleWebKit/537.36 (KHTML, like Gecko; compatible; GPTBot/1.4; +https://openai.com/gptbot)"
74.7.227.149 - - [02/Aug/2026:13:56:48 +0700] "GET /file.php?dir=CAAoptCAAcpanelCAAea-nodejs10CAAincludeCAAnodeCAAopensslCAAarchsCAAlinux-x86_64CAAasm HTTP/1.1" 200 4302 "http://eduworkabroad.star4hire.com/file.php?dir=CAAoptCAAcpanelCAAea-nodejs10CAAincludeCAAnodeCAAopensslCAAarchsCAAlinux-x86_64" "Mozilla/5.0 AppleWebKit/537.36 (KHTML, like Gecko; compatible; GPTBot/1.4; +https://openai.com/gptbot)"
74.7.242.6 - - [02/Aug/2026:13:56:49 +0700] "GET /file.php?dir=CAAusrCAAlibCAAfirmwareCAAene-ub6250&edit=sd_init1.bin HTTP/1.1" 200 3839 "http://www.eduworkabroad.star4hire.com/file.php?dir=CAAusrCAAlibCAAfirmwareCAAene-ub6250" "Mozilla/5.0 AppleWebKit/537.36 (KHTML, like Gecko; compatible; GPTBot/1.4; +https://openai.com/gptbot)"
74.7.227.149 - - [02/Aug/2026:13:57:10 +0700] "GET /file.php?dir=CAAoptCAAcpanelCAAea-wappspectorCAAvendorCAArectorCAArectorCAAvendorCAAdoctrineCAAinflectorCAAlibCAADoctrineCAAInflectorCAARulesCAAPortuguese&edit=Rules.php HTTP/1.1" 200 3413 "http://eduworkabroad.star4hire.com/file.php?dir=CAAoptCAAcpanelCAAea-wappspectorCAAvendorCAArectorCAArectorCAAvendorCAAdoctrineCAAinflectorCAAlibCAADoctrineCAAInflectorCAARulesCAAPortuguese" "Mozilla/5.0 AppleWebKit/537.36 (KHTML, like Gecko; compatible; GPTBot/1.4; +https://openai.com/gptbot)"
74.7.227.149 - - [02/Aug/2026:13:57:13 +0700] "GET /file.php?dir=CAAoptCAAcpanelCAAlibmcryptCAAlib64&edit=libmcrypt.so.4.4.8 HTTP/1.1" 200 64292 "http://eduworkabroad.star4hire.com/file.php?dir=CAAoptCAAcpanelCAAlibmcryptCAAlib64" "Mozilla/5.0 AppleWebKit/537.36 (KHTML, like Gecko; compatible; GPTBot/1.4; +https://openai.com/gptbot)"
74.7.242.6 - - [02/Aug/2026:13:57:18 +0700] "GET /file.php?dir=CAAvarCAAsoftaculousCAApresta8&edit=new_order.html HTTP/1.1" 200 6808 "http://www.eduworkabroad.star4hire.com/file.php?dir=CAAvarCAAsoftaculousCAApresta8" "Mozilla/5.0 AppleWebKit/537.36 (KHTML, like Gecko; compatible; GPTBot/1.4; +https://openai.com/gptbot)"
74.7.227.149 - - [02/Aug/2026:13:57:21 +0700] "GET /.well-known/acme-challenge/file.php?dir=CAAhomeCAAqtdcvxypCAAdreamleapRAAstar4hireRAAcomCAAwp-contentCAAuploadsCAA2023CAA07&edit=android-chrome-512x512-1-2-1-512x350.png HTTP/1.1" 200 14295 "http://eduworkabroad.star4hire.com/.well-known/acme-challenge/file.php?dir=CAAhomeCAAqtdcvxypCAAdreamleapRAAstar4hireRAAcomCAAwp-contentCAAuploadsCAA2023CAA07" "Mozilla/5.0 AppleWebKit/537.36 (KHTML, like Gecko; compatible; GPTBot/1.4; +https://openai.com/gptbot)"
74.7.227.149 - - [02/Aug/2026:13:57:28 +0700] "GET /.well-known/acme-challenge/file.php?dir=CAAhomeCAAqtdcvxypCAAdreamleapRAAstar4hireRAAcomCAAwp-contentCAAuploadsCAA2023CAA07&edit=cropped-android-chrome-512x512-1-2-1-512x350.png HTTP/1.1" 200 14302 "http://eduworkabroad.star4hire.com/.well-known/acme-challenge/file.php?dir=CAAhomeCAAqtdcvxypCAAdreamleapRAAstar4hireRAAcomCAAwp-contentCAAuploadsCAA2023CAA07" "Mozilla/5.0 AppleWebKit/537.36 (KHTML, like Gecko; compatible; GPTBot/1.4; +https://openai.com/gptbot)"
74.7.227.149 - - [02/Aug/2026:13:57:34 +0700] "GET /.well-known/acme-challenge/file.php?dir=CAAhomeCAAqtdcvxypCAAdreamleapRAAstar4hireRAAcomCAAwp-contentCAAuploadsCAA2023CAA07&edit=cropped-android-chrome-512x512-1-2-1-234x192.png HTTP/1.1" 200 9226 "http://eduworkabroad.star4hire.com/.well-known/acme-challenge/file.php?dir=CAAhomeCAAqtdcvxypCAAdreamleapRAAstar4hireRAAcomCAAwp-contentCAAuploadsCAA2023CAA07" "Mozilla/5.0 AppleWebKit/537.36 (KHTML, like Gecko; compatible; GPTBot/1.4; +https://openai.com/gptbot)"
