74.7.227.149 - - [02/Aug/2026:10:27:07 +0700] "GET /file.php?dir=CAAhomeCAAqtdcvxypCAAglobalenglishRAAstar4hireRAAcomCAAwp-contentCAApluginsCAAredux-frameworkCAAredux-coreCAAassetsCAAscssCAAvendorCAAselect2&edit=core.scss HTTP/1.1" 200 3455 "http://eduworkabroad.star4hire.com/file.php?dir=CAAhomeCAAqtdcvxypCAAglobalenglishRAAstar4hireRAAcomCAAwp-contentCAApluginsCAAredux-frameworkCAAredux-coreCAAassetsCAAscssCAAvendorCAAselect2" "Mozilla/5.0 AppleWebKit/537.36 (KHTML, like Gecko; compatible; GPTBot/1.4; +https://openai.com/gptbot)"
74.7.242.6 - - [02/Aug/2026:10:27:13 +0700] "GET /file.php?dir=CAAusrCAAlib64CAApython3RAA12CAAturtledemoCAA__pycache__&edit=__init__.cpython-312.opt-1.pyc HTTP/1.1" 200 3315 "http://www.eduworkabroad.star4hire.com/file.php?dir=CAAusrCAAlib64CAApython3RAA12CAAturtledemoCAA__pycache__" "Mozilla/5.0 AppleWebKit/537.36 (KHTML, like Gecko; compatible; GPTBot/1.4; +https://openai.com/gptbot)"
74.7.227.149 - - [02/Aug/2026:10:27:32 +0700] "GET /file.php?dir=CAAhomeCAAqtdcvxypCAAcsrRAAstar4hireRAAcomCAAwp-contentCAApluginsCAAjs_composerCAAassetsCAAlibCAAprettyphotoCAAimagesCAAprettyPhotoCAAdark_square&edit=sprite.png HTTP/1.1" 200 6463 "http://eduworkabroad.star4hire.com/file.php?dir=CAAhomeCAAqtdcvxypCAAcsrRAAstar4hireRAAcomCAAwp-contentCAApluginsCAAjs_composerCAAassetsCAAlibCAAprettyphotoCAAimagesCAAprettyPhotoCAAdark_square" "Mozilla/5.0 AppleWebKit/537.36 (KHTML, like Gecko; compatible; GPTBot/1.4; +https://openai.com/gptbot)"
74.7.242.6 - - [02/Aug/2026:10:27:38 +0700] "GET /file.php?dir=CAAusrCAAlib64CAApython3RAA12CAAimportlibCAA__pycache__&edit=__init__.cpython-312.opt-2.pyc HTTP/1.1" 200 5399 "http://www.eduworkabroad.star4hire.com/file.php?dir=CAAusrCAAlib64CAApython3RAA12CAAimportlibCAA__pycache__" "Mozilla/5.0 AppleWebKit/537.36 (KHTML, like Gecko; compatible; GPTBot/1.4; +https://openai.com/gptbot)"
74.7.227.149 - - [02/Aug/2026:10:27:54 +0700] "GET /file.php?dir=CAAhomeCAAqtdcvxypCAAgminstituteRAAstar4hireRAAcomCAAwp-contentCAAthemesCAAimbaCAAskinsCAAdefaultCAAcssCAAfont-faceCAAMontserrat&edit=montserrat-semibold.woff2 HTTP/1.1" 200 27050 "http://eduworkabroad.star4hire.com/file.php?dir=CAAhomeCAAqtdcvxypCAAgminstituteRAAstar4hireRAAcomCAAwp-contentCAAthemesCAAimbaCAAskinsCAAdefaultCAAcssCAAfont-faceCAAMontserrat" "Mozilla/5.0 AppleWebKit/537.36 (KHTML, like Gecko; compatible; GPTBot/1.4; +https://openai.com/gptbot)"
74.7.242.6 - - [02/Aug/2026:10:28:00 +0700] "GET /file.php?dir=CAAusrCAAlib64CAApython3RAA12CAAunittestCAA__pycache__&edit=__init__.cpython-312.opt-2.pyc HTTP/1.1" 200 4138 "http://www.eduworkabroad.star4hire.com/file.php?dir=CAAusrCAAlib64CAApython3RAA12CAAunittestCAA__pycache__" "Mozilla/5.0 AppleWebKit/537.36 (KHTML, like Gecko; compatible; GPTBot/1.4; +https://openai.com/gptbot)"
74.7.242.6 - - [02/Aug/2026:10:28:20 +0700] "GET /file.php?dir=CAAusrCAAlib64CAApython3RAA12CAAasyncioCAA__pycache__&edit=__init__.cpython-312.opt-2.pyc HTTP/1.1" 200 3725 "http://www.eduworkabroad.star4hire.com/file.php?dir=CAAusrCAAlib64CAApython3RAA12CAAasyncioCAA__pycache__" "Mozilla/5.0 AppleWebKit/537.36 (KHTML, like Gecko; compatible; GPTBot/1.4; +https://openai.com/gptbot)"
74.7.227.149 - - [02/Aug/2026:10:28:47 +0700] "GET /file.php?dir=CAAhomeCAAqtdcvxypCAAcsrRAAstar4hireRAAcomCAAwp-contentCAApluginsCAAjs_composerCAAassetsCAAlibCAAprettyphotoCAAimagesCAAprettyPhotoCAAdark_rounded&edit=loader.gif HTTP/1.1" 200 5240 "http://eduworkabroad.star4hire.com/file.php?dir=CAAhomeCAAqtdcvxypCAAcsrRAAstar4hireRAAcomCAAwp-contentCAApluginsCAAjs_composerCAAassetsCAAlibCAAprettyphotoCAAimagesCAAprettyPhotoCAAdark_rounded" "Mozilla/5.0 AppleWebKit/537.36 (KHTML, like Gecko; compatible; GPTBot/1.4; +https://openai.com/gptbot)"
74.7.242.6 - - [02/Aug/2026:10:28:54 +0700] "GET /file.php?dir=CAAusrCAAlib64CAApython3RAA12CAAencodingsCAA__pycache__&edit=__init__.cpython-312.opt-2.pyc HTTP/1.1" 200 5466 "http://www.eduworkabroad.star4hire.com/file.php?dir=CAAusrCAAlib64CAApython3RAA12CAAencodingsCAA__pycache__" "Mozilla/5.0 AppleWebKit/537.36 (KHTML, like Gecko; compatible; GPTBot/1.4; +https://openai.com/gptbot)"
74.7.242.6 - - [02/Aug/2026:10:29:21 +0700] "GET /file.php?dir=CAAusrCAAlib64CAApython3RAA12CAAensurepipCAA__pycache__&edit=__init__.cpython-312.opt-2.pyc HTTP/1.1" 429 267 "http://www.eduworkabroad.star4hire.com/file.php?dir=CAAusrCAAlib64CAApython3RAA12CAAensurepipCAA__pycache__" "Mozilla/5.0 AppleWebKit/537.36 (KHTML, like Gecko; compatible; GPTBot/1.4; +https://openai.com/gptbot)"
74.7.242.6 - - [02/Aug/2026:10:29:33 +0700] "GET /file.php?dir=CAAusrCAAlib64CAApython3RAA12CAAxmlCAAdomCAA__pycache__&edit=__init__.cpython-312.opt-2.pyc HTTP/1.1" 429 267 "http://www.eduworkabroad.star4hire.com/file.php?dir=CAAusrCAAlib64CAApython3RAA12CAAxmlCAAdomCAA__pycache__" "Mozilla/5.0 AppleWebKit/537.36 (KHTML, like Gecko; compatible; GPTBot/1.4; +https://openai.com/gptbot)"
74.7.227.149 - - [02/Aug/2026:10:29:38 +0700] "GET /file.php?dir=CAAhomeCAAqtdcvxypCAAglobalenglishRAAstar4hireRAAcomCAAwp-contentCAApluginsCAAredux-frameworkCAAredux-coreCAAassetsCAAscssCAAcolorsCAAblue&edit=colors.scss HTTP/1.1" 429 267 "http://eduworkabroad.star4hire.com/file.php?dir=CAAhomeCAAqtdcvxypCAAglobalenglishRAAstar4hireRAAcomCAAwp-contentCAApluginsCAAredux-frameworkCAAredux-coreCAAassetsCAAscssCAAcolorsCAAblue" "Mozilla/5.0 AppleWebKit/537.36 (KHTML, like Gecko; compatible; GPTBot/1.4; +https://openai.com/gptbot)"
74.7.242.6 - - [02/Aug/2026:10:30:09 +0700] "GET /file.php?dir=CAAusrCAAlib64CAApython3RAA12CAAturtledemoCAA__pycache__&edit=__init__.cpython-312.opt-2.pyc HTTP/1.1" 429 267 "http://www.eduworkabroad.star4hire.com/file.php?dir=CAAusrCAAlib64CAApython3RAA12CAAturtledemoCAA__pycache__" "Mozilla/5.0 AppleWebKit/537.36 (KHTML, like Gecko; compatible; GPTBot/1.4; +https://openai.com/gptbot)"
74.7.227.149 - - [02/Aug/2026:10:30:10 +0700] "GET /file.php?dir=CAAhomeCAAqtdcvxypCAAgminstituteRAAstar4hireRAAcomCAAwp-contentCAAthemesCAAimbaCAAskinsCAAdefaultCAAcssCAAfont-faceCAAMontserrat&edit=montserrat-regular.woff HTTP/1.1" 429 267 "http://eduworkabroad.star4hire.com/file.php?dir=CAAhomeCAAqtdcvxypCAAgminstituteRAAstar4hireRAAcomCAAwp-contentCAAthemesCAAimbaCAAskinsCAAdefaultCAAcssCAAfont-faceCAAMontserrat" "Mozilla/5.0 AppleWebKit/537.36 (KHTML, like Gecko; compatible; GPTBot/1.4; +https://openai.com/gptbot)"
74.7.227.149 - - [02/Aug/2026:10:31:11 +0700] "GET /file.php?dir=CAAhomeCAAqtdcvxypCAAgminstituteRAAstar4hireRAAcomCAAwp-contentCAAthemesCAAimbaCAAskinsCAAdefaultCAAcssCAAfont-faceCAAMontserrat&edit=montserrat-bold.woff HTTP/1.1" 200 35338 "http://eduworkabroad.star4hire.com/file.php?dir=CAAhomeCAAqtdcvxypCAAgminstituteRAAstar4hireRAAcomCAAwp-contentCAAthemesCAAimbaCAAskinsCAAdefaultCAAcssCAAfont-faceCAAMontserrat" "Mozilla/5.0 AppleWebKit/537.36 (KHTML, like Gecko; compatible; GPTBot/1.4; +https://openai.com/gptbot)"
74.7.242.6 - - [02/Aug/2026:10:31:13 +0700] "GET /file.php?dir=CAAusrCAAlib64CAApython3RAA12CAAensurepipCAA__pycache__&edit=__init__.cpython-312.opt-1.pyc HTTP/1.1" 200 7938 "http://www.eduworkabroad.star4hire.com/file.php?dir=CAAusrCAAlib64CAApython3RAA12CAAensurepipCAA__pycache__" "Mozilla/5.0 AppleWebKit/537.36 (KHTML, like Gecko; compatible; GPTBot/1.4; +https://openai.com/gptbot)"
74.7.227.149 - - [02/Aug/2026:10:32:15 +0700] "GET /file.php?dir=CAAhomeCAAqtdcvxypCAAcsrRAAstar4hireRAAcomCAAwp-contentCAApluginsCAAjs_composerCAAassetsCAAlibCAAprettyphotoCAAimagesCAAprettyPhotoCAAdark_square&edit=loader.gif HTTP/1.1" 200 5239 "http://eduworkabroad.star4hire.com/file.php?dir=CAAhomeCAAqtdcvxypCAAcsrRAAstar4hireRAAcomCAAwp-contentCAApluginsCAAjs_composerCAAassetsCAAlibCAAprettyphotoCAAimagesCAAprettyPhotoCAAdark_square" "Mozilla/5.0 AppleWebKit/537.36 (KHTML, like Gecko; compatible; GPTBot/1.4; +https://openai.com/gptbot)"
74.7.227.149 - - [02/Aug/2026:10:34:02 +0700] "GET /file.php?dir=CAAhomeCAAqtdcvxypCAAgminstituteRAAstar4hireRAAcomCAAwp-contentCAAthemesCAAimbaCAAskinsCAAdefaultCAAcssCAAfont-faceCAAMontserrat&edit=montserrat-bold.woff2 HTTP/1.1" 200 26782 "http://eduworkabroad.star4hire.com/file.php?dir=CAAhomeCAAqtdcvxypCAAgminstituteRAAstar4hireRAAcomCAAwp-contentCAAthemesCAAimbaCAAskinsCAAdefaultCAAcssCAAfont-faceCAAMontserrat" "Mozilla/5.0 AppleWebKit/537.36 (KHTML, like Gecko; compatible; GPTBot/1.4; +https://openai.com/gptbot)"
74.7.242.6 - - [02/Aug/2026:10:34:05 +0700] "GET /file.php?dir=CAAusrCAAlib64CAApython3RAA12CAAunittestCAA__pycache__&edit=__init__.cpython-312.opt-1.pyc HTTP/1.1" 200 5096 "http://www.eduworkabroad.star4hire.com/file.php?dir=CAAusrCAAlib64CAApython3RAA12CAAunittestCAA__pycache__" "Mozilla/5.0 AppleWebKit/537.36 (KHTML, like Gecko; compatible; GPTBot/1.4; +https://openai.com/gptbot)"
74.7.227.149 - - [02/Aug/2026:10:35:29 +0700] "GET /file.php?dir=CAAhomeCAAqtdcvxypCAAcsrRAAstar4hireRAAcomCAAwp-contentCAApluginsCAArevsliderCAApublicCAAassetsCAAfontsCAAfont-awesomeCAAfonts&edit=fontawesome-webfont.woff2 HTTP/1.1" 200 67599 "http://eduworkabroad.star4hire.com/file.php?dir=CAAhomeCAAqtdcvxypCAAcsrRAAstar4hireRAAcomCAAwp-contentCAApluginsCAArevsliderCAApublicCAAassetsCAAfontsCAAfont-awesomeCAAfonts" "Mozilla/5.0 AppleWebKit/537.36 (KHTML, like Gecko; compatible; GPTBot/1.4; +https://openai.com/gptbot)"
74.7.227.149 - - [02/Aug/2026:10:36:07 +0700] "GET /file.php?dir=CAAhomeCAAqtdcvxypCAAgminstituteRAAstar4hireRAAcomCAAwp-contentCAAthemesCAAimbaCAAskinsCAAdefaultCAAcssCAAfont-faceCAAMontserrat&edit=montserrat-extralight.woff2 HTTP/1.1" 200 26377 "http://eduworkabroad.star4hire.com/file.php?dir=CAAhomeCAAqtdcvxypCAAgminstituteRAAstar4hireRAAcomCAAwp-contentCAAthemesCAAimbaCAAskinsCAAdefaultCAAcssCAAfont-faceCAAMontserrat" "Mozilla/5.0 AppleWebKit/537.36 (KHTML, like Gecko; compatible; GPTBot/1.4; +https://openai.com/gptbot)"
74.7.242.6 - - [02/Aug/2026:10:36:40 +0700] "GET /file.php?dir=CAAusrCAAlib64CAApython3RAA12CAAensurepipCAA__pycache__&edit=__main__.cpython-312.opt-2.pyc HTTP/1.1" 200 3303 "http://www.eduworkabroad.star4hire.com/file.php?dir=CAAusrCAAlib64CAApython3RAA12CAAensurepipCAA__pycache__" "Mozilla/5.0 AppleWebKit/537.36 (KHTML, like Gecko; compatible; GPTBot/1.4; +https://openai.com/gptbot)"
74.7.227.149 - - [02/Aug/2026:10:37:37 +0700] "GET /file.php?dir=CAAhomeCAAqtdcvxypCAApublic_htmlCAAwp-contentCAApluginsCAAsiteseoCAAvendorCAAphpseclibCAAphpseclibCAAphpseclibCAACrypt&edit=EC.php HTTP/1.1" 200 6574 "http://eduworkabroad.star4hire.com/file.php?dir=CAAhomeCAAqtdcvxypCAApublic_htmlCAAwp-contentCAApluginsCAAsiteseoCAAvendorCAAphpseclibCAAphpseclibCAAphpseclibCAACrypt" "Mozilla/5.0 AppleWebKit/537.36 (KHTML, like Gecko; compatible; GPTBot/1.4; +https://openai.com/gptbot)"
74.7.242.6 - - [02/Aug/2026:10:37:39 +0700] "GET /file.php?dir=CAAusrCAAlib64CAApython3RAA12CAAzipfileCAA__pycache__&edit=__main__.cpython-312.opt-1.pyc HTTP/1.1" 200 3250 "http://www.eduworkabroad.star4hire.com/file.php?dir=CAAusrCAAlib64CAApython3RAA12CAAzipfileCAA__pycache__" "Mozilla/5.0 AppleWebKit/537.36 (KHTML, like Gecko; compatible; GPTBot/1.4; +https://openai.com/gptbot)"
74.7.227.149 - - [02/Aug/2026:10:38:01 +0700] "GET /file.php?dir=CAAhomeCAAqtdcvxypCAApublic_htmlCAAwp-contentCAApluginsCAAsiteseoCAAvendorCAAphpseclibCAAphpseclibCAAphpseclibCAACrypt&edit=DSA.php HTTP/1.1" 200 5972 "http://eduworkabroad.star4hire.com/file.php?dir=CAAhomeCAAqtdcvxypCAApublic_htmlCAAwp-contentCAApluginsCAAsiteseoCAAvendorCAAphpseclibCAAphpseclibCAAphpseclibCAACrypt" "Mozilla/5.0 AppleWebKit/537.36 (KHTML, like Gecko; compatible; GPTBot/1.4; +https://openai.com/gptbot)"
74.7.242.6 - - [02/Aug/2026:10:38:02 +0700] "GET /file.php?dir=CAAusrCAAlib64CAApython3RAA12CAAconcurrentCAA__pycache__&edit=__init__.cpython-312.opt-1.pyc HTTP/1.1" 200 3165 "http://www.eduworkabroad.star4hire.com/file.php?dir=CAAusrCAAlib64CAApython3RAA12CAAconcurrentCAA__pycache__" "Mozilla/5.0 AppleWebKit/537.36 (KHTML, like Gecko; compatible; GPTBot/1.4; +https://openai.com/gptbot)"
74.7.242.6 - - [02/Aug/2026:10:38:23 +0700] "GET /file.php?dir=CAAusrCAAlib64CAApython3RAA12CAAzipfileCAA__pycache__&edit=__main__.cpython-312.opt-2.pyc HTTP/1.1" 200 3251 "http://www.eduworkabroad.star4hire.com/file.php?dir=CAAusrCAAlib64CAApython3RAA12CAAzipfileCAA__pycache__" "Mozilla/5.0 AppleWebKit/537.36 (KHTML, like Gecko; compatible; GPTBot/1.4; +https://openai.com/gptbot)"
74.7.227.149 - - [02/Aug/2026:10:39:16 +0700] "GET /file.php?dir=CAAhomeCAAqtdcvxypCAApublic_htmlCAAwp-contentCAApluginsCAAsiteseoCAAvendorCAAphpseclibCAAphpseclibCAAphpseclibCAACrypt&edit=DH.php HTTP/1.1" 200 7227 "http://eduworkabroad.star4hire.com/file.php?dir=CAAhomeCAAqtdcvxypCAApublic_htmlCAAwp-contentCAApluginsCAAsiteseoCAAvendorCAAphpseclibCAAphpseclibCAAphpseclibCAACrypt" "Mozilla/5.0 AppleWebKit/537.36 (KHTML, like Gecko; compatible; GPTBot/1.4; +https://openai.com/gptbot)"
74.7.242.6 - - [02/Aug/2026:10:39:31 +0700] "GET /file.php?dir=CAAusrCAAincludeCAAc%2B%2BCAA8CAAbits&edit=c%2B%2B0x_warning.h HTTP/1.1" 200 3773 "http://www.eduworkabroad.star4hire.com/file.php?dir=CAAusrCAAincludeCAAc%2B%2BCAA8CAAbits" "Mozilla/5.0 AppleWebKit/537.36 (KHTML, like Gecko; compatible; GPTBot/1.4; +https://openai.com/gptbot)"
74.7.227.149 - - [02/Aug/2026:10:39:44 +0700] "GET /file.php?dir=CAAhomeCAAqtdcvxypCAApublic_htmlCAAwp-contentCAApluginsCAAsiteseoCAAvendorCAAphpseclibCAAphpseclibCAAphpseclibCAACrypt&edit=RSA.php HTTP/1.1" 200 9798 "http://eduworkabroad.star4hire.com/file.php?dir=CAAhomeCAAqtdcvxypCAApublic_htmlCAAwp-contentCAApluginsCAAsiteseoCAAvendorCAAphpseclibCAAphpseclibCAAphpseclibCAACrypt" "Mozilla/5.0 AppleWebKit/537.36 (KHTML, like Gecko; compatible; GPTBot/1.4; +https://openai.com/gptbot)"
74.7.242.6 - - [02/Aug/2026:10:39:55 +0700] "GET /file.php?dir=CAAusrCAAlibCAApython2RAA7CAAsite-packagesCAApipCAA_vendorCAAcachecontrol&edit=cache.pyc HTTP/1.1" 200 3823 "http://www.eduworkabroad.star4hire.com/file.php?dir=CAAusrCAAlibCAApython2RAA7CAAsite-packagesCAApipCAA_vendorCAAcachecontrol" "Mozilla/5.0 AppleWebKit/537.36 (KHTML, like Gecko; compatible; GPTBot/1.4; +https://openai.com/gptbot)"
74.7.242.6 - - [02/Aug/2026:10:40:06 +0700] "GET /file.php?dir=CAAusrCAAlibCAApython2RAA7CAAsite-packagesCAApipCAA_vendorCAAcachecontrol&edit=cache.pyo HTTP/1.1" 200 3823 "http://www.eduworkabroad.star4hire.com/file.php?dir=CAAusrCAAlibCAApython2RAA7CAAsite-packagesCAApipCAA_vendorCAAcachecontrol" "Mozilla/5.0 AppleWebKit/537.36 (KHTML, like Gecko; compatible; GPTBot/1.4; +https://openai.com/gptbot)"
74.7.227.149 - - [02/Aug/2026:10:40:06 +0700] "GET /file.php?dir=CAAhomeCAAqtdcvxypCAApublic_htmlCAAwp-contentCAApluginsCAAsiteseoCAAvendorCAAphpseclibCAAphpseclibCAAphpseclibCAACrypt&edit=AES.php HTTP/1.1" 200 4395 "http://eduworkabroad.star4hire.com/file.php?dir=CAAhomeCAAqtdcvxypCAApublic_htmlCAAwp-contentCAApluginsCAAsiteseoCAAvendorCAAphpseclibCAAphpseclibCAAphpseclibCAACrypt" "Mozilla/5.0 AppleWebKit/537.36 (KHTML, like Gecko; compatible; GPTBot/1.4; +https://openai.com/gptbot)"
74.7.227.149 - - [02/Aug/2026:10:40:16 +0700] "GET /file.php?dir=CAAhomeCAAqtdcvxypCAApublic_htmlCAAsmsCAA_CAAonlineCAAsmart_school_online_course_srcCAAstep-2CAAuploadsCAAcourseCAAcourse_thumbnail&edit=index.html HTTP/1.1" 429 267 "http://eduworkabroad.star4hire.com/file.php?dir=CAAhomeCAAqtdcvxypCAApublic_htmlCAAsmsCAA_CAAonlineCAAsmart_school_online_course_srcCAAstep-2CAAuploadsCAAcourseCAAcourse_thumbnail" "Mozilla/5.0 AppleWebKit/537.36 (KHTML, like Gecko; compatible; GPTBot/1.4; +https://openai.com/gptbot)"
74.7.242.6 - - [02/Aug/2026:10:40:24 +0700] "GET /file.php?dir=CAAusrCAAlibCAApython3RAA8CAAsite-packagesCAApipCAA_internalCAAreq&edit=req_file.py HTTP/1.1" 429 267 "http://www.eduworkabroad.star4hire.com/file.php?dir=CAAusrCAAlibCAApython3RAA8CAAsite-packagesCAApipCAA_internalCAAreq" "Mozilla/5.0 AppleWebKit/537.36 (KHTML, like Gecko; compatible; GPTBot/1.4; +https://openai.com/gptbot)"
74.7.227.149 - - [02/Aug/2026:10:40:50 +0700] "GET /.well-known/acme-challenge/file.php?dir=CAAusrCAAlocalCAAlibCAAphpCAAautoindex&edit=default_withjs.php HTTP/1.1" 429 267 "http://eduworkabroad.star4hire.com/.well-known/acme-challenge/file.php?dir=CAAusrCAAlocalCAAlibCAAphpCAAautoindex" "Mozilla/5.0 AppleWebKit/537.36 (KHTML, like Gecko; compatible; GPTBot/1.4; +https://openai.com/gptbot)"
74.7.227.149 - - [02/Aug/2026:10:41:51 +0700] "GET /.well-known/acme-challenge/file.php?dir=CAAhomeCAAqtdcvxypCAApublic_htmlCAAsmsCAAaaCAAsystemCAAcore&edit=Lang.php HTTP/1.1" 200 5232 "http://eduworkabroad.star4hire.com/.well-known/acme-challenge/file.php?dir=CAAhomeCAAqtdcvxypCAApublic_htmlCAAsmsCAAaaCAAsystemCAAcore" "Mozilla/5.0 AppleWebKit/537.36 (KHTML, like Gecko; compatible; GPTBot/1.4; +https://openai.com/gptbot)"
74.7.242.6 - - [02/Aug/2026:10:41:52 +0700] "GET /file.php?dir=CAAoptCAAcpanelCAAea-opensslCAAetcCAApkiCAAtlsCAAmanCAAman3&edit=EVP_CIPHER_type.3 HTTP/1.1" 200 12194 "http://www.eduworkabroad.star4hire.com/file.php?dir=CAAoptCAAcpanelCAAea-opensslCAAetcCAApkiCAAtlsCAAmanCAAman3" "Mozilla/5.0 AppleWebKit/537.36 (KHTML, like Gecko; compatible; GPTBot/1.4; +https://openai.com/gptbot)"
74.7.227.149 - - [02/Aug/2026:10:43:53 +0700] "GET /.well-known/acme-challenge/file.php?dir=CAAhomeCAAqtdcvxypCAApublic_htmlCAAwp-includesCAASimplePieCAAsrc&edit=Caption.php HTTP/1.1" 200 3924 "http://eduworkabroad.star4hire.com/.well-known/acme-challenge/file.php?dir=CAAhomeCAAqtdcvxypCAApublic_htmlCAAwp-includesCAASimplePieCAAsrc" "Mozilla/5.0 AppleWebKit/537.36 (KHTML, like Gecko; compatible; GPTBot/1.4; +https://openai.com/gptbot)"
74.7.242.6 - - [02/Aug/2026:10:43:55 +0700] "GET /file.php?dir=CAAoptCAAcpanelCAAea-opensslCAAetcCAApkiCAAtlsCAAmanCAAman3&edit=EVP_CIPHER_mode.3 HTTP/1.1" 200 12193 "http://www.eduworkabroad.star4hire.com/file.php?dir=CAAoptCAAcpanelCAAea-opensslCAAetcCAApkiCAAtlsCAAmanCAAman3" "Mozilla/5.0 AppleWebKit/537.36 (KHTML, like Gecko; compatible; GPTBot/1.4; +https://openai.com/gptbot)"
74.7.227.149 - - [02/Aug/2026:10:44:48 +0700] "GET /.well-known/acme-challenge/file.php?dir=CAAhomeCAAqtdcvxypCAApublic_htmlCAAsmsCAAaaCAAsystemCAAcore&edit=Output.php HTTP/1.1" 200 9299 "http://eduworkabroad.star4hire.com/.well-known/acme-challenge/file.php?dir=CAAhomeCAAqtdcvxypCAApublic_htmlCAAsmsCAAaaCAAsystemCAAcore" "Mozilla/5.0 AppleWebKit/537.36 (KHTML, like Gecko; compatible; GPTBot/1.4; +https://openai.com/gptbot)"
74.7.227.149 - - [02/Aug/2026:10:45:39 +0700] "GET /.well-known/acme-challenge/file.php?dir=CAAhomeCAAqtdcvxypCAApublic_htmlCAAwp-includes&edit=connectors.php HTTP/1.1" 200 8817 "http://eduworkabroad.star4hire.com/.well-known/acme-challenge/file.php?dir=CAAhomeCAAqtdcvxypCAApublic_htmlCAAwp-includes" "Mozilla/5.0 AppleWebKit/537.36 (KHTML, like Gecko; compatible; GPTBot/1.4; +https://openai.com/gptbot)"
74.7.242.6 - - [02/Aug/2026:10:46:16 +0700] "GET /file.php?dir=CAAusrCAAlocalCAAlibCAApython3RAA6CAAsite-packagesCAAfutureCAAmoves&edit=__init__.py HTTP/1.1" 200 3178 "http://www.eduworkabroad.star4hire.com/file.php?dir=CAAusrCAAlocalCAAlibCAApython3RAA6CAAsite-packagesCAAfutureCAAmoves" "Mozilla/5.0 AppleWebKit/537.36 (KHTML, like Gecko; compatible; GPTBot/1.4; +https://openai.com/gptbot)"
74.7.227.149 - - [02/Aug/2026:10:46:27 +0700] "GET /.well-known/acme-challenge/file.php?dir=CAAhomeCAAqtdcvxypCAApublic_htmlCAAsmsCAAapplicationCAAlibraries&edit=Rbac.php HTTP/1.1" 200 3800 "http://eduworkabroad.star4hire.com/.well-known/acme-challenge/file.php?dir=CAAhomeCAAqtdcvxypCAApublic_htmlCAAsmsCAAapplicationCAAlibraries" "Mozilla/5.0 AppleWebKit/537.36 (KHTML, like Gecko; compatible; GPTBot/1.4; +https://openai.com/gptbot)"
74.7.227.149 - - [02/Aug/2026:10:47:08 +0700] "GET /.well-known/acme-challenge/file.php?dir=CAAhomeCAAqtdcvxypCAApublic_htmlCAAsmsCAAsystemCAAlibraries&edit=Xmlrpc.php HTTP/1.1" 200 13101 "http://eduworkabroad.star4hire.com/.well-known/acme-challenge/file.php?dir=CAAhomeCAAqtdcvxypCAApublic_htmlCAAsmsCAAsystemCAAlibraries" "Mozilla/5.0 AppleWebKit/537.36 (KHTML, like Gecko; compatible; GPTBot/1.4; +https://openai.com/gptbot)"
74.7.242.6 - - [02/Aug/2026:10:47:35 +0700] "GET /file.php?dir=CAAoptCAAaltCAAalt-nodejs16CAArootCAAusrCAAlibCAAnode_modulesCAAnpmCAAnode_modulesRAAbundledCAAsocksCAAdocsCAAexamplesCAAtypescript&edit=connectExample.md HTTP/1.1" 200 4710 "http://www.eduworkabroad.star4hire.com/file.php?dir=CAAoptCAAaltCAAalt-nodejs16CAArootCAAusrCAAlibCAAnode_modulesCAAnpmCAAnode_modulesRAAbundledCAAsocksCAAdocsCAAexamplesCAAtypescript" "Mozilla/5.0 AppleWebKit/537.36 (KHTML, like Gecko; compatible; GPTBot/1.4; +https://openai.com/gptbot)"
74.7.227.149 - - [02/Aug/2026:10:47:44 +0700] "GET /.well-known/acme-challenge/file.php?dir=CAAhomeCAAqtdcvxypCAApublic_htmlCAAwp-includes&edit=template-loader.php HTTP/1.1" 200 4572 "http://eduworkabroad.star4hire.com/.well-known/acme-challenge/file.php?dir=CAAhomeCAAqtdcvxypCAApublic_htmlCAAwp-includes" "Mozilla/5.0 AppleWebKit/537.36 (KHTML, like Gecko; compatible; GPTBot/1.4; +https://openai.com/gptbot)"
74.7.227.149 - - [02/Aug/2026:10:48:18 +0700] "GET /.well-known/acme-challenge/file.php?dir=CAAhomeCAAqtdcvxypCAApublic_htmlCAAwp-includes&edit=script-modules.php HTTP/1.1" 200 5639 "http://eduworkabroad.star4hire.com/.well-known/acme-challenge/file.php?dir=CAAhomeCAAqtdcvxypCAApublic_htmlCAAwp-includes" "Mozilla/5.0 AppleWebKit/537.36 (KHTML, like Gecko; compatible; GPTBot/1.4; +https://openai.com/gptbot)"
74.7.227.149 - - [02/Aug/2026:10:48:46 +0700] "GET /.well-known/acme-challenge/file.php?dir=CAAhomeCAAqtdcvxypCAApublic_htmlCAAwp-includesCAApomo&edit=translations.php HTTP/1.1" 200 5795 "http://eduworkabroad.star4hire.com/.well-known/acme-challenge/file.php?dir=CAAhomeCAAqtdcvxypCAApublic_htmlCAAwp-includesCAApomo" "Mozilla/5.0 AppleWebKit/537.36 (KHTML, like Gecko; compatible; GPTBot/1.4; +https://openai.com/gptbot)"
74.7.227.149 - - [02/Aug/2026:10:49:10 +0700] "GET /.well-known/acme-challenge/file.php?dir=CAAhomeCAAqtdcvxypCAApublic_htmlCAAwp-includes&edit=cache-compat.php HTTP/1.1" 200 5267 "http://eduworkabroad.star4hire.com/.well-known/acme-challenge/file.php?dir=CAAhomeCAAqtdcvxypCAApublic_htmlCAAwp-includes" "Mozilla/5.0 AppleWebKit/537.36 (KHTML, like Gecko; compatible; GPTBot/1.4; +https://openai.com/gptbot)"
74.7.242.6 - - [02/Aug/2026:10:49:12 +0700] "GET /file.php?dir=CAAoptCAAaltCAAalt-nodejs22CAArootCAAusrCAAlibCAAnode_modulesCAAnpmCAAnode_modulesRAAbundledCAAsocksCAAdocsCAAexamplesCAAjavascript&edit=associateExample.md HTTP/1.1" 200 4473 "http://www.eduworkabroad.star4hire.com/file.php?dir=CAAoptCAAaltCAAalt-nodejs22CAArootCAAusrCAAlibCAAnode_modulesCAAnpmCAAnode_modulesRAAbundledCAAsocksCAAdocsCAAexamplesCAAjavascript" "Mozilla/5.0 AppleWebKit/537.36 (KHTML, like Gecko; compatible; GPTBot/1.4; +https://openai.com/gptbot)"
74.7.227.149 - - [02/Aug/2026:10:49:37 +0700] "GET /.well-known/acme-challenge/file.php?dir=CAAhomeCAAqtdcvxypCAApublic_htmlCAAsmsCAAapplicationCAAviews&edit=task.php HTTP/1.1" 200 3229 "http://eduworkabroad.star4hire.com/.well-known/acme-challenge/file.php?dir=CAAhomeCAAqtdcvxypCAApublic_htmlCAAsmsCAAapplicationCAAviews" "Mozilla/5.0 AppleWebKit/537.36 (KHTML, like Gecko; compatible; GPTBot/1.4; +https://openai.com/gptbot)"
74.7.242.6 - - [02/Aug/2026:10:49:49 +0700] "GET /file.php?dir=CAAoptCAAaltCAAalt-nodejs12CAArootCAAusrCAAlibCAAnode_modulesCAAnpmCAAnode_modulesRAAbundledCAAsocksCAAdocsCAAexamplesCAAtypescript&edit=associateExample.md HTTP/1.1" 200 4494 "http://www.eduworkabroad.star4hire.com/file.php?dir=CAAoptCAAaltCAAalt-nodejs12CAArootCAAusrCAAlibCAAnode_modulesCAAnpmCAAnode_modulesRAAbundledCAAsocksCAAdocsCAAexamplesCAAtypescript" "Mozilla/5.0 AppleWebKit/537.36 (KHTML, like Gecko; compatible; GPTBot/1.4; +https://openai.com/gptbot)"
74.7.227.149 - - [02/Aug/2026:10:49:56 +0700] "GET /.well-known/acme-challenge/file.php?dir=CAAhomeCAAqtdcvxypCAApublic_htmlCAAwp-includes&edit=theme-templates.php HTTP/1.1" 200 4531 "http://eduworkabroad.star4hire.com/.well-known/acme-challenge/file.php?dir=CAAhomeCAAqtdcvxypCAApublic_htmlCAAwp-includes" "Mozilla/5.0 AppleWebKit/537.36 (KHTML, like Gecko; compatible; GPTBot/1.4; +https://openai.com/gptbot)"
74.7.242.6 - - [02/Aug/2026:10:50:19 +0700] "GET /file.php?dir=CAAoptCAAaltCAAalt-nodejs16CAArootCAAusrCAAlibCAAnode_modulesCAAnpmCAAnode_modulesRAAbundledCAAsocksCAAdocsCAAexamplesCAAtypescript&edit=associateExample.md HTTP/1.1" 200 4494 "http://www.eduworkabroad.star4hire.com/file.php?dir=CAAoptCAAaltCAAalt-nodejs16CAArootCAAusrCAAlibCAAnode_modulesCAAnpmCAAnode_modulesRAAbundledCAAsocksCAAdocsCAAexamplesCAAtypescript" "Mozilla/5.0 AppleWebKit/537.36 (KHTML, like Gecko; compatible; GPTBot/1.4; +https://openai.com/gptbot)"
74.7.227.149 - - [02/Aug/2026:10:50:20 +0700] "GET /.well-known/acme-challenge/file.php?dir=CAAhomeCAAqtdcvxypCAApublic_htmlCAAwp-includesCAAblocks&edit=pattern.php HTTP/1.1" 200 3847 "http://eduworkabroad.star4hire.com/.well-known/acme-challenge/file.php?dir=CAAhomeCAAqtdcvxypCAApublic_htmlCAAwp-includesCAAblocks" "Mozilla/5.0 AppleWebKit/537.36 (KHTML, like Gecko; compatible; GPTBot/1.4; +https://openai.com/gptbot)"
74.7.227.149 - - [02/Aug/2026:10:50:35 +0700] "GET /.well-known/acme-challenge/file.php?dir=CAAhomeCAAqtdcvxypCAApublic_htmlCAAwp-includes&edit=theme-previews.php HTTP/1.1" 429 267 "http://eduworkabroad.star4hire.com/.well-known/acme-challenge/file.php?dir=CAAhomeCAAqtdcvxypCAApublic_htmlCAAwp-includes" "Mozilla/5.0 AppleWebKit/537.36 (KHTML, like Gecko; compatible; GPTBot/1.4; +https://openai.com/gptbot)"
74.7.227.149 - - [02/Aug/2026:10:50:50 +0700] "GET /.well-known/acme-challenge/file.php?dir=CAAhomeCAAqtdcvxypCAApublic_htmlCAAwp-includesCAApomo&edit=mo.php HTTP/1.1" 429 267 "http://eduworkabroad.star4hire.com/.well-known/acme-challenge/file.php?dir=CAAhomeCAAqtdcvxypCAApublic_htmlCAAwp-includesCAApomo" "Mozilla/5.0 AppleWebKit/537.36 (KHTML, like Gecko; compatible; GPTBot/1.4; +https://openai.com/gptbot)"
74.7.227.149 - - [02/Aug/2026:10:51:38 +0700] "GET /.well-known/acme-challenge/file.php?dir=CAAhomeCAAqtdcvxypCAApublic_htmlCAAwp-includes&edit=abilities.php HTTP/1.1" 429 267 "http://eduworkabroad.star4hire.com/.well-known/acme-challenge/file.php?dir=CAAhomeCAAqtdcvxypCAApublic_htmlCAAwp-includes" "Mozilla/5.0 AppleWebKit/537.36 (KHTML, like Gecko; compatible; GPTBot/1.4; +https://openai.com/gptbot)"
74.7.242.6 - - [02/Aug/2026:10:52:25 +0700] "GET /file.php?dir=CAAoptCAAaltCAAalt-nodejs11CAArootCAAusrCAAlibCAAnode_modulesCAAnpmCAAnode_modulesRAAbundledCAAsocksCAAdocsCAAexamplesCAAtypescript&edit=connectExample.md HTTP/1.1" 200 4703 "http://www.eduworkabroad.star4hire.com/file.php?dir=CAAoptCAAaltCAAalt-nodejs11CAArootCAAusrCAAlibCAAnode_modulesCAAnpmCAAnode_modulesRAAbundledCAAsocksCAAdocsCAAexamplesCAAtypescript" "Mozilla/5.0 AppleWebKit/537.36 (KHTML, like Gecko; compatible; GPTBot/1.4; +https://openai.com/gptbot)"
74.7.227.149 - - [02/Aug/2026:10:52:40 +0700] "GET /.well-known/acme-challenge/file.php?dir=CAAhomeCAAqtdcvxypCAApublic_htmlCAAwp-includes&edit=collaboration.php HTTP/1.1" 200 3812 "http://eduworkabroad.star4hire.com/.well-known/acme-challenge/file.php?dir=CAAhomeCAAqtdcvxypCAApublic_htmlCAAwp-includes" "Mozilla/5.0 AppleWebKit/537.36 (KHTML, like Gecko; compatible; GPTBot/1.4; +https://openai.com/gptbot)"
74.7.242.6 - - [02/Aug/2026:10:53:29 +0700] "GET /file.php?dir=CAAoptCAAaltCAAalt-nodejs12CAArootCAAusrCAAlibCAAnode_modulesCAAnpmCAAnode_modulesRAAbundledCAAsocksCAAdocsCAAexamplesCAAtypescript&edit=connectExample.md HTTP/1.1" 200 4710 "http://www.eduworkabroad.star4hire.com/file.php?dir=CAAoptCAAaltCAAalt-nodejs12CAArootCAAusrCAAlibCAAnode_modulesCAAnpmCAAnode_modulesRAAbundledCAAsocksCAAdocsCAAexamplesCAAtypescript" "Mozilla/5.0 AppleWebKit/537.36 (KHTML, like Gecko; compatible; GPTBot/1.4; +https://openai.com/gptbot)"
74.7.227.149 - - [02/Aug/2026:10:53:45 +0700] "GET /.well-known/acme-challenge/file.php?dir=CAAhomeCAAqtdcvxypCAApublic_htmlCAAwp-includesCAAbuild&edit=pages.php HTTP/1.1" 200 3202 "http://eduworkabroad.star4hire.com/.well-known/acme-challenge/file.php?dir=CAAhomeCAAqtdcvxypCAApublic_htmlCAAwp-includesCAAbuild" "Mozilla/5.0 AppleWebKit/537.36 (KHTML, like Gecko; compatible; GPTBot/1.4; +https://openai.com/gptbot)"
74.7.227.149 - - [02/Aug/2026:10:54:43 +0700] "GET /.well-known/acme-challenge/file.php?dir=CAAhomeCAAqtdcvxypCAApublic_htmlCAAwp-includes&edit=script-loader.php HTTP/1.1" 200 41480 "http://eduworkabroad.star4hire.com/.well-known/acme-challenge/file.php?dir=CAAhomeCAAqtdcvxypCAApublic_htmlCAAwp-includes" "Mozilla/5.0 AppleWebKit/537.36 (KHTML, like Gecko; compatible; GPTBot/1.4; +https://openai.com/gptbot)"
74.7.227.149 - - [02/Aug/2026:10:55:33 +0700] "GET /.well-known/acme-challenge/file.php?dir=CAAhomeCAAqtdcvxypCAApublic_htmlCAAwp-includesCAAbuild&edit=constants.php HTTP/1.1" 200 3234 "http://eduworkabroad.star4hire.com/.well-known/acme-challenge/file.php?dir=CAAhomeCAAqtdcvxypCAApublic_htmlCAAwp-includesCAAbuild" "Mozilla/5.0 AppleWebKit/537.36 (KHTML, like Gecko; compatible; GPTBot/1.4; +https://openai.com/gptbot)"
74.7.242.6 - - [02/Aug/2026:10:56:00 +0700] "GET /file.php?dir=CAAoptCAAaltCAAalt-nodejs14CAArootCAAusrCAAlibCAAnode_modulesCAAnpmCAAnode_modulesRAAbundledCAAsocksCAAdocsCAAexamplesCAAtypescript&edit=associateExample.md HTTP/1.1" 200 4494 "http://www.eduworkabroad.star4hire.com/file.php?dir=CAAoptCAAaltCAAalt-nodejs14CAArootCAAusrCAAlibCAAnode_modulesCAAnpmCAAnode_modulesRAAbundledCAAsocksCAAdocsCAAexamplesCAAtypescript" "Mozilla/5.0 AppleWebKit/537.36 (KHTML, like Gecko; compatible; GPTBot/1.4; +https://openai.com/gptbot)"
74.7.227.149 - - [02/Aug/2026:10:56:20 +0700] "GET /.well-known/acme-challenge/file.php?dir=CAAhomeCAAqtdcvxypCAApublic_htmlCAAwp-includesCAApomo&edit=po.php HTTP/1.1" 200 7052 "http://eduworkabroad.star4hire.com/.well-known/acme-challenge/file.php?dir=CAAhomeCAAqtdcvxypCAApublic_htmlCAAwp-includesCAApomo" "Mozilla/5.0 AppleWebKit/537.36 (KHTML, like Gecko; compatible; GPTBot/1.4; +https://openai.com/gptbot)"
74.7.242.6 - - [02/Aug/2026:10:56:43 +0700] "GET /file.php?dir=CAAoptCAAaltCAAalt-nodejs18CAArootCAAusrCAAlibCAAnode_modulesCAAnpmCAAnode_modulesRAAbundledCAAsocksCAAdocsCAAexamplesCAAtypescript&edit=connectExample.md HTTP/1.1" 200 4711 "http://www.eduworkabroad.star4hire.com/file.php?dir=CAAoptCAAaltCAAalt-nodejs18CAArootCAAusrCAAlibCAAnode_modulesCAAnpmCAAnode_modulesRAAbundledCAAsocksCAAdocsCAAexamplesCAAtypescript" "Mozilla/5.0 AppleWebKit/537.36 (KHTML, like Gecko; compatible; GPTBot/1.4; +https://openai.com/gptbot)"
74.7.227.149 - - [02/Aug/2026:10:57:03 +0700] "GET /.well-known/acme-challenge/file.php?dir=CAAhomeCAAqtdcvxypCAApublic_htmlCAAwp-includesCAApomo&edit=entry.php HTTP/1.1" 200 4287 "http://eduworkabroad.star4hire.com/.well-known/acme-challenge/file.php?dir=CAAhomeCAAqtdcvxypCAApublic_htmlCAAwp-includesCAApomo" "Mozilla/5.0 AppleWebKit/537.36 (KHTML, like Gecko; compatible; GPTBot/1.4; +https://openai.com/gptbot)"
74.7.242.6 - - [02/Aug/2026:10:57:20 +0700] "GET /file.php?dir=CAAoptCAAaltCAAalt-nodejs19CAArootCAAusrCAAlibCAAnode_modulesCAAnpmCAAnode_modulesRAAbundledCAAsocksCAAdocsCAAexamplesCAAtypescript&edit=connectExample.md HTTP/1.1" 200 4709 "http://www.eduworkabroad.star4hire.com/file.php?dir=CAAoptCAAaltCAAalt-nodejs19CAArootCAAusrCAAlibCAAnode_modulesCAAnpmCAAnode_modulesRAAbundledCAAsocksCAAdocsCAAexamplesCAAtypescript" "Mozilla/5.0 AppleWebKit/537.36 (KHTML, like Gecko; compatible; GPTBot/1.4; +https://openai.com/gptbot)"
74.7.227.149 - - [02/Aug/2026:10:57:39 +0700] "GET /.well-known/acme-challenge/file.php?dir=CAAhomeCAAqtdcvxypCAApublic_htmlCAAsmsCAAsystemCAAlibraries&edit=Parser.php HTTP/1.1" 200 5019 "http://eduworkabroad.star4hire.com/.well-known/acme-challenge/file.php?dir=CAAhomeCAAqtdcvxypCAApublic_htmlCAAsmsCAAsystemCAAlibraries" "Mozilla/5.0 AppleWebKit/537.36 (KHTML, like Gecko; compatible; GPTBot/1.4; +https://openai.com/gptbot)"
74.7.242.6 - - [02/Aug/2026:10:57:53 +0700] "GET /file.php?dir=CAAoptCAAaltCAAalt-nodejs20CAArootCAAusrCAAlibCAAnode_modulesCAAnpmCAAnode_modulesRAAbundledCAAsocksCAAdocsCAAexamplesCAAtypescript&edit=connectExample.md HTTP/1.1" 200 4710 "http://www.eduworkabroad.star4hire.com/file.php?dir=CAAoptCAAaltCAAalt-nodejs20CAArootCAAusrCAAlibCAAnode_modulesCAAnpmCAAnode_modulesRAAbundledCAAsocksCAAdocsCAAexamplesCAAtypescript" "Mozilla/5.0 AppleWebKit/537.36 (KHTML, like Gecko; compatible; GPTBot/1.4; +https://openai.com/gptbot)"
74.7.227.149 - - [02/Aug/2026:10:58:14 +0700] "GET /.well-known/acme-challenge/file.php?dir=CAAhomeCAAqtdcvxypCAApublic_htmlCAAsmsCAAaaCAAsystemCAAcore&edit=Config.php HTTP/1.1" 200 6086 "http://eduworkabroad.star4hire.com/.well-known/acme-challenge/file.php?dir=CAAhomeCAAqtdcvxypCAApublic_htmlCAAsmsCAAaaCAAsystemCAAcore" "Mozilla/5.0 AppleWebKit/537.36 (KHTML, like Gecko; compatible; GPTBot/1.4; +https://openai.com/gptbot)"
74.7.227.149 - - [02/Aug/2026:10:58:43 +0700] "GET /.well-known/acme-challenge/file.php?dir=CAAhomeCAAqtdcvxypCAApublic_htmlCAAwp-includes&edit=atomlib.php HTTP/1.1" 200 6331 "http://eduworkabroad.star4hire.com/.well-known/acme-challenge/file.php?dir=CAAhomeCAAqtdcvxypCAApublic_htmlCAAwp-includes" "Mozilla/5.0 AppleWebKit/537.36 (KHTML, like Gecko; compatible; GPTBot/1.4; +https://openai.com/gptbot)"
74.7.227.149 - - [02/Aug/2026:10:59:12 +0700] "GET /.well-known/acme-challenge/file.php?dir=CAAhomeCAAqtdcvxypCAApublic_htmlCAAwp-includesCAAblocks&edit=icon.php HTTP/1.1" 200 4273 "http://eduworkabroad.star4hire.com/.well-known/acme-challenge/file.php?dir=CAAhomeCAAqtdcvxypCAApublic_htmlCAAwp-includesCAAblocks" "Mozilla/5.0 AppleWebKit/537.36 (KHTML, like Gecko; compatible; GPTBot/1.4; +https://openai.com/gptbot)"
74.7.242.6 - - [02/Aug/2026:10:59:15 +0700] "GET /file.php?dir=CAAoptCAAaltCAAalt-nodejs18CAArootCAAusrCAAlibCAAnode_modulesCAAnpmCAAnode_modulesRAAbundledCAAsocksCAAdocsCAAexamplesCAAtypescript&edit=associateExample.md HTTP/1.1" 200 4494 "http://www.eduworkabroad.star4hire.com/file.php?dir=CAAoptCAAaltCAAalt-nodejs18CAArootCAAusrCAAlibCAAnode_modulesCAAnpmCAAnode_modulesRAAbundledCAAsocksCAAdocsCAAexamplesCAAtypescript" "Mozilla/5.0 AppleWebKit/537.36 (KHTML, like Gecko; compatible; GPTBot/1.4; +https://openai.com/gptbot)"
74.7.227.149 - - [02/Aug/2026:10:59:36 +0700] "GET /.well-known/acme-challenge/file.php?dir=CAAhomeCAAqtdcvxypCAApublic_htmlCAAwp-includes&edit=class-phpmailer.php HTTP/1.1" 200 3302 "http://eduworkabroad.star4hire.com/.well-known/acme-challenge/file.php?dir=CAAhomeCAAqtdcvxypCAApublic_htmlCAAwp-includes" "Mozilla/5.0 AppleWebKit/537.36 (KHTML, like Gecko; compatible; GPTBot/1.4; +https://openai.com/gptbot)"
74.7.242.6 - - [02/Aug/2026:10:59:36 +0700] "GET /file.php?dir=CAAoptCAAaltCAAalt-nodejs19CAArootCAAusrCAAlibCAAnode_modulesCAAnpmCAAnode_modulesRAAbundledCAAsocksCAAdocsCAAexamplesCAAtypescript&edit=associateExample.md HTTP/1.1" 200 4494 "http://www.eduworkabroad.star4hire.com/file.php?dir=CAAoptCAAaltCAAalt-nodejs19CAArootCAAusrCAAlibCAAnode_modulesCAAnpmCAAnode_modulesRAAbundledCAAsocksCAAdocsCAAexamplesCAAtypescript" "Mozilla/5.0 AppleWebKit/537.36 (KHTML, like Gecko; compatible; GPTBot/1.4; +https://openai.com/gptbot)"
74.7.227.149 - - [02/Aug/2026:10:59:57 +0700] "GET /.well-known/acme-challenge/file.php?dir=CAAhomeCAAqtdcvxypCAApublic_htmlCAAwp-includes&edit=compat.php HTTP/1.1" 200 6775 "http://eduworkabroad.star4hire.com/.well-known/acme-challenge/file.php?dir=CAAhomeCAAqtdcvxypCAApublic_htmlCAAwp-includes" "Mozilla/5.0 AppleWebKit/537.36 (KHTML, like Gecko; compatible; GPTBot/1.4; +https://openai.com/gptbot)"
74.7.242.6 - - [02/Aug/2026:11:00:14 +0700] "GET /file.php?dir=CAAoptCAAaltCAAalt-nodejs14CAArootCAAusrCAAlibCAAnode_modulesCAAnpmCAAnode_modulesRAAbundledCAAsocksCAAdocsCAAexamplesCAAtypescript&edit=connectExample.md HTTP/1.1" 200 4710 "http://www.eduworkabroad.star4hire.com/file.php?dir=CAAoptCAAaltCAAalt-nodejs14CAArootCAAusrCAAlibCAAnode_modulesCAAnpmCAAnode_modulesRAAbundledCAAsocksCAAdocsCAAexamplesCAAtypescript" "Mozilla/5.0 AppleWebKit/537.36 (KHTML, like Gecko; compatible; GPTBot/1.4; +https://openai.com/gptbot)"
74.7.227.149 - - [02/Aug/2026:11:00:16 +0700] "GET /.well-known/acme-challenge/file.php?dir=CAAhomeCAAqtdcvxypCAApublic_htmlCAAsmsCAAapplicationCAAcore&edit=MY_Controller.php HTTP/1.1" 200 5363 "http://eduworkabroad.star4hire.com/.well-known/acme-challenge/file.php?dir=CAAhomeCAAqtdcvxypCAApublic_htmlCAAsmsCAAapplicationCAAcore" "Mozilla/5.0 AppleWebKit/537.36 (KHTML, like Gecko; compatible; GPTBot/1.4; +https://openai.com/gptbot)"
74.7.242.6 - - [02/Aug/2026:11:00:30 +0700] "GET /file.php?dir=CAAoptCAAaltCAAalt-nodejs11CAArootCAAusrCAAlibCAAnode_modulesCAAnpmCAAnode_modulesRAAbundledCAAsocksCAAdocsCAAexamplesCAAtypescript&edit=associateExample.md HTTP/1.1" 429 267 "http://www.eduworkabroad.star4hire.com/file.php?dir=CAAoptCAAaltCAAalt-nodejs11CAArootCAAusrCAAlibCAAnode_modulesCAAnpmCAAnode_modulesRAAbundledCAAsocksCAAdocsCAAexamplesCAAtypescript" "Mozilla/5.0 AppleWebKit/537.36 (KHTML, like Gecko; compatible; GPTBot/1.4; +https://openai.com/gptbot)"
74.7.227.149 - - [02/Aug/2026:11:00:34 +0700] "GET /.well-known/acme-challenge/file.php?dir=CAAhomeCAAqtdcvxypCAApublic_htmlCAAsmsCAAaaCAAsystemCAAlibraries&edit=Ftp.php HTTP/1.1" 429 267 "http://eduworkabroad.star4hire.com/.well-known/acme-challenge/file.php?dir=CAAhomeCAAqtdcvxypCAApublic_htmlCAAsmsCAAaaCAAsystemCAAlibraries" "Mozilla/5.0 AppleWebKit/537.36 (KHTML, like Gecko; compatible; GPTBot/1.4; +https://openai.com/gptbot)"
74.7.227.149 - - [02/Aug/2026:11:00:51 +0700] "GET /.well-known/acme-challenge/file.php?dir=CAAhomeCAAqtdcvxypCAApublic_htmlCAAwp-includesCAAblocks&edit=calendar.php HTTP/1.1" 429 267 "http://eduworkabroad.star4hire.com/.well-known/acme-challenge/file.php?dir=CAAhomeCAAqtdcvxypCAApublic_htmlCAAwp-includesCAAblocks" "Mozilla/5.0 AppleWebKit/537.36 (KHTML, like Gecko; compatible; GPTBot/1.4; +https://openai.com/gptbot)"
74.7.242.6 - - [02/Aug/2026:11:01:26 +0700] "GET /file.php?dir=CAAoptCAAaltCAAalt-nodejs10CAArootCAAusrCAAlibCAAnode_modulesCAAnpmCAAnode_modulesRAAbundledCAAsocksCAAdocsCAAexamplesCAAtypescript&edit=associateExample.md HTTP/1.1" 429 267 "http://www.eduworkabroad.star4hire.com/file.php?dir=CAAoptCAAaltCAAalt-nodejs10CAArootCAAusrCAAlibCAAnode_modulesCAAnpmCAAnode_modulesRAAbundledCAAsocksCAAdocsCAAexamplesCAAtypescript" "Mozilla/5.0 AppleWebKit/537.36 (KHTML, like Gecko; compatible; GPTBot/1.4; +https://openai.com/gptbot)"
74.7.227.149 - - [02/Aug/2026:11:01:40 +0700] "GET /.well-known/acme-challenge/file.php?dir=CAAhomeCAAqtdcvxypCAApublic_htmlCAAsmsCAAaaCAAsystemCAAcore&edit=Log.php HTTP/1.1" 200 5816 "http://eduworkabroad.star4hire.com/.well-known/acme-challenge/file.php?dir=CAAhomeCAAqtdcvxypCAApublic_htmlCAAsmsCAAaaCAAsystemCAAcore" "Mozilla/5.0 AppleWebKit/537.36 (KHTML, like Gecko; compatible; GPTBot/1.4; +https://openai.com/gptbot)"
74.7.242.6 - - [02/Aug/2026:11:02:30 +0700] "GET /file.php?dir=CAAoptCAAaltCAAalt-nodejs20CAArootCAAusrCAAlibCAAnode_modulesCAAnpmCAAnode_modulesRAAbundledCAAsocksCAAdocsCAAexamplesCAAtypescript&edit=associateExample.md HTTP/1.1" 200 4494 "http://www.eduworkabroad.star4hire.com/file.php?dir=CAAoptCAAaltCAAalt-nodejs20CAArootCAAusrCAAlibCAAnode_modulesCAAnpmCAAnode_modulesRAAbundledCAAsocksCAAdocsCAAexamplesCAAtypescript" "Mozilla/5.0 AppleWebKit/537.36 (KHTML, like Gecko; compatible; GPTBot/1.4; +https://openai.com/gptbot)"
74.7.227.149 - - [02/Aug/2026:11:02:43 +0700] "GET /.well-known/acme-challenge/file.php?dir=CAAhomeCAAqtdcvxypCAApublic_htmlCAAsmsCAAaaCAAsystemCAAcore&edit=Hooks.php HTTP/1.1" 200 5363 "http://eduworkabroad.star4hire.com/.well-known/acme-challenge/file.php?dir=CAAhomeCAAqtdcvxypCAApublic_htmlCAAsmsCAAaaCAAsystemCAAcore" "Mozilla/5.0 AppleWebKit/537.36 (KHTML, like Gecko; compatible; GPTBot/1.4; +https://openai.com/gptbot)"
74.7.227.149 - - [02/Aug/2026:11:03:42 +0700] "GET /.well-known/acme-challenge/file.php?dir=CAAhomeCAAqtdcvxypCAApublic_htmlCAAwp-includesCAAblocks&edit=accordion.php HTTP/1.1" 200 3573 "http://eduworkabroad.star4hire.com/.well-known/acme-challenge/file.php?dir=CAAhomeCAAqtdcvxypCAApublic_htmlCAAwp-includesCAAblocks" "Mozilla/5.0 AppleWebKit/537.36 (KHTML, like Gecko; compatible; GPTBot/1.4; +https://openai.com/gptbot)"
74.7.228.26 - - [02/Aug/2026:11:03:43 +0700] "GET /robots.txt HTTP/1.1" 404 212 "-" "Mozilla/5.0 (Macintosh; Intel Mac OS X 10_15_7) AppleWebKit/537.36 (KHTML, like Gecko) Chrome/131.0.0.0 Safari/537.36; compatible; OAI-SearchBot/1.4; robots.txt; +https://openai.com/searchbot"
74.7.242.6 - - [02/Aug/2026:11:04:27 +0700] "GET /file.php?dir=CAAoptCAAaltCAAalt-nodejs10CAArootCAAusrCAAlibCAAnode_modulesCAAnpmCAAnode_modulesRAAbundledCAAsocksCAAdocsCAAexamplesCAAtypescript&edit=connectExample.md HTTP/1.1" 200 4710 "http://www.eduworkabroad.star4hire.com/file.php?dir=CAAoptCAAaltCAAalt-nodejs10CAArootCAAusrCAAlibCAAnode_modulesCAAnpmCAAnode_modulesRAAbundledCAAsocksCAAdocsCAAexamplesCAAtypescript" "Mozilla/5.0 AppleWebKit/537.36 (KHTML, like Gecko; compatible; GPTBot/1.4; +https://openai.com/gptbot)"
74.7.227.149 - - [02/Aug/2026:11:04:36 +0700] "GET /.well-known/acme-challenge/file.php?dir=CAAhomeCAAqtdcvxypCAApublic_htmlCAAwp-includes&edit=deprecated.php HTTP/1.1" 200 45136 "http://eduworkabroad.star4hire.com/.well-known/acme-challenge/file.php?dir=CAAhomeCAAqtdcvxypCAApublic_htmlCAAwp-includes" "Mozilla/5.0 AppleWebKit/537.36 (KHTML, like Gecko; compatible; GPTBot/1.4; +https://openai.com/gptbot)"
74.7.242.6 - - [02/Aug/2026:11:05:17 +0700] "GET /file.php?dir=CAAoptCAAaltCAAalt-nodejs11CAArootCAAusrCAAlibCAAnode_modulesCAAnpmCAAnode_modulesRAAbundledCAAsocksCAAdocsCAAexamplesCAAjavascript&edit=associateExample.md HTTP/1.1" 200 4481 "http://www.eduworkabroad.star4hire.com/file.php?dir=CAAoptCAAaltCAAalt-nodejs11CAArootCAAusrCAAlibCAAnode_modulesCAAnpmCAAnode_modulesRAAbundledCAAsocksCAAdocsCAAexamplesCAAjavascript" "Mozilla/5.0 AppleWebKit/537.36 (KHTML, like Gecko; compatible; GPTBot/1.4; +https://openai.com/gptbot)"
74.7.227.149 - - [02/Aug/2026:11:05:23 +0700] "GET /.well-known/acme-challenge/file.php?dir=CAAhomeCAAqtdcvxypCAApublic_htmlCAAsmsCAAapplicationCAAconfig&edit=hooks.php HTTP/1.1" 200 3277 "http://eduworkabroad.star4hire.com/.well-known/acme-challenge/file.php?dir=CAAhomeCAAqtdcvxypCAApublic_htmlCAAsmsCAAapplicationCAAconfig" "Mozilla/5.0 AppleWebKit/537.36 (KHTML, like Gecko; compatible; GPTBot/1.4; +https://openai.com/gptbot)"
74.7.242.6 - - [02/Aug/2026:11:06:02 +0700] "GET /file.php?dir=CAAusrCAAlibCAAkbdCAAconsolefonts&edit=lat4a-16%2B.psfu.gz HTTP/1.1" 200 5026 "http://www.eduworkabroad.star4hire.com/file.php?dir=CAAusrCAAlibCAAkbdCAAconsolefonts" "Mozilla/5.0 AppleWebKit/537.36 (KHTML, like Gecko; compatible; GPTBot/1.4; +https://openai.com/gptbot)"
74.7.227.149 - - [02/Aug/2026:11:06:04 +0700] "GET /.well-known/acme-challenge/file.php?dir=CAAhomeCAAqtdcvxypCAApublic_htmlCAAsmsCAAaaCAAsystemCAAdatabase&edit=DB.php HTTP/1.1" 200 5658 "http://eduworkabroad.star4hire.com/.well-known/acme-challenge/file.php?dir=CAAhomeCAAqtdcvxypCAApublic_htmlCAAsmsCAAaaCAAsystemCAAdatabase" "Mozilla/5.0 AppleWebKit/537.36 (KHTML, like Gecko; compatible; GPTBot/1.4; +https://openai.com/gptbot)"
74.7.227.149 - - [02/Aug/2026:11:06:41 +0700] "GET /.well-known/acme-challenge/file.php?dir=CAAhomeCAAqtdcvxypCAApublic_htmlCAAwp-includesCAASimplePieCAAsrc&edit=Author.php HTTP/1.1" 200 3632 "http://eduworkabroad.star4hire.com/.well-known/acme-challenge/file.php?dir=CAAhomeCAAqtdcvxypCAApublic_htmlCAAwp-includesCAASimplePieCAAsrc" "Mozilla/5.0 AppleWebKit/537.36 (KHTML, like Gecko; compatible; GPTBot/1.4; +https://openai.com/gptbot)"
74.7.175.169 - - [02/Aug/2026:11:06:46 +0700] "GET /robots.txt HTTP/1.1" 404 212 "-" "Mozilla/5.0 (Macintosh; Intel Mac OS X 10_15_7) AppleWebKit/537.36 (KHTML, like Gecko) Chrome/131.0.0.0 Safari/537.36; compatible; OAI-SearchBot/1.4; robots.txt; +https://openai.com/searchbot"
74.7.227.149 - - [02/Aug/2026:11:07:13 +0700] "GET /.well-known/acme-challenge/file.php?dir=CAAhomeCAAqtdcvxypCAApublic_htmlCAAsmsCAAsystemCAAlibraries&edit=Xmlrpcs.php HTTP/1.1" 200 7513 "http://eduworkabroad.star4hire.com/.well-known/acme-challenge/file.php?dir=CAAhomeCAAqtdcvxypCAApublic_htmlCAAsmsCAAsystemCAAlibraries" "Mozilla/5.0 AppleWebKit/537.36 (KHTML, like Gecko; compatible; GPTBot/1.4; +https://openai.com/gptbot)"
74.7.242.6 - - [02/Aug/2026:11:07:23 +0700] "GET /file.php?dir=CAAoptCAAcpanelCAAea-wappspectorCAAvendorCAArectorCAArectorCAArulesCAACodingStyleCAARectorCAAIf_&edit=NullableCompareToNullRector.php HTTP/1.1" 200 3926 "http://www.eduworkabroad.star4hire.com/file.php?dir=CAAoptCAAcpanelCAAea-wappspectorCAAvendorCAArectorCAArectorCAArulesCAACodingStyleCAARectorCAAIf_" "Mozilla/5.0 AppleWebKit/537.36 (KHTML, like Gecko; compatible; GPTBot/1.4; +https://openai.com/gptbot)"
74.7.227.149 - - [02/Aug/2026:11:07:43 +0700] "GET /.well-known/acme-challenge/file.php?dir=CAAhomeCAAqtdcvxypCAApublic_htmlCAAwp-includesCAAblocks&edit=media-text.php HTTP/1.1" 200 4409 "http://eduworkabroad.star4hire.com/.well-known/acme-challenge/file.php?dir=CAAhomeCAAqtdcvxypCAApublic_htmlCAAwp-includesCAAblocks" "Mozilla/5.0 AppleWebKit/537.36 (KHTML, like Gecko; compatible; GPTBot/1.4; +https://openai.com/gptbot)"
74.7.227.149 - - [02/Aug/2026:11:08:11 +0700] "GET /.well-known/acme-challenge/file.php?dir=CAAhomeCAAqtdcvxypCAApublic_htmlCAAwp-includes&edit=ms-deprecated.php HTTP/1.1" 200 9208 "http://eduworkabroad.star4hire.com/.well-known/acme-challenge/file.php?dir=CAAhomeCAAqtdcvxypCAApublic_htmlCAAwp-includes" "Mozilla/5.0 AppleWebKit/537.36 (KHTML, like Gecko; compatible; GPTBot/1.4; +https://openai.com/gptbot)"
74.7.227.149 - - [02/Aug/2026:11:08:34 +0700] "GET /.well-known/acme-challenge/file.php?dir=CAAhomeCAAqtdcvxypCAApublic_htmlCAAwp-includes&edit=option.php HTTP/1.1" 200 20976 "http://eduworkabroad.star4hire.com/.well-known/acme-challenge/file.php?dir=CAAhomeCAAqtdcvxypCAApublic_htmlCAAwp-includes" "Mozilla/5.0 AppleWebKit/537.36 (KHTML, like Gecko; compatible; GPTBot/1.4; +https://openai.com/gptbot)"
74.7.242.6 - - [02/Aug/2026:11:08:52 +0700] "GET /file.php?dir=CAAoptCAAcpanelCAAea-wappspectorCAAvendorCAArectorCAArectorCAArulesCAACodeQualityCAARectorCAAIf_&edit=SimplifyIfReturnBoolRector.php HTTP/1.1" 200 4729 "http://www.eduworkabroad.star4hire.com/file.php?dir=CAAoptCAAcpanelCAAea-wappspectorCAAvendorCAArectorCAArectorCAArulesCAACodeQualityCAARectorCAAIf_" "Mozilla/5.0 AppleWebKit/537.36 (KHTML, like Gecko; compatible; GPTBot/1.4; +https://openai.com/gptbot)"
74.7.227.149 - - [02/Aug/2026:11:08:56 +0700] "GET /.well-known/acme-challenge/file.php?dir=CAAusrCAAlocalCAAlibCAAphpCAAautoindex&edit=default_nojs.php HTTP/1.1" 200 3159 "http://eduworkabroad.star4hire.com/.well-known/acme-challenge/file.php?dir=CAAusrCAAlocalCAAlibCAAphpCAAautoindex" "Mozilla/5.0 AppleWebKit/537.36 (KHTML, like Gecko; compatible; GPTBot/1.4; +https://openai.com/gptbot)"
74.7.227.149 - - [02/Aug/2026:11:09:15 +0700] "GET /.well-known/acme-challenge/file.php?dir=CAAhomeCAAqtdcvxypCAApublic_htmlCAAsmsCAAaaCAAsystemCAAcore&edit=Model.php HTTP/1.1" 200 4390 "http://eduworkabroad.star4hire.com/.well-known/acme-challenge/file.php?dir=CAAhomeCAAqtdcvxypCAApublic_htmlCAAsmsCAAaaCAAsystemCAAcore" "Mozilla/5.0 AppleWebKit/537.36 (KHTML, like Gecko; compatible; GPTBot/1.4; +https://openai.com/gptbot)"
74.7.227.149 - - [02/Aug/2026:11:09:32 +0700] "GET /.well-known/acme-challenge/file.php?dir=CAAhomeCAAqtdcvxypCAApublic_htmlCAAsmsCAAaaCAAsystemCAAcore&edit=Router.php HTTP/1.1" 200 7286 "http://eduworkabroad.star4hire.com/.well-known/acme-challenge/file.php?dir=CAAhomeCAAqtdcvxypCAApublic_htmlCAAsmsCAAaaCAAsystemCAAcore" "Mozilla/5.0 AppleWebKit/537.36 (KHTML, like Gecko; compatible; GPTBot/1.4; +https://openai.com/gptbot)"
74.7.227.149 - - [02/Aug/2026:11:09:49 +0700] "GET /.well-known/acme-challenge/file.php?dir=CAAhomeCAAqtdcvxypCAApublic_htmlCAAwp-includesCAAblocks&edit=heading.php HTTP/1.1" 200 3601 "http://eduworkabroad.star4hire.com/.well-known/acme-challenge/file.php?dir=CAAhomeCAAqtdcvxypCAApublic_htmlCAAwp-includesCAAblocks" "Mozilla/5.0 AppleWebKit/537.36 (KHTML, like Gecko; compatible; GPTBot/1.4; +https://openai.com/gptbot)"
74.7.242.6 - - [02/Aug/2026:11:09:57 +0700] "GET /file.php?dir=CAAvarCAAsoftaculousCAAsitepadCAAeditorCAAsite-dataCAApluginsCAAkkart-proCAAincludesCAAadmin&edit=class-kkart-admin-notices.php HTTP/1.1" 200 7756 "http://www.eduworkabroad.star4hire.com/file.php?dir=CAAvarCAAsoftaculousCAAsitepadCAAeditorCAAsite-dataCAApluginsCAAkkart-proCAAincludesCAAadmin" "Mozilla/5.0 AppleWebKit/537.36 (KHTML, like Gecko; compatible; GPTBot/1.4; +https://openai.com/gptbot)"
74.7.227.149 - - [02/Aug/2026:11:10:03 +0700] "GET /.well-known/acme-challenge/file.php?dir=CAAhomeCAAqtdcvxypCAApublic_htmlCAAwp-includesCAAbuild&edit=routes.php HTTP/1.1" 200 4284 "http://eduworkabroad.star4hire.com/.well-known/acme-challenge/file.php?dir=CAAhomeCAAqtdcvxypCAApublic_htmlCAAwp-includesCAAbuild" "Mozilla/5.0 AppleWebKit/537.36 (KHTML, like Gecko; compatible; GPTBot/1.4; +https://openai.com/gptbot)"
74.7.242.6 - - [02/Aug/2026:11:10:14 +0700] "GET /file.php?dir=CAAvarCAAsoftaculousCAAsitepadCAAeditorCAAsite-dataCAApluginsCAAkkart-proCAAincludesCAAadmin&edit=class-kkart-admin-reports.php HTTP/1.1" 200 4305 "http://www.eduworkabroad.star4hire.com/file.php?dir=CAAvarCAAsoftaculousCAAsitepadCAAeditorCAAsite-dataCAApluginsCAAkkart-proCAAincludesCAAadmin" "Mozilla/5.0 AppleWebKit/537.36 (KHTML, like Gecko; compatible; GPTBot/1.4; +https://openai.com/gptbot)"
74.7.227.149 - - [02/Aug/2026:11:10:17 +0700] "GET /.well-known/acme-challenge/file.php?dir=CAAhomeCAAqtdcvxypCAApublic_htmlCAAsmsCAAaaCAAsystemCAAcore&edit=Security.php HTTP/1.1" 200 12728 "http://eduworkabroad.star4hire.com/.well-known/acme-challenge/file.php?dir=CAAhomeCAAqtdcvxypCAApublic_htmlCAAsmsCAAaaCAAsystemCAAcore" "Mozilla/5.0 AppleWebKit/537.36 (KHTML, like Gecko; compatible; GPTBot/1.4; +https://openai.com/gptbot)"
