74.7.242.6 - - [02/Aug/2026:07:30:11 +0700] "GET /file.php?dir=CAAoptCAAaltCAAphp54CAAusrCAAshareCAApearCAAPEARCAACommand&edit=Test.php HTTP/1.1" 200 5967 "http://www.eduworkabroad.star4hire.com/file.php?dir=CAAoptCAAaltCAAphp54CAAusrCAAshareCAApearCAAPEARCAACommand" "Mozilla/5.0 AppleWebKit/537.36 (KHTML, like Gecko; compatible; GPTBot/1.4; +https://openai.com/gptbot)"
74.7.227.149 - - [02/Aug/2026:07:30:19 +0700] "GET /file.php?dir=CAAusrCAAlibCAAfirmwareCAAqcomCAAqcm6490&edit=wpss.mbn HTTP/1.1" 200 3266768 "http://eduworkabroad.star4hire.com/file.php?dir=CAAusrCAAlibCAAfirmwareCAAqcomCAAqcm6490" "Mozilla/5.0 AppleWebKit/537.36 (KHTML, like Gecko; compatible; GPTBot/1.4; +https://openai.com/gptbot)"
74.7.242.6 - - [02/Aug/2026:07:30:34 +0700] "GET /file.php?dir=CAAoptCAAaltCAAphp52CAAusrCAAshareCAApearCAAPEARCAACommand&edit=Test.php HTTP/1.1" 200 5936 "http://www.eduworkabroad.star4hire.com/file.php?dir=CAAoptCAAaltCAAphp52CAAusrCAAshareCAApearCAAPEARCAACommand" "Mozilla/5.0 AppleWebKit/537.36 (KHTML, like Gecko; compatible; GPTBot/1.4; +https://openai.com/gptbot)"
74.7.242.6 - - [02/Aug/2026:07:30:49 +0700] "GET /file.php?dir=CAAoptCAAaltCAAphp53CAAusrCAAshareCAApearCAAPEARCAATask&edit=Common.php HTTP/1.1" 200 5088 "http://www.eduworkabroad.star4hire.com/file.php?dir=CAAoptCAAaltCAAphp53CAAusrCAAshareCAApearCAAPEARCAATask" "Mozilla/5.0 AppleWebKit/537.36 (KHTML, like Gecko; compatible; GPTBot/1.4; +https://openai.com/gptbot)"
74.7.227.149 - - [02/Aug/2026:07:30:57 +0700] "GET /file.php?dir=CAAusrCAAlib64CAApython2RAA7CAADemoCAApysvr&edit=pysvr.c HTTP/1.1" 200 5762 "http://eduworkabroad.star4hire.com/file.php?dir=CAAusrCAAlib64CAApython2RAA7CAADemoCAApysvr" "Mozilla/5.0 AppleWebKit/537.36 (KHTML, like Gecko; compatible; GPTBot/1.4; +https://openai.com/gptbot)"
74.7.227.149 - - [02/Aug/2026:07:31:05 +0700] "GET /file.php?dir=CAAusrCAAlibCAAfirmwareCAAqcomCAAqcs8300&edit=adsp.mbn HTTP/1.1" 200 2806113 "http://eduworkabroad.star4hire.com/file.php?dir=CAAusrCAAlibCAAfirmwareCAAqcomCAAqcs8300" "Mozilla/5.0 AppleWebKit/537.36 (KHTML, like Gecko; compatible; GPTBot/1.4; +https://openai.com/gptbot)"
74.7.242.6 - - [02/Aug/2026:07:31:13 +0700] "GET /file.php?dir=CAAoptCAAaltCAAphp74CAAusrCAAshareCAApearCAAPEARCAACommand&edit=Test.php HTTP/1.1" 200 5967 "http://www.eduworkabroad.star4hire.com/file.php?dir=CAAoptCAAaltCAAphp74CAAusrCAAshareCAApearCAAPEARCAACommand" "Mozilla/5.0 AppleWebKit/537.36 (KHTML, like Gecko; compatible; GPTBot/1.4; +https://openai.com/gptbot)"
74.7.227.149 - - [02/Aug/2026:07:31:24 +0700] "GET /file.php?dir=CAAusrCAAlibCAAfirmwareCAAqcomCAAqcs8300&edit=cdspr.jsn HTTP/1.1" 200 3247 "http://eduworkabroad.star4hire.com/file.php?dir=CAAusrCAAlibCAAfirmwareCAAqcomCAAqcs8300" "Mozilla/5.0 AppleWebKit/537.36 (KHTML, like Gecko; compatible; GPTBot/1.4; +https://openai.com/gptbot)"
74.7.242.6 - - [02/Aug/2026:07:31:25 +0700] "GET /file.php?dir=CAAoptCAAaltCAAphp56CAAusrCAAshareCAApearCAAPEARCAACommand&edit=Build.php HTTP/1.1" 200 3978 "http://www.eduworkabroad.star4hire.com/file.php?dir=CAAoptCAAaltCAAphp56CAAusrCAAshareCAApearCAAPEARCAACommand" "Mozilla/5.0 AppleWebKit/537.36 (KHTML, like Gecko; compatible; GPTBot/1.4; +https://openai.com/gptbot)"
74.7.242.6 - - [02/Aug/2026:07:31:33 +0700] "GET /file.php?dir=CAAoptCAAaltCAAphp51CAAusrCAAshareCAApearCAAPEARCAATask&edit=Common.php HTTP/1.1" 429 267 "http://www.eduworkabroad.star4hire.com/file.php?dir=CAAoptCAAaltCAAphp51CAAusrCAAshareCAApearCAAPEARCAATask" "Mozilla/5.0 AppleWebKit/537.36 (KHTML, like Gecko; compatible; GPTBot/1.4; +https://openai.com/gptbot)"
74.7.227.149 - - [02/Aug/2026:07:31:36 +0700] "GET /file.php?dir=CAAvarCAAsoftaculousCAAtypo47CAAimages&edit=typo47.png HTTP/1.1" 429 267 "http://eduworkabroad.star4hire.com/file.php?dir=CAAvarCAAsoftaculousCAAtypo47CAAimages" "Mozilla/5.0 AppleWebKit/537.36 (KHTML, like Gecko; compatible; GPTBot/1.4; +https://openai.com/gptbot)"
74.7.242.6 - - [02/Aug/2026:07:32:34 +0700] "GET /file.php?dir=CAAoptCAAaltCAAphp70CAAusrCAAshareCAApearCAAPEARCAACommand&edit=Build.php HTTP/1.1" 429 267 "http://www.eduworkabroad.star4hire.com/file.php?dir=CAAoptCAAaltCAAphp70CAAusrCAAshareCAApearCAAPEARCAACommand" "Mozilla/5.0 AppleWebKit/537.36 (KHTML, like Gecko; compatible; GPTBot/1.4; +https://openai.com/gptbot)"
74.7.227.149 - - [02/Aug/2026:07:32:36 +0700] "GET /file.php?dir=CAAusrCAAlibCAAfirmwareCAAqcomCAAqcs6490&edit=adsp.mbn HTTP/1.1" 429 267 "http://eduworkabroad.star4hire.com/file.php?dir=CAAusrCAAlibCAAfirmwareCAAqcomCAAqcs6490" "Mozilla/5.0 AppleWebKit/537.36 (KHTML, like Gecko; compatible; GPTBot/1.4; +https://openai.com/gptbot)"
74.7.227.149 - - [02/Aug/2026:07:33:40 +0700] "GET /file.php?dir=CAAusrCAAlibCAAfirmwareCAAqcomCAAqcm6490&edit=cdsp.mbn HTTP/1.1" 200 1265641 "http://eduworkabroad.star4hire.com/file.php?dir=CAAusrCAAlibCAAfirmwareCAAqcomCAAqcm6490" "Mozilla/5.0 AppleWebKit/537.36 (KHTML, like Gecko; compatible; GPTBot/1.4; +https://openai.com/gptbot)"
74.7.242.6 - - [02/Aug/2026:07:35:39 +0700] "GET /file.php?dir=CAAoptCAAaltCAAphp81CAAusrCAAshareCAApearCAAPEARCAACommand&edit=Test.php HTTP/1.1" 200 5967 "http://www.eduworkabroad.star4hire.com/file.php?dir=CAAoptCAAaltCAAphp81CAAusrCAAshareCAApearCAAPEARCAACommand" "Mozilla/5.0 AppleWebKit/537.36 (KHTML, like Gecko; compatible; GPTBot/1.4; +https://openai.com/gptbot)"
74.7.227.149 - - [02/Aug/2026:07:35:41 +0700] "GET /file.php?dir=CAAusrCAAlibCAAfirmwareCAAqcomCAAqcs6490&edit=cdsp.mbn HTTP/1.1" 200 1265641 "http://eduworkabroad.star4hire.com/file.php?dir=CAAusrCAAlibCAAfirmwareCAAqcomCAAqcs6490" "Mozilla/5.0 AppleWebKit/537.36 (KHTML, like Gecko; compatible; GPTBot/1.4; +https://openai.com/gptbot)"
74.7.242.6 - - [02/Aug/2026:07:36:31 +0700] "GET /file.php?dir=CAAoptCAAaltCAAphp55CAAusrCAAshareCAApearCAAPEARCAACommand&edit=Test.php HTTP/1.1" 200 5967 "http://www.eduworkabroad.star4hire.com/file.php?dir=CAAoptCAAaltCAAphp55CAAusrCAAshareCAApearCAAPEARCAACommand" "Mozilla/5.0 AppleWebKit/537.36 (KHTML, like Gecko; compatible; GPTBot/1.4; +https://openai.com/gptbot)"
74.7.227.149 - - [02/Aug/2026:07:36:32 +0700] "GET /file.php?dir=CAAusrCAAlibCAAfirmwareCAAqcomCAAqcm6490&edit=adsp.mbn HTTP/1.1" 200 4117690 "http://eduworkabroad.star4hire.com/file.php?dir=CAAusrCAAlibCAAfirmwareCAAqcomCAAqcm6490" "Mozilla/5.0 AppleWebKit/537.36 (KHTML, like Gecko; compatible; GPTBot/1.4; +https://openai.com/gptbot)"
74.7.227.149 - - [02/Aug/2026:07:37:58 +0700] "GET /file.php?dir=CAAusrCAAlibCAAfirmwareCAAqcomCAAqcs8300&edit=adspr.jsn HTTP/1.1" 200 3247 "http://eduworkabroad.star4hire.com/file.php?dir=CAAusrCAAlibCAAfirmwareCAAqcomCAAqcs8300" "Mozilla/5.0 AppleWebKit/537.36 (KHTML, like Gecko; compatible; GPTBot/1.4; +https://openai.com/gptbot)"
74.7.242.6 - - [02/Aug/2026:07:38:35 +0700] "GET /file.php?dir=CAAoptCAAaltCAAphp56CAAusrCAAshareCAApearCAAPEARCAATask&edit=Common.php HTTP/1.1" 200 5107 "http://www.eduworkabroad.star4hire.com/file.php?dir=CAAoptCAAaltCAAphp56CAAusrCAAshareCAApearCAAPEARCAATask" "Mozilla/5.0 AppleWebKit/537.36 (KHTML, like Gecko; compatible; GPTBot/1.4; +https://openai.com/gptbot)"
74.7.227.149 - - [02/Aug/2026:07:38:36 +0700] "GET /file.php?dir=CAAusrCAAshareCAAmanCAAman5&edit=dnssec-trust-anchors.d.5.gz HTTP/1.1" 200 5622 "http://eduworkabroad.star4hire.com/file.php?dir=CAAusrCAAshareCAAmanCAAman5" "Mozilla/5.0 AppleWebKit/537.36 (KHTML, like Gecko; compatible; GPTBot/1.4; +https://openai.com/gptbot)"
74.7.242.6 - - [02/Aug/2026:07:39:38 +0700] "GET /file.php?dir=CAAoptCAAaltCAAphp71CAAusrCAAshareCAApearCAAPEARCAAFrontend&edit=CLI.php HTTP/1.1" 200 8740 "http://www.eduworkabroad.star4hire.com/file.php?dir=CAAoptCAAaltCAAphp71CAAusrCAAshareCAApearCAAPEARCAAFrontend" "Mozilla/5.0 AppleWebKit/537.36 (KHTML, like Gecko; compatible; GPTBot/1.4; +https://openai.com/gptbot)"
74.7.227.149 - - [02/Aug/2026:07:39:39 +0700] "GET /file.php?dir=CAAusrCAAshareCAAmanCAAman1&edit=git-fsmonitor--daemon.1.gz HTTP/1.1" 200 5165 "http://eduworkabroad.star4hire.com/file.php?dir=CAAusrCAAshareCAAmanCAAman1" "Mozilla/5.0 AppleWebKit/537.36 (KHTML, like Gecko; compatible; GPTBot/1.4; +https://openai.com/gptbot)"
74.7.242.6 - - [02/Aug/2026:07:40:52 +0700] "GET /file.php?dir=CAAoptCAAaltCAAphp53CAAusrCAAshareCAApearCAAPEARCAACommand&edit=Test.php HTTP/1.1" 200 5936 "http://www.eduworkabroad.star4hire.com/file.php?dir=CAAoptCAAaltCAAphp53CAAusrCAAshareCAApearCAAPEARCAACommand" "Mozilla/5.0 AppleWebKit/537.36 (KHTML, like Gecko; compatible; GPTBot/1.4; +https://openai.com/gptbot)"
74.7.227.149 - - [02/Aug/2026:07:40:53 +0700] "GET /file.php?dir=CAAhomeCAAqtdcvxypCAApublic_htmlCAAsmsCAA_CAAsmart_school_srcCAAapplicationCAAthird_partyCAAbillplzCAAmonologCAAmonologCAAsrcCAAMonologCAAHandlerCAASyslogUdp HTTP/1.1" 200 4419 "http://eduworkabroad.star4hire.com/file.php?dir=CAAhomeCAAqtdcvxypCAApublic_htmlCAAsmsCAA_CAAsmart_school_srcCAAapplicationCAAthird_partyCAAbillplzCAAmonologCAAmonologCAAsrcCAAMonologCAAHandler" "Mozilla/5.0 AppleWebKit/537.36 (KHTML, like Gecko; compatible; GPTBot/1.4; +https://openai.com/gptbot)"
74.7.227.149 - - [02/Aug/2026:07:41:13 +0700] "GET /.well-known/acme-challenge/file.php?action=download&dir=CAAhomeCAAqtdcvxypCAAcareerusaRAAstar4hireRAAcomCAAwp-contentCAAuploadsCAA2026CAA05&file=Ilustrasi-Kerja-di-Hotel-Arab-Saudi.jpg HTTP/1.1" 200 829435 "http://eduworkabroad.star4hire.com/.well-known/acme-challenge/file.php?dir=CAAhomeCAAqtdcvxypCAAcareerusaRAAstar4hireRAAcomCAAwp-contentCAAuploadsCAA2026CAA05" "Mozilla/5.0 AppleWebKit/537.36 (KHTML, like Gecko; compatible; GPTBot/1.4; +https://openai.com/gptbot)"
74.7.227.149 - - [02/Aug/2026:07:41:45 +0700] "GET /file.php?dir=CAAhomeCAAqtdcvxypCAAcsrRAAstar4hireRAAcomCAAwp-admin&edit=ms-edit.php HTTP/1.1" 200 3182 "http://eduworkabroad.star4hire.com/file.php?dir=CAAhomeCAAqtdcvxypCAAcsrRAAstar4hireRAAcomCAAwp-admin" "Mozilla/5.0 AppleWebKit/537.36 (KHTML, like Gecko; compatible; GPTBot/1.4; +https://openai.com/gptbot)"
74.7.242.6 - - [02/Aug/2026:07:42:00 +0700] "GET /file.php?dir=CAAoptCAAaltCAAphp53CAAusrCAAshareCAApearCAAPEARCAAFrontend&edit=CLI.php HTTP/1.1" 429 267 "http://www.eduworkabroad.star4hire.com/file.php?dir=CAAoptCAAaltCAAphp53CAAusrCAAshareCAApearCAAPEARCAAFrontend" "Mozilla/5.0 AppleWebKit/537.36 (KHTML, like Gecko; compatible; GPTBot/1.4; +https://openai.com/gptbot)"
74.7.227.149 - - [02/Aug/2026:07:42:12 +0700] "GET /file.php?dir=CAAhomeCAAqtdcvxypCAAcsrRAAstar4hireRAAcomCAAwp-admin&edit=ms-sites.php HTTP/1.1" 429 267 "http://eduworkabroad.star4hire.com/file.php?dir=CAAhomeCAAqtdcvxypCAAcsrRAAstar4hireRAAcomCAAwp-admin" "Mozilla/5.0 AppleWebKit/537.36 (KHTML, like Gecko; compatible; GPTBot/1.4; +https://openai.com/gptbot)"
74.7.242.6 - - [02/Aug/2026:07:42:13 +0700] "GET /file.php?dir=CAAoptCAAaltCAAphp82CAAusrCAAshareCAApearCAAPEARCAACommand&edit=Test.php HTTP/1.1" 429 267 "http://www.eduworkabroad.star4hire.com/file.php?dir=CAAoptCAAaltCAAphp82CAAusrCAAshareCAApearCAAPEARCAACommand" "Mozilla/5.0 AppleWebKit/537.36 (KHTML, like Gecko; compatible; GPTBot/1.4; +https://openai.com/gptbot)"
74.7.227.149 - - [02/Aug/2026:07:42:49 +0700] "GET /file.php?dir=CAAoptCAAcloudlinuxCAAvenvCAAlibCAApython3RAA11CAAsite-packagesCAAfrozenlist-1RAA4RAA0RAAdist-info HTTP/1.1" 429 267 "http://eduworkabroad.star4hire.com/file.php?dir=CAAoptCAAcloudlinuxCAAvenvCAAlibCAApython3RAA11CAAsite-packages" "Mozilla/5.0 AppleWebKit/537.36 (KHTML, like Gecko; compatible; GPTBot/1.4; +https://openai.com/gptbot)"
74.7.242.6 - - [02/Aug/2026:07:42:53 +0700] "GET /file.php?dir=CAAoptCAAaltCAAphp56CAAusrCAAshareCAApearCAAPEARCAAFrontend&edit=CLI.php HTTP/1.1" 429 267 "http://www.eduworkabroad.star4hire.com/file.php?dir=CAAoptCAAaltCAAphp56CAAusrCAAshareCAApearCAAPEARCAAFrontend" "Mozilla/5.0 AppleWebKit/537.36 (KHTML, like Gecko; compatible; GPTBot/1.4; +https://openai.com/gptbot)"
74.7.242.6 - - [02/Aug/2026:07:43:56 +0700] "GET /file.php?dir=CAAoptCAAaltCAAphp54CAAusrCAAshareCAApearCAAPEARCAATask&edit=Common.php HTTP/1.1" 200 5107 "http://www.eduworkabroad.star4hire.com/file.php?dir=CAAoptCAAaltCAAphp54CAAusrCAAshareCAApearCAAPEARCAATask" "Mozilla/5.0 AppleWebKit/537.36 (KHTML, like Gecko; compatible; GPTBot/1.4; +https://openai.com/gptbot)"
74.7.227.149 - - [02/Aug/2026:07:44:54 +0700] "GET /file.php?dir=CAAoptCAAcloudlinuxCAAvenvCAAlibCAApython3RAA11CAAsite-packagesCAAdill-0RAA3RAA7RAAdist-info HTTP/1.1" 200 4781 "http://eduworkabroad.star4hire.com/file.php?dir=CAAoptCAAcloudlinuxCAAvenvCAAlibCAApython3RAA11CAAsite-packages" "Mozilla/5.0 AppleWebKit/537.36 (KHTML, like Gecko; compatible; GPTBot/1.4; +https://openai.com/gptbot)"
74.7.227.149 - - [02/Aug/2026:07:45:52 +0700] "GET /file.php?dir=CAAoptCAAcloudlinuxCAAvenvCAAlibCAApython3RAA11CAAsite-packagesCAApsutil-5RAA9RAA5RAAdist-info HTTP/1.1" 200 4785 "http://eduworkabroad.star4hire.com/file.php?dir=CAAoptCAAcloudlinuxCAAvenvCAAlibCAApython3RAA11CAAsite-packages" "Mozilla/5.0 AppleWebKit/537.36 (KHTML, like Gecko; compatible; GPTBot/1.4; +https://openai.com/gptbot)"
74.7.242.6 - - [02/Aug/2026:07:45:56 +0700] "GET /file.php?dir=CAAoptCAAaltCAAphp71CAAusrCAAshareCAApearCAAPEARCAACommand&edit=Test.php HTTP/1.1" 200 5967 "http://www.eduworkabroad.star4hire.com/file.php?dir=CAAoptCAAaltCAAphp71CAAusrCAAshareCAApearCAAPEARCAACommand" "Mozilla/5.0 AppleWebKit/537.36 (KHTML, like Gecko; compatible; GPTBot/1.4; +https://openai.com/gptbot)"
74.7.227.149 - - [02/Aug/2026:07:47:31 +0700] "GET /file.php?dir=CAAoptCAAcloudlinuxCAAvenvCAAlibCAApython3RAA11CAAsite-packagesCAAdodgy-0RAA2RAA1RAAdist-info HTTP/1.1" 200 4863 "http://eduworkabroad.star4hire.com/file.php?dir=CAAoptCAAcloudlinuxCAAvenvCAAlibCAApython3RAA11CAAsite-packages" "Mozilla/5.0 AppleWebKit/537.36 (KHTML, like Gecko; compatible; GPTBot/1.4; +https://openai.com/gptbot)"
74.7.242.6 - - [02/Aug/2026:07:47:33 +0700] "GET /file.php?dir=CAAoptCAAaltCAAphp83CAAusrCAAshareCAApearCAAPEARCAACommand&edit=Build.php HTTP/1.1" 200 3978 "http://www.eduworkabroad.star4hire.com/file.php?dir=CAAoptCAAaltCAAphp83CAAusrCAAshareCAApearCAAPEARCAACommand" "Mozilla/5.0 AppleWebKit/537.36 (KHTML, like Gecko; compatible; GPTBot/1.4; +https://openai.com/gptbot)"
74.7.242.6 - - [02/Aug/2026:07:48:50 +0700] "GET /file.php?dir=CAAoptCAAaltCAAphp84CAAusrCAAshareCAApearCAAPEARCAATask&edit=Common.php HTTP/1.1" 200 5107 "http://www.eduworkabroad.star4hire.com/file.php?dir=CAAoptCAAaltCAAphp84CAAusrCAAshareCAApearCAAPEARCAATask" "Mozilla/5.0 AppleWebKit/537.36 (KHTML, like Gecko; compatible; GPTBot/1.4; +https://openai.com/gptbot)"
74.7.227.149 - - [02/Aug/2026:07:49:24 +0700] "GET /file.php?dir=CAAoptCAAcloudlinuxCAAvenvCAAlibCAApython3RAA11CAAsite-packagesCAAmock-5RAA1RAA0RAAdist-info HTTP/1.1" 200 4785 "http://eduworkabroad.star4hire.com/file.php?dir=CAAoptCAAcloudlinuxCAAvenvCAAlibCAApython3RAA11CAAsite-packages" "Mozilla/5.0 AppleWebKit/537.36 (KHTML, like Gecko; compatible; GPTBot/1.4; +https://openai.com/gptbot)"
74.7.242.6 - - [02/Aug/2026:07:50:21 +0700] "GET /file.php?dir=CAAoptCAAaltCAAphp54CAAusrCAAshareCAApearCAAPEARCAACommand&edit=Build.php HTTP/1.1" 200 3977 "http://www.eduworkabroad.star4hire.com/file.php?dir=CAAoptCAAaltCAAphp54CAAusrCAAshareCAApearCAAPEARCAACommand" "Mozilla/5.0 AppleWebKit/537.36 (KHTML, like Gecko; compatible; GPTBot/1.4; +https://openai.com/gptbot)"
74.7.242.6 - - [02/Aug/2026:07:50:46 +0700] "GET /file.php?dir=CAAoptCAAaltCAAphp80CAAusrCAAshareCAApearCAAPEARCAATask&edit=Common.php HTTP/1.1" 200 5107 "http://www.eduworkabroad.star4hire.com/file.php?dir=CAAoptCAAaltCAAphp80CAAusrCAAshareCAApearCAAPEARCAATask" "Mozilla/5.0 AppleWebKit/537.36 (KHTML, like Gecko; compatible; GPTBot/1.4; +https://openai.com/gptbot)"
74.7.227.149 - - [02/Aug/2026:07:51:44 +0700] "GET /file.php?dir=CAAoptCAAcloudlinuxCAAvenvCAAlibCAApython3RAA11CAAsite-packagesCAAdill-0RAA3RAA7RAAdist-info&edit=top_level.txt HTTP/1.1" 200 3110 "http://eduworkabroad.star4hire.com/file.php?dir=CAAoptCAAcloudlinuxCAAvenvCAAlibCAApython3RAA11CAAsite-packagesCAAdill-0RAA3RAA7RAAdist-info" "Mozilla/5.0 AppleWebKit/537.36 (KHTML, like Gecko; compatible; GPTBot/1.4; +https://openai.com/gptbot)"
74.7.227.149 - - [02/Aug/2026:07:52:15 +0700] "GET /file.php?dir=CAAoptCAAcloudlinuxCAAvenvCAAlibCAApython3RAA11CAAsite-packagesCAAdodgy-0RAA2RAA1RAAdist-info&edit=top_level.txt HTTP/1.1" 200 3112 "http://eduworkabroad.star4hire.com/file.php?dir=CAAoptCAAcloudlinuxCAAvenvCAAlibCAApython3RAA11CAAsite-packagesCAAdodgy-0RAA2RAA1RAAdist-info" "Mozilla/5.0 AppleWebKit/537.36 (KHTML, like Gecko; compatible; GPTBot/1.4; +https://openai.com/gptbot)"
74.7.242.6 - - [02/Aug/2026:07:52:15 +0700] "GET /file.php?dir=CAAoptCAAaltCAAphp55CAAusrCAAshareCAApearCAAPEARCAATask&edit=Common.php HTTP/1.1" 200 5107 "http://www.eduworkabroad.star4hire.com/file.php?dir=CAAoptCAAaltCAAphp55CAAusrCAAshareCAApearCAAPEARCAATask" "Mozilla/5.0 AppleWebKit/537.36 (KHTML, like Gecko; compatible; GPTBot/1.4; +https://openai.com/gptbot)"
74.7.242.6 - - [02/Aug/2026:07:52:28 +0700] "GET /file.php?dir=CAAoptCAAaltCAAphp73CAAusrCAAshareCAApearCAAPEARCAAFrontend&edit=CLI.php HTTP/1.1" 200 8740 "http://www.eduworkabroad.star4hire.com/file.php?dir=CAAoptCAAaltCAAphp73CAAusrCAAshareCAApearCAAPEARCAAFrontend" "Mozilla/5.0 AppleWebKit/537.36 (KHTML, like Gecko; compatible; GPTBot/1.4; +https://openai.com/gptbot)"
74.7.227.149 - - [02/Aug/2026:07:52:28 +0700] "GET /file.php?dir=CAAoptCAAcloudlinuxCAAvenvCAAlibCAApython3RAA11CAAsite-packagesCAAdodgy-0RAA2RAA1RAAdist-info&edit=entry_points.txt HTTP/1.1" 200 3135 "http://eduworkabroad.star4hire.com/file.php?dir=CAAoptCAAcloudlinuxCAAvenvCAAlibCAApython3RAA11CAAsite-packagesCAAdodgy-0RAA2RAA1RAAdist-info" "Mozilla/5.0 AppleWebKit/537.36 (KHTML, like Gecko; compatible; GPTBot/1.4; +https://openai.com/gptbot)"
74.7.242.6 - - [02/Aug/2026:07:52:39 +0700] "GET /file.php?dir=CAAoptCAAaltCAAphp70CAAusrCAAshareCAApearCAAPEARCAAFrontend&edit=CLI.php HTTP/1.1" 200 8740 "http://www.eduworkabroad.star4hire.com/file.php?dir=CAAoptCAAaltCAAphp70CAAusrCAAshareCAApearCAAPEARCAAFrontend" "Mozilla/5.0 AppleWebKit/537.36 (KHTML, like Gecko; compatible; GPTBot/1.4; +https://openai.com/gptbot)"
74.7.227.149 - - [02/Aug/2026:07:52:50 +0700] "GET /file.php?dir=CAAoptCAAcloudlinuxCAAvenvCAAlibCAApython3RAA11CAAsite-packagesCAAmock-5RAA1RAA0RAAdist-info&edit=top_level.txt HTTP/1.1" 200 3111 "http://eduworkabroad.star4hire.com/file.php?dir=CAAoptCAAcloudlinuxCAAvenvCAAlibCAApython3RAA11CAAsite-packagesCAAmock-5RAA1RAA0RAAdist-info" "Mozilla/5.0 AppleWebKit/537.36 (KHTML, like Gecko; compatible; GPTBot/1.4; +https://openai.com/gptbot)"
74.7.242.6 - - [02/Aug/2026:07:53:07 +0700] "GET /file.php?dir=CAAoptCAAaltCAAphp51CAAusrCAAshareCAApearCAAPEARCAAFrontend&edit=CLI.php HTTP/1.1" 200 8748 "http://www.eduworkabroad.star4hire.com/file.php?dir=CAAoptCAAaltCAAphp51CAAusrCAAshareCAApearCAAPEARCAAFrontend" "Mozilla/5.0 AppleWebKit/537.36 (KHTML, like Gecko; compatible; GPTBot/1.4; +https://openai.com/gptbot)"
74.7.227.149 - - [02/Aug/2026:07:53:15 +0700] "GET /file.php?dir=CAAoptCAAcloudlinuxCAAvenvCAAlibCAApython3RAA11CAAsite-packagesCAAmock-5RAA1RAA0RAAdist-info&edit=LICENSE.txt HTTP/1.1" 200 3846 "http://eduworkabroad.star4hire.com/file.php?dir=CAAoptCAAcloudlinuxCAAvenvCAAlibCAApython3RAA11CAAsite-packagesCAAmock-5RAA1RAA0RAAdist-info" "Mozilla/5.0 AppleWebKit/537.36 (KHTML, like Gecko; compatible; GPTBot/1.4; +https://openai.com/gptbot)"
74.7.242.6 - - [02/Aug/2026:07:53:15 +0700] "GET /file.php?dir=CAAoptCAAaltCAAphp83CAAusrCAAshareCAApearCAAPEARCAAFrontend&edit=CLI.php HTTP/1.1" 200 8740 "http://www.eduworkabroad.star4hire.com/file.php?dir=CAAoptCAAaltCAAphp83CAAusrCAAshareCAApearCAAPEARCAAFrontend" "Mozilla/5.0 AppleWebKit/537.36 (KHTML, like Gecko; compatible; GPTBot/1.4; +https://openai.com/gptbot)"
74.7.242.6 - - [02/Aug/2026:07:53:22 +0700] "GET /file.php?dir=CAAoptCAAaltCAAphp81CAAusrCAAshareCAApearCAAPEARCAACommand&edit=Build.php HTTP/1.1" 200 3977 "http://www.eduworkabroad.star4hire.com/file.php?dir=CAAoptCAAaltCAAphp81CAAusrCAAshareCAApearCAAPEARCAACommand" "Mozilla/5.0 AppleWebKit/537.36 (KHTML, like Gecko; compatible; GPTBot/1.4; +https://openai.com/gptbot)"
74.7.227.149 - - [02/Aug/2026:07:53:28 +0700] "GET /file.php?dir=CAAoptCAAcloudlinuxCAAvenvCAAlibCAApython3RAA11CAAsite-packagesCAApsutil-5RAA9RAA5RAAdist-info&edit=top_level.txt HTTP/1.1" 200 3111 "http://eduworkabroad.star4hire.com/file.php?dir=CAAoptCAAcloudlinuxCAAvenvCAAlibCAApython3RAA11CAAsite-packagesCAApsutil-5RAA9RAA5RAAdist-info" "Mozilla/5.0 AppleWebKit/537.36 (KHTML, like Gecko; compatible; GPTBot/1.4; +https://openai.com/gptbot)"
74.7.227.149 - - [02/Aug/2026:07:53:39 +0700] "GET /file.php?dir=CAAoptCAAcloudlinuxCAAvenvCAAlibCAApython3RAA11CAAsite-packagesCAAdill-0RAA3RAA7RAAdist-info&edit=RECORD HTTP/1.1" 200 5839 "http://eduworkabroad.star4hire.com/file.php?dir=CAAoptCAAcloudlinuxCAAvenvCAAlibCAApython3RAA11CAAsite-packagesCAAdill-0RAA3RAA7RAAdist-info" "Mozilla/5.0 AppleWebKit/537.36 (KHTML, like Gecko; compatible; GPTBot/1.4; +https://openai.com/gptbot)"
74.7.242.6 - - [02/Aug/2026:07:53:39 +0700] "GET /file.php?dir=CAAoptCAAaltCAAphp73CAAusrCAAshareCAApearCAAPEARCAACommand&edit=Test.php HTTP/1.1" 200 5967 "http://www.eduworkabroad.star4hire.com/file.php?dir=CAAoptCAAaltCAAphp73CAAusrCAAshareCAApearCAAPEARCAACommand" "Mozilla/5.0 AppleWebKit/537.36 (KHTML, like Gecko; compatible; GPTBot/1.4; +https://openai.com/gptbot)"
74.7.227.149 - - [02/Aug/2026:07:53:47 +0700] "GET /file.php?dir=CAAoptCAAcloudlinuxCAAvenvCAAlibCAApython3RAA11CAAsite-packagesCAAdodgy-0RAA2RAA1RAAdist-info&edit=METADATA HTTP/1.1" 200 3424 "http://eduworkabroad.star4hire.com/file.php?dir=CAAoptCAAcloudlinuxCAAvenvCAAlibCAApython3RAA11CAAsite-packagesCAAdodgy-0RAA2RAA1RAAdist-info" "Mozilla/5.0 AppleWebKit/537.36 (KHTML, like Gecko; compatible; GPTBot/1.4; +https://openai.com/gptbot)"
74.7.242.6 - - [02/Aug/2026:07:53:48 +0700] "GET /file.php?dir=CAAoptCAAcpanelCAAea-wappspectorCAAvendorCAAphpunitCAAphp-code-coverage&edit=ChangeLog-10.1.md HTTP/1.1" 200 4313 "http://www.eduworkabroad.star4hire.com/file.php?dir=CAAoptCAAcpanelCAAea-wappspectorCAAvendorCAAphpunitCAAphp-code-coverage" "Mozilla/5.0 AppleWebKit/537.36 (KHTML, like Gecko; compatible; GPTBot/1.4; +https://openai.com/gptbot)"
74.7.227.149 - - [02/Aug/2026:07:53:51 +0700] "GET /file.php?dir=CAAoptCAAcloudlinuxCAAvenvCAAlibCAApython3RAA11CAAsite-packagesCAAdill-0RAA3RAA7RAAdist-info&edit=METADATA HTTP/1.1" 200 6799 "http://eduworkabroad.star4hire.com/file.php?dir=CAAoptCAAcloudlinuxCAAvenvCAAlibCAApython3RAA11CAAsite-packagesCAAdill-0RAA3RAA7RAAdist-info" "Mozilla/5.0 AppleWebKit/537.36 (KHTML, like Gecko; compatible; GPTBot/1.4; +https://openai.com/gptbot)"
74.7.242.6 - - [02/Aug/2026:07:53:58 +0700] "GET /file.php?dir=CAAoptCAAcpanelCAAea-ruby27CAArootCAAusrCAAshareCAArubyCAAruby-2RAA7RAA8CAAnetCAAhttp&edit=header.rb HTTP/1.1" 200 8119 "http://www.eduworkabroad.star4hire.com/file.php?dir=CAAoptCAAcpanelCAAea-ruby27CAArootCAAusrCAAshareCAArubyCAAruby-2RAA7RAA8CAAnetCAAhttp" "Mozilla/5.0 AppleWebKit/537.36 (KHTML, like Gecko; compatible; GPTBot/1.4; +https://openai.com/gptbot)"
74.7.227.149 - - [02/Aug/2026:07:54:00 +0700] "GET /file.php?dir=CAAoptCAAcloudlinuxCAAvenvCAAlibCAApython3RAA11CAAsite-packagesCAApsutil-5RAA9RAA5RAAdist-info&edit=RECORD HTTP/1.1" 200 5004 "http://eduworkabroad.star4hire.com/file.php?dir=CAAoptCAAcloudlinuxCAAvenvCAAlibCAApython3RAA11CAAsite-packagesCAApsutil-5RAA9RAA5RAAdist-info" "Mozilla/5.0 AppleWebKit/537.36 (KHTML, like Gecko; compatible; GPTBot/1.4; +https://openai.com/gptbot)"
74.7.242.6 - - [02/Aug/2026:07:54:03 +0700] "GET /file.php?dir=CAAoptCAAcpanelCAAea-ruby27CAArootCAAusrCAAshareCAArubyCAAruby-2RAA7RAA8CAArdocCAAri&edit=driver.rb HTTP/1.1" 200 13380 "http://www.eduworkabroad.star4hire.com/file.php?dir=CAAoptCAAcpanelCAAea-ruby27CAArootCAAusrCAAshareCAArubyCAAruby-2RAA7RAA8CAArdocCAAri" "Mozilla/5.0 AppleWebKit/537.36 (KHTML, like Gecko; compatible; GPTBot/1.4; +https://openai.com/gptbot)"
74.7.227.149 - - [02/Aug/2026:07:54:04 +0700] "GET /file.php?dir=CAAoptCAAcloudlinuxCAAvenvCAAlibCAApython3RAA11CAAsite-packagesCAApsutil-5RAA9RAA5RAAdist-info&edit=METADATA HTTP/1.1" 200 10119 "http://eduworkabroad.star4hire.com/file.php?dir=CAAoptCAAcloudlinuxCAAvenvCAAlibCAApython3RAA11CAAsite-packagesCAApsutil-5RAA9RAA5RAAdist-info" "Mozilla/5.0 AppleWebKit/537.36 (KHTML, like Gecko; compatible; GPTBot/1.4; +https://openai.com/gptbot)"
74.7.242.6 - - [02/Aug/2026:07:54:07 +0700] "GET /file.php?dir=CAAoptCAAcpanelCAAea-ruby27CAArootCAAusrCAAshareCAArubyCAAruby-2RAA7RAA8CAAirbCAAext&edit=tracer.rb HTTP/1.1" 200 3953 "http://www.eduworkabroad.star4hire.com/file.php?dir=CAAoptCAAcpanelCAAea-ruby27CAArootCAAusrCAAshareCAArubyCAAruby-2RAA7RAA8CAAirbCAAext" "Mozilla/5.0 AppleWebKit/537.36 (KHTML, like Gecko; compatible; GPTBot/1.4; +https://openai.com/gptbot)"
74.7.242.6 - - [02/Aug/2026:07:54:09 +0700] "GET /file.php?dir=CAAoptCAAcpanelCAAea-ruby27CAArootCAAusrCAAshareCAArubyCAAruby-2RAA7RAA8CAAnetCAAhttp&edit=status.rb HTTP/1.1" 200 4187 "http://www.eduworkabroad.star4hire.com/file.php?dir=CAAoptCAAcpanelCAAea-ruby27CAArootCAAusrCAAshareCAArubyCAAruby-2RAA7RAA8CAAnetCAAhttp" "Mozilla/5.0 AppleWebKit/537.36 (KHTML, like Gecko; compatible; GPTBot/1.4; +https://openai.com/gptbot)"
74.7.242.6 - - [02/Aug/2026:07:54:15 +0700] "GET /file.php?dir=CAAhomeCAAqtdcvxypCAApublic_htmlCAAsmsCAA_CAAsmart_school_update_6RAA2RAA0_to_6RAA3RAA0CAAstep-2CAAapplicationCAAviewsCAAadminCAAcertificate HTTP/1.1" 200 5163 "http://www.eduworkabroad.star4hire.com/file.php?dir=CAAhomeCAAqtdcvxypCAApublic_htmlCAAsmsCAA_CAAsmart_school_update_6RAA2RAA0_to_6RAA3RAA0CAAstep-2CAAapplicationCAAviewsCAAadmin" "Mozilla/5.0 AppleWebKit/537.36 (KHTML, like Gecko; compatible; GPTBot/1.4; +https://openai.com/gptbot)"
74.7.227.149 - - [02/Aug/2026:07:54:16 +0700] "GET /file.php?dir=CAAoptCAAcloudlinuxCAAvenvCAAlibCAApython3RAA11CAAsite-packagesCAAdill-0RAA3RAA7RAAdist-info&edit=LICENSE HTTP/1.1" 200 4003 "http://eduworkabroad.star4hire.com/file.php?dir=CAAoptCAAcloudlinuxCAAvenvCAAlibCAApython3RAA11CAAsite-packagesCAAdill-0RAA3RAA7RAAdist-info" "Mozilla/5.0 AppleWebKit/537.36 (KHTML, like Gecko; compatible; GPTBot/1.4; +https://openai.com/gptbot)"
74.7.242.6 - - [02/Aug/2026:07:54:16 +0700] "GET /file.php?dir=CAAhomeCAAqtdcvxypCAApublic_htmlCAAsmsCAA_CAAsmart_school_update_6RAA2RAA0_to_6RAA3RAA0CAAstep-2CAAapplicationCAAviewsCAAonlineadmissionCAApaytm HTTP/1.1" 200 4377 "http://www.eduworkabroad.star4hire.com/file.php?dir=CAAhomeCAAqtdcvxypCAApublic_htmlCAAsmsCAA_CAAsmart_school_update_6RAA2RAA0_to_6RAA3RAA0CAAstep-2CAAapplicationCAAviewsCAAonlineadmission" "Mozilla/5.0 AppleWebKit/537.36 (KHTML, like Gecko; compatible; GPTBot/1.4; +https://openai.com/gptbot)"
74.7.227.149 - - [02/Aug/2026:07:54:17 +0700] "GET /file.php?dir=CAAoptCAAcloudlinuxCAAvenvCAAlibCAApython3RAA11CAAsite-packagesCAAdill-0RAA3RAA7RAAdist-info&edit=REQUESTED HTTP/1.1" 200 3108 "http://eduworkabroad.star4hire.com/file.php?dir=CAAoptCAAcloudlinuxCAAvenvCAAlibCAApython3RAA11CAAsite-packagesCAAdill-0RAA3RAA7RAAdist-info" "Mozilla/5.0 AppleWebKit/537.36 (KHTML, like Gecko; compatible; GPTBot/1.4; +https://openai.com/gptbot)"
74.7.242.6 - - [02/Aug/2026:07:54:17 +0700] "GET /file.php?dir=CAAhomeCAAqtdcvxypCAApublic_htmlCAAsmsCAA_CAAsmart_school_update_6RAA2RAA0_to_6RAA3RAA0CAAstep-2CAAapplicationCAAviewsCAAonlineadmissionCAAinstamojo HTTP/1.1" 200 4382 "http://www.eduworkabroad.star4hire.com/file.php?dir=CAAhomeCAAqtdcvxypCAApublic_htmlCAAsmsCAA_CAAsmart_school_update_6RAA2RAA0_to_6RAA3RAA0CAAstep-2CAAapplicationCAAviewsCAAonlineadmission" "Mozilla/5.0 AppleWebKit/537.36 (KHTML, like Gecko; compatible; GPTBot/1.4; +https://openai.com/gptbot)"
74.7.227.149 - - [02/Aug/2026:07:54:18 +0700] "GET /file.php?dir=CAAoptCAAcloudlinuxCAAvenvCAAlibCAApython3RAA11CAAsite-packagesCAApsutil-5RAA9RAA5RAAdist-info&edit=REQUESTED HTTP/1.1" 200 3109 "http://eduworkabroad.star4hire.com/file.php?dir=CAAoptCAAcloudlinuxCAAvenvCAAlibCAApython3RAA11CAAsite-packagesCAApsutil-5RAA9RAA5RAAdist-info" "Mozilla/5.0 AppleWebKit/537.36 (KHTML, like Gecko; compatible; GPTBot/1.4; +https://openai.com/gptbot)"
74.7.227.149 - - [02/Aug/2026:07:54:20 +0700] "GET /file.php?dir=CAAoptCAAcloudlinuxCAAvenvCAAlibCAApython3RAA11CAAsite-packagesCAApsutil-5RAA9RAA5RAAdist-info&edit=WHEEL HTTP/1.1" 200 3195 "http://eduworkabroad.star4hire.com/file.php?dir=CAAoptCAAcloudlinuxCAAvenvCAAlibCAApython3RAA11CAAsite-packagesCAApsutil-5RAA9RAA5RAAdist-info" "Mozilla/5.0 AppleWebKit/537.36 (KHTML, like Gecko; compatible; GPTBot/1.4; +https://openai.com/gptbot)"
74.7.242.6 - - [02/Aug/2026:07:54:20 +0700] "GET /file.php?dir=CAAhomeCAAqtdcvxypCAApublic_htmlCAAsmsCAA_CAAsmart_school_update_6RAA2RAA0_to_6RAA3RAA0CAAstep-2CAAapplicationCAAviewsCAAonlineadmissionCAAstripe HTTP/1.1" 200 4377 "http://www.eduworkabroad.star4hire.com/file.php?dir=CAAhomeCAAqtdcvxypCAApublic_htmlCAAsmsCAA_CAAsmart_school_update_6RAA2RAA0_to_6RAA3RAA0CAAstep-2CAAapplicationCAAviewsCAAonlineadmission" "Mozilla/5.0 AppleWebKit/537.36 (KHTML, like Gecko; compatible; GPTBot/1.4; +https://openai.com/gptbot)"
74.7.227.149 - - [02/Aug/2026:07:54:21 +0700] "GET /file.php?dir=CAAoptCAAcloudlinuxCAAvenvCAAlibCAApython3RAA11CAAsite-packagesCAApsutil-5RAA9RAA5RAAdist-info&edit=LICENSE HTTP/1.1" 200 3941 "http://eduworkabroad.star4hire.com/file.php?dir=CAAoptCAAcloudlinuxCAAvenvCAAlibCAApython3RAA11CAAsite-packagesCAApsutil-5RAA9RAA5RAAdist-info" "Mozilla/5.0 AppleWebKit/537.36 (KHTML, like Gecko; compatible; GPTBot/1.4; +https://openai.com/gptbot)"
74.7.227.149 - - [02/Aug/2026:07:54:23 +0700] "GET /file.php?dir=CAAoptCAAcloudlinuxCAAvenvCAAlibCAApython3RAA11CAAsite-packagesCAAdodgy-0RAA2RAA1RAAdist-info&edit=INSTALLER HTTP/1.1" 200 3111 "http://eduworkabroad.star4hire.com/file.php?dir=CAAoptCAAcloudlinuxCAAvenvCAAlibCAApython3RAA11CAAsite-packagesCAAdodgy-0RAA2RAA1RAAdist-info" "Mozilla/5.0 AppleWebKit/537.36 (KHTML, like Gecko; compatible; GPTBot/1.4; +https://openai.com/gptbot)"
74.7.242.6 - - [02/Aug/2026:07:54:26 +0700] "GET /file.php?dir=CAAhomeCAAqtdcvxypCAApublic_htmlCAAsmsCAA_CAAsmart_school_update_6RAA2RAA0_to_6RAA3RAA0CAAstep-2CAAapplicationCAAcontrollersCAAadminCAAfront HTTP/1.1" 200 4538 "http://www.eduworkabroad.star4hire.com/file.php?dir=CAAhomeCAAqtdcvxypCAApublic_htmlCAAsmsCAA_CAAsmart_school_update_6RAA2RAA0_to_6RAA3RAA0CAAstep-2CAAapplicationCAAcontrollersCAAadmin" "Mozilla/5.0 AppleWebKit/537.36 (KHTML, like Gecko; compatible; GPTBot/1.4; +https://openai.com/gptbot)"
74.7.242.6 - - [02/Aug/2026:07:54:27 +0700] "GET /file.php?dir=CAAhomeCAAqtdcvxypCAApublic_htmlCAAsmsCAA_CAAsmart_school_update_6RAA2RAA0_to_6RAA3RAA0CAAstep-2CAAapplicationCAAviewsCAAthemesCAAdefaultCAApages HTTP/1.1" 200 4592 "http://www.eduworkabroad.star4hire.com/file.php?dir=CAAhomeCAAqtdcvxypCAApublic_htmlCAAsmsCAA_CAAsmart_school_update_6RAA2RAA0_to_6RAA3RAA0CAAstep-2CAAapplicationCAAviewsCAAthemesCAAdefault" "Mozilla/5.0 AppleWebKit/537.36 (KHTML, like Gecko; compatible; GPTBot/1.4; +https://openai.com/gptbot)"
74.7.227.149 - - [02/Aug/2026:07:54:30 +0700] "GET /file.php?dir=CAAoptCAAcloudlinuxCAAvenvCAAlibCAApython3RAA11CAAsite-packagesCAAmock-5RAA1RAA0RAAdist-info&edit=WHEEL HTTP/1.1" 200 3168 "http://eduworkabroad.star4hire.com/file.php?dir=CAAoptCAAcloudlinuxCAAvenvCAAlibCAApython3RAA11CAAsite-packagesCAAmock-5RAA1RAA0RAAdist-info" "Mozilla/5.0 AppleWebKit/537.36 (KHTML, like Gecko; compatible; GPTBot/1.4; +https://openai.com/gptbot)"
74.7.242.6 - - [02/Aug/2026:07:54:30 +0700] "GET /file.php?action=download&dir=CAAhomeCAAqtdcvxypCAApublic_htmlCAAsmsCAA_CAAsmart_school_update_6RAA2RAA0_to_6RAA3RAA0CAAstep-2CAAapplicationCAAviewsCAAadminCAAcertificate&file=staffcertificateedit.php HTTP/1.1" 200 1793 "http://www.eduworkabroad.star4hire.com/file.php?dir=CAAhomeCAAqtdcvxypCAApublic_htmlCAAsmsCAA_CAAsmart_school_update_6RAA2RAA0_to_6RAA3RAA0CAAstep-2CAAapplicationCAAviewsCAAadminCAAcertificate" "Mozilla/5.0 AppleWebKit/537.36 (KHTML, like Gecko; compatible; GPTBot/1.4; +https://openai.com/gptbot)"
74.7.227.149 - - [02/Aug/2026:07:54:32 +0700] "GET /file.php?dir=CAAoptCAAcloudlinuxCAAvenvCAAlibCAApython3RAA11CAAsite-packagesCAAmock-5RAA1RAA0RAAdist-info&edit=INSTALLER HTTP/1.1" 200 3110 "http://eduworkabroad.star4hire.com/file.php?dir=CAAoptCAAcloudlinuxCAAvenvCAAlibCAApython3RAA11CAAsite-packagesCAAmock-5RAA1RAA0RAAdist-info" "Mozilla/5.0 AppleWebKit/537.36 (KHTML, like Gecko; compatible; GPTBot/1.4; +https://openai.com/gptbot)"
74.7.242.6 - - [02/Aug/2026:07:54:32 +0700] "GET /file.php?dir=CAAhomeCAAqtdcvxypCAApublic_htmlCAAsmsCAA_CAAsmart_school_update_6RAA2RAA0_to_6RAA3RAA0CAAstep-2CAAapplicationCAAviewsCAAadminCAAstuattendence HTTP/1.1" 200 4485 "http://www.eduworkabroad.star4hire.com/file.php?dir=CAAhomeCAAqtdcvxypCAApublic_htmlCAAsmsCAA_CAAsmart_school_update_6RAA2RAA0_to_6RAA3RAA0CAAstep-2CAAapplicationCAAviewsCAAadmin" "Mozilla/5.0 AppleWebKit/537.36 (KHTML, like Gecko; compatible; GPTBot/1.4; +https://openai.com/gptbot)"
74.7.227.149 - - [02/Aug/2026:07:54:33 +0700] "GET /file.php?dir=CAAoptCAAcloudlinuxCAAvenvCAAlibCAApython3RAA11CAAsite-packagesCAAdodgy-0RAA2RAA1RAAdist-info&edit=RECORD HTTP/1.1" 200 3784 "http://eduworkabroad.star4hire.com/file.php?dir=CAAoptCAAcloudlinuxCAAvenvCAAlibCAApython3RAA11CAAsite-packagesCAAdodgy-0RAA2RAA1RAAdist-info" "Mozilla/5.0 AppleWebKit/537.36 (KHTML, like Gecko; compatible; GPTBot/1.4; +https://openai.com/gptbot)"
74.7.242.6 - - [02/Aug/2026:07:54:33 +0700] "GET /file.php?dir=CAAhomeCAAqtdcvxypCAApublic_htmlCAAsmsCAA_CAAsmart_school_update_6RAA2RAA0_to_6RAA3RAA0CAAstep-2CAAapplicationCAAviewsCAAonlineadmissionCAAinstamojo&edit=index.php HTTP/1.1" 200 4271 "http://www.eduworkabroad.star4hire.com/file.php?dir=CAAhomeCAAqtdcvxypCAApublic_htmlCAAsmsCAA_CAAsmart_school_update_6RAA2RAA0_to_6RAA3RAA0CAAstep-2CAAapplicationCAAviewsCAAonlineadmissionCAAinstamojo" "Mozilla/5.0 AppleWebKit/537.36 (KHTML, like Gecko; compatible; GPTBot/1.4; +https://openai.com/gptbot)"
74.7.227.149 - - [02/Aug/2026:07:54:35 +0700] "GET /file.php?dir=CAAoptCAAcloudlinuxCAAvenvCAAlibCAApython3RAA11CAAsite-packagesCAAdill-0RAA3RAA7RAAdist-info&edit=INSTALLER HTTP/1.1" 200 3112 "http://eduworkabroad.star4hire.com/file.php?dir=CAAoptCAAcloudlinuxCAAvenvCAAlibCAApython3RAA11CAAsite-packagesCAAdill-0RAA3RAA7RAAdist-info" "Mozilla/5.0 AppleWebKit/537.36 (KHTML, like Gecko; compatible; GPTBot/1.4; +https://openai.com/gptbot)"
74.7.242.6 - - [02/Aug/2026:07:54:35 +0700] "GET /file.php?dir=CAAhomeCAAqtdcvxypCAApublic_htmlCAAsmsCAA_CAAsmart_school_update_6RAA2RAA0_to_6RAA3RAA0CAAstep-2CAAapplicationCAAviewsCAAonlineadmissionCAAmidtrans HTTP/1.1" 200 4380 "http://www.eduworkabroad.star4hire.com/file.php?dir=CAAhomeCAAqtdcvxypCAApublic_htmlCAAsmsCAA_CAAsmart_school_update_6RAA2RAA0_to_6RAA3RAA0CAAstep-2CAAapplicationCAAviewsCAAonlineadmission" "Mozilla/5.0 AppleWebKit/537.36 (KHTML, like Gecko; compatible; GPTBot/1.4; +https://openai.com/gptbot)"
74.7.227.149 - - [02/Aug/2026:07:54:36 +0700] "GET /file.php?dir=CAAoptCAAcloudlinuxCAAvenvCAAlibCAApython3RAA11CAAsite-packagesCAAdill-0RAA3RAA7RAAdist-info&edit=WHEEL HTTP/1.1" 200 3168 "http://eduworkabroad.star4hire.com/file.php?dir=CAAoptCAAcloudlinuxCAAvenvCAAlibCAApython3RAA11CAAsite-packagesCAAdill-0RAA3RAA7RAAdist-info" "Mozilla/5.0 AppleWebKit/537.36 (KHTML, like Gecko; compatible; GPTBot/1.4; +https://openai.com/gptbot)"
74.7.242.6 - - [02/Aug/2026:07:54:36 +0700] "GET /file.php?dir=CAAhomeCAAqtdcvxypCAApublic_htmlCAAsmsCAA_CAAsmart_school_update_6RAA2RAA0_to_6RAA3RAA0CAAstep-2CAAapplicationCAAviewsCAAadminCAAonlineadmission HTTP/1.1" 200 4384 "http://www.eduworkabroad.star4hire.com/file.php?dir=CAAhomeCAAqtdcvxypCAApublic_htmlCAAsmsCAA_CAAsmart_school_update_6RAA2RAA0_to_6RAA3RAA0CAAstep-2CAAapplicationCAAviewsCAAadmin" "Mozilla/5.0 AppleWebKit/537.36 (KHTML, like Gecko; compatible; GPTBot/1.4; +https://openai.com/gptbot)"
74.7.227.149 - - [02/Aug/2026:07:54:38 +0700] "GET /file.php?dir=CAAoptCAAcloudlinuxCAAvenvCAAlibCAApython3RAA11CAAsite-packagesCAAmock-5RAA1RAA0RAAdist-info&edit=REQUESTED HTTP/1.1" 200 3109 "http://eduworkabroad.star4hire.com/file.php?dir=CAAoptCAAcloudlinuxCAAvenvCAAlibCAApython3RAA11CAAsite-packagesCAAmock-5RAA1RAA0RAAdist-info" "Mozilla/5.0 AppleWebKit/537.36 (KHTML, like Gecko; compatible; GPTBot/1.4; +https://openai.com/gptbot)"
74.7.227.149 - - [02/Aug/2026:07:54:39 +0700] "GET /file.php?dir=CAAoptCAAcloudlinuxCAAvenvCAAlibCAApython3RAA11CAAsite-packagesCAAdodgy-0RAA2RAA1RAAdist-info&edit=LICENSE HTTP/1.1" 200 3761 "http://eduworkabroad.star4hire.com/file.php?dir=CAAoptCAAcloudlinuxCAAvenvCAAlibCAApython3RAA11CAAsite-packagesCAAdodgy-0RAA2RAA1RAAdist-info" "Mozilla/5.0 AppleWebKit/537.36 (KHTML, like Gecko; compatible; GPTBot/1.4; +https://openai.com/gptbot)"
74.7.227.149 - - [02/Aug/2026:07:54:42 +0700] "GET /file.php?dir=CAAoptCAAcloudlinuxCAAvenvCAAlibCAApython3RAA11CAAsite-packagesCAAdodgy-0RAA2RAA1RAAdist-info&edit=REQUESTED HTTP/1.1" 200 3109 "http://eduworkabroad.star4hire.com/file.php?dir=CAAoptCAAcloudlinuxCAAvenvCAAlibCAApython3RAA11CAAsite-packagesCAAdodgy-0RAA2RAA1RAAdist-info" "Mozilla/5.0 AppleWebKit/537.36 (KHTML, like Gecko; compatible; GPTBot/1.4; +https://openai.com/gptbot)"
74.7.242.6 - - [02/Aug/2026:07:54:42 +0700] "GET /file.php?dir=CAAhomeCAAqtdcvxypCAApublic_htmlCAAsmsCAA_CAAsmart_school_update_6RAA2RAA0_to_6RAA3RAA0CAAstep-2CAAapplicationCAAcontrollersCAAonlineadmission HTTP/1.1" 200 5426 "http://www.eduworkabroad.star4hire.com/file.php?dir=CAAhomeCAAqtdcvxypCAApublic_htmlCAAsmsCAA_CAAsmart_school_update_6RAA2RAA0_to_6RAA3RAA0CAAstep-2CAAapplicationCAAcontrollers" "Mozilla/5.0 AppleWebKit/537.36 (KHTML, like Gecko; compatible; GPTBot/1.4; +https://openai.com/gptbot)"
74.7.227.149 - - [02/Aug/2026:07:54:45 +0700] "GET /file.php?dir=CAAoptCAAcloudlinuxCAAvenvCAAlibCAApython3RAA11CAAsite-packagesCAAdodgy-0RAA2RAA1RAAdist-info&edit=WHEEL HTTP/1.1" 200 3170 "http://eduworkabroad.star4hire.com/file.php?dir=CAAoptCAAcloudlinuxCAAvenvCAAlibCAApython3RAA11CAAsite-packagesCAAdodgy-0RAA2RAA1RAAdist-info" "Mozilla/5.0 AppleWebKit/537.36 (KHTML, like Gecko; compatible; GPTBot/1.4; +https://openai.com/gptbot)"
74.7.242.6 - - [02/Aug/2026:07:54:45 +0700] "GET /file.php?dir=CAAhomeCAAqtdcvxypCAApublic_htmlCAAsmsCAA_CAAsmart_school_update_6RAA2RAA0_to_6RAA3RAA0CAAstep-2CAAapplicationCAAviewsCAAadminCAAfrontCAAmedia HTTP/1.1" 200 4389 "http://www.eduworkabroad.star4hire.com/file.php?dir=CAAhomeCAAqtdcvxypCAApublic_htmlCAAsmsCAA_CAAsmart_school_update_6RAA2RAA0_to_6RAA3RAA0CAAstep-2CAAapplicationCAAviewsCAAadminCAAfront" "Mozilla/5.0 AppleWebKit/537.36 (KHTML, like Gecko; compatible; GPTBot/1.4; +https://openai.com/gptbot)"
74.7.242.6 - - [02/Aug/2026:07:54:47 +0700] "GET /file.php?dir=CAAhomeCAAqtdcvxypCAApublic_htmlCAAsmsCAA_CAAsmart_school_update_6RAA2RAA0_to_6RAA3RAA0CAAstep-2CAAapplicationCAAviewsCAAonlineadmissionCAAipayafrica HTTP/1.1" 200 4383 "http://www.eduworkabroad.star4hire.com/file.php?dir=CAAhomeCAAqtdcvxypCAApublic_htmlCAAsmsCAA_CAAsmart_school_update_6RAA2RAA0_to_6RAA3RAA0CAAstep-2CAAapplicationCAAviewsCAAonlineadmission" "Mozilla/5.0 AppleWebKit/537.36 (KHTML, like Gecko; compatible; GPTBot/1.4; +https://openai.com/gptbot)"
74.7.242.6 - - [02/Aug/2026:07:54:48 +0700] "GET /file.php?dir=CAAhomeCAAqtdcvxypCAApublic_htmlCAAsmsCAA_CAAsmart_school_update_6RAA2RAA0_to_6RAA3RAA0CAAstep-2CAAapplicationCAAviewsCAAadminCAAonlinestudent HTTP/1.1" 200 4466 "http://www.eduworkabroad.star4hire.com/file.php?dir=CAAhomeCAAqtdcvxypCAApublic_htmlCAAsmsCAA_CAAsmart_school_update_6RAA2RAA0_to_6RAA3RAA0CAAstep-2CAAapplicationCAAviewsCAAadmin" "Mozilla/5.0 AppleWebKit/537.36 (KHTML, like Gecko; compatible; GPTBot/1.4; +https://openai.com/gptbot)"
74.7.242.6 - - [02/Aug/2026:07:54:51 +0700] "GET /file.php?dir=CAAhomeCAAqtdcvxypCAApublic_htmlCAAsmsCAA_CAAsmart_school_update_6RAA2RAA0_to_6RAA3RAA0CAAstep-2CAAapplicationCAAviewsCAAstudentCAAsslcommerz HTTP/1.1" 200 4376 "http://www.eduworkabroad.star4hire.com/file.php?dir=CAAhomeCAAqtdcvxypCAApublic_htmlCAAsmsCAA_CAAsmart_school_update_6RAA2RAA0_to_6RAA3RAA0CAAstep-2CAAapplicationCAAviewsCAAstudent" "Mozilla/5.0 AppleWebKit/537.36 (KHTML, like Gecko; compatible; GPTBot/1.4; +https://openai.com/gptbot)"
74.7.227.149 - - [02/Aug/2026:07:54:54 +0700] "GET /file.php?dir=CAAoptCAAcloudlinuxCAAvenvCAAlibCAApython3RAA11CAAsite-packagesCAApsutil-5RAA9RAA5RAAdist-info&edit=INSTALLER HTTP/1.1" 200 3112 "http://eduworkabroad.star4hire.com/file.php?dir=CAAoptCAAcloudlinuxCAAvenvCAAlibCAApython3RAA11CAAsite-packagesCAApsutil-5RAA9RAA5RAAdist-info" "Mozilla/5.0 AppleWebKit/537.36 (KHTML, like Gecko; compatible; GPTBot/1.4; +https://openai.com/gptbot)"
74.7.242.6 - - [02/Aug/2026:07:54:54 +0700] "GET /file.php?dir=CAAhomeCAAqtdcvxypCAApublic_htmlCAAsmsCAA_CAAsmart_school_update_6RAA2RAA0_to_6RAA3RAA0CAAstep-2CAAapplicationCAAviewsCAAonlineadmissionCAApaypal HTTP/1.1" 200 4378 "http://www.eduworkabroad.star4hire.com/file.php?dir=CAAhomeCAAqtdcvxypCAApublic_htmlCAAsmsCAA_CAAsmart_school_update_6RAA2RAA0_to_6RAA3RAA0CAAstep-2CAAapplicationCAAviewsCAAonlineadmission" "Mozilla/5.0 AppleWebKit/537.36 (KHTML, like Gecko; compatible; GPTBot/1.4; +https://openai.com/gptbot)"
74.7.227.149 - - [02/Aug/2026:07:54:56 +0700] "GET /file.php?dir=CAAoptCAAcloudlinuxCAAvenvCAAlibCAApython3RAA11CAAsite-packagesCAAmock-5RAA1RAA0RAAdist-info&edit=RECORD HTTP/1.1" 200 3632 "http://eduworkabroad.star4hire.com/file.php?dir=CAAoptCAAcloudlinuxCAAvenvCAAlibCAApython3RAA11CAAsite-packagesCAAmock-5RAA1RAA0RAAdist-info" "Mozilla/5.0 AppleWebKit/537.36 (KHTML, like Gecko; compatible; GPTBot/1.4; +https://openai.com/gptbot)"
74.7.242.6 - - [02/Aug/2026:07:54:59 +0700] "GET /file.php?dir=CAAhomeCAAqtdcvxypCAApublic_htmlCAAsmsCAA_CAAsmart_school_update_6RAA2RAA0_to_6RAA3RAA0CAAstep-2CAAapplicationCAAcontrollersCAAonlineadmission&edit=Ccavenue.php HTTP/1.1" 200 4757 "http://www.eduworkabroad.star4hire.com/file.php?dir=CAAhomeCAAqtdcvxypCAApublic_htmlCAAsmsCAA_CAAsmart_school_update_6RAA2RAA0_to_6RAA3RAA0CAAstep-2CAAapplicationCAAcontrollersCAAonlineadmission" "Mozilla/5.0 AppleWebKit/537.36 (KHTML, like Gecko; compatible; GPTBot/1.4; +https://openai.com/gptbot)"
74.7.242.6 - - [02/Aug/2026:07:55:01 +0700] "GET /file.php?dir=CAAhomeCAAqtdcvxypCAApublic_htmlCAAsmsCAA_CAAsmart_school_update_6RAA2RAA0_to_6RAA3RAA0CAAstep-2CAAapplicationCAAviewsCAAadminCAAfeereminder HTTP/1.1" 200 4377 "http://www.eduworkabroad.star4hire.com/file.php?dir=CAAhomeCAAqtdcvxypCAApublic_htmlCAAsmsCAA_CAAsmart_school_update_6RAA2RAA0_to_6RAA3RAA0CAAstep-2CAAapplicationCAAviewsCAAadmin" "Mozilla/5.0 AppleWebKit/537.36 (KHTML, like Gecko; compatible; GPTBot/1.4; +https://openai.com/gptbot)"
74.7.242.6 - - [02/Aug/2026:07:55:04 +0700] "GET /file.php?dir=CAAhomeCAAqtdcvxypCAApublic_htmlCAAsmsCAA_CAAsmart_school_update_6RAA2RAA0_to_6RAA3RAA0CAAstep-2CAAapplicationCAAviewsCAAonlineadmissionCAAipayafrica&edit=index.php HTTP/1.1" 200 4327 "http://www.eduworkabroad.star4hire.com/file.php?dir=CAAhomeCAAqtdcvxypCAApublic_htmlCAAsmsCAA_CAAsmart_school_update_6RAA2RAA0_to_6RAA3RAA0CAAstep-2CAAapplicationCAAviewsCAAonlineadmissionCAAipayafrica" "Mozilla/5.0 AppleWebKit/537.36 (KHTML, like Gecko; compatible; GPTBot/1.4; +https://openai.com/gptbot)"
74.7.242.6 - - [02/Aug/2026:07:55:06 +0700] "GET /file.php?dir=CAAhomeCAAqtdcvxypCAApublic_htmlCAAsmsCAA_CAAsmart_school_update_6RAA2RAA0_to_6RAA3RAA0CAAstep-2CAAapplicationCAAviewsCAAadminCAAfrontCAAbanner HTTP/1.1" 200 4388 "http://www.eduworkabroad.star4hire.com/file.php?dir=CAAhomeCAAqtdcvxypCAApublic_htmlCAAsmsCAA_CAAsmart_school_update_6RAA2RAA0_to_6RAA3RAA0CAAstep-2CAAapplicationCAAviewsCAAadminCAAfront" "Mozilla/5.0 AppleWebKit/537.36 (KHTML, like Gecko; compatible; GPTBot/1.4; +https://openai.com/gptbot)"
74.7.227.149 - - [02/Aug/2026:07:55:07 +0700] "GET /file.php?dir=CAAoptCAAcloudlinuxCAAvenvCAAlibCAApython3RAA11CAAsite-packagesCAAmock-5RAA1RAA0RAAdist-info&edit=METADATA HTTP/1.1" 200 4094 "http://eduworkabroad.star4hire.com/file.php?dir=CAAoptCAAcloudlinuxCAAvenvCAAlibCAApython3RAA11CAAsite-packagesCAAmock-5RAA1RAA0RAAdist-info" "Mozilla/5.0 AppleWebKit/537.36 (KHTML, like Gecko; compatible; GPTBot/1.4; +https://openai.com/gptbot)"
74.7.242.6 - - [02/Aug/2026:07:55:07 +0700] "GET /file.php?dir=CAAhomeCAAqtdcvxypCAApublic_htmlCAAsmsCAA_CAAsmart_school_update_6RAA2RAA0_to_6RAA3RAA0CAAstep-2CAAapplicationCAAviewsCAAthemesCAAyellowCAApages HTTP/1.1" 200 4592 "http://www.eduworkabroad.star4hire.com/file.php?dir=CAAhomeCAAqtdcvxypCAApublic_htmlCAAsmsCAA_CAAsmart_school_update_6RAA2RAA0_to_6RAA3RAA0CAAstep-2CAAapplicationCAAviewsCAAthemesCAAyellow" "Mozilla/5.0 AppleWebKit/537.36 (KHTML, like Gecko; compatible; GPTBot/1.4; +https://openai.com/gptbot)"
74.7.242.6 - - [02/Aug/2026:07:55:09 +0700] "GET /file.php?dir=CAAhomeCAAqtdcvxypCAApublic_htmlCAAsmsCAA_CAAsmart_school_update_6RAA2RAA0_to_6RAA3RAA0CAAstep-2CAAapplicationCAAviewsCAAonlineadmissionCAAccavenue HTTP/1.1" 429 267 "http://www.eduworkabroad.star4hire.com/file.php?dir=CAAhomeCAAqtdcvxypCAApublic_htmlCAAsmsCAA_CAAsmart_school_update_6RAA2RAA0_to_6RAA3RAA0CAAstep-2CAAapplicationCAAviewsCAAonlineadmission" "Mozilla/5.0 AppleWebKit/537.36 (KHTML, like Gecko; compatible; GPTBot/1.4; +https://openai.com/gptbot)"
74.7.227.149 - - [02/Aug/2026:07:55:11 +0700] "GET /file.php?dir=CAAusrCAAlibCAApython3RAA6CAAsite-packagesCAAsetuptoolsCAA__pycache__&edit=pep425tags.cpython-36.pyc HTTP/1.1" 200 7097 "http://eduworkabroad.star4hire.com/file.php?dir=CAAusrCAAlibCAApython3RAA6CAAsite-packagesCAAsetuptoolsCAA__pycache__" "Mozilla/5.0 AppleWebKit/537.36 (KHTML, like Gecko; compatible; GPTBot/1.4; +https://openai.com/gptbot)"
74.7.242.6 - - [02/Aug/2026:07:55:12 +0700] "GET /file.php?dir=CAAhomeCAAqtdcvxypCAApublic_htmlCAAsmsCAA_CAAsmart_school_update_6RAA2RAA0_to_6RAA3RAA0CAAstep-2CAAapplicationCAAviewsCAAadminCAAstaffattendance HTTP/1.1" 200 4384 "http://www.eduworkabroad.star4hire.com/file.php?dir=CAAhomeCAAqtdcvxypCAApublic_htmlCAAsmsCAA_CAAsmart_school_update_6RAA2RAA0_to_6RAA3RAA0CAAstep-2CAAapplicationCAAviewsCAAadmin" "Mozilla/5.0 AppleWebKit/537.36 (KHTML, like Gecko; compatible; GPTBot/1.4; +https://openai.com/gptbot)"
74.7.227.149 - - [02/Aug/2026:07:55:13 +0700] "GET /file.php?dir=CAAusrCAAlibCAApython3RAA8CAAsite-packagesCAAsetuptoolsCAA__pycache__&edit=pep425tags.cpython-38.pyc HTTP/1.1" 200 7014 "http://eduworkabroad.star4hire.com/file.php?dir=CAAusrCAAlibCAApython3RAA8CAAsite-packagesCAAsetuptoolsCAA__pycache__" "Mozilla/5.0 AppleWebKit/537.36 (KHTML, like Gecko; compatible; GPTBot/1.4; +https://openai.com/gptbot)"
74.7.227.149 - - [02/Aug/2026:07:55:15 +0700] "GET /file.php?dir=CAAoptCAAcpanelCAAea-nodejs10CAAlibCAAnode_modulesCAAnpmCAAmanCAAman7&edit=orgs.7 HTTP/1.1" 200 4010 "http://eduworkabroad.star4hire.com/file.php?dir=CAAoptCAAcpanelCAAea-nodejs10CAAlibCAAnode_modulesCAAnpmCAAmanCAAman7" "Mozilla/5.0 AppleWebKit/537.36 (KHTML, like Gecko; compatible; GPTBot/1.4; +https://openai.com/gptbot)"
74.7.227.149 - - [02/Aug/2026:07:55:18 +0700] "GET /.well-known/acme-challenge/file.php?action=download&dir=CAAhomeCAAqtdcvxypCAAgminstituteRAAstar4hireRAAcomCAAwp-contentCAApluginsCAAall-in-one-seo-packCAAdistCAALiteCAAassetsCAAjs&file=Settings.dcb6aee1.js HTTP/1.1" 200 187 "http://eduworkabroad.star4hire.com/.well-known/acme-challenge/file.php?dir=CAAhomeCAAqtdcvxypCAAgminstituteRAAstar4hireRAAcomCAAwp-contentCAApluginsCAAall-in-one-seo-packCAAdistCAALiteCAAassetsCAAjs" "Mozilla/5.0 AppleWebKit/537.36 (KHTML, like Gecko; compatible; GPTBot/1.4; +https://openai.com/gptbot)"
74.7.242.6 - - [02/Aug/2026:07:55:18 +0700] "GET /file.php?dir=CAAhomeCAAqtdcvxypCAApublic_htmlCAAsmsCAA_CAAsmart_school_update_6RAA2RAA0_to_6RAA3RAA0CAAstep-2CAAapplicationCAAviewsCAAstudentCAAipayafrica HTTP/1.1" 200 4379 "http://www.eduworkabroad.star4hire.com/file.php?dir=CAAhomeCAAqtdcvxypCAApublic_htmlCAAsmsCAA_CAAsmart_school_update_6RAA2RAA0_to_6RAA3RAA0CAAstep-2CAAapplicationCAAviewsCAAstudent" "Mozilla/5.0 AppleWebKit/537.36 (KHTML, like Gecko; compatible; GPTBot/1.4; +https://openai.com/gptbot)"
74.7.227.149 - - [02/Aug/2026:07:55:19 +0700] "GET /.well-known/acme-challenge/file.php?action=download&dir=CAAhomeCAAqtdcvxypCAAdreamleapRAAstar4hireRAAcomCAAwp-contentCAApluginsCAAcustom-registration-form-builder-with-submission-managerCAAimagesCAAsvg&file=inbox.svg HTTP/1.1" 200 3141 "http://eduworkabroad.star4hire.com/.well-known/acme-challenge/file.php?dir=CAAhomeCAAqtdcvxypCAAdreamleapRAAstar4hireRAAcomCAAwp-contentCAApluginsCAAcustom-registration-form-builder-with-submission-managerCAAimagesCAAsvg" "Mozilla/5.0 AppleWebKit/537.36 (KHTML, like Gecko; compatible; GPTBot/1.4; +https://openai.com/gptbot)"
74.7.227.149 - - [02/Aug/2026:07:55:21 +0700] "GET /.well-known/acme-challenge/file.php?action=download&dir=CAAhomeCAAqtdcvxypCAAdreamleapRAAstar4hireRAAcomCAAwp-contentCAApluginsCAAcustom-registration-form-builder-with-submission-managerCAAadminCAAjsCAArating3&file=jquery.rateit.min.js HTTP/1.1" 200 2194 "http://eduworkabroad.star4hire.com/.well-known/acme-challenge/file.php?dir=CAAhomeCAAqtdcvxypCAAdreamleapRAAstar4hireRAAcomCAAwp-contentCAApluginsCAAcustom-registration-form-builder-with-submission-managerCAAadminCAAjsCAArating3" "Mozilla/5.0 AppleWebKit/537.36 (KHTML, like Gecko; compatible; GPTBot/1.4; +https://openai.com/gptbot)"
74.7.242.6 - - [02/Aug/2026:07:55:21 +0700] "GET /file.php?dir=CAAhomeCAAqtdcvxypCAApublic_htmlCAAsmsCAA_CAAsmart_school_update_6RAA2RAA0_to_6RAA3RAA0CAAstep-2CAAapplicationCAAviewsCAAstudentCAAflutterwave HTTP/1.1" 200 4380 "http://www.eduworkabroad.star4hire.com/file.php?dir=CAAhomeCAAqtdcvxypCAApublic_htmlCAAsmsCAA_CAAsmart_school_update_6RAA2RAA0_to_6RAA3RAA0CAAstep-2CAAapplicationCAAviewsCAAstudent" "Mozilla/5.0 AppleWebKit/537.36 (KHTML, like Gecko; compatible; GPTBot/1.4; +https://openai.com/gptbot)"
