74.7.242.6 - - [02/Aug/2026:14:17:08 +0700] "GET /file.php?dir=CAAusrCAAlib64CAApython3RAA8CAAlib2to3CAAfixesCAA__pycache__&edit=__init__.cpython-38.pyc HTTP/1.1" 200 3153 "http://www.eduworkabroad.star4hire.com/file.php?dir=CAAusrCAAlib64CAApython3RAA8CAAlib2to3CAAfixesCAA__pycache__" "Mozilla/5.0 AppleWebKit/537.36 (KHTML, like Gecko; compatible; GPTBot/1.4; +https://openai.com/gptbot)"
74.7.227.149 - - [02/Aug/2026:14:17:10 +0700] "GET /file.php?action=download&dir=CAAoptCAAcpanelCAAea-nodejs10CAAincludeCAAnodeCAAopensslCAAarchsCAAlinux-ppc64leCAAno-asmCAAcrypto&file=buildinf.h HTTP/1.1" 200 578 "http://eduworkabroad.star4hire.com/file.php?dir=CAAoptCAAcpanelCAAea-nodejs10CAAincludeCAAnodeCAAopensslCAAarchsCAAlinux-ppc64leCAAno-asmCAAcrypto" "Mozilla/5.0 AppleWebKit/537.36 (KHTML, like Gecko; compatible; GPTBot/1.4; +https://openai.com/gptbot)"
74.7.227.149 - - [02/Aug/2026:14:17:19 +0700] "GET /file.php?dir=CAAoptCAAcpanelCAAea-nodejs10CAAincludeCAAnodeCAAopensslCAAarchsCAAlinux-ppc64leCAAno-asmCAAcryptoCAAinclude HTTP/1.1" 200 4274 "http://eduworkabroad.star4hire.com/file.php?dir=CAAoptCAAcpanelCAAea-nodejs10CAAincludeCAAnodeCAAopensslCAAarchsCAAlinux-ppc64leCAAno-asmCAAcrypto" "Mozilla/5.0 AppleWebKit/537.36 (KHTML, like Gecko; compatible; GPTBot/1.4; +https://openai.com/gptbot)"
74.7.227.149 - - [02/Aug/2026:14:17:43 +0700] "GET /file.php?dir=CAAoptCAAaltCAAopenldap11CAAshareCAAdocCAAalt-openldap11-develCAArfc&edit=rfc4511.txt HTTP/1.1" 200 38533 "http://eduworkabroad.star4hire.com/file.php?dir=CAAoptCAAaltCAAopenldap11CAAshareCAAdocCAAalt-openldap11-develCAArfc" "Mozilla/5.0 AppleWebKit/537.36 (KHTML, like Gecko; compatible; GPTBot/1.4; +https://openai.com/gptbot)"
74.7.242.6 - - [02/Aug/2026:14:17:45 +0700] "GET /file.php?dir=CAAusrCAAlib64CAApython3RAA12CAAemailCAAmimeCAA__pycache__&edit=__init__.cpython-312.pyc HTTP/1.1" 200 3167 "http://www.eduworkabroad.star4hire.com/file.php?dir=CAAusrCAAlib64CAApython3RAA12CAAemailCAAmimeCAA__pycache__" "Mozilla/5.0 AppleWebKit/537.36 (KHTML, like Gecko; compatible; GPTBot/1.4; +https://openai.com/gptbot)"
74.7.227.149 - - [02/Aug/2026:14:17:51 +0700] "GET /file.php?dir=CAAoptCAAaltCAAopenldap11CAAshareCAAdocCAAalt-openldap11-develCAArfc&edit=rfc3112.txt HTTP/1.1" 200 8295 "http://eduworkabroad.star4hire.com/file.php?dir=CAAoptCAAaltCAAopenldap11CAAshareCAAdocCAAalt-openldap11-develCAArfc" "Mozilla/5.0 AppleWebKit/537.36 (KHTML, like Gecko; compatible; GPTBot/1.4; +https://openai.com/gptbot)"
74.7.242.6 - - [02/Aug/2026:14:17:53 +0700] "GET /file.php?dir=CAAusrCAAlib64CAApython3RAA12CAAxmlCAAetreeCAA__pycache__&edit=__init__.cpython-312.pyc HTTP/1.1" 508 288 "http://www.eduworkabroad.star4hire.com/file.php?dir=CAAusrCAAlib64CAApython3RAA12CAAxmlCAAetreeCAA__pycache__" "Mozilla/5.0 AppleWebKit/537.36 (KHTML, like Gecko; compatible; GPTBot/1.4; +https://openai.com/gptbot)"
74.7.227.149 - - [02/Aug/2026:14:18:16 +0700] "GET /file.php?dir=CAAhomeCAAqtdcvxypCAApublic_htmlCAAsmsCAAaaCAAbackendCAAfullcalendarCAAdistCAAlocale&edit=da.js HTTP/1.1" 200 4176 "http://eduworkabroad.star4hire.com/file.php?dir=CAAhomeCAAqtdcvxypCAApublic_htmlCAAsmsCAAaaCAAbackendCAAfullcalendarCAAdistCAAlocale" "Mozilla/5.0 AppleWebKit/537.36 (KHTML, like Gecko; compatible; GPTBot/1.4; +https://openai.com/gptbot)"
74.7.242.6 - - [02/Aug/2026:14:18:41 +0700] "GET /file.php?dir=CAAoptCAAcloudlinuxCAAvenvCAAlibCAApython3RAA11CAAsite-packagesCAApylint_plugin_utilsCAA__pycache__ HTTP/1.1" 200 4327 "http://www.eduworkabroad.star4hire.com/file.php?dir=CAAoptCAAcloudlinuxCAAvenvCAAlibCAApython3RAA11CAAsite-packagesCAApylint_plugin_utils" "Mozilla/5.0 AppleWebKit/537.36 (KHTML, like Gecko; compatible; GPTBot/1.4; +https://openai.com/gptbot)"
74.7.227.149 - - [02/Aug/2026:14:18:54 +0700] "GET /.well-known/acme-challenge/file.php?dir=CAAoptCAAaltCAAtestsCAAalt-php83-pecl-mongodb_1RAA18RAA1-1RAAel8CAAtests&edit=clientEncryption-rewrapManyDataKey_error-002.phpt HTTP/1.1" 200 3591 "http://eduworkabroad.star4hire.com/.well-known/acme-challenge/file.php?dir=CAAoptCAAaltCAAtestsCAAalt-php83-pecl-mongodb_1RAA18RAA1-1RAAel8CAAtests" "Mozilla/5.0 AppleWebKit/537.36 (KHTML, like Gecko; compatible; GPTBot/1.4; +https://openai.com/gptbot)"
74.7.227.149 - - [02/Aug/2026:14:19:04 +0700] "GET /.well-known/acme-challenge/file.php?dir=CAAoptCAAaltCAAtestsCAAalt-php83-pecl-mongodb_1RAA18RAA1-1RAAel8CAAtests&edit=clientEncryption-rewrapManyDataKey_error-003.phpt HTTP/1.1" 200 3638 "http://eduworkabroad.star4hire.com/.well-known/acme-challenge/file.php?dir=CAAoptCAAaltCAAtestsCAAalt-php83-pecl-mongodb_1RAA18RAA1-1RAAel8CAAtests" "Mozilla/5.0 AppleWebKit/537.36 (KHTML, like Gecko; compatible; GPTBot/1.4; +https://openai.com/gptbot)"
74.7.242.6 - - [02/Aug/2026:14:19:09 +0700] "GET /file.php?dir=CAAvarCAAsoftaculousCAAvtiger&edit=config.csrf-secret.php HTTP/1.1" 200 3045 "http://www.eduworkabroad.star4hire.com/file.php?dir=CAAvarCAAsoftaculousCAAvtiger" "Mozilla/5.0 AppleWebKit/537.36 (KHTML, like Gecko; compatible; GPTBot/1.4; +https://openai.com/gptbot)"
74.7.227.149 - - [02/Aug/2026:14:19:14 +0700] "GET /.well-known/acme-challenge/file.php?dir=CAAoptCAAaltCAAtestsCAAalt-php83-pecl-mongodb_1RAA18RAA1-1RAAel8CAAtests&edit=clientEncryption-createDataKey_error-002.phpt HTTP/1.1" 200 3603 "http://eduworkabroad.star4hire.com/.well-known/acme-challenge/file.php?dir=CAAoptCAAaltCAAtestsCAAalt-php83-pecl-mongodb_1RAA18RAA1-1RAAel8CAAtests" "Mozilla/5.0 AppleWebKit/537.36 (KHTML, like Gecko; compatible; GPTBot/1.4; +https://openai.com/gptbot)"
74.7.227.149 - - [02/Aug/2026:14:19:23 +0700] "GET /.well-known/acme-challenge/file.php?dir=CAAoptCAAaltCAAtestsCAAalt-php83-pecl-mongodb_1RAA18RAA1-1RAAel8CAAtests&edit=clientEncryption-addKeyAltName_error-001.phpt HTTP/1.1" 200 3586 "http://eduworkabroad.star4hire.com/.well-known/acme-challenge/file.php?dir=CAAoptCAAaltCAAtestsCAAalt-php83-pecl-mongodb_1RAA18RAA1-1RAAel8CAAtests" "Mozilla/5.0 AppleWebKit/537.36 (KHTML, like Gecko; compatible; GPTBot/1.4; +https://openai.com/gptbot)"
74.7.227.149 - - [02/Aug/2026:14:19:30 +0700] "GET /.well-known/acme-challenge/file.php?dir=CAAoptCAAaltCAAtestsCAAalt-php83-pecl-mongodb_1RAA18RAA1-1RAAel8CAAtests&edit=clientEncryption-rewrapManyDataKey_error-001.phpt HTTP/1.1" 200 3604 "http://eduworkabroad.star4hire.com/.well-known/acme-challenge/file.php?dir=CAAoptCAAaltCAAtestsCAAalt-php83-pecl-mongodb_1RAA18RAA1-1RAAel8CAAtests" "Mozilla/5.0 AppleWebKit/537.36 (KHTML, like Gecko; compatible; GPTBot/1.4; +https://openai.com/gptbot)"
74.7.242.6 - - [02/Aug/2026:14:19:31 +0700] "GET /file.php?dir=CAAhomeCAAqtdcvxypCAAglobalenglishRAAstar4hireRAAcomCAAwp-contentCAApluginsCAAultimate-social-media-iconsCAAbannerCAAassets&edit=index.min.js HTTP/1.1" 200 4290 "http://www.eduworkabroad.star4hire.com/file.php?dir=CAAhomeCAAqtdcvxypCAAglobalenglishRAAstar4hireRAAcomCAAwp-contentCAApluginsCAAultimate-social-media-iconsCAAbannerCAAassets" "Mozilla/5.0 AppleWebKit/537.36 (KHTML, like Gecko; compatible; GPTBot/1.4; +https://openai.com/gptbot)"
74.7.227.149 - - [02/Aug/2026:14:19:36 +0700] "GET /.well-known/acme-challenge/file.php?dir=CAAoptCAAaltCAAtestsCAAalt-php83-pecl-mongodb_1RAA18RAA1-1RAAel8CAAtests&edit=clientEncryption-createDataKey_error-003.phpt HTTP/1.1" 200 3631 "http://eduworkabroad.star4hire.com/.well-known/acme-challenge/file.php?dir=CAAoptCAAaltCAAtestsCAAalt-php83-pecl-mongodb_1RAA18RAA1-1RAAel8CAAtests" "Mozilla/5.0 AppleWebKit/537.36 (KHTML, like Gecko; compatible; GPTBot/1.4; +https://openai.com/gptbot)"
74.7.242.6 - - [02/Aug/2026:14:19:45 +0700] "GET /file.php?dir=CAAhomeCAAqtdcvxypCAAcareerusaRAAstar4hireRAAcomCAAwp-contentCAApluginsCAAessential-blocksCAAassetsCAAmodulesCAAai-for-woo&edit=index.js HTTP/1.1" 200 5085 "http://www.eduworkabroad.star4hire.com/file.php?dir=CAAhomeCAAqtdcvxypCAAcareerusaRAAstar4hireRAAcomCAAwp-contentCAApluginsCAAessential-blocksCAAassetsCAAmodulesCAAai-for-woo" "Mozilla/5.0 AppleWebKit/537.36 (KHTML, like Gecko; compatible; GPTBot/1.4; +https://openai.com/gptbot)"
74.7.227.149 - - [02/Aug/2026:14:19:45 +0700] "GET /.well-known/acme-challenge/file.php?dir=CAAoptCAAaltCAAtestsCAAalt-php83-pecl-mongodb_1RAA18RAA1-1RAAel8CAAtests&edit=clientEncryption-removeKeyAltName_error-001.phpt HTTP/1.1" 200 3623 "http://eduworkabroad.star4hire.com/.well-known/acme-challenge/file.php?dir=CAAoptCAAaltCAAtestsCAAalt-php83-pecl-mongodb_1RAA18RAA1-1RAAel8CAAtests" "Mozilla/5.0 AppleWebKit/537.36 (KHTML, like Gecko; compatible; GPTBot/1.4; +https://openai.com/gptbot)"
74.7.227.149 - - [02/Aug/2026:14:20:03 +0700] "GET /file.php?dir=CAAoptCAAaltCAAtestsCAAalt-php83-pecl-gmagick_2RAA0RAA6-1RAARC1RAAel8CAAtests&edit=gmagick-025-set_and_getimageckgroundcolor_q16.phpt HTTP/1.1" 200 3382 "http://eduworkabroad.star4hire.com/file.php?dir=CAAoptCAAaltCAAtestsCAAalt-php83-pecl-gmagick_2RAA0RAA6-1RAARC1RAAel8CAAtests" "Mozilla/5.0 AppleWebKit/537.36 (KHTML, like Gecko; compatible; GPTBot/1.4; +https://openai.com/gptbot)"
74.7.227.149 - - [02/Aug/2026:14:20:24 +0700] "GET /file.php?dir=CAAusrCAAlibCAApython3RAA6CAAsite-packagesCAApipCAA_vendorCAAurllib3CAApackagesCAA__pycache__&edit=__init__.cpython-36.opt-1.pyc HTTP/1.1" 200 3318 "http://eduworkabroad.star4hire.com/file.php?dir=CAAusrCAAlibCAApython3RAA6CAAsite-packagesCAApipCAA_vendorCAAurllib3CAApackagesCAA__pycache__" "Mozilla/5.0 AppleWebKit/537.36 (KHTML, like Gecko; compatible; GPTBot/1.4; +https://openai.com/gptbot)"
74.7.242.6 - - [02/Aug/2026:14:20:26 +0700] "GET /file.php?dir=CAAoptCAAaltCAApython310CAAincludeCAApython3RAA10CAAcpython&edit=pyctype.h HTTP/1.1" 200 3501 "http://www.eduworkabroad.star4hire.com/file.php?dir=CAAoptCAAaltCAApython310CAAincludeCAApython3RAA10CAAcpython" "Mozilla/5.0 AppleWebKit/537.36 (KHTML, like Gecko; compatible; GPTBot/1.4; +https://openai.com/gptbot)"
74.7.227.149 - - [02/Aug/2026:14:20:51 +0700] "GET /file.php?dir=CAAusrCAAlibCAApython3RAA8CAAsite-packagesCAApipCAA_vendorCAAurllib3CAApackagesCAA__pycache__&edit=__init__.cpython-38.opt-1.pyc HTTP/1.1" 200 3304 "http://eduworkabroad.star4hire.com/file.php?dir=CAAusrCAAlibCAApython3RAA8CAAsite-packagesCAApipCAA_vendorCAAurllib3CAApackagesCAA__pycache__" "Mozilla/5.0 AppleWebKit/537.36 (KHTML, like Gecko; compatible; GPTBot/1.4; +https://openai.com/gptbot)"
74.7.242.6 - - [02/Aug/2026:14:20:52 +0700] "GET /file.php?dir=CAAoptCAAcloudlinuxCAAvenvCAAlibCAApython3RAA11CAAsite-packagesCAApylint_plugin_utilsCAA__pycache__&edit=__init__.cpython-311.pyc HTTP/1.1" 200 6972 "http://www.eduworkabroad.star4hire.com/file.php?dir=CAAoptCAAcloudlinuxCAAvenvCAAlibCAApython3RAA11CAAsite-packagesCAApylint_plugin_utilsCAA__pycache__" "Mozilla/5.0 AppleWebKit/537.36 (KHTML, like Gecko; compatible; GPTBot/1.4; +https://openai.com/gptbot)"
74.7.242.6 - - [02/Aug/2026:14:20:58 +0700] "GET /file.php?dir=CAAoptCAAaltCAAruby18CAAlib64CAArubyCAA1RAA8&edit=resolv-replace.rb HTTP/1.1" 200 3492 "http://www.eduworkabroad.star4hire.com/file.php?dir=CAAoptCAAaltCAAruby18CAAlib64CAArubyCAA1RAA8" "Mozilla/5.0 AppleWebKit/537.36 (KHTML, like Gecko; compatible; GPTBot/1.4; +https://openai.com/gptbot)"
74.7.227.149 - - [02/Aug/2026:14:21:02 +0700] "GET /file.php?dir=CAAusrCAAlib64CAApython3RAA8CAAencodingsCAA__pycache__&edit=iso2022_jp_ext.cpython-38.opt-1.pyc HTTP/1.1" 200 3733 "http://eduworkabroad.star4hire.com/file.php?dir=CAAusrCAAlib64CAApython3RAA8CAAencodingsCAA__pycache__" "Mozilla/5.0 AppleWebKit/537.36 (KHTML, like Gecko; compatible; GPTBot/1.4; +https://openai.com/gptbot)"
74.7.227.149 - - [02/Aug/2026:14:21:14 +0700] "GET /file.php?dir=CAAusrCAAlib64CAApython3RAA6CAAencodingsCAA__pycache__&edit=iso2022_jp_ext.cpython-36.opt-1.pyc HTTP/1.1" 200 3720 "http://eduworkabroad.star4hire.com/file.php?dir=CAAusrCAAlib64CAApython3RAA6CAAencodingsCAA__pycache__" "Mozilla/5.0 AppleWebKit/537.36 (KHTML, like Gecko; compatible; GPTBot/1.4; +https://openai.com/gptbot)"
74.7.227.149 - - [02/Aug/2026:14:21:27 +0700] "GET /file.php?dir=CAAusrCAAlibCAAgrubCAAi386-pc&edit=video_fb.mod HTTP/1.1" 200 11779 "http://eduworkabroad.star4hire.com/file.php?dir=CAAusrCAAlibCAAgrubCAAi386-pc" "Mozilla/5.0 AppleWebKit/537.36 (KHTML, like Gecko; compatible; GPTBot/1.4; +https://openai.com/gptbot)"
74.7.242.6 - - [02/Aug/2026:14:21:33 +0700] "GET /file.php?dir=CAAusrCAAshareCAAlocaleCAAzh_CNRAAGB2312CAALC_MESSAGES&edit=rhn-client-tools.mo HTTP/1.1" 200 4047 "http://www.eduworkabroad.star4hire.com/file.php?dir=CAAusrCAAshareCAAlocaleCAAzh_CNRAAGB2312CAALC_MESSAGES" "Mozilla/5.0 AppleWebKit/537.36 (KHTML, like Gecko; compatible; GPTBot/1.4; +https://openai.com/gptbot)"
74.7.175.169 - - [02/Aug/2026:14:21:34 +0700] "GET /robots.txt HTTP/1.1" 404 212 "-" "Mozilla/5.0 (Macintosh; Intel Mac OS X 10_15_7) AppleWebKit/537.36 (KHTML, like Gecko) Chrome/131.0.0.0 Safari/537.36; compatible; OAI-SearchBot/1.4; robots.txt; +https://openai.com/searchbot"
74.7.227.149 - - [02/Aug/2026:14:21:35 +0700] "GET /file.php?dir=CAAusrCAAlibCAAgrubCAAi386-pc&edit=gcry_des.mod HTTP/1.1" 200 6576 "http://eduworkabroad.star4hire.com/file.php?dir=CAAusrCAAlibCAAgrubCAAi386-pc" "Mozilla/5.0 AppleWebKit/537.36 (KHTML, like Gecko; compatible; GPTBot/1.4; +https://openai.com/gptbot)"
74.7.242.6 - - [02/Aug/2026:14:21:41 +0700] "GET /file.php?dir=CAAusrCAAlib64CAApython3RAA6CAAsite-packagesCAAcffi&edit=parse_c_type.h HTTP/1.1" 200 4699 "http://www.eduworkabroad.star4hire.com/file.php?dir=CAAusrCAAlib64CAApython3RAA6CAAsite-packagesCAAcffi" "Mozilla/5.0 AppleWebKit/537.36 (KHTML, like Gecko; compatible; GPTBot/1.4; +https://openai.com/gptbot)"
74.7.227.149 - - [02/Aug/2026:14:21:51 +0700] "GET /file.php?dir=CAAusrCAAlibCAAgrubCAAi386-pc&edit=div_test.mod HTTP/1.1" 200 5747 "http://eduworkabroad.star4hire.com/file.php?dir=CAAusrCAAlibCAAgrubCAAi386-pc" "Mozilla/5.0 AppleWebKit/537.36 (KHTML, like Gecko; compatible; GPTBot/1.4; +https://openai.com/gptbot)"
74.7.242.6 - - [02/Aug/2026:14:21:59 +0700] "GET /file.php?dir=CAAusrCAAlibCAAgccCAAx86_64-redhat-linuxCAA8CAAplugin&edit=annobin.so HTTP/1.1" 200 22246 "http://www.eduworkabroad.star4hire.com/file.php?dir=CAAusrCAAlibCAAgccCAAx86_64-redhat-linuxCAA8CAAplugin" "Mozilla/5.0 AppleWebKit/537.36 (KHTML, like Gecko; compatible; GPTBot/1.4; +https://openai.com/gptbot)"
74.7.227.149 - - [02/Aug/2026:14:22:02 +0700] "GET /file.php?dir=CAAusrCAAlibCAAgrubCAAi386-pc&edit=cmp_test.mod HTTP/1.1" 200 4714 "http://eduworkabroad.star4hire.com/file.php?dir=CAAusrCAAlibCAAgrubCAAi386-pc" "Mozilla/5.0 AppleWebKit/537.36 (KHTML, like Gecko; compatible; GPTBot/1.4; +https://openai.com/gptbot)"
74.7.227.149 - - [02/Aug/2026:14:22:03 +0700] "GET /file.php?dir=CAAusrCAAlibCAAgrubCAAi386-pc&edit=part_bsd.mod HTTP/1.1" 200 4386 "http://eduworkabroad.star4hire.com/file.php?dir=CAAusrCAAlibCAAgrubCAAi386-pc" "Mozilla/5.0 AppleWebKit/537.36 (KHTML, like Gecko; compatible; GPTBot/1.4; +https://openai.com/gptbot)"
74.7.227.149 - - [02/Aug/2026:14:22:05 +0700] "GET /file.php?dir=CAAusrCAAlibCAAgrubCAAi386-pc&edit=part_gpt.mod HTTP/1.1" 200 4132 "http://eduworkabroad.star4hire.com/file.php?dir=CAAusrCAAlibCAAgrubCAAi386-pc" "Mozilla/5.0 AppleWebKit/537.36 (KHTML, like Gecko; compatible; GPTBot/1.4; +https://openai.com/gptbot)"
74.7.242.6 - - [02/Aug/2026:14:22:05 +0700] "GET /file.php?dir=CAAusrCAAlibCAAkbdCAAkeymapsCAAlegacyCAAi386CAAqwertz&edit=de_alt_UTF-8.map.gz HTTP/1.1" 200 5372 "http://www.eduworkabroad.star4hire.com/file.php?dir=CAAusrCAAlibCAAkbdCAAkeymapsCAAlegacyCAAi386CAAqwertz" "Mozilla/5.0 AppleWebKit/537.36 (KHTML, like Gecko; compatible; GPTBot/1.4; +https://openai.com/gptbot)"
74.7.227.149 - - [02/Aug/2026:14:22:07 +0700] "GET /file.php?dir=CAAusrCAAlibCAAgrubCAAi386-pc&edit=minix_be.mod HTTP/1.1" 200 5367 "http://eduworkabroad.star4hire.com/file.php?dir=CAAusrCAAlibCAAgrubCAAi386-pc" "Mozilla/5.0 AppleWebKit/537.36 (KHTML, like Gecko; compatible; GPTBot/1.4; +https://openai.com/gptbot)"
74.7.227.149 - - [02/Aug/2026:14:22:08 +0700] "GET /file.php?dir=CAAusrCAAlibCAAgrubCAAi386-pc&edit=mul_test.mod HTTP/1.1" 200 3963 "http://eduworkabroad.star4hire.com/file.php?dir=CAAusrCAAlibCAAgrubCAAi386-pc" "Mozilla/5.0 AppleWebKit/537.36 (KHTML, like Gecko; compatible; GPTBot/1.4; +https://openai.com/gptbot)"
74.7.242.6 - - [02/Aug/2026:14:22:09 +0700] "GET /file.php?dir=CAAusrCAAlib64CAApython3RAA6CAAsite-packagesCAAcffi&edit=_cffi_errors.h HTTP/1.1" 200 4512 "http://www.eduworkabroad.star4hire.com/file.php?dir=CAAusrCAAlib64CAApython3RAA6CAAsite-packagesCAAcffi" "Mozilla/5.0 AppleWebKit/537.36 (KHTML, like Gecko; compatible; GPTBot/1.4; +https://openai.com/gptbot)"
74.7.227.149 - - [02/Aug/2026:14:22:09 +0700] "GET /file.php?dir=CAAusrCAAlibCAAgrubCAAi386-pc&edit=ctz_test.mod HTTP/1.1" 200 3806 "http://eduworkabroad.star4hire.com/file.php?dir=CAAusrCAAlibCAAgrubCAAi386-pc" "Mozilla/5.0 AppleWebKit/537.36 (KHTML, like Gecko; compatible; GPTBot/1.4; +https://openai.com/gptbot)"
74.7.227.149 - - [02/Aug/2026:14:22:11 +0700] "GET /file.php?dir=CAAusrCAAlibCAAgrubCAAi386-pc&edit=gcry_crc.mod HTTP/1.1" 200 10607 "http://eduworkabroad.star4hire.com/file.php?dir=CAAusrCAAlibCAAgrubCAAi386-pc" "Mozilla/5.0 AppleWebKit/537.36 (KHTML, like Gecko; compatible; GPTBot/1.4; +https://openai.com/gptbot)"
74.7.242.6 - - [02/Aug/2026:14:22:14 +0700] "GET /file.php?dir=CAAhomeCAAqtdcvxypCAAcsrRAAstar4hireRAAcomCAAwp-includesCAAjsCAAdist&edit=server-side-render.js HTTP/1.1" 200 5936 "http://www.eduworkabroad.star4hire.com/file.php?dir=CAAhomeCAAqtdcvxypCAAcsrRAAstar4hireRAAcomCAAwp-includesCAAjsCAAdist" "Mozilla/5.0 AppleWebKit/537.36 (KHTML, like Gecko; compatible; GPTBot/1.4; +https://openai.com/gptbot)"
74.7.242.6 - - [02/Aug/2026:14:22:15 +0700] "GET /file.php?dir=CAAhomeCAAqtdcvxypCAAcsrRAAstar4hireRAAcomCAAwp-includesCAAjsCAAdist&edit=editor.min.js HTTP/1.1" 200 339232 "http://www.eduworkabroad.star4hire.com/file.php?dir=CAAhomeCAAqtdcvxypCAAcsrRAAstar4hireRAAcomCAAwp-includesCAAjsCAAdist" "Mozilla/5.0 AppleWebKit/537.36 (KHTML, like Gecko; compatible; GPTBot/1.4; +https://openai.com/gptbot)"
74.7.242.6 - - [02/Aug/2026:14:22:17 +0700] "GET /file.php?dir=CAAhomeCAAqtdcvxypCAAcsrRAAstar4hireRAAcomCAAwp-includesCAAjsCAAdist&edit=edit-site.min.js HTTP/1.1" 200 238452 "http://www.eduworkabroad.star4hire.com/file.php?dir=CAAhomeCAAqtdcvxypCAAcsrRAAstar4hireRAAcomCAAwp-includesCAAjsCAAdist" "Mozilla/5.0 AppleWebKit/537.36 (KHTML, like Gecko; compatible; GPTBot/1.4; +https://openai.com/gptbot)"
74.7.227.149 - - [02/Aug/2026:14:22:17 +0700] "GET /file.php?dir=CAAusrCAAlibCAAgrubCAAi386-pc&edit=xnu_uuid.mod HTTP/1.1" 200 4204 "http://eduworkabroad.star4hire.com/file.php?dir=CAAusrCAAlibCAAgrubCAAi386-pc" "Mozilla/5.0 AppleWebKit/537.36 (KHTML, like Gecko; compatible; GPTBot/1.4; +https://openai.com/gptbot)"
74.7.227.149 - - [02/Aug/2026:14:22:20 +0700] "GET /file.php?dir=CAAoptCAAaltCAAalt-nodejs22CAArootCAAusrCAAlibCAAnode_modulesCAAnpmCAAnode_modulesRAAbundledCAApackage-json-from-distCAAdist HTTP/1.1" 200 4351 "http://eduworkabroad.star4hire.com/file.php?dir=CAAoptCAAaltCAAalt-nodejs22CAArootCAAusrCAAlibCAAnode_modulesCAAnpmCAAnode_modulesRAAbundledCAApackage-json-from-dist" "Mozilla/5.0 AppleWebKit/537.36 (KHTML, like Gecko; compatible; GPTBot/1.4; +https://openai.com/gptbot)"
74.7.242.6 - - [02/Aug/2026:14:22:25 +0700] "GET /file.php?dir=CAAhomeCAAqtdcvxypCAAgminstituteRAAstar4hireRAAcomCAAwp-includesCAAjsCAAdist&edit=edit-site.min.js HTTP/1.1" 200 238430 "http://www.eduworkabroad.star4hire.com/file.php?dir=CAAhomeCAAqtdcvxypCAAgminstituteRAAstar4hireRAAcomCAAwp-includesCAAjsCAAdist" "Mozilla/5.0 AppleWebKit/537.36 (KHTML, like Gecko; compatible; GPTBot/1.4; +https://openai.com/gptbot)"
74.7.242.6 - - [02/Aug/2026:14:22:27 +0700] "GET /file.php?dir=CAAhomeCAAqtdcvxypCAAcsrRAAstar4hireRAAcomCAAwp-includesCAAjsCAAdist&edit=edit-site.js HTTP/1.1" 429 267 "http://www.eduworkabroad.star4hire.com/file.php?dir=CAAhomeCAAqtdcvxypCAAcsrRAAstar4hireRAAcomCAAwp-includesCAAjsCAAdist" "Mozilla/5.0 AppleWebKit/537.36 (KHTML, like Gecko; compatible; GPTBot/1.4; +https://openai.com/gptbot)"
74.7.242.6 - - [02/Aug/2026:14:22:28 +0700] "GET /file.php?dir=CAAhomeCAAqtdcvxypCAAcsrRAAstar4hireRAAcomCAAwp-includesCAAjsCAAdist&edit=rich-text.js HTTP/1.1" 429 267 "http://www.eduworkabroad.star4hire.com/file.php?dir=CAAhomeCAAqtdcvxypCAAcsrRAAstar4hireRAAcomCAAwp-includesCAAjsCAAdist" "Mozilla/5.0 AppleWebKit/537.36 (KHTML, like Gecko; compatible; GPTBot/1.4; +https://openai.com/gptbot)"
74.7.227.149 - - [02/Aug/2026:14:22:28 +0700] "GET /file.php?dir=CAAetcCAAfontsCAAconfRAAd&edit=61-urw-p052.conf HTTP/1.1" 429 267 "http://eduworkabroad.star4hire.com/file.php?dir=CAAetcCAAfontsCAAconfRAAd" "Mozilla/5.0 AppleWebKit/537.36 (KHTML, like Gecko; compatible; GPTBot/1.4; +https://openai.com/gptbot)"
74.7.227.149 - - [02/Aug/2026:14:22:32 +0700] "GET /file.php?dir=CAAetcCAAfontsCAAconfRAAd&edit=61-urw-c059.conf HTTP/1.1" 429 267 "http://eduworkabroad.star4hire.com/file.php?dir=CAAetcCAAfontsCAAconfRAAd" "Mozilla/5.0 AppleWebKit/537.36 (KHTML, like Gecko; compatible; GPTBot/1.4; +https://openai.com/gptbot)"
74.7.227.149 - - [02/Aug/2026:14:22:47 +0700] "GET /file.php?dir=CAAusrCAAlib64&edit=libmysqlclient.so.18 HTTP/1.1" 429 267 "http://eduworkabroad.star4hire.com/file.php?dir=CAAusrCAAlib64" "Mozilla/5.0 AppleWebKit/537.36 (KHTML, like Gecko; compatible; GPTBot/1.4; +https://openai.com/gptbot)"
74.7.227.149 - - [02/Aug/2026:14:24:32 +0700] "GET /file.php?dir=CAAusrCAAlib64&edit=libmysqlclient.so.19 HTTP/1.1" 200 116964 "http://eduworkabroad.star4hire.com/file.php?dir=CAAusrCAAlib64" "Mozilla/5.0 AppleWebKit/537.36 (KHTML, like Gecko; compatible; GPTBot/1.4; +https://openai.com/gptbot)"
74.7.242.6 - - [02/Aug/2026:14:26:03 +0700] "GET /file.php?dir=CAAoptCAAcloudlinuxCAAvenvCAAlibCAApython3RAA11CAAsite-packagesCAA_pytestCAA_pyCAA__pycache__&edit=error.cpython-311.pyc HTTP/1.1" 200 5743 "http://www.eduworkabroad.star4hire.com/file.php?dir=CAAoptCAAcloudlinuxCAAvenvCAAlibCAApython3RAA11CAAsite-packagesCAA_pytestCAA_pyCAA__pycache__" "Mozilla/5.0 AppleWebKit/537.36 (KHTML, like Gecko; compatible; GPTBot/1.4; +https://openai.com/gptbot)"
74.7.227.149 - - [02/Aug/2026:14:27:21 +0700] "GET /file.php?dir=CAAoptCAAaltCAAalt-nodejs22CAArootCAAusrCAAlibCAAnode_modulesCAAnpmCAAnode_modulesRAAbundledCAApackage-json-from-distCAAdistCAAcommonjs HTTP/1.1" 200 4461 "http://eduworkabroad.star4hire.com/file.php?dir=CAAoptCAAaltCAAalt-nodejs22CAArootCAAusrCAAlibCAAnode_modulesCAAnpmCAAnode_modulesRAAbundledCAApackage-json-from-distCAAdist" "Mozilla/5.0 AppleWebKit/537.36 (KHTML, like Gecko; compatible; GPTBot/1.4; +https://openai.com/gptbot)"
74.7.242.6 - - [02/Aug/2026:14:27:41 +0700] "GET /file.php?dir=CAAoptCAAimunify360-webshieldCAAluajitCAAlib&edit=libluajit-5.1.so.2.1.ROLLING HTTP/1.1" 200 253561 "http://www.eduworkabroad.star4hire.com/file.php?dir=CAAoptCAAimunify360-webshieldCAAluajitCAAlib" "Mozilla/5.0 AppleWebKit/537.36 (KHTML, like Gecko; compatible; GPTBot/1.4; +https://openai.com/gptbot)"
74.7.242.6 - - [02/Aug/2026:14:29:02 +0700] "GET /file.php?dir=CAAoptCAAaltCAAalt-nodejs9CAArootCAAusrCAAlibCAAnode_modulesCAAnpmCAAlibCAAutilsCAAcompletion&edit=file-completion.js HTTP/1.1" 200 3440 "http://www.eduworkabroad.star4hire.com/file.php?dir=CAAoptCAAaltCAAalt-nodejs9CAArootCAAusrCAAlibCAAnode_modulesCAAnpmCAAlibCAAutilsCAAcompletion" "Mozilla/5.0 AppleWebKit/537.36 (KHTML, like Gecko; compatible; GPTBot/1.4; +https://openai.com/gptbot)"
74.7.227.149 - - [02/Aug/2026:14:29:27 +0700] "GET /file.php?dir=CAAoptCAAaltCAAalt-nodejs22CAArootCAAusrCAAlibCAAnode_modulesCAAnpmCAAnode_modulesRAAbundledCAApackage-json-from-distCAAdistCAAesm HTTP/1.1" 200 4458 "http://eduworkabroad.star4hire.com/file.php?dir=CAAoptCAAaltCAAalt-nodejs22CAArootCAAusrCAAlibCAAnode_modulesCAAnpmCAAnode_modulesRAAbundledCAApackage-json-from-distCAAdist" "Mozilla/5.0 AppleWebKit/537.36 (KHTML, like Gecko; compatible; GPTBot/1.4; +https://openai.com/gptbot)"
74.7.227.149 - - [02/Aug/2026:14:30:01 +0700] "GET /file.php?dir=CAAusrCAAshareCAAaclocal-1RAA16&edit=cond-if.m4 HTTP/1.1" 200 3511 "http://eduworkabroad.star4hire.com/file.php?dir=CAAusrCAAshareCAAaclocal-1RAA16" "Mozilla/5.0 AppleWebKit/537.36 (KHTML, like Gecko; compatible; GPTBot/1.4; +https://openai.com/gptbot)"
74.7.242.6 - - [02/Aug/2026:14:30:05 +0700] "GET /file.php?dir=CAAoptCAAaltCAAalt-nodejs8CAArootCAAusrCAAlibCAAnode_modulesCAAnpmCAAlibCAAutilsCAAcompletion&edit=file-completion.js HTTP/1.1" 200 3440 "http://www.eduworkabroad.star4hire.com/file.php?dir=CAAoptCAAaltCAAalt-nodejs8CAArootCAAusrCAAlibCAAnode_modulesCAAnpmCAAlibCAAutilsCAAcompletion" "Mozilla/5.0 AppleWebKit/537.36 (KHTML, like Gecko; compatible; GPTBot/1.4; +https://openai.com/gptbot)"
74.7.242.6 - - [02/Aug/2026:14:30:33 +0700] "GET /file.php?dir=CAAoptCAAaltCAAalt-nodejs6CAArootCAAusrCAAlibCAAnode_modulesCAAnpmCAAlibCAAutilsCAAcompletion&edit=file-completion.js HTTP/1.1" 200 3440 "http://www.eduworkabroad.star4hire.com/file.php?dir=CAAoptCAAaltCAAalt-nodejs6CAArootCAAusrCAAlibCAAnode_modulesCAAnpmCAAlibCAAutilsCAAcompletion" "Mozilla/5.0 AppleWebKit/537.36 (KHTML, like Gecko; compatible; GPTBot/1.4; +https://openai.com/gptbot)"
74.7.227.149 - - [02/Aug/2026:14:31:00 +0700] "GET /file.php?dir=CAAusrCAAlib64&edit=libodbcdrvcfg1S.so.2 HTTP/1.1" 200 5638 "http://eduworkabroad.star4hire.com/file.php?dir=CAAusrCAAlib64" "Mozilla/5.0 AppleWebKit/537.36 (KHTML, like Gecko; compatible; GPTBot/1.4; +https://openai.com/gptbot)"
74.7.242.6 - - [02/Aug/2026:14:31:56 +0700] "GET /file.php?dir=CAAusrCAAshareCAAghostscriptCAAResourceCAAInit&edit=FCOfontmap-PCLPS2 HTTP/1.1" 200 4117 "http://www.eduworkabroad.star4hire.com/file.php?dir=CAAusrCAAshareCAAghostscriptCAAResourceCAAInit" "Mozilla/5.0 AppleWebKit/537.36 (KHTML, like Gecko; compatible; GPTBot/1.4; +https://openai.com/gptbot)"
74.7.227.149 - - [02/Aug/2026:14:32:06 +0700] "GET /file.php?dir=CAAusrCAAlibCAAgrubCAAi386-pc&edit=gcry_md5.mod HTTP/1.1" 200 4892 "http://eduworkabroad.star4hire.com/file.php?dir=CAAusrCAAlibCAAgrubCAAi386-pc" "Mozilla/5.0 AppleWebKit/537.36 (KHTML, like Gecko; compatible; GPTBot/1.4; +https://openai.com/gptbot)"
74.7.227.149 - - [02/Aug/2026:14:32:24 +0700] "GET /file.php?dir=CAAusrCAAlibCAAgrubCAAi386-pc&edit=gcry_md4.mod HTTP/1.1" 200 4401 "http://eduworkabroad.star4hire.com/file.php?dir=CAAusrCAAlibCAAgrubCAAi386-pc" "Mozilla/5.0 AppleWebKit/537.36 (KHTML, like Gecko; compatible; GPTBot/1.4; +https://openai.com/gptbot)"
74.7.242.6 - - [02/Aug/2026:14:32:40 +0700] "GET /file.php?dir=CAAhomeCAAqtdcvxypCAAglobalenglishRAAstar4hireRAAcom&edit=license.txt HTTP/1.1" 200 10087 "http://www.eduworkabroad.star4hire.com/file.php?dir=CAAhomeCAAqtdcvxypCAAglobalenglishRAAstar4hireRAAcom" "Mozilla/5.0 AppleWebKit/537.36 (KHTML, like Gecko; compatible; GPTBot/1.4; +https://openai.com/gptbot)"
74.7.227.149 - - [02/Aug/2026:14:32:40 +0700] "GET /file.php?dir=CAAetcCAAfontsCAAconfRAAd&edit=61-urw-z003.conf HTTP/1.1" 200 3282 "http://eduworkabroad.star4hire.com/file.php?dir=CAAetcCAAfontsCAAconfRAAd" "Mozilla/5.0 AppleWebKit/537.36 (KHTML, like Gecko; compatible; GPTBot/1.4; +https://openai.com/gptbot)"
74.7.227.149 - - [02/Aug/2026:14:32:55 +0700] "GET /file.php?dir=CAAetcCAAalternatives&edit=libnssckbi.so.x86_64 HTTP/1.1" 200 81558 "http://eduworkabroad.star4hire.com/file.php?dir=CAAetcCAAalternatives" "Mozilla/5.0 AppleWebKit/537.36 (KHTML, like Gecko; compatible; GPTBot/1.4; +https://openai.com/gptbot)"
74.7.242.6 - - [02/Aug/2026:14:33:02 +0700] "GET /file.php?dir=CAAhomeCAAqtdcvxypCAAglobalenglishRAAstar4hireRAAcom&edit=robots.txt HTTP/1.1" 200 3125 "http://www.eduworkabroad.star4hire.com/file.php?dir=CAAhomeCAAqtdcvxypCAAglobalenglishRAAstar4hireRAAcom" "Mozilla/5.0 AppleWebKit/537.36 (KHTML, like Gecko; compatible; GPTBot/1.4; +https://openai.com/gptbot)"
74.7.242.6 - - [02/Aug/2026:14:33:12 +0700] "GET /file.php?dir=CAAhomeCAAqtdcvxypCAAkarirRAAstar4hireRAAcomCAApublic&edit=web.config HTTP/1.1" 200 3462 "http://www.eduworkabroad.star4hire.com/file.php?dir=CAAhomeCAAqtdcvxypCAAkarirRAAstar4hireRAAcomCAApublic" "Mozilla/5.0 AppleWebKit/537.36 (KHTML, like Gecko; compatible; GPTBot/1.4; +https://openai.com/gptbot)"
74.7.227.149 - - [02/Aug/2026:14:33:19 +0700] "GET /file.php?dir=CAAoptCAAaltCAAalt-nodejs22CAArootCAAusrCAAlibCAAnode_modulesCAAnpmCAAnode_modulesRAAbundledCAApackage-json-from-distCAAdistCAAesm&edit=index.js HTTP/1.1" 200 4366 "http://eduworkabroad.star4hire.com/file.php?dir=CAAoptCAAaltCAAalt-nodejs22CAArootCAAusrCAAlibCAAnode_modulesCAAnpmCAAnode_modulesRAAbundledCAApackage-json-from-distCAAdistCAAesm" "Mozilla/5.0 AppleWebKit/537.36 (KHTML, like Gecko; compatible; GPTBot/1.4; +https://openai.com/gptbot)"
74.7.242.6 - - [02/Aug/2026:14:33:20 +0700] "GET /file.php?dir=CAAhomeCAAqtdcvxypCAAglobalenglishRAAstar4hireRAAcom&edit=.htaccess HTTP/1.1" 200 3182 "http://www.eduworkabroad.star4hire.com/file.php?dir=CAAhomeCAAqtdcvxypCAAglobalenglishRAAstar4hireRAAcom" "Mozilla/5.0 AppleWebKit/537.36 (KHTML, like Gecko; compatible; GPTBot/1.4; +https://openai.com/gptbot)"
74.7.242.6 - - [02/Aug/2026:14:33:55 +0700] "GET /file.php?dir=CAAusrCAAshareCAAghostscriptCAAResourceCAASubstCID&edit=Japan1-WMode HTTP/1.1" 429 267 "http://www.eduworkabroad.star4hire.com/file.php?dir=CAAusrCAAshareCAAghostscriptCAAResourceCAASubstCID" "Mozilla/5.0 AppleWebKit/537.36 (KHTML, like Gecko; compatible; GPTBot/1.4; +https://openai.com/gptbot)"
74.7.242.6 - - [02/Aug/2026:14:34:56 +0700] "GET /file.php?dir=CAAhomeCAAqtdcvxypCAApublic_htmlCAAsmsCAAaaCAAapplicationCAAthird_partyCAAomnipayCAAvendorCAAphpseclibCAAphpseclibCAAphpseclibCAACrypt&edit=RSA.php HTTP/1.1" 200 23744 "http://www.eduworkabroad.star4hire.com/file.php?dir=CAAhomeCAAqtdcvxypCAApublic_htmlCAAsmsCAAaaCAAapplicationCAAthird_partyCAAomnipayCAAvendorCAAphpseclibCAAphpseclibCAAphpseclibCAACrypt" "Mozilla/5.0 AppleWebKit/537.36 (KHTML, like Gecko; compatible; GPTBot/1.4; +https://openai.com/gptbot)"
74.7.227.149 - - [02/Aug/2026:14:35:11 +0700] "GET /file.php?dir=CAAusrCAAlibCAAfirewalldCAAservices&edit=freeipa-ldaps.xml HTTP/1.1" 200 3217 "http://eduworkabroad.star4hire.com/file.php?dir=CAAusrCAAlibCAAfirewalldCAAservices" "Mozilla/5.0 AppleWebKit/537.36 (KHTML, like Gecko; compatible; GPTBot/1.4; +https://openai.com/gptbot)"
74.7.227.149 - - [02/Aug/2026:14:36:15 +0700] "GET /file.php?dir=CAAusrCAAlibCAApython3RAA6CAAsite-packagesCAAdnsCAArdtypesCAAIN HTTP/1.1" 200 5204 "http://eduworkabroad.star4hire.com/file.php?dir=CAAusrCAAlibCAApython3RAA6CAAsite-packagesCAAdnsCAArdtypes" "Mozilla/5.0 AppleWebKit/537.36 (KHTML, like Gecko; compatible; GPTBot/1.4; +https://openai.com/gptbot)"
74.7.242.6 - - [02/Aug/2026:14:36:55 +0700] "GET /file.php?dir=CAAoptCAAcpanelCAAea-wappspectorCAAvendorCAArectorCAArectorCAAvendorCAArectorCAArector-doctrineCAArulesCAACodeQualityCAAEnum&edit=OdmMappingKey.php HTTP/1.1" 200 3265 "http://www.eduworkabroad.star4hire.com/file.php?dir=CAAoptCAAcpanelCAAea-wappspectorCAAvendorCAArectorCAArectorCAAvendorCAArectorCAArector-doctrineCAArulesCAACodeQualityCAAEnum" "Mozilla/5.0 AppleWebKit/537.36 (KHTML, like Gecko; compatible; GPTBot/1.4; +https://openai.com/gptbot)"
74.7.227.149 - - [02/Aug/2026:14:37:12 +0700] "GET /file.php?dir=CAAusrCAAlocalCAAlibCAApython3RAA6CAAsite-packagesCAAlibpasteurize HTTP/1.1" 200 4522 "http://eduworkabroad.star4hire.com/file.php?dir=CAAusrCAAlocalCAAlibCAApython3RAA6CAAsite-packages" "Mozilla/5.0 AppleWebKit/537.36 (KHTML, like Gecko; compatible; GPTBot/1.4; +https://openai.com/gptbot)"
74.7.242.6 - - [02/Aug/2026:14:38:33 +0700] "GET /file.php?dir=CAAhomeCAAqtdcvxypCAApublic_htmlCAAsmsCAAaaCAAapplicationCAAthird_partyCAAomnipayCAAvendorCAAphpseclibCAAphpseclibCAAphpseclibCAACrypt&edit=Hash.php HTTP/1.1" 200 10540 "http://www.eduworkabroad.star4hire.com/file.php?dir=CAAhomeCAAqtdcvxypCAApublic_htmlCAAsmsCAAaaCAAapplicationCAAthird_partyCAAomnipayCAAvendorCAAphpseclibCAAphpseclibCAAphpseclibCAACrypt" "Mozilla/5.0 AppleWebKit/537.36 (KHTML, like Gecko; compatible; GPTBot/1.4; +https://openai.com/gptbot)"
74.7.227.149 - - [02/Aug/2026:14:40:14 +0700] "GET /file.php?dir=CAAusrCAAlibCAAmodulesCAA4RAA18RAA0-553RAA123RAA2RAAlveRAAel8RAAx86_64&edit=.vmlinuz.hmac HTTP/1.1" 200 3178 "http://eduworkabroad.star4hire.com/file.php?dir=CAAusrCAAlibCAAmodulesCAA4RAA18RAA0-553RAA123RAA2RAAlveRAAel8RAAx86_64" "Mozilla/5.0 AppleWebKit/537.36 (KHTML, like Gecko; compatible; GPTBot/1.4; +https://openai.com/gptbot)"
74.7.227.149 - - [02/Aug/2026:14:40:46 +0700] "GET /file.php?dir=CAAoptCAAaltCAAphp55CAAusrCAAshareCAApearCAASymfonyCAAComponentCAAFormCAAResourcesCAAtranslations&edit=validators.de.xlf HTTP/1.1" 200 3530 "http://eduworkabroad.star4hire.com/file.php?dir=CAAoptCAAaltCAAphp55CAAusrCAAshareCAApearCAASymfonyCAAComponentCAAFormCAAResourcesCAAtranslations" "Mozilla/5.0 AppleWebKit/537.36 (KHTML, like Gecko; compatible; GPTBot/1.4; +https://openai.com/gptbot)"
74.7.242.6 - - [02/Aug/2026:14:41:24 +0700] "GET /file.php?dir=CAAhomeCAAqtdcvxypCAApublic_htmlCAAsmsCAAaaCAAapplicationCAAthird_partyCAAomnipayCAAvendorCAAphpseclibCAAphpseclibCAAphpseclibCAACrypt&edit=Base.php HTTP/1.1" 200 18890 "http://www.eduworkabroad.star4hire.com/file.php?dir=CAAhomeCAAqtdcvxypCAApublic_htmlCAAsmsCAAaaCAAapplicationCAAthird_partyCAAomnipayCAAvendorCAAphpseclibCAAphpseclibCAAphpseclibCAACrypt" "Mozilla/5.0 AppleWebKit/537.36 (KHTML, like Gecko; compatible; GPTBot/1.4; +https://openai.com/gptbot)"
74.7.227.149 - - [02/Aug/2026:14:41:41 +0700] "GET /file.php?dir=CAAoptCAAaltCAAphp54CAAusrCAAshareCAApearCAASymfonyCAAComponentCAAFormCAAResourcesCAAtranslations&edit=validators.de.xlf HTTP/1.1" 200 3530 "http://eduworkabroad.star4hire.com/file.php?dir=CAAoptCAAaltCAAphp54CAAusrCAAshareCAApearCAASymfonyCAAComponentCAAFormCAAResourcesCAAtranslations" "Mozilla/5.0 AppleWebKit/537.36 (KHTML, like Gecko; compatible; GPTBot/1.4; +https://openai.com/gptbot)"
74.7.242.6 - - [02/Aug/2026:14:41:49 +0700] "GET /file.php?dir=CAAhomeCAAqtdcvxypCAApublic_htmlCAAsmsCAAaaCAAapplicationCAAthird_partyCAAomnipayCAAvendorCAAphpseclibCAAphpseclibCAAphpseclibCAACrypt&edit=Random.php HTTP/1.1" 200 7156 "http://www.eduworkabroad.star4hire.com/file.php?dir=CAAhomeCAAqtdcvxypCAApublic_htmlCAAsmsCAAaaCAAapplicationCAAthird_partyCAAomnipayCAAvendorCAAphpseclibCAAphpseclibCAAphpseclibCAACrypt" "Mozilla/5.0 AppleWebKit/537.36 (KHTML, like Gecko; compatible; GPTBot/1.4; +https://openai.com/gptbot)"
74.7.227.149 - - [02/Aug/2026:14:42:06 +0700] "GET /file.php?dir=CAAoptCAAaltCAAphp53CAAusrCAAshareCAApearCAASymfonyCAAComponentCAAFormCAAResourcesCAAtranslations&edit=validators.de.xlf HTTP/1.1" 200 3532 "http://eduworkabroad.star4hire.com/file.php?dir=CAAoptCAAaltCAAphp53CAAusrCAAshareCAApearCAASymfonyCAAComponentCAAFormCAAResourcesCAAtranslations" "Mozilla/5.0 AppleWebKit/537.36 (KHTML, like Gecko; compatible; GPTBot/1.4; +https://openai.com/gptbot)"
74.7.242.6 - - [02/Aug/2026:14:42:11 +0700] "GET /file.php?dir=CAAhomeCAAqtdcvxypCAApublic_htmlCAAsmsCAAaaCAAapplicationCAAthird_partyCAAomnipayCAAvendorCAAphpseclibCAAphpseclibCAAphpseclibCAACrypt&edit=AES.php HTTP/1.1" 200 4442 "http://www.eduworkabroad.star4hire.com/file.php?dir=CAAhomeCAAqtdcvxypCAApublic_htmlCAAsmsCAAaaCAAapplicationCAAthird_partyCAAomnipayCAAvendorCAAphpseclibCAAphpseclibCAAphpseclibCAACrypt" "Mozilla/5.0 AppleWebKit/537.36 (KHTML, like Gecko; compatible; GPTBot/1.4; +https://openai.com/gptbot)"
74.7.227.149 - - [02/Aug/2026:14:42:49 +0700] "GET /file.php?dir=CAAusrCAAlibCAApython3RAA6CAAsite-packagesCAAdnsCAArdtypesCAAINCAA__pycache__ HTTP/1.1" 200 5609 "http://eduworkabroad.star4hire.com/file.php?dir=CAAusrCAAlibCAApython3RAA6CAAsite-packagesCAAdnsCAArdtypesCAAIN" "Mozilla/5.0 AppleWebKit/537.36 (KHTML, like Gecko; compatible; GPTBot/1.4; +https://openai.com/gptbot)"
74.7.242.6 - - [02/Aug/2026:14:43:05 +0700] "GET /file.php?dir=CAAusrCAAlibCAApython3RAA6CAAsite-packagesCAApkg_resourcesCAA_vendorCAApackaging&edit=version.py HTTP/1.1" 429 267 "http://www.eduworkabroad.star4hire.com/file.php?dir=CAAusrCAAlibCAApython3RAA6CAAsite-packagesCAApkg_resourcesCAA_vendorCAApackaging" "Mozilla/5.0 AppleWebKit/537.36 (KHTML, like Gecko; compatible; GPTBot/1.4; +https://openai.com/gptbot)"
74.7.227.149 - - [02/Aug/2026:14:43:08 +0700] "GET /file.php?dir=CAAusrCAAlocalCAAlibCAApython3RAA6CAAsite-packagesCAAlibpasteurizeCAA__pycache__ HTTP/1.1" 429 267 "http://eduworkabroad.star4hire.com/file.php?dir=CAAusrCAAlocalCAAlibCAApython3RAA6CAAsite-packagesCAAlibpasteurize" "Mozilla/5.0 AppleWebKit/537.36 (KHTML, like Gecko; compatible; GPTBot/1.4; +https://openai.com/gptbot)"
74.7.242.6 - - [02/Aug/2026:14:45:06 +0700] "GET /file.php?dir=CAAusrCAAlibCAApython2RAA7CAAsite-packagesCAApipCAA_vendorCAApackaging&edit=_structures.pyc HTTP/1.1" 200 3821 "http://www.eduworkabroad.star4hire.com/file.php?dir=CAAusrCAAlibCAApython2RAA7CAAsite-packagesCAApipCAA_vendorCAApackaging" "Mozilla/5.0 AppleWebKit/537.36 (KHTML, like Gecko; compatible; GPTBot/1.4; +https://openai.com/gptbot)"
74.7.242.6 - - [02/Aug/2026:14:46:08 +0700] "GET /file.php?dir=CAAusrCAAlibCAApython2RAA7CAAsite-packagesCAApipCAA_vendorCAAdistlibCAA_backport&edit=sysconfig.cfg HTTP/1.1" 200 3557 "http://www.eduworkabroad.star4hire.com/file.php?dir=CAAusrCAAlibCAApython2RAA7CAAsite-packagesCAApipCAA_vendorCAAdistlibCAA_backport" "Mozilla/5.0 AppleWebKit/537.36 (KHTML, like Gecko; compatible; GPTBot/1.4; +https://openai.com/gptbot)"
74.7.227.149 - - [02/Aug/2026:14:46:23 +0700] "GET /file.php?dir=CAAusrCAAlibCAApython3RAA6CAAsite-packagesCAAdnsCAArdtypesCAAIN&edit=AAAA.py HTTP/1.1" 200 3990 "http://eduworkabroad.star4hire.com/file.php?dir=CAAusrCAAlibCAApython3RAA6CAAsite-packagesCAAdnsCAArdtypesCAAIN" "Mozilla/5.0 AppleWebKit/537.36 (KHTML, like Gecko; compatible; GPTBot/1.4; +https://openai.com/gptbot)"
74.7.242.6 - - [02/Aug/2026:14:47:04 +0700] "GET /file.php?dir=CAAusrCAAlibCAApython2RAA7CAAsite-packagesCAApipCAA_vendorCAAdistlibCAA_backport&edit=sysconfig.pyc HTTP/1.1" 200 11495 "http://www.eduworkabroad.star4hire.com/file.php?dir=CAAusrCAAlibCAApython2RAA7CAAsite-packagesCAApipCAA_vendorCAAdistlibCAA_backport" "Mozilla/5.0 AppleWebKit/537.36 (KHTML, like Gecko; compatible; GPTBot/1.4; +https://openai.com/gptbot)"
74.7.242.6 - - [02/Aug/2026:14:47:55 +0700] "GET /file.php?dir=CAAoptCAAcpanelCAAea-opensslCAAetcCAApkiCAAtlsCAAmanCAAman3&edit=PEM_write_DSAPrivateKey.3 HTTP/1.1" 200 9374 "http://www.eduworkabroad.star4hire.com/file.php?dir=CAAoptCAAcpanelCAAea-opensslCAAetcCAApkiCAAtlsCAAmanCAAman3" "Mozilla/5.0 AppleWebKit/537.36 (KHTML, like Gecko; compatible; GPTBot/1.4; +https://openai.com/gptbot)"
74.7.227.149 - - [02/Aug/2026:14:48:56 +0700] "GET /file.php?dir=CAAusrCAAlocalCAAlibCAApython3RAA6CAAsite-packagesCAAlibpasteurizeCAAfixes HTTP/1.1" 200 5858 "http://eduworkabroad.star4hire.com/file.php?dir=CAAusrCAAlocalCAAlibCAApython3RAA6CAAsite-packagesCAAlibpasteurize" "Mozilla/5.0 AppleWebKit/537.36 (KHTML, like Gecko; compatible; GPTBot/1.4; +https://openai.com/gptbot)"
74.7.227.149 - - [02/Aug/2026:14:50:14 +0700] "GET /file.php?dir=CAAusrCAAlibCAApython3RAA6CAAsite-packagesCAAdnsCAArdtypesCAAIN&edit=IPSECKEY.py HTTP/1.1" 200 4758 "http://eduworkabroad.star4hire.com/file.php?dir=CAAusrCAAlibCAApython3RAA6CAAsite-packagesCAAdnsCAArdtypesCAAIN" "Mozilla/5.0 AppleWebKit/537.36 (KHTML, like Gecko; compatible; GPTBot/1.4; +https://openai.com/gptbot)"
74.7.227.149 - - [02/Aug/2026:14:50:48 +0700] "GET /file.php?action=download&dir=CAAusrCAAlibCAApython3RAA6CAAsite-packagesCAAdnsCAArdtypesCAAINCAA__pycache__&file=DHCID.cpython-36.opt-1.pyc HTTP/1.1" 200 1036 "http://eduworkabroad.star4hire.com/file.php?dir=CAAusrCAAlibCAApython3RAA6CAAsite-packagesCAAdnsCAArdtypesCAAINCAA__pycache__" "Mozilla/5.0 AppleWebKit/537.36 (KHTML, like Gecko; compatible; GPTBot/1.4; +https://openai.com/gptbot)"
74.7.242.6 - - [02/Aug/2026:14:51:00 +0700] "GET /file.php?dir=CAAusrCAAlibCAApython2RAA7CAAsite-packagesCAApipCAA_vendorCAApackaging&edit=_structures.pyo HTTP/1.1" 200 3821 "http://www.eduworkabroad.star4hire.com/file.php?dir=CAAusrCAAlibCAApython2RAA7CAAsite-packagesCAApipCAA_vendorCAApackaging" "Mozilla/5.0 AppleWebKit/537.36 (KHTML, like Gecko; compatible; GPTBot/1.4; +https://openai.com/gptbot)"
74.7.227.149 - - [02/Aug/2026:14:51:19 +0700] "GET /file.php?dir=CAAusrCAAlibCAApython3RAA6CAAsite-packagesCAAdnsCAArdtypesCAAINCAA__pycache__&edit=__init__.cpython-36.opt-1.pyc HTTP/1.1" 200 3346 "http://eduworkabroad.star4hire.com/file.php?dir=CAAusrCAAlibCAApython3RAA6CAAsite-packagesCAAdnsCAArdtypesCAAINCAA__pycache__" "Mozilla/5.0 AppleWebKit/537.36 (KHTML, like Gecko; compatible; GPTBot/1.4; +https://openai.com/gptbot)"
74.7.227.149 - - [02/Aug/2026:14:51:46 +0700] "GET /file.php?dir=CAAusrCAAlibCAApython3RAA6CAAsite-packagesCAAdnsCAArdtypesCAAINCAA__pycache__&edit=IPSECKEY.cpython-36.pyc HTTP/1.1" 200 5084 "http://eduworkabroad.star4hire.com/file.php?dir=CAAusrCAAlibCAApython3RAA6CAAsite-packagesCAAdnsCAArdtypesCAAINCAA__pycache__" "Mozilla/5.0 AppleWebKit/537.36 (KHTML, like Gecko; compatible; GPTBot/1.4; +https://openai.com/gptbot)"
74.7.242.6 - - [02/Aug/2026:14:51:52 +0700] "GET /file.php?dir=CAAoptCAAcpanelCAAea-opensslCAAetcCAApkiCAAtlsCAAmanCAAman3&edit=CRYPTO_destroy_dynlockid.3 HTTP/1.1" 200 7527 "http://www.eduworkabroad.star4hire.com/file.php?dir=CAAoptCAAcpanelCAAea-opensslCAAetcCAApkiCAAtlsCAAmanCAAman3" "Mozilla/5.0 AppleWebKit/537.36 (KHTML, like Gecko; compatible; GPTBot/1.4; +https://openai.com/gptbot)"
74.7.227.149 - - [02/Aug/2026:14:52:11 +0700] "GET /file.php?dir=CAAusrCAAlibCAApython3RAA6CAAsite-packagesCAAdnsCAArdtypesCAAINCAA__pycache__&edit=NAPTR.cpython-36.pyc HTTP/1.1" 200 4871 "http://eduworkabroad.star4hire.com/file.php?dir=CAAusrCAAlibCAApython3RAA6CAAsite-packagesCAAdnsCAArdtypesCAAINCAA__pycache__" "Mozilla/5.0 AppleWebKit/537.36 (KHTML, like Gecko; compatible; GPTBot/1.4; +https://openai.com/gptbot)"
74.7.242.6 - - [02/Aug/2026:14:52:34 +0700] "GET /file.php?dir=CAAusrCAAlibCAApython2RAA7CAAsite-packagesCAApipCAA_vendorCAAdistlibCAA_backport&edit=sysconfig.py HTTP/1.1" 200 11023 "http://www.eduworkabroad.star4hire.com/file.php?dir=CAAusrCAAlibCAApython2RAA7CAAsite-packagesCAApipCAA_vendorCAAdistlibCAA_backport" "Mozilla/5.0 AppleWebKit/537.36 (KHTML, like Gecko; compatible; GPTBot/1.4; +https://openai.com/gptbot)"
74.7.242.6 - - [02/Aug/2026:14:53:07 +0700] "GET /file.php?dir=CAAusrCAAlibCAApython3RAA8CAAsite-packagesCAApipCAA_vendorCAAdistlibCAA_backport&edit=sysconfig.cfg HTTP/1.1" 429 267 "http://www.eduworkabroad.star4hire.com/file.php?dir=CAAusrCAAlibCAApython3RAA8CAAsite-packagesCAApipCAA_vendorCAAdistlibCAA_backport" "Mozilla/5.0 AppleWebKit/537.36 (KHTML, like Gecko; compatible; GPTBot/1.4; +https://openai.com/gptbot)"
74.7.242.6 - - [02/Aug/2026:14:53:21 +0700] "GET /file.php?dir=CAAusrCAAlibCAApython2RAA7CAAsite-packagesCAApkg_resourcesCAA_vendorCAApackaging&edit=version.pyc HTTP/1.1" 429 267 "http://www.eduworkabroad.star4hire.com/file.php?dir=CAAusrCAAlibCAApython2RAA7CAAsite-packagesCAApkg_resourcesCAA_vendorCAApackaging" "Mozilla/5.0 AppleWebKit/537.36 (KHTML, like Gecko; compatible; GPTBot/1.4; +https://openai.com/gptbot)"
74.7.227.149 - - [02/Aug/2026:14:54:16 +0700] "GET /file.php?action=download&dir=CAAusrCAAlocalCAAlibCAApython3RAA6CAAsite-packagesCAAlibpasteurizeCAAfixes&file=fix_add_all_future_builtins.py HTTP/1.1" 429 267 "http://eduworkabroad.star4hire.com/file.php?dir=CAAusrCAAlocalCAAlibCAApython3RAA6CAAsite-packagesCAAlibpasteurizeCAAfixes" "Mozilla/5.0 AppleWebKit/537.36 (KHTML, like Gecko; compatible; GPTBot/1.4; +https://openai.com/gptbot)"
74.7.242.6 - - [02/Aug/2026:14:55:09 +0700] "GET /file.php?dir=CAAoptCAAcpanelCAAea-opensslCAAetcCAApkiCAAtlsCAAmanCAAman3&edit=PEM_write_RSAPrivateKey.3 HTTP/1.1" 200 9372 "http://www.eduworkabroad.star4hire.com/file.php?dir=CAAoptCAAcpanelCAAea-opensslCAAetcCAApkiCAAtlsCAAmanCAAman3" "Mozilla/5.0 AppleWebKit/537.36 (KHTML, like Gecko; compatible; GPTBot/1.4; +https://openai.com/gptbot)"
74.7.227.149 - - [02/Aug/2026:14:55:19 +0700] "GET /file.php?dir=CAAusrCAAlocalCAAlibCAApython3RAA6CAAsite-packagesCAAlibpasteurizeCAAfixes&edit=__init__.py HTTP/1.1" 200 4035 "http://eduworkabroad.star4hire.com/file.php?dir=CAAusrCAAlocalCAAlibCAApython3RAA6CAAsite-packagesCAAlibpasteurizeCAAfixes" "Mozilla/5.0 AppleWebKit/537.36 (KHTML, like Gecko; compatible; GPTBot/1.4; +https://openai.com/gptbot)"
74.7.242.6 - - [02/Aug/2026:14:57:11 +0700] "GET /file.php?dir=CAAusrCAAlibCAApython3RAA6CAAsite-packagesCAApipCAA_vendorCAAdistlibCAA_backport&edit=sysconfig.py HTTP/1.1" 200 11022 "http://www.eduworkabroad.star4hire.com/file.php?dir=CAAusrCAAlibCAApython3RAA6CAAsite-packagesCAApipCAA_vendorCAAdistlibCAA_backport" "Mozilla/5.0 AppleWebKit/537.36 (KHTML, like Gecko; compatible; GPTBot/1.4; +https://openai.com/gptbot)"
74.7.227.149 - - [02/Aug/2026:14:57:20 +0700] "GET /file.php?dir=CAAusrCAAlocalCAAlibCAApython3RAA6CAAsite-packagesCAAlibpasteurizeCAAfixesCAA__pycache__ HTTP/1.1" 200 5785 "http://eduworkabroad.star4hire.com/file.php?dir=CAAusrCAAlocalCAAlibCAApython3RAA6CAAsite-packagesCAAlibpasteurizeCAAfixes" "Mozilla/5.0 AppleWebKit/537.36 (KHTML, like Gecko; compatible; GPTBot/1.4; +https://openai.com/gptbot)"
74.7.242.6 - - [02/Aug/2026:14:58:01 +0700] "GET /file.php?dir=CAAusrCAAlocalCAAlibCAApython3RAA6CAAsite-packagesCAApkg_resourcesCAA_vendor&edit=appdirs.py HTTP/1.1" 200 7648 "http://www.eduworkabroad.star4hire.com/file.php?dir=CAAusrCAAlocalCAAlibCAApython3RAA6CAAsite-packagesCAApkg_resourcesCAA_vendor" "Mozilla/5.0 AppleWebKit/537.36 (KHTML, like Gecko; compatible; GPTBot/1.4; +https://openai.com/gptbot)"
74.7.227.149 - - [02/Aug/2026:14:58:55 +0700] "GET /file.php?dir=CAAusrCAAlocalCAAlibCAApython3RAA6CAAsite-packagesCAAlibpasteurizeCAAfixes&edit=fix_add_all_future_builtins.py HTTP/1.1" 200 3591 "http://eduworkabroad.star4hire.com/file.php?dir=CAAusrCAAlocalCAAlibCAApython3RAA6CAAsite-packagesCAAlibpasteurizeCAAfixes" "Mozilla/5.0 AppleWebKit/537.36 (KHTML, like Gecko; compatible; GPTBot/1.4; +https://openai.com/gptbot)"
74.7.242.6 - - [02/Aug/2026:14:59:27 +0700] "GET /file.php?dir=CAAusrCAAlocalCAAlibCAApython3RAA6CAAsite-packagesCAApkg_resourcesCAA_vendor&edit=pyparsing.py HTTP/1.1" 200 55951 "http://www.eduworkabroad.star4hire.com/file.php?dir=CAAusrCAAlocalCAAlibCAApython3RAA6CAAsite-packagesCAApkg_resourcesCAA_vendor" "Mozilla/5.0 AppleWebKit/537.36 (KHTML, like Gecko; compatible; GPTBot/1.4; +https://openai.com/gptbot)"
74.7.242.6 - - [02/Aug/2026:15:00:04 +0700] "GET /file.php?dir=CAAusrCAAlibCAApython3RAA6CAAsite-packagesCAApipCAA_vendorCAApackaging&edit=_structures.py HTTP/1.1" 200 3405 "http://www.eduworkabroad.star4hire.com/file.php?dir=CAAusrCAAlibCAApython3RAA6CAAsite-packagesCAApipCAA_vendorCAApackaging" "Mozilla/5.0 AppleWebKit/537.36 (KHTML, like Gecko; compatible; GPTBot/1.4; +https://openai.com/gptbot)"
74.7.242.6 - - [02/Aug/2026:15:00:38 +0700] "GET /file.php?dir=CAAusrCAAlibCAApython2RAA7CAAsite-packagesCAApkg_resourcesCAA_vendorCAApackaging&edit=version.py HTTP/1.1" 200 6473 "http://www.eduworkabroad.star4hire.com/file.php?dir=CAAusrCAAlibCAApython2RAA7CAAsite-packagesCAApkg_resourcesCAA_vendorCAApackaging" "Mozilla/5.0 AppleWebKit/537.36 (KHTML, like Gecko; compatible; GPTBot/1.4; +https://openai.com/gptbot)"
74.7.227.149 - - [02/Aug/2026:15:00:46 +0700] "GET /file.php?dir=CAAusrCAAlocalCAAlibCAApython3RAA6CAAsite-packagesCAAlibpasteurizeCAAfixes&edit=fix_getcwd.py HTTP/1.1" 200 3517 "http://eduworkabroad.star4hire.com/file.php?dir=CAAusrCAAlocalCAAlibCAApython3RAA6CAAsite-packagesCAAlibpasteurizeCAAfixes" "Mozilla/5.0 AppleWebKit/537.36 (KHTML, like Gecko; compatible; GPTBot/1.4; +https://openai.com/gptbot)"
74.7.242.6 - - [02/Aug/2026:15:01:34 +0700] "GET /file.php?dir=CAAusrCAAlibCAApython3RAA8CAAsite-packagesCAApkg_resourcesCAA_vendorCAApackaging&edit=version.py HTTP/1.1" 200 6473 "http://www.eduworkabroad.star4hire.com/file.php?dir=CAAusrCAAlibCAApython3RAA8CAAsite-packagesCAApkg_resourcesCAA_vendorCAApackaging" "Mozilla/5.0 AppleWebKit/537.36 (KHTML, like Gecko; compatible; GPTBot/1.4; +https://openai.com/gptbot)"
74.7.227.149 - - [02/Aug/2026:15:01:41 +0700] "GET /file.php?dir=CAAusrCAAlocalCAAlibCAApython3RAA6CAAsite-packagesCAAlibpasteurizeCAAfixes&edit=fix_kwargs.py HTTP/1.1" 200 4996 "http://eduworkabroad.star4hire.com/file.php?dir=CAAusrCAAlocalCAAlibCAApython3RAA6CAAsite-packagesCAAlibpasteurizeCAAfixes" "Mozilla/5.0 AppleWebKit/537.36 (KHTML, like Gecko; compatible; GPTBot/1.4; +https://openai.com/gptbot)"
74.7.227.149 - - [02/Aug/2026:15:02:06 +0700] "GET /file.php?dir=CAAusrCAAlocalCAAlibCAApython3RAA6CAAsite-packagesCAAlibpasteurizeCAAfixes&edit=fix_throw.py HTTP/1.1" 200 3503 "http://eduworkabroad.star4hire.com/file.php?dir=CAAusrCAAlocalCAAlibCAApython3RAA6CAAsite-packagesCAAlibpasteurizeCAAfixes" "Mozilla/5.0 AppleWebKit/537.36 (KHTML, like Gecko; compatible; GPTBot/1.4; +https://openai.com/gptbot)"
74.7.242.6 - - [02/Aug/2026:15:02:42 +0700] "GET /file.php?dir=CAAusrCAAlibCAApython3RAA6CAAsite-packagesCAApipCAA_vendorCAAdistlibCAA_backport&edit=sysconfig.cfg HTTP/1.1" 200 3558 "http://www.eduworkabroad.star4hire.com/file.php?dir=CAAusrCAAlibCAApython3RAA6CAAsite-packagesCAApipCAA_vendorCAAdistlibCAA_backport" "Mozilla/5.0 AppleWebKit/537.36 (KHTML, like Gecko; compatible; GPTBot/1.4; +https://openai.com/gptbot)"
74.7.227.149 - - [02/Aug/2026:15:03:08 +0700] "GET /file.php?dir=CAAusrCAAlocalCAAlibCAApython3RAA6CAAsite-packagesCAAlibpasteurizeCAAfixesCAA__pycache__&edit=fix_add_all_future_builtins.cpython-36.pyc HTTP/1.1" 200 3827 "http://eduworkabroad.star4hire.com/file.php?dir=CAAusrCAAlocalCAAlibCAApython3RAA6CAAsite-packagesCAAlibpasteurizeCAAfixesCAA__pycache__" "Mozilla/5.0 AppleWebKit/537.36 (KHTML, like Gecko; compatible; GPTBot/1.4; +https://openai.com/gptbot)"
