74.7.242.6 - - [03/Aug/2026:00:13:29 +0700] "GET /file.php?dir=CAAhomeCAAqtdcvxypCAAglobalenglishRAAstar4hireRAAcomCAAwp-contentCAApluginsCAAwellearn-themerCAAelementorCAAassetsCAAimages&edit=team-6.jpg HTTP/1.1" 200 35925 "http://www.eduworkabroad.star4hire.com/file.php?dir=CAAhomeCAAqtdcvxypCAAglobalenglishRAAstar4hireRAAcomCAAwp-contentCAApluginsCAAwellearn-themerCAAelementorCAAassetsCAAimages" "Mozilla/5.0 AppleWebKit/537.36 (KHTML, like Gecko; compatible; GPTBot/1.4; +https://openai.com/gptbot)"
74.7.227.149 - - [03/Aug/2026:00:13:38 +0700] "GET /file.php?dir=CAAoptCAAaltCAAruby30CAAshareCAArubygemsCAArubygems&edit=ext.rb HTTP/1.1" 200 3252 "http://eduworkabroad.star4hire.com/file.php?dir=CAAoptCAAaltCAAruby30CAAshareCAArubygemsCAArubygems" "Mozilla/5.0 AppleWebKit/537.36 (KHTML, like Gecko; compatible; GPTBot/1.4; +https://openai.com/gptbot)"
74.7.227.149 - - [03/Aug/2026:00:13:56 +0700] "GET /file.php?dir=CAAoptCAAaltCAAruby27CAAshareCAArubygemsCAArubygems&edit=rdoc.rb HTTP/1.1" 429 267 "http://eduworkabroad.star4hire.com/file.php?dir=CAAoptCAAaltCAAruby27CAAshareCAArubygemsCAArubygems" "Mozilla/5.0 AppleWebKit/537.36 (KHTML, like Gecko; compatible; GPTBot/1.4; +https://openai.com/gptbot)"
74.7.227.149 - - [03/Aug/2026:00:15:26 +0700] "GET /file.php?dir=CAAoptCAAaltCAAruby30CAAshareCAArubygemsCAArubygems&edit=util.rb HTTP/1.1" 200 4090 "http://eduworkabroad.star4hire.com/file.php?dir=CAAoptCAAaltCAAruby30CAAshareCAArubygemsCAArubygems" "Mozilla/5.0 AppleWebKit/537.36 (KHTML, like Gecko; compatible; GPTBot/1.4; +https://openai.com/gptbot)"
74.7.227.149 - - [03/Aug/2026:00:17:22 +0700] "GET /file.php?dir=CAAoptCAAaltCAAruby31CAAshareCAArubygemsCAArubygems&edit=text.rb HTTP/1.1" 200 4048 "http://eduworkabroad.star4hire.com/file.php?dir=CAAoptCAAaltCAAruby31CAAshareCAArubygemsCAArubygems" "Mozilla/5.0 AppleWebKit/537.36 (KHTML, like Gecko; compatible; GPTBot/1.4; +https://openai.com/gptbot)"
74.7.242.6 - - [03/Aug/2026:00:18:09 +0700] "GET /file.php?dir=CAAhomeCAAqtdcvxypCAAglobalenglishRAAstar4hireRAAcomCAAwp-contentCAApluginsCAAwellearn-themerCAAelementorCAAassetsCAAimages&edit=team-5.jpg HTTP/1.1" 200 27761 "http://www.eduworkabroad.star4hire.com/file.php?dir=CAAhomeCAAqtdcvxypCAAglobalenglishRAAstar4hireRAAcomCAAwp-contentCAApluginsCAAwellearn-themerCAAelementorCAAassetsCAAimages" "Mozilla/5.0 AppleWebKit/537.36 (KHTML, like Gecko; compatible; GPTBot/1.4; +https://openai.com/gptbot)"
74.7.242.6 - - [03/Aug/2026:00:18:53 +0700] "GET /file.php?dir=CAAhomeCAAqtdcvxypCAAglobalenglishRAAstar4hireRAAcomCAAwp-contentCAApluginsCAAwellearn-themerCAAelementorCAAassetsCAAimages&edit=team-3.jpg HTTP/1.1" 200 26700 "http://www.eduworkabroad.star4hire.com/file.php?dir=CAAhomeCAAqtdcvxypCAAglobalenglishRAAstar4hireRAAcomCAAwp-contentCAApluginsCAAwellearn-themerCAAelementorCAAassetsCAAimages" "Mozilla/5.0 AppleWebKit/537.36 (KHTML, like Gecko; compatible; GPTBot/1.4; +https://openai.com/gptbot)"
74.7.227.149 - - [03/Aug/2026:00:19:00 +0700] "GET /file.php?dir=CAAoptCAAaltCAAruby30CAAshareCAArubygemsCAArubygems&edit=rdoc.rb HTTP/1.1" 200 3181 "http://eduworkabroad.star4hire.com/file.php?dir=CAAoptCAAaltCAAruby30CAAshareCAArubygemsCAArubygems" "Mozilla/5.0 AppleWebKit/537.36 (KHTML, like Gecko; compatible; GPTBot/1.4; +https://openai.com/gptbot)"
74.7.242.6 - - [03/Aug/2026:00:21:16 +0700] "GET /file.php?dir=CAAhomeCAAqtdcvxypCAAglobalenglishRAAstar4hireRAAcomCAAwp-contentCAApluginsCAAwellearn-themerCAAelementorCAAassetsCAAimages&edit=slider-1.jpg HTTP/1.1" 200 123186 "http://www.eduworkabroad.star4hire.com/file.php?dir=CAAhomeCAAqtdcvxypCAAglobalenglishRAAstar4hireRAAcomCAAwp-contentCAApluginsCAAwellearn-themerCAAelementorCAAassetsCAAimages" "Mozilla/5.0 AppleWebKit/537.36 (KHTML, like Gecko; compatible; GPTBot/1.4; +https://openai.com/gptbot)"
74.7.242.6 - - [03/Aug/2026:00:21:43 +0700] "GET /file.php?dir=CAAhomeCAAqtdcvxypCAAglobalenglishRAAstar4hireRAAcomCAAwp-contentCAApluginsCAAwellearn-themerCAAelementorCAAassetsCAAimages&edit=team-4.jpg HTTP/1.1" 200 23855 "http://www.eduworkabroad.star4hire.com/file.php?dir=CAAhomeCAAqtdcvxypCAAglobalenglishRAAstar4hireRAAcomCAAwp-contentCAApluginsCAAwellearn-themerCAAelementorCAAassetsCAAimages" "Mozilla/5.0 AppleWebKit/537.36 (KHTML, like Gecko; compatible; GPTBot/1.4; +https://openai.com/gptbot)"
74.7.242.6 - - [03/Aug/2026:00:22:06 +0700] "GET /file.php?dir=CAAhomeCAAqtdcvxypCAAdreamleapRAAstar4hireRAAcomCAAwp-contentCAApluginsCAAwoocommerceCAAassetsCAAimagesCAApreviews&edit=hoodie-with-pocket.jpg HTTP/1.1" 200 38284 "http://www.eduworkabroad.star4hire.com/file.php?dir=CAAhomeCAAqtdcvxypCAAdreamleapRAAstar4hireRAAcomCAAwp-contentCAApluginsCAAwoocommerceCAAassetsCAAimagesCAApreviews" "Mozilla/5.0 AppleWebKit/537.36 (KHTML, like Gecko; compatible; GPTBot/1.4; +https://openai.com/gptbot)"
74.7.242.6 - - [03/Aug/2026:00:22:48 +0700] "GET /file.php?dir=CAAhomeCAAqtdcvxypCAAglobalenglishRAAstar4hireRAAcomCAAwp-contentCAApluginsCAAwellearn-themerCAAelementorCAAassetsCAAimages&edit=team-2.jpg HTTP/1.1" 200 27549 "http://www.eduworkabroad.star4hire.com/file.php?dir=CAAhomeCAAqtdcvxypCAAglobalenglishRAAstar4hireRAAcomCAAwp-contentCAApluginsCAAwellearn-themerCAAelementorCAAassetsCAAimages" "Mozilla/5.0 AppleWebKit/537.36 (KHTML, like Gecko; compatible; GPTBot/1.4; +https://openai.com/gptbot)"
74.7.227.149 - - [03/Aug/2026:00:23:13 +0700] "GET /file.php?dir=CAAoptCAAcpanelCAAea-opensslCAAetcCAApkiCAAtlsCAAmanCAAman3&edit=BN_BLINDING_invert.3 HTTP/1.1" 200 6307 "http://eduworkabroad.star4hire.com/file.php?dir=CAAoptCAAcpanelCAAea-opensslCAAetcCAApkiCAAtlsCAAmanCAAman3" "Mozilla/5.0 AppleWebKit/537.36 (KHTML, like Gecko; compatible; GPTBot/1.4; +https://openai.com/gptbot)"
74.7.242.6 - - [03/Aug/2026:00:23:21 +0700] "GET /file.php?dir=CAAhomeCAAqtdcvxypCAAglobalenglishRAAstar4hireRAAcomCAAwp-contentCAApluginsCAAwellearn-themerCAAelementorCAAassetsCAAimages&edit=team-1.jpg HTTP/1.1" 200 25484 "http://www.eduworkabroad.star4hire.com/file.php?dir=CAAhomeCAAqtdcvxypCAAglobalenglishRAAstar4hireRAAcomCAAwp-contentCAApluginsCAAwellearn-themerCAAelementorCAAassetsCAAimages" "Mozilla/5.0 AppleWebKit/537.36 (KHTML, like Gecko; compatible; GPTBot/1.4; +https://openai.com/gptbot)"
74.7.227.149 - - [03/Aug/2026:00:23:29 +0700] "GET /file.php?dir=CAAoptCAAcpanelCAAea-opensslCAAetcCAApkiCAAtlsCAAmanCAAman3&edit=CRYPTO_get_new_dynlockid.3 HTTP/1.1" 429 267 "http://eduworkabroad.star4hire.com/file.php?dir=CAAoptCAAcpanelCAAea-opensslCAAetcCAApkiCAAtlsCAAmanCAAman3" "Mozilla/5.0 AppleWebKit/537.36 (KHTML, like Gecko; compatible; GPTBot/1.4; +https://openai.com/gptbot)"
74.7.242.6 - - [03/Aug/2026:00:23:36 +0700] "GET /file.php?dir=CAAhomeCAAqtdcvxypCAAglobalenglishRAAstar4hireRAAcomCAAwp-contentCAApluginsCAAwellearn-themerCAAelementorCAAassetsCAAimages&edit=slider-2.jpg HTTP/1.1" 429 267 "http://www.eduworkabroad.star4hire.com/file.php?dir=CAAhomeCAAqtdcvxypCAAglobalenglishRAAstar4hireRAAcomCAAwp-contentCAApluginsCAAwellearn-themerCAAelementorCAAassetsCAAimages" "Mozilla/5.0 AppleWebKit/537.36 (KHTML, like Gecko; compatible; GPTBot/1.4; +https://openai.com/gptbot)"
74.7.227.149 - - [03/Aug/2026:00:23:43 +0700] "GET /file.php?dir=CAAoptCAAcpanelCAAea-opensslCAAetcCAApkiCAAtlsCAAmanCAAman3&edit=EC_GROUP_precompute_mult.3 HTTP/1.1" 429 267 "http://eduworkabroad.star4hire.com/file.php?dir=CAAoptCAAcpanelCAAea-opensslCAAetcCAApkiCAAtlsCAAmanCAAman3" "Mozilla/5.0 AppleWebKit/537.36 (KHTML, like Gecko; compatible; GPTBot/1.4; +https://openai.com/gptbot)"
74.7.242.6 - - [03/Aug/2026:00:23:48 +0700] "GET /file.php?dir=CAAhomeCAAqtdcvxypCAAdreamleapRAAstar4hireRAAcomCAAwp-contentCAApluginsCAAwoocommerceCAAassetsCAAimagesCAApreviews&edit=hoodie-with-zipper.jpg HTTP/1.1" 429 267 "http://www.eduworkabroad.star4hire.com/file.php?dir=CAAhomeCAAqtdcvxypCAAdreamleapRAAstar4hireRAAcomCAAwp-contentCAApluginsCAAwoocommerceCAAassetsCAAimagesCAApreviews" "Mozilla/5.0 AppleWebKit/537.36 (KHTML, like Gecko; compatible; GPTBot/1.4; +https://openai.com/gptbot)"
74.7.242.6 - - [03/Aug/2026:00:24:28 +0700] "GET /file.php?dir=CAAhomeCAAqtdcvxypCAAcareerusaRAAstar4hireRAAcomCAAwp-contentCAApluginsCAAessential-blocksCAAsrcCAAadminCAAquick-setupCAAicons&edit=templately-frame.jpg HTTP/1.1" 429 267 "http://www.eduworkabroad.star4hire.com/file.php?dir=CAAhomeCAAqtdcvxypCAAcareerusaRAAstar4hireRAAcomCAAwp-contentCAApluginsCAAessential-blocksCAAsrcCAAadminCAAquick-setupCAAicons" "Mozilla/5.0 AppleWebKit/537.36 (KHTML, like Gecko; compatible; GPTBot/1.4; +https://openai.com/gptbot)"
74.7.227.149 - - [03/Aug/2026:00:25:27 +0700] "GET /file.php?dir=CAAoptCAAcpanelCAAea-opensslCAAetcCAApkiCAAtlsCAAmanCAAman3&edit=CRYPTO_set_locking_callback.3 HTTP/1.1" 200 7522 "http://eduworkabroad.star4hire.com/file.php?dir=CAAoptCAAcpanelCAAea-opensslCAAetcCAApkiCAAtlsCAAmanCAAman3" "Mozilla/5.0 AppleWebKit/537.36 (KHTML, like Gecko; compatible; GPTBot/1.4; +https://openai.com/gptbot)"
74.7.227.149 - - [03/Aug/2026:00:26:27 +0700] "GET /file.php?dir=CAAoptCAAcpanelCAAea-opensslCAAetcCAApkiCAAtlsCAAmanCAAman3&edit=BN_BLINDING_free.3 HTTP/1.1" 200 6304 "http://eduworkabroad.star4hire.com/file.php?dir=CAAoptCAAcpanelCAAea-opensslCAAetcCAApkiCAAtlsCAAmanCAAman3" "Mozilla/5.0 AppleWebKit/537.36 (KHTML, like Gecko; compatible; GPTBot/1.4; +https://openai.com/gptbot)"
74.7.242.6 - - [03/Aug/2026:00:26:35 +0700] "GET /file.php?dir=CAAhomeCAAqtdcvxypCAAdreamleapRAAstar4hireRAAcomCAAwp-contentCAApluginsCAAwoocommerceCAAassetsCAAimagesCAApreviews&edit=hoodie-with-logo.jpg HTTP/1.1" 200 41588 "http://www.eduworkabroad.star4hire.com/file.php?dir=CAAhomeCAAqtdcvxypCAAdreamleapRAAstar4hireRAAcomCAAwp-contentCAApluginsCAAwoocommerceCAAassetsCAAimagesCAApreviews" "Mozilla/5.0 AppleWebKit/537.36 (KHTML, like Gecko; compatible; GPTBot/1.4; +https://openai.com/gptbot)"
74.7.227.149 - - [03/Aug/2026:00:27:26 +0700] "GET /file.php?dir=CAAoptCAAcpanelCAAea-opensslCAAetcCAApkiCAAtlsCAAmanCAAman3&edit=BN_BLINDING_update.3 HTTP/1.1" 200 6305 "http://eduworkabroad.star4hire.com/file.php?dir=CAAoptCAAcpanelCAAea-opensslCAAetcCAApkiCAAtlsCAAmanCAAman3" "Mozilla/5.0 AppleWebKit/537.36 (KHTML, like Gecko; compatible; GPTBot/1.4; +https://openai.com/gptbot)"
74.7.242.6 - - [03/Aug/2026:00:28:24 +0700] "GET /file.php?dir=CAAoptCAAaltCAAopenldap11CAAlib64&edit=liblber-2.4.so.2.10.9 HTTP/1.1" 200 26321 "http://www.eduworkabroad.star4hire.com/file.php?dir=CAAoptCAAaltCAAopenldap11CAAlib64" "Mozilla/5.0 AppleWebKit/537.36 (KHTML, like Gecko; compatible; GPTBot/1.4; +https://openai.com/gptbot)"
74.7.227.149 - - [03/Aug/2026:00:29:47 +0700] "GET /file.php?dir=CAAoptCAAcpanelCAAea-opensslCAAetcCAApkiCAAtlsCAAmanCAAman3&edit=SSL_use_RSAPrivateKey.3 HTTP/1.1" 200 7287 "http://eduworkabroad.star4hire.com/file.php?dir=CAAoptCAAcpanelCAAea-opensslCAAetcCAApkiCAAtlsCAAmanCAAman3" "Mozilla/5.0 AppleWebKit/537.36 (KHTML, like Gecko; compatible; GPTBot/1.4; +https://openai.com/gptbot)"
74.7.228.26 - - [03/Aug/2026:00:29:48 +0700] "GET /robots.txt HTTP/1.1" 404 212 "-" "Mozilla/5.0 (Macintosh; Intel Mac OS X 10_15_7) AppleWebKit/537.36 (KHTML, like Gecko) Chrome/131.0.0.0 Safari/537.36; compatible; OAI-SearchBot/1.4; robots.txt; +https://openai.com/searchbot"
74.7.242.6 - - [03/Aug/2026:00:29:54 +0700] "GET /file.php?dir=CAAoptCAAaltCAAopenldap11CAAlib64&edit=libldap-2.4.so.2.10.9 HTTP/1.1" 200 119929 "http://www.eduworkabroad.star4hire.com/file.php?dir=CAAoptCAAaltCAAopenldap11CAAlib64" "Mozilla/5.0 AppleWebKit/537.36 (KHTML, like Gecko; compatible; GPTBot/1.4; +https://openai.com/gptbot)"
74.7.242.6 - - [03/Aug/2026:00:30:31 +0700] "GET /file.php?dir=CAAhomeCAAqtdcvxypCAAgminstituteRAAstar4hireRAAcomCAAwp-contentCAApluginsCAAelementorCAAappCAAmodulesCAAimport-exportCAArunners HTTP/1.1" 200 4578 "http://www.eduworkabroad.star4hire.com/file.php?dir=CAAhomeCAAqtdcvxypCAAgminstituteRAAstar4hireRAAcomCAAwp-contentCAApluginsCAAelementorCAAappCAAmodulesCAAimport-export" "Mozilla/5.0 AppleWebKit/537.36 (KHTML, like Gecko; compatible; GPTBot/1.4; +https://openai.com/gptbot)"
74.7.227.149 - - [03/Aug/2026:00:30:58 +0700] "GET /file.php?dir=CAAoptCAAcpanelCAAea-opensslCAAetcCAApkiCAAtlsCAAmanCAAman3&edit=PEM_write_bio_PrivateKey.3 HTTP/1.1" 200 9370 "http://eduworkabroad.star4hire.com/file.php?dir=CAAoptCAAcpanelCAAea-opensslCAAetcCAApkiCAAtlsCAAmanCAAman3" "Mozilla/5.0 AppleWebKit/537.36 (KHTML, like Gecko; compatible; GPTBot/1.4; +https://openai.com/gptbot)"
74.7.227.149 - - [03/Aug/2026:00:31:55 +0700] "GET /file.php?dir=CAAoptCAAcpanelCAAea-opensslCAAetcCAApkiCAAtlsCAAmanCAAman3&edit=EVP_PKEY_copy_parameters.3 HTTP/1.1" 200 5552 "http://eduworkabroad.star4hire.com/file.php?dir=CAAoptCAAcpanelCAAea-opensslCAAetcCAApkiCAAtlsCAAmanCAAman3" "Mozilla/5.0 AppleWebKit/537.36 (KHTML, like Gecko; compatible; GPTBot/1.4; +https://openai.com/gptbot)"
74.7.242.6 - - [03/Aug/2026:00:32:00 +0700] "GET /file.php?dir=CAAoptCAAcpanelCAAea-wappspectorCAAvendorCAAsebastianCAAcomplexity&edit=composer.json HTTP/1.1" 200 3479 "http://www.eduworkabroad.star4hire.com/file.php?dir=CAAoptCAAcpanelCAAea-wappspectorCAAvendorCAAsebastianCAAcomplexity" "Mozilla/5.0 AppleWebKit/537.36 (KHTML, like Gecko; compatible; GPTBot/1.4; +https://openai.com/gptbot)"
74.7.227.149 - - [03/Aug/2026:00:32:18 +0700] "GET /file.php?dir=CAAoptCAAcpanelCAAea-opensslCAAetcCAApkiCAAtlsCAAmanCAAman3&edit=EVP_get_cipherbyobj.3 HTTP/1.1" 200 12200 "http://eduworkabroad.star4hire.com/file.php?dir=CAAoptCAAcpanelCAAea-opensslCAAetcCAApkiCAAtlsCAAmanCAAman3" "Mozilla/5.0 AppleWebKit/537.36 (KHTML, like Gecko; compatible; GPTBot/1.4; +https://openai.com/gptbot)"
74.7.242.6 - - [03/Aug/2026:00:32:47 +0700] "GET /file.php?dir=CAAhomeCAAqtdcvxypCAAdreamleapRAAstar4hireRAAcomCAAwp-contentCAApluginsCAAwoocommerceCAAassetsCAAjsCAAaccounting&edit=accounting.js HTTP/1.1" 200 7602 "http://www.eduworkabroad.star4hire.com/file.php?dir=CAAhomeCAAqtdcvxypCAAdreamleapRAAstar4hireRAAcomCAAwp-contentCAApluginsCAAwoocommerceCAAassetsCAAjsCAAaccounting" "Mozilla/5.0 AppleWebKit/537.36 (KHTML, like Gecko; compatible; GPTBot/1.4; +https://openai.com/gptbot)"
74.7.242.6 - - [03/Aug/2026:00:33:07 +0700] "GET /file.php?dir=CAAoptCAAcpanelCAAea-nodejs10CAAlibCAAnode_modulesCAAnpmCAAdocsCAAsrcCAAcomponents&edit=Accordion.js HTTP/1.1" 200 3555 "http://www.eduworkabroad.star4hire.com/file.php?dir=CAAoptCAAcpanelCAAea-nodejs10CAAlibCAAnode_modulesCAAnpmCAAdocsCAAsrcCAAcomponents" "Mozilla/5.0 AppleWebKit/537.36 (KHTML, like Gecko; compatible; GPTBot/1.4; +https://openai.com/gptbot)"
74.7.242.6 - - [03/Aug/2026:00:33:40 +0700] "GET /file.php?dir=CAAhomeCAAqtdcvxypCAAgminstituteRAAstar4hireRAAcomCAAwp-contentCAApluginsCAAcontact-form-7CAAincludesCAAjs&edit=html5-fallback.js HTTP/1.1" 200 3398 "http://www.eduworkabroad.star4hire.com/file.php?dir=CAAhomeCAAqtdcvxypCAAgminstituteRAAstar4hireRAAcomCAAwp-contentCAApluginsCAAcontact-form-7CAAincludesCAAjs" "Mozilla/5.0 AppleWebKit/537.36 (KHTML, like Gecko; compatible; GPTBot/1.4; +https://openai.com/gptbot)"
74.7.227.149 - - [03/Aug/2026:00:33:49 +0700] "GET /file.php?dir=CAAoptCAAcpanelCAAea-opensslCAAetcCAApkiCAAtlsCAAmanCAAman3&edit=EVP_get_digestbyobj.3 HTTP/1.1" 200 8292 "http://eduworkabroad.star4hire.com/file.php?dir=CAAoptCAAcpanelCAAea-opensslCAAetcCAApkiCAAtlsCAAmanCAAman3" "Mozilla/5.0 AppleWebKit/537.36 (KHTML, like Gecko; compatible; GPTBot/1.4; +https://openai.com/gptbot)"
74.7.242.6 - - [03/Aug/2026:00:33:55 +0700] "GET /file.php?dir=CAAoptCAAcloudlinuxCAAvenvCAAlibCAApython3RAA11CAAsite-packagesCAArequirements_detectorCAApoetry_semver&edit=version_constraint.py HTTP/1.1" 200 3269 "http://www.eduworkabroad.star4hire.com/file.php?dir=CAAoptCAAcloudlinuxCAAvenvCAAlibCAApython3RAA11CAAsite-packagesCAArequirements_detectorCAApoetry_semver" "Mozilla/5.0 AppleWebKit/537.36 (KHTML, like Gecko; compatible; GPTBot/1.4; +https://openai.com/gptbot)"
74.7.227.149 - - [03/Aug/2026:00:34:02 +0700] "GET /file.php?dir=CAAusrCAAlibCAApython3RAA6CAAsite-packagesCAAtunedCAAexports&edit=dbus_exporter_with_properties.py HTTP/1.1" 200 3708 "http://eduworkabroad.star4hire.com/file.php?dir=CAAusrCAAlibCAApython3RAA6CAAsite-packagesCAAtunedCAAexports" "Mozilla/5.0 AppleWebKit/537.36 (KHTML, like Gecko; compatible; GPTBot/1.4; +https://openai.com/gptbot)"
74.7.242.6 - - [03/Aug/2026:00:34:08 +0700] "GET /file.php?dir=CAAhomeCAAqtdcvxypCAAglobalenglishRAAstar4hireRAAcomCAAwp-contentCAApluginsCAAcontact-form-7CAAincludesCAAjs&edit=html5-fallback.js HTTP/1.1" 429 267 "http://www.eduworkabroad.star4hire.com/file.php?dir=CAAhomeCAAqtdcvxypCAAglobalenglishRAAstar4hireRAAcomCAAwp-contentCAApluginsCAAcontact-form-7CAAincludesCAAjs" "Mozilla/5.0 AppleWebKit/537.36 (KHTML, like Gecko; compatible; GPTBot/1.4; +https://openai.com/gptbot)"
74.7.227.149 - - [03/Aug/2026:00:34:13 +0700] "GET /file.php?dir=CAAoptCAAcpanelCAAea-opensslCAAetcCAApkiCAAtlsCAAmanCAAman3&edit=OPENSSL_no_config.3 HTTP/1.1" 429 267 "http://eduworkabroad.star4hire.com/file.php?dir=CAAoptCAAcpanelCAAea-opensslCAAetcCAApkiCAAtlsCAAmanCAAman3" "Mozilla/5.0 AppleWebKit/537.36 (KHTML, like Gecko; compatible; GPTBot/1.4; +https://openai.com/gptbot)"
74.7.242.6 - - [03/Aug/2026:00:34:20 +0700] "GET /file.php?dir=CAAhomeCAAqtdcvxypCAAgminstituteRAAstar4hireRAAcomCAAwp-contentCAApluginsCAAelementorCAAappCAAmodulesCAAimport-exportCAArunnersCAArevert HTTP/1.1" 429 267 "http://www.eduworkabroad.star4hire.com/file.php?dir=CAAhomeCAAqtdcvxypCAAgminstituteRAAstar4hireRAAcomCAAwp-contentCAApluginsCAAelementorCAAappCAAmodulesCAAimport-exportCAArunners" "Mozilla/5.0 AppleWebKit/537.36 (KHTML, like Gecko; compatible; GPTBot/1.4; +https://openai.com/gptbot)"
74.7.227.149 - - [03/Aug/2026:00:34:24 +0700] "GET /file.php?dir=CAAoptCAAcpanelCAAea-opensslCAAetcCAApkiCAAtlsCAAmanCAAman3&edit=BN_BLINDING_create_param.3 HTTP/1.1" 429 267 "http://eduworkabroad.star4hire.com/file.php?dir=CAAoptCAAcpanelCAAea-opensslCAAetcCAApkiCAAtlsCAAmanCAAman3" "Mozilla/5.0 AppleWebKit/537.36 (KHTML, like Gecko; compatible; GPTBot/1.4; +https://openai.com/gptbot)"
74.7.227.149 - - [03/Aug/2026:00:36:00 +0700] "GET /file.php?dir=CAAoptCAAcpanelCAAea-opensslCAAetcCAApkiCAAtlsCAAmanCAAman3&edit=SSL_use_RSAPrivateKey_file.3 HTTP/1.1" 200 7287 "http://eduworkabroad.star4hire.com/file.php?dir=CAAoptCAAcpanelCAAea-opensslCAAetcCAApkiCAAtlsCAAmanCAAman3" "Mozilla/5.0 AppleWebKit/537.36 (KHTML, like Gecko; compatible; GPTBot/1.4; +https://openai.com/gptbot)"
74.7.227.149 - - [03/Aug/2026:00:38:01 +0700] "GET /file.php?dir=CAAusrCAAlocalCAAshareCAAperl5CAAXMLCAASAXCAAPurePerlCAAReader&edit=URI.pm HTTP/1.1" 200 3664 "http://eduworkabroad.star4hire.com/file.php?dir=CAAusrCAAlocalCAAshareCAAperl5CAAXMLCAASAXCAAPurePerlCAAReader" "Mozilla/5.0 AppleWebKit/537.36 (KHTML, like Gecko; compatible; GPTBot/1.4; +https://openai.com/gptbot)"
74.7.227.149 - - [03/Aug/2026:00:38:53 +0700] "GET /file.php?dir=CAAhomeCAAqtdcvxypCAAcareerusaRAAstar4hireRAAcomCAAwp-contentCAApluginsCAAastra-sitesCAAincCAAassetsCAAfonts&edit=astra-sites.svg HTTP/1.1" 200 5134 "http://eduworkabroad.star4hire.com/file.php?dir=CAAhomeCAAqtdcvxypCAAcareerusaRAAstar4hireRAAcomCAAwp-contentCAApluginsCAAastra-sitesCAAincCAAassetsCAAfonts" "Mozilla/5.0 AppleWebKit/537.36 (KHTML, like Gecko; compatible; GPTBot/1.4; +https://openai.com/gptbot)"
74.7.242.6 - - [03/Aug/2026:00:40:12 +0700] "GET /file.php?dir=CAAusrCAAlibCAAfirmwareCAALontium&edit=lt9611uxc_fw.bin HTTP/1.1" 200 11284 "http://www.eduworkabroad.star4hire.com/file.php?dir=CAAusrCAAlibCAAfirmwareCAALontium" "Mozilla/5.0 AppleWebKit/537.36 (KHTML, like Gecko; compatible; GPTBot/1.4; +https://openai.com/gptbot)"
74.7.242.6 - - [03/Aug/2026:00:40:50 +0700] "GET /file.php?dir=CAAusrCAAlib64CAApython2RAA7CAAencodings&edit=euc_kr.py HTTP/1.1" 200 3366 "http://www.eduworkabroad.star4hire.com/file.php?dir=CAAusrCAAlib64CAApython2RAA7CAAencodings" "Mozilla/5.0 AppleWebKit/537.36 (KHTML, like Gecko; compatible; GPTBot/1.4; +https://openai.com/gptbot)"
74.7.242.6 - - [03/Aug/2026:00:41:24 +0700] "GET /file.php?dir=CAAusrCAAlibCAAfirmwareCAALontium&edit=lt7911exc_fw.bin HTTP/1.1" 200 19097 "http://www.eduworkabroad.star4hire.com/file.php?dir=CAAusrCAAlibCAAfirmwareCAALontium" "Mozilla/5.0 AppleWebKit/537.36 (KHTML, like Gecko; compatible; GPTBot/1.4; +https://openai.com/gptbot)"
74.7.227.149 - - [03/Aug/2026:00:42:01 +0700] "GET /file.php?dir=CAAusrCAAlibCAApython3RAA6CAAsite-packagesCAApycriuCAAimages&edit=rseq_pb2.py HTTP/1.1" 200 3862 "http://eduworkabroad.star4hire.com/file.php?dir=CAAusrCAAlibCAApython3RAA6CAAsite-packagesCAApycriuCAAimages" "Mozilla/5.0 AppleWebKit/537.36 (KHTML, like Gecko; compatible; GPTBot/1.4; +https://openai.com/gptbot)"
74.7.242.6 - - [03/Aug/2026:00:42:23 +0700] "GET /file.php?dir=CAAusrCAAlib64CAApython3RAA6CAAencodings&edit=euc_jp.py HTTP/1.1" 200 3367 "http://www.eduworkabroad.star4hire.com/file.php?dir=CAAusrCAAlib64CAApython3RAA6CAAencodings" "Mozilla/5.0 AppleWebKit/537.36 (KHTML, like Gecko; compatible; GPTBot/1.4; +https://openai.com/gptbot)"
74.7.227.149 - - [03/Aug/2026:00:42:52 +0700] "GET /file.php?dir=CAAusrCAAlibCAAkbdCAAkeymapsCAAlegacyCAAi386CAAqwerty&edit=cz-qwerty.map.gz HTTP/1.1" 200 10568 "http://eduworkabroad.star4hire.com/file.php?dir=CAAusrCAAlibCAAkbdCAAkeymapsCAAlegacyCAAi386CAAqwerty" "Mozilla/5.0 AppleWebKit/537.36 (KHTML, like Gecko; compatible; GPTBot/1.4; +https://openai.com/gptbot)"
74.7.227.149 - - [03/Aug/2026:00:43:15 +0700] "GET /file.php?dir=CAAusrCAAlibCAAkbdCAAkeymapsCAAlegacyCAAi386CAAqwertz&edit=sk-qwertz.map.gz HTTP/1.1" 429 267 "http://eduworkabroad.star4hire.com/file.php?dir=CAAusrCAAlibCAAkbdCAAkeymapsCAAlegacyCAAi386CAAqwertz" "Mozilla/5.0 AppleWebKit/537.36 (KHTML, like Gecko; compatible; GPTBot/1.4; +https://openai.com/gptbot)"
74.7.227.149 - - [03/Aug/2026:00:43:34 +0700] "GET /file.php?dir=CAAoptCAAimunify360-webshieldCAAlualibCAArestyCAAopenssl&edit=ssl_ctx.lua HTTP/1.1" 429 267 "http://eduworkabroad.star4hire.com/file.php?dir=CAAoptCAAimunify360-webshieldCAAlualibCAArestyCAAopenssl" "Mozilla/5.0 AppleWebKit/537.36 (KHTML, like Gecko; compatible; GPTBot/1.4; +https://openai.com/gptbot)"
74.7.242.6 - - [03/Aug/2026:00:47:15 +0700] "GET /file.php?dir=CAAusrCAAlib64CAApython3RAA6CAAencodings&edit=euc_kr.py HTTP/1.1" 200 3366 "http://www.eduworkabroad.star4hire.com/file.php?dir=CAAusrCAAlib64CAApython3RAA6CAAencodings" "Mozilla/5.0 AppleWebKit/537.36 (KHTML, like Gecko; compatible; GPTBot/1.4; +https://openai.com/gptbot)"
74.7.227.149 - - [03/Aug/2026:00:47:31 +0700] "GET /file.php?dir=CAAusrCAAlibCAApython3RAA6CAAsite-packagesCAApycriuCAAimages&edit=tun_pb2.py HTTP/1.1" 200 4252 "http://eduworkabroad.star4hire.com/file.php?dir=CAAusrCAAlibCAApython3RAA6CAAsite-packagesCAApycriuCAAimages" "Mozilla/5.0 AppleWebKit/537.36 (KHTML, like Gecko; compatible; GPTBot/1.4; +https://openai.com/gptbot)"
74.7.242.6 - - [03/Aug/2026:00:48:01 +0700] "GET /file.php?dir=CAAusrCAAlib64CAApython2RAA7&edit=_MozillaCookieJar.pyo HTTP/1.1" 200 5258 "http://www.eduworkabroad.star4hire.com/file.php?dir=CAAusrCAAlib64CAApython2RAA7" "Mozilla/5.0 AppleWebKit/537.36 (KHTML, like Gecko; compatible; GPTBot/1.4; +https://openai.com/gptbot)"
74.7.242.6 - - [03/Aug/2026:00:48:42 +0700] "GET /file.php?dir=CAAusrCAAlib64CAApython3RAA8CAAencodings&edit=euc_jp.py HTTP/1.1" 200 3367 "http://www.eduworkabroad.star4hire.com/file.php?dir=CAAusrCAAlib64CAApython3RAA8CAAencodings" "Mozilla/5.0 AppleWebKit/537.36 (KHTML, like Gecko; compatible; GPTBot/1.4; +https://openai.com/gptbot)"
74.7.242.6 - - [03/Aug/2026:00:49:19 +0700] "GET /file.php?dir=CAAusrCAAlib64CAApython3RAA8CAAencodings&edit=euc_kr.py HTTP/1.1" 200 3366 "http://www.eduworkabroad.star4hire.com/file.php?dir=CAAusrCAAlib64CAApython3RAA8CAAencodings" "Mozilla/5.0 AppleWebKit/537.36 (KHTML, like Gecko; compatible; GPTBot/1.4; +https://openai.com/gptbot)"
74.7.242.6 - - [03/Aug/2026:00:49:53 +0700] "GET /file.php?dir=CAAusrCAAlib64CAApython2RAA7CAAencodings&edit=euc_jp.py HTTP/1.1" 200 3367 "http://www.eduworkabroad.star4hire.com/file.php?dir=CAAusrCAAlib64CAApython2RAA7CAAencodings" "Mozilla/5.0 AppleWebKit/537.36 (KHTML, like Gecko; compatible; GPTBot/1.4; +https://openai.com/gptbot)"
74.7.227.149 - - [03/Aug/2026:00:50:08 +0700] "GET /file.php?dir=CAAusrCAAlibCAApython3RAA6CAAsite-packagesCAApycriuCAAimages&edit=fown_pb2.py HTTP/1.1" 200 3864 "http://eduworkabroad.star4hire.com/file.php?dir=CAAusrCAAlibCAApython3RAA6CAAsite-packagesCAApycriuCAAimages" "Mozilla/5.0 AppleWebKit/537.36 (KHTML, like Gecko; compatible; GPTBot/1.4; +https://openai.com/gptbot)"
74.7.242.6 - - [03/Aug/2026:00:50:25 +0700] "GET /file.php?dir=CAAoptCAAcpanelCAAea-ruby27CAArootCAAusrCAAshareCAArubyCAAruby-2RAA7RAA8&edit=base64.rb HTTP/1.1" 200 4346 "http://www.eduworkabroad.star4hire.com/file.php?dir=CAAoptCAAcpanelCAAea-ruby27CAArootCAAusrCAAshareCAArubyCAAruby-2RAA7RAA8" "Mozilla/5.0 AppleWebKit/537.36 (KHTML, like Gecko; compatible; GPTBot/1.4; +https://openai.com/gptbot)"
74.7.227.149 - - [03/Aug/2026:00:50:37 +0700] "GET /file.php?dir=CAAusrCAAlibCAApython3RAA6CAAsite-packagesCAApycriuCAAimages&edit=fifo_pb2.py HTTP/1.1" 200 3816 "http://eduworkabroad.star4hire.com/file.php?dir=CAAusrCAAlibCAApython3RAA6CAAsite-packagesCAApycriuCAAimages" "Mozilla/5.0 AppleWebKit/537.36 (KHTML, like Gecko; compatible; GPTBot/1.4; +https://openai.com/gptbot)"
74.7.227.149 - - [03/Aug/2026:00:51:04 +0700] "GET /file.php?dir=CAAusrCAAlibCAApython3RAA6CAAsite-packagesCAApycriuCAAimages&edit=core_pb2.py HTTP/1.1" 200 7207 "http://eduworkabroad.star4hire.com/file.php?dir=CAAusrCAAlibCAApython3RAA6CAAsite-packagesCAApycriuCAAimages" "Mozilla/5.0 AppleWebKit/537.36 (KHTML, like Gecko; compatible; GPTBot/1.4; +https://openai.com/gptbot)"
74.7.242.6 - - [03/Aug/2026:00:51:17 +0700] "GET /file.php?dir=CAAoptCAAaltCAAphp54CAAusrCAAshareCAApearCAAezcCAABaseCAAexceptions&edit=property_not_found.php HTTP/1.1" 200 3437 "http://www.eduworkabroad.star4hire.com/file.php?dir=CAAoptCAAaltCAAphp54CAAusrCAAshareCAApearCAAezcCAABaseCAAexceptions" "Mozilla/5.0 AppleWebKit/537.36 (KHTML, like Gecko; compatible; GPTBot/1.4; +https://openai.com/gptbot)"
74.7.227.149 - - [03/Aug/2026:00:51:28 +0700] "GET /file.php?dir=CAAusrCAAlibCAApython3RAA6CAAsite-packagesCAApycriuCAAimages&edit=lve_pb2.py HTTP/1.1" 200 4334 "http://eduworkabroad.star4hire.com/file.php?dir=CAAusrCAAlibCAApython3RAA6CAAsite-packagesCAApycriuCAAimages" "Mozilla/5.0 AppleWebKit/537.36 (KHTML, like Gecko; compatible; GPTBot/1.4; +https://openai.com/gptbot)"
74.7.227.149 - - [03/Aug/2026:00:51:50 +0700] "GET /file.php?dir=CAAusrCAAlibCAAkbdCAAkeymapsCAAlegacyCAAi386CAAdvorak&edit=ANSI-dvorak.map.gz HTTP/1.1" 200 3250 "http://eduworkabroad.star4hire.com/file.php?dir=CAAusrCAAlibCAAkbdCAAkeymapsCAAlegacyCAAi386CAAdvorak" "Mozilla/5.0 AppleWebKit/537.36 (KHTML, like Gecko; compatible; GPTBot/1.4; +https://openai.com/gptbot)"
74.7.227.149 - - [03/Aug/2026:00:52:09 +0700] "GET /file.php?dir=CAAusrCAAlibCAAkbdCAAkeymapsCAAlegacyCAAi386CAAfgGIod&edit=trf-fgGIod.map.gz HTTP/1.1" 200 4144 "http://eduworkabroad.star4hire.com/file.php?dir=CAAusrCAAlibCAAkbdCAAkeymapsCAAlegacyCAAi386CAAfgGIod" "Mozilla/5.0 AppleWebKit/537.36 (KHTML, like Gecko; compatible; GPTBot/1.4; +https://openai.com/gptbot)"
74.7.227.149 - - [03/Aug/2026:00:52:27 +0700] "GET /file.php?dir=CAAusrCAAlibCAAkbdCAAkeymapsCAAlegacyCAAi386CAAdvorak&edit=no-dvorak.map.gz HTTP/1.1" 200 4154 "http://eduworkabroad.star4hire.com/file.php?dir=CAAusrCAAlibCAAkbdCAAkeymapsCAAlegacyCAAi386CAAdvorak" "Mozilla/5.0 AppleWebKit/537.36 (KHTML, like Gecko; compatible; GPTBot/1.4; +https://openai.com/gptbot)"
74.7.227.149 - - [03/Aug/2026:00:52:57 +0700] "GET /file.php?dir=CAAusrCAAlibCAApython3RAA6CAAsite-packagesCAApycriuCAAimages&edit=mnt_pb2.py HTTP/1.1" 200 5182 "http://eduworkabroad.star4hire.com/file.php?dir=CAAusrCAAlibCAApython3RAA6CAAsite-packagesCAApycriuCAAimages" "Mozilla/5.0 AppleWebKit/537.36 (KHTML, like Gecko; compatible; GPTBot/1.4; +https://openai.com/gptbot)"
74.7.242.6 - - [03/Aug/2026:00:52:59 +0700] "GET /file.php?dir=CAAoptCAAaltCAAphp53CAAusrCAAshareCAApearCAAezcCAABaseCAAexceptions&edit=extension_not_found.php HTTP/1.1" 429 267 "http://www.eduworkabroad.star4hire.com/file.php?dir=CAAoptCAAaltCAAphp53CAAusrCAAshareCAApearCAAezcCAABaseCAAexceptions" "Mozilla/5.0 AppleWebKit/537.36 (KHTML, like Gecko; compatible; GPTBot/1.4; +https://openai.com/gptbot)"
74.7.227.149 - - [03/Aug/2026:00:53:22 +0700] "GET /file.php?dir=CAAusrCAAlibCAAkbdCAAkeymapsCAAlegacyCAAi386CAAqwerty&edit=sk-qwerty.map.gz HTTP/1.1" 429 267 "http://eduworkabroad.star4hire.com/file.php?dir=CAAusrCAAlibCAAkbdCAAkeymapsCAAlegacyCAAi386CAAqwerty" "Mozilla/5.0 AppleWebKit/537.36 (KHTML, like Gecko; compatible; GPTBot/1.4; +https://openai.com/gptbot)"
74.7.242.6 - - [03/Aug/2026:00:53:44 +0700] "GET /file.php?dir=CAAoptCAAaltCAAphp55CAAusrCAAshareCAApearCAAezcCAABaseCAAexceptions&edit=property_not_found.php HTTP/1.1" 429 267 "http://www.eduworkabroad.star4hire.com/file.php?dir=CAAoptCAAaltCAAphp55CAAusrCAAshareCAApearCAAezcCAABaseCAAexceptions" "Mozilla/5.0 AppleWebKit/537.36 (KHTML, like Gecko; compatible; GPTBot/1.4; +https://openai.com/gptbot)"
74.7.175.169 - - [03/Aug/2026:00:54:49 +0700] "GET /robots.txt HTTP/1.1" 404 212 "-" "Mozilla/5.0 (Macintosh; Intel Mac OS X 10_15_7) AppleWebKit/537.36 (KHTML, like Gecko) Chrome/131.0.0.0 Safari/537.36; compatible; OAI-SearchBot/1.4; robots.txt; +https://openai.com/searchbot"
74.7.242.6 - - [03/Aug/2026:00:55:53 +0700] "GET /file.php?dir=CAAoptCAAaltCAAphp55CAAusrCAAshareCAApearCAAezcCAABaseCAAexceptions&edit=double_class_repository_prefix.php HTTP/1.1" 200 3541 "http://www.eduworkabroad.star4hire.com/file.php?dir=CAAoptCAAaltCAAphp55CAAusrCAAshareCAApearCAAezcCAABaseCAAexceptions" "Mozilla/5.0 AppleWebKit/537.36 (KHTML, like Gecko; compatible; GPTBot/1.4; +https://openai.com/gptbot)"
74.7.227.149 - - [03/Aug/2026:00:56:07 +0700] "GET /file.php?dir=CAAhomeCAAqtdcvxypCAARAAcagefsCAAtmpCAAimagesCAAuploadsCAA2019 HTTP/1.1" 200 4209 "http://eduworkabroad.star4hire.com/file.php?dir=CAAhomeCAAqtdcvxypCAARAAcagefsCAAtmpCAAimagesCAAuploads" "Mozilla/5.0 AppleWebKit/537.36 (KHTML, like Gecko; compatible; GPTBot/1.4; +https://openai.com/gptbot)"
74.7.242.6 - - [03/Aug/2026:00:56:51 +0700] "GET /file.php?dir=CAAoptCAAaltCAAphp54CAAusrCAAshareCAApearCAAezcCAABaseCAAexceptions&edit=invalid_parent_class.php HTTP/1.1" 200 3433 "http://www.eduworkabroad.star4hire.com/file.php?dir=CAAoptCAAaltCAAphp54CAAusrCAAshareCAApearCAAezcCAABaseCAAexceptions" "Mozilla/5.0 AppleWebKit/537.36 (KHTML, like Gecko; compatible; GPTBot/1.4; +https://openai.com/gptbot)"
74.7.242.6 - - [03/Aug/2026:00:57:40 +0700] "GET /file.php?dir=CAAoptCAAaltCAAphp55CAAusrCAAshareCAApearCAAezcCAABaseCAAexceptions&edit=extension_not_found.php HTTP/1.1" 200 3478 "http://www.eduworkabroad.star4hire.com/file.php?dir=CAAoptCAAaltCAAphp55CAAusrCAAshareCAApearCAAezcCAABaseCAAexceptions" "Mozilla/5.0 AppleWebKit/537.36 (KHTML, like Gecko; compatible; GPTBot/1.4; +https://openai.com/gptbot)"
74.7.242.6 - - [03/Aug/2026:00:58:28 +0700] "GET /file.php?dir=CAAoptCAAaltCAAphp53CAAusrCAAshareCAApearCAAezcCAABaseCAAexceptions&edit=property_not_found.php HTTP/1.1" 200 3438 "http://www.eduworkabroad.star4hire.com/file.php?dir=CAAoptCAAaltCAAphp53CAAusrCAAshareCAApearCAAezcCAABaseCAAexceptions" "Mozilla/5.0 AppleWebKit/537.36 (KHTML, like Gecko; compatible; GPTBot/1.4; +https://openai.com/gptbot)"
74.7.227.149 - - [03/Aug/2026:00:59:02 +0700] "GET /file.php?dir=CAAhomeCAAqtdcvxypCAARAAcagefsCAAtmpCAAimagesCAAuploadsCAA2017 HTTP/1.1" 200 4208 "http://eduworkabroad.star4hire.com/file.php?dir=CAAhomeCAAqtdcvxypCAARAAcagefsCAAtmpCAAimagesCAAuploads" "Mozilla/5.0 AppleWebKit/537.36 (KHTML, like Gecko; compatible; GPTBot/1.4; +https://openai.com/gptbot)"
74.7.242.6 - - [03/Aug/2026:00:59:45 +0700] "GET /file.php?dir=CAAoptCAAaltCAAphp53CAAusrCAAshareCAApearCAAezcCAABaseCAAexceptions&edit=invalid_parent_class.php HTTP/1.1" 200 3433 "http://www.eduworkabroad.star4hire.com/file.php?dir=CAAoptCAAaltCAAphp53CAAusrCAAshareCAApearCAAezcCAABaseCAAexceptions" "Mozilla/5.0 AppleWebKit/537.36 (KHTML, like Gecko; compatible; GPTBot/1.4; +https://openai.com/gptbot)"
74.7.227.149 - - [03/Aug/2026:00:59:47 +0700] "GET /file.php?dir=CAAhomeCAAqtdcvxypCAApublic_htmlCAAsmsCAAsystemCAAlanguageCAAnorwegian&edit=index.html HTTP/1.1" 200 3150 "http://eduworkabroad.star4hire.com/file.php?dir=CAAhomeCAAqtdcvxypCAApublic_htmlCAAsmsCAAsystemCAAlanguageCAAnorwegian" "Mozilla/5.0 AppleWebKit/537.36 (KHTML, like Gecko; compatible; GPTBot/1.4; +https://openai.com/gptbot)"
74.7.242.6 - - [03/Aug/2026:01:00:19 +0700] "GET /file.php?dir=CAAoptCAAaltCAAphp54CAAusrCAAshareCAApearCAAezcCAABaseCAAexceptions&edit=extension_not_found.php HTTP/1.1" 200 3478 "http://www.eduworkabroad.star4hire.com/file.php?dir=CAAoptCAAaltCAAphp54CAAusrCAAshareCAApearCAAezcCAABaseCAAexceptions" "Mozilla/5.0 AppleWebKit/537.36 (KHTML, like Gecko; compatible; GPTBot/1.4; +https://openai.com/gptbot)"
74.7.242.6 - - [03/Aug/2026:01:01:38 +0700] "GET /file.php?dir=CAAhomeCAAqtdcvxypCAAcareerusaRAAstar4hireRAAcomCAAwp-contentCAApluginsCAAastra-sitesCAAincCAAlibCAAgutenberg-templatesCAAinc HTTP/1.1" 200 4533 "http://www.eduworkabroad.star4hire.com/file.php?dir=CAAhomeCAAqtdcvxypCAAcareerusaRAAstar4hireRAAcomCAAwp-contentCAApluginsCAAastra-sitesCAAincCAAlibCAAgutenberg-templates" "Mozilla/5.0 AppleWebKit/537.36 (KHTML, like Gecko; compatible; GPTBot/1.4; +https://openai.com/gptbot)"
74.7.227.149 - - [03/Aug/2026:01:01:40 +0700] "GET /file.php?dir=CAAhomeCAAqtdcvxypCAApublic_htmlCAAsmsCAAsystemCAAlanguageCAAgujarati&edit=index.html HTTP/1.1" 200 3150 "http://eduworkabroad.star4hire.com/file.php?dir=CAAhomeCAAqtdcvxypCAApublic_htmlCAAsmsCAAsystemCAAlanguageCAAgujarati" "Mozilla/5.0 AppleWebKit/537.36 (KHTML, like Gecko; compatible; GPTBot/1.4; +https://openai.com/gptbot)"
74.7.242.6 - - [03/Aug/2026:01:02:54 +0700] "GET /file.php?dir=CAAhomeCAAqtdcvxypCAAcsrRAAstar4hireRAAcomCAAwp-contentCAApluginsCAAmailpoetCAAviewsCAAsubscribersCAAimportExportCAAimport HTTP/1.1" 200 4464 "http://www.eduworkabroad.star4hire.com/file.php?dir=CAAhomeCAAqtdcvxypCAAcsrRAAstar4hireRAAcomCAAwp-contentCAApluginsCAAmailpoetCAAviewsCAAsubscribersCAAimportExport" "Mozilla/5.0 AppleWebKit/537.36 (KHTML, like Gecko; compatible; GPTBot/1.4; +https://openai.com/gptbot)"
74.7.227.149 - - [03/Aug/2026:01:03:01 +0700] "GET /file.php?dir=CAAhomeCAAqtdcvxypCAApublic_htmlCAAsmsCAAsystemCAAlanguageCAAukrainian&edit=index.html HTTP/1.1" 200 3151 "http://eduworkabroad.star4hire.com/file.php?dir=CAAhomeCAAqtdcvxypCAApublic_htmlCAAsmsCAAsystemCAAlanguageCAAukrainian" "Mozilla/5.0 AppleWebKit/537.36 (KHTML, like Gecko; compatible; GPTBot/1.4; +https://openai.com/gptbot)"
74.7.227.149 - - [03/Aug/2026:01:03:24 +0700] "GET /file.php?dir=CAAhomeCAAqtdcvxypCAApublic_htmlCAAsmsCAAsystemCAAlanguageCAAkorean&edit=index.html HTTP/1.1" 429 267 "http://eduworkabroad.star4hire.com/file.php?dir=CAAhomeCAAqtdcvxypCAApublic_htmlCAAsmsCAAsystemCAAlanguageCAAkorean" "Mozilla/5.0 AppleWebKit/537.36 (KHTML, like Gecko; compatible; GPTBot/1.4; +https://openai.com/gptbot)"
74.7.242.6 - - [03/Aug/2026:01:03:43 +0700] "GET /file.php?dir=CAAhomeCAAqtdcvxypCAAdreamleapRAAstar4hireRAAcomCAAwp-contentCAApluginsCAAredux-frameworkCAAredux-coreCAAassetsCAAjsCAAredux HTTP/1.1" 429 267 "http://www.eduworkabroad.star4hire.com/file.php?dir=CAAhomeCAAqtdcvxypCAAdreamleapRAAstar4hireRAAcomCAAwp-contentCAApluginsCAAredux-frameworkCAAredux-coreCAAassetsCAAjs" "Mozilla/5.0 AppleWebKit/537.36 (KHTML, like Gecko; compatible; GPTBot/1.4; +https://openai.com/gptbot)"
74.7.227.149 - - [03/Aug/2026:01:05:46 +0700] "GET /file.php?dir=CAAhomeCAAqtdcvxypCAAdreamleapRAAstar4hireRAAcomCAAwp-contentCAApluginsCAAone-click-demo-importCAAvendorCAAnikicCAAphp-parserCAAlibCAAPhpParserCAAComment HTTP/1.1" 200 4401 "http://eduworkabroad.star4hire.com/file.php?dir=CAAhomeCAAqtdcvxypCAAdreamleapRAAstar4hireRAAcomCAAwp-contentCAApluginsCAAone-click-demo-importCAAvendorCAAnikicCAAphp-parserCAAlibCAAPhpParser" "Mozilla/5.0 AppleWebKit/537.36 (KHTML, like Gecko; compatible; GPTBot/1.4; +https://openai.com/gptbot)"
74.7.242.6 - - [03/Aug/2026:01:07:14 +0700] "GET /file.php?dir=CAAhomeCAAqtdcvxypCAAcareerusaRAAstar4hireRAAcomCAAwp-contentCAApluginsCAAastra-sitesCAAincCAAlibCAAgutenberg-templatesCAAincCAAcontent HTTP/1.1" 200 4369 "http://www.eduworkabroad.star4hire.com/file.php?dir=CAAhomeCAAqtdcvxypCAAcareerusaRAAstar4hireRAAcomCAAwp-contentCAApluginsCAAastra-sitesCAAincCAAlibCAAgutenberg-templatesCAAinc" "Mozilla/5.0 AppleWebKit/537.36 (KHTML, like Gecko; compatible; GPTBot/1.4; +https://openai.com/gptbot)"
74.7.227.149 - - [03/Aug/2026:01:07:33 +0700] "GET /file.php?dir=CAAhomeCAAqtdcvxypCAAdreamleapRAAstar4hireRAAcomCAAwp-contentCAApluginsCAAone-click-demo-importCAAvendorCAAnikicCAAphp-parserCAAlibCAAPhpParserCAAParser HTTP/1.1" 200 4623 "http://eduworkabroad.star4hire.com/file.php?dir=CAAhomeCAAqtdcvxypCAAdreamleapRAAstar4hireRAAcomCAAwp-contentCAApluginsCAAone-click-demo-importCAAvendorCAAnikicCAAphp-parserCAAlibCAAPhpParser" "Mozilla/5.0 AppleWebKit/537.36 (KHTML, like Gecko; compatible; GPTBot/1.4; +https://openai.com/gptbot)"
74.7.227.149 - - [03/Aug/2026:01:08:19 +0700] "GET /file.php?dir=CAAhomeCAAqtdcvxypCAAglobalenglishRAAstar4hireRAAcomCAAwp-contentCAApluginsCAAelementor-proCAAmodulesCAAassets-managerCAAasset-typesCAAimport-export HTTP/1.1" 200 4306 "http://eduworkabroad.star4hire.com/file.php?dir=CAAhomeCAAqtdcvxypCAAglobalenglishRAAstar4hireRAAcomCAAwp-contentCAApluginsCAAelementor-proCAAmodulesCAAassets-managerCAAasset-types" "Mozilla/5.0 AppleWebKit/537.36 (KHTML, like Gecko; compatible; GPTBot/1.4; +https://openai.com/gptbot)"
74.7.242.6 - - [03/Aug/2026:01:08:54 +0700] "GET /file.php?dir=CAAhomeCAAqtdcvxypCAAcareerusaRAAstar4hireRAAcomCAAwp-contentCAApluginsCAAastra-sitesCAAincCAAlibCAAgutenberg-templatesCAAincCAAtraits HTTP/1.1" 200 4542 "http://www.eduworkabroad.star4hire.com/file.php?dir=CAAhomeCAAqtdcvxypCAAcareerusaRAAstar4hireRAAcomCAAwp-contentCAApluginsCAAastra-sitesCAAincCAAlibCAAgutenberg-templatesCAAinc" "Mozilla/5.0 AppleWebKit/537.36 (KHTML, like Gecko; compatible; GPTBot/1.4; +https://openai.com/gptbot)"
74.7.227.149 - - [03/Aug/2026:01:08:59 +0700] "GET /file.php?dir=CAAhomeCAAqtdcvxypCAAdreamleapRAAstar4hireRAAcomCAAwp-contentCAApluginsCAAone-click-demo-importCAAvendorCAAnikicCAAphp-parserCAAlibCAAPhpParserCAALexer HTTP/1.1" 200 4520 "http://eduworkabroad.star4hire.com/file.php?dir=CAAhomeCAAqtdcvxypCAAdreamleapRAAstar4hireRAAcomCAAwp-contentCAApluginsCAAone-click-demo-importCAAvendorCAAnikicCAAphp-parserCAAlibCAAPhpParser" "Mozilla/5.0 AppleWebKit/537.36 (KHTML, like Gecko; compatible; GPTBot/1.4; +https://openai.com/gptbot)"
74.7.227.149 - - [03/Aug/2026:01:09:36 +0700] "GET /file.php?dir=CAAhomeCAAqtdcvxypCAAdreamleapRAAstar4hireRAAcomCAAwp-contentCAApluginsCAAone-click-demo-importCAAvendorCAAnikicCAAphp-parserCAAlibCAAPhpParserCAANode HTTP/1.1" 200 5834 "http://eduworkabroad.star4hire.com/file.php?dir=CAAhomeCAAqtdcvxypCAAdreamleapRAAstar4hireRAAcomCAAwp-contentCAApluginsCAAone-click-demo-importCAAvendorCAAnikicCAAphp-parserCAAlibCAAPhpParser" "Mozilla/5.0 AppleWebKit/537.36 (KHTML, like Gecko; compatible; GPTBot/1.4; +https://openai.com/gptbot)"
74.7.242.6 - - [03/Aug/2026:01:11:20 +0700] "GET /file.php?dir=CAAhomeCAAqtdcvxypCAAcareerusaRAAstar4hireRAAcomCAAwp-contentCAApluginsCAAastra-sitesCAAincCAAlibCAAgutenberg-templatesCAAincCAAclasses HTTP/1.1" 200 4474 "http://www.eduworkabroad.star4hire.com/file.php?dir=CAAhomeCAAqtdcvxypCAAcareerusaRAAstar4hireRAAcomCAAwp-contentCAApluginsCAAastra-sitesCAAincCAAlibCAAgutenberg-templatesCAAinc" "Mozilla/5.0 AppleWebKit/537.36 (KHTML, like Gecko; compatible; GPTBot/1.4; +https://openai.com/gptbot)"
74.7.227.149 - - [03/Aug/2026:01:11:29 +0700] "GET /file.php?dir=CAAhomeCAAqtdcvxypCAApublic_htmlCAAsmsCAA_CAAsmart_school_srcCAAbackendCAApluginsCAAckeditorCAApluginsCAAckeditor_wiris&edit=README.md HTTP/1.1" 200 4530 "http://eduworkabroad.star4hire.com/file.php?dir=CAAhomeCAAqtdcvxypCAApublic_htmlCAAsmsCAA_CAAsmart_school_srcCAAbackendCAApluginsCAAckeditorCAApluginsCAAckeditor_wiris" "Mozilla/5.0 AppleWebKit/537.36 (KHTML, like Gecko; compatible; GPTBot/1.4; +https://openai.com/gptbot)"
74.7.242.6 - - [03/Aug/2026:01:12:12 +0700] "GET /file.php?dir=CAAhomeCAAqtdcvxypCAAcareerusaRAAstar4hireRAAcomCAAwp-contentCAApluginsCAAastra-sitesCAAincCAAlibCAAgutenberg-templatesCAAincCAAapi HTTP/1.1" 200 5408 "http://www.eduworkabroad.star4hire.com/file.php?dir=CAAhomeCAAqtdcvxypCAAcareerusaRAAstar4hireRAAcomCAAwp-contentCAApluginsCAAastra-sitesCAAincCAAlibCAAgutenberg-templatesCAAinc" "Mozilla/5.0 AppleWebKit/537.36 (KHTML, like Gecko; compatible; GPTBot/1.4; +https://openai.com/gptbot)"
74.7.227.149 - - [03/Aug/2026:01:12:29 +0700] "GET /file.php?dir=CAAoptCAAaltCAAalt-nodejs9CAArootCAAusrCAAlibCAAnode_modulesCAAnpmCAAnode_modulesRAAbundledCAAupdate-notifierCAAnode_modulesCAAboxenCAAnode_modulesCAAterm-sizeCAAnode_modulesCAAexecaCAAnode_modulesCAAcross-spawnCAAlibCAAutil HTTP/1.1" 200 4794 "http://eduworkabroad.star4hire.com/file.php?dir=CAAoptCAAaltCAAalt-nodejs9CAArootCAAusrCAAlibCAAnode_modulesCAAnpmCAAnode_modulesRAAbundledCAAupdate-notifierCAAnode_modulesCAAboxenCAAnode_modulesCAAterm-sizeCAAnode_modulesCAAexecaCAAnode_modulesCAAcross-spawnCAAlib" "Mozilla/5.0 AppleWebKit/537.36 (KHTML, like Gecko; compatible; GPTBot/1.4; +https://openai.com/gptbot)"
74.7.242.6 - - [03/Aug/2026:01:12:54 +0700] "GET /file.php?dir=CAAhomeCAAqtdcvxypCAAcareerusaRAAstar4hireRAAcomCAAwp-contentCAApluginsCAAastra-sitesCAAincCAAlibCAAgutenberg-templatesCAAincCAAblock HTTP/1.1" 200 4493 "http://www.eduworkabroad.star4hire.com/file.php?dir=CAAhomeCAAqtdcvxypCAAcareerusaRAAstar4hireRAAcomCAAwp-contentCAApluginsCAAastra-sitesCAAincCAAlibCAAgutenberg-templatesCAAinc" "Mozilla/5.0 AppleWebKit/537.36 (KHTML, like Gecko; compatible; GPTBot/1.4; +https://openai.com/gptbot)"
74.7.227.149 - - [03/Aug/2026:01:13:00 +0700] "GET /file.php?dir=CAAhomeCAAqtdcvxypCAAglobalenglishRAAstar4hireRAAcomCAAwp-contentCAApluginsCAAelementor-proCAAmodulesCAAassets-managerCAAasset-typesCAAimport-exportCAAtraits HTTP/1.1" 200 4397 "http://eduworkabroad.star4hire.com/file.php?dir=CAAhomeCAAqtdcvxypCAAglobalenglishRAAstar4hireRAAcomCAAwp-contentCAApluginsCAAelementor-proCAAmodulesCAAassets-managerCAAasset-typesCAAimport-export" "Mozilla/5.0 AppleWebKit/537.36 (KHTML, like Gecko; compatible; GPTBot/1.4; +https://openai.com/gptbot)"
74.7.227.149 - - [03/Aug/2026:01:13:13 +0700] "GET /file.php?dir=CAAusrCAAlib64CAApython2RAA7CAADemoCAAtkinterCAAmatt&edit=canvas-w-widget-draw-el.pyo HTTP/1.1" 200 3763 "http://eduworkabroad.star4hire.com/file.php?dir=CAAusrCAAlib64CAApython2RAA7CAADemoCAAtkinterCAAmatt" "Mozilla/5.0 AppleWebKit/537.36 (KHTML, like Gecko; compatible; GPTBot/1.4; +https://openai.com/gptbot)"
74.7.227.149 - - [03/Aug/2026:01:13:25 +0700] "GET /file.php?dir=CAAhomeCAAqtdcvxypCAAdreamleapRAAstar4hireRAAcomCAAwp-contentCAApluginsCAAone-click-demo-importCAAvendorCAAnikicCAAphp-parserCAAlibCAAPhpParserCAANodeCAAName HTTP/1.1" 200 4509 "http://eduworkabroad.star4hire.com/file.php?dir=CAAhomeCAAqtdcvxypCAAdreamleapRAAstar4hireRAAcomCAAwp-contentCAApluginsCAAone-click-demo-importCAAvendorCAAnikicCAAphp-parserCAAlibCAAPhpParserCAANode" "Mozilla/5.0 AppleWebKit/537.36 (KHTML, like Gecko; compatible; GPTBot/1.4; +https://openai.com/gptbot)"
74.7.227.149 - - [03/Aug/2026:01:13:45 +0700] "GET /file.php?dir=CAAhomeCAAqtdcvxypCAAdreamleapRAAstar4hireRAAcomCAAwp-contentCAApluginsCAAone-click-demo-importCAAvendorCAAnikicCAAphp-parserCAAlibCAAPhpParserCAANodeCAAStmt HTTP/1.1" 200 7297 "http://eduworkabroad.star4hire.com/file.php?dir=CAAhomeCAAqtdcvxypCAAdreamleapRAAstar4hireRAAcomCAAwp-contentCAApluginsCAAone-click-demo-importCAAvendorCAAnikicCAAphp-parserCAAlibCAAPhpParserCAANode" "Mozilla/5.0 AppleWebKit/537.36 (KHTML, like Gecko; compatible; GPTBot/1.4; +https://openai.com/gptbot)"
74.7.227.149 - - [03/Aug/2026:01:13:54 +0700] "GET /file.php?dir=CAAhomeCAAqtdcvxypCAAdreamleapRAAstar4hireRAAcomCAAwp-contentCAApluginsCAAone-click-demo-importCAAvendorCAAnikicCAAphp-parserCAAlibCAAPhpParserCAANodeCAAExpr HTTP/1.1" 200 7495 "http://eduworkabroad.star4hire.com/file.php?dir=CAAhomeCAAqtdcvxypCAAdreamleapRAAstar4hireRAAcomCAAwp-contentCAApluginsCAAone-click-demo-importCAAvendorCAAnikicCAAphp-parserCAAlibCAAPhpParserCAANode" "Mozilla/5.0 AppleWebKit/537.36 (KHTML, like Gecko; compatible; GPTBot/1.4; +https://openai.com/gptbot)"
74.7.227.149 - - [03/Aug/2026:01:14:08 +0700] "GET /file.php?dir=CAAusrCAAlib64CAApython2RAA7CAADemoCAAtkinterCAAmatt&edit=canvas-w-widget-draw-el.py HTTP/1.1" 200 3591 "http://eduworkabroad.star4hire.com/file.php?dir=CAAusrCAAlib64CAApython2RAA7CAADemoCAAtkinterCAAmatt" "Mozilla/5.0 AppleWebKit/537.36 (KHTML, like Gecko; compatible; GPTBot/1.4; +https://openai.com/gptbot)"
74.7.227.149 - - [03/Aug/2026:01:14:25 +0700] "GET /file.php?dir=CAAoptCAAaltCAAalt-nodejs9CAArootCAAusrCAAlibCAAnode_modulesCAAnpmCAAnode_modulesRAAbundledCAAupdate-notifierCAAnode_modulesCAAboxenCAAnode_modulesCAAterm-sizeCAAnode_modulesCAAexecaCAAnode_modulesCAAcross-spawnCAAlibCAAutil&edit=resolveCommand.js HTTP/1.1" 429 267 "http://eduworkabroad.star4hire.com/file.php?dir=CAAoptCAAaltCAAalt-nodejs9CAArootCAAusrCAAlibCAAnode_modulesCAAnpmCAAnode_modulesRAAbundledCAAupdate-notifierCAAnode_modulesCAAboxenCAAnode_modulesCAAterm-sizeCAAnode_modulesCAAexecaCAAnode_modulesCAAcross-spawnCAAlibCAAutil" "Mozilla/5.0 AppleWebKit/537.36 (KHTML, like Gecko; compatible; GPTBot/1.4; +https://openai.com/gptbot)"
74.7.227.149 - - [03/Aug/2026:01:15:25 +0700] "GET /file.php?dir=CAAoptCAAaltCAAalt-nodejs9CAArootCAAusrCAAlibCAAnode_modulesCAAnpmCAAnode_modulesRAAbundledCAAupdate-notifierCAAnode_modulesCAAboxenCAAnode_modulesCAAterm-sizeCAAnode_modulesCAAexecaCAAnode_modulesCAAcross-spawnCAAlibCAAutil&edit=escapeCommand.js HTTP/1.1" 429 267 "http://eduworkabroad.star4hire.com/file.php?dir=CAAoptCAAaltCAAalt-nodejs9CAArootCAAusrCAAlibCAAnode_modulesCAAnpmCAAnode_modulesRAAbundledCAAupdate-notifierCAAnode_modulesCAAboxenCAAnode_modulesCAAterm-sizeCAAnode_modulesCAAexecaCAAnode_modulesCAAcross-spawnCAAlibCAAutil" "Mozilla/5.0 AppleWebKit/537.36 (KHTML, like Gecko; compatible; GPTBot/1.4; +https://openai.com/gptbot)"
74.7.242.6 - - [03/Aug/2026:01:15:57 +0700] "GET /file.php?action=download&dir=CAAhomeCAAqtdcvxypCAAcareerusaRAAstar4hireRAAcomCAAwp-contentCAApluginsCAAastra-sitesCAAincCAAlibCAAgutenberg-templatesCAAincCAAapi&file=initialize-setup.php HTTP/1.1" 200 874 "http://www.eduworkabroad.star4hire.com/file.php?dir=CAAhomeCAAqtdcvxypCAAcareerusaRAAstar4hireRAAcomCAAwp-contentCAApluginsCAAastra-sitesCAAincCAAlibCAAgutenberg-templatesCAAincCAAapi" "Mozilla/5.0 AppleWebKit/537.36 (KHTML, like Gecko; compatible; GPTBot/1.4; +https://openai.com/gptbot)"
74.7.227.149 - - [03/Aug/2026:01:16:29 +0700] "GET /file.php?dir=CAAoptCAAaltCAAalt-nodejs9CAArootCAAusrCAAlibCAAnode_modulesCAAnpmCAAnode_modulesRAAbundledCAAupdate-notifierCAAnode_modulesCAAboxenCAAnode_modulesCAAterm-sizeCAAnode_modulesCAAexecaCAAnode_modulesCAAcross-spawnCAAlibCAAutil&edit=escapeArgument.js HTTP/1.1" 200 3624 "http://eduworkabroad.star4hire.com/file.php?dir=CAAoptCAAaltCAAalt-nodejs9CAArootCAAusrCAAlibCAAnode_modulesCAAnpmCAAnode_modulesRAAbundledCAAupdate-notifierCAAnode_modulesCAAboxenCAAnode_modulesCAAterm-sizeCAAnode_modulesCAAexecaCAAnode_modulesCAAcross-spawnCAAlibCAAutil" "Mozilla/5.0 AppleWebKit/537.36 (KHTML, like Gecko; compatible; GPTBot/1.4; +https://openai.com/gptbot)"
74.7.242.6 - - [03/Aug/2026:01:16:58 +0700] "GET /file.php?dir=CAAhomeCAAqtdcvxypCAAcareerusaRAAstar4hireRAAcomCAAwp-contentCAApluginsCAAastra-sitesCAAincCAAlibCAAgutenberg-templatesCAAincCAAapi&edit=sites.php HTTP/1.1" 200 4062 "http://www.eduworkabroad.star4hire.com/file.php?dir=CAAhomeCAAqtdcvxypCAAcareerusaRAAstar4hireRAAcomCAAwp-contentCAApluginsCAAastra-sitesCAAincCAAlibCAAgutenberg-templatesCAAincCAAapi" "Mozilla/5.0 AppleWebKit/537.36 (KHTML, like Gecko; compatible; GPTBot/1.4; +https://openai.com/gptbot)"
74.7.242.6 - - [03/Aug/2026:01:17:54 +0700] "GET /file.php?dir=CAAhomeCAAqtdcvxypCAAcsrRAAstar4hireRAAcomCAAwp-contentCAApluginsCAAmailpoetCAAviewsCAAsubscribersCAAimportExportCAAimport&edit=step_data_manipulation.html HTTP/1.1" 200 3611 "http://www.eduworkabroad.star4hire.com/file.php?dir=CAAhomeCAAqtdcvxypCAAcsrRAAstar4hireRAAcomCAAwp-contentCAApluginsCAAmailpoetCAAviewsCAAsubscribersCAAimportExportCAAimport" "Mozilla/5.0 AppleWebKit/537.36 (KHTML, like Gecko; compatible; GPTBot/1.4; +https://openai.com/gptbot)"
74.7.227.149 - - [03/Aug/2026:01:18:27 +0700] "GET /file.php?dir=CAAhomeCAAqtdcvxypCAAdreamleapRAAstar4hireRAAcomCAAwp-contentCAApluginsCAAone-click-demo-importCAAvendorCAAnikicCAAphp-parserCAAlibCAAPhpParserCAANodeCAAStmt&edit=HaltCompiler.php HTTP/1.1" 200 3492 "http://eduworkabroad.star4hire.com/file.php?dir=CAAhomeCAAqtdcvxypCAAdreamleapRAAstar4hireRAAcomCAAwp-contentCAApluginsCAAone-click-demo-importCAAvendorCAAnikicCAAphp-parserCAAlibCAAPhpParserCAANodeCAAStmt" "Mozilla/5.0 AppleWebKit/537.36 (KHTML, like Gecko; compatible; GPTBot/1.4; +https://openai.com/gptbot)"
74.7.227.149 - - [03/Aug/2026:01:19:19 +0700] "GET /file.php?dir=CAAusrCAAlib64CAApython2RAA7CAADemoCAAtkinterCAAmatt&edit=canvas-w-widget-draw-el.pyc HTTP/1.1" 200 3760 "http://eduworkabroad.star4hire.com/file.php?dir=CAAusrCAAlib64CAApython2RAA7CAADemoCAAtkinterCAAmatt" "Mozilla/5.0 AppleWebKit/537.36 (KHTML, like Gecko; compatible; GPTBot/1.4; +https://openai.com/gptbot)"
74.7.227.149 - - [03/Aug/2026:01:20:44 +0700] "GET /file.php?dir=CAAusrCAAincludeCAAc%2B%2BCAA8CAAprofile&edit=forward_list HTTP/1.1" 200 4612 "http://eduworkabroad.star4hire.com/file.php?dir=CAAusrCAAincludeCAAc%2B%2BCAA8CAAprofile" "Mozilla/5.0 AppleWebKit/537.36 (KHTML, like Gecko; compatible; GPTBot/1.4; +https://openai.com/gptbot)"
