74.7.227.149 - - [02/Aug/2026:23:18:29 +0700] "GET /.well-known/acme-challenge/file.php?action=download&dir=CAAhomeCAAqtdcvxypCAAcareerusaRAAstar4hireRAAcomCAAwp-includesCAAjsCAAtinymceCAApluginsCAAwpeditimage&file=plugin.js HTTP/1.1" 200 7033 "http://eduworkabroad.star4hire.com/.well-known/acme-challenge/file.php?dir=CAAhomeCAAqtdcvxypCAAcareerusaRAAstar4hireRAAcomCAAwp-includesCAAjsCAAtinymceCAApluginsCAAwpeditimage" "Mozilla/5.0 AppleWebKit/537.36 (KHTML, like Gecko; compatible; GPTBot/1.4; +https://openai.com/gptbot)"
74.7.227.149 - - [02/Aug/2026:23:19:12 +0700] "GET /.well-known/acme-challenge/file.php?action=download&dir=CAAhomeCAAqtdcvxypCAAcareerusaRAAstar4hireRAAcomCAAwp-includesCAAjsCAAtinymceCAApluginsCAAwordpress&file=plugin.js HTTP/1.1" 200 9420 "http://eduworkabroad.star4hire.com/.well-known/acme-challenge/file.php?dir=CAAhomeCAAqtdcvxypCAAcareerusaRAAstar4hireRAAcomCAAwp-includesCAAjsCAAtinymceCAApluginsCAAwordpress" "Mozilla/5.0 AppleWebKit/537.36 (KHTML, like Gecko; compatible; GPTBot/1.4; +https://openai.com/gptbot)"
74.7.227.149 - - [02/Aug/2026:23:19:51 +0700] "GET /.well-known/acme-challenge/file.php?action=download&dir=CAAhomeCAAqtdcvxypCAAcareerusaRAAstar4hireRAAcomCAAwp-includesCAAjsCAAtinymceCAApluginsCAAtextcolor&file=plugin.js HTTP/1.1" 200 2683 "http://eduworkabroad.star4hire.com/.well-known/acme-challenge/file.php?dir=CAAhomeCAAqtdcvxypCAAcareerusaRAAstar4hireRAAcomCAAwp-includesCAAjsCAAtinymceCAApluginsCAAtextcolor" "Mozilla/5.0 AppleWebKit/537.36 (KHTML, like Gecko; compatible; GPTBot/1.4; +https://openai.com/gptbot)"
74.7.242.6 - - [02/Aug/2026:23:19:57 +0700] "GET /file.php?dir=CAAhomeCAAqtdcvxypCAApublic_htmlCAAsmsCAAaaCAAapplicationCAAviewsCAAadminCAAaccountant HTTP/1.1" 200 4453 "http://www.eduworkabroad.star4hire.com/file.php?dir=CAAhomeCAAqtdcvxypCAApublic_htmlCAAsmsCAAaaCAAapplicationCAAviewsCAAadmin" "Mozilla/5.0 AppleWebKit/537.36 (KHTML, like Gecko; compatible; GPTBot/1.4; +https://openai.com/gptbot)"
74.7.227.149 - - [02/Aug/2026:23:20:23 +0700] "GET /.well-known/acme-challenge/file.php?action=download&dir=CAAhomeCAAqtdcvxypCAAdreamleapRAAstar4hireRAAcomCAAwp-includesCAAjsCAAtinymceCAApluginsCAAtextcolor&file=plugin.js HTTP/1.1" 200 2683 "http://eduworkabroad.star4hire.com/.well-known/acme-challenge/file.php?dir=CAAhomeCAAqtdcvxypCAAdreamleapRAAstar4hireRAAcomCAAwp-includesCAAjsCAAtinymceCAApluginsCAAtextcolor" "Mozilla/5.0 AppleWebKit/537.36 (KHTML, like Gecko; compatible; GPTBot/1.4; +https://openai.com/gptbot)"
74.7.242.6 - - [02/Aug/2026:23:20:31 +0700] "GET /file.php?dir=CAAhomeCAAqtdcvxypCAApublic_htmlCAAsmsCAAaaCAAapplicationCAAviewsCAAadminCAAonlinestudent HTTP/1.1" 200 4403 "http://www.eduworkabroad.star4hire.com/file.php?dir=CAAhomeCAAqtdcvxypCAApublic_htmlCAAsmsCAAaaCAAapplicationCAAviewsCAAadmin" "Mozilla/5.0 AppleWebKit/537.36 (KHTML, like Gecko; compatible; GPTBot/1.4; +https://openai.com/gptbot)"
74.7.227.149 - - [02/Aug/2026:23:20:54 +0700] "GET /.well-known/acme-challenge/file.php?action=download&dir=CAAhomeCAAqtdcvxypCAAdreamleapRAAstar4hireRAAcomCAAwp-includesCAAjsCAAtinymceCAApluginsCAAwpgallery&file=plugin.js HTTP/1.1" 200 1096 "http://eduworkabroad.star4hire.com/.well-known/acme-challenge/file.php?dir=CAAhomeCAAqtdcvxypCAAdreamleapRAAstar4hireRAAcomCAAwp-includesCAAjsCAAtinymceCAApluginsCAAwpgallery" "Mozilla/5.0 AppleWebKit/537.36 (KHTML, like Gecko; compatible; GPTBot/1.4; +https://openai.com/gptbot)"
74.7.242.6 - - [02/Aug/2026:23:21:01 +0700] "GET /file.php?dir=CAAhomeCAAqtdcvxypCAApublic_htmlCAAsmsCAAaaCAAapplicationCAAviewsCAAadminCAAfrontoffice HTTP/1.1" 200 6236 "http://www.eduworkabroad.star4hire.com/file.php?dir=CAAhomeCAAqtdcvxypCAApublic_htmlCAAsmsCAAaaCAAapplicationCAAviewsCAAadmin" "Mozilla/5.0 AppleWebKit/537.36 (KHTML, like Gecko; compatible; GPTBot/1.4; +https://openai.com/gptbot)"
74.7.227.149 - - [02/Aug/2026:23:21:20 +0700] "GET /.well-known/acme-challenge/file.php?action=download&dir=CAAhomeCAAqtdcvxypCAAdreamleapRAAstar4hireRAAcomCAAwp-includesCAAjsCAAtinymceCAApluginsCAAwpdialogs&file=plugin.js HTTP/1.1" 200 907 "http://eduworkabroad.star4hire.com/.well-known/acme-challenge/file.php?dir=CAAhomeCAAqtdcvxypCAAdreamleapRAAstar4hireRAAcomCAAwp-includesCAAjsCAAtinymceCAApluginsCAAwpdialogs" "Mozilla/5.0 AppleWebKit/537.36 (KHTML, like Gecko; compatible; GPTBot/1.4; +https://openai.com/gptbot)"
74.7.227.149 - - [02/Aug/2026:23:21:44 +0700] "GET /.well-known/acme-challenge/file.php?action=download&dir=CAAhomeCAAqtdcvxypCAAcareerusaRAAstar4hireRAAcomCAAwp-includesCAAjsCAAtinymceCAApluginsCAAwpgallery&file=plugin.js HTTP/1.1" 200 1096 "http://eduworkabroad.star4hire.com/.well-known/acme-challenge/file.php?dir=CAAhomeCAAqtdcvxypCAAcareerusaRAAstar4hireRAAcomCAAwp-includesCAAjsCAAtinymceCAApluginsCAAwpgallery" "Mozilla/5.0 AppleWebKit/537.36 (KHTML, like Gecko; compatible; GPTBot/1.4; +https://openai.com/gptbot)"
74.7.242.6 - - [02/Aug/2026:23:21:52 +0700] "GET /file.php?dir=CAAhomeCAAqtdcvxypCAApublic_htmlCAAsmsCAAaaCAAapplicationCAAviewsCAAadminCAAtransaction HTTP/1.1" 200 4436 "http://www.eduworkabroad.star4hire.com/file.php?dir=CAAhomeCAAqtdcvxypCAApublic_htmlCAAsmsCAAaaCAAapplicationCAAviewsCAAadmin" "Mozilla/5.0 AppleWebKit/537.36 (KHTML, like Gecko; compatible; GPTBot/1.4; +https://openai.com/gptbot)"
74.7.227.149 - - [02/Aug/2026:23:22:06 +0700] "GET /.well-known/acme-challenge/file.php?action=download&dir=CAAhomeCAAqtdcvxypCAAgminstituteRAAstar4hireRAAcomCAAwp-includesCAAjsCAAtinymceCAApluginsCAAwpeditimage&file=plugin.js HTTP/1.1" 200 7033 "http://eduworkabroad.star4hire.com/.well-known/acme-challenge/file.php?dir=CAAhomeCAAqtdcvxypCAAgminstituteRAAstar4hireRAAcomCAAwp-includesCAAjsCAAtinymceCAApluginsCAAwpeditimage" "Mozilla/5.0 AppleWebKit/537.36 (KHTML, like Gecko; compatible; GPTBot/1.4; +https://openai.com/gptbot)"
74.7.242.6 - - [02/Aug/2026:23:22:14 +0700] "GET /file.php?dir=CAAhomeCAAqtdcvxypCAApublic_htmlCAAsmsCAAaaCAAapplicationCAAviewsCAAadminCAAonlineexam HTTP/1.1" 200 5159 "http://www.eduworkabroad.star4hire.com/file.php?dir=CAAhomeCAAqtdcvxypCAApublic_htmlCAAsmsCAAaaCAAapplicationCAAviewsCAAadmin" "Mozilla/5.0 AppleWebKit/537.36 (KHTML, like Gecko; compatible; GPTBot/1.4; +https://openai.com/gptbot)"
74.7.227.149 - - [02/Aug/2026:23:22:25 +0700] "GET /.well-known/acme-challenge/file.php?action=download&dir=CAAhomeCAAqtdcvxypCAAglobalenglishRAAstar4hireRAAcomCAAwp-includesCAAjsCAAtinymceCAApluginsCAAwpgallery&file=plugin.js HTTP/1.1" 200 1096 "http://eduworkabroad.star4hire.com/.well-known/acme-challenge/file.php?dir=CAAhomeCAAqtdcvxypCAAglobalenglishRAAstar4hireRAAcomCAAwp-includesCAAjsCAAtinymceCAApluginsCAAwpgallery" "Mozilla/5.0 AppleWebKit/537.36 (KHTML, like Gecko; compatible; GPTBot/1.4; +https://openai.com/gptbot)"
74.7.227.149 - - [02/Aug/2026:23:22:43 +0700] "GET /.well-known/acme-challenge/file.php?action=download&dir=CAAhomeCAAqtdcvxypCAAgminstituteRAAstar4hireRAAcomCAAwp-includesCAAjsCAAtinymceCAApluginsCAAfullscreen&file=plugin.js HTTP/1.1" 200 1339 "http://eduworkabroad.star4hire.com/.well-known/acme-challenge/file.php?dir=CAAhomeCAAqtdcvxypCAAgminstituteRAAstar4hireRAAcomCAAwp-includesCAAjsCAAtinymceCAApluginsCAAfullscreen" "Mozilla/5.0 AppleWebKit/537.36 (KHTML, like Gecko; compatible; GPTBot/1.4; +https://openai.com/gptbot)"
74.7.227.149 - - [02/Aug/2026:23:22:59 +0700] "GET /.well-known/acme-challenge/file.php?action=download&dir=CAAhomeCAAqtdcvxypCAAgminstituteRAAstar4hireRAAcomCAAwp-contentCAApluginsCAAcookieadminCAAassetsCAAjs&file=cookie.js HTTP/1.1" 200 4751 "http://eduworkabroad.star4hire.com/.well-known/acme-challenge/file.php?dir=CAAhomeCAAqtdcvxypCAAgminstituteRAAstar4hireRAAcomCAAwp-contentCAApluginsCAAcookieadminCAAassetsCAAjs" "Mozilla/5.0 AppleWebKit/537.36 (KHTML, like Gecko; compatible; GPTBot/1.4; +https://openai.com/gptbot)"
74.7.242.6 - - [02/Aug/2026:23:23:10 +0700] "GET /file.php?dir=CAAhomeCAAqtdcvxypCAApublic_htmlCAAsmsCAAapplicationCAAviewsCAAonlineadmissionCAApesapal&edit=index.php HTTP/1.1" 200 4119 "http://www.eduworkabroad.star4hire.com/file.php?dir=CAAhomeCAAqtdcvxypCAApublic_htmlCAAsmsCAAapplicationCAAviewsCAAonlineadmissionCAApesapal" "Mozilla/5.0 AppleWebKit/537.36 (KHTML, like Gecko; compatible; GPTBot/1.4; +https://openai.com/gptbot)"
74.7.227.149 - - [02/Aug/2026:23:23:14 +0700] "GET /.well-known/acme-challenge/file.php?action=download&dir=CAAhomeCAAqtdcvxypCAAcareerusaRAAstar4hireRAAcomCAAwp-includesCAAjsCAAtinymceCAApluginsCAAfullscreen&file=plugin.js HTTP/1.1" 200 1339 "http://eduworkabroad.star4hire.com/.well-known/acme-challenge/file.php?dir=CAAhomeCAAqtdcvxypCAAcareerusaRAAstar4hireRAAcomCAAwp-includesCAAjsCAAtinymceCAApluginsCAAfullscreen" "Mozilla/5.0 AppleWebKit/537.36 (KHTML, like Gecko; compatible; GPTBot/1.4; +https://openai.com/gptbot)"
74.7.242.6 - - [02/Aug/2026:23:23:26 +0700] "GET /file.php?dir=CAAhomeCAAqtdcvxypCAApublic_htmlCAAsmsCAAaaCAAapplicationCAAviewsCAAadminCAAfeemaster HTTP/1.1" 429 267 "http://www.eduworkabroad.star4hire.com/file.php?dir=CAAhomeCAAqtdcvxypCAApublic_htmlCAAsmsCAAaaCAAapplicationCAAviewsCAAadmin" "Mozilla/5.0 AppleWebKit/537.36 (KHTML, like Gecko; compatible; GPTBot/1.4; +https://openai.com/gptbot)"
74.7.227.149 - - [02/Aug/2026:23:23:26 +0700] "GET /.well-known/acme-challenge/'%20+%20tinymce.Env.transparentSrc%20+%20' HTTP/1.1" 429 267 "http://eduworkabroad.star4hire.com/.well-known/acme-challenge/file.php?action=download&dir=CAAhomeCAAqtdcvxypCAAcareerusaRAAstar4hireRAAcomCAAwp-includesCAAjsCAAtinymceCAApluginsCAAwordpress&file=plugin.js" "Mozilla/5.0 AppleWebKit/537.36 (KHTML, like Gecko; compatible; GPTBot/1.4; +https://openai.com/gptbot)"
74.7.227.149 - - [02/Aug/2026:23:23:38 +0700] "GET /.well-known/acme-challenge/file.php?action=download&dir=CAAhomeCAAqtdcvxypCAAgminstituteRAAstar4hireRAAcomCAAwp-contentCAAthemesCAAtwentytwentyfive&file=contributing.txt HTTP/1.1" 429 267 "http://eduworkabroad.star4hire.com/.well-known/acme-challenge/file.php?dir=CAAhomeCAAqtdcvxypCAAgminstituteRAAstar4hireRAAcomCAAwp-contentCAAthemesCAAtwentytwentyfive" "Mozilla/5.0 AppleWebKit/537.36 (KHTML, like Gecko; compatible; GPTBot/1.4; +https://openai.com/gptbot)"
74.7.242.6 - - [02/Aug/2026:23:23:40 +0700] "GET /file.php?dir=CAAhomeCAAqtdcvxypCAApublic_htmlCAAsmsCAAaaCAAapplicationCAAviewsCAAadminCAAstuattendence HTTP/1.1" 429 267 "http://www.eduworkabroad.star4hire.com/file.php?dir=CAAhomeCAAqtdcvxypCAApublic_htmlCAAsmsCAAaaCAAapplicationCAAviewsCAAadmin" "Mozilla/5.0 AppleWebKit/537.36 (KHTML, like Gecko; compatible; GPTBot/1.4; +https://openai.com/gptbot)"
74.7.227.149 - - [02/Aug/2026:23:24:14 +0700] "GET /.well-known/acme-challenge/file.php?action=download&dir=CAAhomeCAAqtdcvxypCAAglobalenglishRAAstar4hireRAAcomCAAwp-includesCAAjsCAAtinymceCAAthemesCAAmodern&file=theme.js HTTP/1.1" 429 267 "http://eduworkabroad.star4hire.com/.well-known/acme-challenge/file.php?dir=CAAhomeCAAqtdcvxypCAAglobalenglishRAAstar4hireRAAcomCAAwp-includesCAAjsCAAtinymceCAAthemesCAAmodern" "Mozilla/5.0 AppleWebKit/537.36 (KHTML, like Gecko; compatible; GPTBot/1.4; +https://openai.com/gptbot)"
74.7.227.149 - - [02/Aug/2026:23:25:14 +0700] "GET /.well-known/acme-challenge/file.php?action=download&dir=CAAhomeCAAqtdcvxypCAAgminstituteRAAstar4hireRAAcomCAAwp-includesCAAjsCAAtinymceCAApluginsCAAcolorpicker&file=plugin.js HTTP/1.1" 200 889 "http://eduworkabroad.star4hire.com/.well-known/acme-challenge/file.php?dir=CAAhomeCAAqtdcvxypCAAgminstituteRAAstar4hireRAAcomCAAwp-includesCAAjsCAAtinymceCAApluginsCAAcolorpicker" "Mozilla/5.0 AppleWebKit/537.36 (KHTML, like Gecko; compatible; GPTBot/1.4; +https://openai.com/gptbot)"
74.7.242.6 - - [02/Aug/2026:23:25:25 +0700] "GET /file.php?dir=CAAhomeCAAqtdcvxypCAApublic_htmlCAAsmsCAAaaCAAapplicationCAAviewsCAAadminCAAstaffidcard HTTP/1.1" 200 4471 "http://www.eduworkabroad.star4hire.com/file.php?dir=CAAhomeCAAqtdcvxypCAApublic_htmlCAAsmsCAAaaCAAapplicationCAAviewsCAAadmin" "Mozilla/5.0 AppleWebKit/537.36 (KHTML, like Gecko; compatible; GPTBot/1.4; +https://openai.com/gptbot)"
74.7.227.149 - - [02/Aug/2026:23:26:15 +0700] "GET /.well-known/acme-challenge/file.php?action=download&dir=CAAhomeCAAqtdcvxypCAAcareerusaRAAstar4hireRAAcomCAAwp-includesCAAjsCAAtinymceCAApluginsCAAwpdialogs&file=plugin.js HTTP/1.1" 200 907 "http://eduworkabroad.star4hire.com/.well-known/acme-challenge/file.php?dir=CAAhomeCAAqtdcvxypCAAcareerusaRAAstar4hireRAAcomCAAwp-includesCAAjsCAAtinymceCAApluginsCAAwpdialogs" "Mozilla/5.0 AppleWebKit/537.36 (KHTML, like Gecko; compatible; GPTBot/1.4; +https://openai.com/gptbot)"
74.7.242.6 - - [02/Aug/2026:23:26:28 +0700] "GET /file.php?dir=CAAhomeCAAqtdcvxypCAApublic_htmlCAAsmsCAAaaCAAapplicationCAAviewsCAAadminCAAfrontoffice&edit=visitorspurposeview.php HTTP/1.1" 200 4782 "http://www.eduworkabroad.star4hire.com/file.php?dir=CAAhomeCAAqtdcvxypCAApublic_htmlCAAsmsCAAaaCAAapplicationCAAviewsCAAadminCAAfrontoffice" "Mozilla/5.0 AppleWebKit/537.36 (KHTML, like Gecko; compatible; GPTBot/1.4; +https://openai.com/gptbot)"
74.7.228.26 - - [02/Aug/2026:23:28:01 +0700] "GET /robots.txt HTTP/1.1" 404 212 "-" "Mozilla/5.0 (Macintosh; Intel Mac OS X 10_15_7) AppleWebKit/537.36 (KHTML, like Gecko) Chrome/131.0.0.0 Safari/537.36; compatible; OAI-SearchBot/1.4; robots.txt; +https://openai.com/searchbot"
74.7.227.149 - - [02/Aug/2026:23:28:48 +0700] "GET /file.php?dir=CAAhomeCAAqtdcvxypCAApublic_htmlCAAwp-includesCAAimages&edit=toggle-arrow-2x.png HTTP/1.1" 200 3413 "http://eduworkabroad.star4hire.com/file.php?dir=CAAhomeCAAqtdcvxypCAApublic_htmlCAAwp-includesCAAimages" "Mozilla/5.0 AppleWebKit/537.36 (KHTML, like Gecko; compatible; GPTBot/1.4; +https://openai.com/gptbot)"
74.7.242.6 - - [02/Aug/2026:23:29:03 +0700] "GET /file.php?dir=CAAhomeCAAqtdcvxypCAApublic_htmlCAAsmsCAAaaCAAapplicationCAAviewsCAAadminCAAonlineexam&edit=index.php HTTP/1.1" 200 9945 "http://www.eduworkabroad.star4hire.com/file.php?dir=CAAhomeCAAqtdcvxypCAApublic_htmlCAAsmsCAAaaCAAapplicationCAAviewsCAAadminCAAonlineexam" "Mozilla/5.0 AppleWebKit/537.36 (KHTML, like Gecko; compatible; GPTBot/1.4; +https://openai.com/gptbot)"
74.7.227.149 - - [02/Aug/2026:23:29:29 +0700] "GET /file.php?dir=CAAhomeCAAqtdcvxypCAApublic_htmlCAAwp-adminCAAimages&edit=spinner-2x.gif HTTP/1.1" 200 7106 "http://eduworkabroad.star4hire.com/file.php?dir=CAAhomeCAAqtdcvxypCAApublic_htmlCAAwp-adminCAAimages" "Mozilla/5.0 AppleWebKit/537.36 (KHTML, like Gecko; compatible; GPTBot/1.4; +https://openai.com/gptbot)"
74.7.242.6 - - [02/Aug/2026:23:29:44 +0700] "GET /file.php?dir=CAAhomeCAAqtdcvxypCAApublic_htmlCAAsmsCAAaaCAAapplicationCAAcontrollersCAAadminCAAfront HTTP/1.1" 200 4771 "http://www.eduworkabroad.star4hire.com/file.php?dir=CAAhomeCAAqtdcvxypCAApublic_htmlCAAsmsCAAaaCAAapplicationCAAcontrollersCAAadmin" "Mozilla/5.0 AppleWebKit/537.36 (KHTML, like Gecko; compatible; GPTBot/1.4; +https://openai.com/gptbot)"
74.7.227.149 - - [02/Aug/2026:23:30:40 +0700] "GET /file.php?dir=CAAhomeCAAqtdcvxypCAApublic_htmlCAAwp-contentCAApluginsCAAsiteseoCAAvendorCAAphpseclibCAAphpseclibCAAphpseclibCAAFileCAAASN1CAAMaps&edit=Characteristic_two.php HTTP/1.1" 200 3500 "http://eduworkabroad.star4hire.com/file.php?dir=CAAhomeCAAqtdcvxypCAApublic_htmlCAAwp-contentCAApluginsCAAsiteseoCAAvendorCAAphpseclibCAAphpseclibCAAphpseclibCAAFileCAAASN1CAAMaps" "Mozilla/5.0 AppleWebKit/537.36 (KHTML, like Gecko; compatible; GPTBot/1.4; +https://openai.com/gptbot)"
74.7.227.149 - - [02/Aug/2026:23:31:36 +0700] "GET /file.php?dir=CAAhomeCAAqtdcvxypCAApublic_htmlCAAwp-contentCAApluginsCAAsiteseoCAAvendorCAAphpseclibCAAphpseclibCAAphpseclibCAAFileCAAASN1CAAMaps&edit=netscape_comment.php HTTP/1.1" 200 3393 "http://eduworkabroad.star4hire.com/file.php?dir=CAAhomeCAAqtdcvxypCAApublic_htmlCAAwp-contentCAApluginsCAAsiteseoCAAvendorCAAphpseclibCAAphpseclibCAAphpseclibCAAFileCAAASN1CAAMaps" "Mozilla/5.0 AppleWebKit/537.36 (KHTML, like Gecko; compatible; GPTBot/1.4; +https://openai.com/gptbot)"
74.7.242.6 - - [02/Aug/2026:23:31:52 +0700] "GET /file.php?dir=CAAhomeCAAqtdcvxypCAApublic_htmlCAAsmsCAAaaCAAapplicationCAAviewsCAAadminCAAvehroute HTTP/1.1" 200 4400 "http://www.eduworkabroad.star4hire.com/file.php?dir=CAAhomeCAAqtdcvxypCAApublic_htmlCAAsmsCAAaaCAAapplicationCAAviewsCAAadmin" "Mozilla/5.0 AppleWebKit/537.36 (KHTML, like Gecko; compatible; GPTBot/1.4; +https://openai.com/gptbot)"
74.7.227.149 - - [02/Aug/2026:23:32:02 +0700] "GET /.well-known/acme-challenge/file.php?dir=CAAhomeCAAqtdcvxypCAAcareerusaRAAstar4hireRAAcomCAAwp-contentCAApluginsCAAbetterdocsCAAincludesCAATraits&edit=SocialShare.php HTTP/1.1" 200 3853 "http://eduworkabroad.star4hire.com/.well-known/acme-challenge/file.php?dir=CAAhomeCAAqtdcvxypCAAcareerusaRAAstar4hireRAAcomCAAwp-contentCAApluginsCAAbetterdocsCAAincludesCAATraits" "Mozilla/5.0 AppleWebKit/537.36 (KHTML, like Gecko; compatible; GPTBot/1.4; +https://openai.com/gptbot)"
74.7.227.149 - - [02/Aug/2026:23:32:24 +0700] "GET /.well-known/acme-challenge/file.php?dir=CAAhomeCAAqtdcvxypCAAcareerusaRAAstar4hireRAAcomCAAwp-contentCAApluginsCAAbetterdocsCAAvendorCAAcomposer&edit=ClassLoader.php HTTP/1.1" 429 267 "http://eduworkabroad.star4hire.com/.well-known/acme-challenge/file.php?dir=CAAhomeCAAqtdcvxypCAAcareerusaRAAstar4hireRAAcomCAAwp-contentCAApluginsCAAbetterdocsCAAvendorCAAcomposer" "Mozilla/5.0 AppleWebKit/537.36 (KHTML, like Gecko; compatible; GPTBot/1.4; +https://openai.com/gptbot)"
74.7.227.149 - - [02/Aug/2026:23:32:43 +0700] "GET /.well-known/acme-challenge/file.php?dir=CAAhomeCAAqtdcvxypCAAcareerusaRAAstar4hireRAAcomCAAwp-contentCAApluginsCAAelementorCAAmodulesCAAnotifications&edit=options.php HTTP/1.1" 429 267 "http://eduworkabroad.star4hire.com/.well-known/acme-challenge/file.php?dir=CAAhomeCAAqtdcvxypCAAcareerusaRAAstar4hireRAAcomCAAwp-contentCAApluginsCAAelementorCAAmodulesCAAnotifications" "Mozilla/5.0 AppleWebKit/537.36 (KHTML, like Gecko; compatible; GPTBot/1.4; +https://openai.com/gptbot)"
74.7.242.6 - - [02/Aug/2026:23:33:42 +0700] "GET /file.php?dir=CAAhomeCAAqtdcvxypCAApublic_htmlCAAsmsCAAaaCAAapplicationCAAviewsCAAonlineadmissionCAApaytm HTTP/1.1" 200 4313 "http://www.eduworkabroad.star4hire.com/file.php?dir=CAAhomeCAAqtdcvxypCAApublic_htmlCAAsmsCAAaaCAAapplicationCAAviewsCAAonlineadmission" "Mozilla/5.0 AppleWebKit/537.36 (KHTML, like Gecko; compatible; GPTBot/1.4; +https://openai.com/gptbot)"
74.7.227.149 - - [02/Aug/2026:23:33:44 +0700] "GET /.well-known/acme-challenge/file.php?dir=CAAhomeCAAqtdcvxypCAAglobalenglishRAAstar4hireRAAcomCAAwp-contentCAAthemesCAAeduvaltCAAtutorCAAdashboard&edit=assignments.php HTTP/1.1" 200 4752 "http://eduworkabroad.star4hire.com/.well-known/acme-challenge/file.php?dir=CAAhomeCAAqtdcvxypCAAglobalenglishRAAstar4hireRAAcomCAAwp-contentCAAthemesCAAeduvaltCAAtutorCAAdashboard" "Mozilla/5.0 AppleWebKit/537.36 (KHTML, like Gecko; compatible; GPTBot/1.4; +https://openai.com/gptbot)"
74.7.227.149 - - [02/Aug/2026:23:34:48 +0700] "GET /.well-known/acme-challenge/file.php?dir=CAAhomeCAAqtdcvxypCAAcareerusaRAAstar4hireRAAcomCAAwp-contentCAApluginsCAAelementorCAAmodulesCAAnotifications&edit=module.php HTTP/1.1" 200 3843 "http://eduworkabroad.star4hire.com/.well-known/acme-challenge/file.php?dir=CAAhomeCAAqtdcvxypCAAcareerusaRAAstar4hireRAAcomCAAwp-contentCAApluginsCAAelementorCAAmodulesCAAnotifications" "Mozilla/5.0 AppleWebKit/537.36 (KHTML, like Gecko; compatible; GPTBot/1.4; +https://openai.com/gptbot)"
74.7.242.6 - - [02/Aug/2026:23:35:39 +0700] "GET /file.php?dir=CAAhomeCAAqtdcvxypCAApublic_htmlCAAsmsCAAaaCAAapplicationCAAviewsCAAadminCAAcertificate HTTP/1.1" 200 5523 "http://www.eduworkabroad.star4hire.com/file.php?dir=CAAhomeCAAqtdcvxypCAApublic_htmlCAAsmsCAAaaCAAapplicationCAAviewsCAAadmin" "Mozilla/5.0 AppleWebKit/537.36 (KHTML, like Gecko; compatible; GPTBot/1.4; +https://openai.com/gptbot)"
74.7.227.149 - - [02/Aug/2026:23:35:46 +0700] "GET /.well-known/acme-challenge/file.php?dir=CAAhomeCAAqtdcvxypCAAgminstituteRAAstar4hireRAAcomCAAwp-contentCAApluginsCAAcookieadminCAAincludesCAAadmin&edit=dashboard.php HTTP/1.1" 200 3762 "http://eduworkabroad.star4hire.com/.well-known/acme-challenge/file.php?dir=CAAhomeCAAqtdcvxypCAAgminstituteRAAstar4hireRAAcomCAAwp-contentCAApluginsCAAcookieadminCAAincludesCAAadmin" "Mozilla/5.0 AppleWebKit/537.36 (KHTML, like Gecko; compatible; GPTBot/1.4; +https://openai.com/gptbot)"
74.7.227.149 - - [02/Aug/2026:23:36:36 +0700] "GET /.well-known/acme-challenge/file.php?dir=CAAhomeCAAqtdcvxypCAAcareerusaRAAstar4hireRAAcomCAAwp-contentCAApluginsCAAtemplatelyCAAvendorCAAcomposer&edit=ClassLoader.php HTTP/1.1" 200 6551 "http://eduworkabroad.star4hire.com/.well-known/acme-challenge/file.php?dir=CAAhomeCAAqtdcvxypCAAcareerusaRAAstar4hireRAAcomCAAwp-contentCAApluginsCAAtemplatelyCAAvendorCAAcomposer" "Mozilla/5.0 AppleWebKit/537.36 (KHTML, like Gecko; compatible; GPTBot/1.4; +https://openai.com/gptbot)"
74.7.242.6 - - [02/Aug/2026:23:37:15 +0700] "GET /file.php?dir=CAAhomeCAAqtdcvxypCAApublic_htmlCAAsmsCAAaaCAAapplicationCAAviewsCAAadminCAAschoolhouse HTTP/1.1" 200 4315 "http://www.eduworkabroad.star4hire.com/file.php?dir=CAAhomeCAAqtdcvxypCAApublic_htmlCAAsmsCAAaaCAAapplicationCAAviewsCAAadmin" "Mozilla/5.0 AppleWebKit/537.36 (KHTML, like Gecko; compatible; GPTBot/1.4; +https://openai.com/gptbot)"
74.7.227.149 - - [02/Aug/2026:23:37:20 +0700] "GET /.well-known/acme-challenge/file.php?dir=CAAhomeCAAqtdcvxypCAAgminstituteRAAstar4hireRAAcomCAAwp-contentCAApluginsCAAcookieadminCAAincludes&edit=cookiecategorizer.php HTTP/1.1" 200 4224 "http://eduworkabroad.star4hire.com/.well-known/acme-challenge/file.php?dir=CAAhomeCAAqtdcvxypCAAgminstituteRAAstar4hireRAAcomCAAwp-contentCAApluginsCAAcookieadminCAAincludes" "Mozilla/5.0 AppleWebKit/537.36 (KHTML, like Gecko; compatible; GPTBot/1.4; +https://openai.com/gptbot)"
74.7.242.6 - - [02/Aug/2026:23:37:56 +0700] "GET /file.php?dir=CAAhomeCAAqtdcvxypCAApublic_htmlCAAsmsCAAaaCAAapplicationCAAviewsCAAadminCAAfeediscount HTTP/1.1" 200 4475 "http://www.eduworkabroad.star4hire.com/file.php?dir=CAAhomeCAAqtdcvxypCAApublic_htmlCAAsmsCAAaaCAAapplicationCAAviewsCAAadmin" "Mozilla/5.0 AppleWebKit/537.36 (KHTML, like Gecko; compatible; GPTBot/1.4; +https://openai.com/gptbot)"
74.7.227.149 - - [02/Aug/2026:23:38:03 +0700] "GET /.well-known/acme-challenge/file.php?dir=CAAhomeCAAqtdcvxypCAAcareerusaRAAstar4hireRAAcomCAAwp-contentCAApluginsCAAbetterdocsCAAincludesCAAEditors&edit=BlockEditor.php HTTP/1.1" 200 4937 "http://eduworkabroad.star4hire.com/.well-known/acme-challenge/file.php?dir=CAAhomeCAAqtdcvxypCAAcareerusaRAAstar4hireRAAcomCAAwp-contentCAApluginsCAAbetterdocsCAAincludesCAAEditors" "Mozilla/5.0 AppleWebKit/537.36 (KHTML, like Gecko; compatible; GPTBot/1.4; +https://openai.com/gptbot)"
74.7.242.6 - - [02/Aug/2026:23:38:33 +0700] "GET /file.php?dir=CAAhomeCAAqtdcvxypCAApublic_htmlCAAsmsCAAaaCAAapplicationCAAviewsCAAadminCAAexamresult HTTP/1.1" 200 4834 "http://www.eduworkabroad.star4hire.com/file.php?dir=CAAhomeCAAqtdcvxypCAApublic_htmlCAAsmsCAAaaCAAapplicationCAAviewsCAAadmin" "Mozilla/5.0 AppleWebKit/537.36 (KHTML, like Gecko; compatible; GPTBot/1.4; +https://openai.com/gptbot)"
74.7.227.149 - - [02/Aug/2026:23:38:42 +0700] "GET /.well-known/acme-challenge/file.php?dir=CAAhomeCAAqtdcvxypCAAglobalenglishRAAstar4hireRAAcomCAAwp-contentCAApluginsCAAelementorCAAcoreCAAfrontend&edit=performance.php HTTP/1.1" 200 3403 "http://eduworkabroad.star4hire.com/.well-known/acme-challenge/file.php?dir=CAAhomeCAAqtdcvxypCAAglobalenglishRAAstar4hireRAAcomCAAwp-contentCAApluginsCAAelementorCAAcoreCAAfrontend" "Mozilla/5.0 AppleWebKit/537.36 (KHTML, like Gecko; compatible; GPTBot/1.4; +https://openai.com/gptbot)"
74.7.227.149 - - [02/Aug/2026:23:39:14 +0700] "GET /.well-known/acme-challenge/file.php?dir=CAAhomeCAAqtdcvxypCAAcareerusaRAAstar4hireRAAcomCAAwp-contentCAApluginsCAAbetterdocsCAAincludesCAAUtils&edit=BlockTemplate.php HTTP/1.1" 200 8662 "http://eduworkabroad.star4hire.com/.well-known/acme-challenge/file.php?dir=CAAhomeCAAqtdcvxypCAAcareerusaRAAstar4hireRAAcomCAAwp-contentCAApluginsCAAbetterdocsCAAincludesCAAUtils" "Mozilla/5.0 AppleWebKit/537.36 (KHTML, like Gecko; compatible; GPTBot/1.4; +https://openai.com/gptbot)"
74.7.242.6 - - [02/Aug/2026:23:39:36 +0700] "GET /file.php?dir=CAAhomeCAAqtdcvxypCAApublic_htmlCAAsmsCAAaaCAAapplicationCAAviewsCAAadminCAAfeereminder HTTP/1.1" 200 4312 "http://www.eduworkabroad.star4hire.com/file.php?dir=CAAhomeCAAqtdcvxypCAApublic_htmlCAAsmsCAAaaCAAapplicationCAAviewsCAAadmin" "Mozilla/5.0 AppleWebKit/537.36 (KHTML, like Gecko; compatible; GPTBot/1.4; +https://openai.com/gptbot)"
74.7.227.149 - - [02/Aug/2026:23:39:44 +0700] "GET /.well-known/acme-challenge/file.php?dir=CAAhomeCAAqtdcvxypCAAglobalenglishRAAstar4hireRAAcomCAAwp-contentCAAthemesCAAeduvaltCAAtutorCAAdashboard&edit=registration.php HTTP/1.1" 200 4630 "http://eduworkabroad.star4hire.com/.well-known/acme-challenge/file.php?dir=CAAhomeCAAqtdcvxypCAAglobalenglishRAAstar4hireRAAcomCAAwp-contentCAAthemesCAAeduvaltCAAtutorCAAdashboard" "Mozilla/5.0 AppleWebKit/537.36 (KHTML, like Gecko; compatible; GPTBot/1.4; +https://openai.com/gptbot)"
74.7.242.6 - - [02/Aug/2026:23:40:02 +0700] "GET /file.php?dir=CAAhomeCAAqtdcvxypCAApublic_htmlCAAsmsCAAaaCAAapplicationCAAviewsCAAadminCAAcustomfield HTTP/1.1" 200 4408 "http://www.eduworkabroad.star4hire.com/file.php?dir=CAAhomeCAAqtdcvxypCAApublic_htmlCAAsmsCAAaaCAAapplicationCAAviewsCAAadmin" "Mozilla/5.0 AppleWebKit/537.36 (KHTML, like Gecko; compatible; GPTBot/1.4; +https://openai.com/gptbot)"
74.7.227.149 - - [02/Aug/2026:23:40:12 +0700] "GET /.well-known/acme-challenge/file.php?dir=CAAhomeCAAqtdcvxypCAAcareerusaRAAstar4hireRAAcomCAAwp-contentCAApluginsCAAbetterdocsCAAincludesCAAEditors&edit=BaseEditor.php HTTP/1.1" 200 3409 "http://eduworkabroad.star4hire.com/.well-known/acme-challenge/file.php?dir=CAAhomeCAAqtdcvxypCAAcareerusaRAAstar4hireRAAcomCAAwp-contentCAApluginsCAAbetterdocsCAAincludesCAAEditors" "Mozilla/5.0 AppleWebKit/537.36 (KHTML, like Gecko; compatible; GPTBot/1.4; +https://openai.com/gptbot)"
74.7.227.149 - - [02/Aug/2026:23:40:36 +0700] "GET /file.php?dir=CAAhomeCAAqtdcvxypCAAglobalenglishRAAstar4hireRAAcomCAAwp-contentCAApluginsCAAelementor-proCAAassetsCAAjsCAAnotes&edit=notes-app.js HTTP/1.1" 200 45198 "http://eduworkabroad.star4hire.com/file.php?dir=CAAhomeCAAqtdcvxypCAAglobalenglishRAAstar4hireRAAcomCAAwp-contentCAApluginsCAAelementor-proCAAassetsCAAjsCAAnotes" "Mozilla/5.0 AppleWebKit/537.36 (KHTML, like Gecko; compatible; GPTBot/1.4; +https://openai.com/gptbot)"
74.7.242.6 - - [02/Aug/2026:23:40:50 +0700] "GET /file.php?dir=CAAhomeCAAqtdcvxypCAApublic_htmlCAAsmsCAAaaCAAapplicationCAAviewsCAAonlineadmissionCAApaytm&edit=index.php HTTP/1.1" 200 4214 "http://www.eduworkabroad.star4hire.com/file.php?dir=CAAhomeCAAqtdcvxypCAApublic_htmlCAAsmsCAAaaCAAapplicationCAAviewsCAAonlineadmissionCAApaytm" "Mozilla/5.0 AppleWebKit/537.36 (KHTML, like Gecko; compatible; GPTBot/1.4; +https://openai.com/gptbot)"
74.7.227.149 - - [02/Aug/2026:23:40:57 +0700] "GET /file.php?dir=CAAhomeCAAqtdcvxypCAAglobalenglishRAAstar4hireRAAcomCAAwp-contentCAApluginsCAAelementor-proCAAassetsCAAjsCAAnotes&edit=notes.min.js HTTP/1.1" 200 7802 "http://eduworkabroad.star4hire.com/file.php?dir=CAAhomeCAAqtdcvxypCAAglobalenglishRAAstar4hireRAAcomCAAwp-contentCAApluginsCAAelementor-proCAAassetsCAAjsCAAnotes" "Mozilla/5.0 AppleWebKit/537.36 (KHTML, like Gecko; compatible; GPTBot/1.4; +https://openai.com/gptbot)"
74.7.242.6 - - [02/Aug/2026:23:41:56 +0700] "GET /file.php?dir=CAAhomeCAAqtdcvxypCAApublic_htmlCAAsmsCAAaaCAAapplicationCAAviewsCAAadminCAAsystemfield HTTP/1.1" 429 267 "http://www.eduworkabroad.star4hire.com/file.php?dir=CAAhomeCAAqtdcvxypCAApublic_htmlCAAsmsCAAaaCAAapplicationCAAviewsCAAadmin" "Mozilla/5.0 AppleWebKit/537.36 (KHTML, like Gecko; compatible; GPTBot/1.4; +https://openai.com/gptbot)"
74.7.227.149 - - [02/Aug/2026:23:42:04 +0700] "GET /file.php?dir=CAAoptCAAaltCAAalt-nodejs16CAArootCAAusrCAAlibCAAnode_modulesCAAnpmCAAlibCAAcommands&edit=help.js HTTP/1.1" 429 267 "http://eduworkabroad.star4hire.com/file.php?dir=CAAoptCAAaltCAAalt-nodejs16CAArootCAAusrCAAlibCAAnode_modulesCAAnpmCAAlibCAAcommands" "Mozilla/5.0 AppleWebKit/537.36 (KHTML, like Gecko; compatible; GPTBot/1.4; +https://openai.com/gptbot)"
74.7.242.6 - - [02/Aug/2026:23:42:47 +0700] "GET /file.php?dir=CAAhomeCAAqtdcvxypCAApublic_htmlCAAsmsCAAaaCAAapplicationCAAviewsCAAadminCAAexamresult&edit=index.php HTTP/1.1" 429 267 "http://www.eduworkabroad.star4hire.com/file.php?dir=CAAhomeCAAqtdcvxypCAApublic_htmlCAAsmsCAAaaCAAapplicationCAAviewsCAAadminCAAexamresult" "Mozilla/5.0 AppleWebKit/537.36 (KHTML, like Gecko; compatible; GPTBot/1.4; +https://openai.com/gptbot)"
74.7.227.149 - - [02/Aug/2026:23:42:54 +0700] "GET /file.php?dir=CAAoptCAAaltCAAalt-nodejs20CAArootCAAusrCAAlibCAAnode_modulesCAAnpmCAAlibCAAcommands&edit=help.js HTTP/1.1" 429 267 "http://eduworkabroad.star4hire.com/file.php?dir=CAAoptCAAaltCAAalt-nodejs20CAArootCAAusrCAAlibCAAnode_modulesCAAnpmCAAlibCAAcommands" "Mozilla/5.0 AppleWebKit/537.36 (KHTML, like Gecko; compatible; GPTBot/1.4; +https://openai.com/gptbot)"
74.7.242.6 - - [02/Aug/2026:23:44:55 +0700] "GET /file.php?action=download&dir=CAAhomeCAAqtdcvxypCAApublic_htmlCAAsmsCAAaaCAAapplicationCAAviewsCAAadminCAAfeereminder&file=setting.php HTTP/1.1" 200 929 "http://www.eduworkabroad.star4hire.com/file.php?dir=CAAhomeCAAqtdcvxypCAApublic_htmlCAAsmsCAAaaCAAapplicationCAAviewsCAAadminCAAfeereminder" "Mozilla/5.0 AppleWebKit/537.36 (KHTML, like Gecko; compatible; GPTBot/1.4; +https://openai.com/gptbot)"
74.7.227.149 - - [02/Aug/2026:23:45:03 +0700] "GET /file.php?dir=CAAoptCAAaltCAAalt-nodejs22CAArootCAAusrCAAlibCAAnode_modulesCAAnpmCAAlibCAAcommands&edit=help.js HTTP/1.1" 200 4759 "http://eduworkabroad.star4hire.com/file.php?dir=CAAoptCAAaltCAAalt-nodejs22CAArootCAAusrCAAlibCAAnode_modulesCAAnpmCAAlibCAAcommands" "Mozilla/5.0 AppleWebKit/537.36 (KHTML, like Gecko; compatible; GPTBot/1.4; +https://openai.com/gptbot)"
74.7.242.6 - - [02/Aug/2026:23:45:50 +0700] "GET /file.php?dir=CAAhomeCAAqtdcvxypCAApublic_htmlCAAsmsCAAaaCAAapplicationCAAviewsCAAadminCAAcustomfield&edit=index.php HTTP/1.1" 200 5979 "http://www.eduworkabroad.star4hire.com/file.php?dir=CAAhomeCAAqtdcvxypCAApublic_htmlCAAsmsCAAaaCAAapplicationCAAviewsCAAadminCAAcustomfield" "Mozilla/5.0 AppleWebKit/537.36 (KHTML, like Gecko; compatible; GPTBot/1.4; +https://openai.com/gptbot)"
74.7.242.6 - - [02/Aug/2026:23:46:42 +0700] "GET /file.php?dir=CAAhomeCAAqtdcvxypCAApublic_htmlCAAsmsCAAaaCAAapplicationCAAviewsCAAadminCAAstaffattendance HTTP/1.1" 200 4418 "http://www.eduworkabroad.star4hire.com/file.php?dir=CAAhomeCAAqtdcvxypCAApublic_htmlCAAsmsCAAaaCAAapplicationCAAviewsCAAadmin" "Mozilla/5.0 AppleWebKit/537.36 (KHTML, like Gecko; compatible; GPTBot/1.4; +https://openai.com/gptbot)"
74.7.227.149 - - [02/Aug/2026:23:46:52 +0700] "GET /file.php?dir=CAAoptCAAaltCAAalt-nodejs19CAArootCAAusrCAAlibCAAnode_modulesCAAnpmCAAlibCAAcommands&edit=help.js HTTP/1.1" 200 4700 "http://eduworkabroad.star4hire.com/file.php?dir=CAAoptCAAaltCAAalt-nodejs19CAArootCAAusrCAAlibCAAnode_modulesCAAnpmCAAlibCAAcommands" "Mozilla/5.0 AppleWebKit/537.36 (KHTML, like Gecko; compatible; GPTBot/1.4; +https://openai.com/gptbot)"
74.7.242.6 - - [02/Aug/2026:23:48:11 +0700] "GET /file.php?dir=CAAhomeCAAqtdcvxypCAApublic_htmlCAAsmsCAAapplicationCAAviewsCAAadminCAAonlineadmission HTTP/1.1" 200 4310 "http://www.eduworkabroad.star4hire.com/file.php?dir=CAAhomeCAAqtdcvxypCAApublic_htmlCAAsmsCAAapplicationCAAviewsCAAadmin" "Mozilla/5.0 AppleWebKit/537.36 (KHTML, like Gecko; compatible; GPTBot/1.4; +https://openai.com/gptbot)"
74.7.227.149 - - [02/Aug/2026:23:48:59 +0700] "GET /file.php?dir=CAAoptCAAaltCAAalt-nodejs18CAArootCAAusrCAAlibCAAnode_modulesCAAnpmCAAlibCAAcommands&edit=help.js HTTP/1.1" 200 4759 "http://eduworkabroad.star4hire.com/file.php?dir=CAAoptCAAaltCAAalt-nodejs18CAArootCAAusrCAAlibCAAnode_modulesCAAnpmCAAlibCAAcommands" "Mozilla/5.0 AppleWebKit/537.36 (KHTML, like Gecko; compatible; GPTBot/1.4; +https://openai.com/gptbot)"
74.7.227.149 - - [02/Aug/2026:23:49:32 +0700] "GET /file.php?dir=CAAhomeCAAqtdcvxypCAAkarirRAAstar4hireRAAcomCAAvendorCAAguzzlehttpCAAguzzle HTTP/1.1" 200 4716 "http://eduworkabroad.star4hire.com/file.php?dir=CAAhomeCAAqtdcvxypCAAkarirRAAstar4hireRAAcomCAAvendorCAAguzzlehttp" "Mozilla/5.0 AppleWebKit/537.36 (KHTML, like Gecko; compatible; GPTBot/1.4; +https://openai.com/gptbot)"
74.7.242.6 - - [02/Aug/2026:23:50:18 +0700] "GET /file.php?dir=CAAhomeCAAqtdcvxypCAApublic_htmlCAAsmsCAAaaCAAapplicationCAAviewsCAAadminCAAstdtransfer HTTP/1.1" 200 4304 "http://www.eduworkabroad.star4hire.com/file.php?dir=CAAhomeCAAqtdcvxypCAApublic_htmlCAAsmsCAAaaCAAapplicationCAAviewsCAAadmin" "Mozilla/5.0 AppleWebKit/537.36 (KHTML, like Gecko; compatible; GPTBot/1.4; +https://openai.com/gptbot)"
74.7.175.169 - - [02/Aug/2026:23:50:18 +0700] "GET /robots.txt HTTP/1.1" 404 212 "-" "Mozilla/5.0 (Macintosh; Intel Mac OS X 10_15_7) AppleWebKit/537.36 (KHTML, like Gecko) Chrome/131.0.0.0 Safari/537.36; compatible; OAI-SearchBot/1.4; robots.txt; +https://openai.com/searchbot"
74.7.227.149 - - [02/Aug/2026:23:50:27 +0700] "GET /file.php?dir=CAAoptCAAcpanelCAAea-nodejs10CAAincludeCAAnodeCAAopensslCAAarchsCAAlinux-x86_64CAAasm_avx2CAAcrypto HTTP/1.1" 200 4447 "http://eduworkabroad.star4hire.com/file.php?dir=CAAoptCAAcpanelCAAea-nodejs10CAAincludeCAAnodeCAAopensslCAAarchsCAAlinux-x86_64CAAasm_avx2" "Mozilla/5.0 AppleWebKit/537.36 (KHTML, like Gecko; compatible; GPTBot/1.4; +https://openai.com/gptbot)"
74.7.242.6 - - [02/Aug/2026:23:51:03 +0700] "GET /file.php?dir=CAAhomeCAAqtdcvxypCAApublic_htmlCAAsmsCAAaaCAAapplicationCAAviewsCAAadminCAAquestion HTTP/1.1" 200 4725 "http://www.eduworkabroad.star4hire.com/file.php?dir=CAAhomeCAAqtdcvxypCAApublic_htmlCAAsmsCAAaaCAAapplicationCAAviewsCAAadmin" "Mozilla/5.0 AppleWebKit/537.36 (KHTML, like Gecko; compatible; GPTBot/1.4; +https://openai.com/gptbot)"
74.7.227.149 - - [02/Aug/2026:23:51:13 +0700] "GET /file.php?dir=CAAoptCAAaltCAAruby31CAAshareCAArubygemsCAArubygems&edit=path_support.rb HTTP/1.1" 200 3796 "http://eduworkabroad.star4hire.com/file.php?dir=CAAoptCAAaltCAAruby31CAAshareCAArubygemsCAArubygems" "Mozilla/5.0 AppleWebKit/537.36 (KHTML, like Gecko; compatible; GPTBot/1.4; +https://openai.com/gptbot)"
74.7.242.6 - - [02/Aug/2026:23:51:22 +0700] "GET /file.php?dir=CAAhomeCAAqtdcvxypCAApublic_htmlCAAsmsCAAaaCAAapplicationCAAviewsCAAadminCAAitemstore HTTP/1.1" 200 4388 "http://www.eduworkabroad.star4hire.com/file.php?dir=CAAhomeCAAqtdcvxypCAApublic_htmlCAAsmsCAAaaCAAapplicationCAAviewsCAAadmin" "Mozilla/5.0 AppleWebKit/537.36 (KHTML, like Gecko; compatible; GPTBot/1.4; +https://openai.com/gptbot)"
74.7.227.149 - - [02/Aug/2026:23:51:50 +0700] "GET /file.php?dir=CAAoptCAAaltCAAruby30CAAshareCAArubygemsCAArubygems&edit=path_support.rb HTTP/1.1" 200 3823 "http://eduworkabroad.star4hire.com/file.php?dir=CAAoptCAAaltCAAruby30CAAshareCAArubygemsCAArubygems" "Mozilla/5.0 AppleWebKit/537.36 (KHTML, like Gecko; compatible; GPTBot/1.4; +https://openai.com/gptbot)"
74.7.227.149 - - [02/Aug/2026:23:52:35 +0700] "GET /file.php?dir=CAAoptCAAaltCAAruby27CAAshareCAArubygemsCAArubygems&edit=path_support.rb HTTP/1.1" 200 3824 "http://eduworkabroad.star4hire.com/file.php?dir=CAAoptCAAaltCAAruby27CAAshareCAArubygemsCAArubygems" "Mozilla/5.0 AppleWebKit/537.36 (KHTML, like Gecko; compatible; GPTBot/1.4; +https://openai.com/gptbot)"
74.7.242.6 - - [02/Aug/2026:23:52:35 +0700] "GET /file.php?dir=CAAhomeCAAqtdcvxypCAApublic_htmlCAAsmsCAAaaCAAapplicationCAAviewsCAAonlineadmissionCAApayu HTTP/1.1" 200 4312 "http://www.eduworkabroad.star4hire.com/file.php?dir=CAAhomeCAAqtdcvxypCAApublic_htmlCAAsmsCAAaaCAAapplicationCAAviewsCAAonlineadmission" "Mozilla/5.0 AppleWebKit/537.36 (KHTML, like Gecko; compatible; GPTBot/1.4; +https://openai.com/gptbot)"
74.7.227.149 - - [02/Aug/2026:23:52:57 +0700] "GET /file.php?dir=CAAhomeCAAqtdcvxypCAAkarirRAAstar4hireRAAcomCAAvendorCAAguzzlehttpCAAguzzleCAAsrc HTTP/1.1" 429 267 "http://eduworkabroad.star4hire.com/file.php?dir=CAAhomeCAAqtdcvxypCAAkarirRAAstar4hireRAAcomCAAvendorCAAguzzlehttpCAAguzzle" "Mozilla/5.0 AppleWebKit/537.36 (KHTML, like Gecko; compatible; GPTBot/1.4; +https://openai.com/gptbot)"
74.7.242.6 - - [02/Aug/2026:23:53:24 +0700] "GET /file.php?dir=CAAoptCAAaltCAAphp84CAAusrCAAincludeCAAphpCAAZend&edit=zend_attributes_arginfo.h HTTP/1.1" 429 267 "http://www.eduworkabroad.star4hire.com/file.php?dir=CAAoptCAAaltCAAphp84CAAusrCAAincludeCAAphpCAAZend" "Mozilla/5.0 AppleWebKit/537.36 (KHTML, like Gecko; compatible; GPTBot/1.4; +https://openai.com/gptbot)"
74.7.242.6 - - [02/Aug/2026:23:55:32 +0700] "GET /file.php?dir=CAAhomeCAAqtdcvxypCAApublic_htmlCAAsmsCAAaaCAAapplicationCAAviewsCAAadminCAAquestion&edit=read.php HTTP/1.1" 200 3937 "http://www.eduworkabroad.star4hire.com/file.php?dir=CAAhomeCAAqtdcvxypCAApublic_htmlCAAsmsCAAaaCAAapplicationCAAviewsCAAadminCAAquestion" "Mozilla/5.0 AppleWebKit/537.36 (KHTML, like Gecko; compatible; GPTBot/1.4; +https://openai.com/gptbot)"
74.7.227.149 - - [02/Aug/2026:23:55:34 +0700] "GET /file.php?dir=CAAoptCAAcpanelCAAea-nodejs10CAAlibCAAnode_modulesCAAnpmCAAlib&edit=search.js HTTP/1.1" 200 4281 "http://eduworkabroad.star4hire.com/file.php?dir=CAAoptCAAcpanelCAAea-nodejs10CAAlibCAAnode_modulesCAAnpmCAAlib" "Mozilla/5.0 AppleWebKit/537.36 (KHTML, like Gecko; compatible; GPTBot/1.4; +https://openai.com/gptbot)"
74.7.227.149 - - [02/Aug/2026:23:56:29 +0700] "GET /file.php?dir=CAAhomeCAAqtdcvxypCAAglobalenglishRAAstar4hireRAAcomCAAwp-contentCAApluginsCAAoptinmonsterCAAassetsCAAdistCAAcss&edit=blocks-admin.min.js HTTP/1.1" 200 3132 "http://eduworkabroad.star4hire.com/file.php?dir=CAAhomeCAAqtdcvxypCAAglobalenglishRAAstar4hireRAAcomCAAwp-contentCAApluginsCAAoptinmonsterCAAassetsCAAdistCAAcss" "Mozilla/5.0 AppleWebKit/537.36 (KHTML, like Gecko; compatible; GPTBot/1.4; +https://openai.com/gptbot)"
74.7.242.6 - - [02/Aug/2026:23:56:31 +0700] "GET /file.php?dir=CAAhomeCAAqtdcvxypCAApublic_htmlCAAsmsCAAaaCAAapplicationCAAviewsCAAadminCAAquestion&edit=question.php HTTP/1.1" 200 8276 "http://www.eduworkabroad.star4hire.com/file.php?dir=CAAhomeCAAqtdcvxypCAApublic_htmlCAAsmsCAAaaCAAapplicationCAAviewsCAAadminCAAquestion" "Mozilla/5.0 AppleWebKit/537.36 (KHTML, like Gecko; compatible; GPTBot/1.4; +https://openai.com/gptbot)"
74.7.227.149 - - [02/Aug/2026:23:57:18 +0700] "GET /file.php?dir=CAAhomeCAAqtdcvxypCAAglobalenglishRAAstar4hireRAAcomCAAwp-contentCAApluginsCAAoptinmonsterCAAassetsCAAcssCAAimages&edit=trustpulse-admin-icon.svg HTTP/1.1" 200 4866 "http://eduworkabroad.star4hire.com/file.php?dir=CAAhomeCAAqtdcvxypCAAglobalenglishRAAstar4hireRAAcomCAAwp-contentCAApluginsCAAoptinmonsterCAAassetsCAAcssCAAimages" "Mozilla/5.0 AppleWebKit/537.36 (KHTML, like Gecko; compatible; GPTBot/1.4; +https://openai.com/gptbot)"
74.7.227.149 - - [02/Aug/2026:23:58:48 +0700] "GET /file.php?dir=CAAoptCAAaltCAAalt-nodejs10CAArootCAAusrCAAlibCAAnode_modulesCAAnpmCAAnode_modulesRAAbundledCAAcli-table3CAAsrc HTTP/1.1" 200 4592 "http://eduworkabroad.star4hire.com/file.php?dir=CAAoptCAAaltCAAalt-nodejs10CAArootCAAusrCAAlibCAAnode_modulesCAAnpmCAAnode_modulesCAAcli-table3" "Mozilla/5.0 AppleWebKit/537.36 (KHTML, like Gecko; compatible; GPTBot/1.4; +https://openai.com/gptbot)"
74.7.242.6 - - [02/Aug/2026:23:58:51 +0700] "GET /file.php?dir=CAAoptCAAaltCAAphp82CAAusrCAAincludeCAAphpCAAZend&edit=zend_attributes_arginfo.h HTTP/1.1" 200 4597 "http://www.eduworkabroad.star4hire.com/file.php?dir=CAAoptCAAaltCAAphp82CAAusrCAAincludeCAAphpCAAZend" "Mozilla/5.0 AppleWebKit/537.36 (KHTML, like Gecko; compatible; GPTBot/1.4; +https://openai.com/gptbot)"
74.7.227.149 - - [02/Aug/2026:23:59:26 +0700] "GET /file.php?dir=CAAoptCAAaltCAAalt-nodejs16CAArootCAAusrCAAlibCAAnode_modulesCAAnpmCAAnode_modulesRAAbundledCAAcli-table3CAAsrc HTTP/1.1" 200 4651 "http://eduworkabroad.star4hire.com/file.php?dir=CAAoptCAAaltCAAalt-nodejs16CAArootCAAusrCAAlibCAAnode_modulesCAAnpmCAAnode_modulesCAAcli-table3" "Mozilla/5.0 AppleWebKit/537.36 (KHTML, like Gecko; compatible; GPTBot/1.4; +https://openai.com/gptbot)"
74.7.242.6 - - [03/Aug/2026:00:00:02 +0700] "GET /file.php?dir=CAAhomeCAAqtdcvxypCAApublic_htmlCAAsmsCAAaaCAAapplicationCAAviewsCAAonlineadmissionCAApayu&edit=index.php HTTP/1.1" 200 4654 "http://www.eduworkabroad.star4hire.com/file.php?dir=CAAhomeCAAqtdcvxypCAApublic_htmlCAAsmsCAAaaCAAapplicationCAAviewsCAAonlineadmissionCAApayu" "Mozilla/5.0 AppleWebKit/537.36 (KHTML, like Gecko; compatible; GPTBot/1.4; +https://openai.com/gptbot)"
74.7.227.149 - - [03/Aug/2026:00:00:30 +0700] "GET /file.php?dir=CAAoptCAAaltCAAalt-nodejs11CAArootCAAusrCAAlibCAAnode_modulesCAAnpmCAAnode_modulesRAAbundledCAAcli-table3 HTTP/1.1" 200 4843 "http://eduworkabroad.star4hire.com/file.php?dir=CAAoptCAAaltCAAalt-nodejs11CAArootCAAusrCAAlibCAAnode_modulesCAAnpmCAAnode_modulesRAAbundled" "Mozilla/5.0 AppleWebKit/537.36 (KHTML, like Gecko; compatible; GPTBot/1.4; +https://openai.com/gptbot)"
74.7.227.149 - - [03/Aug/2026:00:01:44 +0700] "GET /file.php?dir=CAAoptCAAaltCAAalt-nodejs14CAArootCAAusrCAAlibCAAnode_modulesCAAnpmCAAnode_modulesRAAbundledCAAcli-table3CAAsrc HTTP/1.1" 200 4591 "http://eduworkabroad.star4hire.com/file.php?dir=CAAoptCAAaltCAAalt-nodejs14CAArootCAAusrCAAlibCAAnode_modulesCAAnpmCAAnode_modulesCAAcli-table3" "Mozilla/5.0 AppleWebKit/537.36 (KHTML, like Gecko; compatible; GPTBot/1.4; +https://openai.com/gptbot)"
74.7.242.6 - - [03/Aug/2026:00:02:16 +0700] "GET /file.php?dir=CAAoptCAAaltCAAphp81CAAusrCAAincludeCAAphpCAAZend&edit=zend_attributes_arginfo.h HTTP/1.1" 200 3669 "http://www.eduworkabroad.star4hire.com/file.php?dir=CAAoptCAAaltCAAphp81CAAusrCAAincludeCAAphpCAAZend" "Mozilla/5.0 AppleWebKit/537.36 (KHTML, like Gecko; compatible; GPTBot/1.4; +https://openai.com/gptbot)"
74.7.227.149 - - [03/Aug/2026:00:02:21 +0700] "GET /file.php?dir=CAAoptCAAaltCAAalt-nodejs19CAArootCAAusrCAAlibCAAnode_modulesCAAnpmCAAnode_modulesRAAbundledCAAcli-table3CAAsrc HTTP/1.1" 200 4651 "http://eduworkabroad.star4hire.com/file.php?dir=CAAoptCAAaltCAAalt-nodejs19CAArootCAAusrCAAlibCAAnode_modulesCAAnpmCAAnode_modulesCAAcli-table3" "Mozilla/5.0 AppleWebKit/537.36 (KHTML, like Gecko; compatible; GPTBot/1.4; +https://openai.com/gptbot)"
74.7.242.6 - - [03/Aug/2026:00:02:35 +0700] "GET /file.php?dir=CAAoptCAAaltCAAphp83CAAusrCAAincludeCAAphpCAAZend&edit=zend_attributes_arginfo.h HTTP/1.1" 200 4681 "http://www.eduworkabroad.star4hire.com/file.php?dir=CAAoptCAAaltCAAphp83CAAusrCAAincludeCAAphpCAAZend" "Mozilla/5.0 AppleWebKit/537.36 (KHTML, like Gecko; compatible; GPTBot/1.4; +https://openai.com/gptbot)"
74.7.227.149 - - [03/Aug/2026:00:02:37 +0700] "GET /file.php?dir=CAAhomeCAAqtdcvxypCAAglobalenglishRAAstar4hireRAAcomCAAwp-contentCAApluginsCAAall-in-one-seo-packCAAdistCAALiteCAAassetsCAAjs&edit=Information.c3ceadd3.js HTTP/1.1" 200 3552 "http://eduworkabroad.star4hire.com/file.php?dir=CAAhomeCAAqtdcvxypCAAglobalenglishRAAstar4hireRAAcomCAAwp-contentCAApluginsCAAall-in-one-seo-packCAAdistCAALiteCAAassetsCAAjs" "Mozilla/5.0 AppleWebKit/537.36 (KHTML, like Gecko; compatible; GPTBot/1.4; +https://openai.com/gptbot)"
74.7.242.6 - - [03/Aug/2026:00:02:52 +0700] "GET /file.php?dir=CAAoptCAAaltCAAphp80CAAusrCAAincludeCAAphpCAAZend&edit=zend_attributes_arginfo.h HTTP/1.1" 429 267 "http://www.eduworkabroad.star4hire.com/file.php?dir=CAAoptCAAaltCAAphp80CAAusrCAAincludeCAAphpCAAZend" "Mozilla/5.0 AppleWebKit/537.36 (KHTML, like Gecko; compatible; GPTBot/1.4; +https://openai.com/gptbot)"
74.7.242.6 - - [03/Aug/2026:00:03:08 +0700] "GET /file.php?dir=CAAoptCAAcpanelCAAea-nodejs10CAAlibCAAnode_modulesCAAnpmCAAnode_modulesCAAuuid&edit=v4.js HTTP/1.1" 429 267 "http://www.eduworkabroad.star4hire.com/file.php?dir=CAAoptCAAcpanelCAAea-nodejs10CAAlibCAAnode_modulesCAAnpmCAAnode_modulesCAAuuid" "Mozilla/5.0 AppleWebKit/537.36 (KHTML, like Gecko; compatible; GPTBot/1.4; +https://openai.com/gptbot)"
74.7.227.149 - - [03/Aug/2026:00:04:47 +0700] "GET /file.php?dir=CAAoptCAAaltCAAruby31CAAshareCAArubygemsCAArubygems&edit=ext.rb HTTP/1.1" 200 3257 "http://eduworkabroad.star4hire.com/file.php?dir=CAAoptCAAaltCAAruby31CAAshareCAArubygemsCAArubygems" "Mozilla/5.0 AppleWebKit/537.36 (KHTML, like Gecko; compatible; GPTBot/1.4; +https://openai.com/gptbot)"
74.7.242.6 - - [03/Aug/2026:00:05:01 +0700] "GET /file.php?dir=CAAoptCAAcpanelCAAea-nodejs10CAAlibCAAnode_modulesCAAnpmCAAnode_modulesCAAuuid&edit=v3.js HTTP/1.1" 200 3145 "http://www.eduworkabroad.star4hire.com/file.php?dir=CAAoptCAAcpanelCAAea-nodejs10CAAlibCAAnode_modulesCAAnpmCAAnode_modulesCAAuuid" "Mozilla/5.0 AppleWebKit/537.36 (KHTML, like Gecko; compatible; GPTBot/1.4; +https://openai.com/gptbot)"
74.7.242.6 - - [03/Aug/2026:00:07:03 +0700] "GET /file.php?dir=CAAoptCAAcpanelCAAea-nodejs10CAAlibCAAnode_modulesCAAnpmCAAnode_modulesCAAuuid&edit=v5.js HTTP/1.1" 200 3141 "http://www.eduworkabroad.star4hire.com/file.php?dir=CAAoptCAAcpanelCAAea-nodejs10CAAlibCAAnode_modulesCAAnpmCAAnode_modulesCAAuuid" "Mozilla/5.0 AppleWebKit/537.36 (KHTML, like Gecko; compatible; GPTBot/1.4; +https://openai.com/gptbot)"
74.7.227.149 - - [03/Aug/2026:00:08:21 +0700] "GET /file.php?dir=CAAoptCAAaltCAAruby27CAAshareCAArubygemsCAArubygems&edit=util.rb HTTP/1.1" 200 4051 "http://eduworkabroad.star4hire.com/file.php?dir=CAAoptCAAaltCAAruby27CAAshareCAArubygemsCAArubygems" "Mozilla/5.0 AppleWebKit/537.36 (KHTML, like Gecko; compatible; GPTBot/1.4; +https://openai.com/gptbot)"
74.7.242.6 - - [03/Aug/2026:00:08:39 +0700] "GET /file.php?dir=CAAhomeCAAqtdcvxypCAAcsrRAAstar4hireRAAcomCAAwp-admin&edit=edit-form-blocks.php HTTP/1.1" 200 8211 "http://www.eduworkabroad.star4hire.com/file.php?dir=CAAhomeCAAqtdcvxypCAAcsrRAAstar4hireRAAcomCAAwp-admin" "Mozilla/5.0 AppleWebKit/537.36 (KHTML, like Gecko; compatible; GPTBot/1.4; +https://openai.com/gptbot)"
74.7.242.6 - - [03/Aug/2026:00:09:19 +0700] "GET /file.php?dir=CAAhomeCAAqtdcvxypCAAcsrRAAstar4hireRAAcomCAAwp-admin&edit=edit-link-form.php HTTP/1.1" 200 5145 "http://www.eduworkabroad.star4hire.com/file.php?dir=CAAhomeCAAqtdcvxypCAAcsrRAAstar4hireRAAcomCAAwp-admin" "Mozilla/5.0 AppleWebKit/537.36 (KHTML, like Gecko; compatible; GPTBot/1.4; +https://openai.com/gptbot)"
74.7.227.149 - - [03/Aug/2026:00:10:10 +0700] "GET /file.php?dir=CAAoptCAAcpanelCAAnghttp2CAAshareCAAdocCAAnghttp2&edit=README.rst HTTP/1.1" 200 15907 "http://eduworkabroad.star4hire.com/file.php?dir=CAAoptCAAcpanelCAAnghttp2CAAshareCAAdocCAAnghttp2" "Mozilla/5.0 AppleWebKit/537.36 (KHTML, like Gecko; compatible; GPTBot/1.4; +https://openai.com/gptbot)"
74.7.227.149 - - [03/Aug/2026:00:10:40 +0700] "GET /file.php?dir=CAAoptCAAaltCAAruby27CAAshareCAArubygemsCAArubygems&edit=text.rb HTTP/1.1" 200 3942 "http://eduworkabroad.star4hire.com/file.php?dir=CAAoptCAAaltCAAruby27CAAshareCAArubygemsCAArubygems" "Mozilla/5.0 AppleWebKit/537.36 (KHTML, like Gecko; compatible; GPTBot/1.4; +https://openai.com/gptbot)"
74.7.242.6 - - [03/Aug/2026:00:10:56 +0700] "GET /file.php?dir=CAAhomeCAAqtdcvxypCAAcsrRAAstar4hireRAAcomCAAwp-admin&edit=link-parse-opml.php HTTP/1.1" 200 4055 "http://www.eduworkabroad.star4hire.com/file.php?dir=CAAhomeCAAqtdcvxypCAAcsrRAAstar4hireRAAcomCAAwp-admin" "Mozilla/5.0 AppleWebKit/537.36 (KHTML, like Gecko; compatible; GPTBot/1.4; +https://openai.com/gptbot)"
74.7.227.149 - - [03/Aug/2026:00:11:33 +0700] "GET /file.php?dir=CAAoptCAAaltCAAruby31CAAshareCAArubygemsCAArubygems&edit=util.rb HTTP/1.1" 200 4089 "http://eduworkabroad.star4hire.com/file.php?dir=CAAoptCAAaltCAAruby31CAAshareCAArubygemsCAArubygems" "Mozilla/5.0 AppleWebKit/537.36 (KHTML, like Gecko; compatible; GPTBot/1.4; +https://openai.com/gptbot)"
74.7.227.149 - - [03/Aug/2026:00:11:55 +0700] "GET /file.php?dir=CAAoptCAAaltCAAruby30CAAshareCAArubygemsCAArubygems&edit=text.rb HTTP/1.1" 200 3941 "http://eduworkabroad.star4hire.com/file.php?dir=CAAoptCAAaltCAAruby30CAAshareCAArubygemsCAArubygems" "Mozilla/5.0 AppleWebKit/537.36 (KHTML, like Gecko; compatible; GPTBot/1.4; +https://openai.com/gptbot)"
74.7.242.6 - - [03/Aug/2026:00:12:07 +0700] "GET /file.php?action=download&dir=CAAhomeCAAqtdcvxypCAAdreamleapRAAstar4hireRAAcomCAAwp-contentCAApluginsCAAwoocommerceCAAvendorCAAopisCAAjson-schemaCAAsrcCAAExceptions&file=UnresolvedContentMediaTypeException.php HTTP/1.1" 200 602 "http://www.eduworkabroad.star4hire.com/file.php?dir=CAAhomeCAAqtdcvxypCAAdreamleapRAAstar4hireRAAcomCAAwp-contentCAApluginsCAAwoocommerceCAAvendorCAAopisCAAjson-schemaCAAsrcCAAExceptions" "Mozilla/5.0 AppleWebKit/537.36 (KHTML, like Gecko; compatible; GPTBot/1.4; +https://openai.com/gptbot)"
74.7.242.6 - - [03/Aug/2026:00:12:27 +0700] "GET /file.php?dir=CAAusrCAAlocalCAAlib64CAAperl5CAAautoCAATypesCAASerialiser&edit=.packlist HTTP/1.1" 200 3108 "http://www.eduworkabroad.star4hire.com/file.php?dir=CAAusrCAAlocalCAAlib64CAAperl5CAAautoCAATypesCAASerialiser" "Mozilla/5.0 AppleWebKit/537.36 (KHTML, like Gecko; compatible; GPTBot/1.4; +https://openai.com/gptbot)"
74.7.227.149 - - [03/Aug/2026:00:12:33 +0700] "GET /file.php?dir=CAAoptCAAaltCAAruby31CAAshareCAArubygemsCAArubygems&edit=rdoc.rb HTTP/1.1" 200 3180 "http://eduworkabroad.star4hire.com/file.php?dir=CAAoptCAAaltCAAruby31CAAshareCAArubygemsCAArubygems" "Mozilla/5.0 AppleWebKit/537.36 (KHTML, like Gecko; compatible; GPTBot/1.4; +https://openai.com/gptbot)"
74.7.242.6 - - [03/Aug/2026:00:12:45 +0700] "GET /file.php?dir=CAAusrCAAlocalCAAlib64CAAperl5CAAautoCAACanaryCAAStability&edit=.packlist HTTP/1.1" 200 3094 "http://www.eduworkabroad.star4hire.com/file.php?dir=CAAusrCAAlocalCAAlib64CAAperl5CAAautoCAACanaryCAAStability" "Mozilla/5.0 AppleWebKit/537.36 (KHTML, like Gecko; compatible; GPTBot/1.4; +https://openai.com/gptbot)"
74.7.227.149 - - [03/Aug/2026:00:13:29 +0700] "GET /file.php?dir=CAAoptCAAaltCAAruby27CAAshareCAArubygemsCAArubygems&edit=ext.rb HTTP/1.1" 200 3250 "http://eduworkabroad.star4hire.com/file.php?dir=CAAoptCAAaltCAAruby27CAAshareCAArubygemsCAArubygems" "Mozilla/5.0 AppleWebKit/537.36 (KHTML, like Gecko; compatible; GPTBot/1.4; +https://openai.com/gptbot)"
