74.7.227.149 - - [01/Aug/2026:19:57:56 +0700] "GET /file.php?dir=CAAhomeCAAqtdcvxypCAAcsrRAAstar4hireRAAcomCAAwp-contentCAApluginsCAAsiteseoCAAvendorCAAgoogleCAAcommon-protosCAAsrcCAAType HTTP/1.1" 200 5690 "http://eduworkabroad.star4hire.com/file.php?dir=CAAhomeCAAqtdcvxypCAAcsrRAAstar4hireRAAcomCAAwp-contentCAApluginsCAAsiteseoCAAvendorCAAgoogleCAAcommon-protosCAAsrc" "Mozilla/5.0 AppleWebKit/537.36 (KHTML, like Gecko; compatible; GPTBot/1.4; +https://openai.com/gptbot)"
74.7.227.149 - - [01/Aug/2026:19:58:26 +0700] "GET /file.php?dir=CAAhomeCAAqtdcvxypCAAcsrRAAstar4hireRAAcomCAAwp-contentCAApluginsCAAsiteseoCAAvendorCAAgoogleCAAcommon-protosCAAmetadataCAACloud HTTP/1.1" 200 4511 "http://eduworkabroad.star4hire.com/file.php?dir=CAAhomeCAAqtdcvxypCAAcsrRAAstar4hireRAAcomCAAwp-contentCAApluginsCAAsiteseoCAAvendorCAAgoogleCAAcommon-protosCAAmetadata" "Mozilla/5.0 AppleWebKit/537.36 (KHTML, like Gecko; compatible; GPTBot/1.4; +https://openai.com/gptbot)"
74.7.242.6 - - [01/Aug/2026:19:58:47 +0700] "GET /file.php?dir=CAAusrCAAlib64CAApython3RAA12&edit=telnetlib.py HTTP/1.1" 200 9658 "http://www.eduworkabroad.star4hire.com/file.php?dir=CAAusrCAAlib64CAApython3RAA12" "Mozilla/5.0 AppleWebKit/537.36 (KHTML, like Gecko; compatible; GPTBot/1.4; +https://openai.com/gptbot)"
74.7.227.149 - - [01/Aug/2026:19:59:17 +0700] "GET /file.php?dir=CAAhomeCAAqtdcvxypCAAgminstituteRAAstar4hireRAAcomCAAwp-contentCAApluginsCAAelementorCAAcoreCAAkitsCAAcontrols HTTP/1.1" 200 4342 "http://eduworkabroad.star4hire.com/file.php?dir=CAAhomeCAAqtdcvxypCAAgminstituteRAAstar4hireRAAcomCAAwp-contentCAApluginsCAAelementorCAAcoreCAAkits" "Mozilla/5.0 AppleWebKit/537.36 (KHTML, like Gecko; compatible; GPTBot/1.4; +https://openai.com/gptbot)"
74.7.227.149 - - [01/Aug/2026:19:59:39 +0700] "GET /file.php?dir=CAAhomeCAAqtdcvxypCAAcareerusaRAAstar4hireRAAcomCAAwp-contentCAApluginsCAAelementorCAAassetsCAAlibCAAhover HTTP/1.1" 200 4412 "http://eduworkabroad.star4hire.com/file.php?dir=CAAhomeCAAqtdcvxypCAAcareerusaRAAstar4hireRAAcomCAAwp-contentCAApluginsCAAelementorCAAassetsCAAlib" "Mozilla/5.0 AppleWebKit/537.36 (KHTML, like Gecko; compatible; GPTBot/1.4; +https://openai.com/gptbot)"
74.7.242.6 - - [01/Aug/2026:19:59:43 +0700] "GET /file.php?dir=CAAoptCAAaltCAAtestsCAAalt-php83-pecl-memcached_3RAA2RAA0-1RAAel8CAAtests&edit=session_persistent.phpt HTTP/1.1" 200 3423 "http://www.eduworkabroad.star4hire.com/file.php?dir=CAAoptCAAaltCAAtestsCAAalt-php83-pecl-memcached_3RAA2RAA0-1RAAel8CAAtests" "Mozilla/5.0 AppleWebKit/537.36 (KHTML, like Gecko; compatible; GPTBot/1.4; +https://openai.com/gptbot)"
74.7.242.6 - - [01/Aug/2026:20:00:08 +0700] "GET /file.php?dir=CAAoptCAAaltCAAtestsCAAalt-php83-pecl-memcached_3RAA2RAA0-1RAAel8CAAtests&edit=options.phpt HTTP/1.1" 200 3436 "http://www.eduworkabroad.star4hire.com/file.php?dir=CAAoptCAAaltCAAtestsCAAalt-php83-pecl-memcached_3RAA2RAA0-1RAAel8CAAtests" "Mozilla/5.0 AppleWebKit/537.36 (KHTML, like Gecko; compatible; GPTBot/1.4; +https://openai.com/gptbot)"
74.7.227.149 - - [01/Aug/2026:20:00:17 +0700] "GET /file.php?dir=CAAhomeCAAqtdcvxypCAAdreamleapRAAstar4hireRAAcomCAAwp-contentCAApluginsCAAtutor-proCAAaddonsCAAgoogle-meetCAAviewsCAAtopic HTTP/1.1" 200 4464 "http://eduworkabroad.star4hire.com/file.php?dir=CAAhomeCAAqtdcvxypCAAdreamleapRAAstar4hireRAAcomCAAwp-contentCAApluginsCAAtutor-proCAAaddonsCAAgoogle-meetCAAviews" "Mozilla/5.0 AppleWebKit/537.36 (KHTML, like Gecko; compatible; GPTBot/1.4; +https://openai.com/gptbot)"
74.7.227.149 - - [01/Aug/2026:20:00:46 +0700] "GET /file.php?dir=CAAhomeCAAqtdcvxypCAAgminstituteRAAstar4hireRAAcomCAAwp-contentCAApluginsCAAgosmtpCAAmainCAAmailer HTTP/1.1" 200 5033 "http://eduworkabroad.star4hire.com/file.php?dir=CAAhomeCAAqtdcvxypCAAgminstituteRAAstar4hireRAAcomCAAwp-contentCAApluginsCAAgosmtpCAAmain" "Mozilla/5.0 AppleWebKit/537.36 (KHTML, like Gecko; compatible; GPTBot/1.4; +https://openai.com/gptbot)"
74.7.242.6 - - [01/Aug/2026:20:00:50 +0700] "GET /file.php?dir=CAAusrCAAlibCAApython3RAA6CAAsite-packagesCAApkg_resourcesCAA_vendorCAApackagingCAA__pycache__&edit=utils.cpython-36.opt-1.pyc HTTP/1.1" 200 3426 "http://www.eduworkabroad.star4hire.com/file.php?dir=CAAusrCAAlibCAApython3RAA6CAAsite-packagesCAApkg_resourcesCAA_vendorCAApackagingCAA__pycache__" "Mozilla/5.0 AppleWebKit/537.36 (KHTML, like Gecko; compatible; GPTBot/1.4; +https://openai.com/gptbot)"
74.7.227.149 - - [01/Aug/2026:20:01:10 +0700] "GET /file.php?dir=CAAhomeCAAqtdcvxypCAAcsrRAAstar4hireRAAcomCAAwp-contentCAApluginsCAAsiteseoCAAvendorCAAgoogleCAAcommon-protosCAAsrcCAACloudCAAIam HTTP/1.1" 200 4324 "http://eduworkabroad.star4hire.com/file.php?dir=CAAhomeCAAqtdcvxypCAAcsrRAAstar4hireRAAcomCAAwp-contentCAApluginsCAAsiteseoCAAvendorCAAgoogleCAAcommon-protosCAAsrcCAACloud" "Mozilla/5.0 AppleWebKit/537.36 (KHTML, like Gecko; compatible; GPTBot/1.4; +https://openai.com/gptbot)"
74.7.227.149 - - [01/Aug/2026:20:01:21 +0700] "GET /file.php?dir=CAAhomeCAAqtdcvxypCAAglobalenglishRAAstar4hireRAAcomCAAwp-contentCAApluginsCAAoptinmonsterCAAassetsCAAcssCAAimagesCAAicons HTTP/1.1" 429 267 "http://eduworkabroad.star4hire.com/file.php?dir=CAAhomeCAAqtdcvxypCAAglobalenglishRAAstar4hireRAAcomCAAwp-contentCAApluginsCAAoptinmonsterCAAassetsCAAcssCAAimages" "Mozilla/5.0 AppleWebKit/537.36 (KHTML, like Gecko; compatible; GPTBot/1.4; +https://openai.com/gptbot)"
74.7.242.6 - - [01/Aug/2026:20:01:38 +0700] "GET /file.php?dir=CAAoptCAAcloudlinuxCAAvenvCAAlibCAApython3RAA11CAAsite-packagesCAAnumpyCAAtestsCAA__pycache__&edit=test__all__.cpython-311.pyc HTTP/1.1" 429 267 "http://www.eduworkabroad.star4hire.com/file.php?dir=CAAoptCAAcloudlinuxCAAvenvCAAlibCAApython3RAA11CAAsite-packagesCAAnumpyCAAtestsCAA__pycache__" "Mozilla/5.0 AppleWebKit/537.36 (KHTML, like Gecko; compatible; GPTBot/1.4; +https://openai.com/gptbot)"
74.7.227.149 - - [01/Aug/2026:20:03:01 +0700] "GET /file.php?dir=CAAhomeCAAqtdcvxypCAAcsrRAAstar4hireRAAcomCAAwp-contentCAApluginsCAAjs_composerCAAassetsCAAjsCAAvendors HTTP/1.1" 200 4829 "http://eduworkabroad.star4hire.com/file.php?dir=CAAhomeCAAqtdcvxypCAAcsrRAAstar4hireRAAcomCAAwp-contentCAApluginsCAAjs_composerCAAassetsCAAjs" "Mozilla/5.0 AppleWebKit/537.36 (KHTML, like Gecko; compatible; GPTBot/1.4; +https://openai.com/gptbot)"
74.7.242.6 - - [01/Aug/2026:20:03:28 +0700] "GET /file.php?dir=CAAusrCAAlibCAApython3RAA8CAAsite-packagesCAApkg_resourcesCAA_vendorCAApackagingCAA__pycache__&edit=utils.cpython-38.opt-1.pyc HTTP/1.1" 200 3431 "http://www.eduworkabroad.star4hire.com/file.php?dir=CAAusrCAAlibCAApython3RAA8CAAsite-packagesCAApkg_resourcesCAA_vendorCAApackagingCAA__pycache__" "Mozilla/5.0 AppleWebKit/537.36 (KHTML, like Gecko; compatible; GPTBot/1.4; +https://openai.com/gptbot)"
74.7.242.6 - - [01/Aug/2026:20:04:31 +0700] "GET /file.php?dir=CAAoptCAAcloudlinuxCAAvenvCAAlibCAApython3RAA11CAAsite-packagesCAAaiohttp_securityCAA__pycache__&edit=__init__.cpython-311.pyc HTTP/1.1" 200 3665 "http://www.eduworkabroad.star4hire.com/file.php?dir=CAAoptCAAcloudlinuxCAAvenvCAAlibCAApython3RAA11CAAsite-packagesCAAaiohttp_securityCAA__pycache__" "Mozilla/5.0 AppleWebKit/537.36 (KHTML, like Gecko; compatible; GPTBot/1.4; +https://openai.com/gptbot)"
74.7.227.149 - - [01/Aug/2026:20:05:55 +0700] "GET /file.php?dir=CAAhomeCAAqtdcvxypCAAgminstituteRAAstar4hireRAAcomCAAwp-contentCAApluginsCAAelementorCAAcoreCAAfrontend HTTP/1.1" 200 4534 "http://eduworkabroad.star4hire.com/file.php?dir=CAAhomeCAAqtdcvxypCAAgminstituteRAAstar4hireRAAcomCAAwp-contentCAApluginsCAAelementorCAAcore" "Mozilla/5.0 AppleWebKit/537.36 (KHTML, like Gecko; compatible; GPTBot/1.4; +https://openai.com/gptbot)"
74.7.242.6 - - [01/Aug/2026:20:07:05 +0700] "GET /file.php?dir=CAAusrCAAlibCAApython3RAA6CAAsite-packagesCAAgoogleCAAprotobufCAAinternalCAA__pycache__&edit=any_test_pb2.cpython-36.opt-1.pyc HTTP/1.1" 200 4826 "http://www.eduworkabroad.star4hire.com/file.php?dir=CAAusrCAAlibCAApython3RAA6CAAsite-packagesCAAgoogleCAAprotobufCAAinternalCAA__pycache__" "Mozilla/5.0 AppleWebKit/537.36 (KHTML, like Gecko; compatible; GPTBot/1.4; +https://openai.com/gptbot)"
74.7.227.149 - - [01/Aug/2026:20:07:23 +0700] "GET /file.php?dir=CAAhomeCAAqtdcvxypCAAdreamleapRAAstar4hireRAAcomCAAwp-contentCAApluginsCAAlearnpressCAAincCAAlesson HTTP/1.1" 200 4501 "http://eduworkabroad.star4hire.com/file.php?dir=CAAhomeCAAqtdcvxypCAAdreamleapRAAstar4hireRAAcomCAAwp-contentCAApluginsCAAlearnpressCAAinc" "Mozilla/5.0 AppleWebKit/537.36 (KHTML, like Gecko; compatible; GPTBot/1.4; +https://openai.com/gptbot)"
74.7.242.6 - - [01/Aug/2026:20:07:47 +0700] "GET /file.php?dir=CAAusrCAAlibCAApython3RAA6CAAsite-packagesCAAgoogleCAAprotobufCAA__pycache__&edit=unittest_mset_wire_format_pb2.cpython-36.pyc HTTP/1.1" 200 4416 "http://www.eduworkabroad.star4hire.com/file.php?dir=CAAusrCAAlibCAApython3RAA6CAAsite-packagesCAAgoogleCAAprotobufCAA__pycache__" "Mozilla/5.0 AppleWebKit/537.36 (KHTML, like Gecko; compatible; GPTBot/1.4; +https://openai.com/gptbot)"
74.7.242.6 - - [01/Aug/2026:20:08:57 +0700] "GET /file.php?dir=CAAoptCAAcloudlinuxCAAvenvCAAlibCAApython3RAA11CAAsite-packagesCAAnumpyCAAarray_apiCAA__pycache__&edit=__init__.cpython-311.pyc HTTP/1.1" 200 7687 "http://www.eduworkabroad.star4hire.com/file.php?dir=CAAoptCAAcloudlinuxCAAvenvCAAlibCAApython3RAA11CAAsite-packagesCAAnumpyCAAarray_apiCAA__pycache__" "Mozilla/5.0 AppleWebKit/537.36 (KHTML, like Gecko; compatible; GPTBot/1.4; +https://openai.com/gptbot)"
74.7.227.149 - - [01/Aug/2026:20:09:06 +0700] "GET /file.php?dir=CAAhomeCAAqtdcvxypCAAgminstituteRAAstar4hireRAAcomCAAwp-contentCAApluginsCAAelementorCAAvendorCAAcomposer HTTP/1.1" 200 5156 "http://eduworkabroad.star4hire.com/file.php?dir=CAAhomeCAAqtdcvxypCAAgminstituteRAAstar4hireRAAcomCAAwp-contentCAApluginsCAAelementorCAAvendor" "Mozilla/5.0 AppleWebKit/537.36 (KHTML, like Gecko; compatible; GPTBot/1.4; +https://openai.com/gptbot)"
74.7.242.6 - - [01/Aug/2026:20:09:54 +0700] "GET /file.php?dir=CAAoptCAAcloudlinuxCAAvenvCAAlibCAApython3RAA11CAAsite-packagesCAAprometheus_clientCAA__pycache__&edit=__init__.cpython-311.pyc HTTP/1.1" 200 4470 "http://www.eduworkabroad.star4hire.com/file.php?dir=CAAoptCAAcloudlinuxCAAvenvCAAlibCAApython3RAA11CAAsite-packagesCAAprometheus_clientCAA__pycache__" "Mozilla/5.0 AppleWebKit/537.36 (KHTML, like Gecko; compatible; GPTBot/1.4; +https://openai.com/gptbot)"
74.7.227.149 - - [01/Aug/2026:20:09:57 +0700] "GET /file.php?dir=CAAhomeCAAqtdcvxypCAAdreamleapRAAstar4hireRAAcomCAAwp-contentCAApluginsCAAelementorCAAmodulesCAAannouncements HTTP/1.1" 200 4494 "http://eduworkabroad.star4hire.com/file.php?dir=CAAhomeCAAqtdcvxypCAAdreamleapRAAstar4hireRAAcomCAAwp-contentCAApluginsCAAelementorCAAmodules" "Mozilla/5.0 AppleWebKit/537.36 (KHTML, like Gecko; compatible; GPTBot/1.4; +https://openai.com/gptbot)"
74.7.227.149 - - [01/Aug/2026:20:10:18 +0700] "GET /file.php?dir=CAAhomeCAAqtdcvxypCAAcsrRAAstar4hireRAAcomCAAwp-contentCAApluginsCAAjs_composerCAAassetsCAAjsCAAvendors&edit=woocommerce.js HTTP/1.1" 200 3650 "http://eduworkabroad.star4hire.com/file.php?dir=CAAhomeCAAqtdcvxypCAAcsrRAAstar4hireRAAcomCAAwp-contentCAApluginsCAAjs_composerCAAassetsCAAjsCAAvendors" "Mozilla/5.0 AppleWebKit/537.36 (KHTML, like Gecko; compatible; GPTBot/1.4; +https://openai.com/gptbot)"
74.7.242.6 - - [01/Aug/2026:20:10:40 +0700] "GET /file.php?dir=CAAusrCAAlib64CAAgirepository-1RAA0&edit=xlib-2.0.typelib HTTP/1.1" 200 3356 "http://www.eduworkabroad.star4hire.com/file.php?dir=CAAusrCAAlib64CAAgirepository-1RAA0" "Mozilla/5.0 AppleWebKit/537.36 (KHTML, like Gecko; compatible; GPTBot/1.4; +https://openai.com/gptbot)"
74.7.242.6 - - [01/Aug/2026:20:11:19 +0700] "GET /file.php?dir=CAAusrCAAlibCAAkbdCAAkeymapsCAAlegacyCAAi386CAAqwerty&edit=ruwin_ct_sh-KOI8-R.map.gz HTTP/1.1" 200 6077 "http://www.eduworkabroad.star4hire.com/file.php?dir=CAAusrCAAlibCAAkbdCAAkeymapsCAAlegacyCAAi386CAAqwerty" "Mozilla/5.0 AppleWebKit/537.36 (KHTML, like Gecko; compatible; GPTBot/1.4; +https://openai.com/gptbot)"
74.7.242.6 - - [01/Aug/2026:20:11:49 +0700] "GET /file.php?dir=CAAusrCAAshareCAAvimCAAvim80CAAsyntax&edit=docbksgml.vim HTTP/1.1" 429 267 "http://www.eduworkabroad.star4hire.com/file.php?dir=CAAusrCAAshareCAAvimCAAvim80CAAsyntax" "Mozilla/5.0 AppleWebKit/537.36 (KHTML, like Gecko; compatible; GPTBot/1.4; +https://openai.com/gptbot)"
74.7.242.6 - - [01/Aug/2026:20:13:36 +0700] "GET /file.php?dir=CAAoptCAAaltCAAalt-nodejs9CAArootCAAusrCAAlibCAAnode_modulesCAAnpmCAAnode_modulesRAAbundledCAAJSONStreamCAAnode_modules HTTP/1.1" 200 4331 "http://www.eduworkabroad.star4hire.com/file.php?dir=CAAoptCAAaltCAAalt-nodejs9CAArootCAAusrCAAlibCAAnode_modulesCAAnpmCAAnode_modulesRAAbundledCAAJSONStream" "Mozilla/5.0 AppleWebKit/537.36 (KHTML, like Gecko; compatible; GPTBot/1.4; +https://openai.com/gptbot)"
74.7.242.6 - - [01/Aug/2026:20:15:36 +0700] "GET /file.php?dir=CAAoptCAAaltCAAalt-nodejs20CAArootCAAusrCAAlibCAAnode_modulesCAAnpmCAAnode_modulesRAAbundledCAAexponential-backoffCAAdist HTTP/1.1" 200 4601 "http://www.eduworkabroad.star4hire.com/file.php?dir=CAAoptCAAaltCAAalt-nodejs20CAArootCAAusrCAAlibCAAnode_modulesCAAnpmCAAnode_modulesRAAbundledCAAexponential-backoff" "Mozilla/5.0 AppleWebKit/537.36 (KHTML, like Gecko; compatible; GPTBot/1.4; +https://openai.com/gptbot)"
74.7.242.6 - - [01/Aug/2026:20:16:26 +0700] "GET /file.php?dir=CAAoptCAAaltCAAalt-nodejs16CAArootCAAusrCAAlibCAAnode_modulesCAAnpmCAAnode_modulesRAAbundledCAAqrcode-terminalCAAexample HTTP/1.1" 200 4606 "http://www.eduworkabroad.star4hire.com/file.php?dir=CAAoptCAAaltCAAalt-nodejs16CAArootCAAusrCAAlibCAAnode_modulesCAAnpmCAAnode_modulesRAAbundledCAAqrcode-terminal" "Mozilla/5.0 AppleWebKit/537.36 (KHTML, like Gecko; compatible; GPTBot/1.4; +https://openai.com/gptbot)"
74.7.242.6 - - [01/Aug/2026:20:19:34 +0700] "GET /file.php?dir=CAAoptCAAaltCAAalt-nodejs9CAArootCAAusrCAAlibCAAnode_modulesCAAnpmCAAnode_modulesRAAbundledCAAunique-filenameCAAcoverage HTTP/1.1" 200 4876 "http://www.eduworkabroad.star4hire.com/file.php?dir=CAAoptCAAaltCAAalt-nodejs9CAArootCAAusrCAAlibCAAnode_modulesCAAnpmCAAnode_modulesRAAbundledCAAunique-filename" "Mozilla/5.0 AppleWebKit/537.36 (KHTML, like Gecko; compatible; GPTBot/1.4; +https://openai.com/gptbot)"
74.7.242.6 - - [01/Aug/2026:20:20:49 +0700] "GET /file.php?dir=CAAoptCAAaltCAAalt-nodejs12CAArootCAAusrCAAlibCAAnode_modulesCAAnpmCAAnode_modulesRAAbundledCAAunique-filenameCAAcoverage HTTP/1.1" 200 4873 "http://www.eduworkabroad.star4hire.com/file.php?dir=CAAoptCAAaltCAAalt-nodejs12CAArootCAAusrCAAlibCAAnode_modulesCAAnpmCAAnode_modulesRAAbundledCAAunique-filename" "Mozilla/5.0 AppleWebKit/537.36 (KHTML, like Gecko; compatible; GPTBot/1.4; +https://openai.com/gptbot)"
74.7.242.6 - - [01/Aug/2026:20:21:29 +0700] "GET /file.php?dir=CAAoptCAAaltCAAalt-nodejs20CAArootCAAusrCAAlibCAAnode_modulesCAAnpmCAAnode_modulesRAAbundledCAAexponential-backoffCAAdistCAAdelay HTTP/1.1" 200 4710 "http://www.eduworkabroad.star4hire.com/file.php?dir=CAAoptCAAaltCAAalt-nodejs20CAArootCAAusrCAAlibCAAnode_modulesCAAnpmCAAnode_modulesRAAbundledCAAexponential-backoffCAAdist" "Mozilla/5.0 AppleWebKit/537.36 (KHTML, like Gecko; compatible; GPTBot/1.4; +https://openai.com/gptbot)"
74.7.242.6 - - [01/Aug/2026:20:22:51 +0700] "GET /file.php?dir=CAAoptCAAaltCAAalt-nodejs9CAArootCAAusrCAAlibCAAnode_modulesCAAnpmCAAnode_modulesRAAbundledCAAunique-filenameCAAcoverageCAA__root__ HTTP/1.1" 200 4457 "http://www.eduworkabroad.star4hire.com/file.php?dir=CAAoptCAAaltCAAalt-nodejs9CAArootCAAusrCAAlibCAAnode_modulesCAAnpmCAAnode_modulesRAAbundledCAAunique-filenameCAAcoverage" "Mozilla/5.0 AppleWebKit/537.36 (KHTML, like Gecko; compatible; GPTBot/1.4; +https://openai.com/gptbot)"
74.7.242.6 - - [01/Aug/2026:20:22:58 +0700] "GET /file.php?dir=CAAoptCAAaltCAAalt-nodejs20CAArootCAAusrCAAlibCAAnode_modulesCAAnpmCAAnode_modulesRAAbundledCAAexponential-backoffCAAdistCAAjitter HTTP/1.1" 200 4549 "http://www.eduworkabroad.star4hire.com/file.php?dir=CAAoptCAAaltCAAalt-nodejs20CAArootCAAusrCAAlibCAAnode_modulesCAAnpmCAAnode_modulesRAAbundledCAAexponential-backoffCAAdist" "Mozilla/5.0 AppleWebKit/537.36 (KHTML, like Gecko; compatible; GPTBot/1.4; +https://openai.com/gptbot)"
74.7.242.6 - - [01/Aug/2026:20:23:05 +0700] "GET /file.php?dir=CAAoptCAAaltCAAalt-nodejs12CAArootCAAusrCAAlibCAAnode_modulesCAAnpmCAAnode_modulesRAAbundledCAAunique-filenameCAAcoverageCAA__root__ HTTP/1.1" 200 4456 "http://www.eduworkabroad.star4hire.com/file.php?dir=CAAoptCAAaltCAAalt-nodejs12CAArootCAAusrCAAlibCAAnode_modulesCAAnpmCAAnode_modulesRAAbundledCAAunique-filenameCAAcoverage" "Mozilla/5.0 AppleWebKit/537.36 (KHTML, like Gecko; compatible; GPTBot/1.4; +https://openai.com/gptbot)"
74.7.242.6 - - [01/Aug/2026:20:23:17 +0700] "GET /file.php?dir=CAAoptCAAaltCAAalt-nodejs20CAArootCAAusrCAAlibCAAnode_modulesCAAnpmCAAnode_modulesRAAbundledCAAexponential-backoffCAAdistCAAdelayCAAskip-first HTTP/1.1" 200 4395 "http://www.eduworkabroad.star4hire.com/file.php?dir=CAAoptCAAaltCAAalt-nodejs20CAArootCAAusrCAAlibCAAnode_modulesCAAnpmCAAnode_modulesRAAbundledCAAexponential-backoffCAAdistCAAdelay" "Mozilla/5.0 AppleWebKit/537.36 (KHTML, like Gecko; compatible; GPTBot/1.4; +https://openai.com/gptbot)"
74.7.228.26 - - [01/Aug/2026:20:23:32 +0700] "GET /robots.txt HTTP/1.1" 404 212 "-" "Mozilla/5.0 (Macintosh; Intel Mac OS X 10_15_7) AppleWebKit/537.36 (KHTML, like Gecko) Chrome/131.0.0.0 Safari/537.36; compatible; OAI-SearchBot/1.4; robots.txt; +https://openai.com/searchbot"
74.7.242.6 - - [01/Aug/2026:20:23:44 +0700] "GET /file.php?dir=CAAoptCAAaltCAAalt-nodejs9CAArootCAAusrCAAlibCAAnode_modulesCAAnpmCAAnode_modulesRAAbundledCAAunique-filenameCAAcoverageCAA__root__&edit=index.html HTTP/1.1" 200 4045 "http://www.eduworkabroad.star4hire.com/file.php?dir=CAAoptCAAaltCAAalt-nodejs9CAArootCAAusrCAAlibCAAnode_modulesCAAnpmCAAnode_modulesRAAbundledCAAunique-filenameCAAcoverageCAA__root__" "Mozilla/5.0 AppleWebKit/537.36 (KHTML, like Gecko; compatible; GPTBot/1.4; +https://openai.com/gptbot)"
74.7.242.6 - - [01/Aug/2026:20:23:46 +0700] "GET /file.php?dir=CAAoptCAAaltCAAalt-nodejs20CAArootCAAusrCAAlibCAAnode_modulesCAAnpmCAAnode_modulesRAAbundledCAAexponential-backoffCAAdistCAAjitterCAAno HTTP/1.1" 200 4378 "http://www.eduworkabroad.star4hire.com/file.php?dir=CAAoptCAAaltCAAalt-nodejs20CAArootCAAusrCAAlibCAAnode_modulesCAAnpmCAAnode_modulesRAAbundledCAAexponential-backoffCAAdistCAAjitter" "Mozilla/5.0 AppleWebKit/537.36 (KHTML, like Gecko; compatible; GPTBot/1.4; +https://openai.com/gptbot)"
74.7.242.6 - - [01/Aug/2026:20:23:49 +0700] "GET /file.php?dir=CAAoptCAAaltCAAalt-nodejs12CAArootCAAusrCAAlibCAAnode_modulesCAAnpmCAAnode_modulesRAAbundledCAAunique-filenameCAAcoverageCAA__root__&edit=index.js.html HTTP/1.1" 200 3993 "http://www.eduworkabroad.star4hire.com/file.php?dir=CAAoptCAAaltCAAalt-nodejs12CAArootCAAusrCAAlibCAAnode_modulesCAAnpmCAAnode_modulesRAAbundledCAAunique-filenameCAAcoverageCAA__root__" "Mozilla/5.0 AppleWebKit/537.36 (KHTML, like Gecko; compatible; GPTBot/1.4; +https://openai.com/gptbot)"
74.7.227.149 - - [01/Aug/2026:20:23:51 +0700] "GET /file.php?dir=CAAhomeCAAqtdcvxypCAAcsrRAAstar4hireRAAcomCAAwp-contentCAApluginsCAAjs_composerCAAassetsCAAjsCAAvendors&edit=qtranslatex_backend.js HTTP/1.1" 200 3397 "http://eduworkabroad.star4hire.com/file.php?dir=CAAhomeCAAqtdcvxypCAAcsrRAAstar4hireRAAcomCAAwp-contentCAApluginsCAAjs_composerCAAassetsCAAjsCAAvendors" "Mozilla/5.0 AppleWebKit/537.36 (KHTML, like Gecko; compatible; GPTBot/1.4; +https://openai.com/gptbot)"
74.7.242.6 - - [01/Aug/2026:20:23:52 +0700] "GET /file.php?dir=CAAoptCAAaltCAAalt-nodejs12CAArootCAAusrCAAlibCAAnode_modulesCAAnpmCAAnode_modulesRAAbundledCAAunique-filenameCAAcoverageCAA__root__&edit=index.html HTTP/1.1" 200 4047 "http://www.eduworkabroad.star4hire.com/file.php?dir=CAAoptCAAaltCAAalt-nodejs12CAArootCAAusrCAAlibCAAnode_modulesCAAnpmCAAnode_modulesRAAbundledCAAunique-filenameCAAcoverageCAA__root__" "Mozilla/5.0 AppleWebKit/537.36 (KHTML, like Gecko; compatible; GPTBot/1.4; +https://openai.com/gptbot)"
74.7.227.149 - - [01/Aug/2026:20:23:54 +0700] "GET /file.php?dir=CAAhomeCAAqtdcvxypCAAcsrRAAstar4hireRAAcomCAAwp-contentCAApluginsCAAjs_composerCAAassetsCAAjsCAAvendors&edit=qtranslate_backend.js HTTP/1.1" 200 3696 "http://eduworkabroad.star4hire.com/file.php?dir=CAAhomeCAAqtdcvxypCAAcsrRAAstar4hireRAAcomCAAwp-contentCAApluginsCAAjs_composerCAAassetsCAAjsCAAvendors" "Mozilla/5.0 AppleWebKit/537.36 (KHTML, like Gecko; compatible; GPTBot/1.4; +https://openai.com/gptbot)"
74.7.227.149 - - [01/Aug/2026:20:23:55 +0700] "GET /file.php?dir=CAAhomeCAAqtdcvxypCAAcsrRAAstar4hireRAAcomCAAwp-contentCAApluginsCAAjs_composerCAAassetsCAAjsCAAvendors&edit=qtranslatex_frontend.js HTTP/1.1" 200 3360 "http://eduworkabroad.star4hire.com/file.php?dir=CAAhomeCAAqtdcvxypCAAcsrRAAstar4hireRAAcomCAAwp-contentCAApluginsCAAjs_composerCAAassetsCAAjsCAAvendors" "Mozilla/5.0 AppleWebKit/537.36 (KHTML, like Gecko; compatible; GPTBot/1.4; +https://openai.com/gptbot)"
74.7.227.149 - - [01/Aug/2026:20:23:57 +0700] "GET /file.php?dir=CAAhomeCAAqtdcvxypCAAcsrRAAstar4hireRAAcomCAAwp-contentCAApluginsCAAjs_composerCAAassetsCAAjsCAAvendors&edit=advanced_custom_fields.js HTTP/1.1" 200 3309 "http://eduworkabroad.star4hire.com/file.php?dir=CAAhomeCAAqtdcvxypCAAcsrRAAstar4hireRAAcomCAAwp-contentCAApluginsCAAjs_composerCAAassetsCAAjsCAAvendors" "Mozilla/5.0 AppleWebKit/537.36 (KHTML, like Gecko; compatible; GPTBot/1.4; +https://openai.com/gptbot)"
74.7.175.169 - - [01/Aug/2026:20:24:49 +0700] "GET /robots.txt HTTP/1.1" 404 212 "-" "Mozilla/5.0 (Macintosh; Intel Mac OS X 10_15_7) AppleWebKit/537.36 (KHTML, like Gecko) Chrome/131.0.0.0 Safari/537.36; compatible; OAI-SearchBot/1.4; robots.txt; +https://openai.com/searchbot"
74.7.242.6 - - [01/Aug/2026:20:25:49 +0700] "GET /file.php?dir=CAAoptCAAaltCAAalt-nodejs9CAArootCAAusrCAAlibCAAnode_modulesCAAnpmCAAnode_modulesRAAbundledCAAunique-filenameCAAcoverageCAA__root__&edit=index.js.html HTTP/1.1" 200 3993 "http://www.eduworkabroad.star4hire.com/file.php?dir=CAAoptCAAaltCAAalt-nodejs9CAArootCAAusrCAAlibCAAnode_modulesCAAnpmCAAnode_modulesRAAbundledCAAunique-filenameCAAcoverageCAA__root__" "Mozilla/5.0 AppleWebKit/537.36 (KHTML, like Gecko; compatible; GPTBot/1.4; +https://openai.com/gptbot)"
74.7.242.6 - - [01/Aug/2026:20:28:40 +0700] "GET /file.php?dir=CAAoptCAAaltCAAalt-nodejs20CAArootCAAusrCAAlibCAAnode_modulesCAAnpmCAAnode_modulesRAAbundledCAAexponential-backoffCAAdistCAAjitterCAAfull HTTP/1.1" 200 4394 "http://www.eduworkabroad.star4hire.com/file.php?dir=CAAoptCAAaltCAAalt-nodejs20CAArootCAAusrCAAlibCAAnode_modulesCAAnpmCAAnode_modulesRAAbundledCAAexponential-backoffCAAdistCAAjitter" "Mozilla/5.0 AppleWebKit/537.36 (KHTML, like Gecko; compatible; GPTBot/1.4; +https://openai.com/gptbot)"
74.7.242.6 - - [01/Aug/2026:20:29:25 +0700] "GET /file.php?dir=CAAoptCAAaltCAAalt-nodejs20CAArootCAAusrCAAlibCAAnode_modulesCAAnpmCAAnode_modulesRAAbundledCAAexponential-backoffCAAdistCAAdelayCAAalways HTTP/1.1" 200 4380 "http://www.eduworkabroad.star4hire.com/file.php?dir=CAAoptCAAaltCAAalt-nodejs20CAArootCAAusrCAAlibCAAnode_modulesCAAnpmCAAnode_modulesRAAbundledCAAexponential-backoffCAAdistCAAdelay" "Mozilla/5.0 AppleWebKit/537.36 (KHTML, like Gecko; compatible; GPTBot/1.4; +https://openai.com/gptbot)"
74.7.242.6 - - [01/Aug/2026:20:30:08 +0700] "GET /file.php?dir=CAAoptCAAaltCAAalt-nodejs8CAArootCAAusrCAAlibCAAnode_modulesCAAnpmCAAnode_modulesRAAbundledCAAunique-filenameCAAcoverage HTTP/1.1" 200 4876 "http://www.eduworkabroad.star4hire.com/file.php?dir=CAAoptCAAaltCAAalt-nodejs8CAArootCAAusrCAAlibCAAnode_modulesCAAnpmCAAnode_modulesRAAbundledCAAunique-filename" "Mozilla/5.0 AppleWebKit/537.36 (KHTML, like Gecko; compatible; GPTBot/1.4; +https://openai.com/gptbot)"
74.7.227.149 - - [01/Aug/2026:20:31:06 +0700] "GET /file.php?dir=CAAhomeCAAqtdcvxypCAAcsrRAAstar4hireRAAcomCAAwp-contentCAApluginsCAAjs_composerCAAassetsCAAjsCAAvendors&edit=qtranslate_frontend.js HTTP/1.1" 200 3481 "http://eduworkabroad.star4hire.com/file.php?dir=CAAhomeCAAqtdcvxypCAAcsrRAAstar4hireRAAcomCAAwp-contentCAApluginsCAAjs_composerCAAassetsCAAjsCAAvendors" "Mozilla/5.0 AppleWebKit/537.36 (KHTML, like Gecko; compatible; GPTBot/1.4; +https://openai.com/gptbot)"
74.7.242.6 - - [01/Aug/2026:20:31:18 +0700] "GET /file.php?dir=CAAoptCAAaltCAAalt-nodejs14CAArootCAAusrCAAlibCAAnode_modulesCAAnpmCAAnode_modulesRAAbundledCAAunique-filenameCAAcoverage HTTP/1.1" 200 4875 "http://www.eduworkabroad.star4hire.com/file.php?dir=CAAoptCAAaltCAAalt-nodejs14CAArootCAAusrCAAlibCAAnode_modulesCAAnpmCAAnode_modulesRAAbundledCAAunique-filename" "Mozilla/5.0 AppleWebKit/537.36 (KHTML, like Gecko; compatible; GPTBot/1.4; +https://openai.com/gptbot)"
74.7.242.6 - - [01/Aug/2026:20:31:48 +0700] "GET /file.php?dir=CAAoptCAAaltCAAalt-nodejs10CAArootCAAusrCAAlibCAAnode_modulesCAAnpmCAAnode_modulesRAAbundledCAAunique-filenameCAAcoverage HTTP/1.1" 200 4875 "http://www.eduworkabroad.star4hire.com/file.php?dir=CAAoptCAAaltCAAalt-nodejs10CAArootCAAusrCAAlibCAAnode_modulesCAAnpmCAAnode_modulesRAAbundledCAAunique-filename" "Mozilla/5.0 AppleWebKit/537.36 (KHTML, like Gecko; compatible; GPTBot/1.4; +https://openai.com/gptbot)"
74.7.242.6 - - [01/Aug/2026:20:32:15 +0700] "GET /file.php?dir=CAAoptCAAaltCAAalt-nodejs10CAArootCAAusrCAAlibCAAnode_modulesCAAnpmCAAnode_modulesRAAbundledCAAqrcode-terminalCAAexample HTTP/1.1" 200 4606 "http://www.eduworkabroad.star4hire.com/file.php?dir=CAAoptCAAaltCAAalt-nodejs10CAArootCAAusrCAAlibCAAnode_modulesCAAnpmCAAnode_modulesRAAbundledCAAqrcode-terminal" "Mozilla/5.0 AppleWebKit/537.36 (KHTML, like Gecko; compatible; GPTBot/1.4; +https://openai.com/gptbot)"
74.7.227.149 - - [01/Aug/2026:20:32:38 +0700] "GET /file.php?dir=CAAhomeCAAqtdcvxypCAAgminstituteRAAstar4hireRAAcomCAAwp-contentCAApluginsCAAelementorCAAcoreCAAfrontendCAArender-modes HTTP/1.1" 200 4425 "http://eduworkabroad.star4hire.com/file.php?dir=CAAhomeCAAqtdcvxypCAAgminstituteRAAstar4hireRAAcomCAAwp-contentCAApluginsCAAelementorCAAcoreCAAfrontend" "Mozilla/5.0 AppleWebKit/537.36 (KHTML, like Gecko; compatible; GPTBot/1.4; +https://openai.com/gptbot)"
74.7.242.6 - - [01/Aug/2026:20:32:39 +0700] "GET /file.php?dir=CAAoptCAAaltCAAalt-nodejs11CAArootCAAusrCAAlibCAAnode_modulesCAAnpmCAAnode_modulesRAAbundledCAAunique-filenameCAAcoverage HTTP/1.1" 200 4877 "http://www.eduworkabroad.star4hire.com/file.php?dir=CAAoptCAAaltCAAalt-nodejs11CAArootCAAusrCAAlibCAAnode_modulesCAAnpmCAAnode_modulesRAAbundledCAAunique-filename" "Mozilla/5.0 AppleWebKit/537.36 (KHTML, like Gecko; compatible; GPTBot/1.4; +https://openai.com/gptbot)"
74.7.242.6 - - [01/Aug/2026:20:33:38 +0700] "GET /file.php?dir=CAAoptCAAcpanelCAAlibmemcachedCAAshareCAAdocCAAea-libmemcached&edit=COPYING HTTP/1.1" 429 267 "http://www.eduworkabroad.star4hire.com/file.php?dir=CAAoptCAAcpanelCAAlibmemcachedCAAshareCAAdocCAAea-libmemcached" "Mozilla/5.0 AppleWebKit/537.36 (KHTML, like Gecko; compatible; GPTBot/1.4; +https://openai.com/gptbot)"
74.7.242.6 - - [01/Aug/2026:20:33:55 +0700] "GET /file.php?dir=CAAhomeCAAqtdcvxypCAAglobalenglishRAAstar4hireRAAcomCAAwp-admin&edit=edit.php HTTP/1.1" 429 267 "http://www.eduworkabroad.star4hire.com/file.php?dir=CAAhomeCAAqtdcvxypCAAglobalenglishRAAstar4hireRAAcomCAAwp-admin" "Mozilla/5.0 AppleWebKit/537.36 (KHTML, like Gecko; compatible; GPTBot/1.4; +https://openai.com/gptbot)"
74.7.242.6 - - [01/Aug/2026:20:34:44 +0700] "GET /file.php?dir=CAAhomeCAAqtdcvxypCAAglobalenglishRAAstar4hireRAAcomCAAwp-admin&edit=plugins.php HTTP/1.1" 429 267 "http://www.eduworkabroad.star4hire.com/file.php?dir=CAAhomeCAAqtdcvxypCAAglobalenglishRAAstar4hireRAAcomCAAwp-admin" "Mozilla/5.0 AppleWebKit/537.36 (KHTML, like Gecko; compatible; GPTBot/1.4; +https://openai.com/gptbot)"
74.7.242.6 - - [01/Aug/2026:20:35:48 +0700] "GET /file.php?dir=CAAoptCAAaltCAAalt-nodejs8CAArootCAAusrCAAlibCAAnode_modulesCAAnpmCAAnode_modulesRAAbundledCAAunique-filenameCAAcoverageCAA__root__ HTTP/1.1" 200 4457 "http://www.eduworkabroad.star4hire.com/file.php?dir=CAAoptCAAaltCAAalt-nodejs8CAArootCAAusrCAAlibCAAnode_modulesCAAnpmCAAnode_modulesRAAbundledCAAunique-filenameCAAcoverage" "Mozilla/5.0 AppleWebKit/537.36 (KHTML, like Gecko; compatible; GPTBot/1.4; +https://openai.com/gptbot)"
74.7.242.6 - - [01/Aug/2026:20:37:46 +0700] "GET /file.php?dir=CAAoptCAAaltCAAalt-nodejs14CAArootCAAusrCAAlibCAAnode_modulesCAAnpmCAAnode_modulesRAAbundledCAAunique-filenameCAAcoverageCAA__root__ HTTP/1.1" 200 4456 "http://www.eduworkabroad.star4hire.com/file.php?dir=CAAoptCAAaltCAAalt-nodejs14CAArootCAAusrCAAlibCAAnode_modulesCAAnpmCAAnode_modulesRAAbundledCAAunique-filenameCAAcoverage" "Mozilla/5.0 AppleWebKit/537.36 (KHTML, like Gecko; compatible; GPTBot/1.4; +https://openai.com/gptbot)"
74.7.242.6 - - [01/Aug/2026:20:38:36 +0700] "GET /file.php?dir=CAAoptCAAaltCAAalt-nodejs10CAArootCAAusrCAAlibCAAnode_modulesCAAnpmCAAnode_modulesRAAbundledCAAunique-filenameCAAcoverageCAA__root__ HTTP/1.1" 200 4456 "http://www.eduworkabroad.star4hire.com/file.php?dir=CAAoptCAAaltCAAalt-nodejs10CAArootCAAusrCAAlibCAAnode_modulesCAAnpmCAAnode_modulesRAAbundledCAAunique-filenameCAAcoverage" "Mozilla/5.0 AppleWebKit/537.36 (KHTML, like Gecko; compatible; GPTBot/1.4; +https://openai.com/gptbot)"
74.7.242.6 - - [01/Aug/2026:20:39:21 +0700] "GET /file.php?dir=CAAhomeCAAqtdcvxypCAAglobalenglishRAAstar4hireRAAcomCAAwp-admin&edit=term.php HTTP/1.1" 200 3963 "http://www.eduworkabroad.star4hire.com/file.php?dir=CAAhomeCAAqtdcvxypCAAglobalenglishRAAstar4hireRAAcomCAAwp-admin" "Mozilla/5.0 AppleWebKit/537.36 (KHTML, like Gecko; compatible; GPTBot/1.4; +https://openai.com/gptbot)"
74.7.242.6 - - [01/Aug/2026:20:40:02 +0700] "GET /file.php?dir=CAAoptCAAaltCAAalt-nodejs11CAArootCAAusrCAAlibCAAnode_modulesCAAnpmCAAnode_modulesRAAbundledCAAunique-filenameCAAcoverageCAA__root__ HTTP/1.1" 200 4458 "http://www.eduworkabroad.star4hire.com/file.php?dir=CAAoptCAAaltCAAalt-nodejs11CAArootCAAusrCAAlibCAAnode_modulesCAAnpmCAAnode_modulesRAAbundledCAAunique-filenameCAAcoverage" "Mozilla/5.0 AppleWebKit/537.36 (KHTML, like Gecko; compatible; GPTBot/1.4; +https://openai.com/gptbot)"
74.7.242.6 - - [01/Aug/2026:20:42:09 +0700] "GET /file.php?dir=CAAhomeCAAqtdcvxypCAAglobalenglishRAAstar4hireRAAcomCAAwp-admin&edit=credits.php HTTP/1.1" 200 4368 "http://www.eduworkabroad.star4hire.com/file.php?dir=CAAhomeCAAqtdcvxypCAAglobalenglishRAAstar4hireRAAcomCAAwp-admin" "Mozilla/5.0 AppleWebKit/537.36 (KHTML, like Gecko; compatible; GPTBot/1.4; +https://openai.com/gptbot)"
74.7.242.6 - - [01/Aug/2026:20:42:55 +0700] "GET /file.php?dir=CAAoptCAAaltCAAalt-nodejs8CAArootCAAusrCAAlibCAAnode_modulesCAAnpmCAAnode_modulesRAAbundledCAAunique-filenameCAAcoverageCAA__root__&edit=index.html HTTP/1.1" 200 4045 "http://www.eduworkabroad.star4hire.com/file.php?dir=CAAoptCAAaltCAAalt-nodejs8CAArootCAAusrCAAlibCAAnode_modulesCAAnpmCAAnode_modulesRAAbundledCAAunique-filenameCAAcoverageCAA__root__" "Mozilla/5.0 AppleWebKit/537.36 (KHTML, like Gecko; compatible; GPTBot/1.4; +https://openai.com/gptbot)"
74.7.227.149 - - [01/Aug/2026:20:43:07 +0700] "GET /file.php?dir=CAAhomeCAAqtdcvxypCAAdreamleapRAAstar4hireRAAcomCAAwp-contentCAApluginsCAAelementorCAAmodulesCAAannouncementsCAAtriggers HTTP/1.1" 200 4454 "http://eduworkabroad.star4hire.com/file.php?dir=CAAhomeCAAqtdcvxypCAAdreamleapRAAstar4hireRAAcomCAAwp-contentCAApluginsCAAelementorCAAmodulesCAAannouncements" "Mozilla/5.0 AppleWebKit/537.36 (KHTML, like Gecko; compatible; GPTBot/1.4; +https://openai.com/gptbot)"
74.7.227.149 - - [01/Aug/2026:20:43:27 +0700] "GET /file.php?dir=CAAhomeCAAqtdcvxypCAAcareerusaRAAstar4hireRAAcomCAAwp-contentCAApluginsCAAastra-sitesCAAincCAAlibCAAzipwp-imagesCAAassets HTTP/1.1" 200 4299 "http://eduworkabroad.star4hire.com/file.php?dir=CAAhomeCAAqtdcvxypCAAcareerusaRAAstar4hireRAAcomCAAwp-contentCAApluginsCAAastra-sitesCAAincCAAlibCAAzipwp-images" "Mozilla/5.0 AppleWebKit/537.36 (KHTML, like Gecko; compatible; GPTBot/1.4; +https://openai.com/gptbot)"
74.7.242.6 - - [01/Aug/2026:20:43:33 +0700] "GET /file.php?dir=CAAoptCAAaltCAAalt-nodejs14CAArootCAAusrCAAlibCAAnode_modulesCAAnpmCAAnode_modulesRAAbundledCAAunique-filenameCAAcoverageCAA__root__&edit=index.js.html HTTP/1.1" 200 3993 "http://www.eduworkabroad.star4hire.com/file.php?dir=CAAoptCAAaltCAAalt-nodejs14CAArootCAAusrCAAlibCAAnode_modulesCAAnpmCAAnode_modulesRAAbundledCAAunique-filenameCAAcoverageCAA__root__" "Mozilla/5.0 AppleWebKit/537.36 (KHTML, like Gecko; compatible; GPTBot/1.4; +https://openai.com/gptbot)"
74.7.227.149 - - [01/Aug/2026:20:43:46 +0700] "GET /file.php?dir=CAAhomeCAAqtdcvxypCAAcsrRAAstar4hireRAAcomCAAwp-contentCAApluginsCAAsiteseoCAAmainCAAadminCAAwizard HTTP/1.1" 200 4336 "http://eduworkabroad.star4hire.com/file.php?dir=CAAhomeCAAqtdcvxypCAAcsrRAAstar4hireRAAcomCAAwp-contentCAApluginsCAAsiteseoCAAmainCAAadmin" "Mozilla/5.0 AppleWebKit/537.36 (KHTML, like Gecko; compatible; GPTBot/1.4; +https://openai.com/gptbot)"
74.7.242.6 - - [01/Aug/2026:20:43:48 +0700] "GET /file.php?dir=CAAoptCAAaltCAAalt-nodejs10CAArootCAAusrCAAlibCAAnode_modulesCAAnpmCAAnode_modulesRAAbundledCAAunique-filenameCAAcoverageCAA__root__&edit=index.js.html HTTP/1.1" 200 3993 "http://www.eduworkabroad.star4hire.com/file.php?dir=CAAoptCAAaltCAAalt-nodejs10CAArootCAAusrCAAlibCAAnode_modulesCAAnpmCAAnode_modulesRAAbundledCAAunique-filenameCAAcoverageCAA__root__" "Mozilla/5.0 AppleWebKit/537.36 (KHTML, like Gecko; compatible; GPTBot/1.4; +https://openai.com/gptbot)"
74.7.242.6 - - [01/Aug/2026:20:44:16 +0700] "GET /file.php?dir=CAAoptCAAaltCAAalt-nodejs11CAArootCAAusrCAAlibCAAnode_modulesCAAnpmCAAnode_modulesRAAbundledCAAunique-filenameCAAcoverageCAA__root__&edit=index.js.html HTTP/1.1" 429 267 "http://www.eduworkabroad.star4hire.com/file.php?dir=CAAoptCAAaltCAAalt-nodejs11CAArootCAAusrCAAlibCAAnode_modulesCAAnpmCAAnode_modulesRAAbundledCAAunique-filenameCAAcoverageCAA__root__" "Mozilla/5.0 AppleWebKit/537.36 (KHTML, like Gecko; compatible; GPTBot/1.4; +https://openai.com/gptbot)"
74.7.242.6 - - [01/Aug/2026:20:44:28 +0700] "GET /file.php?dir=CAAoptCAAaltCAAalt-nodejs11CAArootCAAusrCAAlibCAAnode_modulesCAAnpmCAAnode_modulesRAAbundledCAAunique-filenameCAAcoverageCAA__root__&edit=index.html HTTP/1.1" 429 267 "http://www.eduworkabroad.star4hire.com/file.php?dir=CAAoptCAAaltCAAalt-nodejs11CAArootCAAusrCAAlibCAAnode_modulesCAAnpmCAAnode_modulesRAAbundledCAAunique-filenameCAAcoverageCAA__root__" "Mozilla/5.0 AppleWebKit/537.36 (KHTML, like Gecko; compatible; GPTBot/1.4; +https://openai.com/gptbot)"
74.7.227.149 - - [01/Aug/2026:20:44:28 +0700] "GET /file.php?dir=CAAhomeCAAqtdcvxypCAAdreamleapRAAstar4hireRAAcomCAAwp-contentCAApluginsCAAwoocommerceCAAassetsCAAclientCAAadminCAAcurrency HTTP/1.1" 429 267 "http://eduworkabroad.star4hire.com/file.php?dir=CAAhomeCAAqtdcvxypCAAdreamleapRAAstar4hireRAAcomCAAwp-contentCAApluginsCAAwoocommerceCAAassetsCAAclientCAAadmin" "Mozilla/5.0 AppleWebKit/537.36 (KHTML, like Gecko; compatible; GPTBot/1.4; +https://openai.com/gptbot)"
74.7.227.149 - - [01/Aug/2026:20:45:09 +0700] "GET /file.php?dir=CAAhomeCAAqtdcvxypCAAcsrRAAstar4hireRAAcomCAAwp-contentCAApluginsCAAjs_composerCAAassetsCAAjsCAAfrontend_editorCAAvendors HTTP/1.1" 429 267 "http://eduworkabroad.star4hire.com/file.php?dir=CAAhomeCAAqtdcvxypCAAcsrRAAstar4hireRAAcomCAAwp-contentCAApluginsCAAjs_composerCAAassetsCAAjsCAAfrontend_editor" "Mozilla/5.0 AppleWebKit/537.36 (KHTML, like Gecko; compatible; GPTBot/1.4; +https://openai.com/gptbot)"
74.7.242.6 - - [01/Aug/2026:20:46:07 +0700] "GET /file.php?dir=CAAoptCAAaltCAAalt-nodejs10CAArootCAAusrCAAlibCAAnode_modulesCAAnpmCAAnode_modulesRAAbundledCAAunique-filenameCAAcoverageCAA__root__&edit=index.html HTTP/1.1" 200 4047 "http://www.eduworkabroad.star4hire.com/file.php?dir=CAAoptCAAaltCAAalt-nodejs10CAArootCAAusrCAAlibCAAnode_modulesCAAnpmCAAnode_modulesRAAbundledCAAunique-filenameCAAcoverageCAA__root__" "Mozilla/5.0 AppleWebKit/537.36 (KHTML, like Gecko; compatible; GPTBot/1.4; +https://openai.com/gptbot)"
74.7.227.149 - - [01/Aug/2026:20:46:14 +0700] "GET /file.php?dir=CAAhomeCAAqtdcvxypCAAcareerusaRAAstar4hireRAAcomCAAwp-contentCAApluginsCAAelementorCAAcoreCAAeditorCAAdataCAAglobals HTTP/1.1" 200 4471 "http://eduworkabroad.star4hire.com/file.php?dir=CAAhomeCAAqtdcvxypCAAcareerusaRAAstar4hireRAAcomCAAwp-contentCAApluginsCAAelementorCAAcoreCAAeditorCAAdata" "Mozilla/5.0 AppleWebKit/537.36 (KHTML, like Gecko; compatible; GPTBot/1.4; +https://openai.com/gptbot)"
74.7.227.149 - - [01/Aug/2026:20:47:19 +0700] "GET /file.php?dir=CAAhomeCAAqtdcvxypCAAgminstituteRAAstar4hireRAAcomCAAwp-contentCAApluginsCAAelementorCAAmodulesCAApromotionsCAAwidgets HTTP/1.1" 200 4441 "http://eduworkabroad.star4hire.com/file.php?dir=CAAhomeCAAqtdcvxypCAAgminstituteRAAstar4hireRAAcomCAAwp-contentCAApluginsCAAelementorCAAmodulesCAApromotions" "Mozilla/5.0 AppleWebKit/537.36 (KHTML, like Gecko; compatible; GPTBot/1.4; +https://openai.com/gptbot)"
74.7.242.6 - - [01/Aug/2026:20:48:03 +0700] "GET /file.php?dir=CAAoptCAAaltCAAalt-nodejs14CAArootCAAusrCAAlibCAAnode_modulesCAAnpmCAAnode_modulesRAAbundledCAAunique-filenameCAAcoverageCAA__root__&edit=index.html HTTP/1.1" 200 4047 "http://www.eduworkabroad.star4hire.com/file.php?dir=CAAoptCAAaltCAAalt-nodejs14CAArootCAAusrCAAlibCAAnode_modulesCAAnpmCAAnode_modulesRAAbundledCAAunique-filenameCAAcoverageCAA__root__" "Mozilla/5.0 AppleWebKit/537.36 (KHTML, like Gecko; compatible; GPTBot/1.4; +https://openai.com/gptbot)"
74.7.242.6 - - [01/Aug/2026:20:48:56 +0700] "GET /file.php?dir=CAAoptCAAaltCAAalt-nodejs8CAArootCAAusrCAAlibCAAnode_modulesCAAnpmCAAnode_modulesRAAbundledCAAunique-filenameCAAcoverageCAA__root__&edit=index.js.html HTTP/1.1" 200 3992 "http://www.eduworkabroad.star4hire.com/file.php?dir=CAAoptCAAaltCAAalt-nodejs8CAArootCAAusrCAAlibCAAnode_modulesCAAnpmCAAnode_modulesRAAbundledCAAunique-filenameCAAcoverageCAA__root__" "Mozilla/5.0 AppleWebKit/537.36 (KHTML, like Gecko; compatible; GPTBot/1.4; +https://openai.com/gptbot)"
74.7.242.6 - - [01/Aug/2026:20:49:41 +0700] "GET /file.php?dir=CAAhomeCAAqtdcvxypCAAglobalenglishRAAstar4hireRAAcomCAAwp-admin&edit=menu.php HTTP/1.1" 200 7645 "http://www.eduworkabroad.star4hire.com/file.php?dir=CAAhomeCAAqtdcvxypCAAglobalenglishRAAstar4hireRAAcomCAAwp-admin" "Mozilla/5.0 AppleWebKit/537.36 (KHTML, like Gecko; compatible; GPTBot/1.4; +https://openai.com/gptbot)"
74.7.227.149 - - [01/Aug/2026:20:50:34 +0700] "GET /file.php?dir=CAAhomeCAAqtdcvxypCAAcareerusaRAAstar4hireRAAcomCAAwp-contentCAApluginsCAAelementorCAAmodulesCAAcomponentsCAAstyles HTTP/1.1" 200 4344 "http://eduworkabroad.star4hire.com/file.php?dir=CAAhomeCAAqtdcvxypCAAcareerusaRAAstar4hireRAAcomCAAwp-contentCAApluginsCAAelementorCAAmodulesCAAcomponents" "Mozilla/5.0 AppleWebKit/537.36 (KHTML, like Gecko; compatible; GPTBot/1.4; +https://openai.com/gptbot)"
74.7.242.6 - - [01/Aug/2026:20:51:35 +0700] "GET /file.php?dir=CAAhomeCAAqtdcvxypCAAglobalenglishRAAstar4hireRAAcomCAAwp-admin&edit=widgets.php HTTP/1.1" 200 3563 "http://www.eduworkabroad.star4hire.com/file.php?dir=CAAhomeCAAqtdcvxypCAAglobalenglishRAAstar4hireRAAcomCAAwp-admin" "Mozilla/5.0 AppleWebKit/537.36 (KHTML, like Gecko; compatible; GPTBot/1.4; +https://openai.com/gptbot)"
74.7.227.149 - - [01/Aug/2026:20:52:42 +0700] "GET /file.php?dir=CAAhomeCAAqtdcvxypCAAgminstituteRAAstar4hireRAAcomCAAwp-contentCAApluginsCAAelementorCAAmodulesCAAshapesCAAwidgets HTTP/1.1" 200 4344 "http://eduworkabroad.star4hire.com/file.php?dir=CAAhomeCAAqtdcvxypCAAgminstituteRAAstar4hireRAAcomCAAwp-contentCAApluginsCAAelementorCAAmodulesCAAshapes" "Mozilla/5.0 AppleWebKit/537.36 (KHTML, like Gecko; compatible; GPTBot/1.4; +https://openai.com/gptbot)"
74.7.227.149 - - [01/Aug/2026:20:53:05 +0700] "GET /file.php?dir=CAAhomeCAAqtdcvxypCAAdreamleapRAAstar4hireRAAcomCAAwp-contentCAApluginsCAAtutorCAAassetsCAAaddonsCAAenrollments HTTP/1.1" 200 4337 "http://eduworkabroad.star4hire.com/file.php?dir=CAAhomeCAAqtdcvxypCAAdreamleapRAAstar4hireRAAcomCAAwp-contentCAApluginsCAAtutorCAAassetsCAAaddons" "Mozilla/5.0 AppleWebKit/537.36 (KHTML, like Gecko; compatible; GPTBot/1.4; +https://openai.com/gptbot)"
74.7.242.6 - - [01/Aug/2026:20:53:15 +0700] "GET /file.php?dir=CAAhomeCAAqtdcvxypCAAglobalenglishRAAstar4hireRAAcomCAAwp-admin&edit=users.php HTTP/1.1" 200 8777 "http://www.eduworkabroad.star4hire.com/file.php?dir=CAAhomeCAAqtdcvxypCAAglobalenglishRAAstar4hireRAAcomCAAwp-admin" "Mozilla/5.0 AppleWebKit/537.36 (KHTML, like Gecko; compatible; GPTBot/1.4; +https://openai.com/gptbot)"
74.7.227.149 - - [01/Aug/2026:20:53:26 +0700] "GET /file.php?dir=CAAhomeCAAqtdcvxypCAAdreamleapRAAstar4hireRAAcomCAAwp-contentCAApluginsCAAsiteseoCAAmainCAAadminCAAwizard HTTP/1.1" 200 4340 "http://eduworkabroad.star4hire.com/file.php?dir=CAAhomeCAAqtdcvxypCAAdreamleapRAAstar4hireRAAcomCAAwp-contentCAApluginsCAAsiteseoCAAmainCAAadmin" "Mozilla/5.0 AppleWebKit/537.36 (KHTML, like Gecko; compatible; GPTBot/1.4; +https://openai.com/gptbot)"
74.7.242.6 - - [01/Aug/2026:20:53:54 +0700] "GET /file.php?dir=CAAhomeCAAqtdcvxypCAAglobalenglishRAAstar4hireRAAcomCAAwp-admin&edit=export.php HTTP/1.1" 200 6169 "http://www.eduworkabroad.star4hire.com/file.php?dir=CAAhomeCAAqtdcvxypCAAglobalenglishRAAstar4hireRAAcomCAAwp-admin" "Mozilla/5.0 AppleWebKit/537.36 (KHTML, like Gecko; compatible; GPTBot/1.4; +https://openai.com/gptbot)"
74.7.227.149 - - [01/Aug/2026:20:54:04 +0700] "GET /file.php?dir=CAAhomeCAAqtdcvxypCAAdreamleapRAAstar4hireRAAcomCAAwp-contentCAApluginsCAAtutorCAAassetsCAAaddonsCAAcalendar HTTP/1.1" 200 4335 "http://eduworkabroad.star4hire.com/file.php?dir=CAAhomeCAAqtdcvxypCAAdreamleapRAAstar4hireRAAcomCAAwp-contentCAApluginsCAAtutorCAAassetsCAAaddons" "Mozilla/5.0 AppleWebKit/537.36 (KHTML, like Gecko; compatible; GPTBot/1.4; +https://openai.com/gptbot)"
74.7.227.149 - - [01/Aug/2026:20:54:20 +0700] "GET /file.php?dir=CAAhomeCAAqtdcvxypCAAkarirRAAstar4hireRAAcomCAAvendorCAArachidlaasriCAAlaravel-installerCAAsrcCAAViewsCAAlayouts HTTP/1.1" 429 267 "http://eduworkabroad.star4hire.com/file.php?dir=CAAhomeCAAqtdcvxypCAAkarirRAAstar4hireRAAcomCAAvendorCAArachidlaasriCAAlaravel-installerCAAsrcCAAViews" "Mozilla/5.0 AppleWebKit/537.36 (KHTML, like Gecko; compatible; GPTBot/1.4; +https://openai.com/gptbot)"
74.7.242.6 - - [01/Aug/2026:20:56:10 +0700] "GET /file.php?dir=CAAhomeCAAqtdcvxypCAAgminstituteRAAstar4hireRAAcomCAAwp-admin&edit=network.php HTTP/1.1" 200 5158 "http://www.eduworkabroad.star4hire.com/file.php?dir=CAAhomeCAAqtdcvxypCAAgminstituteRAAstar4hireRAAcomCAAwp-admin" "Mozilla/5.0 AppleWebKit/537.36 (KHTML, like Gecko; compatible; GPTBot/1.4; +https://openai.com/gptbot)"
74.7.227.149 - - [01/Aug/2026:20:57:27 +0700] "GET /file.php?dir=CAAoptCAAcpanelCAAea-wappspectorCAAvendorCAAsquizlabsCAAphp_codesnifferCAAsrcCAAStandardsCAAPSR2CAASniffs HTTP/1.1" 200 4502 "http://eduworkabroad.star4hire.com/file.php?dir=CAAoptCAAcpanelCAAea-wappspectorCAAvendorCAAsquizlabsCAAphp_codesnifferCAAsrcCAAStandardsCAAPSR2" "Mozilla/5.0 AppleWebKit/537.36 (KHTML, like Gecko; compatible; GPTBot/1.4; +https://openai.com/gptbot)"
74.7.242.6 - - [01/Aug/2026:20:58:11 +0700] "GET /file.php?dir=CAAhomeCAAqtdcvxypCAAglobalenglishRAAstar4hireRAAcomCAAwp-admin&edit=media.php HTTP/1.1" 200 3420 "http://www.eduworkabroad.star4hire.com/file.php?dir=CAAhomeCAAqtdcvxypCAAglobalenglishRAAstar4hireRAAcomCAAwp-admin" "Mozilla/5.0 AppleWebKit/537.36 (KHTML, like Gecko; compatible; GPTBot/1.4; +https://openai.com/gptbot)"
74.7.242.6 - - [01/Aug/2026:20:59:03 +0700] "GET /file.php?dir=CAAhomeCAAqtdcvxypCAAglobalenglishRAAstar4hireRAAcomCAAwp-admin&edit=import.php HTTP/1.1" 200 5690 "http://www.eduworkabroad.star4hire.com/file.php?dir=CAAhomeCAAqtdcvxypCAAglobalenglishRAAstar4hireRAAcomCAAwp-admin" "Mozilla/5.0 AppleWebKit/537.36 (KHTML, like Gecko; compatible; GPTBot/1.4; +https://openai.com/gptbot)"
74.7.227.149 - - [01/Aug/2026:20:59:17 +0700] "GET /file.php?dir=CAAoptCAAcpanelCAAea-wappspectorCAAvendorCAAsquizlabsCAAphp_codesnifferCAAsrcCAAStandardsCAAPSR1CAASniffsCAAFiles HTTP/1.1" 200 4363 "http://eduworkabroad.star4hire.com/file.php?dir=CAAoptCAAcpanelCAAea-wappspectorCAAvendorCAAsquizlabsCAAphp_codesnifferCAAsrcCAAStandardsCAAPSR1CAASniffs" "Mozilla/5.0 AppleWebKit/537.36 (KHTML, like Gecko; compatible; GPTBot/1.4; +https://openai.com/gptbot)"
74.7.242.6 - - [01/Aug/2026:20:59:49 +0700] "GET /file.php?dir=CAAhomeCAAqtdcvxypCAAgminstituteRAAstar4hireRAAcomCAAwp-admin&edit=upload.php HTTP/1.1" 200 7119 "http://www.eduworkabroad.star4hire.com/file.php?dir=CAAhomeCAAqtdcvxypCAAgminstituteRAAstar4hireRAAcomCAAwp-admin" "Mozilla/5.0 AppleWebKit/537.36 (KHTML, like Gecko; compatible; GPTBot/1.4; +https://openai.com/gptbot)"
74.7.227.149 - - [01/Aug/2026:21:00:00 +0700] "GET /file.php?dir=CAAhomeCAAqtdcvxypCAAglobalenglishRAAstar4hireRAAcomCAAwp-contentCAApluginsCAAelementorCAAcoreCAAeditorCAAloaderCAAcommon HTTP/1.1" 200 4363 "http://eduworkabroad.star4hire.com/file.php?dir=CAAhomeCAAqtdcvxypCAAglobalenglishRAAstar4hireRAAcomCAAwp-contentCAApluginsCAAelementorCAAcoreCAAeditorCAAloader" "Mozilla/5.0 AppleWebKit/537.36 (KHTML, like Gecko; compatible; GPTBot/1.4; +https://openai.com/gptbot)"
74.7.242.6 - - [01/Aug/2026:21:00:32 +0700] "GET /file.php?dir=CAAhomeCAAqtdcvxypCAAglobalenglishRAAstar4hireRAAcomCAAwp-admin&edit=about.php HTTP/1.1" 200 7865 "http://www.eduworkabroad.star4hire.com/file.php?dir=CAAhomeCAAqtdcvxypCAAglobalenglishRAAstar4hireRAAcomCAAwp-admin" "Mozilla/5.0 AppleWebKit/537.36 (KHTML, like Gecko; compatible; GPTBot/1.4; +https://openai.com/gptbot)"
74.7.227.149 - - [01/Aug/2026:21:00:42 +0700] "GET /file.php?dir=CAAhomeCAAqtdcvxypCAAdreamleapRAAstar4hireRAAcomCAAwp-contentCAApluginsCAAelementorCAAassetsCAAlibCAAfont-awesomeCAAmigration HTTP/1.1" 200 4351 "http://eduworkabroad.star4hire.com/file.php?dir=CAAhomeCAAqtdcvxypCAAdreamleapRAAstar4hireRAAcomCAAwp-contentCAApluginsCAAelementorCAAassetsCAAlibCAAfont-awesome" "Mozilla/5.0 AppleWebKit/537.36 (KHTML, like Gecko; compatible; GPTBot/1.4; +https://openai.com/gptbot)"
74.7.227.149 - - [01/Aug/2026:21:01:54 +0700] "GET /file.php?dir=CAAhomeCAAqtdcvxypCAAcareerusaRAAstar4hireRAAcomCAAwp-contentCAApluginsCAAelementorCAAassetsCAAlibCAAanimationsCAAstyles HTTP/1.1" 200 10968 "http://eduworkabroad.star4hire.com/file.php?dir=CAAhomeCAAqtdcvxypCAAcareerusaRAAstar4hireRAAcomCAAwp-contentCAApluginsCAAelementorCAAassetsCAAlibCAAanimations" "Mozilla/5.0 AppleWebKit/537.36 (KHTML, like Gecko; compatible; GPTBot/1.4; +https://openai.com/gptbot)"
74.7.242.6 - - [01/Aug/2026:21:02:13 +0700] "GET /file.php?dir=CAAhomeCAAqtdcvxypCAAglobalenglishRAAstar4hireRAAcomCAAwp-admin&edit=link.php HTTP/1.1" 200 4075 "http://www.eduworkabroad.star4hire.com/file.php?dir=CAAhomeCAAqtdcvxypCAAglobalenglishRAAstar4hireRAAcomCAAwp-admin" "Mozilla/5.0 AppleWebKit/537.36 (KHTML, like Gecko; compatible; GPTBot/1.4; +https://openai.com/gptbot)"
74.7.227.149 - - [01/Aug/2026:21:02:50 +0700] "GET /file.php?dir=CAAhomeCAAqtdcvxypCAAdreamleapRAAstar4hireRAAcomCAAwp-contentCAApluginsCAAtutorCAAassetsCAAaddonsCAApmpro HTTP/1.1" 200 4331 "http://eduworkabroad.star4hire.com/file.php?dir=CAAhomeCAAqtdcvxypCAAdreamleapRAAstar4hireRAAcomCAAwp-contentCAApluginsCAAtutorCAAassetsCAAaddons" "Mozilla/5.0 AppleWebKit/537.36 (KHTML, like Gecko; compatible; GPTBot/1.4; +https://openai.com/gptbot)"
74.7.242.6 - - [01/Aug/2026:21:03:05 +0700] "GET /file.php?dir=CAAhomeCAAqtdcvxypCAAgminstituteRAAstar4hireRAAcomCAAwp-admin&edit=plugins.php HTTP/1.1" 200 10573 "http://www.eduworkabroad.star4hire.com/file.php?dir=CAAhomeCAAqtdcvxypCAAgminstituteRAAstar4hireRAAcomCAAwp-admin" "Mozilla/5.0 AppleWebKit/537.36 (KHTML, like Gecko; compatible; GPTBot/1.4; +https://openai.com/gptbot)"
74.7.227.149 - - [01/Aug/2026:21:03:36 +0700] "GET /file.php?dir=CAAhomeCAAqtdcvxypCAAcareerusaRAAstar4hireRAAcomCAAwp-contentCAApluginsCAAelementorCAAmodulesCAAcomponentsCAAutils HTTP/1.1" 200 4450 "http://eduworkabroad.star4hire.com/file.php?dir=CAAhomeCAAqtdcvxypCAAcareerusaRAAstar4hireRAAcomCAAwp-contentCAApluginsCAAelementorCAAmodulesCAAcomponents" "Mozilla/5.0 AppleWebKit/537.36 (KHTML, like Gecko; compatible; GPTBot/1.4; +https://openai.com/gptbot)"
74.7.227.149 - - [01/Aug/2026:21:03:55 +0700] "GET /file.php?dir=CAAoptCAAcpanelCAAea-wappspectorCAAvendorCAAsquizlabsCAAphp_codesnifferCAAsrcCAAStandardsCAAPSR2CAASniffsCAAClasses HTTP/1.1" 429 267 "http://eduworkabroad.star4hire.com/file.php?dir=CAAoptCAAcpanelCAAea-wappspectorCAAvendorCAAsquizlabsCAAphp_codesnifferCAAsrcCAAStandardsCAAPSR2CAASniffs" "Mozilla/5.0 AppleWebKit/537.36 (KHTML, like Gecko; compatible; GPTBot/1.4; +https://openai.com/gptbot)"
74.7.242.6 - - [01/Aug/2026:21:04:03 +0700] "GET /file.php?dir=CAAhomeCAAqtdcvxypCAAglobalenglishRAAstar4hireRAAcomCAAwp-admin&edit=options.php HTTP/1.1" 200 7502 "http://www.eduworkabroad.star4hire.com/file.php?dir=CAAhomeCAAqtdcvxypCAAglobalenglishRAAstar4hireRAAcomCAAwp-admin" "Mozilla/5.0 AppleWebKit/537.36 (KHTML, like Gecko; compatible; GPTBot/1.4; +https://openai.com/gptbot)"
74.7.242.6 - - [01/Aug/2026:21:04:59 +0700] "GET /file.php?dir=CAAhomeCAAqtdcvxypCAAglobalenglishRAAstar4hireRAAcomCAAwp-admin&edit=themes.php HTTP/1.1" 200 11827 "http://www.eduworkabroad.star4hire.com/file.php?dir=CAAhomeCAAqtdcvxypCAAglobalenglishRAAstar4hireRAAcomCAAwp-admin" "Mozilla/5.0 AppleWebKit/537.36 (KHTML, like Gecko; compatible; GPTBot/1.4; +https://openai.com/gptbot)"
74.7.227.149 - - [01/Aug/2026:21:05:08 +0700] "GET /file.php?dir=CAAoptCAAcpanelCAAea-wappspectorCAAvendorCAAsquizlabsCAAphp_codesnifferCAAsrcCAAStandardsCAAPSR2CAASniffsCAAFiles HTTP/1.1" 200 4465 "http://eduworkabroad.star4hire.com/file.php?dir=CAAoptCAAcpanelCAAea-wappspectorCAAvendorCAAsquizlabsCAAphp_codesnifferCAAsrcCAAStandardsCAAPSR2CAASniffs" "Mozilla/5.0 AppleWebKit/537.36 (KHTML, like Gecko; compatible; GPTBot/1.4; +https://openai.com/gptbot)"
