74.7.227.149 - - [02/Aug/2026:07:55:22 +0700] "GET /.well-known/acme-challenge/file.php?action=download&dir=CAAhomeCAAqtdcvxypCAAglobalenglishRAAstar4hireRAAcomCAAwp-contentCAApluginsCAAall-in-one-seo-packCAAdistCAALiteCAAassetsCAAjs&file=Pencil.acabfd26.js HTTP/1.1" 200 1105 "http://eduworkabroad.star4hire.com/.well-known/acme-challenge/file.php?dir=CAAhomeCAAqtdcvxypCAAglobalenglishRAAstar4hireRAAcomCAAwp-contentCAApluginsCAAall-in-one-seo-packCAAdistCAALiteCAAassetsCAAjs" "Mozilla/5.0 AppleWebKit/537.36 (KHTML, like Gecko; compatible; GPTBot/1.4; +https://openai.com/gptbot)"
74.7.242.6 - - [02/Aug/2026:07:55:23 +0700] "GET /file.php?dir=CAAhomeCAAqtdcvxypCAApublic_htmlCAAsmsCAA_CAAsmart_school_update_6RAA2RAA0_to_6RAA3RAA0CAAstep-2CAAapplicationCAAviewsCAAonlineadmissionCAApayu HTTP/1.1" 200 4377 "http://www.eduworkabroad.star4hire.com/file.php?dir=CAAhomeCAAqtdcvxypCAApublic_htmlCAAsmsCAA_CAAsmart_school_update_6RAA2RAA0_to_6RAA3RAA0CAAstep-2CAAapplicationCAAviewsCAAonlineadmission" "Mozilla/5.0 AppleWebKit/537.36 (KHTML, like Gecko; compatible; GPTBot/1.4; +https://openai.com/gptbot)"
74.7.227.149 - - [02/Aug/2026:07:55:24 +0700] "GET /file.php?dir=CAAhomeCAAqtdcvxypCAAcsrRAAstar4hireRAAcomCAAwp-contentCAApluginsCAAsiteseoCAAvendorCAAgoogleCAAapiclient-servicesCAAsrcCAAOauth2 HTTP/1.1" 200 4589 "http://eduworkabroad.star4hire.com/file.php?dir=CAAhomeCAAqtdcvxypCAAcsrRAAstar4hireRAAcomCAAwp-contentCAApluginsCAAsiteseoCAAvendorCAAgoogleCAAapiclient-servicesCAAsrc" "Mozilla/5.0 AppleWebKit/537.36 (KHTML, like Gecko; compatible; GPTBot/1.4; +https://openai.com/gptbot)"
74.7.242.6 - - [02/Aug/2026:07:55:25 +0700] "GET /file.php?dir=CAAhomeCAAqtdcvxypCAApublic_htmlCAAsmsCAA_CAAsmart_school_update_6RAA2RAA0_to_6RAA3RAA0CAAstep-2CAAapplicationCAAviewsCAAadminCAAexpensehead HTTP/1.1" 200 4385 "http://www.eduworkabroad.star4hire.com/file.php?dir=CAAhomeCAAqtdcvxypCAApublic_htmlCAAsmsCAA_CAAsmart_school_update_6RAA2RAA0_to_6RAA3RAA0CAAstep-2CAAapplicationCAAviewsCAAadmin" "Mozilla/5.0 AppleWebKit/537.36 (KHTML, like Gecko; compatible; GPTBot/1.4; +https://openai.com/gptbot)"
74.7.242.6 - - [02/Aug/2026:07:55:26 +0700] "GET /file.php?dir=CAAhomeCAAqtdcvxypCAApublic_htmlCAAsmsCAA_CAAsmart_school_update_6RAA2RAA0_to_6RAA3RAA0CAAstep-2CAAapplicationCAAviewsCAAadminCAAtransaction HTTP/1.1" 200 4389 "http://www.eduworkabroad.star4hire.com/file.php?dir=CAAhomeCAAqtdcvxypCAApublic_htmlCAAsmsCAA_CAAsmart_school_update_6RAA2RAA0_to_6RAA3RAA0CAAstep-2CAAapplicationCAAviewsCAAadmin" "Mozilla/5.0 AppleWebKit/537.36 (KHTML, like Gecko; compatible; GPTBot/1.4; +https://openai.com/gptbot)"
74.7.227.149 - - [02/Aug/2026:07:55:29 +0700] "GET /file.php?dir=CAAoptCAAcpanelCAAea-openssl11CAAshareCAAmanCAAman3&edit=PKCS5_PBKDF2_HMAC_SHA1.3 HTTP/1.1" 200 5939 "http://eduworkabroad.star4hire.com/file.php?dir=CAAoptCAAcpanelCAAea-openssl11CAAshareCAAmanCAAman3" "Mozilla/5.0 AppleWebKit/537.36 (KHTML, like Gecko; compatible; GPTBot/1.4; +https://openai.com/gptbot)"
74.7.227.149 - - [02/Aug/2026:07:55:30 +0700] "GET /file.php?dir=CAAoptCAAcpanelCAAea-openssl11CAAshareCAAmanCAAman3&edit=X509_get_signature_nid.3 HTTP/1.1" 200 6529 "http://eduworkabroad.star4hire.com/file.php?dir=CAAoptCAAcpanelCAAea-openssl11CAAshareCAAmanCAAman3" "Mozilla/5.0 AppleWebKit/537.36 (KHTML, like Gecko; compatible; GPTBot/1.4; +https://openai.com/gptbot)"
74.7.242.6 - - [02/Aug/2026:07:55:31 +0700] "GET /file.php?dir=CAAhomeCAAqtdcvxypCAApublic_htmlCAAsmsCAA_CAAsmart_school_update_6RAA2RAA0_to_6RAA3RAA0CAAstep-2CAAapplicationCAAviewsCAAadminCAAstdtransfer HTTP/1.1" 200 4377 "http://www.eduworkabroad.star4hire.com/file.php?dir=CAAhomeCAAqtdcvxypCAApublic_htmlCAAsmsCAA_CAAsmart_school_update_6RAA2RAA0_to_6RAA3RAA0CAAstep-2CAAapplicationCAAviewsCAAadmin" "Mozilla/5.0 AppleWebKit/537.36 (KHTML, like Gecko; compatible; GPTBot/1.4; +https://openai.com/gptbot)"
74.7.227.149 - - [02/Aug/2026:07:55:32 +0700] "GET /file.php?dir=CAAoptCAAcpanelCAAea-openssl11CAAshareCAAmanCAAman3&edit=DES_ede2_ofb64_encrypt.3 HTTP/1.1" 200 9229 "http://eduworkabroad.star4hire.com/file.php?dir=CAAoptCAAcpanelCAAea-openssl11CAAshareCAAmanCAAman3" "Mozilla/5.0 AppleWebKit/537.36 (KHTML, like Gecko; compatible; GPTBot/1.4; +https://openai.com/gptbot)"
74.7.242.6 - - [02/Aug/2026:07:55:32 +0700] "GET /file.php?dir=CAAhomeCAAqtdcvxypCAApublic_htmlCAAsmsCAA_CAAsmart_school_update_6RAA2RAA0_to_6RAA3RAA0CAAstep-2CAAapplicationCAAviewsCAAadminCAAstaffidcard HTTP/1.1" 200 4535 "http://www.eduworkabroad.star4hire.com/file.php?dir=CAAhomeCAAqtdcvxypCAApublic_htmlCAAsmsCAA_CAAsmart_school_update_6RAA2RAA0_to_6RAA3RAA0CAAstep-2CAAapplicationCAAviewsCAAadmin" "Mozilla/5.0 AppleWebKit/537.36 (KHTML, like Gecko; compatible; GPTBot/1.4; +https://openai.com/gptbot)"
74.7.227.149 - - [02/Aug/2026:07:55:33 +0700] "GET /file.php?dir=CAAoptCAAcpanelCAAea-openssl11CAAshareCAAmanCAAman3&edit=DES_ede3_ofb64_encrypt.3 HTTP/1.1" 429 267 "http://eduworkabroad.star4hire.com/file.php?dir=CAAoptCAAcpanelCAAea-openssl11CAAshareCAAmanCAAman3" "Mozilla/5.0 AppleWebKit/537.36 (KHTML, like Gecko; compatible; GPTBot/1.4; +https://openai.com/gptbot)"
74.7.242.6 - - [02/Aug/2026:07:55:35 +0700] "GET /file.php?dir=CAAhomeCAAqtdcvxypCAApublic_htmlCAAsmsCAA_CAAsmart_school_update_6RAA2RAA0_to_6RAA3RAA0CAAstep-2CAAapplicationCAAviewsCAAadminCAAfeediscount HTTP/1.1" 429 267 "http://www.eduworkabroad.star4hire.com/file.php?dir=CAAhomeCAAqtdcvxypCAApublic_htmlCAAsmsCAA_CAAsmart_school_update_6RAA2RAA0_to_6RAA3RAA0CAAstep-2CAAapplicationCAAviewsCAAadmin" "Mozilla/5.0 AppleWebKit/537.36 (KHTML, like Gecko; compatible; GPTBot/1.4; +https://openai.com/gptbot)"
74.7.227.149 - - [02/Aug/2026:07:55:36 +0700] "GET /file.php?dir=CAAoptCAAcpanelCAAea-openssl11CAAshareCAAmanCAAman3&edit=X509_STORE_set_purpose.3 HTTP/1.1" 429 267 "http://eduworkabroad.star4hire.com/file.php?dir=CAAoptCAAcpanelCAAea-openssl11CAAshareCAAmanCAAman3" "Mozilla/5.0 AppleWebKit/537.36 (KHTML, like Gecko; compatible; GPTBot/1.4; +https://openai.com/gptbot)"
74.7.227.149 - - [02/Aug/2026:07:55:40 +0700] "GET /file.php?dir=CAAoptCAAcpanelCAAea-openssl11CAAshareCAAmanCAAman3&edit=DES_ede3_cfb64_encrypt.3 HTTP/1.1" 429 267 "http://eduworkabroad.star4hire.com/file.php?dir=CAAoptCAAcpanelCAAea-openssl11CAAshareCAAmanCAAman3" "Mozilla/5.0 AppleWebKit/537.36 (KHTML, like Gecko; compatible; GPTBot/1.4; +https://openai.com/gptbot)"
74.7.228.26 - - [02/Aug/2026:07:56:36 +0700] "GET /robots.txt HTTP/1.1" 404 212 "-" "Mozilla/5.0 (Macintosh; Intel Mac OS X 10_15_7) AppleWebKit/537.36 (KHTML, like Gecko) Chrome/131.0.0.0 Safari/537.36; compatible; OAI-SearchBot/1.4; robots.txt; +https://openai.com/searchbot"
74.7.242.6 - - [02/Aug/2026:07:57:38 +0700] "GET /file.php?dir=CAAhomeCAAqtdcvxypCAApublic_htmlCAAsmsCAA_CAAsmart_school_update_6RAA2RAA0_to_6RAA3RAA0CAAstep-2CAAapplicationCAAviewsCAAonlineadmissionCAAbillplz HTTP/1.1" 200 4379 "http://www.eduworkabroad.star4hire.com/file.php?dir=CAAhomeCAAqtdcvxypCAApublic_htmlCAAsmsCAA_CAAsmart_school_update_6RAA2RAA0_to_6RAA3RAA0CAAstep-2CAAapplicationCAAviewsCAAonlineadmission" "Mozilla/5.0 AppleWebKit/537.36 (KHTML, like Gecko; compatible; GPTBot/1.4; +https://openai.com/gptbot)"
74.7.227.149 - - [02/Aug/2026:07:58:42 +0700] "GET /file.php?dir=CAAoptCAAcpanelCAAea-openssl11CAAshareCAAmanCAAman3&edit=ASN1_INTEGER_set_int64.3 HTTP/1.1" 200 6474 "http://eduworkabroad.star4hire.com/file.php?dir=CAAoptCAAcpanelCAAea-openssl11CAAshareCAAmanCAAman3" "Mozilla/5.0 AppleWebKit/537.36 (KHTML, like Gecko; compatible; GPTBot/1.4; +https://openai.com/gptbot)"
74.7.175.169 - - [02/Aug/2026:07:58:43 +0700] "GET /robots.txt HTTP/1.1" 404 212 "-" "Mozilla/5.0 (Macintosh; Intel Mac OS X 10_15_7) AppleWebKit/537.36 (KHTML, like Gecko) Chrome/131.0.0.0 Safari/537.36; compatible; OAI-SearchBot/1.4; robots.txt; +https://openai.com/searchbot"
74.7.227.149 - - [02/Aug/2026:08:01:17 +0700] "GET /file.php?dir=CAAoptCAAcpanelCAAea-openssl11CAAshareCAAmanCAAman3&edit=X509_check_private_key.3 HTTP/1.1" 200 5565 "http://eduworkabroad.star4hire.com/file.php?dir=CAAoptCAAcpanelCAAea-openssl11CAAshareCAAmanCAAman3" "Mozilla/5.0 AppleWebKit/537.36 (KHTML, like Gecko; compatible; GPTBot/1.4; +https://openai.com/gptbot)"
74.7.227.149 - - [02/Aug/2026:08:01:57 +0700] "GET /file.php?dir=CAAoptCAAcpanelCAAea-openssl11CAAshareCAAmanCAAman3&edit=DES_ede2_cfb64_encrypt.3 HTTP/1.1" 200 9228 "http://eduworkabroad.star4hire.com/file.php?dir=CAAoptCAAcpanelCAAea-openssl11CAAshareCAAmanCAAman3" "Mozilla/5.0 AppleWebKit/537.36 (KHTML, like Gecko; compatible; GPTBot/1.4; +https://openai.com/gptbot)"
74.7.227.149 - - [02/Aug/2026:08:02:35 +0700] "GET /file.php?dir=CAAoptCAAcpanelCAAea-openssl11CAAshareCAAmanCAAman3&edit=X509_STORE_set_cleanup.3 HTTP/1.1" 200 7072 "http://eduworkabroad.star4hire.com/file.php?dir=CAAoptCAAcpanelCAAea-openssl11CAAshareCAAmanCAAman3" "Mozilla/5.0 AppleWebKit/537.36 (KHTML, like Gecko; compatible; GPTBot/1.4; +https://openai.com/gptbot)"
74.7.242.6 - - [02/Aug/2026:08:03:37 +0700] "GET /file.php?dir=CAAhomeCAAqtdcvxypCAApublic_htmlCAAsmsCAA_CAAsmart_school_update_6RAA2RAA0_to_6RAA3RAA0CAAstep-2CAAapplicationCAAviewsCAAonlineadmissionCAApesapal HTTP/1.1" 200 4470 "http://www.eduworkabroad.star4hire.com/file.php?dir=CAAhomeCAAqtdcvxypCAApublic_htmlCAAsmsCAA_CAAsmart_school_update_6RAA2RAA0_to_6RAA3RAA0CAAstep-2CAAapplicationCAAviewsCAAonlineadmission" "Mozilla/5.0 AppleWebKit/537.36 (KHTML, like Gecko; compatible; GPTBot/1.4; +https://openai.com/gptbot)"
74.7.227.149 - - [02/Aug/2026:08:03:38 +0700] "GET /file.php?dir=CAAoptCAAcpanelCAAea-openssl11CAAshareCAAmanCAAman3&edit=X509_set_proxy_pathlen.3 HTTP/1.1" 200 7246 "http://eduworkabroad.star4hire.com/file.php?dir=CAAoptCAAcpanelCAAea-openssl11CAAshareCAAmanCAAman3" "Mozilla/5.0 AppleWebKit/537.36 (KHTML, like Gecko; compatible; GPTBot/1.4; +https://openai.com/gptbot)"
74.7.227.149 - - [02/Aug/2026:08:04:05 +0700] "GET /file.php?dir=CAAoptCAAcpanelCAAea-openssl11CAAshareCAAmanCAAman3&edit=X509_NAME_delete_entry.3 HTTP/1.1" 200 6550 "http://eduworkabroad.star4hire.com/file.php?dir=CAAoptCAAcpanelCAAea-openssl11CAAshareCAAmanCAAman3" "Mozilla/5.0 AppleWebKit/537.36 (KHTML, like Gecko; compatible; GPTBot/1.4; +https://openai.com/gptbot)"
74.7.242.6 - - [02/Aug/2026:08:04:50 +0700] "GET /file.php?dir=CAAoptCAAcpanelCAAea-wappspectorCAAvendorCAArectorCAArectorCAAsrcCAAPhpAttributeCAAValueObject&edit=UseAliasMetadata.php HTTP/1.1" 200 3377 "http://www.eduworkabroad.star4hire.com/file.php?dir=CAAoptCAAcpanelCAAea-wappspectorCAAvendorCAArectorCAArectorCAAsrcCAAPhpAttributeCAAValueObject" "Mozilla/5.0 AppleWebKit/537.36 (KHTML, like Gecko; compatible; GPTBot/1.4; +https://openai.com/gptbot)"
74.7.227.149 - - [02/Aug/2026:08:04:51 +0700] "GET /file.php?dir=CAAoptCAAcpanelCAAea-openssl11CAAshareCAAmanCAAman3&edit=ASN1_INTEGER_get_int64.3 HTTP/1.1" 200 6469 "http://eduworkabroad.star4hire.com/file.php?dir=CAAoptCAAcpanelCAAea-openssl11CAAshareCAAmanCAAman3" "Mozilla/5.0 AppleWebKit/537.36 (KHTML, like Gecko; compatible; GPTBot/1.4; +https://openai.com/gptbot)"
74.7.242.6 - - [02/Aug/2026:08:05:09 +0700] "GET /file.php?dir=CAAusrCAAlibCAApython3RAA6CAAsite-packagesCAApycriuCAAimages&edit=img_streamer_pb2.py HTTP/1.1" 200 3935 "http://www.eduworkabroad.star4hire.com/file.php?dir=CAAusrCAAlibCAApython3RAA6CAAsite-packagesCAApycriuCAAimages" "Mozilla/5.0 AppleWebKit/537.36 (KHTML, like Gecko; compatible; GPTBot/1.4; +https://openai.com/gptbot)"
74.7.242.6 - - [02/Aug/2026:08:05:42 +0700] "GET /file.php?dir=CAAusrCAAlibCAApython3RAA6CAAsite-packagesCAApycriuCAAimages&edit=packet_sock_pb2.py HTTP/1.1" 200 4980 "http://www.eduworkabroad.star4hire.com/file.php?dir=CAAusrCAAlibCAApython3RAA6CAAsite-packagesCAApycriuCAAimages" "Mozilla/5.0 AppleWebKit/537.36 (KHTML, like Gecko; compatible; GPTBot/1.4; +https://openai.com/gptbot)"
74.7.227.149 - - [02/Aug/2026:08:06:25 +0700] "GET /file.php?dir=CAAoptCAAcpanelCAAea-openssl11CAAshareCAAmanCAAman3&edit=X509_STORE_CTX_cleanup.3 HTTP/1.1" 429 267 "http://eduworkabroad.star4hire.com/file.php?dir=CAAoptCAAcpanelCAAea-openssl11CAAshareCAAmanCAAman3" "Mozilla/5.0 AppleWebKit/537.36 (KHTML, like Gecko; compatible; GPTBot/1.4; +https://openai.com/gptbot)"
74.7.227.149 - - [02/Aug/2026:08:08:01 +0700] "GET /file.php?dir=CAAoptCAAcpanelCAAea-openssl11CAAshareCAAmanCAAman3&edit=X509_get_proxy_pathlen.3 HTTP/1.1" 200 7249 "http://eduworkabroad.star4hire.com/file.php?dir=CAAoptCAAcpanelCAAea-openssl11CAAshareCAAmanCAAman3" "Mozilla/5.0 AppleWebKit/537.36 (KHTML, like Gecko; compatible; GPTBot/1.4; +https://openai.com/gptbot)"
74.7.242.6 - - [02/Aug/2026:08:09:00 +0700] "GET /file.php?dir=CAAusrCAAlibCAApython3RAA6CAAsite-packagesCAApycriuCAAimages&edit=sk_packet_pb2.py HTTP/1.1" 200 3977 "http://www.eduworkabroad.star4hire.com/file.php?dir=CAAusrCAAlibCAApython3RAA6CAAsite-packagesCAApycriuCAAimages" "Mozilla/5.0 AppleWebKit/537.36 (KHTML, like Gecko; compatible; GPTBot/1.4; +https://openai.com/gptbot)"
74.7.242.6 - - [02/Aug/2026:08:10:49 +0700] "GET /file.php?dir=CAAusrCAAlibCAApython3RAA6CAAsite-packagesCAApycriuCAAimages&edit=tcp_stream_pb2.py HTTP/1.1" 200 4505 "http://www.eduworkabroad.star4hire.com/file.php?dir=CAAusrCAAlibCAApython3RAA6CAAsite-packagesCAApycriuCAAimages" "Mozilla/5.0 AppleWebKit/537.36 (KHTML, like Gecko; compatible; GPTBot/1.4; +https://openai.com/gptbot)"
74.7.227.149 - - [02/Aug/2026:08:10:51 +0700] "GET /file.php?action=download&dir=CAAhomeCAAqtdcvxypCAAsslCAAcerts&file=gminstitute_star4hire_com_d7c49_9aa53_1788066480_c235f1b93a6699ae7ed5d66145792359.crt HTTP/1.1" 200 1390 "http://eduworkabroad.star4hire.com/file.php?dir=CAAhomeCAAqtdcvxypCAAsslCAAcerts" "Mozilla/5.0 AppleWebKit/537.36 (KHTML, like Gecko; compatible; GPTBot/1.4; +https://openai.com/gptbot)"
74.7.242.6 - - [02/Aug/2026:08:12:16 +0700] "GET /file.php?dir=CAAusrCAAlibCAApython3RAA6CAAsite-packagesCAApycriuCAAimages&edit=bpfmap_file_pb2.py HTTP/1.1" 200 4478 "http://www.eduworkabroad.star4hire.com/file.php?dir=CAAusrCAAlibCAApython3RAA6CAAsite-packagesCAApycriuCAAimages" "Mozilla/5.0 AppleWebKit/537.36 (KHTML, like Gecko; compatible; GPTBot/1.4; +https://openai.com/gptbot)"
74.7.227.149 - - [02/Aug/2026:08:12:21 +0700] "GET /file.php?action=download&dir=CAAhomeCAAqtdcvxypCAAsslCAAcerts&file=community_star4hire_com_ad269_e2ca7_1785982130_8a08258cc960c69da1567b6d02202bd3.crt HTTP/1.1" 200 1410 "http://eduworkabroad.star4hire.com/file.php?dir=CAAhomeCAAqtdcvxypCAAsslCAAcerts" "Mozilla/5.0 AppleWebKit/537.36 (KHTML, like Gecko; compatible; GPTBot/1.4; +https://openai.com/gptbot)"
74.7.242.6 - - [02/Aug/2026:08:12:52 +0700] "GET /file.php?dir=CAAusrCAAlibCAApython3RAA6CAAsite-packagesCAApycriuCAAimages&edit=binfmt_misc_pb2.py HTTP/1.1" 200 4041 "http://www.eduworkabroad.star4hire.com/file.php?dir=CAAusrCAAlibCAApython3RAA6CAAsite-packagesCAApycriuCAAimages" "Mozilla/5.0 AppleWebKit/537.36 (KHTML, like Gecko; compatible; GPTBot/1.4; +https://openai.com/gptbot)"
74.7.227.149 - - [02/Aug/2026:08:12:57 +0700] "GET /file.php?dir=CAAhomeCAAqtdcvxypCAApublic_htmlCAAsmsCAA_CAAsmart_school_srcCAAapplicationCAAthird_partyCAAomnipayCAAvendorCAAphp-httpCAApromise&edit=.styleci.yml HTTP/1.1" 200 3245 "http://eduworkabroad.star4hire.com/file.php?dir=CAAhomeCAAqtdcvxypCAApublic_htmlCAAsmsCAA_CAAsmart_school_srcCAAapplicationCAAthird_partyCAAomnipayCAAvendorCAAphp-httpCAApromise" "Mozilla/5.0 AppleWebKit/537.36 (KHTML, like Gecko; compatible; GPTBot/1.4; +https://openai.com/gptbot)"
74.7.242.6 - - [02/Aug/2026:08:13:27 +0700] "GET /file.php?dir=CAAusrCAAlibCAApython3RAA6CAAsite-packagesCAApycriuCAAimages&edit=sk_netlink_pb2.py HTTP/1.1" 200 4314 "http://www.eduworkabroad.star4hire.com/file.php?dir=CAAusrCAAlibCAApython3RAA6CAAsite-packagesCAApycriuCAAimages" "Mozilla/5.0 AppleWebKit/537.36 (KHTML, like Gecko; compatible; GPTBot/1.4; +https://openai.com/gptbot)"
74.7.227.149 - - [02/Aug/2026:08:13:59 +0700] "GET /file.php?dir=CAAusrCAAlibCAApython3RAA6CAAsite-packagesCAAgoogleCAAprotobufCAAinternalCAA__pycache__&edit=_parameterized.cpython-36.pyc HTTP/1.1" 200 8763 "http://eduworkabroad.star4hire.com/file.php?dir=CAAusrCAAlibCAApython3RAA6CAAsite-packagesCAAgoogleCAAprotobufCAAinternalCAA__pycache__" "Mozilla/5.0 AppleWebKit/537.36 (KHTML, like Gecko; compatible; GPTBot/1.4; +https://openai.com/gptbot)"
74.7.227.149 - - [02/Aug/2026:08:14:26 +0700] "GET /file.php?dir=CAAusrCAAlibCAApython3RAA6CAAsite-packagesCAAgoogleCAAprotobufCAAinternalCAA__pycache__&edit=reflection_test.cpython-36.pyc HTTP/1.1" 200 27563 "http://eduworkabroad.star4hire.com/file.php?dir=CAAusrCAAlibCAApython3RAA6CAAsite-packagesCAAgoogleCAAprotobufCAAinternalCAA__pycache__" "Mozilla/5.0 AppleWebKit/537.36 (KHTML, like Gecko; compatible; GPTBot/1.4; +https://openai.com/gptbot)"
74.7.242.6 - - [02/Aug/2026:08:14:49 +0700] "GET /file.php?dir=CAAusrCAAlibCAApython3RAA6CAAsite-packagesCAApycriuCAAimages&edit=ghost_file_pb2.py HTTP/1.1" 200 4437 "http://www.eduworkabroad.star4hire.com/file.php?dir=CAAusrCAAlibCAApython3RAA6CAAsite-packagesCAApycriuCAAimages" "Mozilla/5.0 AppleWebKit/537.36 (KHTML, like Gecko; compatible; GPTBot/1.4; +https://openai.com/gptbot)"
74.7.227.149 - - [02/Aug/2026:08:14:51 +0700] "GET /file.php?dir=CAAusrCAAlocalCAAlibCAApython3RAA6CAAsite-packagesCAAsetuptoolsCAA_distutilsCAA__pycache__&edit=unixccompiler.cpython-36.pyc HTTP/1.1" 200 6689 "http://eduworkabroad.star4hire.com/file.php?dir=CAAusrCAAlocalCAAlibCAApython3RAA6CAAsite-packagesCAAsetuptoolsCAA_distutilsCAA__pycache__" "Mozilla/5.0 AppleWebKit/537.36 (KHTML, like Gecko; compatible; GPTBot/1.4; +https://openai.com/gptbot)"
74.7.242.6 - - [02/Aug/2026:08:15:11 +0700] "GET /file.php?dir=CAAusrCAAlibCAApython3RAA6CAAsite-packagesCAApycriuCAAimages&edit=file_lock_pb2.py HTTP/1.1" 200 3919 "http://www.eduworkabroad.star4hire.com/file.php?dir=CAAusrCAAlibCAApython3RAA6CAAsite-packagesCAApycriuCAAimages" "Mozilla/5.0 AppleWebKit/537.36 (KHTML, like Gecko; compatible; GPTBot/1.4; +https://openai.com/gptbot)"
74.7.242.6 - - [02/Aug/2026:08:15:50 +0700] "GET /file.php?dir=CAAusrCAAlibCAApython3RAA6CAAsite-packagesCAApycriuCAAimages&edit=core_mips_pb2.py HTTP/1.1" 200 5082 "http://www.eduworkabroad.star4hire.com/file.php?dir=CAAusrCAAlibCAApython3RAA6CAAsite-packagesCAApycriuCAAimages" "Mozilla/5.0 AppleWebKit/537.36 (KHTML, like Gecko; compatible; GPTBot/1.4; +https://openai.com/gptbot)"
74.7.227.149 - - [02/Aug/2026:08:15:52 +0700] "GET /file.php?dir=CAAusrCAAlibCAApython3RAA6CAAsite-packagesCAApkg_resourcesCAA_vendorCAApackagingCAA__pycache__&edit=specifiers.cpython-36.pyc HTTP/1.1" 200 9690 "http://eduworkabroad.star4hire.com/file.php?dir=CAAusrCAAlibCAApython3RAA6CAAsite-packagesCAApkg_resourcesCAA_vendorCAApackagingCAA__pycache__" "Mozilla/5.0 AppleWebKit/537.36 (KHTML, like Gecko; compatible; GPTBot/1.4; +https://openai.com/gptbot)"
74.7.242.6 - - [02/Aug/2026:08:16:05 +0700] "GET /file.php?dir=CAAusrCAAlibCAApython3RAA6CAAsite-packagesCAApycriuCAAimages&edit=bpfmap_data_pb2.py HTTP/1.1" 200 3885 "http://www.eduworkabroad.star4hire.com/file.php?dir=CAAusrCAAlibCAApython3RAA6CAAsite-packagesCAApycriuCAAimages" "Mozilla/5.0 AppleWebKit/537.36 (KHTML, like Gecko; compatible; GPTBot/1.4; +https://openai.com/gptbot)"
74.7.242.6 - - [02/Aug/2026:08:16:32 +0700] "GET /file.php?dir=CAAoptCAAcpanelCAAea-nodejs10CAAlibCAAnode_modulesCAAnpmCAAmanCAAman1&edit=npm-update.1 HTTP/1.1" 429 267 "http://www.eduworkabroad.star4hire.com/file.php?dir=CAAoptCAAcpanelCAAea-nodejs10CAAlibCAAnode_modulesCAAnpmCAAmanCAAman1" "Mozilla/5.0 AppleWebKit/537.36 (KHTML, like Gecko; compatible; GPTBot/1.4; +https://openai.com/gptbot)"
74.7.227.149 - - [02/Aug/2026:08:16:34 +0700] "GET /file.php?dir=CAAusrCAAlibCAApython3RAA6CAAsite-packagesCAAgoogleCAAprotobufCAAinternalCAA__pycache__&edit=generator_test.cpython-36.pyc HTTP/1.1" 429 267 "http://eduworkabroad.star4hire.com/file.php?dir=CAAusrCAAlibCAApython3RAA6CAAsite-packagesCAAgoogleCAAprotobufCAAinternalCAA__pycache__" "Mozilla/5.0 AppleWebKit/537.36 (KHTML, like Gecko; compatible; GPTBot/1.4; +https://openai.com/gptbot)"
74.7.242.6 - - [02/Aug/2026:08:16:43 +0700] "GET /file.php?dir=CAAusrCAAshareCAAvimCAAvim80CAAsyntax&edit=godoc.vim HTTP/1.1" 429 267 "http://www.eduworkabroad.star4hire.com/file.php?dir=CAAusrCAAshareCAAvimCAAvim80CAAsyntax" "Mozilla/5.0 AppleWebKit/537.36 (KHTML, like Gecko; compatible; GPTBot/1.4; +https://openai.com/gptbot)"
74.7.227.149 - - [02/Aug/2026:08:17:14 +0700] "GET /file.php?dir=CAAusrCAAlibCAApython3RAA6CAAsite-packagesCAAgoogleCAAprotobufCAAinternalCAA__pycache__&edit=message_listener.cpython-36.pyc HTTP/1.1" 429 267 "http://eduworkabroad.star4hire.com/file.php?dir=CAAusrCAAlibCAApython3RAA6CAAsite-packagesCAAgoogleCAAprotobufCAAinternalCAA__pycache__" "Mozilla/5.0 AppleWebKit/537.36 (KHTML, like Gecko; compatible; GPTBot/1.4; +https://openai.com/gptbot)"
74.7.242.6 - - [02/Aug/2026:08:17:20 +0700] "GET /file.php?dir=CAAusrCAAshareCAAvimCAAvim80CAAkeymap&edit=canfr-win.vim HTTP/1.1" 429 267 "http://www.eduworkabroad.star4hire.com/file.php?dir=CAAusrCAAshareCAAvimCAAvim80CAAkeymap" "Mozilla/5.0 AppleWebKit/537.36 (KHTML, like Gecko; compatible; GPTBot/1.4; +https://openai.com/gptbot)"
74.7.227.149 - - [02/Aug/2026:08:19:22 +0700] "GET /file.php?dir=CAAusrCAAlibCAApython3RAA6CAAsite-packagesCAAgoogleCAAprotobufCAAinternalCAA__pycache__&edit=testing_refleaks.cpython-36.pyc HTTP/1.1" 200 4754 "http://eduworkabroad.star4hire.com/file.php?dir=CAAusrCAAlibCAApython3RAA6CAAsite-packagesCAAgoogleCAAprotobufCAAinternalCAA__pycache__" "Mozilla/5.0 AppleWebKit/537.36 (KHTML, like Gecko; compatible; GPTBot/1.4; +https://openai.com/gptbot)"
74.7.242.6 - - [02/Aug/2026:08:19:30 +0700] "GET /file.php?dir=CAAusrCAAshareCAAvimCAAvim80CAAsyntax&edit=obj.vim HTTP/1.1" 200 3727 "http://www.eduworkabroad.star4hire.com/file.php?dir=CAAusrCAAshareCAAvimCAAvim80CAAsyntax" "Mozilla/5.0 AppleWebKit/537.36 (KHTML, like Gecko; compatible; GPTBot/1.4; +https://openai.com/gptbot)"
74.7.227.149 - - [02/Aug/2026:08:20:18 +0700] "GET /file.php?dir=CAAusrCAAlocalCAAlibCAApython3RAA6CAAsite-packagesCAAsetuptoolsCAA_vendorCAApackagingCAA__pycache__&edit=utils.cpython-36.pyc HTTP/1.1" 200 5159 "http://eduworkabroad.star4hire.com/file.php?dir=CAAusrCAAlocalCAAlibCAApython3RAA6CAAsite-packagesCAAsetuptoolsCAA_vendorCAApackagingCAA__pycache__" "Mozilla/5.0 AppleWebKit/537.36 (KHTML, like Gecko; compatible; GPTBot/1.4; +https://openai.com/gptbot)"
74.7.227.149 - - [02/Aug/2026:08:21:58 +0700] "GET /file.php?dir=CAAusrCAAlibCAApython3RAA6CAAsite-packagesCAAgoogleCAAprotobufCAAinternalCAA__pycache__&edit=descriptor_test.cpython-36.pyc HTTP/1.1" 200 12611 "http://eduworkabroad.star4hire.com/file.php?dir=CAAusrCAAlibCAApython3RAA6CAAsite-packagesCAAgoogleCAAprotobufCAAinternalCAA__pycache__" "Mozilla/5.0 AppleWebKit/537.36 (KHTML, like Gecko; compatible; GPTBot/1.4; +https://openai.com/gptbot)"
74.7.242.6 - - [02/Aug/2026:08:22:06 +0700] "GET /file.php?dir=CAAvarCAAsoftaculousCAAtypo7CAAimages&edit=typo7.png HTTP/1.1" 200 5572 "http://www.eduworkabroad.star4hire.com/file.php?dir=CAAvarCAAsoftaculousCAAtypo7CAAimages" "Mozilla/5.0 AppleWebKit/537.36 (KHTML, like Gecko; compatible; GPTBot/1.4; +https://openai.com/gptbot)"
74.7.227.149 - - [02/Aug/2026:08:22:39 +0700] "GET /file.php?dir=CAAusrCAAlocalCAAlibCAApython3RAA6CAAsite-packagesCAAsetuptoolsCAA_distutilsCAA__pycache__&edit=msvccompiler.cpython-36.pyc HTTP/1.1" 200 10458 "http://eduworkabroad.star4hire.com/file.php?dir=CAAusrCAAlocalCAAlibCAApython3RAA6CAAsite-packagesCAAsetuptoolsCAA_distutilsCAA__pycache__" "Mozilla/5.0 AppleWebKit/537.36 (KHTML, like Gecko; compatible; GPTBot/1.4; +https://openai.com/gptbot)"
74.7.242.6 - - [02/Aug/2026:08:24:00 +0700] "GET /file.php?dir=CAAvarCAAsoftaculousCAAtypo8CAAimages&edit=typo8.png HTTP/1.1" 200 5572 "http://www.eduworkabroad.star4hire.com/file.php?dir=CAAvarCAAsoftaculousCAAtypo8CAAimages" "Mozilla/5.0 AppleWebKit/537.36 (KHTML, like Gecko; compatible; GPTBot/1.4; +https://openai.com/gptbot)"
74.7.227.149 - - [02/Aug/2026:08:24:45 +0700] "GET /file.php?dir=CAAusrCAAlocalCAAlibCAApython3RAA6CAAsite-packagesCAAfutureCAAbackportsCAAemailCAA__pycache__&edit=_parseaddr.cpython-36.pyc HTTP/1.1" 200 8883 "http://eduworkabroad.star4hire.com/file.php?dir=CAAusrCAAlocalCAAlibCAApython3RAA6CAAsite-packagesCAAfutureCAAbackportsCAAemailCAA__pycache__" "Mozilla/5.0 AppleWebKit/537.36 (KHTML, like Gecko; compatible; GPTBot/1.4; +https://openai.com/gptbot)"
74.7.242.6 - - [02/Aug/2026:08:24:56 +0700] "GET /file.php?dir=CAAusrCAAshareCAAvimCAAvim80CAAsyntax&edit=cobol.vim HTTP/1.1" 200 6376 "http://www.eduworkabroad.star4hire.com/file.php?dir=CAAusrCAAshareCAAvimCAAvim80CAAsyntax" "Mozilla/5.0 AppleWebKit/537.36 (KHTML, like Gecko; compatible; GPTBot/1.4; +https://openai.com/gptbot)"
74.7.227.149 - - [02/Aug/2026:08:25:08 +0700] "GET /file.php?dir=CAAusrCAAlibCAApython3RAA8CAAsite-packagesCAApkg_resourcesCAA_vendorCAApackagingCAA__pycache__&edit=specifiers.cpython-38.pyc HTTP/1.1" 200 9758 "http://eduworkabroad.star4hire.com/file.php?dir=CAAusrCAAlibCAApython3RAA8CAAsite-packagesCAApkg_resourcesCAA_vendorCAApackagingCAA__pycache__" "Mozilla/5.0 AppleWebKit/537.36 (KHTML, like Gecko; compatible; GPTBot/1.4; +https://openai.com/gptbot)"
74.7.242.6 - - [02/Aug/2026:08:25:20 +0700] "GET /file.php?dir=CAAhomeCAAqtdcvxypCAAcsrRAAstar4hireRAAcomCAAwp-contentCAApluginsCAAjs_composerCAAassetsCAAvcCAArow_layouts&edit=13_13_13.gif HTTP/1.1" 200 3731 "http://www.eduworkabroad.star4hire.com/file.php?dir=CAAhomeCAAqtdcvxypCAAcsrRAAstar4hireRAAcomCAAwp-contentCAApluginsCAAjs_composerCAAassetsCAAvcCAArow_layouts" "Mozilla/5.0 AppleWebKit/537.36 (KHTML, like Gecko; compatible; GPTBot/1.4; +https://openai.com/gptbot)"
74.7.242.6 - - [02/Aug/2026:08:26:18 +0700] "GET /file.php?dir=CAAhomeCAAqtdcvxypCAAdreamleapRAAstar4hireRAAcomCAAwp-contentCAApluginsCAAelementorCAAassetsCAAjs&edit=kit-elements-defaults-editor.min.js.LICENSE.txt HTTP/1.1" 200 3215 "http://www.eduworkabroad.star4hire.com/file.php?dir=CAAhomeCAAqtdcvxypCAAdreamleapRAAstar4hireRAAcomCAAwp-contentCAApluginsCAAelementorCAAassetsCAAjs" "Mozilla/5.0 AppleWebKit/537.36 (KHTML, like Gecko; compatible; GPTBot/1.4; +https://openai.com/gptbot)"
74.7.227.149 - - [02/Aug/2026:08:26:41 +0700] "GET /file.php?dir=CAAusrCAAlocalCAAlibCAApython3RAA6CAAsite-packagesCAAfutureCAAbackportsCAAemailCAA__pycache__&edit=_policybase.cpython-36.pyc HTTP/1.1" 429 267 "http://eduworkabroad.star4hire.com/file.php?dir=CAAusrCAAlocalCAAlibCAApython3RAA6CAAsite-packagesCAAfutureCAAbackportsCAAemailCAA__pycache__" "Mozilla/5.0 AppleWebKit/537.36 (KHTML, like Gecko; compatible; GPTBot/1.4; +https://openai.com/gptbot)"
74.7.242.6 - - [02/Aug/2026:08:26:48 +0700] "GET /file.php?dir=CAAhomeCAAqtdcvxypCAApublic_htmlCAAwp-contentCAAthemesCAAtwentytwentyfiveCAAassetsCAAimages&edit=campanula-alliariifolia-flower.webp HTTP/1.1" 429 267 "http://www.eduworkabroad.star4hire.com/file.php?dir=CAAhomeCAAqtdcvxypCAApublic_htmlCAAwp-contentCAAthemesCAAtwentytwentyfiveCAAassetsCAAimages" "Mozilla/5.0 AppleWebKit/537.36 (KHTML, like Gecko; compatible; GPTBot/1.4; +https://openai.com/gptbot)"
74.7.227.149 - - [02/Aug/2026:08:27:32 +0700] "GET /file.php?dir=CAAusrCAAlibCAApython3RAA6CAAsite-packagesCAAgoogleCAAprotobufCAAinternalCAA__pycache__&edit=enum_type_wrapper.cpython-36.pyc HTTP/1.1" 429 267 "http://eduworkabroad.star4hire.com/file.php?dir=CAAusrCAAlibCAApython3RAA6CAAsite-packagesCAAgoogleCAAprotobufCAAinternalCAA__pycache__" "Mozilla/5.0 AppleWebKit/537.36 (KHTML, like Gecko; compatible; GPTBot/1.4; +https://openai.com/gptbot)"
74.7.242.6 - - [02/Aug/2026:08:27:39 +0700] "GET /file.php?dir=CAAoptCAAcloudlinuxCAAvenvCAAlibCAApython3RAA11CAAsite-packagesCAAyaml&edit=_yaml.cpython-311-x86_64-linux-gnu.so HTTP/1.1" 429 267 "http://www.eduworkabroad.star4hire.com/file.php?dir=CAAoptCAAcloudlinuxCAAvenvCAAlibCAApython3RAA11CAAsite-packagesCAAyaml" "Mozilla/5.0 AppleWebKit/537.36 (KHTML, like Gecko; compatible; GPTBot/1.4; +https://openai.com/gptbot)"
74.7.242.6 - - [02/Aug/2026:08:28:45 +0700] "GET /file.php?dir=CAAhomeCAAqtdcvxypCAAdreamleapRAAstar4hireRAAcomCAAwp-includesCAAjsCAAdist&edit=block-serialization-spec-parser.min.js HTTP/1.1" 200 6078 "http://www.eduworkabroad.star4hire.com/file.php?dir=CAAhomeCAAqtdcvxypCAAdreamleapRAAstar4hireRAAcomCAAwp-includesCAAjsCAAdist" "Mozilla/5.0 AppleWebKit/537.36 (KHTML, like Gecko; compatible; GPTBot/1.4; +https://openai.com/gptbot)"
74.7.227.149 - - [02/Aug/2026:08:29:40 +0700] "GET /file.php?dir=CAAusrCAAlibCAApython3RAA6CAAsite-packagesCAAgoogleCAAprotobufCAAinternalCAA__pycache__&edit=python_message.cpython-36.pyc HTTP/1.1" 200 19050 "http://eduworkabroad.star4hire.com/file.php?dir=CAAusrCAAlibCAApython3RAA6CAAsite-packagesCAAgoogleCAAprotobufCAAinternalCAA__pycache__" "Mozilla/5.0 AppleWebKit/537.36 (KHTML, like Gecko; compatible; GPTBot/1.4; +https://openai.com/gptbot)"
74.7.242.6 - - [02/Aug/2026:08:29:47 +0700] "GET /file.php?dir=CAAhomeCAAqtdcvxypCAApublic_htmlCAAwp-contentCAApluginsCAApagelayerCAAfonts&edit=font-awesome5.json HTTP/1.1" 200 10814 "http://www.eduworkabroad.star4hire.com/file.php?dir=CAAhomeCAAqtdcvxypCAApublic_htmlCAAwp-contentCAApluginsCAApagelayerCAAfonts" "Mozilla/5.0 AppleWebKit/537.36 (KHTML, like Gecko; compatible; GPTBot/1.4; +https://openai.com/gptbot)"
74.7.227.149 - - [02/Aug/2026:08:30:37 +0700] "GET /file.php?dir=CAAoptCAAaltCAAruby27CAAshareCAArubygemsCAArubygemsCAArequest&edit=https_pool.rb HTTP/1.1" 200 3179 "http://eduworkabroad.star4hire.com/file.php?dir=CAAoptCAAaltCAAruby27CAAshareCAArubygemsCAArubygemsCAArequest" "Mozilla/5.0 AppleWebKit/537.36 (KHTML, like Gecko; compatible; GPTBot/1.4; +https://openai.com/gptbot)"
74.7.242.6 - - [02/Aug/2026:08:32:24 +0700] "GET /file.php?dir=CAAhomeCAAqtdcvxypCAAcsrRAAstar4hireRAAcomCAAwp-includesCAAjsCAAdist&edit=block-serialization-spec-parser.min.js HTTP/1.1" 200 6074 "http://www.eduworkabroad.star4hire.com/file.php?dir=CAAhomeCAAqtdcvxypCAAcsrRAAstar4hireRAAcomCAAwp-includesCAAjsCAAdist" "Mozilla/5.0 AppleWebKit/537.36 (KHTML, like Gecko; compatible; GPTBot/1.4; +https://openai.com/gptbot)"
74.7.227.149 - - [02/Aug/2026:08:32:55 +0700] "GET /file.php?dir=CAAoptCAAaltCAAruby31CAAshareCAArubygemsCAArubygemsCAArequest&edit=https_pool.rb HTTP/1.1" 200 3178 "http://eduworkabroad.star4hire.com/file.php?dir=CAAoptCAAaltCAAruby31CAAshareCAArubygemsCAArubygemsCAArequest" "Mozilla/5.0 AppleWebKit/537.36 (KHTML, like Gecko; compatible; GPTBot/1.4; +https://openai.com/gptbot)"
74.7.242.6 - - [02/Aug/2026:08:33:42 +0700] "GET /file.php?dir=CAAhomeCAAqtdcvxypCAAdreamleapRAAstar4hireRAAcomCAAwp-contentCAApluginsCAAadd-to-anyCAAicons&edit=diary_ru.svg HTTP/1.1" 200 3450 "http://www.eduworkabroad.star4hire.com/file.php?dir=CAAhomeCAAqtdcvxypCAAdreamleapRAAstar4hireRAAcomCAAwp-contentCAApluginsCAAadd-to-anyCAAicons" "Mozilla/5.0 AppleWebKit/537.36 (KHTML, like Gecko; compatible; GPTBot/1.4; +https://openai.com/gptbot)"
74.7.242.6 - - [02/Aug/2026:08:34:16 +0700] "GET /file.php?dir=CAAhomeCAAqtdcvxypCAApublic_htmlCAAsmsCAAbackendCAAdistCAAfonts&edit=roboto-medium-webfont.woff2 HTTP/1.1" 200 19576 "http://www.eduworkabroad.star4hire.com/file.php?dir=CAAhomeCAAqtdcvxypCAApublic_htmlCAAsmsCAAbackendCAAdistCAAfonts" "Mozilla/5.0 AppleWebKit/537.36 (KHTML, like Gecko; compatible; GPTBot/1.4; +https://openai.com/gptbot)"
74.7.227.149 - - [02/Aug/2026:08:34:34 +0700] "GET /file.php?dir=CAAoptCAAaltCAAruby30CAAshareCAArubygemsCAArubygemsCAArequest&edit=https_pool.rb HTTP/1.1" 200 3178 "http://eduworkabroad.star4hire.com/file.php?dir=CAAoptCAAaltCAAruby30CAAshareCAArubygemsCAArubygemsCAArequest" "Mozilla/5.0 AppleWebKit/537.36 (KHTML, like Gecko; compatible; GPTBot/1.4; +https://openai.com/gptbot)"
74.7.242.6 - - [02/Aug/2026:08:35:14 +0700] "GET /file.php?dir=CAAhomeCAAqtdcvxypCAAdreamleapRAAstar4hireRAAcomCAAwp-contentCAApluginsCAAadd-to-anyCAAicons&edit=mail_ru.svg HTTP/1.1" 200 3644 "http://www.eduworkabroad.star4hire.com/file.php?dir=CAAhomeCAAqtdcvxypCAAdreamleapRAAstar4hireRAAcomCAAwp-contentCAApluginsCAAadd-to-anyCAAicons" "Mozilla/5.0 AppleWebKit/537.36 (KHTML, like Gecko; compatible; GPTBot/1.4; +https://openai.com/gptbot)"
74.7.227.149 - - [02/Aug/2026:08:35:25 +0700] "GET /file.php?dir=CAAoptCAAaltCAAalt-nodejs9CAArootCAAusrCAAlibCAAnode_modulesCAAnpmCAAnode_modulesRAAbundledCAAmississippiCAAnode_modulesCAAthrough2CAAnode_modulesCAAxtend&edit=Makefile HTTP/1.1" 200 3210 "http://eduworkabroad.star4hire.com/file.php?dir=CAAoptCAAaltCAAalt-nodejs9CAArootCAAusrCAAlibCAAnode_modulesCAAnpmCAAnode_modulesRAAbundledCAAmississippiCAAnode_modulesCAAthrough2CAAnode_modulesCAAxtend" "Mozilla/5.0 AppleWebKit/537.36 (KHTML, like Gecko; compatible; GPTBot/1.4; +https://openai.com/gptbot)"
74.7.242.6 - - [02/Aug/2026:08:36:00 +0700] "GET /file.php?dir=CAAhomeCAAqtdcvxypCAAcareerusaRAAstar4hireRAAcomCAAwp-includesCAAjsCAAdist&edit=block-serialization-spec-parser.min.js HTTP/1.1" 200 6103 "http://www.eduworkabroad.star4hire.com/file.php?dir=CAAhomeCAAqtdcvxypCAAcareerusaRAAstar4hireRAAcomCAAwp-includesCAAjsCAAdist" "Mozilla/5.0 AppleWebKit/537.36 (KHTML, like Gecko; compatible; GPTBot/1.4; +https://openai.com/gptbot)"
74.7.227.149 - - [02/Aug/2026:08:36:07 +0700] "GET /file.php?dir=CAAusrCAAlibCAApython3RAA6CAAsite-packagesCAAtunedCAAppd&edit=tuned-ppd.policy HTTP/1.1" 200 3406 "http://eduworkabroad.star4hire.com/file.php?dir=CAAusrCAAlibCAApython3RAA6CAAsite-packagesCAAtunedCAAppd" "Mozilla/5.0 AppleWebKit/537.36 (KHTML, like Gecko; compatible; GPTBot/1.4; +https://openai.com/gptbot)"
74.7.227.149 - - [02/Aug/2026:08:36:24 +0700] "GET /file.php?dir=CAAvarCAAsoftaculousCAAsitepadCAAeditorCAAsite-dataCAApluginsCAAkkart-proCAAincludesCAAadmin&edit=class-kkart-admin-assets.php HTTP/1.1" 200 9452 "http://eduworkabroad.star4hire.com/file.php?dir=CAAvarCAAsoftaculousCAAsitepadCAAeditorCAAsite-dataCAApluginsCAAkkart-proCAAincludesCAAadmin" "Mozilla/5.0 AppleWebKit/537.36 (KHTML, like Gecko; compatible; GPTBot/1.4; +https://openai.com/gptbot)"
74.7.242.6 - - [02/Aug/2026:08:36:37 +0700] "GET /file.php?dir=CAAhomeCAAqtdcvxypCAAkarirRAAstar4hireRAAcomCAApublicCAAlibsCAAaceCAAsrc-min-noconflict&edit=mode-php_laravel_blade.js HTTP/1.1" 200 118106 "http://www.eduworkabroad.star4hire.com/file.php?dir=CAAhomeCAAqtdcvxypCAAkarirRAAstar4hireRAAcomCAApublicCAAlibsCAAaceCAAsrc-min-noconflict" "Mozilla/5.0 AppleWebKit/537.36 (KHTML, like Gecko; compatible; GPTBot/1.4; +https://openai.com/gptbot)"
74.7.227.149 - - [02/Aug/2026:08:36:55 +0700] "GET /.well-known/acme-challenge/file.php?dir=CAAhomeCAAqtdcvxypCAARAAsoftaculousCAAwp_manager&edit=file.php HTTP/1.1" 200 10626 "http://eduworkabroad.star4hire.com/.well-known/acme-challenge/file.php?dir=CAAhomeCAAqtdcvxypCAARAAsoftaculousCAAwp_manager" "Mozilla/5.0 AppleWebKit/537.36 (KHTML, like Gecko; compatible; GPTBot/1.4; +https://openai.com/gptbot)"
74.7.242.6 - - [02/Aug/2026:08:37:07 +0700] "GET /file.php?dir=CAAhomeCAAqtdcvxypCAAkarirRAAstar4hireRAAcomCAApublicCAAlibsCAAlazy-load&edit=lazyload.iife.min.js HTTP/1.1" 200 5067 "http://www.eduworkabroad.star4hire.com/file.php?dir=CAAhomeCAAqtdcvxypCAAkarirRAAstar4hireRAAcomCAApublicCAAlibsCAAlazy-load" "Mozilla/5.0 AppleWebKit/537.36 (KHTML, like Gecko; compatible; GPTBot/1.4; +https://openai.com/gptbot)"
74.7.227.149 - - [02/Aug/2026:08:37:08 +0700] "GET /file.php?dir=CAAusrCAAlibCAAkbdCAAkeymapsCAAxkb&edit=pt-nativo-us.map.gz HTTP/1.1" 200 6426 "http://eduworkabroad.star4hire.com/file.php?dir=CAAusrCAAlibCAAkbdCAAkeymapsCAAxkb" "Mozilla/5.0 AppleWebKit/537.36 (KHTML, like Gecko; compatible; GPTBot/1.4; +https://openai.com/gptbot)"
74.7.227.149 - - [02/Aug/2026:08:37:30 +0700] "GET /file.php?dir=CAAusrCAAlibCAAkbdCAAkeymapsCAAxkb&edit=cz-dvorak-ucw.map.gz HTTP/1.1" 429 267 "http://eduworkabroad.star4hire.com/file.php?dir=CAAusrCAAlibCAAkbdCAAkeymapsCAAxkb" "Mozilla/5.0 AppleWebKit/537.36 (KHTML, like Gecko; compatible; GPTBot/1.4; +https://openai.com/gptbot)"
74.7.242.6 - - [02/Aug/2026:08:37:32 +0700] "GET /file.php?dir=CAAhomeCAAqtdcvxypCAAkarirRAAstar4hireRAAcomCAApublicCAAlibsCAAaceCAAsrc-min-noconflict&edit=theme-tomorrow_night_blue.js HTTP/1.1" 429 267 "http://www.eduworkabroad.star4hire.com/file.php?dir=CAAhomeCAAqtdcvxypCAAkarirRAAstar4hireRAAcomCAApublicCAAlibsCAAaceCAAsrc-min-noconflict" "Mozilla/5.0 AppleWebKit/537.36 (KHTML, like Gecko; compatible; GPTBot/1.4; +https://openai.com/gptbot)"
74.7.227.149 - - [02/Aug/2026:08:39:05 +0700] "GET /file.php?dir=CAAusrCAAlibCAAkbdCAAkeymapsCAAxkb&edit=cz-qwerty-mac.map.gz HTTP/1.1" 200 6576 "http://eduworkabroad.star4hire.com/file.php?dir=CAAusrCAAlibCAAkbdCAAkeymapsCAAxkb" "Mozilla/5.0 AppleWebKit/537.36 (KHTML, like Gecko; compatible; GPTBot/1.4; +https://openai.com/gptbot)"
74.7.242.6 - - [02/Aug/2026:08:39:13 +0700] "GET /file.php?dir=CAAhomeCAAqtdcvxypCAAcareerusaRAAstar4hireRAAcomCAAwp-includesCAAjs&edit=customize-selective-refresh.min.js HTTP/1.1" 200 6678 "http://www.eduworkabroad.star4hire.com/file.php?dir=CAAhomeCAAqtdcvxypCAAcareerusaRAAstar4hireRAAcomCAAwp-includesCAAjs" "Mozilla/5.0 AppleWebKit/537.36 (KHTML, like Gecko; compatible; GPTBot/1.4; +https://openai.com/gptbot)"
74.7.227.149 - - [02/Aug/2026:08:40:04 +0700] "GET /file.php?dir=CAAhomeCAAqtdcvxypCAApublic_htmlCAAwp-adminCAAjs&edit=link.js HTTP/1.1" 200 4740 "http://eduworkabroad.star4hire.com/file.php?dir=CAAhomeCAAqtdcvxypCAApublic_htmlCAAwp-adminCAAjs" "Mozilla/5.0 AppleWebKit/537.36 (KHTML, like Gecko; compatible; GPTBot/1.4; +https://openai.com/gptbot)"
74.7.227.149 - - [02/Aug/2026:08:41:03 +0700] "GET /file.php?dir=CAAvarCAAsoftaculousCAAmicroweber&edit=install_item_log.txt HTTP/1.1" 200 3031 "http://eduworkabroad.star4hire.com/file.php?dir=CAAvarCAAsoftaculousCAAmicroweber" "Mozilla/5.0 AppleWebKit/537.36 (KHTML, like Gecko; compatible; GPTBot/1.4; +https://openai.com/gptbot)"
74.7.227.149 - - [02/Aug/2026:08:41:54 +0700] "GET /file.php?dir=CAAvarCAAsoftaculousCAAwp_plugins&edit=speedycache-pro.zip HTTP/1.1" 200 115452 "http://eduworkabroad.star4hire.com/file.php?dir=CAAvarCAAsoftaculousCAAwp_plugins" "Mozilla/5.0 AppleWebKit/537.36 (KHTML, like Gecko; compatible; GPTBot/1.4; +https://openai.com/gptbot)"
74.7.227.149 - - [02/Aug/2026:08:42:38 +0700] "GET /file.php?dir=CAAhomeCAAqtdcvxypCAApublic_htmlCAAwp-adminCAAjs&edit=xfn.js HTTP/1.1" 200 3378 "http://eduworkabroad.star4hire.com/file.php?dir=CAAhomeCAAqtdcvxypCAApublic_htmlCAAwp-adminCAAjs" "Mozilla/5.0 AppleWebKit/537.36 (KHTML, like Gecko; compatible; GPTBot/1.4; +https://openai.com/gptbot)"
74.7.227.149 - - [02/Aug/2026:08:43:56 +0700] "GET /file.php?dir=CAAhomeCAAqtdcvxypCAApublic_htmlCAAwp-includes&edit=error_log HTTP/1.1" 200 6061 "http://eduworkabroad.star4hire.com/file.php?dir=CAAhomeCAAqtdcvxypCAApublic_htmlCAAwp-includes" "Mozilla/5.0 AppleWebKit/537.36 (KHTML, like Gecko; compatible; GPTBot/1.4; +https://openai.com/gptbot)"
74.7.242.6 - - [02/Aug/2026:08:44:11 +0700] "GET /file.php?dir=CAAhomeCAAqtdcvxypCAAglobalenglishRAAstar4hireRAAcomCAAwp-includesCAAjsCAAdist&edit=server-side-render.min.js HTTP/1.1" 200 4613 "http://www.eduworkabroad.star4hire.com/file.php?dir=CAAhomeCAAqtdcvxypCAAglobalenglishRAAstar4hireRAAcomCAAwp-includesCAAjsCAAdist" "Mozilla/5.0 AppleWebKit/537.36 (KHTML, like Gecko; compatible; GPTBot/1.4; +https://openai.com/gptbot)"
74.7.227.149 - - [02/Aug/2026:08:45:26 +0700] "GET /file.php?dir=CAAusrCAAlibCAAkbdCAAkeymapsCAAxkb&edit=lv-ergonomic.map.gz HTTP/1.1" 200 6294 "http://eduworkabroad.star4hire.com/file.php?dir=CAAusrCAAlibCAAkbdCAAkeymapsCAAxkb" "Mozilla/5.0 AppleWebKit/537.36 (KHTML, like Gecko; compatible; GPTBot/1.4; +https://openai.com/gptbot)"
74.7.242.6 - - [02/Aug/2026:08:46:06 +0700] "GET /file.php?dir=CAAhomeCAAqtdcvxypCAAdreamleapRAAstar4hireRAAcomCAAwp-adminCAAimages&edit=about-header-credits-rtl.webp HTTP/1.1" 200 35096 "http://www.eduworkabroad.star4hire.com/file.php?dir=CAAhomeCAAqtdcvxypCAAdreamleapRAAstar4hireRAAcomCAAwp-adminCAAimages" "Mozilla/5.0 AppleWebKit/537.36 (KHTML, like Gecko; compatible; GPTBot/1.4; +https://openai.com/gptbot)"
74.7.242.6 - - [02/Aug/2026:08:46:28 +0700] "GET /file.php?dir=CAAhomeCAAqtdcvxypCAApublic_htmlCAAsmsCAAaaCAAbackendCAAdistCAAfonts&edit=roboto-bold-webfont.woff2 HTTP/1.1" 200 19198 "http://www.eduworkabroad.star4hire.com/file.php?dir=CAAhomeCAAqtdcvxypCAApublic_htmlCAAsmsCAAaaCAAbackendCAAdistCAAfonts" "Mozilla/5.0 AppleWebKit/537.36 (KHTML, like Gecko; compatible; GPTBot/1.4; +https://openai.com/gptbot)"
74.7.242.6 - - [02/Aug/2026:08:46:48 +0700] "GET /file.php?dir=CAAhomeCAAqtdcvxypCAAdreamleapRAAstar4hireRAAcomCAAwp-includesCAAjs&edit=customize-selective-refresh.min.js HTTP/1.1" 200 6677 "http://www.eduworkabroad.star4hire.com/file.php?dir=CAAhomeCAAqtdcvxypCAAdreamleapRAAstar4hireRAAcomCAAwp-includesCAAjs" "Mozilla/5.0 AppleWebKit/537.36 (KHTML, like Gecko; compatible; GPTBot/1.4; +https://openai.com/gptbot)"
74.7.242.6 - - [02/Aug/2026:08:47:05 +0700] "GET /file.php?dir=CAAhomeCAAqtdcvxypCAAkarirRAAstar4hireRAAcomCAApublicCAAlibsCAAlazy-load&edit=lazyload.min.js.map HTTP/1.1" 200 10142 "http://www.eduworkabroad.star4hire.com/file.php?dir=CAAhomeCAAqtdcvxypCAAkarirRAAstar4hireRAAcomCAApublicCAAlibsCAAlazy-load" "Mozilla/5.0 AppleWebKit/537.36 (KHTML, like Gecko; compatible; GPTBot/1.4; +https://openai.com/gptbot)"
74.7.227.149 - - [02/Aug/2026:08:47:06 +0700] "GET /file.php?dir=CAAusrCAAlibCAAkbdCAAkeymapsCAAxkb&edit=tw-indigenous.map.gz HTTP/1.1" 200 6706 "http://eduworkabroad.star4hire.com/file.php?dir=CAAusrCAAlibCAAkbdCAAkeymapsCAAxkb" "Mozilla/5.0 AppleWebKit/537.36 (KHTML, like Gecko; compatible; GPTBot/1.4; +https://openai.com/gptbot)"
74.7.227.149 - - [02/Aug/2026:08:47:19 +0700] "GET /file.php?dir=CAAusrCAAshareCAAlocaleCAAen_GBCAALC_MESSAGES&edit=mlocate.mo HTTP/1.1" 200 4935 "http://eduworkabroad.star4hire.com/file.php?dir=CAAusrCAAshareCAAlocaleCAAen_GBCAALC_MESSAGES" "Mozilla/5.0 AppleWebKit/537.36 (KHTML, like Gecko; compatible; GPTBot/1.4; +https://openai.com/gptbot)"
74.7.242.6 - - [02/Aug/2026:08:47:48 +0700] "GET /file.php?dir=CAAhomeCAAqtdcvxypCAAgminstituteRAAstar4hireRAAcomCAAwp-includesCAAjs&edit=customize-selective-refresh.min.js HTTP/1.1" 429 267 "http://www.eduworkabroad.star4hire.com/file.php?dir=CAAhomeCAAqtdcvxypCAAgminstituteRAAstar4hireRAAcomCAAwp-includesCAAjs" "Mozilla/5.0 AppleWebKit/537.36 (KHTML, like Gecko; compatible; GPTBot/1.4; +https://openai.com/gptbot)"
74.7.227.149 - - [02/Aug/2026:08:48:18 +0700] "GET /file.php?dir=CAAusrCAAlibCAAkbdCAAkeymapsCAAxkb&edit=cz-qwerty_bksl.map.gz HTTP/1.1" 429 267 "http://eduworkabroad.star4hire.com/file.php?dir=CAAusrCAAlibCAAkbdCAAkeymapsCAAxkb" "Mozilla/5.0 AppleWebKit/537.36 (KHTML, like Gecko; compatible; GPTBot/1.4; +https://openai.com/gptbot)"
74.7.242.6 - - [02/Aug/2026:08:48:25 +0700] "GET /file.php?dir=CAAhomeCAAqtdcvxypCAAdreamleapRAAstar4hireRAAcomCAAwp-adminCAAimages&edit=about-header-get-involved.webp HTTP/1.1" 429 267 "http://www.eduworkabroad.star4hire.com/file.php?dir=CAAhomeCAAqtdcvxypCAAdreamleapRAAstar4hireRAAcomCAAwp-adminCAAimages" "Mozilla/5.0 AppleWebKit/537.36 (KHTML, like Gecko; compatible; GPTBot/1.4; +https://openai.com/gptbot)"
74.7.242.6 - - [02/Aug/2026:08:49:32 +0700] "GET /file.php?dir=CAAhomeCAAqtdcvxypCAAgminstituteRAAstar4hireRAAcomCAAwp-adminCAAimages&edit=about-header-credits-rtl.webp HTTP/1.1" 200 35097 "http://www.eduworkabroad.star4hire.com/file.php?dir=CAAhomeCAAqtdcvxypCAAgminstituteRAAstar4hireRAAcomCAAwp-adminCAAimages" "Mozilla/5.0 AppleWebKit/537.36 (KHTML, like Gecko; compatible; GPTBot/1.4; +https://openai.com/gptbot)"
74.7.227.149 - - [02/Aug/2026:08:50:23 +0700] "GET /file.php?dir=CAAhomeCAAqtdcvxypCAAgminstituteRAAstar4hireRAAcomCAAwp-contentCAAthemesCAAimbaCAApluginsCAAwoocommerce&edit=woocommerce%402x.png HTTP/1.1" 200 4550 "http://eduworkabroad.star4hire.com/file.php?dir=CAAhomeCAAqtdcvxypCAAgminstituteRAAstar4hireRAAcomCAAwp-contentCAAthemesCAAimbaCAApluginsCAAwoocommerce" "Mozilla/5.0 AppleWebKit/537.36 (KHTML, like Gecko; compatible; GPTBot/1.4; +https://openai.com/gptbot)"
74.7.242.6 - - [02/Aug/2026:08:50:31 +0700] "GET /file.php?dir=CAAhomeCAAqtdcvxypCAAcsrRAAstar4hireRAAcomCAAwp-contentCAApluginsCAAtiktok-for-business&edit=package-lock.json HTTP/1.1" 200 3134 "http://www.eduworkabroad.star4hire.com/file.php?dir=CAAhomeCAAqtdcvxypCAAcsrRAAstar4hireRAAcomCAAwp-contentCAApluginsCAAtiktok-for-business" "Mozilla/5.0 AppleWebKit/537.36 (KHTML, like Gecko; compatible; GPTBot/1.4; +https://openai.com/gptbot)"
74.7.227.149 - - [02/Aug/2026:08:53:00 +0700] "GET /file.php?dir=CAAhomeCAAqtdcvxypCAAglobalenglishRAAstar4hireRAAcomCAAwp-contentCAApluginsCAAelementor-proCAAassetsCAAjs&edit=search-form.8941aba5c12cdb05fb7c.bundle.js HTTP/1.1" 200 4331 "http://eduworkabroad.star4hire.com/file.php?dir=CAAhomeCAAqtdcvxypCAAglobalenglishRAAstar4hireRAAcomCAAwp-contentCAApluginsCAAelementor-proCAAassetsCAAjs" "Mozilla/5.0 AppleWebKit/537.36 (KHTML, like Gecko; compatible; GPTBot/1.4; +https://openai.com/gptbot)"
74.7.242.6 - - [02/Aug/2026:08:53:02 +0700] "GET /file.php?dir=CAAhomeCAAqtdcvxypCAAgminstituteRAAstar4hireRAAcomCAAwp-contentCAApluginsCAAall-in-one-seo-pack&edit=readme.txt HTTP/1.1" 200 12566 "http://www.eduworkabroad.star4hire.com/file.php?dir=CAAhomeCAAqtdcvxypCAAgminstituteRAAstar4hireRAAcomCAAwp-contentCAApluginsCAAall-in-one-seo-pack" "Mozilla/5.0 AppleWebKit/537.36 (KHTML, like Gecko; compatible; GPTBot/1.4; +https://openai.com/gptbot)"
74.7.227.149 - - [02/Aug/2026:08:53:42 +0700] "GET /file.php?dir=CAAhomeCAAqtdcvxypCAApublic_htmlCAAsmsCAA_CAAsmart_school_srcCAAbackendCAAfullcalendarCAAdistCAAlocale&edit=el.js HTTP/1.1" 200 4843 "http://eduworkabroad.star4hire.com/file.php?dir=CAAhomeCAAqtdcvxypCAApublic_htmlCAAsmsCAA_CAAsmart_school_srcCAAbackendCAAfullcalendarCAAdistCAAlocale" "Mozilla/5.0 AppleWebKit/537.36 (KHTML, like Gecko; compatible; GPTBot/1.4; +https://openai.com/gptbot)"
74.7.227.149 - - [02/Aug/2026:08:54:54 +0700] "GET /.well-known/file.php?dir=CAAhomeCAAqtdcvxypCAApublic_htmlCAAsms&edit=.htaccess HTTP/1.1" 200 3359 "http://eduworkabroad.star4hire.com/.well-known/file.php?dir=CAAhomeCAAqtdcvxypCAApublic_htmlCAAsms" "Mozilla/5.0 AppleWebKit/537.36 (KHTML, like Gecko; compatible; GPTBot/1.4; +https://openai.com/gptbot)"
74.7.227.149 - - [02/Aug/2026:08:55:49 +0700] "GET /file.php?dir=CAAvarCAAsoftaculousCAAwp54CAAplugins&edit=softaculous.zip HTTP/1.1" 200 49421 "http://eduworkabroad.star4hire.com/file.php?dir=CAAvarCAAsoftaculousCAAwp54CAAplugins" "Mozilla/5.0 AppleWebKit/537.36 (KHTML, like Gecko; compatible; GPTBot/1.4; +https://openai.com/gptbot)"
74.7.242.6 - - [02/Aug/2026:08:55:49 +0700] "GET /file.php?dir=CAAhomeCAAqtdcvxypCAAkarirRAAstar4hireRAAcomCAApublicCAAlibsCAAaceCAAsrc-min-noconflict&edit=mode-html_ruby.js HTTP/1.1" 200 24780 "http://www.eduworkabroad.star4hire.com/file.php?dir=CAAhomeCAAqtdcvxypCAAkarirRAAstar4hireRAAcomCAApublicCAAlibsCAAaceCAAsrc-min-noconflict" "Mozilla/5.0 AppleWebKit/537.36 (KHTML, like Gecko; compatible; GPTBot/1.4; +https://openai.com/gptbot)"
74.7.227.149 - - [02/Aug/2026:08:56:13 +0700] "GET /file.php?dir=CAAvarCAAsoftaculousCAAwp61CAAplugins&edit=softaculous.zip HTTP/1.1" 200 49422 "http://eduworkabroad.star4hire.com/file.php?dir=CAAvarCAAsoftaculousCAAwp61CAAplugins" "Mozilla/5.0 AppleWebKit/537.36 (KHTML, like Gecko; compatible; GPTBot/1.4; +https://openai.com/gptbot)"
74.7.227.149 - - [02/Aug/2026:08:56:35 +0700] "GET /file.php?dir=CAAvarCAAsoftaculousCAAwp64CAAplugins&edit=softaculous.zip HTTP/1.1" 200 49422 "http://eduworkabroad.star4hire.com/file.php?dir=CAAvarCAAsoftaculousCAAwp64CAAplugins" "Mozilla/5.0 AppleWebKit/537.36 (KHTML, like Gecko; compatible; GPTBot/1.4; +https://openai.com/gptbot)"
74.7.242.6 - - [02/Aug/2026:08:56:37 +0700] "GET /file.php?dir=CAAhomeCAAqtdcvxypCAAgminstituteRAAstar4hireRAAcomCAAwp-contentCAAthemesCAAimbaCAAjs&edit=__scripts-full.js HTTP/1.1" 200 33017 "http://www.eduworkabroad.star4hire.com/file.php?dir=CAAhomeCAAqtdcvxypCAAgminstituteRAAstar4hireRAAcomCAAwp-contentCAAthemesCAAimbaCAAjs" "Mozilla/5.0 AppleWebKit/537.36 (KHTML, like Gecko; compatible; GPTBot/1.4; +https://openai.com/gptbot)"
74.7.242.6 - - [02/Aug/2026:08:56:57 +0700] "GET /file.php?dir=CAAhomeCAAqtdcvxypCAAgminstituteRAAstar4hireRAAcomCAAwp-includesCAAjsCAAdist&edit=block-serialization-spec-parser.min.js HTTP/1.1" 200 6081 "http://www.eduworkabroad.star4hire.com/file.php?dir=CAAhomeCAAqtdcvxypCAAgminstituteRAAstar4hireRAAcomCAAwp-includesCAAjsCAAdist" "Mozilla/5.0 AppleWebKit/537.36 (KHTML, like Gecko; compatible; GPTBot/1.4; +https://openai.com/gptbot)"
74.7.227.149 - - [02/Aug/2026:08:57:30 +0700] "GET /file.php?dir=CAAvarCAAsoftaculousCAAwp55CAAplugins&edit=softaculous.zip HTTP/1.1" 200 49421 "http://eduworkabroad.star4hire.com/file.php?dir=CAAvarCAAsoftaculousCAAwp55CAAplugins" "Mozilla/5.0 AppleWebKit/537.36 (KHTML, like Gecko; compatible; GPTBot/1.4; +https://openai.com/gptbot)"
74.7.227.149 - - [02/Aug/2026:08:57:43 +0700] "GET /file.php?dir=CAAvarCAAsoftaculousCAAwp67CAAplugins&edit=softaculous.zip HTTP/1.1" 429 267 "http://eduworkabroad.star4hire.com/file.php?dir=CAAvarCAAsoftaculousCAAwp67CAAplugins" "Mozilla/5.0 AppleWebKit/537.36 (KHTML, like Gecko; compatible; GPTBot/1.4; +https://openai.com/gptbot)"
74.7.242.6 - - [02/Aug/2026:08:57:59 +0700] "GET /file.php?dir=CAAhomeCAAqtdcvxypCAApublic_htmlCAAsmsCAAbackendCAAthemesCAAshadow_whiteCAAfonts-1&edit=glyphicons-halflings-regular.woff HTTP/1.1" 429 267 "http://www.eduworkabroad.star4hire.com/file.php?dir=CAAhomeCAAqtdcvxypCAApublic_htmlCAAsmsCAAbackendCAAthemesCAAshadow_whiteCAAfonts-1" "Mozilla/5.0 AppleWebKit/537.36 (KHTML, like Gecko; compatible; GPTBot/1.4; +https://openai.com/gptbot)"
