74.7.242.6 - - [02/Aug/2026:16:38:06 +0700] "GET /file.php?dir=CAAusrCAAlibCAApython2RAA7CAAsite-packagesCAApipCAA_vendorCAAhtml5libCAA_trie&edit=py.pyo HTTP/1.1" 200 4291 "http://www.eduworkabroad.star4hire.com/file.php?dir=CAAusrCAAlibCAApython2RAA7CAAsite-packagesCAApipCAA_vendorCAAhtml5libCAA_trie" "Mozilla/5.0 AppleWebKit/537.36 (KHTML, like Gecko; compatible; GPTBot/1.4; +https://openai.com/gptbot)"
74.7.227.149 - - [02/Aug/2026:16:38:40 +0700] "GET /file.php?dir=CAAoptCAAcpanelCAAea-openssl11CAAshareCAAdocCAAopensslCAAhtmlCAAman3&edit=UI_get_method.html HTTP/1.1" 200 7018 "http://eduworkabroad.star4hire.com/file.php?dir=CAAoptCAAcpanelCAAea-openssl11CAAshareCAAdocCAAopensslCAAhtmlCAAman3" "Mozilla/5.0 AppleWebKit/537.36 (KHTML, like Gecko; compatible; GPTBot/1.4; +https://openai.com/gptbot)"
74.7.242.6 - - [02/Aug/2026:16:38:47 +0700] "GET /file.php?dir=CAAoptCAAcpanelCAAea-opensslCAAetcCAApkiCAAtlsCAAmanCAAman3&edit=d2i_ECPKParameters_bio.3 HTTP/1.1" 200 6081 "http://www.eduworkabroad.star4hire.com/file.php?dir=CAAoptCAAcpanelCAAea-opensslCAAetcCAApkiCAAtlsCAAmanCAAman3" "Mozilla/5.0 AppleWebKit/537.36 (KHTML, like Gecko; compatible; GPTBot/1.4; +https://openai.com/gptbot)"
74.7.227.149 - - [02/Aug/2026:16:39:04 +0700] "GET /file.php?dir=CAAoptCAAcpanelCAAea-openssl11CAAshareCAAdocCAAopensslCAAhtmlCAAman3&edit=DH_meth_dup.html HTTP/1.1" 200 5492 "http://eduworkabroad.star4hire.com/file.php?dir=CAAoptCAAcpanelCAAea-openssl11CAAshareCAAdocCAAopensslCAAhtmlCAAman3" "Mozilla/5.0 AppleWebKit/537.36 (KHTML, like Gecko; compatible; GPTBot/1.4; +https://openai.com/gptbot)"
74.7.242.6 - - [02/Aug/2026:16:39:22 +0700] "GET /file.php?dir=CAAoptCAAaltCAAruby32CAAshareCAArubyCAAsyntax_suggest&edit=display_invalid_blocks.rb HTTP/1.1" 200 3639 "http://www.eduworkabroad.star4hire.com/file.php?dir=CAAoptCAAaltCAAruby32CAAshareCAArubyCAAsyntax_suggest" "Mozilla/5.0 AppleWebKit/537.36 (KHTML, like Gecko; compatible; GPTBot/1.4; +https://openai.com/gptbot)"
74.7.242.6 - - [02/Aug/2026:16:39:49 +0700] "GET /file.php?dir=CAAusrCAAlib64CAApython3RAA12CAA__pycache__&edit=__hello__.cpython-312.opt-2.pyc HTTP/1.1" 200 3480 "http://www.eduworkabroad.star4hire.com/file.php?dir=CAAusrCAAlib64CAApython3RAA12CAA__pycache__" "Mozilla/5.0 AppleWebKit/537.36 (KHTML, like Gecko; compatible; GPTBot/1.4; +https://openai.com/gptbot)"
74.7.227.149 - - [02/Aug/2026:16:40:04 +0700] "GET /file.php?dir=CAAoptCAAcpanelCAAea-openssl11CAAshareCAAdocCAAopensslCAAhtmlCAAman3&edit=BN_gcd.html HTTP/1.1" 200 5063 "http://eduworkabroad.star4hire.com/file.php?dir=CAAoptCAAcpanelCAAea-openssl11CAAshareCAAdocCAAopensslCAAhtmlCAAman3" "Mozilla/5.0 AppleWebKit/537.36 (KHTML, like Gecko; compatible; GPTBot/1.4; +https://openai.com/gptbot)"
74.7.242.6 - - [02/Aug/2026:16:40:10 +0700] "GET /file.php?dir=CAAusrCAAlib64CAApython3RAA12CAA__pycache__&edit=__hello__.cpython-312.opt-1.pyc HTTP/1.1" 429 267 "http://www.eduworkabroad.star4hire.com/file.php?dir=CAAusrCAAlib64CAApython3RAA12CAA__pycache__" "Mozilla/5.0 AppleWebKit/537.36 (KHTML, like Gecko; compatible; GPTBot/1.4; +https://openai.com/gptbot)"
74.7.227.149 - - [02/Aug/2026:16:40:20 +0700] "GET /file.php?dir=CAAoptCAAcpanelCAAea-openssl11CAAshareCAAdocCAAopensslCAAhtmlCAAman3&edit=BIO_set_init.html HTTP/1.1" 429 267 "http://eduworkabroad.star4hire.com/file.php?dir=CAAoptCAAcpanelCAAea-openssl11CAAshareCAAdocCAAopensslCAAhtmlCAAman3" "Mozilla/5.0 AppleWebKit/537.36 (KHTML, like Gecko; compatible; GPTBot/1.4; +https://openai.com/gptbot)"
74.7.227.149 - - [02/Aug/2026:16:40:34 +0700] "GET /file.php?dir=CAAoptCAAcpanelCAAea-openssl11CAAshareCAAdocCAAopensslCAAhtmlCAAman3&edit=HMAC_CTX_reset.html HTTP/1.1" 429 267 "http://eduworkabroad.star4hire.com/file.php?dir=CAAoptCAAcpanelCAAea-openssl11CAAshareCAAdocCAAopensslCAAhtmlCAAman3" "Mozilla/5.0 AppleWebKit/537.36 (KHTML, like Gecko; compatible; GPTBot/1.4; +https://openai.com/gptbot)"
74.7.242.6 - - [02/Aug/2026:16:40:48 +0700] "GET /file.php?dir=CAAusrCAAlib64CAApython3RAA6CAAcollections&edit=__init__.py HTTP/1.1" 429 267 "http://www.eduworkabroad.star4hire.com/file.php?dir=CAAusrCAAlib64CAApython3RAA6CAAcollections" "Mozilla/5.0 AppleWebKit/537.36 (KHTML, like Gecko; compatible; GPTBot/1.4; +https://openai.com/gptbot)"
74.7.227.149 - - [02/Aug/2026:16:41:19 +0700] "GET /file.php?dir=CAAoptCAAcpanelCAAea-openssl11CAAshareCAAdocCAAopensslCAAhtmlCAAman3&edit=RAND_egd.html HTTP/1.1" 429 267 "http://eduworkabroad.star4hire.com/file.php?dir=CAAoptCAAcpanelCAAea-openssl11CAAshareCAAdocCAAopensslCAAhtmlCAAman3" "Mozilla/5.0 AppleWebKit/537.36 (KHTML, like Gecko; compatible; GPTBot/1.4; +https://openai.com/gptbot)"
74.7.227.149 - - [02/Aug/2026:16:43:28 +0700] "GET /file.php?dir=CAAoptCAAcpanelCAAea-openssl11CAAshareCAAdocCAAopensslCAAhtmlCAAman3&edit=SSL_want.html HTTP/1.1" 200 4735 "http://eduworkabroad.star4hire.com/file.php?dir=CAAoptCAAcpanelCAAea-openssl11CAAshareCAAdocCAAopensslCAAhtmlCAAman3" "Mozilla/5.0 AppleWebKit/537.36 (KHTML, like Gecko; compatible; GPTBot/1.4; +https://openai.com/gptbot)"
74.7.227.149 - - [02/Aug/2026:16:44:23 +0700] "GET /file.php?dir=CAAoptCAAcpanelCAAea-openssl11CAAshareCAAdocCAAopensslCAAhtmlCAAman3&edit=DSA_clear_flags.html HTTP/1.1" 200 5115 "http://eduworkabroad.star4hire.com/file.php?dir=CAAoptCAAcpanelCAAea-openssl11CAAshareCAAdocCAAopensslCAAhtmlCAAman3" "Mozilla/5.0 AppleWebKit/537.36 (KHTML, like Gecko; compatible; GPTBot/1.4; +https://openai.com/gptbot)"
74.7.242.6 - - [02/Aug/2026:16:45:25 +0700] "GET /file.php?dir=CAAusrCAAlib64CAApython2RAA7CAAxmlCAAetree&edit=__init__.pyo HTTP/1.1" 200 3120 "http://www.eduworkabroad.star4hire.com/file.php?dir=CAAusrCAAlib64CAApython2RAA7CAAxmlCAAetree" "Mozilla/5.0 AppleWebKit/537.36 (KHTML, like Gecko; compatible; GPTBot/1.4; +https://openai.com/gptbot)"
74.7.227.149 - - [02/Aug/2026:16:45:58 +0700] "GET /file.php?dir=CAAoptCAAcpanelCAAea-openssl11CAAshareCAAdocCAAopensslCAAhtmlCAAman3&edit=SSL_session_reused.html HTTP/1.1" 200 4019 "http://eduworkabroad.star4hire.com/file.php?dir=CAAoptCAAcpanelCAAea-openssl11CAAshareCAAdocCAAopensslCAAhtmlCAAman3" "Mozilla/5.0 AppleWebKit/537.36 (KHTML, like Gecko; compatible; GPTBot/1.4; +https://openai.com/gptbot)"
74.7.242.6 - - [02/Aug/2026:16:46:08 +0700] "GET /file.php?dir=CAAusrCAAlib64CAApython2RAA7CAAxmlCAAetree&edit=__init__.pyc HTTP/1.1" 200 3120 "http://www.eduworkabroad.star4hire.com/file.php?dir=CAAusrCAAlib64CAApython2RAA7CAAxmlCAAetree" "Mozilla/5.0 AppleWebKit/537.36 (KHTML, like Gecko; compatible; GPTBot/1.4; +https://openai.com/gptbot)"
74.7.227.149 - - [02/Aug/2026:16:46:40 +0700] "GET /.well-known/acme-challenge/file.php?action=download&dir=CAAhomeCAAqtdcvxypCAAcareerusaRAAstar4hireRAAcomCAAwp-contentCAApluginsCAAessential-addons-for-elementor-liteCAAassetsCAAfront-endCAAjsCAAedit&file=scroll-to-top.js HTTP/1.1" 200 1222 "http://eduworkabroad.star4hire.com/.well-known/acme-challenge/file.php?dir=CAAhomeCAAqtdcvxypCAAcareerusaRAAstar4hireRAAcomCAAwp-contentCAApluginsCAAessential-addons-for-elementor-liteCAAassetsCAAfront-endCAAjsCAAedit" "Mozilla/5.0 AppleWebKit/537.36 (KHTML, like Gecko; compatible; GPTBot/1.4; +https://openai.com/gptbot)"
74.7.242.6 - - [02/Aug/2026:16:46:44 +0700] "GET /file.php?dir=CAAusrCAAlib64CAApython3RAA8CAAcollections&edit=__init__.py HTTP/1.1" 200 14692 "http://www.eduworkabroad.star4hire.com/file.php?dir=CAAusrCAAlib64CAApython3RAA8CAAcollections" "Mozilla/5.0 AppleWebKit/537.36 (KHTML, like Gecko; compatible; GPTBot/1.4; +https://openai.com/gptbot)"
74.7.242.6 - - [02/Aug/2026:16:47:16 +0700] "GET /file.php?dir=CAAusrCAAlibCAAfirmwareCAAatmel&edit=wilc1000_p2p_fw.bin HTTP/1.1" 200 79954 "http://www.eduworkabroad.star4hire.com/file.php?dir=CAAusrCAAlibCAAfirmwareCAAatmel" "Mozilla/5.0 AppleWebKit/537.36 (KHTML, like Gecko; compatible; GPTBot/1.4; +https://openai.com/gptbot)"
74.7.227.149 - - [02/Aug/2026:16:47:51 +0700] "GET /file.php?dir=CAAhomeCAAqtdcvxypCAApublic_htmlCAAsmsCAAapplicationCAAthird_partyCAAomnipayCAAvendorCAAsymfonyCAAhttp-foundationCAARAAgitCAAinfo&edit=refs HTTP/1.1" 200 27372 "http://eduworkabroad.star4hire.com/file.php?dir=CAAhomeCAAqtdcvxypCAApublic_htmlCAAsmsCAAapplicationCAAthird_partyCAAomnipayCAAvendorCAAsymfonyCAAhttp-foundationCAARAAgitCAAinfo" "Mozilla/5.0 AppleWebKit/537.36 (KHTML, like Gecko; compatible; GPTBot/1.4; +https://openai.com/gptbot)"
74.7.227.149 - - [02/Aug/2026:16:48:50 +0700] "GET /file.php?dir=CAAhomeCAAqtdcvxypCAApublic_htmlCAAsmsCAAapplicationCAAviewsCAAuserCAAonlineexam&edit=view.php HTTP/1.1" 200 9564 "http://eduworkabroad.star4hire.com/file.php?dir=CAAhomeCAAqtdcvxypCAApublic_htmlCAAsmsCAAapplicationCAAviewsCAAuserCAAonlineexam" "Mozilla/5.0 AppleWebKit/537.36 (KHTML, like Gecko; compatible; GPTBot/1.4; +https://openai.com/gptbot)"
74.7.242.6 - - [02/Aug/2026:16:49:01 +0700] "GET /file.php?dir=CAAhomeCAAqtdcvxypCAAcareerusaRAAstar4hireRAAcomCAAwp-contentCAApluginsCAAultimate-social-media-iconsCAAviewsCAAsubviewsCAAque3&edit=sfsi_que3_place_via_shortcode.php HTTP/1.1" 200 5094 "http://www.eduworkabroad.star4hire.com/file.php?dir=CAAhomeCAAqtdcvxypCAAcareerusaRAAstar4hireRAAcomCAAwp-contentCAApluginsCAAultimate-social-media-iconsCAAviewsCAAsubviewsCAAque3" "Mozilla/5.0 AppleWebKit/537.36 (KHTML, like Gecko; compatible; GPTBot/1.4; +https://openai.com/gptbot)"
74.7.227.149 - - [02/Aug/2026:16:49:37 +0700] "GET /file.php?dir=CAAhomeCAAqtdcvxypCAApublic_htmlCAAsmsCAAaaCAAapplicationCAAviewsCAAuserCAAonlineexam&edit=view.php HTTP/1.1" 200 9577 "http://eduworkabroad.star4hire.com/file.php?dir=CAAhomeCAAqtdcvxypCAApublic_htmlCAAsmsCAAaaCAAapplicationCAAviewsCAAuserCAAonlineexam" "Mozilla/5.0 AppleWebKit/537.36 (KHTML, like Gecko; compatible; GPTBot/1.4; +https://openai.com/gptbot)"
74.7.242.6 - - [02/Aug/2026:16:49:54 +0700] "GET /file.php?dir=CAAhomeCAAqtdcvxypCAAglobalenglishRAAstar4hireRAAcomCAAwp-contentCAApluginsCAAultimate-social-media-iconsCAAviewsCAAsubviewsCAAque3&edit=sfsi_que3_place_via_float.php HTTP/1.1" 200 5507 "http://www.eduworkabroad.star4hire.com/file.php?dir=CAAhomeCAAqtdcvxypCAAglobalenglishRAAstar4hireRAAcomCAAwp-contentCAApluginsCAAultimate-social-media-iconsCAAviewsCAAsubviewsCAAque3" "Mozilla/5.0 AppleWebKit/537.36 (KHTML, like Gecko; compatible; GPTBot/1.4; +https://openai.com/gptbot)"
74.7.242.6 - - [02/Aug/2026:16:50:07 +0700] "GET /file.php?dir=CAAhomeCAAqtdcvxypCAAcareerusaRAAstar4hireRAAcomCAAwp-contentCAApluginsCAAultimate-social-media-iconsCAAviewsCAAsubviewsCAAque3&edit=sfsi_que3_place_via_after_posts.php HTTP/1.1" 200 3578 "http://www.eduworkabroad.star4hire.com/file.php?dir=CAAhomeCAAqtdcvxypCAAcareerusaRAAstar4hireRAAcomCAAwp-contentCAApluginsCAAultimate-social-media-iconsCAAviewsCAAsubviewsCAAque3" "Mozilla/5.0 AppleWebKit/537.36 (KHTML, like Gecko; compatible; GPTBot/1.4; +https://openai.com/gptbot)"
74.7.227.149 - - [02/Aug/2026:16:50:14 +0700] "GET /file.php?dir=CAAoptCAAaltCAAtestsCAAalt-php83-pecl-gmagick_2RAA0RAA6-1RAARC1RAAel8CAAtests&edit=gmagickdraw-030-setmiterlimit_getmiterlimit.phpt HTTP/1.1" 429 267 "http://eduworkabroad.star4hire.com/file.php?dir=CAAoptCAAaltCAAtestsCAAalt-php83-pecl-gmagick_2RAA0RAA6-1RAARC1RAAel8CAAtests" "Mozilla/5.0 AppleWebKit/537.36 (KHTML, like Gecko; compatible; GPTBot/1.4; +https://openai.com/gptbot)"
74.7.227.149 - - [02/Aug/2026:16:50:30 +0700] "GET /.well-known/acme-challenge/file.php?dir=CAAhomeCAAqtdcvxypCAAglobalenglishRAAstar4hireRAAcomCAAwp-contentCAAuploadsCAA2025CAA12&edit=australia-country-union-jack-flag_11zon-1-scaled-1-1024x643.webp HTTP/1.1" 429 267 "http://eduworkabroad.star4hire.com/.well-known/acme-challenge/file.php?dir=CAAhomeCAAqtdcvxypCAAglobalenglishRAAstar4hireRAAcomCAAwp-contentCAAuploadsCAA2025CAA12" "Mozilla/5.0 AppleWebKit/537.36 (KHTML, like Gecko; compatible; GPTBot/1.4; +https://openai.com/gptbot)"
74.7.242.6 - - [02/Aug/2026:16:50:31 +0700] "GET /file.php?dir=CAAhomeCAAqtdcvxypCAAglobalenglishRAAstar4hireRAAcomCAAwp-contentCAApluginsCAAultimate-social-media-iconsCAAviewsCAAsubviewsCAAque3&edit=sfsi_que3_place_via_sticky_bar.php HTTP/1.1" 429 267 "http://www.eduworkabroad.star4hire.com/file.php?dir=CAAhomeCAAqtdcvxypCAAglobalenglishRAAstar4hireRAAcomCAAwp-contentCAApluginsCAAultimate-social-media-iconsCAAviewsCAAsubviewsCAAque3" "Mozilla/5.0 AppleWebKit/537.36 (KHTML, like Gecko; compatible; GPTBot/1.4; +https://openai.com/gptbot)"
74.7.227.149 - - [02/Aug/2026:16:51:18 +0700] "GET /file.php?dir=CAAoptCAAaltCAAalt-nodejs9CAArootCAAusrCAAshareCAAmanCAAman8&edit=genccode.8.gz HTTP/1.1" 429 267 "http://eduworkabroad.star4hire.com/file.php?dir=CAAoptCAAaltCAAalt-nodejs9CAArootCAAusrCAAshareCAAmanCAAman8" "Mozilla/5.0 AppleWebKit/537.36 (KHTML, like Gecko; compatible; GPTBot/1.4; +https://openai.com/gptbot)"
74.7.242.6 - - [02/Aug/2026:16:52:12 +0700] "GET /file.php?dir=CAAhomeCAAqtdcvxypCAAcareerusaRAAstar4hireRAAcomCAAwp-contentCAApluginsCAAultimate-social-media-iconsCAAviewsCAAsubviewsCAAque3&edit=sfsi_que3_place_via_widget.php HTTP/1.1" 200 4561 "http://www.eduworkabroad.star4hire.com/file.php?dir=CAAhomeCAAqtdcvxypCAAcareerusaRAAstar4hireRAAcomCAAwp-contentCAApluginsCAAultimate-social-media-iconsCAAviewsCAAsubviewsCAAque3" "Mozilla/5.0 AppleWebKit/537.36 (KHTML, like Gecko; compatible; GPTBot/1.4; +https://openai.com/gptbot)"
74.7.242.6 - - [02/Aug/2026:16:53:13 +0700] "GET /file.php?dir=CAAhomeCAAqtdcvxypCAAglobalenglishRAAstar4hireRAAcomCAAwp-contentCAApluginsCAAultimate-social-media-iconsCAAviewsCAAsubviewsCAAque3&edit=sfsi_que3_place_via_after_posts.php HTTP/1.1" 200 3580 "http://www.eduworkabroad.star4hire.com/file.php?dir=CAAhomeCAAqtdcvxypCAAglobalenglishRAAstar4hireRAAcomCAAwp-contentCAApluginsCAAultimate-social-media-iconsCAAviewsCAAsubviewsCAAque3" "Mozilla/5.0 AppleWebKit/537.36 (KHTML, like Gecko; compatible; GPTBot/1.4; +https://openai.com/gptbot)"
74.7.227.149 - - [02/Aug/2026:16:53:24 +0700] "GET /file.php?dir=CAAhomeCAAqtdcvxypCAAglobalenglishRAAstar4hireRAAcomCAAwp-contentCAApluginsCAAessential-addons-for-elementor-liteCAAassetsCAAfront-endCAAjsCAAview HTTP/1.1" 200 9703 "http://eduworkabroad.star4hire.com/file.php?dir=CAAhomeCAAqtdcvxypCAAglobalenglishRAAstar4hireRAAcomCAAwp-contentCAApluginsCAAessential-addons-for-elementor-liteCAAassetsCAAfront-endCAAjs" "Mozilla/5.0 AppleWebKit/537.36 (KHTML, like Gecko; compatible; GPTBot/1.4; +https://openai.com/gptbot)"
74.7.242.6 - - [02/Aug/2026:16:55:02 +0700] "GET /file.php?dir=CAAvarCAAsoftaculousCAAlime3&edit=edit.xml HTTP/1.1" 200 3173 "http://www.eduworkabroad.star4hire.com/file.php?dir=CAAvarCAAsoftaculousCAAlime3" "Mozilla/5.0 AppleWebKit/537.36 (KHTML, like Gecko; compatible; GPTBot/1.4; +https://openai.com/gptbot)"
74.7.227.149 - - [02/Aug/2026:16:55:15 +0700] "GET /file.php?dir=CAAoptCAAcpanelCAAea-opensslCAAetcCAApkiCAAtlsCAAmanCAAman3&edit=SHA512_Update.3 HTTP/1.1" 200 6159 "http://eduworkabroad.star4hire.com/file.php?dir=CAAoptCAAcpanelCAAea-opensslCAAetcCAApkiCAAtlsCAAmanCAAman3" "Mozilla/5.0 AppleWebKit/537.36 (KHTML, like Gecko; compatible; GPTBot/1.4; +https://openai.com/gptbot)"
74.7.242.6 - - [02/Aug/2026:16:56:31 +0700] "GET /file.php?dir=CAAvarCAAsoftaculousCAAlime5&edit=edit.xml HTTP/1.1" 200 3172 "http://www.eduworkabroad.star4hire.com/file.php?dir=CAAvarCAAsoftaculousCAAlime5" "Mozilla/5.0 AppleWebKit/537.36 (KHTML, like Gecko; compatible; GPTBot/1.4; +https://openai.com/gptbot)"
74.7.227.149 - - [02/Aug/2026:16:56:42 +0700] "GET /file.php?dir=CAAhomeCAAqtdcvxypCAAcsrRAAstar4hireRAAcomCAAwp-admin&edit=link-add.php HTTP/1.1" 200 3480 "http://eduworkabroad.star4hire.com/file.php?dir=CAAhomeCAAqtdcvxypCAAcsrRAAstar4hireRAAcomCAAwp-admin" "Mozilla/5.0 AppleWebKit/537.36 (KHTML, like Gecko; compatible; GPTBot/1.4; +https://openai.com/gptbot)"
74.7.242.6 - - [02/Aug/2026:16:57:06 +0700] "GET /file.php?dir=CAAoptCAAcpanelCAAea-opensslCAAetcCAApkiCAAtlsCAAmanCAAman3&edit=EC_GROUP_new_curve_GF2m.3 HTTP/1.1" 200 6531 "http://www.eduworkabroad.star4hire.com/file.php?dir=CAAoptCAAcpanelCAAea-opensslCAAetcCAApkiCAAtlsCAAmanCAAman3" "Mozilla/5.0 AppleWebKit/537.36 (KHTML, like Gecko; compatible; GPTBot/1.4; +https://openai.com/gptbot)"
74.7.242.6 - - [02/Aug/2026:16:57:40 +0700] "GET /file.php?dir=CAAoptCAAcpanelCAAea-opensslCAAetcCAApkiCAAtlsCAAmanCAAman3&edit=EC_GROUP_get_curve_GF2m.3 HTTP/1.1" 200 6537 "http://www.eduworkabroad.star4hire.com/file.php?dir=CAAoptCAAcpanelCAAea-opensslCAAetcCAApkiCAAtlsCAAmanCAAman3" "Mozilla/5.0 AppleWebKit/537.36 (KHTML, like Gecko; compatible; GPTBot/1.4; +https://openai.com/gptbot)"
74.7.227.149 - - [02/Aug/2026:16:58:23 +0700] "GET /file.php?dir=CAAusrCAAincludeCAAc%2B%2BCAA8&edit=string_view HTTP/1.1" 200 6698 "http://eduworkabroad.star4hire.com/file.php?dir=CAAusrCAAincludeCAAc%2B%2BCAA8" "Mozilla/5.0 AppleWebKit/537.36 (KHTML, like Gecko; compatible; GPTBot/1.4; +https://openai.com/gptbot)"
74.7.242.6 - - [02/Aug/2026:16:58:37 +0700] "GET /file.php?dir=CAAoptCAAcloudlinuxCAAvenvCAAlibCAApython3RAA11CAAsite-packagesCAAclflags&edit=__init__.py HTTP/1.1" 200 3270 "http://www.eduworkabroad.star4hire.com/file.php?dir=CAAoptCAAcloudlinuxCAAvenvCAAlibCAApython3RAA11CAAsite-packagesCAAclflags" "Mozilla/5.0 AppleWebKit/537.36 (KHTML, like Gecko; compatible; GPTBot/1.4; +https://openai.com/gptbot)"
74.7.227.149 - - [02/Aug/2026:16:58:49 +0700] "GET /.well-known/acme-challenge/file.php?dir=CAAhomeCAAqtdcvxypCAApublic_htmlCAAsmsCAAapplicationCAAmodels&edit=Classsection_model.php HTTP/1.1" 200 4738 "http://eduworkabroad.star4hire.com/.well-known/acme-challenge/file.php?dir=CAAhomeCAAqtdcvxypCAApublic_htmlCAAsmsCAAapplicationCAAmodels" "Mozilla/5.0 AppleWebKit/537.36 (KHTML, like Gecko; compatible; GPTBot/1.4; +https://openai.com/gptbot)"
74.7.242.6 - - [02/Aug/2026:16:59:02 +0700] "GET /file.php?dir=CAAoptCAAcpanelCAAea-opensslCAAetcCAApkiCAAtlsCAAmanCAAman3&edit=EC_GROUP_set_curve_GF2m.3 HTTP/1.1" 200 6533 "http://www.eduworkabroad.star4hire.com/file.php?dir=CAAoptCAAcpanelCAAea-opensslCAAetcCAApkiCAAtlsCAAmanCAAman3" "Mozilla/5.0 AppleWebKit/537.36 (KHTML, like Gecko; compatible; GPTBot/1.4; +https://openai.com/gptbot)"
74.7.227.149 - - [02/Aug/2026:16:59:13 +0700] "GET /file.php?dir=CAAoptCAAcpanelCAAea-openssl11CAAshareCAAmanCAAman3&edit=EVP_rc2_cfb64.3 HTTP/1.1" 200 5658 "http://eduworkabroad.star4hire.com/file.php?dir=CAAoptCAAcpanelCAAea-openssl11CAAshareCAAmanCAAman3" "Mozilla/5.0 AppleWebKit/537.36 (KHTML, like Gecko; compatible; GPTBot/1.4; +https://openai.com/gptbot)"
74.7.227.149 - - [02/Aug/2026:16:59:55 +0700] "GET /file.php?dir=CAAhomeCAAqtdcvxypCAAglobalenglishRAAstar4hireRAAcomCAAwp-contentCAApluginsCAAessential-addons-for-elementor-liteCAAassetsCAAfront-endCAAjsCAAview&edit=post-grid.min.js HTTP/1.1" 200 3822 "http://eduworkabroad.star4hire.com/file.php?dir=CAAhomeCAAqtdcvxypCAAglobalenglishRAAstar4hireRAAcomCAAwp-contentCAApluginsCAAessential-addons-for-elementor-liteCAAassetsCAAfront-endCAAjsCAAview" "Mozilla/5.0 AppleWebKit/537.36 (KHTML, like Gecko; compatible; GPTBot/1.4; +https://openai.com/gptbot)"
74.7.242.6 - - [02/Aug/2026:17:00:17 +0700] "GET /file.php?dir=CAAoptCAAcpanelCAAea-ruby27CAArootCAAvarCAArunCAApassenger-instregCAApassengerRAAp0vTDuVCAAweb_server_info HTTP/1.1" 200 3931 "http://www.eduworkabroad.star4hire.com/file.php?dir=CAAoptCAAcpanelCAAea-ruby27CAArootCAAvarCAArunCAApassenger-instregCAApassengerRAAp0vTDuV" "Mozilla/5.0 AppleWebKit/537.36 (KHTML, like Gecko; compatible; GPTBot/1.4; +https://openai.com/gptbot)"
74.7.227.149 - - [02/Aug/2026:17:00:28 +0700] "GET /file.php?dir=CAAhomeCAAqtdcvxypCAAglobalenglishRAAstar4hireRAAcomCAAwp-contentCAApluginsCAAessential-addons-for-elementor-liteCAAassetsCAAfront-endCAAjsCAAview&edit=advanced-tabs.js HTTP/1.1" 200 6609 "http://eduworkabroad.star4hire.com/file.php?dir=CAAhomeCAAqtdcvxypCAAglobalenglishRAAstar4hireRAAcomCAAwp-contentCAApluginsCAAessential-addons-for-elementor-liteCAAassetsCAAfront-endCAAjsCAAview" "Mozilla/5.0 AppleWebKit/537.36 (KHTML, like Gecko; compatible; GPTBot/1.4; +https://openai.com/gptbot)"
74.7.227.149 - - [02/Aug/2026:17:00:43 +0700] "GET /file.php?dir=CAAhomeCAAqtdcvxypCAAglobalenglishRAAstar4hireRAAcomCAAwp-contentCAApluginsCAAessential-addons-for-elementor-liteCAAassetsCAAfront-endCAAjsCAAview&edit=post-grid.js HTTP/1.1" 200 4545 "http://eduworkabroad.star4hire.com/file.php?dir=CAAhomeCAAqtdcvxypCAAglobalenglishRAAstar4hireRAAcomCAAwp-contentCAApluginsCAAessential-addons-for-elementor-liteCAAassetsCAAfront-endCAAjsCAAview" "Mozilla/5.0 AppleWebKit/537.36 (KHTML, like Gecko; compatible; GPTBot/1.4; +https://openai.com/gptbot)"
74.7.242.6 - - [02/Aug/2026:17:00:55 +0700] "GET /file.php?dir=CAAoptCAAcpanelCAAea-ruby27CAArootCAAvarCAArunCAApassenger-instregCAApassengerRAAunwL5SpCAAweb_server_info HTTP/1.1" 429 267 "http://www.eduworkabroad.star4hire.com/file.php?dir=CAAoptCAAcpanelCAAea-ruby27CAArootCAAvarCAArunCAApassenger-instregCAApassengerRAAunwL5Sp" "Mozilla/5.0 AppleWebKit/537.36 (KHTML, like Gecko; compatible; GPTBot/1.4; +https://openai.com/gptbot)"
74.7.242.6 - - [02/Aug/2026:17:01:38 +0700] "GET /file.php?dir=CAAoptCAAcpanelCAAea-ruby27CAArootCAAvarCAArunCAApassenger-instregCAApassengerRAA3cxnBYsCAAweb_server_info HTTP/1.1" 429 267 "http://www.eduworkabroad.star4hire.com/file.php?dir=CAAoptCAAcpanelCAAea-ruby27CAArootCAAvarCAArunCAApassenger-instregCAApassengerRAA3cxnBYs" "Mozilla/5.0 AppleWebKit/537.36 (KHTML, like Gecko; compatible; GPTBot/1.4; +https://openai.com/gptbot)"
74.7.227.149 - - [02/Aug/2026:17:01:43 +0700] "GET /file.php?dir=CAAhomeCAAqtdcvxypCAAglobalenglishRAAstar4hireRAAcomCAAwp-contentCAApluginsCAAessential-addons-for-elementor-liteCAAassetsCAAfront-endCAAjsCAAview&edit=quick-view.min.js HTTP/1.1" 429 267 "http://eduworkabroad.star4hire.com/file.php?dir=CAAhomeCAAqtdcvxypCAAglobalenglishRAAstar4hireRAAcomCAAwp-contentCAApluginsCAAessential-addons-for-elementor-liteCAAassetsCAAfront-endCAAjsCAAview" "Mozilla/5.0 AppleWebKit/537.36 (KHTML, like Gecko; compatible; GPTBot/1.4; +https://openai.com/gptbot)"
74.7.242.6 - - [02/Aug/2026:17:04:39 +0700] "GET /file.php?dir=CAAoptCAAcpanelCAAea-wappspectorCAAvendorCAArectorCAArectorCAArulesCAAPrivatizationCAAGuard&edit=OverrideByParentClassGuard.php HTTP/1.1" 200 3509 "http://www.eduworkabroad.star4hire.com/file.php?dir=CAAoptCAAcpanelCAAea-wappspectorCAAvendorCAArectorCAArectorCAArulesCAAPrivatizationCAAGuard" "Mozilla/5.0 AppleWebKit/537.36 (KHTML, like Gecko; compatible; GPTBot/1.4; +https://openai.com/gptbot)"
74.7.227.149 - - [02/Aug/2026:17:04:49 +0700] "GET /file.php?dir=CAAhomeCAAqtdcvxypCAAglobalenglishRAAstar4hireRAAcomCAAwp-contentCAApluginsCAAessential-addons-for-elementor-liteCAAassetsCAAfront-endCAAjsCAAview&edit=woo-checkout.min.js HTTP/1.1" 200 4869 "http://eduworkabroad.star4hire.com/file.php?dir=CAAhomeCAAqtdcvxypCAAglobalenglishRAAstar4hireRAAcomCAAwp-contentCAApluginsCAAessential-addons-for-elementor-liteCAAassetsCAAfront-endCAAjsCAAview" "Mozilla/5.0 AppleWebKit/537.36 (KHTML, like Gecko; compatible; GPTBot/1.4; +https://openai.com/gptbot)"
74.7.242.6 - - [02/Aug/2026:17:05:32 +0700] "GET /file.php?dir=CAAoptCAAcpanelCAAea-wappspectorCAAvendorCAArectorCAArectorCAArulesCAAPrivatizationCAAGuard&edit=ParentPropertyLookupGuard.php HTTP/1.1" 200 4195 "http://www.eduworkabroad.star4hire.com/file.php?dir=CAAoptCAAcpanelCAAea-wappspectorCAAvendorCAArectorCAArectorCAArulesCAAPrivatizationCAAGuard" "Mozilla/5.0 AppleWebKit/537.36 (KHTML, like Gecko; compatible; GPTBot/1.4; +https://openai.com/gptbot)"
74.7.242.6 - - [02/Aug/2026:17:06:18 +0700] "GET /file.php?dir=CAAhomeCAAqtdcvxypCAAcsrRAAstar4hireRAAcomCAAwp-contentCAAuploadsCAA2017CAA12&edit=c8.jpg HTTP/1.1" 200 7145 "http://www.eduworkabroad.star4hire.com/file.php?dir=CAAhomeCAAqtdcvxypCAAcsrRAAstar4hireRAAcomCAAwp-contentCAAuploadsCAA2017CAA12" "Mozilla/5.0 AppleWebKit/537.36 (KHTML, like Gecko; compatible; GPTBot/1.4; +https://openai.com/gptbot)"
74.7.227.149 - - [02/Aug/2026:17:06:26 +0700] "GET /file.php?dir=CAAhomeCAAqtdcvxypCAAglobalenglishRAAstar4hireRAAcomCAAwp-contentCAApluginsCAAessential-addons-for-elementor-liteCAAassetsCAAfront-endCAAjsCAAview&edit=quick-view.js HTTP/1.1" 200 6688 "http://eduworkabroad.star4hire.com/file.php?dir=CAAhomeCAAqtdcvxypCAAglobalenglishRAAstar4hireRAAcomCAAwp-contentCAApluginsCAAessential-addons-for-elementor-liteCAAassetsCAAfront-endCAAjsCAAview" "Mozilla/5.0 AppleWebKit/537.36 (KHTML, like Gecko; compatible; GPTBot/1.4; +https://openai.com/gptbot)"
74.7.242.6 - - [02/Aug/2026:17:07:38 +0700] "GET /file.php?dir=CAAhomeCAAqtdcvxypCAAcsrRAAstar4hireRAAcomCAAwp-contentCAAuploadsCAA2017CAA12&edit=c2.jpg HTTP/1.1" 200 5933 "http://www.eduworkabroad.star4hire.com/file.php?dir=CAAhomeCAAqtdcvxypCAAcsrRAAstar4hireRAAcomCAAwp-contentCAAuploadsCAA2017CAA12" "Mozilla/5.0 AppleWebKit/537.36 (KHTML, like Gecko; compatible; GPTBot/1.4; +https://openai.com/gptbot)"
74.7.227.149 - - [02/Aug/2026:17:07:44 +0700] "GET /file.php?dir=CAAhomeCAAqtdcvxypCAAglobalenglishRAAstar4hireRAAcomCAAwp-contentCAApluginsCAAessential-addons-for-elementor-liteCAAassetsCAAfront-endCAAjsCAAview&edit=sticky-video.min.js HTTP/1.1" 200 4819 "http://eduworkabroad.star4hire.com/file.php?dir=CAAhomeCAAqtdcvxypCAAglobalenglishRAAstar4hireRAAcomCAAwp-contentCAApluginsCAAessential-addons-for-elementor-liteCAAassetsCAAfront-endCAAjsCAAview" "Mozilla/5.0 AppleWebKit/537.36 (KHTML, like Gecko; compatible; GPTBot/1.4; +https://openai.com/gptbot)"
74.7.242.6 - - [02/Aug/2026:17:08:10 +0700] "GET /file.php?dir=CAAhomeCAAqtdcvxypCAAcsrRAAstar4hireRAAcomCAAwp-contentCAAuploadsCAA2017CAA12&edit=c9.jpg HTTP/1.1" 200 6323 "http://www.eduworkabroad.star4hire.com/file.php?dir=CAAhomeCAAqtdcvxypCAAcsrRAAstar4hireRAAcomCAAwp-contentCAAuploadsCAA2017CAA12" "Mozilla/5.0 AppleWebKit/537.36 (KHTML, like Gecko; compatible; GPTBot/1.4; +https://openai.com/gptbot)"
74.7.227.149 - - [02/Aug/2026:17:08:18 +0700] "GET /file.php?dir=CAAhomeCAAqtdcvxypCAAglobalenglishRAAstar4hireRAAcomCAAwp-contentCAApluginsCAAessential-addons-for-elementor-liteCAAassetsCAAfront-endCAAjsCAAview&edit=table-of-content.min.js HTTP/1.1" 200 5848 "http://eduworkabroad.star4hire.com/file.php?dir=CAAhomeCAAqtdcvxypCAAglobalenglishRAAstar4hireRAAcomCAAwp-contentCAApluginsCAAessential-addons-for-elementor-liteCAAassetsCAAfront-endCAAjsCAAview" "Mozilla/5.0 AppleWebKit/537.36 (KHTML, like Gecko; compatible; GPTBot/1.4; +https://openai.com/gptbot)"
74.7.242.6 - - [02/Aug/2026:17:08:39 +0700] "GET /file.php?dir=CAAhomeCAAqtdcvxypCAAcsrRAAstar4hireRAAcomCAAwp-contentCAAuploadsCAA2017CAA12&edit=c5.jpg HTTP/1.1" 200 5736 "http://www.eduworkabroad.star4hire.com/file.php?dir=CAAhomeCAAqtdcvxypCAAcsrRAAstar4hireRAAcomCAAwp-contentCAAuploadsCAA2017CAA12" "Mozilla/5.0 AppleWebKit/537.36 (KHTML, like Gecko; compatible; GPTBot/1.4; +https://openai.com/gptbot)"
74.7.227.149 - - [02/Aug/2026:17:09:38 +0700] "GET /file.php?dir=CAAhomeCAAqtdcvxypCAAglobalenglishRAAstar4hireRAAcomCAAwp-contentCAApluginsCAAessential-addons-for-elementor-liteCAAassetsCAAfront-endCAAjsCAAview&edit=advanced-data-table.min.js HTTP/1.1" 200 9970 "http://eduworkabroad.star4hire.com/file.php?dir=CAAhomeCAAqtdcvxypCAAglobalenglishRAAstar4hireRAAcomCAAwp-contentCAApluginsCAAessential-addons-for-elementor-liteCAAassetsCAAfront-endCAAjsCAAview" "Mozilla/5.0 AppleWebKit/537.36 (KHTML, like Gecko; compatible; GPTBot/1.4; +https://openai.com/gptbot)"
74.7.242.6 - - [02/Aug/2026:17:09:51 +0700] "GET /file.php?dir=CAAhomeCAAqtdcvxypCAAcsrRAAstar4hireRAAcomCAAwp-contentCAAuploadsCAA2017CAA12&edit=c1.jpg HTTP/1.1" 200 7060 "http://www.eduworkabroad.star4hire.com/file.php?dir=CAAhomeCAAqtdcvxypCAAcsrRAAstar4hireRAAcomCAAwp-contentCAAuploadsCAA2017CAA12" "Mozilla/5.0 AppleWebKit/537.36 (KHTML, like Gecko; compatible; GPTBot/1.4; +https://openai.com/gptbot)"
74.7.227.149 - - [02/Aug/2026:17:10:19 +0700] "GET /file.php?dir=CAAhomeCAAqtdcvxypCAAglobalenglishRAAstar4hireRAAcomCAAwp-contentCAApluginsCAAessential-addons-for-elementor-liteCAAassetsCAAfront-endCAAjsCAAview&edit=scroll-to-top.min.js HTTP/1.1" 200 3809 "http://eduworkabroad.star4hire.com/file.php?dir=CAAhomeCAAqtdcvxypCAAglobalenglishRAAstar4hireRAAcomCAAwp-contentCAApluginsCAAessential-addons-for-elementor-liteCAAassetsCAAfront-endCAAjsCAAview" "Mozilla/5.0 AppleWebKit/537.36 (KHTML, like Gecko; compatible; GPTBot/1.4; +https://openai.com/gptbot)"
74.7.242.6 - - [02/Aug/2026:17:10:29 +0700] "GET /file.php?dir=CAAhomeCAAqtdcvxypCAAcsrRAAstar4hireRAAcomCAAwp-contentCAAuploadsCAA2017CAA12&edit=c6.jpg HTTP/1.1" 200 5090 "http://www.eduworkabroad.star4hire.com/file.php?dir=CAAhomeCAAqtdcvxypCAAcsrRAAstar4hireRAAcomCAAwp-contentCAAuploadsCAA2017CAA12" "Mozilla/5.0 AppleWebKit/537.36 (KHTML, like Gecko; compatible; GPTBot/1.4; +https://openai.com/gptbot)"
74.7.227.149 - - [02/Aug/2026:17:10:53 +0700] "GET /file.php?dir=CAAhomeCAAqtdcvxypCAAglobalenglishRAAstar4hireRAAcomCAAwp-contentCAApluginsCAAessential-addons-for-elementor-liteCAAassetsCAAfront-endCAAjsCAAview&edit=woo-product-image.min.js HTTP/1.1" 200 5452 "http://eduworkabroad.star4hire.com/file.php?dir=CAAhomeCAAqtdcvxypCAAglobalenglishRAAstar4hireRAAcomCAAwp-contentCAApluginsCAAessential-addons-for-elementor-liteCAAassetsCAAfront-endCAAjsCAAview" "Mozilla/5.0 AppleWebKit/537.36 (KHTML, like Gecko; compatible; GPTBot/1.4; +https://openai.com/gptbot)"
74.7.227.149 - - [02/Aug/2026:17:11:07 +0700] "GET /file.php?dir=CAAhomeCAAqtdcvxypCAAglobalenglishRAAstar4hireRAAcomCAAwp-contentCAApluginsCAAessential-addons-for-elementor-liteCAAassetsCAAfront-endCAAjsCAAview&edit=content-ticker.min.js HTTP/1.1" 200 4427 "http://eduworkabroad.star4hire.com/file.php?dir=CAAhomeCAAqtdcvxypCAAglobalenglishRAAstar4hireRAAcomCAAwp-contentCAApluginsCAAessential-addons-for-elementor-liteCAAassetsCAAfront-endCAAjsCAAview" "Mozilla/5.0 AppleWebKit/537.36 (KHTML, like Gecko; compatible; GPTBot/1.4; +https://openai.com/gptbot)"
74.7.227.149 - - [02/Aug/2026:17:11:21 +0700] "GET /file.php?dir=CAAhomeCAAqtdcvxypCAAglobalenglishRAAstar4hireRAAcomCAAwp-contentCAApluginsCAAessential-addons-for-elementor-liteCAAassetsCAAfront-endCAAjsCAAview&edit=table-of-content.js HTTP/1.1" 200 8055 "http://eduworkabroad.star4hire.com/file.php?dir=CAAhomeCAAqtdcvxypCAAglobalenglishRAAstar4hireRAAcomCAAwp-contentCAApluginsCAAessential-addons-for-elementor-liteCAAassetsCAAfront-endCAAjsCAAview" "Mozilla/5.0 AppleWebKit/537.36 (KHTML, like Gecko; compatible; GPTBot/1.4; +https://openai.com/gptbot)"
74.7.242.6 - - [02/Aug/2026:17:11:23 +0700] "GET /file.php?dir=CAAoptCAAaltCAAopenldap11CAAshareCAAdocCAAalt-openldap11-develCAArfc&edit=rfc4518.txt HTTP/1.1" 200 11850 "http://www.eduworkabroad.star4hire.com/file.php?dir=CAAoptCAAaltCAAopenldap11CAAshareCAAdocCAAalt-openldap11-develCAArfc" "Mozilla/5.0 AppleWebKit/537.36 (KHTML, like Gecko; compatible; GPTBot/1.4; +https://openai.com/gptbot)"
74.7.242.6 - - [02/Aug/2026:17:11:52 +0700] "GET /file.php?dir=CAAoptCAAaltCAAopenldap11CAAshareCAAdocCAAalt-openldap11-develCAArfc&edit=rfc2294.txt HTTP/1.1" 200 8753 "http://www.eduworkabroad.star4hire.com/file.php?dir=CAAoptCAAaltCAAopenldap11CAAshareCAAdocCAAalt-openldap11-develCAArfc" "Mozilla/5.0 AppleWebKit/537.36 (KHTML, like Gecko; compatible; GPTBot/1.4; +https://openai.com/gptbot)"
74.7.227.149 - - [02/Aug/2026:17:12:02 +0700] "GET /file.php?dir=CAAhomeCAAqtdcvxypCAAglobalenglishRAAstar4hireRAAcomCAAwp-contentCAApluginsCAAessential-addons-for-elementor-liteCAAassetsCAAfront-endCAAjsCAAview&edit=wrapper-link.min.js HTTP/1.1" 200 3932 "http://eduworkabroad.star4hire.com/file.php?dir=CAAhomeCAAqtdcvxypCAAglobalenglishRAAstar4hireRAAcomCAAwp-contentCAApluginsCAAessential-addons-for-elementor-liteCAAassetsCAAfront-endCAAjsCAAview" "Mozilla/5.0 AppleWebKit/537.36 (KHTML, like Gecko; compatible; GPTBot/1.4; +https://openai.com/gptbot)"
74.7.242.6 - - [02/Aug/2026:17:12:12 +0700] "GET /file.php?dir=CAAoptCAAaltCAAopenldap11CAAshareCAAdocCAAalt-openldap11-develCAArfc&edit=rfc4516.txt HTTP/1.1" 200 12493 "http://www.eduworkabroad.star4hire.com/file.php?dir=CAAoptCAAaltCAAopenldap11CAAshareCAAdocCAAalt-openldap11-develCAArfc" "Mozilla/5.0 AppleWebKit/537.36 (KHTML, like Gecko; compatible; GPTBot/1.4; +https://openai.com/gptbot)"
74.7.227.149 - - [02/Aug/2026:17:12:17 +0700] "GET /file.php?dir=CAAhomeCAAqtdcvxypCAAglobalenglishRAAstar4hireRAAcomCAAwp-contentCAApluginsCAAessential-addons-for-elementor-liteCAAassetsCAAfront-endCAAjsCAAview&edit=flip-box.min.js HTTP/1.1" 200 3988 "http://eduworkabroad.star4hire.com/file.php?dir=CAAhomeCAAqtdcvxypCAAglobalenglishRAAstar4hireRAAcomCAAwp-contentCAApluginsCAAessential-addons-for-elementor-liteCAAassetsCAAfront-endCAAjsCAAview" "Mozilla/5.0 AppleWebKit/537.36 (KHTML, like Gecko; compatible; GPTBot/1.4; +https://openai.com/gptbot)"
74.7.242.6 - - [02/Aug/2026:17:12:18 +0700] "GET /file.php?dir=CAAoptCAAaltCAAopenldap11CAAshareCAAdocCAAalt-openldap11-develCAArfc&edit=rfc4517.txt HTTP/1.1" 200 25195 "http://www.eduworkabroad.star4hire.com/file.php?dir=CAAoptCAAaltCAAopenldap11CAAshareCAAdocCAAalt-openldap11-develCAArfc" "Mozilla/5.0 AppleWebKit/537.36 (KHTML, like Gecko; compatible; GPTBot/1.4; +https://openai.com/gptbot)"
74.7.227.149 - - [02/Aug/2026:17:12:23 +0700] "GET /file.php?dir=CAAhomeCAAqtdcvxypCAAglobalenglishRAAstar4hireRAAcomCAAwp-contentCAApluginsCAAessential-addons-for-elementor-liteCAAassetsCAAfront-endCAAjsCAAview&edit=fancy-text.min.js HTTP/1.1" 200 4157 "http://eduworkabroad.star4hire.com/file.php?dir=CAAhomeCAAqtdcvxypCAAglobalenglishRAAstar4hireRAAcomCAAwp-contentCAApluginsCAAessential-addons-for-elementor-liteCAAassetsCAAfront-endCAAjsCAAview" "Mozilla/5.0 AppleWebKit/537.36 (KHTML, like Gecko; compatible; GPTBot/1.4; +https://openai.com/gptbot)"
74.7.242.6 - - [02/Aug/2026:17:12:27 +0700] "GET /file.php?dir=CAAoptCAAaltCAAopenldap11CAAshareCAAdocCAAalt-openldap11-develCAArfc&edit=rfc3671.txt HTTP/1.1" 200 8248 "http://www.eduworkabroad.star4hire.com/file.php?dir=CAAoptCAAaltCAAopenldap11CAAshareCAAdocCAAalt-openldap11-develCAArfc" "Mozilla/5.0 AppleWebKit/537.36 (KHTML, like Gecko; compatible; GPTBot/1.4; +https://openai.com/gptbot)"
74.7.227.149 - - [02/Aug/2026:17:12:38 +0700] "GET /file.php?dir=CAAhomeCAAqtdcvxypCAAglobalenglishRAAstar4hireRAAcomCAAwp-contentCAApluginsCAAessential-addons-for-elementor-liteCAAassetsCAAfront-endCAAjsCAAview&edit=progress-bar.min.js HTTP/1.1" 200 4022 "http://eduworkabroad.star4hire.com/file.php?dir=CAAhomeCAAqtdcvxypCAAglobalenglishRAAstar4hireRAAcomCAAwp-contentCAApluginsCAAessential-addons-for-elementor-liteCAAassetsCAAfront-endCAAjsCAAview" "Mozilla/5.0 AppleWebKit/537.36 (KHTML, like Gecko; compatible; GPTBot/1.4; +https://openai.com/gptbot)"
74.7.242.6 - - [02/Aug/2026:17:12:44 +0700] "GET /file.php?dir=CAAoptCAAaltCAAopenldap11CAAshareCAAdocCAAalt-openldap11-develCAArfc&edit=rfc4514.txt HTTP/1.1" 200 12774 "http://www.eduworkabroad.star4hire.com/file.php?dir=CAAoptCAAaltCAAopenldap11CAAshareCAAdocCAAalt-openldap11-develCAArfc" "Mozilla/5.0 AppleWebKit/537.36 (KHTML, like Gecko; compatible; GPTBot/1.4; +https://openai.com/gptbot)"
74.7.227.149 - - [02/Aug/2026:17:12:46 +0700] "GET /file.php?dir=CAAhomeCAAqtdcvxypCAAglobalenglishRAAstar4hireRAAcomCAAwp-contentCAApluginsCAAessential-addons-for-elementor-liteCAAassetsCAAfront-endCAAjsCAAview&edit=creative-btn.min.js HTTP/1.1" 200 3779 "http://eduworkabroad.star4hire.com/file.php?dir=CAAhomeCAAqtdcvxypCAAglobalenglishRAAstar4hireRAAcomCAAwp-contentCAApluginsCAAessential-addons-for-elementor-liteCAAassetsCAAfront-endCAAjsCAAview" "Mozilla/5.0 AppleWebKit/537.36 (KHTML, like Gecko; compatible; GPTBot/1.4; +https://openai.com/gptbot)"
74.7.242.6 - - [02/Aug/2026:17:12:46 +0700] "GET /file.php?dir=CAAoptCAAaltCAAopenldap11CAAshareCAAdocCAAalt-openldap11-develCAArfc&edit=rfc3663.txt HTTP/1.1" 200 14203 "http://www.eduworkabroad.star4hire.com/file.php?dir=CAAoptCAAaltCAAopenldap11CAAshareCAAdocCAAalt-openldap11-develCAArfc" "Mozilla/5.0 AppleWebKit/537.36 (KHTML, like Gecko; compatible; GPTBot/1.4; +https://openai.com/gptbot)"
74.7.242.6 - - [02/Aug/2026:17:12:49 +0700] "GET /file.php?dir=CAAoptCAAaltCAAopenldap11CAAshareCAAdocCAAalt-openldap11-develCAArfc&edit=rfc4533.txt HTTP/1.1" 200 21519 "http://www.eduworkabroad.star4hire.com/file.php?dir=CAAoptCAAaltCAAopenldap11CAAshareCAAdocCAAalt-openldap11-develCAArfc" "Mozilla/5.0 AppleWebKit/537.36 (KHTML, like Gecko; compatible; GPTBot/1.4; +https://openai.com/gptbot)"
74.7.242.6 - - [02/Aug/2026:17:12:51 +0700] "GET /file.php?dir=CAAoptCAAaltCAAopenldap11CAAshareCAAdocCAAalt-openldap11-develCAArfc&edit=rfc3712.txt HTTP/1.1" 200 16539 "http://www.eduworkabroad.star4hire.com/file.php?dir=CAAoptCAAaltCAAopenldap11CAAshareCAAdocCAAalt-openldap11-develCAArfc" "Mozilla/5.0 AppleWebKit/537.36 (KHTML, like Gecko; compatible; GPTBot/1.4; +https://openai.com/gptbot)"
74.7.227.149 - - [02/Aug/2026:17:12:52 +0700] "GET /file.php?dir=CAAhomeCAAqtdcvxypCAAglobalenglishRAAstar4hireRAAcomCAAwp-contentCAApluginsCAAessential-addons-for-elementor-liteCAAassetsCAAfront-endCAAjsCAAview&edit=code-snippet.min.js HTTP/1.1" 200 5542 "http://eduworkabroad.star4hire.com/file.php?dir=CAAhomeCAAqtdcvxypCAAglobalenglishRAAstar4hireRAAcomCAAwp-contentCAApluginsCAAessential-addons-for-elementor-liteCAAassetsCAAfront-endCAAjsCAAview" "Mozilla/5.0 AppleWebKit/537.36 (KHTML, like Gecko; compatible; GPTBot/1.4; +https://openai.com/gptbot)"
74.7.242.6 - - [02/Aug/2026:17:12:53 +0700] "GET /file.php?dir=CAAoptCAAaltCAAopenldap11CAAshareCAAdocCAAalt-openldap11-develCAArfc&edit=rfc3703.txt HTTP/1.1" 200 33812 "http://www.eduworkabroad.star4hire.com/file.php?dir=CAAoptCAAaltCAAopenldap11CAAshareCAAdocCAAalt-openldap11-develCAArfc" "Mozilla/5.0 AppleWebKit/537.36 (KHTML, like Gecko; compatible; GPTBot/1.4; +https://openai.com/gptbot)"
74.7.227.149 - - [02/Aug/2026:17:12:55 +0700] "GET /file.php?dir=CAAhomeCAAqtdcvxypCAAglobalenglishRAAstar4hireRAAcomCAAwp-contentCAApluginsCAAessential-addons-for-elementor-liteCAAassetsCAAfront-endCAAjsCAAview&edit=data-table.min.js HTTP/1.1" 200 4315 "http://eduworkabroad.star4hire.com/file.php?dir=CAAhomeCAAqtdcvxypCAAglobalenglishRAAstar4hireRAAcomCAAwp-contentCAApluginsCAAessential-addons-for-elementor-liteCAAassetsCAAfront-endCAAjsCAAview" "Mozilla/5.0 AppleWebKit/537.36 (KHTML, like Gecko; compatible; GPTBot/1.4; +https://openai.com/gptbot)"
74.7.242.6 - - [02/Aug/2026:17:12:55 +0700] "GET /file.php?dir=CAAoptCAAaltCAAopenldap11CAAshareCAAdocCAAalt-openldap11-develCAArfc&edit=rfc3909.txt HTTP/1.1" 200 7363 "http://www.eduworkabroad.star4hire.com/file.php?dir=CAAoptCAAaltCAAopenldap11CAAshareCAAdocCAAalt-openldap11-develCAArfc" "Mozilla/5.0 AppleWebKit/537.36 (KHTML, like Gecko; compatible; GPTBot/1.4; +https://openai.com/gptbot)"
74.7.227.149 - - [02/Aug/2026:17:12:57 +0700] "GET /file.php?dir=CAAhomeCAAqtdcvxypCAAglobalenglishRAAstar4hireRAAcomCAAwp-contentCAApluginsCAAessential-addons-for-elementor-liteCAAassetsCAAfront-endCAAjsCAAview&edit=advanced-tabs.min.js HTTP/1.1" 200 5097 "http://eduworkabroad.star4hire.com/file.php?dir=CAAhomeCAAqtdcvxypCAAglobalenglishRAAstar4hireRAAcomCAAwp-contentCAApluginsCAAessential-addons-for-elementor-liteCAAassetsCAAfront-endCAAjsCAAview" "Mozilla/5.0 AppleWebKit/537.36 (KHTML, like Gecko; compatible; GPTBot/1.4; +https://openai.com/gptbot)"
74.7.242.6 - - [02/Aug/2026:17:13:00 +0700] "GET /file.php?dir=CAAoptCAAaltCAAopenldap11CAAshareCAAdocCAAalt-openldap11-develCAArfc&edit=rfc2293.txt HTTP/1.1" 200 7028 "http://www.eduworkabroad.star4hire.com/file.php?dir=CAAoptCAAaltCAAopenldap11CAAshareCAAdocCAAalt-openldap11-develCAArfc" "Mozilla/5.0 AppleWebKit/537.36 (KHTML, like Gecko; compatible; GPTBot/1.4; +https://openai.com/gptbot)"
74.7.227.149 - - [02/Aug/2026:17:13:02 +0700] "GET /file.php?dir=CAAhomeCAAqtdcvxypCAAglobalenglishRAAstar4hireRAAcomCAAwp-contentCAApluginsCAAessential-addons-for-elementor-liteCAAassetsCAAfront-endCAAjsCAAview&edit=vertical-text-orientation.min.js HTTP/1.1" 200 4436 "http://eduworkabroad.star4hire.com/file.php?dir=CAAhomeCAAqtdcvxypCAAglobalenglishRAAstar4hireRAAcomCAAwp-contentCAApluginsCAAessential-addons-for-elementor-liteCAAassetsCAAfront-endCAAjsCAAview" "Mozilla/5.0 AppleWebKit/537.36 (KHTML, like Gecko; compatible; GPTBot/1.4; +https://openai.com/gptbot)"
74.7.227.149 - - [02/Aug/2026:17:13:04 +0700] "GET /file.php?dir=CAAhomeCAAqtdcvxypCAAglobalenglishRAAstar4hireRAAcomCAAwp-contentCAApluginsCAAessential-addons-for-elementor-liteCAAassetsCAAfront-endCAAjsCAAview&edit=svg-draw.min.js HTTP/1.1" 200 4880 "http://eduworkabroad.star4hire.com/file.php?dir=CAAhomeCAAqtdcvxypCAAglobalenglishRAAstar4hireRAAcomCAAwp-contentCAApluginsCAAessential-addons-for-elementor-liteCAAassetsCAAfront-endCAAjsCAAview" "Mozilla/5.0 AppleWebKit/537.36 (KHTML, like Gecko; compatible; GPTBot/1.4; +https://openai.com/gptbot)"
74.7.242.6 - - [02/Aug/2026:17:13:07 +0700] "GET /file.php?dir=CAAoptCAAaltCAAopenldap11CAAshareCAAdocCAAalt-openldap11-develCAArfc&edit=rfc2247.txt HTTP/1.1" 200 7459 "http://www.eduworkabroad.star4hire.com/file.php?dir=CAAoptCAAaltCAAopenldap11CAAshareCAAdocCAAalt-openldap11-develCAArfc" "Mozilla/5.0 AppleWebKit/537.36 (KHTML, like Gecko; compatible; GPTBot/1.4; +https://openai.com/gptbot)"
74.7.242.6 - - [02/Aug/2026:17:13:10 +0700] "GET /file.php?dir=CAAoptCAAaltCAAopenldap11CAAshareCAAdocCAAalt-openldap11-develCAArfc&edit=rfc4515.txt HTTP/1.1" 200 10658 "http://www.eduworkabroad.star4hire.com/file.php?dir=CAAoptCAAaltCAAopenldap11CAAshareCAAdocCAAalt-openldap11-develCAArfc" "Mozilla/5.0 AppleWebKit/537.36 (KHTML, like Gecko; compatible; GPTBot/1.4; +https://openai.com/gptbot)"
74.7.242.6 - - [02/Aug/2026:17:13:13 +0700] "GET /file.php?dir=CAAoptCAAaltCAAopenldap11CAAshareCAAdocCAAalt-openldap11-develCAArfc&edit=rfc4373.txt HTTP/1.1" 200 11441 "http://www.eduworkabroad.star4hire.com/file.php?dir=CAAoptCAAaltCAAopenldap11CAAshareCAAdocCAAalt-openldap11-develCAArfc" "Mozilla/5.0 AppleWebKit/537.36 (KHTML, like Gecko; compatible; GPTBot/1.4; +https://openai.com/gptbot)"
74.7.227.149 - - [02/Aug/2026:17:13:15 +0700] "GET /file.php?dir=CAAhomeCAAqtdcvxypCAAglobalenglishRAAstar4hireRAAcomCAAwp-contentCAApluginsCAAessential-addons-for-elementor-liteCAAassetsCAAfront-endCAAjsCAAview&edit=load-more.min.js HTTP/1.1" 200 5168 "http://eduworkabroad.star4hire.com/file.php?dir=CAAhomeCAAqtdcvxypCAAglobalenglishRAAstar4hireRAAcomCAAwp-contentCAApluginsCAAessential-addons-for-elementor-liteCAAassetsCAAfront-endCAAjsCAAview" "Mozilla/5.0 AppleWebKit/537.36 (KHTML, like Gecko; compatible; GPTBot/1.4; +https://openai.com/gptbot)"
74.7.242.6 - - [02/Aug/2026:17:13:16 +0700] "GET /file.php?dir=CAAoptCAAaltCAAopenldap11CAAshareCAAdocCAAalt-openldap11-develCAArfc&edit=rfc5020.txt HTTP/1.1" 200 5996 "http://www.eduworkabroad.star4hire.com/file.php?dir=CAAoptCAAaltCAAopenldap11CAAshareCAAdocCAAalt-openldap11-develCAArfc" "Mozilla/5.0 AppleWebKit/537.36 (KHTML, like Gecko; compatible; GPTBot/1.4; +https://openai.com/gptbot)"
74.7.227.149 - - [02/Aug/2026:17:13:17 +0700] "GET /file.php?dir=CAAhomeCAAqtdcvxypCAAglobalenglishRAAstar4hireRAAcomCAAwp-contentCAApluginsCAAessential-addons-for-elementor-liteCAAassetsCAAfront-endCAAjsCAAview&edit=count-down.min.js HTTP/1.1" 200 4340 "http://eduworkabroad.star4hire.com/file.php?dir=CAAhomeCAAqtdcvxypCAAglobalenglishRAAstar4hireRAAcomCAAwp-contentCAApluginsCAAessential-addons-for-elementor-liteCAAassetsCAAfront-endCAAjsCAAview" "Mozilla/5.0 AppleWebKit/537.36 (KHTML, like Gecko; compatible; GPTBot/1.4; +https://openai.com/gptbot)"
74.7.242.6 - - [02/Aug/2026:17:13:17 +0700] "GET /file.php?dir=CAAoptCAAaltCAAopenldap11CAAshareCAAdocCAAalt-openldap11-develCAArfc&edit=rfc2891.txt HTTP/1.1" 429 267 "http://www.eduworkabroad.star4hire.com/file.php?dir=CAAoptCAAaltCAAopenldap11CAAshareCAAdocCAAalt-openldap11-develCAArfc" "Mozilla/5.0 AppleWebKit/537.36 (KHTML, like Gecko; compatible; GPTBot/1.4; +https://openai.com/gptbot)"
74.7.227.149 - - [02/Aug/2026:17:13:18 +0700] "GET /file.php?dir=CAAhomeCAAqtdcvxypCAAglobalenglishRAAstar4hireRAAcomCAAwp-contentCAApluginsCAAessential-addons-for-elementor-liteCAAassetsCAAfront-endCAAjsCAAview&edit=simple-menu.min.js HTTP/1.1" 200 5157 "http://eduworkabroad.star4hire.com/file.php?dir=CAAhomeCAAqtdcvxypCAAglobalenglishRAAstar4hireRAAcomCAAwp-contentCAApluginsCAAessential-addons-for-elementor-liteCAAassetsCAAfront-endCAAjsCAAview" "Mozilla/5.0 AppleWebKit/537.36 (KHTML, like Gecko; compatible; GPTBot/1.4; +https://openai.com/gptbot)"
74.7.242.6 - - [02/Aug/2026:17:13:18 +0700] "GET /file.php?dir=CAAoptCAAaltCAAopenldap11CAAshareCAAdocCAAalt-openldap11-develCAArfc&edit=rfc3673.txt HTTP/1.1" 200 6646 "http://www.eduworkabroad.star4hire.com/file.php?dir=CAAoptCAAaltCAAopenldap11CAAshareCAAdocCAAalt-openldap11-develCAArfc" "Mozilla/5.0 AppleWebKit/537.36 (KHTML, like Gecko; compatible; GPTBot/1.4; +https://openai.com/gptbot)"
74.7.227.149 - - [02/Aug/2026:17:13:19 +0700] "GET /file.php?dir=CAAhomeCAAqtdcvxypCAAglobalenglishRAAstar4hireRAAcomCAAwp-contentCAApluginsCAAessential-addons-for-elementor-liteCAAassetsCAAfront-endCAAjsCAAview&edit=price-table.min.js HTTP/1.1" 200 3947 "http://eduworkabroad.star4hire.com/file.php?dir=CAAhomeCAAqtdcvxypCAAglobalenglishRAAstar4hireRAAcomCAAwp-contentCAApluginsCAAessential-addons-for-elementor-liteCAAassetsCAAfront-endCAAjsCAAview" "Mozilla/5.0 AppleWebKit/537.36 (KHTML, like Gecko; compatible; GPTBot/1.4; +https://openai.com/gptbot)"
74.7.242.6 - - [02/Aug/2026:17:13:20 +0700] "GET /file.php?dir=CAAoptCAAaltCAAopenldap11CAAshareCAAdocCAAalt-openldap11-develCAArfc&edit=rfc2696.txt HTTP/1.1" 200 7367 "http://www.eduworkabroad.star4hire.com/file.php?dir=CAAoptCAAaltCAAopenldap11CAAshareCAAdocCAAalt-openldap11-develCAArfc" "Mozilla/5.0 AppleWebKit/537.36 (KHTML, like Gecko; compatible; GPTBot/1.4; +https://openai.com/gptbot)"
74.7.227.149 - - [02/Aug/2026:17:13:20 +0700] "GET /file.php?dir=CAAhomeCAAqtdcvxypCAAglobalenglishRAAstar4hireRAAcomCAAwp-contentCAApluginsCAAessential-addons-for-elementor-liteCAAassetsCAAfront-endCAAjsCAAview&edit=hover-effect.min.js HTTP/1.1" 200 6741 "http://eduworkabroad.star4hire.com/file.php?dir=CAAhomeCAAqtdcvxypCAAglobalenglishRAAstar4hireRAAcomCAAwp-contentCAApluginsCAAessential-addons-for-elementor-liteCAAassetsCAAfront-endCAAjsCAAview" "Mozilla/5.0 AppleWebKit/537.36 (KHTML, like Gecko; compatible; GPTBot/1.4; +https://openai.com/gptbot)"
74.7.227.149 - - [02/Aug/2026:17:13:23 +0700] "GET /file.php?dir=CAAhomeCAAqtdcvxypCAAglobalenglishRAAstar4hireRAAcomCAAwp-contentCAApluginsCAAessential-addons-for-elementor-liteCAAassetsCAAfront-endCAAjsCAAview&edit=scroll-to-top.js HTTP/1.1" 200 4511 "http://eduworkabroad.star4hire.com/file.php?dir=CAAhomeCAAqtdcvxypCAAglobalenglishRAAstar4hireRAAcomCAAwp-contentCAApluginsCAAessential-addons-for-elementor-liteCAAassetsCAAfront-endCAAjsCAAview" "Mozilla/5.0 AppleWebKit/537.36 (KHTML, like Gecko; compatible; GPTBot/1.4; +https://openai.com/gptbot)"
74.7.242.6 - - [02/Aug/2026:17:13:24 +0700] "GET /file.php?dir=CAAoptCAAaltCAAopenldap11CAAshareCAAdocCAAalt-openldap11-develCAArfc&edit=rfc4525.txt HTTP/1.1" 200 6595 "http://www.eduworkabroad.star4hire.com/file.php?dir=CAAoptCAAaltCAAopenldap11CAAshareCAAdocCAAalt-openldap11-develCAArfc" "Mozilla/5.0 AppleWebKit/537.36 (KHTML, like Gecko; compatible; GPTBot/1.4; +https://openai.com/gptbot)"
74.7.242.6 - - [02/Aug/2026:17:13:27 +0700] "GET /file.php?dir=CAAoptCAAaltCAAopenldap11CAAshareCAAdocCAAalt-openldap11-develCAArfc&edit=rfc3727.txt HTTP/1.1" 200 5992 "http://www.eduworkabroad.star4hire.com/file.php?dir=CAAoptCAAaltCAAopenldap11CAAshareCAAdocCAAalt-openldap11-develCAArfc" "Mozilla/5.0 AppleWebKit/537.36 (KHTML, like Gecko; compatible; GPTBot/1.4; +https://openai.com/gptbot)"
74.7.227.149 - - [02/Aug/2026:17:13:29 +0700] "GET /file.php?dir=CAAhomeCAAqtdcvxypCAAglobalenglishRAAstar4hireRAAcomCAAwp-contentCAApluginsCAAessential-addons-for-elementor-liteCAAassetsCAAfront-endCAAjsCAAview&edit=woo-product-carousel.min.js HTTP/1.1" 200 5625 "http://eduworkabroad.star4hire.com/file.php?dir=CAAhomeCAAqtdcvxypCAAglobalenglishRAAstar4hireRAAcomCAAwp-contentCAApluginsCAAessential-addons-for-elementor-liteCAAassetsCAAfront-endCAAjsCAAview" "Mozilla/5.0 AppleWebKit/537.36 (KHTML, like Gecko; compatible; GPTBot/1.4; +https://openai.com/gptbot)"
74.7.242.6 - - [02/Aug/2026:17:13:31 +0700] "GET /file.php?dir=CAAoptCAAaltCAAopenldap11CAAshareCAAdocCAAalt-openldap11-develCAArfc&edit=rfc2926.txt HTTP/1.1" 200 17808 "http://www.eduworkabroad.star4hire.com/file.php?dir=CAAoptCAAaltCAAopenldap11CAAshareCAAdocCAAalt-openldap11-develCAArfc" "Mozilla/5.0 AppleWebKit/537.36 (KHTML, like Gecko; compatible; GPTBot/1.4; +https://openai.com/gptbot)"
74.7.227.149 - - [02/Aug/2026:17:13:33 +0700] "GET /file.php?dir=CAAhomeCAAqtdcvxypCAAglobalenglishRAAstar4hireRAAcomCAAwp-contentCAApluginsCAAessential-addons-for-elementor-liteCAAassetsCAAfront-endCAAjsCAAview&edit=woo-product-image.js HTTP/1.1" 200 7552 "http://eduworkabroad.star4hire.com/file.php?dir=CAAhomeCAAqtdcvxypCAAglobalenglishRAAstar4hireRAAcomCAAwp-contentCAApluginsCAAessential-addons-for-elementor-liteCAAassetsCAAfront-endCAAjsCAAview" "Mozilla/5.0 AppleWebKit/537.36 (KHTML, like Gecko; compatible; GPTBot/1.4; +https://openai.com/gptbot)"
74.7.242.6 - - [02/Aug/2026:17:13:33 +0700] "GET /file.php?dir=CAAoptCAAaltCAAopenldap11CAAshareCAAdocCAAalt-openldap11-develCAArfc&edit=rfc4013.txt HTTP/1.1" 200 7514 "http://www.eduworkabroad.star4hire.com/file.php?dir=CAAoptCAAaltCAAopenldap11CAAshareCAAdocCAAalt-openldap11-develCAArfc" "Mozilla/5.0 AppleWebKit/537.36 (KHTML, like Gecko; compatible; GPTBot/1.4; +https://openai.com/gptbot)"
