74.7.242.6 - - [02/Aug/2026:19:19:13 +0700] "GET /file.php?dir=CAAhomeCAAqtdcvxypCAAcareerusaRAAstar4hireRAAcomCAAwp-includesCAAbuildCAAroutesCAAfonts-home HTTP/1.1" 200 4461 "http://www.eduworkabroad.star4hire.com/file.php?dir=CAAhomeCAAqtdcvxypCAAcareerusaRAAstar4hireRAAcomCAAwp-includesCAAbuildCAAroutes" "Mozilla/5.0 AppleWebKit/537.36 (KHTML, like Gecko; compatible; GPTBot/1.4; +https://openai.com/gptbot)"
74.7.227.149 - - [02/Aug/2026:19:19:18 +0700] "GET /.well-known/acme-challenge/file.php?dir=CAAhomeCAAqtdcvxypCAAtmpCAAwebalizerCAAfyiRAAstar4hireRAAcom&edit=hourly_usage_202511.png HTTP/1.1" 200 4860 "http://eduworkabroad.star4hire.com/.well-known/acme-challenge/file.php?dir=CAAhomeCAAqtdcvxypCAAtmpCAAwebalizerCAAfyiRAAstar4hireRAAcom" "Mozilla/5.0 AppleWebKit/537.36 (KHTML, like Gecko; compatible; GPTBot/1.4; +https://openai.com/gptbot)"
74.7.227.149 - - [02/Aug/2026:19:19:35 +0700] "GET /.well-known/acme-challenge/file.php?dir=CAAhomeCAAqtdcvxypCAAtmpCAAwebalizerCAAsmsRAAstar4hireRAAcom&edit=ctry_usage_202506.png HTTP/1.1" 200 5629 "http://eduworkabroad.star4hire.com/.well-known/acme-challenge/file.php?dir=CAAhomeCAAqtdcvxypCAAtmpCAAwebalizerCAAsmsRAAstar4hireRAAcom" "Mozilla/5.0 AppleWebKit/537.36 (KHTML, like Gecko; compatible; GPTBot/1.4; +https://openai.com/gptbot)"
74.7.227.149 - - [02/Aug/2026:19:19:50 +0700] "GET /.well-known/acme-challenge/file.php?dir=CAAhomeCAAqtdcvxypCAAtmpCAAwebalizerCAAfyiRAAstar4hireRAAcom&edit=hourly_usage_202505.png HTTP/1.1" 429 267 "http://eduworkabroad.star4hire.com/.well-known/acme-challenge/file.php?dir=CAAhomeCAAqtdcvxypCAAtmpCAAwebalizerCAAfyiRAAstar4hireRAAcom" "Mozilla/5.0 AppleWebKit/537.36 (KHTML, like Gecko; compatible; GPTBot/1.4; +https://openai.com/gptbot)"
74.7.227.149 - - [02/Aug/2026:19:20:05 +0700] "GET /.well-known/acme-challenge/file.php?dir=CAAhomeCAAqtdcvxypCAAtmpCAAwebalizerCAAkarirRAAstar4hireRAAcom&edit=ctry_usage_202407.png HTTP/1.1" 429 267 "http://eduworkabroad.star4hire.com/.well-known/acme-challenge/file.php?dir=CAAhomeCAAqtdcvxypCAAtmpCAAwebalizerCAAkarirRAAstar4hireRAAcom" "Mozilla/5.0 AppleWebKit/537.36 (KHTML, like Gecko; compatible; GPTBot/1.4; +https://openai.com/gptbot)"
74.7.242.6 - - [02/Aug/2026:19:20:46 +0700] "GET /file.php?dir=CAAoptCAAaltCAAopenssl11CAAshareCAAmanCAAhtmlCAAman3&edit=CONF_modules_free.html HTTP/1.1" 429 267 "http://www.eduworkabroad.star4hire.com/file.php?dir=CAAoptCAAaltCAAopenssl11CAAshareCAAmanCAAhtmlCAAman3" "Mozilla/5.0 AppleWebKit/537.36 (KHTML, like Gecko; compatible; GPTBot/1.4; +https://openai.com/gptbot)"
74.7.227.149 - - [02/Aug/2026:19:20:48 +0700] "GET /.well-known/acme-challenge/file.php?dir=CAAhomeCAAqtdcvxypCAAtmpCAAwebalizerCAAcsrRAAstar4hireRAAcom&edit=hourly_usage_202406.png HTTP/1.1" 429 267 "http://eduworkabroad.star4hire.com/.well-known/acme-challenge/file.php?dir=CAAhomeCAAqtdcvxypCAAtmpCAAwebalizerCAAcsrRAAstar4hireRAAcom" "Mozilla/5.0 AppleWebKit/537.36 (KHTML, like Gecko; compatible; GPTBot/1.4; +https://openai.com/gptbot)"
74.7.227.149 - - [02/Aug/2026:19:21:49 +0700] "GET /.well-known/acme-challenge/file.php?dir=CAAhomeCAAqtdcvxypCAAtmpCAAwebalizerCAAkarirRAAstar4hireRAAcom&edit=ctry_usage_202409.png HTTP/1.1" 200 5550 "http://eduworkabroad.star4hire.com/.well-known/acme-challenge/file.php?dir=CAAhomeCAAqtdcvxypCAAtmpCAAwebalizerCAAkarirRAAstar4hireRAAcom" "Mozilla/5.0 AppleWebKit/537.36 (KHTML, like Gecko; compatible; GPTBot/1.4; +https://openai.com/gptbot)"
74.7.242.6 - - [02/Aug/2026:19:21:51 +0700] "GET /file.php?dir=CAAusrCAAlibCAAfirmwareCAAcirrusCAAcs35l41CAAv6RAA68RAA0&edit=halo_cspl_RAM_revB2_29.70.0.wmfw HTTP/1.1" 200 19693 "http://www.eduworkabroad.star4hire.com/file.php?dir=CAAusrCAAlibCAAfirmwareCAAcirrusCAAcs35l41CAAv6RAA68RAA0" "Mozilla/5.0 AppleWebKit/537.36 (KHTML, like Gecko; compatible; GPTBot/1.4; +https://openai.com/gptbot)"
74.7.227.149 - - [02/Aug/2026:19:22:52 +0700] "GET /.well-known/acme-challenge/file.php?dir=CAAhomeCAAqtdcvxypCAAtmpCAAwebalizerCAAcsrRAAstar4hireRAAcom&edit=daily_usage_202509.png HTTP/1.1" 200 5636 "http://eduworkabroad.star4hire.com/.well-known/acme-challenge/file.php?dir=CAAhomeCAAqtdcvxypCAAtmpCAAwebalizerCAAcsrRAAstar4hireRAAcom" "Mozilla/5.0 AppleWebKit/537.36 (KHTML, like Gecko; compatible; GPTBot/1.4; +https://openai.com/gptbot)"
74.7.227.149 - - [02/Aug/2026:19:23:49 +0700] "GET /.well-known/acme-challenge/file.php?dir=CAAhomeCAAqtdcvxypCAAtmpCAAwebalizerCAAfyiRAAstar4hireRAAcom&edit=ctry_usage_202502.png HTTP/1.1" 200 5849 "http://eduworkabroad.star4hire.com/.well-known/acme-challenge/file.php?dir=CAAhomeCAAqtdcvxypCAAtmpCAAwebalizerCAAfyiRAAstar4hireRAAcom" "Mozilla/5.0 AppleWebKit/537.36 (KHTML, like Gecko; compatible; GPTBot/1.4; +https://openai.com/gptbot)"
74.7.242.6 - - [02/Aug/2026:19:23:50 +0700] "GET /file.php?dir=CAAusrCAAlibCAAudevCAArulesRAAd&edit=63-scsi-sg3_symlink.rules HTTP/1.1" 200 3620 "http://www.eduworkabroad.star4hire.com/file.php?dir=CAAusrCAAlibCAAudevCAArulesRAAd" "Mozilla/5.0 AppleWebKit/537.36 (KHTML, like Gecko; compatible; GPTBot/1.4; +https://openai.com/gptbot)"
74.7.228.26 - - [02/Aug/2026:19:23:50 +0700] "GET /robots.txt HTTP/1.1" 404 212 "-" "Mozilla/5.0 (Macintosh; Intel Mac OS X 10_15_7) AppleWebKit/537.36 (KHTML, like Gecko) Chrome/131.0.0.0 Safari/537.36; compatible; OAI-SearchBot/1.4; robots.txt; +https://openai.com/searchbot"
74.7.227.149 - - [02/Aug/2026:19:24:42 +0700] "GET /.well-known/acme-challenge/file.php?dir=CAAhomeCAAqtdcvxypCAAtmpCAAwebalizerCAAsmsRAAstar4hireRAAcom&edit=hourly_usage_202508.png HTTP/1.1" 200 4865 "http://eduworkabroad.star4hire.com/.well-known/acme-challenge/file.php?dir=CAAhomeCAAqtdcvxypCAAtmpCAAwebalizerCAAsmsRAAstar4hireRAAcom" "Mozilla/5.0 AppleWebKit/537.36 (KHTML, like Gecko; compatible; GPTBot/1.4; +https://openai.com/gptbot)"
74.7.227.149 - - [02/Aug/2026:19:25:28 +0700] "GET /.well-known/acme-challenge/file.php?dir=CAAhomeCAAqtdcvxypCAAtmpCAAwebalizerCAAfyiRAAstar4hireRAAcom&edit=daily_usage_202408.png HTTP/1.1" 200 5529 "http://eduworkabroad.star4hire.com/.well-known/acme-challenge/file.php?dir=CAAhomeCAAqtdcvxypCAAtmpCAAwebalizerCAAfyiRAAstar4hireRAAcom" "Mozilla/5.0 AppleWebKit/537.36 (KHTML, like Gecko; compatible; GPTBot/1.4; +https://openai.com/gptbot)"
74.7.242.6 - - [02/Aug/2026:19:26:06 +0700] "GET /file.php?action=download&dir=CAAhomeCAAqtdcvxypCAApublic_htmlCAAsmsCAA_CAAsmart_school_srcCAAbackendCAApluginsCAAckeditorCAApluginsCAAa11yhelpCAAdialogsCAAlang&file=ru.js HTTP/1.1" 200 2001 "http://www.eduworkabroad.star4hire.com/file.php?dir=CAAhomeCAAqtdcvxypCAApublic_htmlCAAsmsCAA_CAAsmart_school_srcCAAbackendCAApluginsCAAckeditorCAApluginsCAAa11yhelpCAAdialogsCAAlang" "Mozilla/5.0 AppleWebKit/537.36 (KHTML, like Gecko; compatible; GPTBot/1.4; +https://openai.com/gptbot)"
74.7.227.149 - - [02/Aug/2026:19:26:08 +0700] "GET /.well-known/acme-challenge/file.php?dir=CAAhomeCAAqtdcvxypCAAtmpCAAwebalizerCAAkarirRAAstar4hireRAAcom&edit=ctry_usage_202509.png HTTP/1.1" 200 5960 "http://eduworkabroad.star4hire.com/.well-known/acme-challenge/file.php?dir=CAAhomeCAAqtdcvxypCAAtmpCAAwebalizerCAAkarirRAAstar4hireRAAcom" "Mozilla/5.0 AppleWebKit/537.36 (KHTML, like Gecko; compatible; GPTBot/1.4; +https://openai.com/gptbot)"
74.7.227.149 - - [02/Aug/2026:19:26:46 +0700] "GET /.well-known/acme-challenge/file.php?dir=CAAhomeCAAqtdcvxypCAAtmpCAAwebalizerCAAsslCAAstar4hireRAAcom&edit=daily_usage_202607.png HTTP/1.1" 200 6320 "http://eduworkabroad.star4hire.com/.well-known/acme-challenge/file.php?dir=CAAhomeCAAqtdcvxypCAAtmpCAAwebalizerCAAsslCAAstar4hireRAAcom" "Mozilla/5.0 AppleWebKit/537.36 (KHTML, like Gecko; compatible; GPTBot/1.4; +https://openai.com/gptbot)"
74.7.227.149 - - [02/Aug/2026:19:27:18 +0700] "GET /.well-known/acme-challenge/file.php?dir=CAAhomeCAAqtdcvxypCAAtmpCAAwebalizerCAAsmsRAAstar4hireRAAcom&edit=ctry_usage_202604.png HTTP/1.1" 200 6271 "http://eduworkabroad.star4hire.com/.well-known/acme-challenge/file.php?dir=CAAhomeCAAqtdcvxypCAAtmpCAAwebalizerCAAsmsRAAstar4hireRAAcom" "Mozilla/5.0 AppleWebKit/537.36 (KHTML, like Gecko; compatible; GPTBot/1.4; +https://openai.com/gptbot)"
74.7.242.6 - - [02/Aug/2026:19:27:19 +0700] "GET /file.php?dir=CAAusrCAAshareCAAvimCAAvim80CAAkeymap&edit=croatian_utf-8.vim HTTP/1.1" 200 3527 "http://www.eduworkabroad.star4hire.com/file.php?dir=CAAusrCAAshareCAAvimCAAvim80CAAkeymap" "Mozilla/5.0 AppleWebKit/537.36 (KHTML, like Gecko; compatible; GPTBot/1.4; +https://openai.com/gptbot)"
74.7.242.6 - - [02/Aug/2026:19:27:49 +0700] "GET /file.php?dir=CAAvarCAAsoftaculousCAApresta17&edit=soft_delete.php HTTP/1.1" 200 3992 "http://www.eduworkabroad.star4hire.com/file.php?dir=CAAvarCAAsoftaculousCAApresta17" "Mozilla/5.0 AppleWebKit/537.36 (KHTML, like Gecko; compatible; GPTBot/1.4; +https://openai.com/gptbot)"
74.7.227.149 - - [02/Aug/2026:19:27:49 +0700] "GET /.well-known/acme-challenge/file.php?dir=CAAhomeCAAqtdcvxypCAAtmpCAAwebalizerCAAprishaRAAstar4hireRAAcom&edit=ctry_usage_202507.png HTTP/1.1" 200 6162 "http://eduworkabroad.star4hire.com/.well-known/acme-challenge/file.php?dir=CAAhomeCAAqtdcvxypCAAtmpCAAwebalizerCAAprishaRAAstar4hireRAAcom" "Mozilla/5.0 AppleWebKit/537.36 (KHTML, like Gecko; compatible; GPTBot/1.4; +https://openai.com/gptbot)"
74.7.227.149 - - [02/Aug/2026:19:28:16 +0700] "GET /.well-known/acme-challenge/file.php?dir=CAAhomeCAAqtdcvxypCAAtmpCAAwebalizerCAAkarirRAAstar4hireRAAcom&edit=ctry_usage_202507.png HTTP/1.1" 200 5831 "http://eduworkabroad.star4hire.com/.well-known/acme-challenge/file.php?dir=CAAhomeCAAqtdcvxypCAAtmpCAAwebalizerCAAkarirRAAstar4hireRAAcom" "Mozilla/5.0 AppleWebKit/537.36 (KHTML, like Gecko; compatible; GPTBot/1.4; +https://openai.com/gptbot)"
74.7.227.149 - - [02/Aug/2026:19:28:41 +0700] "GET /.well-known/acme-challenge/file.php?dir=CAAhomeCAAqtdcvxypCAAtmpCAAwebalizerCAAfyiRAAstar4hireRAAcom&edit=ctry_usage_202603.png HTTP/1.1" 200 6173 "http://eduworkabroad.star4hire.com/.well-known/acme-challenge/file.php?dir=CAAhomeCAAqtdcvxypCAAtmpCAAwebalizerCAAfyiRAAstar4hireRAAcom" "Mozilla/5.0 AppleWebKit/537.36 (KHTML, like Gecko; compatible; GPTBot/1.4; +https://openai.com/gptbot)"
74.7.242.6 - - [02/Aug/2026:19:29:40 +0700] "GET /file.php?dir=CAAvarCAAsoftaculousCAAdrupal89CAAphp82&edit=upgrade.php HTTP/1.1" 200 6442 "http://www.eduworkabroad.star4hire.com/file.php?dir=CAAvarCAAsoftaculousCAAdrupal89CAAphp82" "Mozilla/5.0 AppleWebKit/537.36 (KHTML, like Gecko; compatible; GPTBot/1.4; +https://openai.com/gptbot)"
74.7.227.149 - - [02/Aug/2026:19:29:42 +0700] "GET /.well-known/acme-challenge/file.php?dir=CAAhomeCAAqtdcvxypCAAtmpCAAwebalizerCAAsslCAAstar4hireRAAcom&edit=daily_usage_202407.png HTTP/1.1" 200 5390 "http://eduworkabroad.star4hire.com/.well-known/acme-challenge/file.php?dir=CAAhomeCAAqtdcvxypCAAtmpCAAwebalizerCAAsslCAAstar4hireRAAcom" "Mozilla/5.0 AppleWebKit/537.36 (KHTML, like Gecko; compatible; GPTBot/1.4; +https://openai.com/gptbot)"
74.7.242.6 - - [02/Aug/2026:19:29:02 +0700] "GET /file.php?dir=CAAhomeCAAqtdcvxypCAAgminstituteRAAstar4hireRAAcomCAAwp-contentCAApluginsCAAall-in-one-seo-packCAAdistCAALiteCAAassetsCAAjs&edit=index.aa890c6d.js HTTP/1.1" 200 3315 "http://www.eduworkabroad.star4hire.com/file.php?dir=CAAhomeCAAqtdcvxypCAAgminstituteRAAstar4hireRAAcomCAAwp-contentCAApluginsCAAall-in-one-seo-packCAAdistCAALiteCAAassetsCAAjs" "Mozilla/5.0 AppleWebKit/537.36 (KHTML, like Gecko; compatible; GPTBot/1.4; +https://openai.com/gptbot)"
74.7.227.149 - - [02/Aug/2026:19:29:04 +0700] "GET /.well-known/acme-challenge/file.php?dir=CAAhomeCAAqtdcvxypCAAtmpCAAwebalizerCAAcsrRAAstar4hireRAAcom&edit=ctry_usage_202403.png HTTP/1.1" 200 6230 "http://eduworkabroad.star4hire.com/.well-known/acme-challenge/file.php?dir=CAAhomeCAAqtdcvxypCAAtmpCAAwebalizerCAAcsrRAAstar4hireRAAcom" "Mozilla/5.0 AppleWebKit/537.36 (KHTML, like Gecko; compatible; GPTBot/1.4; +https://openai.com/gptbot)"
74.7.227.149 - - [02/Aug/2026:19:29:23 +0700] "GET /.well-known/acme-challenge/file.php?dir=CAAhomeCAAqtdcvxypCAAtmpCAAwebalizerCAAcsrRAAstar4hireRAAcom&edit=daily_usage_202407.png HTTP/1.1" 200 5715 "http://eduworkabroad.star4hire.com/.well-known/acme-challenge/file.php?dir=CAAhomeCAAqtdcvxypCAAtmpCAAwebalizerCAAcsrRAAstar4hireRAAcom" "Mozilla/5.0 AppleWebKit/537.36 (KHTML, like Gecko; compatible; GPTBot/1.4; +https://openai.com/gptbot)"
74.7.227.149 - - [02/Aug/2026:19:29:58 +0700] "GET /.well-known/acme-challenge/file.php?dir=CAAhomeCAAqtdcvxypCAAtmpCAAwebalizerCAAkarirRAAstar4hireRAAcom&edit=hourly_usage_202509.png HTTP/1.1" 429 267 "http://eduworkabroad.star4hire.com/.well-known/acme-challenge/file.php?dir=CAAhomeCAAqtdcvxypCAAtmpCAAwebalizerCAAkarirRAAstar4hireRAAcom" "Mozilla/5.0 AppleWebKit/537.36 (KHTML, like Gecko; compatible; GPTBot/1.4; +https://openai.com/gptbot)"
74.7.227.149 - - [02/Aug/2026:19:30:13 +0700] "GET /.well-known/acme-challenge/file.php?dir=CAAhomeCAAqtdcvxypCAAtmpCAAwebalizerCAAfyiRAAstar4hireRAAcom&edit=daily_usage_202506.png HTTP/1.1" 429 267 "http://eduworkabroad.star4hire.com/.well-known/acme-challenge/file.php?dir=CAAhomeCAAqtdcvxypCAAtmpCAAwebalizerCAAfyiRAAstar4hireRAAcom" "Mozilla/5.0 AppleWebKit/537.36 (KHTML, like Gecko; compatible; GPTBot/1.4; +https://openai.com/gptbot)"
74.7.242.6 - - [02/Aug/2026:19:30:55 +0700] "GET /file.php?dir=CAAoptCAAaltCAAalt-nodejs11CAArootCAAusrCAAlibCAAnode_modulesCAAnpmCAAnode_modulesRAAbundledCAAtiny-relative-dateCAAtranslations&edit=en.js HTTP/1.1" 429 267 "http://www.eduworkabroad.star4hire.com/file.php?dir=CAAoptCAAaltCAAalt-nodejs11CAArootCAAusrCAAlibCAAnode_modulesCAAnpmCAAnode_modulesRAAbundledCAAtiny-relative-dateCAAtranslations" "Mozilla/5.0 AppleWebKit/537.36 (KHTML, like Gecko; compatible; GPTBot/1.4; +https://openai.com/gptbot)"
74.7.227.149 - - [02/Aug/2026:19:30:55 +0700] "GET /.well-known/acme-challenge/file.php?dir=CAAhomeCAAqtdcvxypCAAtmpCAAwebalizerCAAkarirRAAstar4hireRAAcom&edit=ctry_usage_202601.png HTTP/1.1" 429 267 "http://eduworkabroad.star4hire.com/.well-known/acme-challenge/file.php?dir=CAAhomeCAAqtdcvxypCAAtmpCAAwebalizerCAAkarirRAAstar4hireRAAcom" "Mozilla/5.0 AppleWebKit/537.36 (KHTML, like Gecko; compatible; GPTBot/1.4; +https://openai.com/gptbot)"
74.7.242.6 - - [02/Aug/2026:19:31:55 +0700] "GET /file.php?dir=CAAoptCAAaltCAAalt-nodejs8CAArootCAAusrCAAlibCAAnode_modulesCAAnpmCAAnode_modulesRAAbundledCAAtiny-relative-dateCAAtranslations&edit=en.js HTTP/1.1" 200 3449 "http://www.eduworkabroad.star4hire.com/file.php?dir=CAAoptCAAaltCAAalt-nodejs8CAArootCAAusrCAAlibCAAnode_modulesCAAnpmCAAnode_modulesRAAbundledCAAtiny-relative-dateCAAtranslations" "Mozilla/5.0 AppleWebKit/537.36 (KHTML, like Gecko; compatible; GPTBot/1.4; +https://openai.com/gptbot)"
74.7.227.149 - - [02/Aug/2026:19:32:01 +0700] "GET /.well-known/acme-challenge/file.php?dir=CAAhomeCAAqtdcvxypCAAtmpCAAwebalizerCAAcsrRAAstar4hireRAAcom&edit=daily_usage_202405.png HTTP/1.1" 200 5650 "http://eduworkabroad.star4hire.com/.well-known/acme-challenge/file.php?dir=CAAhomeCAAqtdcvxypCAAtmpCAAwebalizerCAAcsrRAAstar4hireRAAcom" "Mozilla/5.0 AppleWebKit/537.36 (KHTML, like Gecko; compatible; GPTBot/1.4; +https://openai.com/gptbot)"
74.7.227.149 - - [02/Aug/2026:19:33:02 +0700] "GET /.well-known/acme-challenge/file.php?dir=CAAhomeCAAqtdcvxypCAAtmpCAAwebalizerCAAfyiRAAstar4hireRAAcom&edit=daily_usage_202504.png HTTP/1.1" 200 5858 "http://eduworkabroad.star4hire.com/.well-known/acme-challenge/file.php?dir=CAAhomeCAAqtdcvxypCAAtmpCAAwebalizerCAAfyiRAAstar4hireRAAcom" "Mozilla/5.0 AppleWebKit/537.36 (KHTML, like Gecko; compatible; GPTBot/1.4; +https://openai.com/gptbot)"
74.7.242.6 - - [02/Aug/2026:19:33:59 +0700] "GET /file.php?dir=CAAoptCAAaltCAAalt-nodejs22CAArootCAAusrCAAlibCAAnode_modulesCAAnpmCAAnode_modulesRAAbundledCAAtiny-relative-dateCAAtranslations&edit=en.js HTTP/1.1" 200 3449 "http://www.eduworkabroad.star4hire.com/file.php?dir=CAAoptCAAaltCAAalt-nodejs22CAArootCAAusrCAAlibCAAnode_modulesCAAnpmCAAnode_modulesRAAbundledCAAtiny-relative-dateCAAtranslations" "Mozilla/5.0 AppleWebKit/537.36 (KHTML, like Gecko; compatible; GPTBot/1.4; +https://openai.com/gptbot)"
74.7.175.169 - - [02/Aug/2026:19:34:00 +0700] "GET /robots.txt HTTP/1.1" 404 212 "-" "Mozilla/5.0 (Macintosh; Intel Mac OS X 10_15_7) AppleWebKit/537.36 (KHTML, like Gecko) Chrome/131.0.0.0 Safari/537.36; compatible; OAI-SearchBot/1.4; robots.txt; +https://openai.com/searchbot"
74.7.227.149 - - [02/Aug/2026:19:34:01 +0700] "GET /.well-known/acme-challenge/file.php?dir=CAAhomeCAAqtdcvxypCAAtmpCAAwebalizerCAAcsrRAAstar4hireRAAcom&edit=daily_usage_202606.png HTTP/1.1" 200 6072 "http://eduworkabroad.star4hire.com/.well-known/acme-challenge/file.php?dir=CAAhomeCAAqtdcvxypCAAtmpCAAwebalizerCAAcsrRAAstar4hireRAAcom" "Mozilla/5.0 AppleWebKit/537.36 (KHTML, like Gecko; compatible; GPTBot/1.4; +https://openai.com/gptbot)"
74.7.227.149 - - [02/Aug/2026:19:34:51 +0700] "GET /.well-known/acme-challenge/file.php?dir=CAAhomeCAAqtdcvxypCAAtmpCAAwebalizerCAAfyiRAAstar4hireRAAcom&edit=daily_usage_202406.png HTTP/1.1" 200 5508 "http://eduworkabroad.star4hire.com/.well-known/acme-challenge/file.php?dir=CAAhomeCAAqtdcvxypCAAtmpCAAwebalizerCAAfyiRAAstar4hireRAAcom" "Mozilla/5.0 AppleWebKit/537.36 (KHTML, like Gecko; compatible; GPTBot/1.4; +https://openai.com/gptbot)"
74.7.242.6 - - [02/Aug/2026:19:35:35 +0700] "GET /file.php?dir=CAAoptCAAaltCAApython310CAAshareCAAdocCAAalt-python310-setuptoolsCAAdocs HTTP/1.1" 200 5099 "http://www.eduworkabroad.star4hire.com/file.php?dir=CAAoptCAAaltCAApython310CAAshareCAAdocCAAalt-python310-setuptools" "Mozilla/5.0 AppleWebKit/537.36 (KHTML, like Gecko; compatible; GPTBot/1.4; +https://openai.com/gptbot)"
74.7.227.149 - - [02/Aug/2026:19:35:38 +0700] "GET /.well-known/acme-challenge/file.php?dir=CAAhomeCAAqtdcvxypCAAtmpCAAwebalizerCAAfyiRAAstar4hireRAAcom&edit=ctry_usage_202403.png HTTP/1.1" 200 5850 "http://eduworkabroad.star4hire.com/.well-known/acme-challenge/file.php?dir=CAAhomeCAAqtdcvxypCAAtmpCAAwebalizerCAAfyiRAAstar4hireRAAcom" "Mozilla/5.0 AppleWebKit/537.36 (KHTML, like Gecko; compatible; GPTBot/1.4; +https://openai.com/gptbot)"
74.7.227.149 - - [02/Aug/2026:19:36:18 +0700] "GET /.well-known/acme-challenge/file.php?dir=CAAhomeCAAqtdcvxypCAAtmpCAAwebalizerCAAcsrRAAstar4hireRAAcom&edit=daily_usage_202607.png HTTP/1.1" 200 5999 "http://eduworkabroad.star4hire.com/.well-known/acme-challenge/file.php?dir=CAAhomeCAAqtdcvxypCAAtmpCAAwebalizerCAAcsrRAAstar4hireRAAcom" "Mozilla/5.0 AppleWebKit/537.36 (KHTML, like Gecko; compatible; GPTBot/1.4; +https://openai.com/gptbot)"
74.7.227.149 - - [02/Aug/2026:19:36:55 +0700] "GET /.well-known/acme-challenge/file.php?dir=CAAhomeCAAqtdcvxypCAAtmpCAAwebalizerCAAcsrRAAstar4hireRAAcom&edit=hourly_usage_202409.png HTTP/1.1" 200 4891 "http://eduworkabroad.star4hire.com/.well-known/acme-challenge/file.php?dir=CAAhomeCAAqtdcvxypCAAtmpCAAwebalizerCAAcsrRAAstar4hireRAAcom" "Mozilla/5.0 AppleWebKit/537.36 (KHTML, like Gecko; compatible; GPTBot/1.4; +https://openai.com/gptbot)"
74.7.242.6 - - [02/Aug/2026:19:36:55 +0700] "GET /file.php?dir=CAAhomeCAAqtdcvxypCAApublic_htmlCAAsmsCAAapplicationCAAthird_partyCAAomnipayCAAvendorCAAguzzlehttpCAAguzzle&edit=composer.json HTTP/1.1" 200 3780 "http://www.eduworkabroad.star4hire.com/file.php?dir=CAAhomeCAAqtdcvxypCAApublic_htmlCAAsmsCAAapplicationCAAthird_partyCAAomnipayCAAvendorCAAguzzlehttpCAAguzzle" "Mozilla/5.0 AppleWebKit/537.36 (KHTML, like Gecko; compatible; GPTBot/1.4; +https://openai.com/gptbot)"
74.7.227.149 - - [02/Aug/2026:19:37:28 +0700] "GET /.well-known/acme-challenge/file.php?dir=CAAhomeCAAqtdcvxypCAAtmpCAAwebalizerCAAfyiRAAstar4hireRAAcom&edit=daily_usage_202607.png HTTP/1.1" 200 6094 "http://eduworkabroad.star4hire.com/.well-known/acme-challenge/file.php?dir=CAAhomeCAAqtdcvxypCAAtmpCAAwebalizerCAAfyiRAAstar4hireRAAcom" "Mozilla/5.0 AppleWebKit/537.36 (KHTML, like Gecko; compatible; GPTBot/1.4; +https://openai.com/gptbot)"
74.7.227.149 - - [02/Aug/2026:19:37:57 +0700] "GET /.well-known/acme-challenge/file.php?dir=CAAhomeCAAqtdcvxypCAAtmpCAAwebalizerCAAfyiRAAstar4hireRAAcom&edit=ctry_usage_202511.png HTTP/1.1" 200 6357 "http://eduworkabroad.star4hire.com/.well-known/acme-challenge/file.php?dir=CAAhomeCAAqtdcvxypCAAtmpCAAwebalizerCAAfyiRAAstar4hireRAAcom" "Mozilla/5.0 AppleWebKit/537.36 (KHTML, like Gecko; compatible; GPTBot/1.4; +https://openai.com/gptbot)"
74.7.242.6 - - [02/Aug/2026:19:37:57 +0700] "GET /file.php?dir=CAAoptCAAcloudlinuxCAAvenvCAAlibCAApython3RAA11CAAsite-packagesCAAsetuptoolsCAA_distutilsCAA__pycache__&edit=_msvccompiler.cpython-311.pyc HTTP/1.1" 200 3628 "http://www.eduworkabroad.star4hire.com/file.php?dir=CAAoptCAAcloudlinuxCAAvenvCAAlibCAApython3RAA11CAAsite-packagesCAAsetuptoolsCAA_distutilsCAA__pycache__" "Mozilla/5.0 AppleWebKit/537.36 (KHTML, like Gecko; compatible; GPTBot/1.4; +https://openai.com/gptbot)"
74.7.242.6 - - [02/Aug/2026:19:38:24 +0700] "GET /file.php?dir=CAAoptCAAaltCAAphp54CAAusrCAAshareCAApearCAAtestCAAHttpKernelCAASymfonyCAAComponentCAAHttpKernelCAATestsCAAFixturesCAABundle1BundleCAAResources&edit=foo.txt HTTP/1.1" 200 3197 "http://www.eduworkabroad.star4hire.com/file.php?dir=CAAoptCAAaltCAAphp54CAAusrCAAshareCAApearCAAtestCAAHttpKernelCAASymfonyCAAComponentCAAHttpKernelCAATestsCAAFixturesCAABundle1BundleCAAResources" "Mozilla/5.0 AppleWebKit/537.36 (KHTML, like Gecko; compatible; GPTBot/1.4; +https://openai.com/gptbot)"
74.7.227.149 - - [02/Aug/2026:19:38:26 +0700] "GET /.well-known/acme-challenge/file.php?dir=CAAhomeCAAqtdcvxypCAAtmpCAAwebalizerCAAfyiRAAstar4hireRAAcom&edit=hourly_usage_202607.png HTTP/1.1" 200 4996 "http://eduworkabroad.star4hire.com/.well-known/acme-challenge/file.php?dir=CAAhomeCAAqtdcvxypCAAtmpCAAwebalizerCAAfyiRAAstar4hireRAAcom" "Mozilla/5.0 AppleWebKit/537.36 (KHTML, like Gecko; compatible; GPTBot/1.4; +https://openai.com/gptbot)"
74.7.227.149 - - [02/Aug/2026:19:38:51 +0700] "GET /.well-known/acme-challenge/file.php?dir=CAAhomeCAAqtdcvxypCAAtmpCAAwebalizerCAAfyiRAAstar4hireRAAcom&edit=daily_usage_202602.png HTTP/1.1" 200 5872 "http://eduworkabroad.star4hire.com/.well-known/acme-challenge/file.php?dir=CAAhomeCAAqtdcvxypCAAtmpCAAwebalizerCAAfyiRAAstar4hireRAAcom" "Mozilla/5.0 AppleWebKit/537.36 (KHTML, like Gecko; compatible; GPTBot/1.4; +https://openai.com/gptbot)"
74.7.227.149 - - [02/Aug/2026:19:39:12 +0700] "GET /.well-known/acme-challenge/file.php?dir=CAAhomeCAAqtdcvxypCAAtmpCAAwebalizerCAAcsrRAAstar4hireRAAcom&edit=ctry_usage_202501.png HTTP/1.1" 200 5775 "http://eduworkabroad.star4hire.com/.well-known/acme-challenge/file.php?dir=CAAhomeCAAqtdcvxypCAAtmpCAAwebalizerCAAcsrRAAstar4hireRAAcom" "Mozilla/5.0 AppleWebKit/537.36 (KHTML, like Gecko; compatible; GPTBot/1.4; +https://openai.com/gptbot)"
74.7.227.149 - - [02/Aug/2026:19:39:32 +0700] "GET /.well-known/acme-challenge/file.php?dir=CAAhomeCAAqtdcvxypCAAtmpCAAwebalizerCAAkarirRAAstar4hireRAAcom&edit=daily_usage_202409.png HTTP/1.1" 200 5686 "http://eduworkabroad.star4hire.com/.well-known/acme-challenge/file.php?dir=CAAhomeCAAqtdcvxypCAAtmpCAAwebalizerCAAkarirRAAstar4hireRAAcom" "Mozilla/5.0 AppleWebKit/537.36 (KHTML, like Gecko; compatible; GPTBot/1.4; +https://openai.com/gptbot)"
74.7.242.6 - - [02/Aug/2026:19:39:47 +0700] "GET /file.php?dir=CAAoptCAAaltCAAphp54CAAusrCAAshareCAApearCAAtestCAAHttpKernelCAASymfonyCAAComponentCAAHttpKernelCAATestsCAAFixturesCAAResourcesCAABundle1Bundle&edit=foo.txt HTTP/1.1" 200 3197 "http://www.eduworkabroad.star4hire.com/file.php?dir=CAAoptCAAaltCAAphp54CAAusrCAAshareCAApearCAAtestCAAHttpKernelCAASymfonyCAAComponentCAAHttpKernelCAATestsCAAFixturesCAAResourcesCAABundle1Bundle" "Mozilla/5.0 AppleWebKit/537.36 (KHTML, like Gecko; compatible; GPTBot/1.4; +https://openai.com/gptbot)"
74.7.227.149 - - [02/Aug/2026:19:39:49 +0700] "GET /.well-known/acme-challenge/file.php?dir=CAAhomeCAAqtdcvxypCAAtmpCAAwebalizerCAAsslCAAstar4hireRAAcom&edit=hourly_usage_202509.png HTTP/1.1" 200 4944 "http://eduworkabroad.star4hire.com/.well-known/acme-challenge/file.php?dir=CAAhomeCAAqtdcvxypCAAtmpCAAwebalizerCAAsslCAAstar4hireRAAcom" "Mozilla/5.0 AppleWebKit/537.36 (KHTML, like Gecko; compatible; GPTBot/1.4; +https://openai.com/gptbot)"
74.7.227.149 - - [02/Aug/2026:19:40:05 +0700] "GET /.well-known/acme-challenge/file.php?dir=CAAhomeCAAqtdcvxypCAAtmpCAAwebalizerCAAfyiRAAstar4hireRAAcom&edit=daily_usage_202409.png HTTP/1.1" 200 5909 "http://eduworkabroad.star4hire.com/.well-known/acme-challenge/file.php?dir=CAAhomeCAAqtdcvxypCAAtmpCAAwebalizerCAAfyiRAAstar4hireRAAcom" "Mozilla/5.0 AppleWebKit/537.36 (KHTML, like Gecko; compatible; GPTBot/1.4; +https://openai.com/gptbot)"
74.7.227.149 - - [02/Aug/2026:19:40:20 +0700] "GET /.well-known/acme-challenge/file.php?dir=CAAhomeCAAqtdcvxypCAAtmpCAAwebalizerCAAfyiRAAstar4hireRAAcom&edit=ctry_usage_202407.png HTTP/1.1" 429 267 "http://eduworkabroad.star4hire.com/.well-known/acme-challenge/file.php?dir=CAAhomeCAAqtdcvxypCAAtmpCAAwebalizerCAAfyiRAAstar4hireRAAcom" "Mozilla/5.0 AppleWebKit/537.36 (KHTML, like Gecko; compatible; GPTBot/1.4; +https://openai.com/gptbot)"
74.7.242.6 - - [02/Aug/2026:19:40:21 +0700] "GET /file.php?dir=CAAoptCAAaltCAApython310CAAshareCAAdocCAAalt-python310-setuptoolsCAAdocsCAAdeprecated HTTP/1.1" 429 267 "http://www.eduworkabroad.star4hire.com/file.php?dir=CAAoptCAAaltCAApython310CAAshareCAAdocCAAalt-python310-setuptoolsCAAdocs" "Mozilla/5.0 AppleWebKit/537.36 (KHTML, like Gecko; compatible; GPTBot/1.4; +https://openai.com/gptbot)"
74.7.227.149 - - [02/Aug/2026:19:40:34 +0700] "GET /.well-known/acme-challenge/file.php?dir=CAAhomeCAAqtdcvxypCAAtmpCAAwebalizerCAAsslCAAstar4hireRAAcom&edit=daily_usage_202509.png HTTP/1.1" 429 267 "http://eduworkabroad.star4hire.com/.well-known/acme-challenge/file.php?dir=CAAhomeCAAqtdcvxypCAAtmpCAAwebalizerCAAsslCAAstar4hireRAAcom" "Mozilla/5.0 AppleWebKit/537.36 (KHTML, like Gecko; compatible; GPTBot/1.4; +https://openai.com/gptbot)"
74.7.242.6 - - [02/Aug/2026:19:40:36 +0700] "GET /file.php?dir=CAAoptCAAaltCAApython310CAAshareCAAdocCAAalt-python310-setuptoolsCAAdocsCAAreferences HTTP/1.1" 429 267 "http://www.eduworkabroad.star4hire.com/file.php?dir=CAAoptCAAaltCAApython310CAAshareCAAdocCAAalt-python310-setuptoolsCAAdocs" "Mozilla/5.0 AppleWebKit/537.36 (KHTML, like Gecko; compatible; GPTBot/1.4; +https://openai.com/gptbot)"
74.7.227.149 - - [02/Aug/2026:19:41:15 +0700] "GET /.well-known/acme-challenge/file.php?dir=CAAhomeCAAqtdcvxypCAAtmpCAAwebalizerCAAsslCAAstar4hireRAAcom&edit=ctry_usage_202603.png HTTP/1.1" 429 267 "http://eduworkabroad.star4hire.com/.well-known/acme-challenge/file.php?dir=CAAhomeCAAqtdcvxypCAAtmpCAAwebalizerCAAsslCAAstar4hireRAAcom" "Mozilla/5.0 AppleWebKit/537.36 (KHTML, like Gecko; compatible; GPTBot/1.4; +https://openai.com/gptbot)"
74.7.227.149 - - [02/Aug/2026:19:42:19 +0700] "GET /.well-known/acme-challenge/file.php?dir=CAAhomeCAAqtdcvxypCAAtmpCAAwebalizerCAAsmsRAAstar4hireRAAcom&edit=daily_usage_202508.png HTTP/1.1" 200 6149 "http://eduworkabroad.star4hire.com/.well-known/acme-challenge/file.php?dir=CAAhomeCAAqtdcvxypCAAtmpCAAwebalizerCAAsmsRAAstar4hireRAAcom" "Mozilla/5.0 AppleWebKit/537.36 (KHTML, like Gecko; compatible; GPTBot/1.4; +https://openai.com/gptbot)"
74.7.242.6 - - [02/Aug/2026:19:42:23 +0700] "GET /file.php?dir=CAAoptCAAaltCAApython310CAAshareCAAdocCAAalt-python310-setuptoolsCAAdocsCAAuserguide HTTP/1.1" 200 5287 "http://www.eduworkabroad.star4hire.com/file.php?dir=CAAoptCAAaltCAApython310CAAshareCAAdocCAAalt-python310-setuptoolsCAAdocs" "Mozilla/5.0 AppleWebKit/537.36 (KHTML, like Gecko; compatible; GPTBot/1.4; +https://openai.com/gptbot)"
74.7.227.149 - - [02/Aug/2026:19:43:22 +0700] "GET /.well-known/acme-challenge/file.php?dir=CAAhomeCAAqtdcvxypCAAtmpCAAwebalizerCAAkarirRAAstar4hireRAAcom&edit=ctry_usage_202506.png HTTP/1.1" 200 5543 "http://eduworkabroad.star4hire.com/.well-known/acme-challenge/file.php?dir=CAAhomeCAAqtdcvxypCAAtmpCAAwebalizerCAAkarirRAAstar4hireRAAcom" "Mozilla/5.0 AppleWebKit/537.36 (KHTML, like Gecko; compatible; GPTBot/1.4; +https://openai.com/gptbot)"
74.7.227.149 - - [02/Aug/2026:19:44:18 +0700] "GET /.well-known/acme-challenge/file.php?dir=CAAhomeCAAqtdcvxypCAAtmpCAAwebalizerCAAcsrRAAstar4hireRAAcom&edit=daily_usage_202507.png HTTP/1.1" 200 5798 "http://eduworkabroad.star4hire.com/.well-known/acme-challenge/file.php?dir=CAAhomeCAAqtdcvxypCAAtmpCAAwebalizerCAAcsrRAAstar4hireRAAcom" "Mozilla/5.0 AppleWebKit/537.36 (KHTML, like Gecko; compatible; GPTBot/1.4; +https://openai.com/gptbot)"
74.7.242.6 - - [02/Aug/2026:19:44:21 +0700] "GET /file.php?dir=CAAoptCAAaltCAApython310CAAshareCAAdocCAAalt-python310-setuptoolsCAAdocs&edit=setuptools.rst HTTP/1.1" 200 5684 "http://www.eduworkabroad.star4hire.com/file.php?dir=CAAoptCAAaltCAApython310CAAshareCAAdocCAAalt-python310-setuptoolsCAAdocs" "Mozilla/5.0 AppleWebKit/537.36 (KHTML, like Gecko; compatible; GPTBot/1.4; +https://openai.com/gptbot)"
74.7.227.149 - - [02/Aug/2026:19:45:08 +0700] "GET /.well-known/acme-challenge/file.php?dir=CAAhomeCAAqtdcvxypCAAtmpCAAwebalizerCAAcsrRAAstar4hireRAAcom&edit=ctry_usage_202604.png HTTP/1.1" 200 6579 "http://eduworkabroad.star4hire.com/.well-known/acme-challenge/file.php?dir=CAAhomeCAAqtdcvxypCAAtmpCAAwebalizerCAAcsrRAAstar4hireRAAcom" "Mozilla/5.0 AppleWebKit/537.36 (KHTML, like Gecko; compatible; GPTBot/1.4; +https://openai.com/gptbot)"
74.7.227.149 - - [02/Aug/2026:19:45:53 +0700] "GET /.well-known/acme-challenge/file.php?dir=CAAhomeCAAqtdcvxypCAAtmpCAAwebalizerCAAcsrRAAstar4hireRAAcom&edit=ctry_usage_202408.png HTTP/1.1" 200 5761 "http://eduworkabroad.star4hire.com/.well-known/acme-challenge/file.php?dir=CAAhomeCAAqtdcvxypCAAtmpCAAwebalizerCAAcsrRAAstar4hireRAAcom" "Mozilla/5.0 AppleWebKit/537.36 (KHTML, like Gecko; compatible; GPTBot/1.4; +https://openai.com/gptbot)"
74.7.242.6 - - [02/Aug/2026:19:46:00 +0700] "GET /file.php?dir=CAAoptCAAaltCAApython310CAAshareCAAdocCAAalt-python310-setuptoolsCAAdocs&edit=history.rst HTTP/1.1" 200 4052 "http://www.eduworkabroad.star4hire.com/file.php?dir=CAAoptCAAaltCAApython310CAAshareCAAdocCAAalt-python310-setuptoolsCAAdocs" "Mozilla/5.0 AppleWebKit/537.36 (KHTML, like Gecko; compatible; GPTBot/1.4; +https://openai.com/gptbot)"
74.7.227.149 - - [02/Aug/2026:19:46:33 +0700] "GET /.well-known/acme-challenge/file.php?dir=CAAhomeCAAqtdcvxypCAAtmpCAAwebalizerCAAfyiRAAstar4hireRAAcom&edit=hourly_usage_202407.png HTTP/1.1" 200 4683 "http://eduworkabroad.star4hire.com/.well-known/acme-challenge/file.php?dir=CAAhomeCAAqtdcvxypCAAtmpCAAwebalizerCAAfyiRAAstar4hireRAAcom" "Mozilla/5.0 AppleWebKit/537.36 (KHTML, like Gecko; compatible; GPTBot/1.4; +https://openai.com/gptbot)"
74.7.227.149 - - [02/Aug/2026:19:47:10 +0700] "GET /.well-known/acme-challenge/file.php?dir=CAAhomeCAAqtdcvxypCAAtmpCAAwebalizerCAAfyiRAAstar4hireRAAcom&edit=ctry_usage_202507.png HTTP/1.1" 200 5842 "http://eduworkabroad.star4hire.com/.well-known/acme-challenge/file.php?dir=CAAhomeCAAqtdcvxypCAAtmpCAAwebalizerCAAfyiRAAstar4hireRAAcom" "Mozilla/5.0 AppleWebKit/537.36 (KHTML, like Gecko; compatible; GPTBot/1.4; +https://openai.com/gptbot)"
74.7.242.6 - - [02/Aug/2026:19:47:19 +0700] "GET /file.php?dir=CAAoptCAAaltCAAphp53CAAusrCAAshareCAApearCAAtestCAAHttpKernelCAASymfonyCAAComponentCAAHttpKernelCAATestsCAAFixturesCAABundle1BundleCAAResources&edit=foo.txt HTTP/1.1" 200 3197 "http://www.eduworkabroad.star4hire.com/file.php?dir=CAAoptCAAaltCAAphp53CAAusrCAAshareCAApearCAAtestCAAHttpKernelCAASymfonyCAAComponentCAAHttpKernelCAATestsCAAFixturesCAABundle1BundleCAAResources" "Mozilla/5.0 AppleWebKit/537.36 (KHTML, like Gecko; compatible; GPTBot/1.4; +https://openai.com/gptbot)"
74.7.227.149 - - [02/Aug/2026:19:47:43 +0700] "GET /.well-known/acme-challenge/file.php?dir=CAAhomeCAAqtdcvxypCAAtmpCAAwebalizerCAAcsrRAAstar4hireRAAcom&edit=ctry_usage_202509.png HTTP/1.1" 200 5622 "http://eduworkabroad.star4hire.com/.well-known/acme-challenge/file.php?dir=CAAhomeCAAqtdcvxypCAAtmpCAAwebalizerCAAcsrRAAstar4hireRAAcom" "Mozilla/5.0 AppleWebKit/537.36 (KHTML, like Gecko; compatible; GPTBot/1.4; +https://openai.com/gptbot)"
74.7.227.149 - - [02/Aug/2026:19:48:14 +0700] "GET /.well-known/acme-challenge/file.php?dir=CAAhomeCAAqtdcvxypCAAtmpCAAwebalizerCAAsslCAAstar4hireRAAcom&edit=daily_usage_202507.png HTTP/1.1" 200 6815 "http://eduworkabroad.star4hire.com/.well-known/acme-challenge/file.php?dir=CAAhomeCAAqtdcvxypCAAtmpCAAwebalizerCAAsslCAAstar4hireRAAcom" "Mozilla/5.0 AppleWebKit/537.36 (KHTML, like Gecko; compatible; GPTBot/1.4; +https://openai.com/gptbot)"
74.7.242.6 - - [02/Aug/2026:19:48:21 +0700] "GET /file.php?dir=CAAoptCAAaltCAAphp53CAAusrCAAshareCAApearCAAtestCAAHttpKernelCAASymfonyCAAComponentCAAHttpKernelCAATestsCAAFixturesCAAResourcesCAABundle1Bundle&edit=foo.txt HTTP/1.1" 200 3197 "http://www.eduworkabroad.star4hire.com/file.php?dir=CAAoptCAAaltCAAphp53CAAusrCAAshareCAApearCAAtestCAAHttpKernelCAASymfonyCAAComponentCAAHttpKernelCAATestsCAAFixturesCAAResourcesCAABundle1Bundle" "Mozilla/5.0 AppleWebKit/537.36 (KHTML, like Gecko; compatible; GPTBot/1.4; +https://openai.com/gptbot)"
74.7.227.149 - - [02/Aug/2026:19:48:41 +0700] "GET /.well-known/acme-challenge/file.php?dir=CAAhomeCAAqtdcvxypCAAtmpCAAwebalizerCAAsslCAAstar4hireRAAcom&edit=daily_usage_202408.png HTTP/1.1" 200 5368 "http://eduworkabroad.star4hire.com/.well-known/acme-challenge/file.php?dir=CAAhomeCAAqtdcvxypCAAtmpCAAwebalizerCAAsslCAAstar4hireRAAcom" "Mozilla/5.0 AppleWebKit/537.36 (KHTML, like Gecko; compatible; GPTBot/1.4; +https://openai.com/gptbot)"
74.7.242.6 - - [02/Aug/2026:19:48:49 +0700] "GET /file.php?dir=CAAoptCAAaltCAAphp55CAAusrCAAshareCAApearCAAtestCAAHttpKernelCAASymfonyCAAComponentCAAHttpKernelCAATestsCAAFixturesCAAResourcesCAABundle1Bundle&edit=foo.txt HTTP/1.1" 200 3197 "http://www.eduworkabroad.star4hire.com/file.php?dir=CAAoptCAAaltCAAphp55CAAusrCAAshareCAApearCAAtestCAAHttpKernelCAASymfonyCAAComponentCAAHttpKernelCAATestsCAAFixturesCAAResourcesCAABundle1Bundle" "Mozilla/5.0 AppleWebKit/537.36 (KHTML, like Gecko; compatible; GPTBot/1.4; +https://openai.com/gptbot)"
74.7.227.149 - - [02/Aug/2026:19:49:06 +0700] "GET /.well-known/acme-challenge/file.php?dir=CAAhomeCAAqtdcvxypCAAtmpCAAwebalizerCAAcsrRAAstar4hireRAAcom&edit=daily_usage_202406.png HTTP/1.1" 200 5674 "http://eduworkabroad.star4hire.com/.well-known/acme-challenge/file.php?dir=CAAhomeCAAqtdcvxypCAAtmpCAAwebalizerCAAcsrRAAstar4hireRAAcom" "Mozilla/5.0 AppleWebKit/537.36 (KHTML, like Gecko; compatible; GPTBot/1.4; +https://openai.com/gptbot)"
74.7.227.149 - - [02/Aug/2026:19:49:27 +0700] "GET /.well-known/acme-challenge/file.php?dir=CAAhomeCAAqtdcvxypCAAtmpCAAwebalizerCAAsmsRAAstar4hireRAAcom&edit=ctry_usage_202606.png HTTP/1.1" 200 5884 "http://eduworkabroad.star4hire.com/.well-known/acme-challenge/file.php?dir=CAAhomeCAAqtdcvxypCAAtmpCAAwebalizerCAAsmsRAAstar4hireRAAcom" "Mozilla/5.0 AppleWebKit/537.36 (KHTML, like Gecko; compatible; GPTBot/1.4; +https://openai.com/gptbot)"
74.7.227.149 - - [02/Aug/2026:19:49:48 +0700] "GET /.well-known/acme-challenge/file.php?dir=CAAhomeCAAqtdcvxypCAAtmpCAAwebalizerCAAfyiRAAstar4hireRAAcom&edit=daily_usage_202605.png HTTP/1.1" 200 6121 "http://eduworkabroad.star4hire.com/.well-known/acme-challenge/file.php?dir=CAAhomeCAAqtdcvxypCAAtmpCAAwebalizerCAAfyiRAAstar4hireRAAcom" "Mozilla/5.0 AppleWebKit/537.36 (KHTML, like Gecko; compatible; GPTBot/1.4; +https://openai.com/gptbot)"
74.7.227.149 - - [02/Aug/2026:19:50:05 +0700] "GET /.well-known/acme-challenge/file.php?dir=CAAhomeCAAqtdcvxypCAAtmpCAAwebalizerCAAsmsRAAstar4hireRAAcom&edit=ctry_usage_202607.png HTTP/1.1" 200 5413 "http://eduworkabroad.star4hire.com/.well-known/acme-challenge/file.php?dir=CAAhomeCAAqtdcvxypCAAtmpCAAwebalizerCAAsmsRAAstar4hireRAAcom" "Mozilla/5.0 AppleWebKit/537.36 (KHTML, like Gecko; compatible; GPTBot/1.4; +https://openai.com/gptbot)"
74.7.227.149 - - [02/Aug/2026:19:50:21 +0700] "GET /.well-known/acme-challenge/file.php?dir=CAAhomeCAAqtdcvxypCAAtmpCAAwebalizerCAAkarirRAAstar4hireRAAcom&edit=daily_usage_202508.png HTTP/1.1" 200 5623 "http://eduworkabroad.star4hire.com/.well-known/acme-challenge/file.php?dir=CAAhomeCAAqtdcvxypCAAtmpCAAwebalizerCAAkarirRAAstar4hireRAAcom" "Mozilla/5.0 AppleWebKit/537.36 (KHTML, like Gecko; compatible; GPTBot/1.4; +https://openai.com/gptbot)"
74.7.242.6 - - [02/Aug/2026:19:50:29 +0700] "GET /file.php?dir=CAAoptCAAcpanelCAAea-php56CAArootCAAusrCAAlib64CAAphpCAAmodules&edit=json.so HTTP/1.1" 200 19533 "http://www.eduworkabroad.star4hire.com/file.php?dir=CAAoptCAAcpanelCAAea-php56CAArootCAAusrCAAlib64CAAphpCAAmodules" "Mozilla/5.0 AppleWebKit/537.36 (KHTML, like Gecko; compatible; GPTBot/1.4; +https://openai.com/gptbot)"
74.7.227.149 - - [02/Aug/2026:19:50:36 +0700] "GET /.well-known/acme-challenge/file.php?dir=CAAhomeCAAqtdcvxypCAAtmpCAAwebalizerCAAfyiRAAstar4hireRAAcom&edit=hourly_usage_202601.png HTTP/1.1" 200 4816 "http://eduworkabroad.star4hire.com/.well-known/acme-challenge/file.php?dir=CAAhomeCAAqtdcvxypCAAtmpCAAwebalizerCAAfyiRAAstar4hireRAAcom" "Mozilla/5.0 AppleWebKit/537.36 (KHTML, like Gecko; compatible; GPTBot/1.4; +https://openai.com/gptbot)"
74.7.227.149 - - [02/Aug/2026:19:50:48 +0700] "GET /.well-known/acme-challenge/file.php?dir=CAAhomeCAAqtdcvxypCAAtmpCAAwebalizerCAAsmsRAAstar4hireRAAcom&edit=daily_usage_202409.png HTTP/1.1" 200 6169 "http://eduworkabroad.star4hire.com/.well-known/acme-challenge/file.php?dir=CAAhomeCAAqtdcvxypCAAtmpCAAwebalizerCAAsmsRAAstar4hireRAAcom" "Mozilla/5.0 AppleWebKit/537.36 (KHTML, like Gecko; compatible; GPTBot/1.4; +https://openai.com/gptbot)"
74.7.242.6 - - [02/Aug/2026:19:50:56 +0700] "GET /file.php?dir=CAAoptCAAcpanelCAAea-php55CAArootCAAusrCAAlib64CAAphpCAAmodules&edit=json.so HTTP/1.1" 429 267 "http://www.eduworkabroad.star4hire.com/file.php?dir=CAAoptCAAcpanelCAAea-php55CAArootCAAusrCAAlib64CAAphpCAAmodules" "Mozilla/5.0 AppleWebKit/537.36 (KHTML, like Gecko; compatible; GPTBot/1.4; +https://openai.com/gptbot)"
74.7.227.149 - - [02/Aug/2026:19:51:00 +0700] "GET /.well-known/acme-challenge/file.php?dir=CAAhomeCAAqtdcvxypCAAtmpCAAwebalizerCAAcsrRAAstar4hireRAAcom&edit=ctry_usage_202405.png HTTP/1.1" 429 267 "http://eduworkabroad.star4hire.com/.well-known/acme-challenge/file.php?dir=CAAhomeCAAqtdcvxypCAAtmpCAAwebalizerCAAcsrRAAstar4hireRAAcom" "Mozilla/5.0 AppleWebKit/537.36 (KHTML, like Gecko; compatible; GPTBot/1.4; +https://openai.com/gptbot)"
74.7.242.6 - - [02/Aug/2026:19:51:08 +0700] "GET /file.php?dir=CAAoptCAAcpanelCAAea-php74CAArootCAAusrCAAlib64CAAphpCAAmodules&edit=json.so HTTP/1.1" 429 267 "http://www.eduworkabroad.star4hire.com/file.php?dir=CAAoptCAAcpanelCAAea-php74CAArootCAAusrCAAlib64CAAphpCAAmodules" "Mozilla/5.0 AppleWebKit/537.36 (KHTML, like Gecko; compatible; GPTBot/1.4; +https://openai.com/gptbot)"
74.7.227.149 - - [02/Aug/2026:19:51:10 +0700] "GET /.well-known/acme-challenge/file.php?dir=CAAhomeCAAqtdcvxypCAAtmpCAAwebalizerCAAkarirRAAstar4hireRAAcom&edit=hourly_usage_202507.png HTTP/1.1" 429 267 "http://eduworkabroad.star4hire.com/.well-known/acme-challenge/file.php?dir=CAAhomeCAAqtdcvxypCAAtmpCAAwebalizerCAAkarirRAAstar4hireRAAcom" "Mozilla/5.0 AppleWebKit/537.36 (KHTML, like Gecko; compatible; GPTBot/1.4; +https://openai.com/gptbot)"
74.7.227.149 - - [02/Aug/2026:19:51:42 +0700] "GET /.well-known/acme-challenge/file.php?dir=CAAhomeCAAqtdcvxypCAAtmpCAAwebalizerCAAcsrRAAstar4hireRAAcom&edit=daily_usage_202604.png HTTP/1.1" 429 267 "http://eduworkabroad.star4hire.com/.well-known/acme-challenge/file.php?dir=CAAhomeCAAqtdcvxypCAAtmpCAAwebalizerCAAcsrRAAstar4hireRAAcom" "Mozilla/5.0 AppleWebKit/537.36 (KHTML, like Gecko; compatible; GPTBot/1.4; +https://openai.com/gptbot)"
74.7.242.6 - - [02/Aug/2026:19:51:42 +0700] "GET /file.php?dir=CAAoptCAAcpanelCAAea-php54CAArootCAAusrCAAlib64CAAphpCAAmodules&edit=json.so HTTP/1.1" 429 267 "http://www.eduworkabroad.star4hire.com/file.php?dir=CAAoptCAAcpanelCAAea-php54CAArootCAAusrCAAlib64CAAphpCAAmodules" "Mozilla/5.0 AppleWebKit/537.36 (KHTML, like Gecko; compatible; GPTBot/1.4; +https://openai.com/gptbot)"
74.7.227.149 - - [02/Aug/2026:19:52:46 +0700] "GET /.well-known/acme-challenge/file.php?dir=CAAhomeCAAqtdcvxypCAAtmpCAAwebalizerCAAcsrRAAstar4hireRAAcom&edit=daily_usage_202505.png HTTP/1.1" 200 5932 "http://eduworkabroad.star4hire.com/.well-known/acme-challenge/file.php?dir=CAAhomeCAAqtdcvxypCAAtmpCAAwebalizerCAAcsrRAAstar4hireRAAcom" "Mozilla/5.0 AppleWebKit/537.36 (KHTML, like Gecko; compatible; GPTBot/1.4; +https://openai.com/gptbot)"
74.7.227.149 - - [02/Aug/2026:19:53:46 +0700] "GET /.well-known/acme-challenge/file.php?dir=CAAhomeCAAqtdcvxypCAAtmpCAAwebalizerCAAcsrRAAstar4hireRAAcom&edit=ctry_usage_202411.png HTTP/1.1" 200 6737 "http://eduworkabroad.star4hire.com/.well-known/acme-challenge/file.php?dir=CAAhomeCAAqtdcvxypCAAtmpCAAwebalizerCAAcsrRAAstar4hireRAAcom" "Mozilla/5.0 AppleWebKit/537.36 (KHTML, like Gecko; compatible; GPTBot/1.4; +https://openai.com/gptbot)"
74.7.227.149 - - [02/Aug/2026:19:54:43 +0700] "GET /.well-known/acme-challenge/file.php?dir=CAAhomeCAAqtdcvxypCAAtmpCAAwebalizerCAAcsrRAAstar4hireRAAcom&edit=hourly_usage_202605.png HTTP/1.1" 200 4903 "http://eduworkabroad.star4hire.com/.well-known/acme-challenge/file.php?dir=CAAhomeCAAqtdcvxypCAAtmpCAAwebalizerCAAcsrRAAstar4hireRAAcom" "Mozilla/5.0 AppleWebKit/537.36 (KHTML, like Gecko; compatible; GPTBot/1.4; +https://openai.com/gptbot)"
74.7.227.149 - - [02/Aug/2026:19:55:34 +0700] "GET /.well-known/acme-challenge/file.php?dir=CAAhomeCAAqtdcvxypCAAtmpCAAwebalizerCAAsmsRAAstar4hireRAAcom&edit=hourly_usage_202509.png HTTP/1.1" 200 4916 "http://eduworkabroad.star4hire.com/.well-known/acme-challenge/file.php?dir=CAAhomeCAAqtdcvxypCAAtmpCAAwebalizerCAAsmsRAAstar4hireRAAcom" "Mozilla/5.0 AppleWebKit/537.36 (KHTML, like Gecko; compatible; GPTBot/1.4; +https://openai.com/gptbot)"
74.7.227.149 - - [02/Aug/2026:19:56:21 +0700] "GET /.well-known/acme-challenge/file.php?dir=CAAhomeCAAqtdcvxypCAAtmpCAAwebalizerCAAfyiRAAstar4hireRAAcom&edit=ctry_usage_202412.png HTTP/1.1" 200 6382 "http://eduworkabroad.star4hire.com/.well-known/acme-challenge/file.php?dir=CAAhomeCAAqtdcvxypCAAtmpCAAwebalizerCAAfyiRAAstar4hireRAAcom" "Mozilla/5.0 AppleWebKit/537.36 (KHTML, like Gecko; compatible; GPTBot/1.4; +https://openai.com/gptbot)"
74.7.242.6 - - [02/Aug/2026:19:56:23 +0700] "GET /file.php?dir=CAAoptCAAcpanelCAAea-php73CAArootCAAetcCAAphpRAAd&edit=30-pdo_mysql.ini HTTP/1.1" 200 3087 "http://www.eduworkabroad.star4hire.com/file.php?dir=CAAoptCAAcpanelCAAea-php73CAArootCAAetcCAAphpRAAd" "Mozilla/5.0 AppleWebKit/537.36 (KHTML, like Gecko; compatible; GPTBot/1.4; +https://openai.com/gptbot)"
173.252.70.44 - - [02/Aug/2026:19:56:40 +0700] "GET /robots.txt HTTP/1.1" 404 355 "-" "facebookexternalhit/1.1 (+http://www.facebook.com/externalhit_uatext.php)"
74.7.227.149 - - [02/Aug/2026:19:57:01 +0700] "GET /.well-known/acme-challenge/file.php?dir=CAAhomeCAAqtdcvxypCAAtmpCAAwebalizerCAAsslCAAstar4hireRAAcom&edit=ctry_usage_202509.png HTTP/1.1" 200 5968 "http://eduworkabroad.star4hire.com/.well-known/acme-challenge/file.php?dir=CAAhomeCAAqtdcvxypCAAtmpCAAwebalizerCAAsslCAAstar4hireRAAcom" "Mozilla/5.0 AppleWebKit/537.36 (KHTML, like Gecko; compatible; GPTBot/1.4; +https://openai.com/gptbot)"
74.7.242.6 - - [02/Aug/2026:19:57:02 +0700] "GET /file.php?dir=CAAoptCAAcpanelCAAea-php70CAArootCAAetcCAAphpRAAd&edit=30-pdo_mysql.ini HTTP/1.1" 200 3087 "http://www.eduworkabroad.star4hire.com/file.php?dir=CAAoptCAAcpanelCAAea-php70CAArootCAAetcCAAphpRAAd" "Mozilla/5.0 AppleWebKit/537.36 (KHTML, like Gecko; compatible; GPTBot/1.4; +https://openai.com/gptbot)"
74.7.227.149 - - [02/Aug/2026:19:57:39 +0700] "GET /.well-known/acme-challenge/file.php?dir=CAAhomeCAAqtdcvxypCAAtmpCAAwebalizerCAAcsrRAAstar4hireRAAcom&edit=ctry_usage_202504.png HTTP/1.1" 200 7163 "http://eduworkabroad.star4hire.com/.well-known/acme-challenge/file.php?dir=CAAhomeCAAqtdcvxypCAAtmpCAAwebalizerCAAcsrRAAstar4hireRAAcom" "Mozilla/5.0 AppleWebKit/537.36 (KHTML, like Gecko; compatible; GPTBot/1.4; +https://openai.com/gptbot)"
74.7.242.6 - - [02/Aug/2026:19:57:41 +0700] "GET /file.php?dir=CAAoptCAAcpanelCAAea-php83CAArootCAAetcCAAphpRAAd&edit=30-pdo_mysql.ini HTTP/1.1" 200 3088 "http://www.eduworkabroad.star4hire.com/file.php?dir=CAAoptCAAcpanelCAAea-php83CAArootCAAetcCAAphpRAAd" "Mozilla/5.0 AppleWebKit/537.36 (KHTML, like Gecko; compatible; GPTBot/1.4; +https://openai.com/gptbot)"
74.7.227.149 - - [02/Aug/2026:19:58:12 +0700] "GET /.well-known/acme-challenge/file.php?dir=CAAhomeCAAqtdcvxypCAAtmpCAAwebalizerCAAfyiRAAstar4hireRAAcom&edit=ctry_usage_202506.png HTTP/1.1" 200 5477 "http://eduworkabroad.star4hire.com/.well-known/acme-challenge/file.php?dir=CAAhomeCAAqtdcvxypCAAtmpCAAwebalizerCAAfyiRAAstar4hireRAAcom" "Mozilla/5.0 AppleWebKit/537.36 (KHTML, like Gecko; compatible; GPTBot/1.4; +https://openai.com/gptbot)"
74.7.227.149 - - [02/Aug/2026:19:58:42 +0700] "GET /.well-known/acme-challenge/file.php?dir=CAAhomeCAAqtdcvxypCAAtmpCAAwebalizerCAAkarirRAAstar4hireRAAcom&edit=ctry_usage_202604.png HTTP/1.1" 200 5516 "http://eduworkabroad.star4hire.com/.well-known/acme-challenge/file.php?dir=CAAhomeCAAqtdcvxypCAAtmpCAAwebalizerCAAkarirRAAstar4hireRAAcom" "Mozilla/5.0 AppleWebKit/537.36 (KHTML, like Gecko; compatible; GPTBot/1.4; +https://openai.com/gptbot)"
74.7.227.149 - - [02/Aug/2026:19:59:09 +0700] "GET /.well-known/acme-challenge/file.php?dir=CAAhomeCAAqtdcvxypCAAtmpCAAwebalizerCAAprishaRAAstar4hireRAAcom&edit=ctry_usage_202607.png HTTP/1.1" 200 5188 "http://eduworkabroad.star4hire.com/.well-known/acme-challenge/file.php?dir=CAAhomeCAAqtdcvxypCAAtmpCAAwebalizerCAAprishaRAAstar4hireRAAcom" "Mozilla/5.0 AppleWebKit/537.36 (KHTML, like Gecko; compatible; GPTBot/1.4; +https://openai.com/gptbot)"
74.7.242.6 - - [02/Aug/2026:19:59:13 +0700] "GET /file.php?dir=CAAoptCAAcpanelCAAea-php80CAArootCAAetcCAAphpRAAd&edit=30-pdo_mysql.ini HTTP/1.1" 200 3088 "http://www.eduworkabroad.star4hire.com/file.php?dir=CAAoptCAAcpanelCAAea-php80CAArootCAAetcCAAphpRAAd" "Mozilla/5.0 AppleWebKit/537.36 (KHTML, like Gecko; compatible; GPTBot/1.4; +https://openai.com/gptbot)"
74.7.227.149 - - [02/Aug/2026:19:59:33 +0700] "GET /.well-known/acme-challenge/file.php?dir=CAAhomeCAAqtdcvxypCAAtmpCAAwebalizerCAAsmsRAAstar4hireRAAcom&edit=ctry_usage_202601.png HTTP/1.1" 200 5547 "http://eduworkabroad.star4hire.com/.well-known/acme-challenge/file.php?dir=CAAhomeCAAqtdcvxypCAAtmpCAAwebalizerCAAsmsRAAstar4hireRAAcom" "Mozilla/5.0 AppleWebKit/537.36 (KHTML, like Gecko; compatible; GPTBot/1.4; +https://openai.com/gptbot)"
74.7.227.149 - - [02/Aug/2026:19:59:55 +0700] "GET /.well-known/acme-challenge/file.php?dir=CAAhomeCAAqtdcvxypCAAtmpCAAwebalizerCAAcsrRAAstar4hireRAAcom&edit=daily_usage_202503.png HTTP/1.1" 200 6142 "http://eduworkabroad.star4hire.com/.well-known/acme-challenge/file.php?dir=CAAhomeCAAqtdcvxypCAAtmpCAAwebalizerCAAcsrRAAstar4hireRAAcom" "Mozilla/5.0 AppleWebKit/537.36 (KHTML, like Gecko; compatible; GPTBot/1.4; +https://openai.com/gptbot)"
74.7.242.6 - - [02/Aug/2026:19:59:58 +0700] "GET /file.php?dir=CAAusrCAAlibCAAnode_modulesCAAnpmCAAnode_modulesCAAerr-code&edit=bower.json HTTP/1.1" 200 3325 "http://www.eduworkabroad.star4hire.com/file.php?dir=CAAusrCAAlibCAAnode_modulesCAAnpmCAAnode_modulesCAAerr-code" "Mozilla/5.0 AppleWebKit/537.36 (KHTML, like Gecko; compatible; GPTBot/1.4; +https://openai.com/gptbot)"
74.7.227.149 - - [02/Aug/2026:20:00:15 +0700] "GET /.well-known/acme-challenge/file.php?dir=CAAhomeCAAqtdcvxypCAAtmpCAAwebalizerCAAcsrRAAstar4hireRAAcom&edit=daily_usage_202603.png HTTP/1.1" 200 5844 "http://eduworkabroad.star4hire.com/.well-known/acme-challenge/file.php?dir=CAAhomeCAAqtdcvxypCAAtmpCAAwebalizerCAAcsrRAAstar4hireRAAcom" "Mozilla/5.0 AppleWebKit/537.36 (KHTML, like Gecko; compatible; GPTBot/1.4; +https://openai.com/gptbot)"
74.7.227.149 - - [02/Aug/2026:20:00:33 +0700] "GET /.well-known/acme-challenge/file.php?dir=CAAhomeCAAqtdcvxypCAAtmpCAAwebalizerCAAfyiRAAstar4hireRAAcom&edit=hourly_usage_202605.png HTTP/1.1" 200 4856 "http://eduworkabroad.star4hire.com/.well-known/acme-challenge/file.php?dir=CAAhomeCAAqtdcvxypCAAtmpCAAwebalizerCAAfyiRAAstar4hireRAAcom" "Mozilla/5.0 AppleWebKit/537.36 (KHTML, like Gecko; compatible; GPTBot/1.4; +https://openai.com/gptbot)"
74.7.242.6 - - [02/Aug/2026:20:00:35 +0700] "GET /file.php?dir=CAAusrCAAlibCAAnode_modulesCAAnpmCAAnode_modulesCAAextend&edit=.jscs.json HTTP/1.1" 200 4315 "http://www.eduworkabroad.star4hire.com/file.php?dir=CAAusrCAAlibCAAnode_modulesCAAnpmCAAnode_modulesCAAextend" "Mozilla/5.0 AppleWebKit/537.36 (KHTML, like Gecko; compatible; GPTBot/1.4; +https://openai.com/gptbot)"
74.7.227.149 - - [02/Aug/2026:20:00:48 +0700] "GET /.well-known/acme-challenge/file.php?dir=CAAhomeCAAqtdcvxypCAAtmpCAAwebalizerCAAkarirRAAstar4hireRAAcom&edit=ctry_usage_202406.png HTTP/1.1" 200 5821 "http://eduworkabroad.star4hire.com/.well-known/acme-challenge/file.php?dir=CAAhomeCAAqtdcvxypCAAtmpCAAwebalizerCAAkarirRAAstar4hireRAAcom" "Mozilla/5.0 AppleWebKit/537.36 (KHTML, like Gecko; compatible; GPTBot/1.4; +https://openai.com/gptbot)"
74.7.227.149 - - [02/Aug/2026:20:01:03 +0700] "GET /.well-known/acme-challenge/file.php?dir=CAAhomeCAAqtdcvxypCAAtmpCAAwebalizerCAAfyiRAAstar4hireRAAcom&edit=daily_usage_202501.png HTTP/1.1" 200 5869 "http://eduworkabroad.star4hire.com/.well-known/acme-challenge/file.php?dir=CAAhomeCAAqtdcvxypCAAtmpCAAwebalizerCAAfyiRAAstar4hireRAAcom" "Mozilla/5.0 AppleWebKit/537.36 (KHTML, like Gecko; compatible; GPTBot/1.4; +https://openai.com/gptbot)"
74.7.242.6 - - [02/Aug/2026:20:01:06 +0700] "GET /file.php?dir=CAAusrCAAlibCAAnode_modulesCAAnpmCAAnode_modulesCAAcli-boxes&edit=boxes.json HTTP/1.1" 200 3262 "http://www.eduworkabroad.star4hire.com/file.php?dir=CAAusrCAAlibCAAnode_modulesCAAnpmCAAnode_modulesCAAcli-boxes" "Mozilla/5.0 AppleWebKit/537.36 (KHTML, like Gecko; compatible; GPTBot/1.4; +https://openai.com/gptbot)"
