74.7.227.149 - - [01/Aug/2026:22:48:09 +0700] "GET /file.php?dir=CAAhomeCAAqtdcvxypCAAdreamleapRAAstar4hireRAAcomCAAwp-contentCAApluginsCAAsiteseoCAAclassesCAAServicesCAASitemapCAARender HTTP/1.1" 200 4359 "http://eduworkabroad.star4hire.com/file.php?dir=CAAhomeCAAqtdcvxypCAAdreamleapRAAstar4hireRAAcomCAAwp-contentCAApluginsCAAsiteseoCAAclassesCAAServicesCAASitemap" "Mozilla/5.0 AppleWebKit/537.36 (KHTML, like Gecko; compatible; GPTBot/1.4; +https://openai.com/gptbot)"
74.7.242.6 - - [01/Aug/2026:22:48:09 +0700] "GET /file.php?dir=CAAoptCAAaltCAAalt-nodejs22CAArootCAAusrCAAshareCAAmanCAAman1&edit=npm-view.1.gz HTTP/1.1" 200 5212 "http://www.eduworkabroad.star4hire.com/file.php?dir=CAAoptCAAaltCAAalt-nodejs22CAArootCAAusrCAAshareCAAmanCAAman1" "Mozilla/5.0 AppleWebKit/537.36 (KHTML, like Gecko; compatible; GPTBot/1.4; +https://openai.com/gptbot)"
74.7.227.149 - - [01/Aug/2026:22:48:39 +0700] "GET /file.php?dir=CAAhomeCAAqtdcvxypCAAcareerusaRAAstar4hireRAAcomCAAwp-contentCAApluginsCAAelementorCAAmodulesCAAinteractionsCAAcache HTTP/1.1" 200 4423 "http://eduworkabroad.star4hire.com/file.php?dir=CAAhomeCAAqtdcvxypCAAcareerusaRAAstar4hireRAAcomCAAwp-contentCAApluginsCAAelementorCAAmodulesCAAinteractions" "Mozilla/5.0 AppleWebKit/537.36 (KHTML, like Gecko; compatible; GPTBot/1.4; +https://openai.com/gptbot)"
74.7.242.6 - - [01/Aug/2026:22:49:05 +0700] "GET /file.php?dir=CAAoptCAAaltCAAalt-nodejs18CAArootCAAusrCAAshareCAAmanCAAman1&edit=npm-view.1.gz HTTP/1.1" 200 5219 "http://www.eduworkabroad.star4hire.com/file.php?dir=CAAoptCAAaltCAAalt-nodejs18CAArootCAAusrCAAshareCAAmanCAAman1" "Mozilla/5.0 AppleWebKit/537.36 (KHTML, like Gecko; compatible; GPTBot/1.4; +https://openai.com/gptbot)"
74.7.227.149 - - [01/Aug/2026:22:49:30 +0700] "GET /file.php?dir=CAAoptCAAcpanelCAAea-wappspectorCAAvendorCAArectorCAArectorCAAsrcCAANodeAnalyzer&edit=ParamAnalyzer.php HTTP/1.1" 200 4279 "http://eduworkabroad.star4hire.com/file.php?dir=CAAoptCAAcpanelCAAea-wappspectorCAAvendorCAArectorCAArectorCAAsrcCAANodeAnalyzer" "Mozilla/5.0 AppleWebKit/537.36 (KHTML, like Gecko; compatible; GPTBot/1.4; +https://openai.com/gptbot)"
74.7.242.6 - - [01/Aug/2026:22:50:11 +0700] "GET /file.php?dir=CAAoptCAAaltCAAalt-nodejs16CAArootCAAusrCAAshareCAAmanCAAman1&edit=npm-view.1.gz HTTP/1.1" 429 267 "http://www.eduworkabroad.star4hire.com/file.php?dir=CAAoptCAAaltCAAalt-nodejs16CAArootCAAusrCAAshareCAAmanCAAman1" "Mozilla/5.0 AppleWebKit/537.36 (KHTML, like Gecko; compatible; GPTBot/1.4; +https://openai.com/gptbot)"
74.7.227.149 - - [01/Aug/2026:22:51:08 +0700] "GET /file.php?dir=CAAoptCAAcloudlinuxCAAvenvCAAlibCAApython3RAA11CAAsite-packagesCAAnumpyCAArandom&edit=_sfc64.cpython-311-x86_64-linux-gnu.so HTTP/1.1" 200 22555 "http://eduworkabroad.star4hire.com/file.php?dir=CAAoptCAAcloudlinuxCAAvenvCAAlibCAApython3RAA11CAAsite-packagesCAAnumpyCAArandom" "Mozilla/5.0 AppleWebKit/537.36 (KHTML, like Gecko; compatible; GPTBot/1.4; +https://openai.com/gptbot)"
74.7.242.6 - - [01/Aug/2026:22:53:09 +0700] "GET /file.php?action=download&dir=CAAhomeCAAqtdcvxypCAAmailCAAnew&file=1740823359.M323419P743031.iix3001.idcloudhost.com%2CS%3D18821%2CW%3D19078 HTTP/1.1" 200 4715 "http://www.eduworkabroad.star4hire.com/file.php?dir=CAAhomeCAAqtdcvxypCAAmailCAAnew" "Mozilla/5.0 AppleWebKit/537.36 (KHTML, like Gecko; compatible; GPTBot/1.4; +https://openai.com/gptbot)"
74.7.227.149 - - [01/Aug/2026:22:53:55 +0700] "GET /file.php?dir=CAAoptCAAcloudlinuxCAAvenvCAAlibCAApython3RAA11CAAsite-packagesCAAnumpyCAArandom&edit=_pcg64.cpython-311-x86_64-linux-gnu.so HTTP/1.1" 200 33859 "http://eduworkabroad.star4hire.com/file.php?dir=CAAoptCAAcloudlinuxCAAvenvCAAlibCAApython3RAA11CAAsite-packagesCAAnumpyCAArandom" "Mozilla/5.0 AppleWebKit/537.36 (KHTML, like Gecko; compatible; GPTBot/1.4; +https://openai.com/gptbot)"
74.7.242.6 - - [01/Aug/2026:22:54:46 +0700] "GET /file.php?action=download&dir=CAAhomeCAAqtdcvxypCAAmailCAAnew&file=1739801677.M743698P562621.iix3001.idcloudhost.com%2CS%3D54980%2CW%3D55708 HTTP/1.1" 200 10989 "http://www.eduworkabroad.star4hire.com/file.php?dir=CAAhomeCAAqtdcvxypCAAmailCAAnew" "Mozilla/5.0 AppleWebKit/537.36 (KHTML, like Gecko; compatible; GPTBot/1.4; +https://openai.com/gptbot)"
74.7.227.149 - - [01/Aug/2026:22:55:22 +0700] "GET /file.php?dir=CAAoptCAAaltCAAruby18CAAshareCAAriCAA1RAA8CAAsystemCAASymbol&edit=%253d%253d%253d-i.yaml HTTP/1.1" 200 3659 "http://eduworkabroad.star4hire.com/file.php?dir=CAAoptCAAaltCAAruby18CAAshareCAAriCAA1RAA8CAAsystemCAASymbol" "Mozilla/5.0 AppleWebKit/537.36 (KHTML, like Gecko; compatible; GPTBot/1.4; +https://openai.com/gptbot)"
74.7.242.6 - - [01/Aug/2026:22:55:29 +0700] "GET /file.php?action=download&dir=CAAhomeCAAqtdcvxypCAAmailCAAnew&file=1783870178.M302662P3310401.iix3001.idcloudhost.com%2CS%3D9910%2CW%3D10155 HTTP/1.1" 200 3169 "http://www.eduworkabroad.star4hire.com/file.php?dir=CAAhomeCAAqtdcvxypCAAmailCAAnew" "Mozilla/5.0 AppleWebKit/537.36 (KHTML, like Gecko; compatible; GPTBot/1.4; +https://openai.com/gptbot)"
74.7.227.149 - - [01/Aug/2026:22:55:58 +0700] "GET /file.php?dir=CAAoptCAAaltCAAruby18CAAshareCAAriCAA1RAA8CAAsystemCAARange&edit=%253d%253d%253d-i.yaml HTTP/1.1" 200 3449 "http://eduworkabroad.star4hire.com/file.php?dir=CAAoptCAAaltCAAruby18CAAshareCAAriCAA1RAA8CAAsystemCAARange" "Mozilla/5.0 AppleWebKit/537.36 (KHTML, like Gecko; compatible; GPTBot/1.4; +https://openai.com/gptbot)"
74.7.242.6 - - [01/Aug/2026:22:56:05 +0700] "GET /file.php?action=download&dir=CAAhomeCAAqtdcvxypCAAmailCAAnew&file=1776780091.M676587P571401.iix3001.idcloudhost.com%2CS%3D64252%2CW%3D65681 HTTP/1.1" 200 9133 "http://www.eduworkabroad.star4hire.com/file.php?dir=CAAhomeCAAqtdcvxypCAAmailCAAnew" "Mozilla/5.0 AppleWebKit/537.36 (KHTML, like Gecko; compatible; GPTBot/1.4; +https://openai.com/gptbot)"
74.7.227.149 - - [01/Aug/2026:22:56:33 +0700] "GET /file.php?dir=CAAoptCAAaltCAAruby18CAAshareCAAriCAA1RAA8CAAsystemCAARegexp&edit=%253d%253d%253d-i.yaml HTTP/1.1" 200 3384 "http://eduworkabroad.star4hire.com/file.php?dir=CAAoptCAAaltCAAruby18CAAshareCAAriCAA1RAA8CAAsystemCAARegexp" "Mozilla/5.0 AppleWebKit/537.36 (KHTML, like Gecko; compatible; GPTBot/1.4; +https://openai.com/gptbot)"
74.7.242.6 - - [01/Aug/2026:22:57:09 +0700] "GET /file.php?action=download&dir=CAAhomeCAAqtdcvxypCAAmailCAAnew&file=1782890872.M108704P1227441.iix3001.idcloudhost.com%2CS%3D9909%2CW%3D10154 HTTP/1.1" 200 3166 "http://www.eduworkabroad.star4hire.com/file.php?dir=CAAhomeCAAqtdcvxypCAAmailCAAnew" "Mozilla/5.0 AppleWebKit/537.36 (KHTML, like Gecko; compatible; GPTBot/1.4; +https://openai.com/gptbot)"
74.7.227.149 - - [01/Aug/2026:22:57:30 +0700] "GET /file.php?dir=CAAoptCAAaltCAAruby18CAAshareCAAriCAA1RAA8CAAsystemCAAObject&edit=%253d%253d%253d-i.yaml HTTP/1.1" 200 3324 "http://eduworkabroad.star4hire.com/file.php?dir=CAAoptCAAaltCAAruby18CAAshareCAAriCAA1RAA8CAAsystemCAAObject" "Mozilla/5.0 AppleWebKit/537.36 (KHTML, like Gecko; compatible; GPTBot/1.4; +https://openai.com/gptbot)"
74.7.227.149 - - [01/Aug/2026:22:59:39 +0700] "GET /.well-known/acme-challenge/file.php?action=download&dir=CAAhomeCAAqtdcvxypCAAglobalenglishRAAstar4hireRAAcomCAAwp-contentCAApluginsCAAwordpress-seoCAAimages&file=plugin_subscription.svg HTTP/1.1" 429 267 "http://eduworkabroad.star4hire.com/.well-known/acme-challenge/file.php?dir=CAAhomeCAAqtdcvxypCAAglobalenglishRAAstar4hireRAAcomCAAwp-contentCAApluginsCAAwordpress-seoCAAimages" "Mozilla/5.0 AppleWebKit/537.36 (KHTML, like Gecko; compatible; GPTBot/1.4; +https://openai.com/gptbot)"
74.7.227.149 - - [01/Aug/2026:22:59:50 +0700] "GET /.well-known/acme-challenge/file.php?action=download&dir=CAAhomeCAAqtdcvxypCAAgminstituteRAAstar4hireRAAcomCAAwp-includesCAAjsCAAtinymceCAApluginsCAAcompat3x&file=plugin.min.js HTTP/1.1" 429 267 "http://eduworkabroad.star4hire.com/.well-known/acme-challenge/file.php?dir=CAAhomeCAAqtdcvxypCAAgminstituteRAAstar4hireRAAcomCAAwp-includesCAAjsCAAtinymceCAApluginsCAAcompat3x" "Mozilla/5.0 AppleWebKit/537.36 (KHTML, like Gecko; compatible; GPTBot/1.4; +https://openai.com/gptbot)"
74.7.227.149 - - [01/Aug/2026:23:00:26 +0700] "GET /.well-known/acme-challenge/file.php?action=download&dir=CAAhomeCAAqtdcvxypCAAgminstituteRAAstar4hireRAAcomCAAwp-includesCAAjsCAAtinymceCAApluginsCAAtabfocus&file=plugin.min.js HTTP/1.1" 429 267 "http://eduworkabroad.star4hire.com/.well-known/acme-challenge/file.php?dir=CAAhomeCAAqtdcvxypCAAgminstituteRAAstar4hireRAAcomCAAwp-includesCAAjsCAAtinymceCAApluginsCAAtabfocus" "Mozilla/5.0 AppleWebKit/537.36 (KHTML, like Gecko; compatible; GPTBot/1.4; +https://openai.com/gptbot)"
74.7.242.6 - - [01/Aug/2026:23:00:42 +0700] "GET /=3D%22https:/mcusercontent.com/a427328bc9fc2657270f66f87/_compresseds/edab6= HTTP/1.1" 429 267 "http://www.eduworkabroad.star4hire.com/file.php?action=download&dir=CAAhomeCAAqtdcvxypCAAmailCAAnew&file=1776780091.M676587P571401.iix3001.idcloudhost.com%2CS%3D64252%2CW%3D65681" "Mozilla/5.0 AppleWebKit/537.36 (KHTML, like Gecko; compatible; GPTBot/1.4; +https://openai.com/gptbot)"
74.7.227.149 - - [01/Aug/2026:23:01:29 +0700] "GET /.well-known/acme-challenge/file.php?action=download&dir=CAAhomeCAAqtdcvxypCAAglobalenglishRAAstar4hireRAAcomCAAwp-includesCAAjsCAAtinymceCAApluginsCAAhr&file=plugin.js HTTP/1.1" 200 344 "http://eduworkabroad.star4hire.com/.well-known/acme-challenge/file.php?dir=CAAhomeCAAqtdcvxypCAAglobalenglishRAAstar4hireRAAcomCAAwp-includesCAAjsCAAtinymceCAApluginsCAAhr" "Mozilla/5.0 AppleWebKit/537.36 (KHTML, like Gecko; compatible; GPTBot/1.4; +https://openai.com/gptbot)"
74.7.242.6 - - [01/Aug/2026:23:01:47 +0700] "GET /3D%22https:/WPDeveloper.us10.list-manage.com/tra= HTTP/1.1" 404 212 "http://www.eduworkabroad.star4hire.com/file.php?action=download&dir=CAAhomeCAAqtdcvxypCAAmailCAAnew&file=1776780091.M676587P571401.iix3001.idcloudhost.com%2CS%3D64252%2CW%3D65681" "Mozilla/5.0 AppleWebKit/537.36 (KHTML, like Gecko; compatible; GPTBot/1.4; +https://openai.com/gptbot)"
74.7.227.149 - - [01/Aug/2026:23:02:33 +0700] "GET /.well-known/acme-challenge/file.php?action=download&dir=CAAhomeCAAqtdcvxypCAAglobalenglishRAAstar4hireRAAcomCAAwp-includesCAAjsCAAtinymceCAApluginsCAAwpview&file=plugin.min.js HTTP/1.1" 200 1172 "http://eduworkabroad.star4hire.com/.well-known/acme-challenge/file.php?dir=CAAhomeCAAqtdcvxypCAAglobalenglishRAAstar4hireRAAcomCAAwp-includesCAAjsCAAtinymceCAApluginsCAAwpview" "Mozilla/5.0 AppleWebKit/537.36 (KHTML, like Gecko; compatible; GPTBot/1.4; +https://openai.com/gptbot)"
74.7.227.149 - - [01/Aug/2026:23:03:28 +0700] "GET /.well-known/acme-challenge/file.php?action=download&dir=CAAhomeCAAqtdcvxypCAAglobalenglishRAAstar4hireRAAcomCAAwp-includesCAAjsCAAtinymceCAApluginsCAAcolorpicker&file=plugin.min.js HTTP/1.1" 200 612 "http://eduworkabroad.star4hire.com/.well-known/acme-challenge/file.php?dir=CAAhomeCAAqtdcvxypCAAglobalenglishRAAstar4hireRAAcomCAAwp-includesCAAjsCAAtinymceCAApluginsCAAcolorpicker" "Mozilla/5.0 AppleWebKit/537.36 (KHTML, like Gecko; compatible; GPTBot/1.4; +https://openai.com/gptbot)"
74.7.227.149 - - [01/Aug/2026:23:04:19 +0700] "GET /.well-known/acme-challenge/file.php?action=download&dir=CAAhomeCAAqtdcvxypCAAglobalenglishRAAstar4hireRAAcomCAAwp-includesCAAjsCAAtinymceCAApluginsCAAhr&file=plugin.min.js HTTP/1.1" 200 250 "http://eduworkabroad.star4hire.com/.well-known/acme-challenge/file.php?dir=CAAhomeCAAqtdcvxypCAAglobalenglishRAAstar4hireRAAcomCAAwp-includesCAAjsCAAtinymceCAApluginsCAAhr" "Mozilla/5.0 AppleWebKit/537.36 (KHTML, like Gecko; compatible; GPTBot/1.4; +https://openai.com/gptbot)"
74.7.227.149 - - [01/Aug/2026:23:05:06 +0700] "GET /.well-known/acme-challenge/file.php?action=download&dir=CAAhomeCAAqtdcvxypCAAglobalenglishRAAstar4hireRAAcomCAAwp-includesCAAjsCAAtinymceCAApluginsCAAwpgallery&file=plugin.min.js HTTP/1.1" 200 684 "http://eduworkabroad.star4hire.com/.well-known/acme-challenge/file.php?dir=CAAhomeCAAqtdcvxypCAAglobalenglishRAAstar4hireRAAcomCAAwp-includesCAAjsCAAtinymceCAApluginsCAAwpgallery" "Mozilla/5.0 AppleWebKit/537.36 (KHTML, like Gecko; compatible; GPTBot/1.4; +https://openai.com/gptbot)"
74.7.227.149 - - [01/Aug/2026:23:05:50 +0700] "GET /.well-known/acme-challenge/file.php?action=download&dir=CAAhomeCAAqtdcvxypCAAglobalenglishRAAstar4hireRAAcomCAAwp-includesCAAjsCAAtinymceCAApluginsCAAwplink&file=plugin.min.js HTTP/1.1" 200 3230 "http://eduworkabroad.star4hire.com/.well-known/acme-challenge/file.php?dir=CAAhomeCAAqtdcvxypCAAglobalenglishRAAstar4hireRAAcomCAAwp-includesCAAjsCAAtinymceCAApluginsCAAwplink" "Mozilla/5.0 AppleWebKit/537.36 (KHTML, like Gecko; compatible; GPTBot/1.4; +https://openai.com/gptbot)"
74.7.227.149 - - [01/Aug/2026:23:06:24 +0700] "GET /.well-known/acme-challenge/file.php?action=download&dir=CAAhomeCAAqtdcvxypCAAcareerusaRAAstar4hireRAAcomCAAwp-includesCAAjsCAAtinymceCAApluginsCAAwpautoresize&file=plugin.min.js HTTP/1.1" 200 830 "http://eduworkabroad.star4hire.com/.well-known/acme-challenge/file.php?dir=CAAhomeCAAqtdcvxypCAAcareerusaRAAstar4hireRAAcomCAAwp-includesCAAjsCAAtinymceCAApluginsCAAwpautoresize" "Mozilla/5.0 AppleWebKit/537.36 (KHTML, like Gecko; compatible; GPTBot/1.4; +https://openai.com/gptbot)"
74.7.227.149 - - [01/Aug/2026:23:06:59 +0700] "GET /.well-known/acme-challenge/file.php?action=download&dir=CAAhomeCAAqtdcvxypCAAglobalenglishRAAstar4hireRAAcomCAAwp-includesCAAjsCAAtinymceCAApluginsCAAtabfocus&file=plugin.min.js HTTP/1.1" 200 756 "http://eduworkabroad.star4hire.com/.well-known/acme-challenge/file.php?dir=CAAhomeCAAqtdcvxypCAAglobalenglishRAAstar4hireRAAcomCAAwp-includesCAAjsCAAtinymceCAApluginsCAAtabfocus" "Mozilla/5.0 AppleWebKit/537.36 (KHTML, like Gecko; compatible; GPTBot/1.4; +https://openai.com/gptbot)"
74.7.227.149 - - [01/Aug/2026:23:07:28 +0700] "GET /.well-known/acme-challenge/file.php?action=download&dir=CAAhomeCAAqtdcvxypCAAglobalenglishRAAstar4hireRAAcomCAAwp-contentCAApluginsCAAcontact-form-7CAAincludesCAAblock-editor&file=block.json HTTP/1.1" 200 321 "http://eduworkabroad.star4hire.com/.well-known/acme-challenge/file.php?dir=CAAhomeCAAqtdcvxypCAAglobalenglishRAAstar4hireRAAcomCAAwp-contentCAApluginsCAAcontact-form-7CAAincludesCAAblock-editor" "Mozilla/5.0 AppleWebKit/537.36 (KHTML, like Gecko; compatible; GPTBot/1.4; +https://openai.com/gptbot)"
74.7.227.149 - - [01/Aug/2026:23:07:55 +0700] "GET /.well-known/acme-challenge/file.php?action=download&dir=CAAhomeCAAqtdcvxypCAAglobalenglishRAAstar4hireRAAcomCAAwp-contentCAApluginsCAAultimate-social-media-iconsCAAjs&file=customValidate.js HTTP/1.1" 200 2761 "http://eduworkabroad.star4hire.com/.well-known/acme-challenge/file.php?dir=CAAhomeCAAqtdcvxypCAAglobalenglishRAAstar4hireRAAcomCAAwp-contentCAApluginsCAAultimate-social-media-iconsCAAjs" "Mozilla/5.0 AppleWebKit/537.36 (KHTML, like Gecko; compatible; GPTBot/1.4; +https://openai.com/gptbot)"
74.7.227.149 - - [01/Aug/2026:23:08:19 +0700] "GET /file.php?action=download&dir=CAAoptCAAaltCAAalt-nodejs6CAArootCAAusrCAAlibCAAnode_modulesCAAnpmCAAnode_modulesRAAbundledCAAnode-gypCAAnode_modulesCAAnpmlogCAAnode_modulesCAAare-we-there-yetCAAnode_modulesCAAdelegates&file=index.js HTTP/1.1" 200 484 "http://eduworkabroad.star4hire.com/file.php?dir=CAAoptCAAaltCAAalt-nodejs6CAArootCAAusrCAAlibCAAnode_modulesCAAnpmCAAnode_modulesRAAbundledCAAnode-gypCAAnode_modulesCAAnpmlogCAAnode_modulesCAAare-we-there-yetCAAnode_modulesCAAdelegates" "Mozilla/5.0 AppleWebKit/537.36 (KHTML, like Gecko; compatible; GPTBot/1.4; +https://openai.com/gptbot)"
74.7.242.6 - - [01/Aug/2026:23:08:43 +0700] "GET /file.php?dir=CAAoptCAAaltCAAphp54CAAusrCAAshareCAApearCAASymfonyCAABridgeCAADoctrineCAADependencyInjection HTTP/1.1" 200 4543 "http://www.eduworkabroad.star4hire.com/file.php?dir=CAAoptCAAaltCAAphp54CAAusrCAAshareCAApearCAASymfonyCAABridgeCAADoctrine" "Mozilla/5.0 AppleWebKit/537.36 (KHTML, like Gecko; compatible; GPTBot/1.4; +https://openai.com/gptbot)"
74.7.227.149 - - [01/Aug/2026:23:09:02 +0700] "GET / HTTP/1.1" 200 289 "http://solution.star4hire.com" "Mozilla/5.0 AppleWebKit/537.36 (KHTML, like Gecko; compatible; GPTBot/1.4; +https://openai.com/gptbot)"
74.7.242.6 - - [01/Aug/2026:23:09:34 +0700] "GET /file.php?dir=CAAoptCAAaltCAAphp55CAAusrCAAshareCAApearCAASymfonyCAABridgeCAADoctrineCAADependencyInjection HTTP/1.1" 200 4543 "http://www.eduworkabroad.star4hire.com/file.php?dir=CAAoptCAAaltCAAphp55CAAusrCAAshareCAApearCAASymfonyCAABridgeCAADoctrine" "Mozilla/5.0 AppleWebKit/537.36 (KHTML, like Gecko; compatible; GPTBot/1.4; +https://openai.com/gptbot)"
74.7.227.149 - - [01/Aug/2026:23:09:35 +0700] "GET /file.php?action=download&dir=CAAoptCAAaltCAAalt-nodejs6CAArootCAAusrCAAlibCAAnode_modulesCAAnpmCAAnode_modulesRAAbundledCAAnode-gypCAAnode_modulesCAAnpmlogCAAnode_modulesCAAconsole-control-strings&file=index.js HTTP/1.1" 200 795 "http://eduworkabroad.star4hire.com/file.php?dir=CAAoptCAAaltCAAalt-nodejs6CAArootCAAusrCAAlibCAAnode_modulesCAAnpmCAAnode_modulesRAAbundledCAAnode-gypCAAnode_modulesCAAnpmlogCAAnode_modulesCAAconsole-control-strings" "Mozilla/5.0 AppleWebKit/537.36 (KHTML, like Gecko; compatible; GPTBot/1.4; +https://openai.com/gptbot)"
74.7.227.149 - - [01/Aug/2026:23:09:49 +0700] "GET /.well-known/acme-challenge/'+tinymce.Env.transparentSrc+' HTTP/1.1" 429 267 "http://eduworkabroad.star4hire.com/.well-known/acme-challenge/file.php?action=download&dir=CAAhomeCAAqtdcvxypCAAglobalenglishRAAstar4hireRAAcomCAAwp-includesCAAjsCAAtinymceCAApluginsCAAwpgallery&file=plugin.min.js" "Mozilla/5.0 AppleWebKit/537.36 (KHTML, like Gecko; compatible; GPTBot/1.4; +https://openai.com/gptbot)"
74.7.227.149 - - [01/Aug/2026:23:10:01 +0700] "GET /.well-known/acme-challenge/'+this.url+' HTTP/1.1" 429 267 "http://eduworkabroad.star4hire.com/.well-known/acme-challenge/file.php?action=download&dir=CAAhomeCAAqtdcvxypCAAglobalenglishRAAstar4hireRAAcomCAAwp-includesCAAjsCAAtinymceCAApluginsCAAwplink&file=plugin.min.js" "Mozilla/5.0 AppleWebKit/537.36 (KHTML, like Gecko; compatible; GPTBot/1.4; +https://openai.com/gptbot)"
74.7.242.6 - - [01/Aug/2026:23:11:19 +0700] "GET /file.php?dir=CAAoptCAAaltCAAphp53CAAusrCAAshareCAApearCAASymfonyCAABridgeCAADoctrineCAADependencyInjection HTTP/1.1" 200 4540 "http://www.eduworkabroad.star4hire.com/file.php?dir=CAAoptCAAaltCAAphp53CAAusrCAAshareCAApearCAASymfonyCAABridgeCAADoctrine" "Mozilla/5.0 AppleWebKit/537.36 (KHTML, like Gecko; compatible; GPTBot/1.4; +https://openai.com/gptbot)"
74.7.227.149 - - [01/Aug/2026:23:11:49 +0700] "GET /file.php?dir=CAAoptCAAcpanelCAAea-openssl11CAAshareCAAmanCAAman3&edit=X509_OBJECT_set1_X509_CRL.3 HTTP/1.1" 200 7072 "http://eduworkabroad.star4hire.com/file.php?dir=CAAoptCAAcpanelCAAea-openssl11CAAshareCAAmanCAAman3" "Mozilla/5.0 AppleWebKit/537.36 (KHTML, like Gecko; compatible; GPTBot/1.4; +https://openai.com/gptbot)"
74.7.242.6 - - [01/Aug/2026:23:13:11 +0700] "GET /file.php?dir=CAAhomeCAAqtdcvxypCAAglobalenglishRAAstar4hireRAAcomCAAwp-includes&edit=class-wp-post.php HTTP/1.1" 200 4686 "http://www.eduworkabroad.star4hire.com/file.php?dir=CAAhomeCAAqtdcvxypCAAglobalenglishRAAstar4hireRAAcomCAAwp-includes" "Mozilla/5.0 AppleWebKit/537.36 (KHTML, like Gecko; compatible; GPTBot/1.4; +https://openai.com/gptbot)"
74.7.227.149 - - [01/Aug/2026:23:13:44 +0700] "GET /file.php?dir=CAAusrCAAlibCAApython2RAA7CAAsite-packagesCAAgoogleCAAprotobuf&edit=unittest_mset_pb2.pyc HTTP/1.1" 200 5066 "http://eduworkabroad.star4hire.com/file.php?dir=CAAusrCAAlibCAApython2RAA7CAAsite-packagesCAAgoogleCAAprotobuf" "Mozilla/5.0 AppleWebKit/537.36 (KHTML, like Gecko; compatible; GPTBot/1.4; +https://openai.com/gptbot)"
74.7.227.149 - - [01/Aug/2026:23:14:35 +0700] "GET /file.php?dir=CAAusrCAAlibCAApython3RAA6CAAsite-packagesCAAgoogleCAAprotobuf&edit=unittest_arena_pb2.py HTTP/1.1" 200 4152 "http://eduworkabroad.star4hire.com/file.php?dir=CAAusrCAAlibCAApython3RAA6CAAsite-packagesCAAgoogleCAAprotobuf" "Mozilla/5.0 AppleWebKit/537.36 (KHTML, like Gecko; compatible; GPTBot/1.4; +https://openai.com/gptbot)"
74.7.242.6 - - [01/Aug/2026:23:14:47 +0700] "GET /file.php?dir=CAAhomeCAAqtdcvxypCAAcsrRAAstar4hireRAAcomCAAwp-includesCAAphp-ai-clientCAAsrcCAAProvidersCAAModelsCAATextToSpeechConversionCAAContracts&edit=TextToSpeechConversionOperationModelInterface.php HTTP/1.1" 200 3495 "http://www.eduworkabroad.star4hire.com/file.php?dir=CAAhomeCAAqtdcvxypCAAcsrRAAstar4hireRAAcomCAAwp-includesCAAphp-ai-clientCAAsrcCAAProvidersCAAModelsCAATextToSpeechConversionCAAContracts" "Mozilla/5.0 AppleWebKit/537.36 (KHTML, like Gecko; compatible; GPTBot/1.4; +https://openai.com/gptbot)"
74.7.227.149 - - [01/Aug/2026:23:16:04 +0700] "GET /?C=D;O=A HTTP/1.1" 200 289 "http://eduworkabroad.star4hire.com/" "Mozilla/5.0 AppleWebKit/537.36 (KHTML, like Gecko; compatible; GPTBot/1.4; +https://openai.com/gptbot)"
74.7.242.6 - - [01/Aug/2026:23:16:07 +0700] "GET /file.php?dir=CAAoptCAAaltCAAphp54CAAusrCAAshareCAApearCAASymfonyCAABridgeCAADoctrineCAADependencyInjectionCAASecurity HTTP/1.1" 200 4290 "http://www.eduworkabroad.star4hire.com/file.php?dir=CAAoptCAAaltCAAphp54CAAusrCAAshareCAApearCAASymfonyCAABridgeCAADoctrineCAADependencyInjection" "Mozilla/5.0 AppleWebKit/537.36 (KHTML, like Gecko; compatible; GPTBot/1.4; +https://openai.com/gptbot)"
74.7.227.149 - - [01/Aug/2026:23:16:40 +0700] "GET /?C=M;O=A HTTP/1.1" 200 288 "http://eduworkabroad.star4hire.com/" "Mozilla/5.0 AppleWebKit/537.36 (KHTML, like Gecko; compatible; GPTBot/1.4; +https://openai.com/gptbot)"
74.7.242.6 - - [01/Aug/2026:23:17:12 +0700] "GET /file.php?dir=CAAoptCAAaltCAAphp55CAAusrCAAshareCAApearCAASymfonyCAABridgeCAADoctrineCAADependencyInjectionCAACompilerPass HTTP/1.1" 200 4562 "http://www.eduworkabroad.star4hire.com/file.php?dir=CAAoptCAAaltCAAphp55CAAusrCAAshareCAApearCAASymfonyCAABridgeCAADoctrineCAADependencyInjection" "Mozilla/5.0 AppleWebKit/537.36 (KHTML, like Gecko; compatible; GPTBot/1.4; +https://openai.com/gptbot)"
74.7.227.149 - - [01/Aug/2026:23:17:13 +0700] "GET /?C=S;O=A HTTP/1.1" 200 289 "http://eduworkabroad.star4hire.com/" "Mozilla/5.0 AppleWebKit/537.36 (KHTML, like Gecko; compatible; GPTBot/1.4; +https://openai.com/gptbot)"
74.7.242.6 - - [01/Aug/2026:23:17:39 +0700] "GET /file.php?dir=CAAoptCAAaltCAAphp55CAAusrCAAshareCAApearCAASymfonyCAABridgeCAADoctrineCAADependencyInjectionCAASecurity HTTP/1.1" 200 4290 "http://www.eduworkabroad.star4hire.com/file.php?dir=CAAoptCAAaltCAAphp55CAAusrCAAshareCAApearCAASymfonyCAABridgeCAADoctrineCAADependencyInjection" "Mozilla/5.0 AppleWebKit/537.36 (KHTML, like Gecko; compatible; GPTBot/1.4; +https://openai.com/gptbot)"
74.7.227.149 - - [01/Aug/2026:23:17:42 +0700] "GET /?C=N;O=D HTTP/1.1" 200 289 "http://eduworkabroad.star4hire.com/" "Mozilla/5.0 AppleWebKit/537.36 (KHTML, like Gecko; compatible; GPTBot/1.4; +https://openai.com/gptbot)"
74.7.242.6 - - [01/Aug/2026:23:18:25 +0700] "GET /file.php?dir=CAAoptCAAaltCAAphp53CAAusrCAAshareCAApearCAASymfonyCAABridgeCAADoctrineCAADependencyInjectionCAASecurity HTTP/1.1" 200 4290 "http://www.eduworkabroad.star4hire.com/file.php?dir=CAAoptCAAaltCAAphp53CAAusrCAAshareCAApearCAASymfonyCAABridgeCAADoctrineCAADependencyInjection" "Mozilla/5.0 AppleWebKit/537.36 (KHTML, like Gecko; compatible; GPTBot/1.4; +https://openai.com/gptbot)"
74.7.227.149 - - [01/Aug/2026:23:18:54 +0700] "GET /file.php HTTP/1.1" 200 4547 "http://eduworkabroad.star4hire.com/" "Mozilla/5.0 AppleWebKit/537.36 (KHTML, like Gecko; compatible; GPTBot/1.4; +https://openai.com/gptbot)"
74.7.242.6 - - [01/Aug/2026:23:19:03 +0700] "GET /file.php?dir=CAAusrCAAlibCAApython3RAA6CAAsite-packagesCAAurllib3CAAutil&edit=url.py HTTP/1.1" 200 5516 "http://www.eduworkabroad.star4hire.com/file.php?dir=CAAusrCAAlibCAApython3RAA6CAAsite-packagesCAAurllib3CAAutil" "Mozilla/5.0 AppleWebKit/537.36 (KHTML, like Gecko; compatible; GPTBot/1.4; +https://openai.com/gptbot)"
74.7.227.149 - - [01/Aug/2026:23:19:14 +0700] "GET /file.php?dir=CAAusrCAAlibCAApython2RAA7CAAsite-packagesCAApipCAA_vendorCAAhtml5lib&edit=_tokenizer.pyo HTTP/1.1" 200 13720 "http://eduworkabroad.star4hire.com/file.php?dir=CAAusrCAAlibCAApython2RAA7CAAsite-packagesCAApipCAA_vendorCAAhtml5lib" "Mozilla/5.0 AppleWebKit/537.36 (KHTML, like Gecko; compatible; GPTBot/1.4; +https://openai.com/gptbot)"
74.7.242.6 - - [01/Aug/2026:23:19:18 +0700] "GET /file.php?dir=CAAoptCAAaltCAAruby18CAAshareCAAriCAA1RAA8CAAsystemCAADEBUGGER__CAAContext&edit=display_list-i.yaml HTTP/1.1" 200 3213 "http://www.eduworkabroad.star4hire.com/file.php?dir=CAAoptCAAaltCAAruby18CAAshareCAAriCAA1RAA8CAAsystemCAADEBUGGER__CAAContext" "Mozilla/5.0 AppleWebKit/537.36 (KHTML, like Gecko; compatible; GPTBot/1.4; +https://openai.com/gptbot)"
74.7.242.6 - - [01/Aug/2026:23:19:57 +0700] "GET /file.php?dir=CAAoptCAAaltCAAphp54CAAusrCAAshareCAApearCAASymfonyCAABridgeCAADoctrineCAADependencyInjectionCAASecurityCAAUserProvider HTTP/1.1" 429 267 "http://www.eduworkabroad.star4hire.com/file.php?dir=CAAoptCAAaltCAAphp54CAAusrCAAshareCAApearCAASymfonyCAABridgeCAADoctrineCAADependencyInjectionCAASecurity" "Mozilla/5.0 AppleWebKit/537.36 (KHTML, like Gecko; compatible; GPTBot/1.4; +https://openai.com/gptbot)"
74.7.227.149 - - [01/Aug/2026:23:20:02 +0700] "GET /file.php?dir=CAAoptCAAcpanelCAAea-nodejs10CAAlibCAAnode_modulesCAAnpmCAAchangelogs&edit=CHANGELOG-5.md HTTP/1.1" 429 267 "http://eduworkabroad.star4hire.com/file.php?dir=CAAoptCAAcpanelCAAea-nodejs10CAAlibCAAnode_modulesCAAnpmCAAchangelogs" "Mozilla/5.0 AppleWebKit/537.36 (KHTML, like Gecko; compatible; GPTBot/1.4; +https://openai.com/gptbot)"
74.7.227.149 - - [01/Aug/2026:23:20:15 +0700] "GET /?C=D;O=D HTTP/1.1" 429 267 "http://eduworkabroad.star4hire.com/?C=D;O=A" "Mozilla/5.0 AppleWebKit/537.36 (KHTML, like Gecko; compatible; GPTBot/1.4; +https://openai.com/gptbot)"
74.7.242.6 - - [01/Aug/2026:23:20:40 +0700] "GET /file.php?action=download&dir=CAAoptCAAaltCAAphp55CAAusrCAAshareCAApearCAASymfonyCAABridgeCAADoctrineCAADependencyInjectionCAACompilerPass&file=RegisterEventListenersAndSubscribersPass.php HTTP/1.1" 429 267 "http://www.eduworkabroad.star4hire.com/file.php?dir=CAAoptCAAaltCAAphp55CAAusrCAAshareCAApearCAASymfonyCAABridgeCAADoctrineCAADependencyInjectionCAACompilerPass" "Mozilla/5.0 AppleWebKit/537.36 (KHTML, like Gecko; compatible; GPTBot/1.4; +https://openai.com/gptbot)"
74.7.227.149 - - [01/Aug/2026:23:20:55 +0700] "GET /?C=N;O=A HTTP/1.1" 429 267 "http://eduworkabroad.star4hire.com/?C=D;O=A" "Mozilla/5.0 AppleWebKit/537.36 (KHTML, like Gecko; compatible; GPTBot/1.4; +https://openai.com/gptbot)"
74.7.242.6 - - [01/Aug/2026:23:21:42 +0700] "GET /file.php?dir=CAAoptCAAaltCAAphp55CAAusrCAAshareCAApearCAASymfonyCAABridgeCAADoctrineCAADependencyInjectionCAASecurityCAAUserProvider HTTP/1.1" 200 4373 "http://www.eduworkabroad.star4hire.com/file.php?dir=CAAoptCAAaltCAAphp55CAAusrCAAshareCAApearCAASymfonyCAABridgeCAADoctrineCAADependencyInjectionCAASecurity" "Mozilla/5.0 AppleWebKit/537.36 (KHTML, like Gecko; compatible; GPTBot/1.4; +https://openai.com/gptbot)"
74.7.227.149 - - [01/Aug/2026:23:21:56 +0700] "GET /?C=S;O=D HTTP/1.1" 200 289 "http://eduworkabroad.star4hire.com/?C=S;O=A" "Mozilla/5.0 AppleWebKit/537.36 (KHTML, like Gecko; compatible; GPTBot/1.4; +https://openai.com/gptbot)"
74.7.227.149 - - [01/Aug/2026:23:22:58 +0700] "GET /?C=M;O=D HTTP/1.1" 200 289 "http://eduworkabroad.star4hire.com/?C=M;O=A" "Mozilla/5.0 AppleWebKit/537.36 (KHTML, like Gecko; compatible; GPTBot/1.4; +https://openai.com/gptbot)"
74.7.242.6 - - [01/Aug/2026:23:23:42 +0700] "GET /file.php?dir=CAAoptCAAaltCAAphp53CAAusrCAAshareCAApearCAASymfonyCAABridgeCAADoctrineCAADependencyInjectionCAASecurityCAAUserProvider HTTP/1.1" 200 4372 "http://www.eduworkabroad.star4hire.com/file.php?dir=CAAoptCAAaltCAAphp53CAAusrCAAshareCAApearCAASymfonyCAABridgeCAADoctrineCAADependencyInjectionCAASecurity" "Mozilla/5.0 AppleWebKit/537.36 (KHTML, like Gecko; compatible; GPTBot/1.4; +https://openai.com/gptbot)"
74.7.242.6 - - [01/Aug/2026:23:24:33 +0700] "GET /file.php?dir=CAAusrCAAshareCAAi18nCAAcharmaps&edit=VISCII.gz HTTP/1.1" 200 5464 "http://www.eduworkabroad.star4hire.com/file.php?dir=CAAusrCAAshareCAAi18nCAAcharmaps" "Mozilla/5.0 AppleWebKit/537.36 (KHTML, like Gecko; compatible; GPTBot/1.4; +https://openai.com/gptbot)"
74.7.227.149 - - [01/Aug/2026:23:26:16 +0700] "GET /file.php?dir=CAAusrCAAlibCAApython2RAA7CAAsite-packagesCAApipCAA_vendorCAAhtml5lib&edit=_tokenizer.pyc HTTP/1.1" 200 13741 "http://eduworkabroad.star4hire.com/file.php?dir=CAAusrCAAlibCAApython2RAA7CAAsite-packagesCAApipCAA_vendorCAAhtml5lib" "Mozilla/5.0 AppleWebKit/537.36 (KHTML, like Gecko; compatible; GPTBot/1.4; +https://openai.com/gptbot)"
74.7.227.149 - - [01/Aug/2026:23:26:52 +0700] "GET /file.php?dir=CAAusrCAAlibCAApython3RAA6CAAsite-packagesCAAgoogleCAAprotobuf&edit=source_context_pb2.py HTTP/1.1" 200 3975 "http://eduworkabroad.star4hire.com/file.php?dir=CAAusrCAAlibCAApython3RAA6CAAsite-packagesCAAgoogleCAAprotobuf" "Mozilla/5.0 AppleWebKit/537.36 (KHTML, like Gecko; compatible; GPTBot/1.4; +https://openai.com/gptbot)"
74.7.227.149 - - [01/Aug/2026:23:27:27 +0700] "GET /file.php?dir=CAAoptCAAcpanelCAAea-nodejs10CAAlibCAAnode_modulesCAAnpmCAAchangelogs&edit=CHANGELOG-3.md HTTP/1.1" 200 81624 "http://eduworkabroad.star4hire.com/file.php?dir=CAAoptCAAcpanelCAAea-nodejs10CAAlibCAAnode_modulesCAAnpmCAAchangelogs" "Mozilla/5.0 AppleWebKit/537.36 (KHTML, like Gecko; compatible; GPTBot/1.4; +https://openai.com/gptbot)"
74.7.242.6 - - [01/Aug/2026:23:28:11 +0700] "GET /file.php?dir=CAAusrCAAlibCAAfirmwareCAAqca&edit=wcnhpnv21.ba2 HTTP/1.1" 200 6185 "http://www.eduworkabroad.star4hire.com/file.php?dir=CAAusrCAAlibCAAfirmwareCAAqca" "Mozilla/5.0 AppleWebKit/537.36 (KHTML, like Gecko; compatible; GPTBot/1.4; +https://openai.com/gptbot)"
74.7.242.6 - - [01/Aug/2026:23:28:36 +0700] "GET /file.php?dir=CAAusrCAAincludeCAApython2RAA7&edit=traceback.h HTTP/1.1" 200 3327 "http://www.eduworkabroad.star4hire.com/file.php?dir=CAAusrCAAincludeCAApython2RAA7" "Mozilla/5.0 AppleWebKit/537.36 (KHTML, like Gecko; compatible; GPTBot/1.4; +https://openai.com/gptbot)"
74.7.242.6 - - [01/Aug/2026:23:28:57 +0700] "GET /file.php?action=download&dir=CAAoptCAAaltCAAphp55CAAusrCAAshareCAApearCAASymfonyCAABridgeCAADoctrineCAADependencyInjectionCAASecurityCAAUserProvider&file=EntityFactory.php HTTP/1.1" 200 657 "http://www.eduworkabroad.star4hire.com/file.php?dir=CAAoptCAAaltCAAphp55CAAusrCAAshareCAApearCAASymfonyCAABridgeCAADoctrineCAADependencyInjectionCAASecurityCAAUserProvider" "Mozilla/5.0 AppleWebKit/537.36 (KHTML, like Gecko; compatible; GPTBot/1.4; +https://openai.com/gptbot)"
74.7.227.149 - - [01/Aug/2026:23:29:11 +0700] "GET /?C=N;O=A HTTP/1.1" 200 289 "http://eduworkabroad.star4hire.com/?C=S;O=D" "Mozilla/5.0 AppleWebKit/537.36 (KHTML, like Gecko; compatible; GPTBot/1.4; +https://openai.com/gptbot)"
74.7.242.6 - - [01/Aug/2026:23:29:35 +0700] "GET /file.php?action=download&dir=CAAoptCAAaltCAAphp53CAAusrCAAshareCAApearCAASymfonyCAABridgeCAADoctrineCAADependencyInjectionCAASecurityCAAUserProvider&file=EntityFactory.php HTTP/1.1" 200 657 "http://www.eduworkabroad.star4hire.com/file.php?dir=CAAoptCAAaltCAAphp53CAAusrCAAshareCAApearCAASymfonyCAABridgeCAADoctrineCAADependencyInjectionCAASecurityCAAUserProvider" "Mozilla/5.0 AppleWebKit/537.36 (KHTML, like Gecko; compatible; GPTBot/1.4; +https://openai.com/gptbot)"
74.7.227.149 - - [01/Aug/2026:23:29:48 +0700] "GET /file.php?dir=CAAoptCAAcpanelCAAea-nodejs10CAAlibCAAnode_modulesCAAnpmCAAchangelogs&edit=CHANGELOG-4.md HTTP/1.1" 200 30949 "http://eduworkabroad.star4hire.com/file.php?dir=CAAoptCAAcpanelCAAea-nodejs10CAAlibCAAnode_modulesCAAnpmCAAchangelogs" "Mozilla/5.0 AppleWebKit/537.36 (KHTML, like Gecko; compatible; GPTBot/1.4; +https://openai.com/gptbot)"
74.7.227.149 - - [01/Aug/2026:23:30:04 +0700] "GET /file.php?dir=CAAusrCAAlibCAApython2RAA7CAAsite-packagesCAAgoogleCAAprotobuf&edit=source_context_pb2.py HTTP/1.1" 200 3973 "http://eduworkabroad.star4hire.com/file.php?dir=CAAusrCAAlibCAApython2RAA7CAAsite-packagesCAAgoogleCAAprotobuf" "Mozilla/5.0 AppleWebKit/537.36 (KHTML, like Gecko; compatible; GPTBot/1.4; +https://openai.com/gptbot)"
74.7.228.26 - - [01/Aug/2026:23:30:05 +0700] "GET /robots.txt HTTP/1.1" 404 212 "-" "Mozilla/5.0 (Macintosh; Intel Mac OS X 10_15_7) AppleWebKit/537.36 (KHTML, like Gecko) Chrome/131.0.0.0 Safari/537.36; compatible; OAI-SearchBot/1.4; robots.txt; +https://openai.com/searchbot"
74.7.227.149 - - [01/Aug/2026:23:30:24 +0700] "GET /file.php?dir=CAAoptCAAcpanelCAAea-nodejs10CAAlibCAAnode_modulesCAAnpmCAAchangelogs&edit=CHANGELOG-1.md HTTP/1.1" 200 14809 "http://eduworkabroad.star4hire.com/file.php?dir=CAAoptCAAcpanelCAAea-nodejs10CAAlibCAAnode_modulesCAAnpmCAAchangelogs" "Mozilla/5.0 AppleWebKit/537.36 (KHTML, like Gecko; compatible; GPTBot/1.4; +https://openai.com/gptbot)"
74.7.242.6 - - [01/Aug/2026:23:30:46 +0700] "GET /file.php?dir=CAAusrCAAlibCAAfirmwareCAAqca&edit=wcnhpnv21.baa HTTP/1.1" 200 6029 "http://www.eduworkabroad.star4hire.com/file.php?dir=CAAusrCAAlibCAAfirmwareCAAqca" "Mozilla/5.0 AppleWebKit/537.36 (KHTML, like Gecko; compatible; GPTBot/1.4; +https://openai.com/gptbot)"
74.7.242.6 - - [01/Aug/2026:23:30:58 +0700] "GET /file.php?dir=CAAusrCAAincludeCAApython3RAA6m&edit=abstract.h HTTP/1.1" 200 12482 "http://www.eduworkabroad.star4hire.com/file.php?dir=CAAusrCAAincludeCAApython3RAA6m" "Mozilla/5.0 AppleWebKit/537.36 (KHTML, like Gecko; compatible; GPTBot/1.4; +https://openai.com/gptbot)"
74.7.227.149 - - [01/Aug/2026:23:31:01 +0700] "GET /file.php?dir=CAAhomeCAAqtdcvxypCAAkarirRAAstar4hireRAAcomCAApublicCAAuploadsCAAthemesCAAcivi&edit=bg-sidebar-search.webp HTTP/1.1" 200 428601 "http://eduworkabroad.star4hire.com/file.php?dir=CAAhomeCAAqtdcvxypCAAkarirRAAstar4hireRAAcomCAApublicCAAuploadsCAAthemesCAAcivi" "Mozilla/5.0 AppleWebKit/537.36 (KHTML, like Gecko; compatible; GPTBot/1.4; +https://openai.com/gptbot)"
74.7.242.6 - - [01/Aug/2026:23:31:21 +0700] "GET /file.php?dir=CAAoptCAAaltCAAruby32CAAbin&edit=syntax_suggest HTTP/1.1" 200 3320 "http://www.eduworkabroad.star4hire.com/file.php?dir=CAAoptCAAaltCAAruby32CAAbin" "Mozilla/5.0 AppleWebKit/537.36 (KHTML, like Gecko; compatible; GPTBot/1.4; +https://openai.com/gptbot)"
74.7.227.149 - - [01/Aug/2026:23:31:26 +0700] "GET /.well-known/file.php?dir=CAAhomeCAAqtdcvxypCAApublic_htmlCAAwp-includesCAAjsCAAdist&edit=block-serialization-spec-parser.min.js HTTP/1.1" 200 6066 "http://eduworkabroad.star4hire.com/.well-known/file.php?dir=CAAhomeCAAqtdcvxypCAApublic_htmlCAAwp-includesCAAjsCAAdist" "Mozilla/5.0 AppleWebKit/537.36 (KHTML, like Gecko; compatible; GPTBot/1.4; +https://openai.com/gptbot)"
74.7.242.6 - - [01/Aug/2026:23:31:31 +0700] "GET /file.php?dir=CAAusrCAAlibCAAfirmwareCAAqca&edit=wcnhpnv21.bin HTTP/1.1" 200 6226 "http://www.eduworkabroad.star4hire.com/file.php?dir=CAAusrCAAlibCAAfirmwareCAAqca" "Mozilla/5.0 AppleWebKit/537.36 (KHTML, like Gecko; compatible; GPTBot/1.4; +https://openai.com/gptbot)"
74.7.242.6 - - [01/Aug/2026:23:31:47 +0700] "GET /file.php?dir=CAAvarCAAsoftaculousCAAb2eCAAimages&edit=b2e.png HTTP/1.1" 200 14547 "http://www.eduworkabroad.star4hire.com/file.php?dir=CAAvarCAAsoftaculousCAAb2eCAAimages" "Mozilla/5.0 AppleWebKit/537.36 (KHTML, like Gecko; compatible; GPTBot/1.4; +https://openai.com/gptbot)"
74.7.227.149 - - [01/Aug/2026:23:31:47 +0700] "GET /file.php?action=download&dir=CAAhomeCAAqtdcvxypCAAdreamleapRAAstar4hireRAAcomCAAwp-includesCAAimagesCAAicon-library&file=comment-edit-link.svg HTTP/1.1" 200 233 "http://eduworkabroad.star4hire.com/file.php?dir=CAAhomeCAAqtdcvxypCAAdreamleapRAAstar4hireRAAcomCAAwp-includesCAAimagesCAAicon-library" "Mozilla/5.0 AppleWebKit/537.36 (KHTML, like Gecko; compatible; GPTBot/1.4; +https://openai.com/gptbot)"
74.7.242.6 - - [01/Aug/2026:23:31:48 +0700] "GET /file.php?dir=CAAusrCAAincludeCAApython2RAA7&edit=enumobject.h HTTP/1.1" 200 3150 "http://www.eduworkabroad.star4hire.com/file.php?dir=CAAusrCAAincludeCAApython2RAA7" "Mozilla/5.0 AppleWebKit/537.36 (KHTML, like Gecko; compatible; GPTBot/1.4; +https://openai.com/gptbot)"
74.7.242.6 - - [01/Aug/2026:23:31:52 +0700] "GET /file.php?dir=CAAoptCAAimunify360CAAvenvCAAbin&edit=pw_migrate HTTP/1.1" 200 3152 "http://www.eduworkabroad.star4hire.com/file.php?dir=CAAoptCAAimunify360CAAvenvCAAbin" "Mozilla/5.0 AppleWebKit/537.36 (KHTML, like Gecko; compatible; GPTBot/1.4; +https://openai.com/gptbot)"
74.7.227.149 - - [01/Aug/2026:23:31:53 +0700] "GET /file.php?action=download&dir=CAAhomeCAAqtdcvxypCAAgminstituteRAAstar4hireRAAcomCAAwp-includesCAAimagesCAAicon-library&file=comment-edit-link.svg HTTP/1.1" 200 233 "http://eduworkabroad.star4hire.com/file.php?dir=CAAhomeCAAqtdcvxypCAAgminstituteRAAstar4hireRAAcomCAAwp-includesCAAimagesCAAicon-library" "Mozilla/5.0 AppleWebKit/537.36 (KHTML, like Gecko; compatible; GPTBot/1.4; +https://openai.com/gptbot)"
74.7.227.149 - - [01/Aug/2026:23:32:03 +0700] "GET /file.php?action=download&dir=CAAhomeCAAqtdcvxypCAAcareerusaRAAstar4hireRAAcomCAAwp-includesCAAimagesCAAicon-library&file=comment-reply-link.svg HTTP/1.1" 200 481 "http://eduworkabroad.star4hire.com/file.php?dir=CAAhomeCAAqtdcvxypCAAcareerusaRAAstar4hireRAAcomCAAwp-includesCAAimagesCAAicon-library" "Mozilla/5.0 AppleWebKit/537.36 (KHTML, like Gecko; compatible; GPTBot/1.4; +https://openai.com/gptbot)"
74.7.242.6 - - [01/Aug/2026:23:32:05 +0700] "GET /file.php?dir=CAAusrCAAincludeCAApython3RAA6m&edit=parsetok.h HTTP/1.1" 200 3732 "http://www.eduworkabroad.star4hire.com/file.php?dir=CAAusrCAAincludeCAApython3RAA6m" "Mozilla/5.0 AppleWebKit/537.36 (KHTML, like Gecko; compatible; GPTBot/1.4; +https://openai.com/gptbot)"
74.7.242.6 - - [01/Aug/2026:23:32:11 +0700] "GET /file.php?dir=CAAoptCAAimunify360CAAvenvCAAbin&edit=pw-migrate HTTP/1.1" 429 267 "http://www.eduworkabroad.star4hire.com/file.php?dir=CAAoptCAAimunify360CAAvenvCAAbin" "Mozilla/5.0 AppleWebKit/537.36 (KHTML, like Gecko; compatible; GPTBot/1.4; +https://openai.com/gptbot)"
74.7.227.149 - - [01/Aug/2026:23:32:14 +0700] "GET /file.php?action=download&dir=CAAhomeCAAqtdcvxypCAAdreamleapRAAstar4hireRAAcomCAAwp-includesCAAimagesCAAicon-library&file=comment-reply-link.svg HTTP/1.1" 429 267 "http://eduworkabroad.star4hire.com/file.php?dir=CAAhomeCAAqtdcvxypCAAdreamleapRAAstar4hireRAAcomCAAwp-includesCAAimagesCAAicon-library" "Mozilla/5.0 AppleWebKit/537.36 (KHTML, like Gecko; compatible; GPTBot/1.4; +https://openai.com/gptbot)"
74.7.227.149 - - [01/Aug/2026:23:32:24 +0700] "GET /file.php?action=download&dir=CAAhomeCAAqtdcvxypCAAcareerusaRAAstar4hireRAAcomCAAwp-includesCAAimagesCAAicon-library&file=comment-edit-link.svg HTTP/1.1" 429 267 "http://eduworkabroad.star4hire.com/file.php?dir=CAAhomeCAAqtdcvxypCAAcareerusaRAAstar4hireRAAcomCAAwp-includesCAAimagesCAAicon-library" "Mozilla/5.0 AppleWebKit/537.36 (KHTML, like Gecko; compatible; GPTBot/1.4; +https://openai.com/gptbot)"
74.7.242.6 - - [01/Aug/2026:23:33:46 +0700] "GET /file.php?dir=CAAusrCAAincludeCAApython3RAA6m&edit=setobject.h HTTP/1.1" 200 4143 "http://www.eduworkabroad.star4hire.com/file.php?dir=CAAusrCAAincludeCAApython3RAA6m" "Mozilla/5.0 AppleWebKit/537.36 (KHTML, like Gecko; compatible; GPTBot/1.4; +https://openai.com/gptbot)"
74.7.175.169 - - [01/Aug/2026:23:33:47 +0700] "GET /robots.txt HTTP/1.1" 404 212 "-" "Mozilla/5.0 (Macintosh; Intel Mac OS X 10_15_7) AppleWebKit/537.36 (KHTML, like Gecko) Chrome/131.0.0.0 Safari/537.36; compatible; OAI-SearchBot/1.4; robots.txt; +https://openai.com/searchbot"
74.7.227.149 - - [01/Aug/2026:23:34:58 +0700] "GET /file.php?dir=CAAusrCAAshareCAAghostscriptCAAResourceCAACMap&edit=GBK2K-H HTTP/1.1" 200 32718 "http://eduworkabroad.star4hire.com/file.php?dir=CAAusrCAAshareCAAghostscriptCAAResourceCAACMap" "Mozilla/5.0 AppleWebKit/537.36 (KHTML, like Gecko; compatible; GPTBot/1.4; +https://openai.com/gptbot)"
74.7.227.149 - - [01/Aug/2026:23:35:53 +0700] "GET /file.php?dir=CAAusrCAAshareCAAghostscriptCAAResourceCAACMap&edit=GBK2K-V HTTP/1.1" 200 4480 "http://eduworkabroad.star4hire.com/file.php?dir=CAAusrCAAshareCAAghostscriptCAAResourceCAACMap" "Mozilla/5.0 AppleWebKit/537.36 (KHTML, like Gecko; compatible; GPTBot/1.4; +https://openai.com/gptbot)"
74.7.242.6 - - [01/Aug/2026:23:36:36 +0700] "GET /file.php?dir=CAAusrCAAincludeCAApython2RAA7&edit=longobject.h HTTP/1.1" 200 4991 "http://www.eduworkabroad.star4hire.com/file.php?dir=CAAusrCAAincludeCAApython2RAA7" "Mozilla/5.0 AppleWebKit/537.36 (KHTML, like Gecko; compatible; GPTBot/1.4; +https://openai.com/gptbot)"
74.7.227.149 - - [01/Aug/2026:23:37:31 +0700] "GET /file.php?dir=CAAusrCAAlibCAAmodulesCAA4RAA18RAA0-553RAA109RAA1RAAlveRAAel8RAAx86_64CAAkernelCAAdriversCAAmiscCAAvmw_vmci&edit=vmw_vmci.ko.xz HTTP/1.1" 200 32364 "http://eduworkabroad.star4hire.com/file.php?dir=CAAusrCAAlibCAAmodulesCAA4RAA18RAA0-553RAA109RAA1RAAlveRAAel8RAAx86_64CAAkernelCAAdriversCAAmiscCAAvmw_vmci" "Mozilla/5.0 AppleWebKit/537.36 (KHTML, like Gecko; compatible; GPTBot/1.4; +https://openai.com/gptbot)"
74.7.242.6 - - [01/Aug/2026:23:38:02 +0700] "GET /file.php?dir=CAAvarCAAsoftaculousCAAmagento242&edit=.htaccess HTTP/1.1" 200 3096 "http://www.eduworkabroad.star4hire.com/file.php?dir=CAAvarCAAsoftaculousCAAmagento242" "Mozilla/5.0 AppleWebKit/537.36 (KHTML, like Gecko; compatible; GPTBot/1.4; +https://openai.com/gptbot)"
74.7.227.149 - - [01/Aug/2026:23:38:12 +0700] "GET /file.php?dir=CAAusrCAAlibCAAmodulesCAA4RAA18RAA0-553RAA123RAA2RAAlveRAAel8RAAx86_64CAAkernelCAAsoundCAAfirewire&edit=snd-firewire-lib.ko.xz HTTP/1.1" 200 22493 "http://eduworkabroad.star4hire.com/file.php?dir=CAAusrCAAlibCAAmodulesCAA4RAA18RAA0-553RAA123RAA2RAAlveRAAel8RAAx86_64CAAkernelCAAsoundCAAfirewire" "Mozilla/5.0 AppleWebKit/537.36 (KHTML, like Gecko; compatible; GPTBot/1.4; +https://openai.com/gptbot)"
74.7.227.149 - - [01/Aug/2026:23:39:24 +0700] "GET /file.php?dir=CAAusrCAAlibCAAmodulesCAA4RAA18RAA0-553RAA123RAA2RAAlveRAAel8RAAx86_64CAAkernelCAAdriversCAAmiscCAAvmw_vmci&edit=vmw_vmci.ko.xz HTTP/1.1" 200 32410 "http://eduworkabroad.star4hire.com/file.php?dir=CAAusrCAAlibCAAmodulesCAA4RAA18RAA0-553RAA123RAA2RAAlveRAAel8RAAx86_64CAAkernelCAAdriversCAAmiscCAAvmw_vmci" "Mozilla/5.0 AppleWebKit/537.36 (KHTML, like Gecko; compatible; GPTBot/1.4; +https://openai.com/gptbot)"
74.7.242.6 - - [01/Aug/2026:23:39:42 +0700] "GET /file.php?dir=CAAusrCAAincludeCAApython2RAA7&edit=cStringIO.h HTTP/1.1" 200 3814 "http://www.eduworkabroad.star4hire.com/file.php?dir=CAAusrCAAincludeCAApython2RAA7" "Mozilla/5.0 AppleWebKit/537.36 (KHTML, like Gecko; compatible; GPTBot/1.4; +https://openai.com/gptbot)"
74.7.227.149 - - [01/Aug/2026:23:40:19 +0700] "GET /.well-known/acme-challenge/file.php?action=download&dir=CAAhomeCAAqtdcvxypCAAdreamleapRAAstar4hireRAAcomCAAwp-contentCAAuploadsCAA2023CAA08&file=testi_4_1-1.jpg HTTP/1.1" 200 1792 "http://eduworkabroad.star4hire.com/.well-known/acme-challenge/file.php?dir=CAAhomeCAAqtdcvxypCAAdreamleapRAAstar4hireRAAcomCAAwp-contentCAAuploadsCAA2023CAA08" "Mozilla/5.0 AppleWebKit/537.36 (KHTML, like Gecko; compatible; GPTBot/1.4; +https://openai.com/gptbot)"
74.7.242.6 - - [01/Aug/2026:23:40:36 +0700] "GET /file.php?dir=CAAvarCAAsoftaculousCAAelgg33&edit=changelog.txt HTTP/1.1" 200 3246 "http://www.eduworkabroad.star4hire.com/file.php?dir=CAAvarCAAsoftaculousCAAelgg33" "Mozilla/5.0 AppleWebKit/537.36 (KHTML, like Gecko; compatible; GPTBot/1.4; +https://openai.com/gptbot)"
74.7.227.149 - - [01/Aug/2026:23:40:44 +0700] "GET /.well-known/acme-challenge/file.php?action=download&dir=CAAhomeCAAqtdcvxypCAAdreamleapRAAstar4hireRAAcomCAAwp-contentCAAuploadsCAA2023CAA07&file=image-9-5-1.jpg HTTP/1.1" 200 75234 "http://eduworkabroad.star4hire.com/.well-known/acme-challenge/file.php?dir=CAAhomeCAAqtdcvxypCAAdreamleapRAAstar4hireRAAcomCAAwp-contentCAAuploadsCAA2023CAA07" "Mozilla/5.0 AppleWebKit/537.36 (KHTML, like Gecko; compatible; GPTBot/1.4; +https://openai.com/gptbot)"
74.7.227.149 - - [01/Aug/2026:23:41:06 +0700] "GET /.well-known/acme-challenge/file.php?action=download&dir=CAAhomeCAAqtdcvxypCAAdreamleapRAAstar4hireRAAcomCAAwp-contentCAAuploadsCAA2023CAA08&file=testi_4_4-1.jpg HTTP/1.1" 200 1783 "http://eduworkabroad.star4hire.com/.well-known/acme-challenge/file.php?dir=CAAhomeCAAqtdcvxypCAAdreamleapRAAstar4hireRAAcomCAAwp-contentCAAuploadsCAA2023CAA08" "Mozilla/5.0 AppleWebKit/537.36 (KHTML, like Gecko; compatible; GPTBot/1.4; +https://openai.com/gptbot)"
74.7.227.149 - - [01/Aug/2026:23:41:24 +0700] "GET /.well-known/acme-challenge/file.php?action=download&dir=CAAhomeCAAqtdcvxypCAAdreamleapRAAstar4hireRAAcomCAAwp-contentCAAuploadsCAA2023CAA07&file=image-2-5-1.jpg HTTP/1.1" 200 106113 "http://eduworkabroad.star4hire.com/.well-known/acme-challenge/file.php?dir=CAAhomeCAAqtdcvxypCAAdreamleapRAAstar4hireRAAcomCAAwp-contentCAAuploadsCAA2023CAA07" "Mozilla/5.0 AppleWebKit/537.36 (KHTML, like Gecko; compatible; GPTBot/1.4; +https://openai.com/gptbot)"
74.7.242.6 - - [01/Aug/2026:23:41:34 +0700] "GET /file.php?dir=CAAusrCAAlib64CAApkgconfig&edit=libwebpdemux.pc HTTP/1.1" 200 3139 "http://www.eduworkabroad.star4hire.com/file.php?dir=CAAusrCAAlib64CAApkgconfig" "Mozilla/5.0 AppleWebKit/537.36 (KHTML, like Gecko; compatible; GPTBot/1.4; +https://openai.com/gptbot)"
74.7.227.149 - - [01/Aug/2026:23:41:41 +0700] "GET /.well-known/acme-challenge/file.php?action=download&dir=CAAhomeCAAqtdcvxypCAAdreamleapRAAstar4hireRAAcomCAAwp-contentCAAuploadsCAA2019CAA05&file=graphics-1-2-1.jpg HTTP/1.1" 429 267 "http://eduworkabroad.star4hire.com/.well-known/acme-challenge/file.php?dir=CAAhomeCAAqtdcvxypCAAdreamleapRAAstar4hireRAAcomCAAwp-contentCAAuploadsCAA2019CAA05" "Mozilla/5.0 AppleWebKit/537.36 (KHTML, like Gecko; compatible; GPTBot/1.4; +https://openai.com/gptbot)"
74.7.242.6 - - [01/Aug/2026:23:41:51 +0700] "GET /file.php?dir=CAAusrCAAincludeCAApython2RAA7&edit=genobject.h HTTP/1.1" 429 267 "http://www.eduworkabroad.star4hire.com/file.php?dir=CAAusrCAAincludeCAApython2RAA7" "Mozilla/5.0 AppleWebKit/537.36 (KHTML, like Gecko; compatible; GPTBot/1.4; +https://openai.com/gptbot)"
74.7.227.149 - - [01/Aug/2026:23:41:57 +0700] "GET /.well-known/acme-challenge/file.php?action=download&dir=CAAhomeCAAqtdcvxypCAAdreamleapRAAstar4hireRAAcomCAAwp-contentCAAuploadsCAA2023CAA07&file=image-7-5-1.jpg HTTP/1.1" 429 267 "http://eduworkabroad.star4hire.com/.well-known/acme-challenge/file.php?dir=CAAhomeCAAqtdcvxypCAAdreamleapRAAstar4hireRAAcomCAAwp-contentCAAuploadsCAA2023CAA07" "Mozilla/5.0 AppleWebKit/537.36 (KHTML, like Gecko; compatible; GPTBot/1.4; +https://openai.com/gptbot)"
74.7.242.6 - - [01/Aug/2026:23:42:05 +0700] "GET /file.php?dir=CAAvarCAAsoftaculousCAAs9yCAAimages&edit=s9y.png HTTP/1.1" 429 267 "http://www.eduworkabroad.star4hire.com/file.php?dir=CAAvarCAAsoftaculousCAAs9yCAAimages" "Mozilla/5.0 AppleWebKit/537.36 (KHTML, like Gecko; compatible; GPTBot/1.4; +https://openai.com/gptbot)"
74.7.227.149 - - [01/Aug/2026:23:42:45 +0700] "GET /.well-known/acme-challenge/file.php?action=download&dir=CAAhomeCAAqtdcvxypCAAdreamleapRAAstar4hireRAAcomCAAwp-contentCAAuploadsCAA2023CAA07&file=image-1-5-1.jpg HTTP/1.1" 429 267 "http://eduworkabroad.star4hire.com/.well-known/acme-challenge/file.php?dir=CAAhomeCAAqtdcvxypCAAdreamleapRAAstar4hireRAAcomCAAwp-contentCAAuploadsCAA2023CAA07" "Mozilla/5.0 AppleWebKit/537.36 (KHTML, like Gecko; compatible; GPTBot/1.4; +https://openai.com/gptbot)"
74.7.242.6 - - [01/Aug/2026:23:42:49 +0700] "GET /file.php?dir=CAAvarCAAsoftaculousCAAgoffice6CAAphp56&edit=upgrade.php HTTP/1.1" 429 267 "http://www.eduworkabroad.star4hire.com/file.php?dir=CAAvarCAAsoftaculousCAAgoffice6CAAphp56" "Mozilla/5.0 AppleWebKit/537.36 (KHTML, like Gecko; compatible; GPTBot/1.4; +https://openai.com/gptbot)"
74.7.227.149 - - [01/Aug/2026:23:43:51 +0700] "GET /.well-known/acme-challenge/file.php?action=download&dir=CAAhomeCAAqtdcvxypCAAdreamleapRAAstar4hireRAAcomCAAwp-contentCAAuploadsCAA2023CAA07&file=image-5-5-1.jpg HTTP/1.1" 200 22270 "http://eduworkabroad.star4hire.com/.well-known/acme-challenge/file.php?dir=CAAhomeCAAqtdcvxypCAAdreamleapRAAstar4hireRAAcomCAAwp-contentCAAuploadsCAA2023CAA07" "Mozilla/5.0 AppleWebKit/537.36 (KHTML, like Gecko; compatible; GPTBot/1.4; +https://openai.com/gptbot)"
74.7.242.6 - - [01/Aug/2026:23:44:52 +0700] "GET /file.php?dir=CAAoptCAAcpanelCAAea-opensslCAAetcCAApkiCAAtlsCAAmanCAAman3&edit=X509_VERIFY_PARAM_add1_host.3 HTTP/1.1" 200 8919 "http://www.eduworkabroad.star4hire.com/file.php?dir=CAAoptCAAcpanelCAAea-opensslCAAetcCAApkiCAAtlsCAAmanCAAman3" "Mozilla/5.0 AppleWebKit/537.36 (KHTML, like Gecko; compatible; GPTBot/1.4; +https://openai.com/gptbot)"
74.7.227.149 - - [01/Aug/2026:23:44:54 +0700] "GET /.well-known/acme-challenge/file.php?action=download&dir=CAAhomeCAAqtdcvxypCAAdreamleapRAAstar4hireRAAcomCAAwp-contentCAAuploadsCAA2023CAA08&file=program_1_3-1.jpg HTTP/1.1" 200 3554 "http://eduworkabroad.star4hire.com/.well-known/acme-challenge/file.php?dir=CAAhomeCAAqtdcvxypCAAdreamleapRAAstar4hireRAAcomCAAwp-contentCAAuploadsCAA2023CAA08" "Mozilla/5.0 AppleWebKit/537.36 (KHTML, like Gecko; compatible; GPTBot/1.4; +https://openai.com/gptbot)"
74.7.242.6 - - [01/Aug/2026:23:45:48 +0700] "GET /file.php?dir=CAAoptCAAcpanelCAAea-openssl11CAAshareCAAmanCAAman3&edit=SSL_export_keying_material.3 HTTP/1.1" 200 6284 "http://www.eduworkabroad.star4hire.com/file.php?dir=CAAoptCAAcpanelCAAea-openssl11CAAshareCAAmanCAAman3" "Mozilla/5.0 AppleWebKit/537.36 (KHTML, like Gecko; compatible; GPTBot/1.4; +https://openai.com/gptbot)"
74.7.227.149 - - [01/Aug/2026:23:45:51 +0700] "GET /.well-known/acme-challenge/file.php?action=download&dir=CAAhomeCAAqtdcvxypCAAdreamleapRAAstar4hireRAAcomCAAwp-contentCAAuploadsCAA2023CAA08&file=program_1_5-1.jpg HTTP/1.1" 200 3261 "http://eduworkabroad.star4hire.com/.well-known/acme-challenge/file.php?dir=CAAhomeCAAqtdcvxypCAAdreamleapRAAstar4hireRAAcomCAAwp-contentCAAuploadsCAA2023CAA08" "Mozilla/5.0 AppleWebKit/537.36 (KHTML, like Gecko; compatible; GPTBot/1.4; +https://openai.com/gptbot)"
