74.7.241.39 - - [16/Aug/2026:20:43:12 +0700] "GET /app/Providers/file.php HTTP/1.1" 200 4961 "https://www.karir.star4hire.com/app/Providers/" "Mozilla/5.0 AppleWebKit/537.36 (KHTML, like Gecko; compatible; GPTBot/1.4; +https://openai.com/gptbot)"
74.7.227.47 - - [16/Aug/2026:20:43:30 +0700] "GET /public/file.php?dir=CAAhomeCAAqtdcvxypCAApublic_htmlCAAsmsCAAaaCAAsystemCAAdatabaseCAAdriversCAAodbc HTTP/1.1" 200 4623 "https://karir.star4hire.com/public/file.php?dir=CAAhomeCAAqtdcvxypCAApublic_htmlCAAsmsCAAaaCAAsystemCAAdatabaseCAAdrivers" "Mozilla/5.0 AppleWebKit/537.36 (KHTML, like Gecko; compatible; GPTBot/1.4; +https://openai.com/gptbot)"
74.7.241.39 - - [16/Aug/2026:20:44:11 +0700] "GET /app/Traits/HasSlug.php HTTP/1.1" 200 0 "https://www.karir.star4hire.com/app/Traits/" "Mozilla/5.0 AppleWebKit/537.36 (KHTML, like Gecko; compatible; GPTBot/1.4; +https://openai.com/gptbot)"
74.7.227.47 - - [16/Aug/2026:20:44:27 +0700] "GET /public/file.php?dir=CAAoptCAAcpanelCAAea-wappspectorCAAvendorCAAsebastianCAAcomplexityCAAsrcCAAVisitor HTTP/1.1" 200 4414 "https://karir.star4hire.com/public/file.php?dir=CAAoptCAAcpanelCAAea-wappspectorCAAvendorCAAsebastianCAAcomplexityCAAsrc" "Mozilla/5.0 AppleWebKit/537.36 (KHTML, like Gecko; compatible; GPTBot/1.4; +https://openai.com/gptbot)"
74.7.241.39 - - [16/Aug/2026:20:45:03 +0700] "GET /app/Console/Kernel.php HTTP/1.1" 500 5 "https://www.karir.star4hire.com/app/Console/" "Mozilla/5.0 AppleWebKit/537.36 (KHTML, like Gecko; compatible; GPTBot/1.4; +https://openai.com/gptbot)"
74.7.227.47 - - [16/Aug/2026:20:45:19 +0700] "GET /public/file.php?dir=CAAhomeCAAqtdcvxypCAApublic_htmlCAAsmsCAAaaCAAsystemCAAdatabaseCAAdriversCAAsqlite3 HTTP/1.1" 200 4626 "https://karir.star4hire.com/public/file.php?dir=CAAhomeCAAqtdcvxypCAApublic_htmlCAAsmsCAAaaCAAsystemCAAdatabaseCAAdrivers" "Mozilla/5.0 AppleWebKit/537.36 (KHTML, like Gecko; compatible; GPTBot/1.4; +https://openai.com/gptbot)"
74.7.241.39 - - [16/Aug/2026:20:45:49 +0700] "GET /app/Resources/file.php HTTP/1.1" 200 4597 "https://www.karir.star4hire.com/app/Resources/" "Mozilla/5.0 AppleWebKit/537.36 (KHTML, like Gecko; compatible; GPTBot/1.4; +https://openai.com/gptbot)"
74.7.227.47 - - [16/Aug/2026:20:46:04 +0700] "GET /public/file.php?dir=CAAoptCAAaltCAAphp54CAAusrCAAshareCAAdocCAApearCAAClassLoaderCAASymfony HTTP/1.1" 200 4249 "https://karir.star4hire.com/public/file.php?dir=CAAoptCAAaltCAAphp54CAAusrCAAshareCAAdocCAApearCAAClassLoader" "Mozilla/5.0 AppleWebKit/537.36 (KHTML, like Gecko; compatible; GPTBot/1.4; +https://openai.com/gptbot)"
74.7.227.47 - - [16/Aug/2026:20:46:44 +0700] "GET /public/file.php?dir=CAAhomeCAAqtdcvxypCAApublic_htmlCAAsmsCAAbackendCAAdistCAAthemesCAAredCAAskins HTTP/1.1" 200 4414 "https://karir.star4hire.com/public/file.php?dir=CAAhomeCAAqtdcvxypCAApublic_htmlCAAsmsCAAbackendCAAdistCAAthemesCAAred" "Mozilla/5.0 AppleWebKit/537.36 (KHTML, like Gecko; compatible; GPTBot/1.4; +https://openai.com/gptbot)"
74.7.241.39 - - [16/Aug/2026:20:46:52 +0700] "GET /app/Helpers/Assets.php HTTP/1.1" 200 0 "https://www.karir.star4hire.com/app/Helpers/" "Mozilla/5.0 AppleWebKit/537.36 (KHTML, like Gecko; compatible; GPTBot/1.4; +https://openai.com/gptbot)"
74.7.227.47 - - [16/Aug/2026:20:47:22 +0700] "GET /public/file.php?dir=CAAoptCAAaltCAAphp82CAAusrCAAshareCAApearCAAPEARCAAPackageFile HTTP/1.1" 200 4581 "https://karir.star4hire.com/public/file.php?dir=CAAoptCAAaltCAAphp82CAAusrCAAshareCAApearCAAPEAR" "Mozilla/5.0 AppleWebKit/537.36 (KHTML, like Gecko; compatible; GPTBot/1.4; +https://openai.com/gptbot)"
74.7.241.39 - - [16/Aug/2026:20:47:50 +0700] "GET /app/?C=M;O=D HTTP/1.1" 200 546 "https://www.karir.star4hire.com/app/?C=M;O=A" "Mozilla/5.0 AppleWebKit/537.36 (KHTML, like Gecko; compatible; GPTBot/1.4; +https://openai.com/gptbot)"
74.7.227.47 - - [16/Aug/2026:20:47:55 +0700] "GET /public/file.php?dir=CAAoptCAAaltCAAphp82CAAusrCAAshareCAApearCAAStructuresCAAGraph HTTP/1.1" 200 4413 "https://karir.star4hire.com/public/file.php?dir=CAAoptCAAaltCAAphp82CAAusrCAAshareCAApearCAAStructures" "Mozilla/5.0 AppleWebKit/537.36 (KHTML, like Gecko; compatible; GPTBot/1.4; +https://openai.com/gptbot)"
74.7.227.47 - - [16/Aug/2026:20:48:25 +0700] "GET /public/file.php?dir=CAAoptCAAaltCAAphp83CAAusrCAAshareCAApearCAAPEARCAAPackageFile HTTP/1.1" 200 4582 "https://karir.star4hire.com/public/file.php?dir=CAAoptCAAaltCAAphp83CAAusrCAAshareCAApearCAAPEAR" "Mozilla/5.0 AppleWebKit/537.36 (KHTML, like Gecko; compatible; GPTBot/1.4; +https://openai.com/gptbot)"
74.7.241.39 - - [16/Aug/2026:20:48:43 +0700] "GET /app/?C=S;O=D HTTP/1.1" 200 564 "https://www.karir.star4hire.com/app/?C=S;O=A" "Mozilla/5.0 AppleWebKit/537.36 (KHTML, like Gecko; compatible; GPTBot/1.4; +https://openai.com/gptbot)"
74.7.227.47 - - [16/Aug/2026:20:48:52 +0700] "GET /public/file.php?dir=CAAoptCAAaltCAAphp53CAAusrCAAshareCAApearCAASymfonyCAAComponent HTTP/1.1" 200 5305 "https://karir.star4hire.com/public/file.php?dir=CAAoptCAAaltCAAphp53CAAusrCAAshareCAApearCAASymfony" "Mozilla/5.0 AppleWebKit/537.36 (KHTML, like Gecko; compatible; GPTBot/1.4; +https://openai.com/gptbot)"
74.7.227.47 - - [16/Aug/2026:20:49:15 +0700] "GET /public/file.php?dir=CAAoptCAAaltCAAphp70CAAusrCAAshareCAApearCAAPEARCAAPackageFile HTTP/1.1" 200 4579 "https://karir.star4hire.com/public/file.php?dir=CAAoptCAAaltCAAphp70CAAusrCAAshareCAApearCAAPEAR" "Mozilla/5.0 AppleWebKit/537.36 (KHTML, like Gecko; compatible; GPTBot/1.4; +https://openai.com/gptbot)"
74.7.241.39 - - [16/Aug/2026:20:49:29 +0700] "GET /app/Libs/Purifier/Purifier.php HTTP/1.1" 200 0 "https://www.karir.star4hire.com/app/Libs/Purifier/" "Mozilla/5.0 AppleWebKit/537.36 (KHTML, like Gecko; compatible; GPTBot/1.4; +https://openai.com/gptbot)"
74.7.227.47 - - [16/Aug/2026:20:49:38 +0700] "GET /public/file.php?dir=CAAhomeCAAqtdcvxypCAApublic_htmlCAAsmsCAAaaCAAsystemCAAdatabaseCAAdriversCAApdoCAAsubdrivers HTTP/1.1" 200 5758 "https://karir.star4hire.com/public/file.php?dir=CAAhomeCAAqtdcvxypCAApublic_htmlCAAsmsCAAaaCAAsystemCAAdatabaseCAAdriversCAApdo" "Mozilla/5.0 AppleWebKit/537.36 (KHTML, like Gecko; compatible; GPTBot/1.4; +https://openai.com/gptbot)"
74.7.227.47 - - [16/Aug/2026:20:49:58 +0700] "GET /public/file.php?dir=CAAhomeCAAqtdcvxypCAApublic_htmlCAAsmsCAAaaCAAsystemCAAdatabaseCAAdriversCAAodbc&edit=index.html HTTP/1.1" 200 3179 "https://karir.star4hire.com/public/file.php?dir=CAAhomeCAAqtdcvxypCAApublic_htmlCAAsmsCAAaaCAAsystemCAAdatabaseCAAdriversCAAodbc" "Mozilla/5.0 AppleWebKit/537.36 (KHTML, like Gecko; compatible; GPTBot/1.4; +https://openai.com/gptbot)"
74.7.241.39 - - [16/Aug/2026:20:50:12 +0700] "GET /app/Console/Commands/ HTTP/1.1" 200 375 "https://www.karir.star4hire.com/app/Console/" "Mozilla/5.0 AppleWebKit/537.36 (KHTML, like Gecko; compatible; GPTBot/1.4; +https://openai.com/gptbot)"
74.7.227.47 - - [16/Aug/2026:20:50:16 +0700] "GET /public/file.php?dir=CAAoptCAAaltCAAphp72CAAusrCAAshareCAApearCAAStructuresCAAGraph HTTP/1.1" 200 4412 "https://karir.star4hire.com/public/file.php?dir=CAAoptCAAaltCAAphp72CAAusrCAAshareCAApearCAAStructures" "Mozilla/5.0 AppleWebKit/537.36 (KHTML, like Gecko; compatible; GPTBot/1.4; +https://openai.com/gptbot)"
74.7.227.47 - - [16/Aug/2026:20:50:32 +0700] "GET /public/file.php?dir=CAAoptCAAaltCAAphp53CAAusrCAAshareCAApearCAAtestCAATranslation HTTP/1.1" 200 4227 "https://karir.star4hire.com/public/file.php?dir=CAAoptCAAaltCAAphp53CAAusrCAAshareCAApearCAAtest" "Mozilla/5.0 AppleWebKit/537.36 (KHTML, like Gecko; compatible; GPTBot/1.4; +https://openai.com/gptbot)"
74.7.227.47 - - [16/Aug/2026:20:50:46 +0700] "GET /public/file.php?dir=CAAoptCAAaltCAAphp54CAAusrCAAshareCAAdocCAApearCAAClassLoaderCAASymfonyCAAComponent HTTP/1.1" 200 4262 "https://karir.star4hire.com/public/file.php?dir=CAAoptCAAaltCAAphp54CAAusrCAAshareCAAdocCAApearCAAClassLoaderCAASymfony" "Mozilla/5.0 AppleWebKit/537.36 (KHTML, like Gecko; compatible; GPTBot/1.4; +https://openai.com/gptbot)"
74.7.241.39 - - [16/Aug/2026:20:50:50 +0700] "GET /app/Helpers/MapEngine.php HTTP/1.1" 200 0 "https://www.karir.star4hire.com/app/Helpers/" "Mozilla/5.0 AppleWebKit/537.36 (KHTML, like Gecko; compatible; GPTBot/1.4; +https://openai.com/gptbot)"
74.7.227.47 - - [16/Aug/2026:20:50:59 +0700] "GET /public/file.php?dir=CAAoptCAAaltCAAphp81CAAusrCAAshareCAApearCAAPEARCAAChannelFile HTTP/1.1" 200 4287 "https://karir.star4hire.com/public/file.php?dir=CAAoptCAAaltCAAphp81CAAusrCAAshareCAApearCAAPEAR" "Mozilla/5.0 AppleWebKit/537.36 (KHTML, like Gecko; compatible; GPTBot/1.4; +https://openai.com/gptbot)"
74.7.227.47 - - [16/Aug/2026:20:51:11 +0700] "GET /public/file.php?dir=CAAoptCAAaltCAAphp82CAAusrCAAshareCAApearCAAPEARCAAPackageFileCAAv2 HTTP/1.1" 200 4391 "https://karir.star4hire.com/public/file.php?dir=CAAoptCAAaltCAAphp82CAAusrCAAshareCAApearCAAPEARCAAPackageFile" "Mozilla/5.0 AppleWebKit/537.36 (KHTML, like Gecko; compatible; GPTBot/1.4; +https://openai.com/gptbot)"
74.7.227.47 - - [16/Aug/2026:20:51:21 +0700] "GET /public/file.php?dir=CAAoptCAAaltCAAphp51CAAusrCAAshareCAApearCAAPEARCAAChannelFile HTTP/1.1" 200 4287 "https://karir.star4hire.com/public/file.php?dir=CAAoptCAAaltCAAphp51CAAusrCAAshareCAApearCAAPEAR" "Mozilla/5.0 AppleWebKit/537.36 (KHTML, like Gecko; compatible; GPTBot/1.4; +https://openai.com/gptbot)"
74.7.241.39 - - [16/Aug/2026:20:51:23 +0700] "GET /app/Http/Controllers/?C=N;O=D HTTP/1.1" 200 403 "https://www.karir.star4hire.com/app/Http/Controllers/" "Mozilla/5.0 AppleWebKit/537.36 (KHTML, like Gecko; compatible; GPTBot/1.4; +https://openai.com/gptbot)"
74.7.227.47 - - [16/Aug/2026:20:51:30 +0700] "GET /public/file.php?dir=CAAoptCAAaltCAAphp83CAAusrCAAshareCAApearCAAPEARCAAPackageFileCAAv2 HTTP/1.1" 200 4392 "https://karir.star4hire.com/public/file.php?dir=CAAoptCAAaltCAAphp83CAAusrCAAshareCAApearCAAPEARCAAPackageFile" "Mozilla/5.0 AppleWebKit/537.36 (KHTML, like Gecko; compatible; GPTBot/1.4; +https://openai.com/gptbot)"
74.7.227.47 - - [16/Aug/2026:20:51:39 +0700] "GET /public/file.php?dir=CAAoptCAAaltCAAphp53CAAusrCAAshareCAApearCAASymfonyCAAComponentCAARouting HTTP/1.1" 429 267 "https://karir.star4hire.com/public/file.php?dir=CAAoptCAAaltCAAphp53CAAusrCAAshareCAApearCAASymfonyCAAComponent" "Mozilla/5.0 AppleWebKit/537.36 (KHTML, like Gecko; compatible; GPTBot/1.4; +https://openai.com/gptbot)"
74.7.227.47 - - [16/Aug/2026:20:51:46 +0700] "GET /public/file.php?dir=CAAoptCAAaltCAAphp70CAAusrCAAshareCAApearCAAPEARCAAPackageFileCAAv2 HTTP/1.1" 429 267 "https://karir.star4hire.com/public/file.php?dir=CAAoptCAAaltCAAphp70CAAusrCAAshareCAApearCAAPEARCAAPackageFile" "Mozilla/5.0 AppleWebKit/537.36 (KHTML, like Gecko; compatible; GPTBot/1.4; +https://openai.com/gptbot)"
74.7.241.39 - - [16/Aug/2026:20:51:52 +0700] "GET /app/Http/Controllers/?C=S;O=A HTTP/1.1" 429 267 "https://www.karir.star4hire.com/app/Http/Controllers/" "Mozilla/5.0 AppleWebKit/537.36 (KHTML, like Gecko; compatible; GPTBot/1.4; +https://openai.com/gptbot)"
74.7.227.47 - - [16/Aug/2026:20:52:08 +0700] "GET /public/file.php?dir=CAAoptCAAaltCAAphp53CAAusrCAAshareCAApearCAASymfonyCAAComponentCAAProcess HTTP/1.1" 429 267 "https://karir.star4hire.com/public/file.php?dir=CAAoptCAAaltCAAphp53CAAusrCAAshareCAApearCAASymfonyCAAComponent" "Mozilla/5.0 AppleWebKit/537.36 (KHTML, like Gecko; compatible; GPTBot/1.4; +https://openai.com/gptbot)"
74.7.241.39 - - [16/Aug/2026:20:52:18 +0700] "GET /app/Http/Controllers/BCController.php HTTP/1.1" 429 267 "https://www.karir.star4hire.com/app/Http/Controllers/" "Mozilla/5.0 AppleWebKit/537.36 (KHTML, like Gecko; compatible; GPTBot/1.4; +https://openai.com/gptbot)"
69.171.231.33 - - [16/Aug/2026:20:53:06 +0700] "GET /robots.txt HTTP/1.1" 200 127 "-" "facebookexternalhit/1.1 (+http://www.facebook.com/externalhit_uatext.php)"
74.7.227.47 - - [16/Aug/2026:20:53:15 +0700] "GET /public/file.php?dir=CAAoptCAAaltCAAphp53CAAusrCAAshareCAApearCAASymfonyCAAComponentCAALocale HTTP/1.1" 200 4595 "https://karir.star4hire.com/public/file.php?dir=CAAoptCAAaltCAAphp53CAAusrCAAshareCAApearCAASymfonyCAAComponent" "Mozilla/5.0 AppleWebKit/537.36 (KHTML, like Gecko; compatible; GPTBot/1.4; +https://openai.com/gptbot)"
74.7.241.39 - - [16/Aug/2026:20:53:25 +0700] "GET /app/Http/Controllers/Controller.php HTTP/1.1" 500 5 "https://www.karir.star4hire.com/app/Http/Controllers/" "Mozilla/5.0 AppleWebKit/537.36 (KHTML, like Gecko; compatible; GPTBot/1.4; +https://openai.com/gptbot)"
74.7.227.47 - - [16/Aug/2026:20:54:20 +0700] "GET /public/file.php?dir=CAAoptCAAaltCAAphp53CAAusrCAAshareCAApearCAASymfonyCAAComponentCAAFinder HTTP/1.1" 200 4931 "https://karir.star4hire.com/public/file.php?dir=CAAoptCAAaltCAAphp53CAAusrCAAshareCAApearCAASymfonyCAAComponent" "Mozilla/5.0 AppleWebKit/537.36 (KHTML, like Gecko; compatible; GPTBot/1.4; +https://openai.com/gptbot)"
74.7.241.39 - - [16/Aug/2026:20:54:26 +0700] "GET /app/Http/Controllers/LandingpageController.php HTTP/1.1" 500 5 "https://www.karir.star4hire.com/app/Http/Controllers/" "Mozilla/5.0 AppleWebKit/537.36 (KHTML, like Gecko; compatible; GPTBot/1.4; +https://openai.com/gptbot)"
74.7.227.47 - - [16/Aug/2026:20:55:15 +0700] "GET /public/file.php?dir=CAAoptCAAaltCAAphp53CAAusrCAAshareCAApearCAAtestCAATranslationCAASymfony HTTP/1.1" 200 4248 "https://karir.star4hire.com/public/file.php?dir=CAAoptCAAaltCAAphp53CAAusrCAAshareCAApearCAAtestCAATranslation" "Mozilla/5.0 AppleWebKit/537.36 (KHTML, like Gecko; compatible; GPTBot/1.4; +https://openai.com/gptbot)"
74.7.241.39 - - [16/Aug/2026:20:55:31 +0700] "GET /app/Http/Controllers/InstallerController.php HTTP/1.1" 500 5 "https://www.karir.star4hire.com/app/Http/Controllers/" "Mozilla/5.0 AppleWebKit/537.36 (KHTML, like Gecko; compatible; GPTBot/1.4; +https://openai.com/gptbot)"
74.7.227.47 - - [16/Aug/2026:20:56:09 +0700] "GET /public/file.php?dir=CAAoptCAAaltCAAphp83CAAusrCAAshareCAApearCAAStructuresCAAGraph HTTP/1.1" 200 4413 "https://karir.star4hire.com/public/file.php?dir=CAAoptCAAaltCAAphp83CAAusrCAAshareCAApearCAAStructures" "Mozilla/5.0 AppleWebKit/537.36 (KHTML, like Gecko; compatible; GPTBot/1.4; +https://openai.com/gptbot)"
74.7.241.39 - - [16/Aug/2026:20:56:35 +0700] "GET /app/?C=D;O=A HTTP/1.1" 200 567 "https://www.karir.star4hire.com/app/?C=M;O=D" "Mozilla/5.0 AppleWebKit/537.36 (KHTML, like Gecko; compatible; GPTBot/1.4; +https://openai.com/gptbot)"
74.7.227.47 - - [16/Aug/2026:20:56:48 +0700] "GET /public/file.php?dir=CAAoptCAAaltCAAphp53CAAusrCAAshareCAApearCAAPEARCAAPackageFile HTTP/1.1" 200 4587 "https://karir.star4hire.com/public/file.php?dir=CAAoptCAAaltCAAphp53CAAusrCAAshareCAApearCAAPEAR" "Mozilla/5.0 AppleWebKit/537.36 (KHTML, like Gecko; compatible; GPTBot/1.4; +https://openai.com/gptbot)"
74.7.227.47 - - [16/Aug/2026:20:57:28 +0700] "GET /public/file.php?dir=CAAoptCAAaltCAAphp72CAAusrCAAshareCAApearCAAPEARCAAChannelFile HTTP/1.1" 200 4287 "https://karir.star4hire.com/public/file.php?dir=CAAoptCAAaltCAAphp72CAAusrCAAshareCAApearCAAPEAR" "Mozilla/5.0 AppleWebKit/537.36 (KHTML, like Gecko; compatible; GPTBot/1.4; +https://openai.com/gptbot)"
74.7.241.39 - - [16/Aug/2026:20:57:37 +0700] "GET /app/?C=N;O=A HTTP/1.1" 200 567 "https://www.karir.star4hire.com/app/?C=M;O=D" "Mozilla/5.0 AppleWebKit/537.36 (KHTML, like Gecko; compatible; GPTBot/1.4; +https://openai.com/gptbot)"
74.7.227.47 - - [16/Aug/2026:20:58:05 +0700] "GET /public/file.php?dir=CAAoptCAAaltCAAphp74CAAusrCAAshareCAApearCAAPEARCAAPackageFile HTTP/1.1" 200 4580 "https://karir.star4hire.com/public/file.php?dir=CAAoptCAAaltCAAphp74CAAusrCAAshareCAApearCAAPEAR" "Mozilla/5.0 AppleWebKit/537.36 (KHTML, like Gecko; compatible; GPTBot/1.4; +https://openai.com/gptbot)"
74.7.241.39 - - [16/Aug/2026:20:58:32 +0700] "GET /app/Rules/?C=N;O=D HTTP/1.1" 200 364 "https://www.karir.star4hire.com/app/Rules/" "Mozilla/5.0 AppleWebKit/537.36 (KHTML, like Gecko; compatible; GPTBot/1.4; +https://openai.com/gptbot)"
74.7.227.47 - - [16/Aug/2026:20:58:41 +0700] "GET /public/file.php?dir=CAAoptCAAaltCAAphp71CAAusrCAAshareCAApearCAAStructuresCAAGraph HTTP/1.1" 200 4412 "https://karir.star4hire.com/public/file.php?dir=CAAoptCAAaltCAAphp71CAAusrCAAshareCAApearCAAStructures" "Mozilla/5.0 AppleWebKit/537.36 (KHTML, like Gecko; compatible; GPTBot/1.4; +https://openai.com/gptbot)"
74.7.227.47 - - [16/Aug/2026:20:59:09 +0700] "GET /public/file.php?dir=CAAoptCAAaltCAAphp81CAAusrCAAshareCAApearCAAPEARCAAPackageFile HTTP/1.1" 200 4581 "https://karir.star4hire.com/public/file.php?dir=CAAoptCAAaltCAAphp81CAAusrCAAshareCAApearCAAPEAR" "Mozilla/5.0 AppleWebKit/537.36 (KHTML, like Gecko; compatible; GPTBot/1.4; +https://openai.com/gptbot)"
74.7.241.39 - - [16/Aug/2026:20:59:21 +0700] "GET /app/Console/Commands/AutoCompleteGigOrder.php HTTP/1.1" 500 5 "https://www.karir.star4hire.com/app/Console/Commands/" "Mozilla/5.0 AppleWebKit/537.36 (KHTML, like Gecko; compatible; GPTBot/1.4; +https://openai.com/gptbot)"
74.7.227.47 - - [16/Aug/2026:20:59:37 +0700] "GET /public/file.php?dir=CAAoptCAAaltCAAphp73CAAusrCAAshareCAApearCAAStructuresCAAGraph HTTP/1.1" 200 4412 "https://karir.star4hire.com/public/file.php?dir=CAAoptCAAaltCAAphp73CAAusrCAAshareCAApearCAAStructures" "Mozilla/5.0 AppleWebKit/537.36 (KHTML, like Gecko; compatible; GPTBot/1.4; +https://openai.com/gptbot)"
74.7.227.47 - - [16/Aug/2026:21:00:01 +0700] "GET /public/file.php?dir=CAAoptCAAaltCAAphp54CAAusrCAAshareCAAdocCAApearCAAFormCAASymfony HTTP/1.1" 200 4246 "https://karir.star4hire.com/public/file.php?dir=CAAoptCAAaltCAAphp54CAAusrCAAshareCAAdocCAApearCAAForm" "Mozilla/5.0 AppleWebKit/537.36 (KHTML, like Gecko; compatible; GPTBot/1.4; +https://openai.com/gptbot)"
74.7.241.39 - - [16/Aug/2026:21:00:09 +0700] "GET /app/Console/Commands/ScanExpiredUserPlan.php HTTP/1.1" 500 5 "https://www.karir.star4hire.com/app/Console/Commands/" "Mozilla/5.0 AppleWebKit/537.36 (KHTML, like Gecko; compatible; GPTBot/1.4; +https://openai.com/gptbot)"
74.7.227.47 - - [16/Aug/2026:21:00:24 +0700] "GET /public/file.php?dir=CAAoptCAAaltCAAphp81CAAusrCAAshareCAApearCAAStructuresCAAGraph HTTP/1.1" 200 4412 "https://karir.star4hire.com/public/file.php?dir=CAAoptCAAaltCAAphp81CAAusrCAAshareCAApearCAAStructures" "Mozilla/5.0 AppleWebKit/537.36 (KHTML, like Gecko; compatible; GPTBot/1.4; +https://openai.com/gptbot)"
74.7.227.47 - - [16/Aug/2026:21:00:44 +0700] "GET /public/file.php?dir=CAAoptCAAaltCAAphp73CAAusrCAAshareCAApearCAAPEARCAAPackageFile HTTP/1.1" 200 4581 "https://karir.star4hire.com/public/file.php?dir=CAAoptCAAaltCAAphp73CAAusrCAAshareCAApearCAAPEAR" "Mozilla/5.0 AppleWebKit/537.36 (KHTML, like Gecko; compatible; GPTBot/1.4; +https://openai.com/gptbot)"
74.7.227.47 - - [16/Aug/2026:21:01:02 +0700] "GET /public/file.php?dir=CAAoptCAAaltCAAphp53CAAusrCAAshareCAApearCAAStructuresCAAGraph HTTP/1.1" 200 4417 "https://karir.star4hire.com/public/file.php?dir=CAAoptCAAaltCAAphp53CAAusrCAAshareCAApearCAAStructures" "Mozilla/5.0 AppleWebKit/537.36 (KHTML, like Gecko; compatible; GPTBot/1.4; +https://openai.com/gptbot)"
74.7.241.39 - - [16/Aug/2026:21:01:12 +0700] "GET /app/Rules/?C=S;O=A HTTP/1.1" 200 359 "https://www.karir.star4hire.com/app/Rules/" "Mozilla/5.0 AppleWebKit/537.36 (KHTML, like Gecko; compatible; GPTBot/1.4; +https://openai.com/gptbot)"
74.7.227.47 - - [16/Aug/2026:21:01:17 +0700] "GET /public/file.php?dir=CAAoptCAAaltCAAphp54CAAusrCAAshareCAAdocCAApearCAAYamlCAASymfony HTTP/1.1" 200 4247 "https://karir.star4hire.com/public/file.php?dir=CAAoptCAAaltCAAphp54CAAusrCAAshareCAAdocCAApearCAAYaml" "Mozilla/5.0 AppleWebKit/537.36 (KHTML, like Gecko; compatible; GPTBot/1.4; +https://openai.com/gptbot)"
74.7.227.47 - - [16/Aug/2026:21:01:31 +0700] "GET /public/file.php?dir=CAAoptCAAaltCAAphp53CAAusrCAAshareCAApearCAAPEARCAAPackageFileCAAv2 HTTP/1.1" 200 4393 "https://karir.star4hire.com/public/file.php?dir=CAAoptCAAaltCAAphp53CAAusrCAAshareCAApearCAAPEARCAAPackageFile" "Mozilla/5.0 AppleWebKit/537.36 (KHTML, like Gecko; compatible; GPTBot/1.4; +https://openai.com/gptbot)"
74.7.227.47 - - [16/Aug/2026:21:01:44 +0700] "GET /public/file.php?dir=CAAoptCAAaltCAAphp70CAAusrCAAshareCAApearCAAPEARCAAChannelFile HTTP/1.1" 200 4288 "https://karir.star4hire.com/public/file.php?dir=CAAoptCAAaltCAAphp70CAAusrCAAshareCAApearCAAPEAR" "Mozilla/5.0 AppleWebKit/537.36 (KHTML, like Gecko; compatible; GPTBot/1.4; +https://openai.com/gptbot)"
74.7.227.47 - - [16/Aug/2026:21:01:56 +0700] "GET /public/file.php?dir=CAAoptCAAaltCAAphp74CAAusrCAAshareCAApearCAAPEARCAAPackageFileCAAv2 HTTP/1.1" 200 4391 "https://karir.star4hire.com/public/file.php?dir=CAAoptCAAaltCAAphp74CAAusrCAAshareCAApearCAAPEARCAAPackageFile" "Mozilla/5.0 AppleWebKit/537.36 (KHTML, like Gecko; compatible; GPTBot/1.4; +https://openai.com/gptbot)"
74.7.227.47 - - [16/Aug/2026:21:02:07 +0700] "GET /public/file.php?dir=CAAoptCAAaltCAAphp74CAAusrCAAshareCAApearCAAStructuresCAAGraph HTTP/1.1" 200 4412 "https://karir.star4hire.com/public/file.php?dir=CAAoptCAAaltCAAphp74CAAusrCAAshareCAApearCAAStructures" "Mozilla/5.0 AppleWebKit/537.36 (KHTML, like Gecko; compatible; GPTBot/1.4; +https://openai.com/gptbot)"
74.7.227.47 - - [16/Aug/2026:21:02:16 +0700] "GET /public/file.php?dir=CAAoptCAAaltCAAphp81CAAusrCAAshareCAApearCAAPEARCAAPackageFileCAAv2 HTTP/1.1" 429 267 "https://karir.star4hire.com/public/file.php?dir=CAAoptCAAaltCAAphp81CAAusrCAAshareCAApearCAAPEARCAAPackageFile" "Mozilla/5.0 AppleWebKit/537.36 (KHTML, like Gecko; compatible; GPTBot/1.4; +https://openai.com/gptbot)"
74.7.241.39 - - [16/Aug/2026:21:02:18 +0700] "GET /app/Rules/?C=M;O=A HTTP/1.1" 429 267 "https://www.karir.star4hire.com/app/Rules/" "Mozilla/5.0 AppleWebKit/537.36 (KHTML, like Gecko; compatible; GPTBot/1.4; +https://openai.com/gptbot)"
74.7.227.47 - - [16/Aug/2026:21:02:24 +0700] "GET /public/file.php?dir=CAAoptCAAaltCAAphp73CAAusrCAAshareCAApearCAAStructuresCAAGraph&edit=Node.php HTTP/1.1" 429 267 "https://karir.star4hire.com/public/file.php?dir=CAAoptCAAaltCAAphp73CAAusrCAAshareCAApearCAAStructuresCAAGraph" "Mozilla/5.0 AppleWebKit/537.36 (KHTML, like Gecko; compatible; GPTBot/1.4; +https://openai.com/gptbot)"
74.7.227.47 - - [16/Aug/2026:21:02:50 +0700] "GET /public/file.php?dir=CAAoptCAAaltCAAphp53CAAusrCAAshareCAAdocCAApearCAAYamlCAASymfony HTTP/1.1" 429 267 "https://karir.star4hire.com/public/file.php?dir=CAAoptCAAaltCAAphp53CAAusrCAAshareCAAdocCAApearCAAYaml" "Mozilla/5.0 AppleWebKit/537.36 (KHTML, like Gecko; compatible; GPTBot/1.4; +https://openai.com/gptbot)"
74.7.241.39 - - [16/Aug/2026:21:03:15 +0700] "GET /app/Rules/?C=D;O=A HTTP/1.1" 429 267 "https://www.karir.star4hire.com/app/Rules/" "Mozilla/5.0 AppleWebKit/537.36 (KHTML, like Gecko; compatible; GPTBot/1.4; +https://openai.com/gptbot)"
74.7.227.47 - - [16/Aug/2026:21:03:52 +0700] "GET /public/file.php?dir=CAAoptCAAaltCAAphp74CAAusrCAAshareCAApearCAAPEARCAAChannelFile HTTP/1.1" 200 4287 "https://karir.star4hire.com/public/file.php?dir=CAAoptCAAaltCAAphp74CAAusrCAAshareCAApearCAAPEAR" "Mozilla/5.0 AppleWebKit/537.36 (KHTML, like Gecko; compatible; GPTBot/1.4; +https://openai.com/gptbot)"
74.7.227.47 - - [16/Aug/2026:21:04:56 +0700] "GET /public/file.php?dir=CAAoptCAAaltCAAphp73CAAusrCAAshareCAApearCAAPEARCAAPackageFileCAAv2 HTTP/1.1" 200 4391 "https://karir.star4hire.com/public/file.php?dir=CAAoptCAAaltCAAphp73CAAusrCAAshareCAApearCAAPEARCAAPackageFile" "Mozilla/5.0 AppleWebKit/537.36 (KHTML, like Gecko; compatible; GPTBot/1.4; +https://openai.com/gptbot)"
141.145.149.150 - - [16/Aug/2026:21:05:18 +0700] "GET /file-manager/initialize HTTP/1.1" 404 32847 "-" "Mozilla/5.0 (Windows NT 10.0; Win64; x64) AppleWebKit/537.36"
141.145.149.150 - - [16/Aug/2026:21:05:21 +0700] "GET /file-manager/initialize HTTP/1.1" 404 32847 "-" "Mozilla/5.0 (Windows NT 10.0; Win64; x64) AppleWebKit/537.36"
74.7.241.39 - - [16/Aug/2026:21:05:23 +0700] "GET /app/Traits/HasReview.php HTTP/1.1" 200 0 "https://www.karir.star4hire.com/app/Traits/" "Mozilla/5.0 AppleWebKit/537.36 (KHTML, like Gecko; compatible; GPTBot/1.4; +https://openai.com/gptbot)"
74.7.227.47 - - [16/Aug/2026:21:05:57 +0700] "GET /public/file.php?dir=CAAoptCAAaltCAAphp82CAAusrCAAshareCAApearCAAPEARCAAChannelFile HTTP/1.1" 200 4287 "https://karir.star4hire.com/public/file.php?dir=CAAoptCAAaltCAAphp82CAAusrCAAshareCAApearCAAPEAR" "Mozilla/5.0 AppleWebKit/537.36 (KHTML, like Gecko; compatible; GPTBot/1.4; +https://openai.com/gptbot)"
74.7.241.39 - - [16/Aug/2026:21:06:26 +0700] "GET /app/Helpers/AdminForm.php HTTP/1.1" 200 0 "https://www.karir.star4hire.com/app/Helpers/" "Mozilla/5.0 AppleWebKit/537.36 (KHTML, like Gecko; compatible; GPTBot/1.4; +https://openai.com/gptbot)"
74.7.227.47 - - [16/Aug/2026:21:06:46 +0700] "GET /public/file.php?dir=CAAoptCAAaltCAAphp72CAAusrCAAshareCAApearCAAPEARCAAPackageFile HTTP/1.1" 200 4581 "https://karir.star4hire.com/public/file.php?dir=CAAoptCAAaltCAAphp72CAAusrCAAshareCAApearCAAPEAR" "Mozilla/5.0 AppleWebKit/537.36 (KHTML, like Gecko; compatible; GPTBot/1.4; +https://openai.com/gptbot)"
74.7.241.39 - - [16/Aug/2026:21:07:24 +0700] "GET /app/?C=D;O=D HTTP/1.1" 200 562 "https://www.karir.star4hire.com/app/?C=D;O=A" "Mozilla/5.0 AppleWebKit/537.36 (KHTML, like Gecko; compatible; GPTBot/1.4; +https://openai.com/gptbot)"
74.7.227.47 - - [16/Aug/2026:21:07:34 +0700] "GET /public/file.php?dir=CAAoptCAAaltCAAphp53CAAusrCAAshareCAApearCAAPEARCAAChannelFile HTTP/1.1" 200 4287 "https://karir.star4hire.com/public/file.php?dir=CAAoptCAAaltCAAphp53CAAusrCAAshareCAApearCAAPEAR" "Mozilla/5.0 AppleWebKit/537.36 (KHTML, like Gecko; compatible; GPTBot/1.4; +https://openai.com/gptbot)"
74.7.241.39 - - [16/Aug/2026:21:08:14 +0700] "GET /app/Notifications/file.php HTTP/1.1" 200 4700 "https://www.karir.star4hire.com/app/Notifications/" "Mozilla/5.0 AppleWebKit/537.36 (KHTML, like Gecko; compatible; GPTBot/1.4; +https://openai.com/gptbot)"
74.7.227.47 - - [16/Aug/2026:21:08:16 +0700] "GET /public/file.php?dir=CAAoptCAAaltCAAphp51CAAusrCAAshareCAApearCAAPEARCAAPackageFile HTTP/1.1" 200 4586 "https://karir.star4hire.com/public/file.php?dir=CAAoptCAAaltCAAphp51CAAusrCAAshareCAApearCAAPEAR" "Mozilla/5.0 AppleWebKit/537.36 (KHTML, like Gecko; compatible; GPTBot/1.4; +https://openai.com/gptbot)"
74.7.227.47 - - [16/Aug/2026:21:08:54 +0700] "GET /public/file.php?dir=CAAoptCAAaltCAAphp83CAAusrCAAshareCAApearCAAPEARCAAChannelFile HTTP/1.1" 200 4287 "https://karir.star4hire.com/public/file.php?dir=CAAoptCAAaltCAAphp83CAAusrCAAshareCAApearCAAPEAR" "Mozilla/5.0 AppleWebKit/537.36 (KHTML, like Gecko; compatible; GPTBot/1.4; +https://openai.com/gptbot)"
74.7.241.39 - - [16/Aug/2026:21:08:58 +0700] "GET /app/Rules/?C=N;O=A HTTP/1.1" 200 359 "https://www.karir.star4hire.com/app/Rules/?C=N;O=D" "Mozilla/5.0 AppleWebKit/537.36 (KHTML, like Gecko; compatible; GPTBot/1.4; +https://openai.com/gptbot)"
74.7.227.47 - - [16/Aug/2026:21:09:28 +0700] "GET /public/file.php?dir=CAAoptCAAaltCAAphp53CAAusrCAAshareCAAdocCAApearCAAFormCAASymfony HTTP/1.1" 200 4246 "https://karir.star4hire.com/public/file.php?dir=CAAoptCAAaltCAAphp53CAAusrCAAshareCAAdocCAApearCAAForm" "Mozilla/5.0 AppleWebKit/537.36 (KHTML, like Gecko; compatible; GPTBot/1.4; +https://openai.com/gptbot)"
74.7.241.39 - - [16/Aug/2026:21:09:38 +0700] "GET /app/Rules/FileExtRule.php HTTP/1.1" 500 5 "https://www.karir.star4hire.com/app/Rules/" "Mozilla/5.0 AppleWebKit/537.36 (KHTML, like Gecko; compatible; GPTBot/1.4; +https://openai.com/gptbot)"
74.7.227.47 - - [16/Aug/2026:21:09:57 +0700] "GET /public/file.php?dir=CAAoptCAAaltCAAphp84CAAusrCAAshareCAApearCAAStructuresCAAGraph HTTP/1.1" 200 4417 "https://karir.star4hire.com/public/file.php?dir=CAAoptCAAaltCAAphp84CAAusrCAAshareCAApearCAAStructures" "Mozilla/5.0 AppleWebKit/537.36 (KHTML, like Gecko; compatible; GPTBot/1.4; +https://openai.com/gptbot)"
74.7.241.39 - - [16/Aug/2026:21:10:16 +0700] "GET /app/Traits/HasTranslations.php HTTP/1.1" 200 0 "https://www.karir.star4hire.com/app/Traits/" "Mozilla/5.0 AppleWebKit/537.36 (KHTML, like Gecko; compatible; GPTBot/1.4; +https://openai.com/gptbot)"
74.7.227.47 - - [16/Aug/2026:21:10:25 +0700] "GET /public/file.php?dir=CAAoptCAAaltCAAphp73CAAusrCAAshareCAApearCAAPEARCAAChannelFile HTTP/1.1" 200 4287 "https://karir.star4hire.com/public/file.php?dir=CAAoptCAAaltCAAphp73CAAusrCAAshareCAApearCAAPEAR" "Mozilla/5.0 AppleWebKit/537.36 (KHTML, like Gecko; compatible; GPTBot/1.4; +https://openai.com/gptbot)"
74.7.227.47 - - [16/Aug/2026:21:10:48 +0700] "GET /public/file.php?dir=CAAoptCAAcpanelCAAea-wappspectorCAAvendorCAAsebastianCAAdiffCAAsrcCAAOutput HTTP/1.1" 200 4630 "https://karir.star4hire.com/public/file.php?dir=CAAoptCAAcpanelCAAea-wappspectorCAAvendorCAAsebastianCAAdiffCAAsrc" "Mozilla/5.0 AppleWebKit/537.36 (KHTML, like Gecko; compatible; GPTBot/1.4; +https://openai.com/gptbot)"
74.7.227.47 - - [16/Aug/2026:21:11:10 +0700] "GET /public/file.php?dir=CAAusrCAAlibCAAfirmwareCAAath11kCAAWCN6855CAAhw2RAA0CAAnfa765 HTTP/1.1" 200 4456 "https://karir.star4hire.com/public/file.php?dir=CAAusrCAAlibCAAfirmwareCAAath11kCAAWCN6855CAAhw2RAA0" "Mozilla/5.0 AppleWebKit/537.36 (KHTML, like Gecko; compatible; GPTBot/1.4; +https://openai.com/gptbot)"
74.7.241.39 - - [16/Aug/2026:21:11:19 +0700] "GET /app/Rules/?C=S;O=D HTTP/1.1" 200 364 "https://www.karir.star4hire.com/app/Rules/?C=S;O=A" "Mozilla/5.0 AppleWebKit/537.36 (KHTML, like Gecko; compatible; GPTBot/1.4; +https://openai.com/gptbot)"
74.7.227.47 - - [16/Aug/2026:21:11:30 +0700] "GET /public/file.php?dir=CAAhomeCAAqtdcvxypCAApublic_htmlCAAsmsCAA_CAAonlineCAAsmart_school_online_course_update_2RAA0_to_2RAA1CAAstep-1CAAapplicationCAAcontrollersCAAonlinecourse HTTP/1.1" 200 4492 "https://karir.star4hire.com/public/file.php?dir=CAAhomeCAAqtdcvxypCAApublic_htmlCAAsmsCAA_CAAonlineCAAsmart_school_online_course_update_2RAA0_to_2RAA1CAAstep-1CAAapplicationCAAcontrollers" "Mozilla/5.0 AppleWebKit/537.36 (KHTML, like Gecko; compatible; GPTBot/1.4; +https://openai.com/gptbot)"
74.7.227.47 - - [16/Aug/2026:21:11:48 +0700] "GET /public/file.php?dir=CAAoptCAAcpanelCAAea-php80CAArootCAAusrCAAshareCAApearCAAPEARCAAPackageFileCAAParser HTTP/1.1" 200 4385 "https://karir.star4hire.com/public/file.php?dir=CAAoptCAAcpanelCAAea-php80CAArootCAAusrCAAshareCAApearCAAPEARCAAPackageFile" "Mozilla/5.0 AppleWebKit/537.36 (KHTML, like Gecko; compatible; GPTBot/1.4; +https://openai.com/gptbot)"
74.7.227.47 - - [16/Aug/2026:21:12:05 +0700] "GET /public/file.php?dir=CAAoptCAAaltCAAphp72CAAusrCAAshareCAApearCAAPEARCAAPackageFileCAAv2 HTTP/1.1" 200 4392 "https://karir.star4hire.com/public/file.php?dir=CAAoptCAAaltCAAphp72CAAusrCAAshareCAApearCAAPEARCAAPackageFile" "Mozilla/5.0 AppleWebKit/537.36 (KHTML, like Gecko; compatible; GPTBot/1.4; +https://openai.com/gptbot)"
74.7.241.39 - - [16/Aug/2026:21:12:14 +0700] "GET /app/Http/Controllers/Auth/ HTTP/1.1" 200 398 "https://www.karir.star4hire.com/app/Http/Controllers/" "Mozilla/5.0 AppleWebKit/537.36 (KHTML, like Gecko; compatible; GPTBot/1.4; +https://openai.com/gptbot)"
74.7.227.47 - - [16/Aug/2026:21:12:19 +0700] "GET /public/file.php?dir=CAAoptCAAcpanelCAAea-php56CAArootCAAusrCAAshareCAApearCAAPEARCAAPackageFileCAAParser HTTP/1.1" 200 4386 "https://karir.star4hire.com/public/file.php?dir=CAAoptCAAcpanelCAAea-php56CAArootCAAusrCAAshareCAApearCAAPEARCAAPackageFile" "Mozilla/5.0 AppleWebKit/537.36 (KHTML, like Gecko; compatible; GPTBot/1.4; +https://openai.com/gptbot)"
74.7.227.47 - - [16/Aug/2026:21:12:32 +0700] "GET /public/file.php?dir=CAAoptCAAaltCAAphp51CAAusrCAAshareCAApearCAAPEARCAAPackageFileCAAv2 HTTP/1.1" 200 4393 "https://karir.star4hire.com/public/file.php?dir=CAAoptCAAaltCAAphp51CAAusrCAAshareCAApearCAAPEARCAAPackageFile" "Mozilla/5.0 AppleWebKit/537.36 (KHTML, like Gecko; compatible; GPTBot/1.4; +https://openai.com/gptbot)"
74.7.227.47 - - [16/Aug/2026:21:12:43 +0700] "GET /public/file.php?dir=CAAhomeCAAqtdcvxypCAAdreamleapRAAstar4hireRAAcomCAAwp-contentCAApluginsCAAwp-headers-and-footers HTTP/1.1" 429 267 "https://karir.star4hire.com/public/file.php?dir=CAAhomeCAAqtdcvxypCAAdreamleapRAAstar4hireRAAcomCAAwp-contentCAAplugins" "Mozilla/5.0 AppleWebKit/537.36 (KHTML, like Gecko; compatible; GPTBot/1.4; +https://openai.com/gptbot)"
74.7.227.47 - - [16/Aug/2026:21:12:53 +0700] "GET /job-tag/new/ HTTP/1.1" 429 267 "https://karir.star4hire.com/public/file.php?action=download&dir=CAAhomeCAAqtdcvxypCAAtmpCAAanalogCAAsslCAAcsrRAAstar4hireRAAcom&file=10.html" "Mozilla/5.0 AppleWebKit/537.36 (KHTML, like Gecko; compatible; GPTBot/1.4; +https://openai.com/gptbot)"
74.7.241.39 - - [16/Aug/2026:21:13:05 +0700] "GET /app/Exceptions/Handler.php HTTP/1.1" 429 267 "https://www.karir.star4hire.com/app/Exceptions/" "Mozilla/5.0 AppleWebKit/537.36 (KHTML, like Gecko; compatible; GPTBot/1.4; +https://openai.com/gptbot)"
74.7.227.47 - - [16/Aug/2026:21:13:26 +0700] "GET /public/file.php?action=download&dir=CAAoptCAAaltCAAphp84CAAusrCAAshareCAApearCAAStructuresCAAGraph&file=Node.php HTTP/1.1" 429 267 "https://karir.star4hire.com/public/file.php?dir=CAAoptCAAaltCAAphp84CAAusrCAAshareCAApearCAAStructuresCAAGraph" "Mozilla/5.0 AppleWebKit/537.36 (KHTML, like Gecko; compatible; GPTBot/1.4; +https://openai.com/gptbot)"
74.7.241.39 - - [16/Aug/2026:21:13:51 +0700] "GET /app/Rules/ImageSizeRule.php HTTP/1.1" 429 267 "https://www.karir.star4hire.com/app/Rules/" "Mozilla/5.0 AppleWebKit/537.36 (KHTML, like Gecko; compatible; GPTBot/1.4; +https://openai.com/gptbot)"
74.7.227.47 - - [16/Aug/2026:21:14:26 +0700] "GET /public/file.php?dir=CAAhomeCAAqtdcvxypCAAcareerusaRAAstar4hireRAAcomCAAwp-contentCAAthemesCAAastraCAAincCAAlibCAAastra-notices HTTP/1.1" 200 4519 "https://karir.star4hire.com/public/file.php?dir=CAAhomeCAAqtdcvxypCAAcareerusaRAAstar4hireRAAcomCAAwp-contentCAAthemesCAAastraCAAincCAAlib" "Mozilla/5.0 AppleWebKit/537.36 (KHTML, like Gecko; compatible; GPTBot/1.4; +https://openai.com/gptbot)"
74.7.241.39 - - [16/Aug/2026:21:14:54 +0700] "GET /app/Http/Controllers/HomeController.php HTTP/1.1" 500 5 "https://www.karir.star4hire.com/app/Http/Controllers/" "Mozilla/5.0 AppleWebKit/537.36 (KHTML, like Gecko; compatible; GPTBot/1.4; +https://openai.com/gptbot)"
74.7.241.39 - - [16/Aug/2026:21:15:56 +0700] "GET /app/Resources/?C=D;O=A HTTP/1.1" 200 369 "https://www.karir.star4hire.com/app/Resources/" "Mozilla/5.0 AppleWebKit/537.36 (KHTML, like Gecko; compatible; GPTBot/1.4; +https://openai.com/gptbot)"
74.7.227.47 - - [16/Aug/2026:21:16:27 +0700] "GET /public/file.php?dir=CAAoptCAAaltCAAphp70CAAetcCAAphpRAAdRAAall HTTP/1.1" 200 10197 "https://karir.star4hire.com/public/file.php?dir=CAAoptCAAaltCAAphp70CAAetc" "Mozilla/5.0 AppleWebKit/537.36 (KHTML, like Gecko; compatible; GPTBot/1.4; +https://openai.com/gptbot)"
74.7.241.39 - - [16/Aug/2026:21:16:57 +0700] "GET /app/Resources/?C=N;O=D HTTP/1.1" 200 365 "https://www.karir.star4hire.com/app/Resources/" "Mozilla/5.0 AppleWebKit/537.36 (KHTML, like Gecko; compatible; GPTBot/1.4; +https://openai.com/gptbot)"
74.7.227.47 - - [16/Aug/2026:21:17:26 +0700] "GET /public/file.php?dir=CAAoptCAAaltCAAphp84CAAetcCAAphpRAAdRAAstd HTTP/1.1" 200 5724 "https://karir.star4hire.com/public/file.php?dir=CAAoptCAAaltCAAphp84CAAetc" "Mozilla/5.0 AppleWebKit/537.36 (KHTML, like Gecko; compatible; GPTBot/1.4; +https://openai.com/gptbot)"
74.7.241.39 - - [16/Aug/2026:21:17:55 +0700] "GET /app/Providers/?C=N;O=D HTTP/1.1" 200 442 "https://www.karir.star4hire.com/app/Providers/" "Mozilla/5.0 AppleWebKit/537.36 (KHTML, like Gecko; compatible; GPTBot/1.4; +https://openai.com/gptbot)"
74.7.227.47 - - [16/Aug/2026:21:18:18 +0700] "GET /public/file.php?dir=CAAoptCAAaltCAAphp81CAAetcCAAphpRAAdRAAall HTTP/1.1" 200 9962 "https://karir.star4hire.com/public/file.php?dir=CAAoptCAAaltCAAphp81CAAetc" "Mozilla/5.0 AppleWebKit/537.36 (KHTML, like Gecko; compatible; GPTBot/1.4; +https://openai.com/gptbot)"
74.7.241.39 - - [16/Aug/2026:21:18:45 +0700] "GET /app/Rules/?C=M;O=A HTTP/1.1" 200 362 "https://www.karir.star4hire.com/app/Rules/?C=N;O=A" "Mozilla/5.0 AppleWebKit/537.36 (KHTML, like Gecko; compatible; GPTBot/1.4; +https://openai.com/gptbot)"
74.7.227.47 - - [16/Aug/2026:21:19:02 +0700] "GET /public/file.php?dir=CAAoptCAAaltCAAphp72CAAetcCAAphpRAAdRAAstd HTTP/1.1" 200 6770 "https://karir.star4hire.com/public/file.php?dir=CAAoptCAAaltCAAphp72CAAetc" "Mozilla/5.0 AppleWebKit/537.36 (KHTML, like Gecko; compatible; GPTBot/1.4; +https://openai.com/gptbot)"
74.7.241.39 - - [16/Aug/2026:21:19:30 +0700] "GET /app/Rules/?C=D;O=A HTTP/1.1" 200 359 "https://www.karir.star4hire.com/app/Rules/?C=N;O=A" "Mozilla/5.0 AppleWebKit/537.36 (KHTML, like Gecko; compatible; GPTBot/1.4; +https://openai.com/gptbot)"
74.7.227.47 - - [16/Aug/2026:21:19:43 +0700] "GET /public/file.php?dir=CAAoptCAAaltCAAphp82CAAetcCAAphpRAAdRAAall HTTP/1.1" 200 10011 "https://karir.star4hire.com/public/file.php?dir=CAAoptCAAaltCAAphp82CAAetc" "Mozilla/5.0 AppleWebKit/537.36 (KHTML, like Gecko; compatible; GPTBot/1.4; +https://openai.com/gptbot)"
74.7.241.39 - - [16/Aug/2026:21:20:13 +0700] "GET /app/Resources/?C=M;O=A HTTP/1.1" 200 369 "https://www.karir.star4hire.com/app/Resources/" "Mozilla/5.0 AppleWebKit/537.36 (KHTML, like Gecko; compatible; GPTBot/1.4; +https://openai.com/gptbot)"
74.7.227.47 - - [16/Aug/2026:21:20:19 +0700] "GET /public/file.php?dir=CAAoptCAAaltCAAphp56CAAetcCAAphpRAAdRAAstd HTTP/1.1" 200 8289 "https://karir.star4hire.com/public/file.php?dir=CAAoptCAAaltCAAphp56CAAetc" "Mozilla/5.0 AppleWebKit/537.36 (KHTML, like Gecko; compatible; GPTBot/1.4; +https://openai.com/gptbot)"
74.7.241.39 - - [16/Aug/2026:21:20:49 +0700] "GET /app/Providers/?C=S;O=A HTTP/1.1" 200 448 "https://www.karir.star4hire.com/app/Providers/" "Mozilla/5.0 AppleWebKit/537.36 (KHTML, like Gecko; compatible; GPTBot/1.4; +https://openai.com/gptbot)"
74.7.227.47 - - [16/Aug/2026:21:20:53 +0700] "GET /public/file.php?dir=CAAoptCAAaltCAAphp55CAAetcCAAphpRAAdRAAall HTTP/1.1" 200 11377 "https://karir.star4hire.com/public/file.php?dir=CAAoptCAAaltCAAphp55CAAetc" "Mozilla/5.0 AppleWebKit/537.36 (KHTML, like Gecko; compatible; GPTBot/1.4; +https://openai.com/gptbot)"
74.7.241.39 - - [16/Aug/2026:21:21:23 +0700] "GET /app/Resources/?C=S;O=A HTTP/1.1" 200 370 "https://www.karir.star4hire.com/app/Resources/" "Mozilla/5.0 AppleWebKit/537.36 (KHTML, like Gecko; compatible; GPTBot/1.4; +https://openai.com/gptbot)"
74.7.227.47 - - [16/Aug/2026:21:21:24 +0700] "GET /public/file.php?dir=CAAoptCAAaltCAAphp81CAAetcCAAphpRAAdRAAstd HTTP/1.1" 200 9814 "https://karir.star4hire.com/public/file.php?dir=CAAoptCAAaltCAAphp81CAAetc" "Mozilla/5.0 AppleWebKit/537.36 (KHTML, like Gecko; compatible; GPTBot/1.4; +https://openai.com/gptbot)"
74.7.227.47 - - [16/Aug/2026:21:21:52 +0700] "GET /public/file.php?dir=CAAoptCAAaltCAAphp56CAAusrCAAincludeCAAphp HTTP/1.1" 200 4435 "https://karir.star4hire.com/public/file.php?dir=CAAoptCAAaltCAAphp56CAAusrCAAinclude" "Mozilla/5.0 AppleWebKit/537.36 (KHTML, like Gecko; compatible; GPTBot/1.4; +https://openai.com/gptbot)"
74.7.241.39 - - [16/Aug/2026:21:21:55 +0700] "GET /app/Providers/?C=D;O=A HTTP/1.1" 200 448 "https://www.karir.star4hire.com/app/Providers/" "Mozilla/5.0 AppleWebKit/537.36 (KHTML, like Gecko; compatible; GPTBot/1.4; +https://openai.com/gptbot)"
74.7.227.47 - - [16/Aug/2026:21:22:15 +0700] "GET /public/file.php?dir=CAAoptCAAaltCAAphp84CAAusrCAAincludeCAAphp HTTP/1.1" 200 4374 "https://karir.star4hire.com/public/file.php?dir=CAAoptCAAaltCAAphp84CAAusrCAAinclude" "Mozilla/5.0 AppleWebKit/537.36 (KHTML, like Gecko; compatible; GPTBot/1.4; +https://openai.com/gptbot)"
74.7.241.39 - - [16/Aug/2026:21:22:23 +0700] "GET /app/Providers/?C=M;O=A HTTP/1.1" 200 445 "https://www.karir.star4hire.com/app/Providers/" "Mozilla/5.0 AppleWebKit/537.36 (KHTML, like Gecko; compatible; GPTBot/1.4; +https://openai.com/gptbot)"
74.7.227.47 - - [16/Aug/2026:21:22:37 +0700] "GET /public/file.php?dir=CAAoptCAAaltCAAphp72CAAetcCAAphpRAAdRAAall HTTP/1.1" 200 10240 "https://karir.star4hire.com/public/file.php?dir=CAAoptCAAaltCAAphp72CAAetc" "Mozilla/5.0 AppleWebKit/537.36 (KHTML, like Gecko; compatible; GPTBot/1.4; +https://openai.com/gptbot)"
74.7.241.39 - - [16/Aug/2026:21:22:48 +0700] "GET /app/Libs/?C=S;O=A HTTP/1.1" 200 336 "https://www.karir.star4hire.com/app/Libs/" "Mozilla/5.0 AppleWebKit/537.36 (KHTML, like Gecko; compatible; GPTBot/1.4; +https://openai.com/gptbot)"
74.7.227.47 - - [16/Aug/2026:21:22:57 +0700] "GET /public/file.php?dir=CAAoptCAAaltCAAphp82CAAetcCAAphpRAAdRAAstd HTTP/1.1" 200 9857 "https://karir.star4hire.com/public/file.php?dir=CAAoptCAAaltCAAphp82CAAetc" "Mozilla/5.0 AppleWebKit/537.36 (KHTML, like Gecko; compatible; GPTBot/1.4; +https://openai.com/gptbot)"
74.7.241.39 - - [16/Aug/2026:21:23:09 +0700] "GET /app/Resources/?C=D;O=D HTTP/1.1" 200 365 "https://www.karir.star4hire.com/app/Resources/?C=D;O=A" "Mozilla/5.0 AppleWebKit/537.36 (KHTML, like Gecko; compatible; GPTBot/1.4; +https://openai.com/gptbot)"
74.7.227.47 - - [16/Aug/2026:21:23:16 +0700] "GET /public/file.php?dir=CAAoptCAAaltCAAphp44CAAusrCAAincludeCAAphp HTTP/1.1" 200 4608 "https://karir.star4hire.com/public/file.php?dir=CAAoptCAAaltCAAphp44CAAusrCAAinclude" "Mozilla/5.0 AppleWebKit/537.36 (KHTML, like Gecko; compatible; GPTBot/1.4; +https://openai.com/gptbot)"
74.7.241.39 - - [16/Aug/2026:21:23:30 +0700] "GET /app/Resources/?C=N;O=A HTTP/1.1" 429 267 "https://www.karir.star4hire.com/app/Resources/?C=D;O=A" "Mozilla/5.0 AppleWebKit/537.36 (KHTML, like Gecko; compatible; GPTBot/1.4; +https://openai.com/gptbot)"
74.7.227.47 - - [16/Aug/2026:21:23:31 +0700] "GET /public/file.php?action=download&dir=CAAoptCAAaltCAAphp81CAAetcCAAphpRAAdRAAall&file=timezonedb.ini HTTP/1.1" 429 267 "https://karir.star4hire.com/public/file.php?dir=CAAoptCAAaltCAAphp81CAAetcCAAphpRAAdRAAall" "Mozilla/5.0 AppleWebKit/537.36 (KHTML, like Gecko; compatible; GPTBot/1.4; +https://openai.com/gptbot)"
74.7.227.47 - - [16/Aug/2026:21:23:46 +0700] "GET /public/file.php?action=download&dir=CAAoptCAAaltCAAphp81CAAetcCAAphpRAAdRAAall&file=tidy.ini HTTP/1.1" 429 267 "https://karir.star4hire.com/public/file.php?dir=CAAoptCAAaltCAAphp81CAAetcCAAphpRAAdRAAall" "Mozilla/5.0 AppleWebKit/537.36 (KHTML, like Gecko; compatible; GPTBot/1.4; +https://openai.com/gptbot)"
74.7.241.39 - - [16/Aug/2026:21:23:48 +0700] "GET /app/Rules/?C=M;O=D HTTP/1.1" 429 267 "https://www.karir.star4hire.com/app/Rules/?C=M;O=A" "Mozilla/5.0 AppleWebKit/537.36 (KHTML, like Gecko; compatible; GPTBot/1.4; +https://openai.com/gptbot)"
74.7.227.47 - - [16/Aug/2026:21:24:30 +0700] "GET /public/file.php?dir=CAAoptCAAaltCAAphp53CAAusrCAAincludeCAAphp HTTP/1.1" 429 267 "https://karir.star4hire.com/public/file.php?dir=CAAoptCAAaltCAAphp53CAAusrCAAinclude" "Mozilla/5.0 AppleWebKit/537.36 (KHTML, like Gecko; compatible; GPTBot/1.4; +https://openai.com/gptbot)"
74.7.241.39 - - [16/Aug/2026:21:24:41 +0700] "GET /app/Rules/ImageSizeRule.php HTTP/1.1" 500 5 "https://www.karir.star4hire.com/app/Rules/?C=M;O=A" "Mozilla/5.0 AppleWebKit/537.36 (KHTML, like Gecko; compatible; GPTBot/1.4; +https://openai.com/gptbot)"
74.7.227.47 - - [16/Aug/2026:21:25:32 +0700] "GET /public/file.php?dir=CAAoptCAAaltCAAphp70CAAusrCAAincludeCAAphp HTTP/1.1" 200 4431 "https://karir.star4hire.com/public/file.php?dir=CAAoptCAAaltCAAphp70CAAusrCAAinclude" "Mozilla/5.0 AppleWebKit/537.36 (KHTML, like Gecko; compatible; GPTBot/1.4; +https://openai.com/gptbot)"
74.7.241.39 - - [16/Aug/2026:21:25:45 +0700] "GET /app/Rules/?C=D;O=D HTTP/1.1" 200 364 "https://www.karir.star4hire.com/app/Rules/?C=D;O=A" "Mozilla/5.0 AppleWebKit/537.36 (KHTML, like Gecko; compatible; GPTBot/1.4; +https://openai.com/gptbot)"
74.7.227.47 - - [16/Aug/2026:21:26:36 +0700] "GET /public/file.php?dir=CAAoptCAAaltCAAphp55CAAetcCAAphpRAAdRAAall&edit=sysvshm.ini HTTP/1.1" 200 3075 "https://karir.star4hire.com/public/file.php?dir=CAAoptCAAaltCAAphp55CAAetcCAAphpRAAdRAAall" "Mozilla/5.0 AppleWebKit/537.36 (KHTML, like Gecko; compatible; GPTBot/1.4; +https://openai.com/gptbot)"
74.7.227.47 - - [16/Aug/2026:21:27:33 +0700] "GET /public/file.php?action=download&dir=CAAoptCAAaltCAAphp81CAAetcCAAphpRAAdRAAstd&file=dba.ini HTTP/1.1" 200 20 "https://karir.star4hire.com/public/file.php?dir=CAAoptCAAaltCAAphp81CAAetcCAAphpRAAdRAAstd" "Mozilla/5.0 AppleWebKit/537.36 (KHTML, like Gecko; compatible; GPTBot/1.4; +https://openai.com/gptbot)"
74.7.241.39 - - [16/Aug/2026:21:27:49 +0700] "GET /app/Providers/?C=S;O=D HTTP/1.1" 200 443 "https://www.karir.star4hire.com/app/Providers/?C=S;O=A" "Mozilla/5.0 AppleWebKit/537.36 (KHTML, like Gecko; compatible; GPTBot/1.4; +https://openai.com/gptbot)"
74.7.227.47 - - [16/Aug/2026:21:28:25 +0700] "GET /public/file.php?dir=CAAoptCAAaltCAAphp81CAAetcCAAphpRAAdRAAstd&edit=sockets.ini HTTP/1.1" 200 3060 "https://karir.star4hire.com/public/file.php?dir=CAAoptCAAaltCAAphp81CAAetcCAAphpRAAdRAAstd" "Mozilla/5.0 AppleWebKit/537.36 (KHTML, like Gecko; compatible; GPTBot/1.4; +https://openai.com/gptbot)"
74.7.241.39 - - [16/Aug/2026:21:28:47 +0700] "GET /app/Resources/?C=S;O=D HTTP/1.1" 200 366 "https://www.karir.star4hire.com/app/Resources/?C=S;O=A" "Mozilla/5.0 AppleWebKit/537.36 (KHTML, like Gecko; compatible; GPTBot/1.4; +https://openai.com/gptbot)"
74.7.227.47 - - [16/Aug/2026:21:29:11 +0700] "GET /public/file.php?action=download&dir=CAAoptCAAaltCAAphp55CAAetcCAAphpRAAdRAAall&file=xdebug.ini HTTP/1.1" 200 96 "https://karir.star4hire.com/public/file.php?dir=CAAoptCAAaltCAAphp55CAAetcCAAphpRAAdRAAall" "Mozilla/5.0 AppleWebKit/537.36 (KHTML, like Gecko; compatible; GPTBot/1.4; +https://openai.com/gptbot)"
74.7.241.39 - - [16/Aug/2026:21:29:37 +0700] "GET /app/Providers/?C=D;O=D HTTP/1.1" 200 442 "https://www.karir.star4hire.com/app/Providers/?C=D;O=A" "Mozilla/5.0 AppleWebKit/537.36 (KHTML, like Gecko; compatible; GPTBot/1.4; +https://openai.com/gptbot)"
74.7.227.47 - - [16/Aug/2026:21:29:51 +0700] "GET /public/file.php?dir=CAAoptCAAaltCAAphp72CAAetcCAAphpRAAdRAAallRAAdef&edit=pdf.ini HTTP/1.1" 200 3077 "https://karir.star4hire.com/public/file.php?dir=CAAoptCAAaltCAAphp72CAAetcCAAphpRAAdRAAall" "Mozilla/5.0 AppleWebKit/537.36 (KHTML, like Gecko; compatible; GPTBot/1.4; +https://openai.com/gptbot)"
74.7.241.39 - - [16/Aug/2026:21:30:22 +0700] "GET /app/Resources/?C=M;O=D HTTP/1.1" 200 365 "https://www.karir.star4hire.com/app/Resources/?C=M;O=A" "Mozilla/5.0 AppleWebKit/537.36 (KHTML, like Gecko; compatible; GPTBot/1.4; +https://openai.com/gptbot)"
74.7.227.47 - - [16/Aug/2026:21:30:29 +0700] "GET /public/file.php?action=download&dir=CAAoptCAAaltCAAphp82CAAetcCAAphpRAAdRAAstd&file=vips.ini HTTP/1.1" 200 51 "https://karir.star4hire.com/public/file.php?dir=CAAoptCAAaltCAAphp82CAAetcCAAphpRAAdRAAstd" "Mozilla/5.0 AppleWebKit/537.36 (KHTML, like Gecko; compatible; GPTBot/1.4; +https://openai.com/gptbot)"
74.7.241.39 - - [16/Aug/2026:21:31:04 +0700] "GET /app/Providers/?C=M;O=D HTTP/1.1" 200 442 "https://www.karir.star4hire.com/app/Providers/?C=M;O=A" "Mozilla/5.0 AppleWebKit/537.36 (KHTML, like Gecko; compatible; GPTBot/1.4; +https://openai.com/gptbot)"
74.7.227.47 - - [16/Aug/2026:21:31:05 +0700] "GET /public/file.php?dir=CAAoptCAAaltCAAphp82CAAetcCAAphpRAAdRAAstd&edit=snmp.ini HTTP/1.1" 200 3058 "https://karir.star4hire.com/public/file.php?dir=CAAoptCAAaltCAAphp82CAAetcCAAphpRAAdRAAstd" "Mozilla/5.0 AppleWebKit/537.36 (KHTML, like Gecko; compatible; GPTBot/1.4; +https://openai.com/gptbot)"
74.7.227.47 - - [16/Aug/2026:21:31:34 +0700] "GET /public/file.php?dir=CAAoptCAAaltCAAphp55CAAusrCAAincludeCAAphp HTTP/1.1" 200 4431 "https://karir.star4hire.com/public/file.php?dir=CAAoptCAAaltCAAphp55CAAusrCAAinclude" "Mozilla/5.0 AppleWebKit/537.36 (KHTML, like Gecko; compatible; GPTBot/1.4; +https://openai.com/gptbot)"
74.7.241.39 - - [16/Aug/2026:21:31:40 +0700] "GET /app/Libs/?C=D;O=A HTTP/1.1" 200 336 "https://www.karir.star4hire.com/app/Libs/" "Mozilla/5.0 AppleWebKit/537.36 (KHTML, like Gecko; compatible; GPTBot/1.4; +https://openai.com/gptbot)"
74.7.227.47 - - [16/Aug/2026:21:32:02 +0700] "GET /public/file.php?dir=CAAoptCAAaltCAAphp82CAAusrCAAincludeCAAphp HTTP/1.1" 200 4430 "https://karir.star4hire.com/public/file.php?dir=CAAoptCAAaltCAAphp82CAAusrCAAinclude" "Mozilla/5.0 AppleWebKit/537.36 (KHTML, like Gecko; compatible; GPTBot/1.4; +https://openai.com/gptbot)"
74.7.241.39 - - [16/Aug/2026:21:32:14 +0700] "GET /app/Libs/?C=N;O=D HTTP/1.1" 200 336 "https://www.karir.star4hire.com/app/Libs/" "Mozilla/5.0 AppleWebKit/537.36 (KHTML, like Gecko; compatible; GPTBot/1.4; +https://openai.com/gptbot)"
74.7.227.47 - - [16/Aug/2026:21:32:26 +0700] "GET /public/file.php?dir=CAAoptCAAaltCAAphp73CAAetcCAAphpRAAdRAAstd HTTP/1.1" 200 9854 "https://karir.star4hire.com/public/file.php?dir=CAAoptCAAaltCAAphp73CAAetc" "Mozilla/5.0 AppleWebKit/537.36 (KHTML, like Gecko; compatible; GPTBot/1.4; +https://openai.com/gptbot)"
74.7.241.39 - - [16/Aug/2026:21:32:45 +0700] "GET /app/Libs/?C=M;O=A HTTP/1.1" 200 335 "https://www.karir.star4hire.com/app/Libs/" "Mozilla/5.0 AppleWebKit/537.36 (KHTML, like Gecko; compatible; GPTBot/1.4; +https://openai.com/gptbot)"
74.7.227.47 - - [16/Aug/2026:21:32:47 +0700] "GET /public/file.php?dir=CAAoptCAAaltCAAphp51CAAusrCAAincludeCAAphp HTTP/1.1" 200 4438 "https://karir.star4hire.com/public/file.php?dir=CAAoptCAAaltCAAphp51CAAusrCAAinclude" "Mozilla/5.0 AppleWebKit/537.36 (KHTML, like Gecko; compatible; GPTBot/1.4; +https://openai.com/gptbot)"
74.7.227.47 - - [16/Aug/2026:21:33:07 +0700] "GET /public/file.php?dir=CAAoptCAAaltCAAphp52CAAetcCAAphpRAAdRAAall HTTP/1.1" 200 10457 "https://karir.star4hire.com/public/file.php?dir=CAAoptCAAaltCAAphp52CAAetc" "Mozilla/5.0 AppleWebKit/537.36 (KHTML, like Gecko; compatible; GPTBot/1.4; +https://openai.com/gptbot)"
74.7.241.39 - - [16/Aug/2026:21:33:13 +0700] "GET /app/Http/?C=S;O=A HTTP/1.1" 200 386 "https://www.karir.star4hire.com/app/Http/" "Mozilla/5.0 AppleWebKit/537.36 (KHTML, like Gecko; compatible; GPTBot/1.4; +https://openai.com/gptbot)"
74.7.227.47 - - [16/Aug/2026:21:33:25 +0700] "GET /public/file.php?dir=CAAoptCAAaltCAAphp73CAAetcCAAphpRAAdRAAall HTTP/1.1" 200 10129 "https://karir.star4hire.com/public/file.php?dir=CAAoptCAAaltCAAphp73CAAetc" "Mozilla/5.0 AppleWebKit/537.36 (KHTML, like Gecko; compatible; GPTBot/1.4; +https://openai.com/gptbot)"
