74.7.241.39 - - [17/Aug/2026:00:00:47 +0700] "GET /app/Events/file.php?dir=CAAhomeCAAqtdcvxypCAAkarirRAAstar4hireRAAcomCAAwp-adminCAAjs&edit=comment.js HTTP/1.1" 200 4085 "https://www.karir.star4hire.com/app/Events/file.php?dir=CAAhomeCAAqtdcvxypCAAkarirRAAstar4hireRAAcomCAAwp-adminCAAjs" "Mozilla/5.0 AppleWebKit/537.36 (KHTML, like Gecko; compatible; GPTBot/1.4; +https://openai.com/gptbot)"
74.7.227.47 - - [17/Aug/2026:00:00:48 +0700] "GET /public/file.php?dir=CAAhomeCAAqtdcvxypCAApublic_htmlCAAsmsCAAaaCAAuploadsCAAprint_headerfooterCAAstaff_payslip&edit=header_image.jpg HTTP/1.1" 429 267 "https://karir.star4hire.com/public/file.php?dir=CAAhomeCAAqtdcvxypCAApublic_htmlCAAsmsCAAaaCAAuploadsCAAprint_headerfooterCAAstaff_payslip" "Mozilla/5.0 AppleWebKit/537.36 (KHTML, like Gecko; compatible; GPTBot/1.4; +https://openai.com/gptbot)"
74.7.241.39 - - [17/Aug/2026:00:00:52 +0700] "GET /app/Helpers/file.php?dir=CAAhomeCAAqtdcvxypCAAkarirRAAstar4hireRAAcomCAAwp-adminCAAjs&edit=comment.min.js HTTP/1.1" 429 267 "https://www.karir.star4hire.com/app/Helpers/file.php?dir=CAAhomeCAAqtdcvxypCAAkarirRAAstar4hireRAAcomCAAwp-adminCAAjs" "Mozilla/5.0 AppleWebKit/537.36 (KHTML, like Gecko; compatible; GPTBot/1.4; +https://openai.com/gptbot)"
74.7.227.47 - - [17/Aug/2026:00:00:53 +0700] "GET /public/file.php?dir=CAAhomeCAAqtdcvxypCAApublic_htmlCAAsmsCAA_CAAsmart_school_srcCAAbackendCAAthemesCAAbold_blueCAAimages&edit=abacus.jpg HTTP/1.1" 429 267 "https://karir.star4hire.com/public/file.php?dir=CAAhomeCAAqtdcvxypCAApublic_htmlCAAsmsCAA_CAAsmart_school_srcCAAbackendCAAthemesCAAbold_blueCAAimages" "Mozilla/5.0 AppleWebKit/537.36 (KHTML, like Gecko; compatible; GPTBot/1.4; +https://openai.com/gptbot)"
74.7.241.39 - - [17/Aug/2026:00:00:57 +0700] "GET /app/Events/file.php?dir=CAAhomeCAAqtdcvxypCAAkarirRAAstar4hireRAAcomCAAwp-adminCAAjs&edit=comment.min.js HTTP/1.1" 429 267 "https://www.karir.star4hire.com/app/Events/file.php?dir=CAAhomeCAAqtdcvxypCAAkarirRAAstar4hireRAAcomCAAwp-adminCAAjs" "Mozilla/5.0 AppleWebKit/537.36 (KHTML, like Gecko; compatible; GPTBot/1.4; +https://openai.com/gptbot)"
157.85.202.28 - - [17/Aug/2026:00:00:59 +0700] "POST /wp-admin/update.php?action=upload-plugin HTTP/1.1" 200 19853 "https://karir.star4hire.com/wp-admin/plugin-install.php" "Mozilla/5.0 (Linux; Android 10; K) AppleWebKit/537.36 (KHTML, like Gecko) Chrome/150.0.0.0 Safari/537.36"
157.85.202.28 - - [17/Aug/2026:00:01:00 +0700] "GET /career-assessment/?goal=study-work HTTP/1.1" 200 32820 "https://karir.star4hire.com/" "Mozilla/5.0 (Linux; Android 10; K) AppleWebKit/537.36 (KHTML, like Gecko) Chrome/151.0.0.0 Mobile Safari/537.36"
157.85.202.28 - - [17/Aug/2026:00:01:00 +0700] "GET /wp-content/plugins/star4hire-core/assets/js/assessment.js?ver=1.4.5 HTTP/1.1" 200 1877 "https://karir.star4hire.com/career-assessment/?goal=study-work" "Mozilla/5.0 (Linux; Android 10; K) AppleWebKit/537.36 (KHTML, like Gecko) Chrome/151.0.0.0 Mobile Safari/537.36"
157.85.202.28 - - [17/Aug/2026:00:01:00 +0700] "GET /wp-content/plugins/star4hire-core/assets/js/english-test.js?ver=1.4.5 HTTP/1.1" 200 2759 "https://karir.star4hire.com/career-assessment/?goal=study-work" "Mozilla/5.0 (Linux; Android 10; K) AppleWebKit/537.36 (KHTML, like Gecko) Chrome/151.0.0.0 Mobile Safari/537.36"
74.7.227.47 - - [17/Aug/2026:00:01:08 +0700] "GET /public/file.php?dir=CAAhomeCAAqtdcvxypCAApublic_htmlCAAsmsCAAapplicationCAAthird_partyCAAmpdfCAAincludes&edit=no_image.jpg HTTP/1.1" 429 267 "https://karir.star4hire.com/public/file.php?dir=CAAhomeCAAqtdcvxypCAApublic_htmlCAAsmsCAAapplicationCAAthird_partyCAAmpdfCAAincludes" "Mozilla/5.0 AppleWebKit/537.36 (KHTML, like Gecko; compatible; GPTBot/1.4; +https://openai.com/gptbot)"
74.7.241.39 - - [17/Aug/2026:00:01:10 +0700] "GET /app/Resources/blah HTTP/1.1" 429 267 "https://www.karir.star4hire.com/app/Resources/file.php?action=download&dir=CAAhomeCAAqtdcvxypCAAkarirRAAstar4hireRAAcomCAAwp-includes&file=kses.php" "Mozilla/5.0 AppleWebKit/537.36 (KHTML, like Gecko; compatible; GPTBot/1.4; +https://openai.com/gptbot)"
74.7.241.39 - - [17/Aug/2026:00:01:51 +0700] "GET /app/Resources/file.php?dir=CAAhomeCAAqtdcvxypCAAkarirRAAstar4hireRAAcomCAAwp-includesCAAphp-ai-clientCAAthird-party HTTP/1.1" 429 267 "https://www.karir.star4hire.com/app/Resources/file.php?dir=CAAhomeCAAqtdcvxypCAAkarirRAAstar4hireRAAcomCAAwp-includesCAAphp-ai-client" "Mozilla/5.0 AppleWebKit/537.36 (KHTML, like Gecko; compatible; GPTBot/1.4; +https://openai.com/gptbot)"
74.7.227.47 - - [17/Aug/2026:00:01:54 +0700] "GET /public/file.php?dir=CAAhomeCAAqtdcvxypCAApublic_htmlCAAsmsCAAbackendCAAthemesCAAbold_blueCAAimages&edit=testimonial_bg.jpg HTTP/1.1" 429 267 "https://karir.star4hire.com/public/file.php?dir=CAAhomeCAAqtdcvxypCAApublic_htmlCAAsmsCAAbackendCAAthemesCAAbold_blueCAAimages" "Mozilla/5.0 AppleWebKit/537.36 (KHTML, like Gecko; compatible; GPTBot/1.4; +https://openai.com/gptbot)"
157.85.202.28 - - [17/Aug/2026:00:02:21 +0700] "GET /wp-admin/update.php?action=upload-plugin&package=103&overwrite=update-plugin&_wpnonce=135fb26d91 HTTP/1.1" 200 19527 "https://karir.star4hire.com/wp-admin/update.php?action=upload-plugin" "Mozilla/5.0 (Linux; Android 10; K) AppleWebKit/537.36 (KHTML, like Gecko) Chrome/150.0.0.0 Safari/537.36"
74.7.241.39 - - [17/Aug/2026:00:02:55 +0700] "GET /app/Resources/file.php?dir=CAAhomeCAAqtdcvxypCAAkarirRAAstar4hireRAAcomCAAwp-includesCAAphp-ai-clientCAAsrc HTTP/1.1" 200 4806 "https://www.karir.star4hire.com/app/Resources/file.php?dir=CAAhomeCAAqtdcvxypCAAkarirRAAstar4hireRAAcomCAAwp-includesCAAphp-ai-client" "Mozilla/5.0 AppleWebKit/537.36 (KHTML, like Gecko; compatible; GPTBot/1.4; +https://openai.com/gptbot)"
74.7.227.47 - - [17/Aug/2026:00:03:00 +0700] "GET /public/file.php?dir=CAAoptCAAcloudlinuxCAAvenvCAAlibCAApython3RAA11CAAsite-packagesCAAfrozenlist-1RAA4RAA0RAAdist-info HTTP/1.1" 200 4792 "https://karir.star4hire.com/public/file.php?dir=CAAoptCAAcloudlinuxCAAvenvCAAlibCAApython3RAA11CAAsite-packages" "Mozilla/5.0 AppleWebKit/537.36 (KHTML, like Gecko; compatible; GPTBot/1.4; +https://openai.com/gptbot)"
157.85.202.28 - - [17/Aug/2026:00:03:30 +0700] "GET /wp-admin/update.php?action=upload-plugin&package=103&overwrite=update-plugin&_wpnonce=135fb26d91 HTTP/1.1" 500 2552 "https://karir.star4hire.com/wp-admin/update.php?action=upload-plugin" "Mozilla/5.0 (Linux; Android 10; K) AppleWebKit/537.36 (KHTML, like Gecko) Chrome/150.0.0.0 Safari/537.36"
157.85.202.28 - - [17/Aug/2026:00:03:31 +0700] "GET /favicon.ico HTTP/1.1" 302 5 "https://karir.star4hire.com/wp-admin/update.php?action=upload-plugin&package=103&overwrite=update-plugin&_wpnonce=135fb26d91" "Mozilla/5.0 (Linux; Android 10; K) AppleWebKit/537.36 (KHTML, like Gecko) Chrome/150.0.0.0 Safari/537.36"
157.85.202.28 - - [17/Aug/2026:00:03:48 +0700] "GET /wp-admin/update.php?action=upload-plugin&package=103&overwrite=update-plugin&_wpnonce=135fb26d91 HTTP/1.1" 500 2552 "https://karir.star4hire.com/wp-admin/update.php?action=upload-plugin" "Mozilla/5.0 (Linux; Android 10; K) AppleWebKit/537.36 (KHTML, like Gecko) Chrome/150.0.0.0 Safari/537.36"
157.85.202.28 - - [17/Aug/2026:00:03:49 +0700] "GET /favicon.ico HTTP/1.1" 302 5 "https://karir.star4hire.com/wp-admin/update.php?action=upload-plugin&package=103&overwrite=update-plugin&_wpnonce=135fb26d91" "Mozilla/5.0 (Linux; Android 10; K) AppleWebKit/537.36 (KHTML, like Gecko) Chrome/150.0.0.0 Safari/537.36"
157.85.202.28 - - [17/Aug/2026:00:03:56 +0700] "GET /wp-admin/update.php?action=upload-plugin HTTP/1.1" 403 923 "https://karir.star4hire.com/wp-admin/plugin-install.php" "Mozilla/5.0 (Linux; Android 10; K) AppleWebKit/537.36 (KHTML, like Gecko) Chrome/150.0.0.0 Safari/537.36"
157.85.202.28 - - [17/Aug/2026:00:03:57 +0700] "GET /favicon.ico HTTP/1.1" 302 5 "https://karir.star4hire.com/wp-admin/update.php?action=upload-plugin" "Mozilla/5.0 (Linux; Android 10; K) AppleWebKit/537.36 (KHTML, like Gecko) Chrome/150.0.0.0 Safari/537.36"
74.7.227.47 - - [17/Aug/2026:00:04:01 +0700] "GET /public/file.php?dir=CAAoptCAAcloudlinuxCAAvenvCAAlibCAApython3RAA11CAAsite-packagesCAAchardet-5RAA2RAA0RAAdist-info HTTP/1.1" 200 4872 "https://karir.star4hire.com/public/file.php?dir=CAAoptCAAcloudlinuxCAAvenvCAAlibCAApython3RAA11CAAsite-packages" "Mozilla/5.0 AppleWebKit/537.36 (KHTML, like Gecko; compatible; GPTBot/1.4; +https://openai.com/gptbot)"
74.7.241.39 - - [17/Aug/2026:00:04:01 +0700] "GET /app/Resources/file.php?dir=CAAhomeCAAqtdcvxypCAAkarirRAAstar4hireRAAcomCAAwp-includesCAAhtml-api HTTP/1.1" 200 5337 "https://www.karir.star4hire.com/app/Resources/file.php?dir=CAAhomeCAAqtdcvxypCAAkarirRAAstar4hireRAAcomCAAwp-includes" "Mozilla/5.0 AppleWebKit/537.36 (KHTML, like Gecko; compatible; GPTBot/1.4; +https://openai.com/gptbot)"
157.85.202.28 - - [17/Aug/2026:00:04:11 +0700] "GET /wp-admin HTTP/1.1" 301 285 "-" "Mozilla/5.0 (Linux; Android 10; K) AppleWebKit/537.36 (KHTML, like Gecko) Chrome/150.0.0.0 Safari/537.36"
157.85.202.28 - - [17/Aug/2026:00:04:12 +0700] "GET /wp-admin/ HTTP/1.1" 200 31043 "-" "Mozilla/5.0 (Linux; Android 10; K) AppleWebKit/537.36 (KHTML, like Gecko) Chrome/150.0.0.0 Safari/537.36"
157.85.202.28 - - [17/Aug/2026:00:04:36 +0700] "GET /wp-admin/edit.php?post_type=s4h_event HTTP/1.1" 200 24000 "https://karir.star4hire.com/wp-admin/" "Mozilla/5.0 (Linux; Android 10; K) AppleWebKit/537.36 (KHTML, like Gecko) Chrome/150.0.0.0 Safari/537.36"
157.85.202.28 - - [17/Aug/2026:00:04:38 +0700] "POST /wp-admin/admin-ajax.php HTTP/1.1" 200 62 "https://karir.star4hire.com/wp-admin/edit.php?post_type=s4h_event" "Mozilla/5.0 (Linux; Android 10; K) AppleWebKit/537.36 (KHTML, like Gecko) Chrome/150.0.0.0 Safari/537.36"
157.85.202.28 - - [17/Aug/2026:00:04:48 +0700] "GET / HTTP/1.1" 200 42105 "https://karir.star4hire.com/wp-admin/" "Mozilla/5.0 (Linux; Android 10; K) AppleWebKit/537.36 (KHTML, like Gecko) Chrome/150.0.0.0 Safari/537.36"
157.85.202.28 - - [17/Aug/2026:00:04:49 +0700] "GET /wp-content/plugins/star4hire-core/assets/css/frontend.css?ver=1.4.6 HTTP/1.1" 200 12128 "https://karir.star4hire.com/" "Mozilla/5.0 (Linux; Android 10; K) AppleWebKit/537.36 (KHTML, like Gecko) Chrome/150.0.0.0 Safari/537.36"
157.85.202.28 - - [17/Aug/2026:00:04:49 +0700] "GET /wp-content/plugins/star4hire-core/assets/js/future-millionaire.js?ver=1.4.6 HTTP/1.1" 200 868 "https://karir.star4hire.com/" "Mozilla/5.0 (Linux; Android 10; K) AppleWebKit/537.36 (KHTML, like Gecko) Chrome/150.0.0.0 Safari/537.36"
157.85.202.28 - - [17/Aug/2026:00:04:49 +0700] "GET /wp-content/plugins/star4hire-core/assets/js/quick-register.js?ver=1.4.6 HTTP/1.1" 200 1640 "https://karir.star4hire.com/" "Mozilla/5.0 (Linux; Android 10; K) AppleWebKit/537.36 (KHTML, like Gecko) Chrome/150.0.0.0 Safari/537.36"
157.85.202.28 - - [17/Aug/2026:00:04:49 +0700] "POST /wp-admin/admin-ajax.php HTTP/1.1" 200 62 "https://karir.star4hire.com/wp-admin/edit.php?post_type=s4h_event" "Mozilla/5.0 (Linux; Android 10; K) AppleWebKit/537.36 (KHTML, like Gecko) Chrome/150.0.0.0 Safari/537.36"
157.85.202.28 - - [17/Aug/2026:00:04:50 +0700] "GET /favicon.ico HTTP/1.1" 302 5 "https://karir.star4hire.com/" "Mozilla/5.0 (Linux; Android 10; K) AppleWebKit/537.36 (KHTML, like Gecko) Chrome/150.0.0.0 Safari/537.36"
74.7.227.47 - - [17/Aug/2026:00:04:58 +0700] "GET /public/file.php?dir=CAAoptCAAcloudlinuxCAAvenvCAAlibCAApython3RAA11CAAsite-packagesCAAmock-5RAA1RAA0RAAdist-info HTTP/1.1" 200 4791 "https://karir.star4hire.com/public/file.php?dir=CAAoptCAAcloudlinuxCAAvenvCAAlibCAApython3RAA11CAAsite-packages" "Mozilla/5.0 AppleWebKit/537.36 (KHTML, like Gecko; compatible; GPTBot/1.4; +https://openai.com/gptbot)"
74.7.241.39 - - [17/Aug/2026:00:04:59 +0700] "GET /app/Resources/file.php?dir=CAAhomeCAAqtdcvxypCAAkarirRAAstar4hireRAAcomCAAwp-includesCAArest-api HTTP/1.1" 200 4676 "https://www.karir.star4hire.com/app/Resources/file.php?dir=CAAhomeCAAqtdcvxypCAAkarirRAAstar4hireRAAcomCAAwp-includes" "Mozilla/5.0 AppleWebKit/537.36 (KHTML, like Gecko; compatible; GPTBot/1.4; +https://openai.com/gptbot)"
157.85.202.28 - - [17/Aug/2026:00:04:59 +0700] "POST /wp-admin/admin-ajax.php HTTP/1.1" 200 62 "https://karir.star4hire.com/wp-admin/edit.php?post_type=s4h_event" "Mozilla/5.0 (Linux; Android 10; K) AppleWebKit/537.36 (KHTML, like Gecko) Chrome/150.0.0.0 Safari/537.36"
157.85.202.28 - - [17/Aug/2026:00:05:00 +0700] "GET /wp-admin/edit.php?post_type=s4h_event HTTP/1.1" 200 24000 "https://karir.star4hire.com/wp-admin/edit.php?post_type=s4h_event" "Mozilla/5.0 (Linux; Android 10; K) AppleWebKit/537.36 (KHTML, like Gecko) Chrome/150.0.0.0 Safari/537.36"
157.85.202.28 - - [17/Aug/2026:00:05:01 +0700] "POST /wp-admin/admin-ajax.php HTTP/1.1" 200 62 "https://karir.star4hire.com/wp-admin/edit.php?post_type=s4h_event" "Mozilla/5.0 (Linux; Android 10; K) AppleWebKit/537.36 (KHTML, like Gecko) Chrome/150.0.0.0 Safari/537.36"
157.85.202.28 - - [17/Aug/2026:00:05:05 +0700] "GET /wp-admin/admin.php?page=s4h-event-registrations HTTP/1.1" 200 20414 "https://karir.star4hire.com/wp-admin/edit.php?post_type=s4h_event" "Mozilla/5.0 (Linux; Android 10; K) AppleWebKit/537.36 (KHTML, like Gecko) Chrome/150.0.0.0 Safari/537.36"
157.85.202.28 - - [17/Aug/2026:00:05:06 +0700] "GET /wp-content/plugins/star4hire-core/assets/css/admin.css?ver=1.4.6 HTTP/1.1" 200 335 "https://karir.star4hire.com/wp-admin/admin.php?page=s4h-event-registrations" "Mozilla/5.0 (Linux; Android 10; K) AppleWebKit/537.36 (KHTML, like Gecko) Chrome/150.0.0.0 Safari/537.36"
157.85.202.28 - - [17/Aug/2026:00:05:21 +0700] "GET /wp-admin/edit.php?post_type=s4h_event HTTP/1.1" 200 24002 "https://karir.star4hire.com/wp-admin/admin.php?page=s4h-event-registrations" "Mozilla/5.0 (Linux; Android 10; K) AppleWebKit/537.36 (KHTML, like Gecko) Chrome/150.0.0.0 Safari/537.36"
157.85.202.28 - - [17/Aug/2026:00:05:22 +0700] "POST /wp-admin/admin-ajax.php HTTP/1.1" 200 62 "https://karir.star4hire.com/wp-admin/edit.php?post_type=s4h_event" "Mozilla/5.0 (Linux; Android 10; K) AppleWebKit/537.36 (KHTML, like Gecko) Chrome/150.0.0.0 Safari/537.36"
74.7.227.47 - - [17/Aug/2026:00:05:48 +0700] "GET /public/file.php?dir=CAAhomeCAAqtdcvxypCAApublic_htmlCAAsmsCAAaaCAAapplicationCAAthird_partyCAAomnipayCAAvendorCAAomnipay HTTP/1.1" 429 267 "https://karir.star4hire.com/public/file.php?dir=CAAhomeCAAqtdcvxypCAApublic_htmlCAAsmsCAAaaCAAapplicationCAAthird_partyCAAomnipayCAAvendor" "Mozilla/5.0 AppleWebKit/537.36 (KHTML, like Gecko; compatible; GPTBot/1.4; +https://openai.com/gptbot)"
157.85.202.28 - - [17/Aug/2026:00:05:50 +0700] "POST /wp-admin/admin-ajax.php HTTP/1.1" 200 62 "https://karir.star4hire.com/wp-admin/edit.php?post_type=s4h_event" "Mozilla/5.0 (Linux; Android 10; K) AppleWebKit/537.36 (KHTML, like Gecko) Chrome/150.0.0.0 Safari/537.36"
74.7.241.39 - - [17/Aug/2026:00:05:52 +0700] "GET /app/Resources/file.php?dir=CAAhomeCAAqtdcvxypCAAkarirRAAstar4hireRAAcomCAAwp-includes&edit=class-walker-comment.php HTTP/1.1" 429 267 "https://www.karir.star4hire.com/app/Resources/file.php?dir=CAAhomeCAAqtdcvxypCAAkarirRAAstar4hireRAAcomCAAwp-includes" "Mozilla/5.0 AppleWebKit/537.36 (KHTML, like Gecko; compatible; GPTBot/1.4; +https://openai.com/gptbot)"
157.85.202.28 - - [17/Aug/2026:00:05:57 +0700] "GET /wp-admin/post.php?post=38&action=edit HTTP/1.1" 200 65064 "https://karir.star4hire.com/wp-admin/edit.php?post_type=s4h_event" "Mozilla/5.0 (Linux; Android 10; K) AppleWebKit/537.36 (KHTML, like Gecko) Chrome/150.0.0.0 Safari/537.36"
157.85.202.28 - - [17/Aug/2026:00:05:58 +0700] "GET /wp-admin/post.php?post=38&action=edit HTTP/1.1" 200 166055 "https://karir.star4hire.com/wp-admin/edit.php?post_type=s4h_event" "Mozilla/5.0 (Linux; Android 10; K) AppleWebKit/537.36 (KHTML, like Gecko) Chrome/150.0.0.0 Safari/537.36"
157.85.202.28 - - [17/Aug/2026:00:05:58 +0700] "GET /wp-content/plugins/star4hire-core/assets/css/event-editor.css?ver=1.4.6 HTTP/1.1" 200 262 "https://karir.star4hire.com/wp-admin/post.php?post=38&action=edit" "Mozilla/5.0 (Linux; Android 10; K) AppleWebKit/537.36 (KHTML, like Gecko) Chrome/150.0.0.0 Safari/537.36"
157.85.202.28 - - [17/Aug/2026:00:05:59 +0700] "GET /wp-content/plugins/star4hire-core/assets/js/event-editor.js?ver=1.4.6 HTTP/1.1" 200 1733 "https://karir.star4hire.com/wp-admin/post.php?post=38&action=edit" "Mozilla/5.0 (Linux; Android 10; K) AppleWebKit/537.36 (KHTML, like Gecko) Chrome/150.0.0.0 Safari/537.36"
157.85.202.28 - - [17/Aug/2026:00:06:01 +0700] "GET /wp-json/wp/v2/templates/lookup?slug=front-page&_locale=user HTTP/1.1" 200 4355 "https://karir.star4hire.com/wp-admin/post.php?post=38&action=edit" "Mozilla/5.0 (Linux; Android 10; K) AppleWebKit/537.36 (KHTML, like Gecko) Chrome/150.0.0.0 Safari/537.36"
157.85.202.28 - - [17/Aug/2026:00:06:02 +0700] "OPTIONS /wp-json/wp/v2/settings?_locale=user HTTP/1.1" 200 1137 "https://karir.star4hire.com/wp-admin/post.php?post=38&action=edit" "Mozilla/5.0 (Linux; Android 10; K) AppleWebKit/537.36 (KHTML, like Gecko) Chrome/150.0.0.0 Safari/537.36"
157.85.202.28 - - [17/Aug/2026:00:06:02 +0700] "GET /wp-json/wp/v2/taxonomies?context=edit&per_page=100&_locale=user HTTP/1.1" 200 1327 "https://karir.star4hire.com/wp-admin/post.php?post=38&action=edit" "Mozilla/5.0 (Linux; Android 10; K) AppleWebKit/537.36 (KHTML, like Gecko) Chrome/150.0.0.0 Safari/537.36"
157.85.202.28 - - [17/Aug/2026:00:06:03 +0700] "GET /wp-json/wp/v2/wp_pattern_category?context=view&per_page=100&_fields=id%2Cname%2Cdescription%2Cslug&_locale=user HTTP/1.1" 200 16 "https://karir.star4hire.com/wp-admin/post.php?post=38&action=edit" "Mozilla/5.0 (Linux; Android 10; K) AppleWebKit/537.36 (KHTML, like Gecko) Chrome/150.0.0.0 Safari/537.36"
157.85.202.28 - - [17/Aug/2026:00:06:03 +0700] "OPTIONS /wp-json/wp/v2/s4h_event?_locale=user HTTP/1.1" 200 1931 "https://karir.star4hire.com/wp-admin/post.php?post=38&action=edit" "Mozilla/5.0 (Linux; Android 10; K) AppleWebKit/537.36 (KHTML, like Gecko) Chrome/150.0.0.0 Safari/537.36"
157.85.202.28 - - [17/Aug/2026:00:06:03 +0700] "GET /wp-json/wp/v2/templates/lookup?slug=front-page&_locale=user HTTP/1.1" 200 4355 "https://karir.star4hire.com/wp-admin/post.php?post=38&action=edit" "Mozilla/5.0 (Linux; Android 10; K) AppleWebKit/537.36 (KHTML, like Gecko) Chrome/150.0.0.0 Safari/537.36"
157.85.202.28 - - [17/Aug/2026:00:06:04 +0700] "GET /wp-json/wp/v2/templates/lookup?slug=single-s4h_event-38&_locale=user HTTP/1.1" 200 647 "https://karir.star4hire.com/wp-admin/post.php?post=38&action=edit" "Mozilla/5.0 (Linux; Android 10; K) AppleWebKit/537.36 (KHTML, like Gecko) Chrome/150.0.0.0 Safari/537.36"
157.85.202.28 - - [17/Aug/2026:00:06:10 +0700] "POST /wp-admin/admin-ajax.php HTTP/1.1" 200 88 "https://karir.star4hire.com/wp-admin/post.php?post=38&action=edit" "Mozilla/5.0 (Linux; Android 10; K) AppleWebKit/537.36 (KHTML, like Gecko) Chrome/150.0.0.0 Safari/537.36"
157.85.202.28 - - [17/Aug/2026:00:06:20 +0700] "POST /wp-admin/admin-ajax.php HTTP/1.1" 200 88 "https://karir.star4hire.com/wp-admin/post.php?post=38&action=edit" "Mozilla/5.0 (Linux; Android 10; K) AppleWebKit/537.36 (KHTML, like Gecko) Chrome/150.0.0.0 Safari/537.36"
157.85.202.28 - - [17/Aug/2026:00:06:30 +0700] "POST /wp-admin/admin-ajax.php HTTP/1.1" 200 88 "https://karir.star4hire.com/wp-admin/post.php?post=38&action=edit" "Mozilla/5.0 (Linux; Android 10; K) AppleWebKit/537.36 (KHTML, like Gecko) Chrome/150.0.0.0 Safari/537.36"
74.7.227.47 - - [17/Aug/2026:00:06:35 +0700] "GET /public/file.php?dir=CAAhomeCAAqtdcvxypCAAdreamleapRAAstar4hireRAAcomCAAwp-contentCAAthemesCAAeduraCAAincCAAedura-frameworkCAAplugins HTTP/1.1" 200 4439 "https://karir.star4hire.com/public/file.php?dir=CAAhomeCAAqtdcvxypCAAdreamleapRAAstar4hireRAAcomCAAwp-contentCAAthemesCAAeduraCAAincCAAedura-framework" "Mozilla/5.0 AppleWebKit/537.36 (KHTML, like Gecko; compatible; GPTBot/1.4; +https://openai.com/gptbot)"
173.252.82.10 - - [17/Aug/2026:00:06:35 +0700] "GET /robots.txt HTTP/1.1" 200 127 "-" "facebookexternalhit/1.1 (+http://www.facebook.com/externalhit_uatext.php)"
74.7.241.39 - - [17/Aug/2026:00:06:38 +0700] "GET /app/Resources/file.php?dir=CAAhomeCAAqtdcvxypCAAkarirRAAstar4hireRAAcomCAAwp-includesCAAai-client HTTP/1.1" 200 4526 "https://www.karir.star4hire.com/app/Resources/file.php?dir=CAAhomeCAAqtdcvxypCAAkarirRAAstar4hireRAAcomCAAwp-includes" "Mozilla/5.0 AppleWebKit/537.36 (KHTML, like Gecko; compatible; GPTBot/1.4; +https://openai.com/gptbot)"
157.85.202.28 - - [17/Aug/2026:00:06:41 +0700] "POST /wp-admin/admin-ajax.php HTTP/1.1" 200 1636 "https://karir.star4hire.com/wp-admin/post.php?post=38&action=edit" "Mozilla/5.0 (Linux; Android 10; K) AppleWebKit/537.36 (KHTML, like Gecko) Chrome/150.0.0.0 Safari/537.36"
157.85.202.28 - - [17/Aug/2026:00:06:41 +0700] "POST /wp-admin/admin-ajax.php HTTP/1.1" 200 88 "https://karir.star4hire.com/wp-admin/post.php?post=38&action=edit" "Mozilla/5.0 (Linux; Android 10; K) AppleWebKit/537.36 (KHTML, like Gecko) Chrome/150.0.0.0 Safari/537.36"
157.85.202.28 - - [17/Aug/2026:00:06:48 +0700] "GET /wp-json/wp/v2/media/30?context=view&_locale=user HTTP/1.1" 200 1035 "https://karir.star4hire.com/wp-admin/post.php?post=38&action=edit" "Mozilla/5.0 (Linux; Android 10; K) AppleWebKit/537.36 (KHTML, like Gecko) Chrome/150.0.0.0 Safari/537.36"
157.85.202.28 - - [17/Aug/2026:00:06:50 +0700] "POST /wp-admin/admin-ajax.php HTTP/1.1" 200 88 "https://karir.star4hire.com/wp-admin/post.php?post=38&action=edit" "Mozilla/5.0 (Linux; Android 10; K) AppleWebKit/537.36 (KHTML, like Gecko) Chrome/150.0.0.0 Safari/537.36"
157.85.202.28 - - [17/Aug/2026:00:06:53 +0700] "POST /wp-json/wp/v2/s4h_event/38?_locale=user HTTP/1.1" 200 1021 "https://karir.star4hire.com/wp-admin/post.php?post=38&action=edit" "Mozilla/5.0 (Linux; Android 10; K) AppleWebKit/537.36 (KHTML, like Gecko) Chrome/150.0.0.0 Safari/537.36"
157.85.202.28 - - [17/Aug/2026:00:07:00 +0700] "POST /wp-admin/admin-ajax.php HTTP/1.1" 200 88 "https://karir.star4hire.com/wp-admin/post.php?post=38&action=edit" "Mozilla/5.0 (Linux; Android 10; K) AppleWebKit/537.36 (KHTML, like Gecko) Chrome/150.0.0.0 Safari/537.36"
157.85.202.28 - - [17/Aug/2026:00:07:10 +0700] "POST /wp-admin/admin-ajax.php HTTP/1.1" 200 88 "https://karir.star4hire.com/wp-admin/post.php?post=38&action=edit" "Mozilla/5.0 (Linux; Android 10; K) AppleWebKit/537.36 (KHTML, like Gecko) Chrome/150.0.0.0 Safari/537.36"
157.85.202.28 - - [17/Aug/2026:00:07:20 +0700] "POST /wp-admin/admin-ajax.php HTTP/1.1" 200 88 "https://karir.star4hire.com/wp-admin/post.php?post=38&action=edit" "Mozilla/5.0 (Linux; Android 10; K) AppleWebKit/537.36 (KHTML, like Gecko) Chrome/150.0.0.0 Safari/537.36"
157.85.202.28 - - [17/Aug/2026:00:07:30 +0700] "GET / HTTP/1.1" 200 42105 "https://karir.star4hire.com/wp-admin/" "Mozilla/5.0 (Linux; Android 10; K) AppleWebKit/537.36 (KHTML, like Gecko) Chrome/150.0.0.0 Safari/537.36"
157.85.202.28 - - [17/Aug/2026:00:07:31 +0700] "POST /wp-admin/admin-ajax.php HTTP/1.1" 200 89 "https://karir.star4hire.com/wp-admin/post.php?post=38&action=edit" "Mozilla/5.0 (Linux; Android 10; K) AppleWebKit/537.36 (KHTML, like Gecko) Chrome/150.0.0.0 Safari/537.36"
157.85.202.28 - - [17/Aug/2026:00:07:31 +0700] "GET /favicon.ico HTTP/1.1" 302 5 "https://karir.star4hire.com/" "Mozilla/5.0 (Linux; Android 10; K) AppleWebKit/537.36 (KHTML, like Gecko) Chrome/150.0.0.0 Safari/537.36"
74.7.227.47 - - [17/Aug/2026:00:07:40 +0700] "GET /public/file.php?dir=CAAoptCAAcpanelCAAea-wappspectorCAAvendorCAArectorCAArectorCAAsrcCAANodeTypeResolverCAAPHPStan HTTP/1.1" 200 4708 "https://karir.star4hire.com/public/file.php?dir=CAAoptCAAcpanelCAAea-wappspectorCAAvendorCAArectorCAArectorCAAsrcCAANodeTypeResolver" "Mozilla/5.0 AppleWebKit/537.36 (KHTML, like Gecko; compatible; GPTBot/1.4; +https://openai.com/gptbot)"
74.7.241.39 - - [17/Aug/2026:00:07:45 +0700] "GET /app/Resources/file.php?dir=CAAhomeCAAqtdcvxypCAAkarirRAAstar4hireRAAcomCAAwp-includesCAAphp-compat HTTP/1.1" 200 4285 "https://www.karir.star4hire.com/app/Resources/file.php?dir=CAAhomeCAAqtdcvxypCAAkarirRAAstar4hireRAAcomCAAwp-includes" "Mozilla/5.0 AppleWebKit/537.36 (KHTML, like Gecko; compatible; GPTBot/1.4; +https://openai.com/gptbot)"
103.15.226.176 - - [17/Aug/2026:00:07:50 +0700] "POST /wp-cron.php?doing_wp_cron=1786900069.4024629592895507812500 HTTP/1.1" 200 0 "-" "WordPress/7.0.4; https://karir.star4hire.com"
157.85.202.28 - - [17/Aug/2026:00:07:50 +0700] "GET /events/ HTTP/1.1" 200 39314 "https://karir.star4hire.com/" "Mozilla/5.0 (Linux; Android 10; K) AppleWebKit/537.36 (KHTML, like Gecko) Chrome/150.0.0.0 Safari/537.36"
157.85.202.28 - - [17/Aug/2026:00:07:50 +0700] "GET /wp-content/plugins/star4hire-core/assets/js/events.js?ver=1.4.6 HTTP/1.1" 200 408 "https://karir.star4hire.com/events/" "Mozilla/5.0 (Linux; Android 10; K) AppleWebKit/537.36 (KHTML, like Gecko) Chrome/150.0.0.0 Safari/537.36"
157.85.202.28 - - [17/Aug/2026:00:07:50 +0700] "GET /wp-content/plugins/star4hire-core/assets/js/assessment.js?ver=1.4.6 HTTP/1.1" 200 1877 "https://karir.star4hire.com/events/" "Mozilla/5.0 (Linux; Android 10; K) AppleWebKit/537.36 (KHTML, like Gecko) Chrome/150.0.0.0 Safari/537.36"
157.85.202.28 - - [17/Aug/2026:00:07:50 +0700] "GET /wp-content/plugins/star4hire-core/assets/js/english-test.js?ver=1.4.6 HTTP/1.1" 200 2759 "https://karir.star4hire.com/events/" "Mozilla/5.0 (Linux; Android 10; K) AppleWebKit/537.36 (KHTML, like Gecko) Chrome/150.0.0.0 Safari/537.36"
157.85.202.28 - - [17/Aug/2026:00:08:17 +0700] "POST /wp-admin/admin-ajax.php HTTP/1.1" 200 88 "https://karir.star4hire.com/wp-admin/post.php?post=38&action=edit" "Mozilla/5.0 (Linux; Android 10; K) AppleWebKit/537.36 (KHTML, like Gecko) Chrome/150.0.0.0 Safari/537.36"
157.85.202.28 - - [17/Aug/2026:00:08:21 +0700] "POST /wp-admin/admin-ajax.php HTTP/1.1" 200 1 "https://karir.star4hire.com/wp-admin/post.php?post=38&action=edit" "Mozilla/5.0 (Linux; Android 10; K) AppleWebKit/537.36 (KHTML, like Gecko) Chrome/150.0.0.0 Safari/537.36"
157.85.202.28 - - [17/Aug/2026:00:08:22 +0700] "GET /wp-admin/edit.php?post_type=s4h_event HTTP/1.1" 200 24013 "https://karir.star4hire.com/wp-admin/post.php?post=38&action=edit" "Mozilla/5.0 (Linux; Android 10; K) AppleWebKit/537.36 (KHTML, like Gecko) Chrome/150.0.0.0 Safari/537.36"
157.85.202.28 - - [17/Aug/2026:00:08:23 +0700] "POST /wp-admin/admin-ajax.php HTTP/1.1" 200 62 "https://karir.star4hire.com/wp-admin/edit.php?post_type=s4h_event" "Mozilla/5.0 (Linux; Android 10; K) AppleWebKit/537.36 (KHTML, like Gecko) Chrome/150.0.0.0 Safari/537.36"
157.85.202.28 - - [17/Aug/2026:00:08:24 +0700] "GET /wp-admin/edit.php?post_type=s4h_event HTTP/1.1" 200 0 "https://karir.star4hire.com/wp-admin/edit.php?post_type=s4h_event" "Mozilla/5.0 (Linux; Android 10; K) AppleWebKit/537.36 (KHTML, like Gecko) Chrome/150.0.0.0 Safari/537.36"
157.85.202.28 - - [17/Aug/2026:00:08:25 +0700] "GET /wp-admin/edit.php?post_type=s4h_event HTTP/1.1" 200 24005 "https://karir.star4hire.com/wp-admin/edit.php?post_type=s4h_event" "Mozilla/5.0 (Linux; Android 10; K) AppleWebKit/537.36 (KHTML, like Gecko) Chrome/150.0.0.0 Safari/537.36"
157.85.202.28 - - [17/Aug/2026:00:08:27 +0700] "POST /wp-admin/admin-ajax.php HTTP/1.1" 200 62 "https://karir.star4hire.com/wp-admin/edit.php?post_type=s4h_event" "Mozilla/5.0 (Linux; Android 10; K) AppleWebKit/537.36 (KHTML, like Gecko) Chrome/150.0.0.0 Safari/537.36"
157.85.202.28 - - [17/Aug/2026:00:08:30 +0700] "GET /wp-admin/post.php?post=29&action=edit HTTP/1.1" 200 0 "https://karir.star4hire.com/wp-admin/edit.php?post_type=s4h_event" "Mozilla/5.0 (Linux; Android 10; K) AppleWebKit/537.36 (KHTML, like Gecko) Chrome/150.0.0.0 Safari/537.36"
157.85.202.28 - - [17/Aug/2026:00:08:31 +0700] "GET /wp-admin/post.php?post=29&action=edit HTTP/1.1" 200 166395 "https://karir.star4hire.com/wp-admin/edit.php?post_type=s4h_event" "Mozilla/5.0 (Linux; Android 10; K) AppleWebKit/537.36 (KHTML, like Gecko) Chrome/150.0.0.0 Safari/537.36"
157.85.202.28 - - [17/Aug/2026:00:08:34 +0700] "GET /wp-json/wp/v2/templates/lookup?slug=front-page&_locale=user HTTP/1.1" 200 4355 "https://karir.star4hire.com/wp-admin/post.php?post=29&action=edit" "Mozilla/5.0 (Linux; Android 10; K) AppleWebKit/537.36 (KHTML, like Gecko) Chrome/150.0.0.0 Safari/537.36"
157.85.202.28 - - [17/Aug/2026:00:08:34 +0700] "GET /wp-json/wp/v2/wp_pattern_category?context=view&per_page=100&_fields=id%2Cname%2Cdescription%2Cslug&_locale=user HTTP/1.1" 200 16 "https://karir.star4hire.com/wp-admin/post.php?post=29&action=edit" "Mozilla/5.0 (Linux; Android 10; K) AppleWebKit/537.36 (KHTML, like Gecko) Chrome/150.0.0.0 Safari/537.36"
157.85.202.28 - - [17/Aug/2026:00:08:34 +0700] "OPTIONS /wp-json/wp/v2/s4h_event?_locale=user HTTP/1.1" 200 1931 "https://karir.star4hire.com/wp-admin/post.php?post=29&action=edit" "Mozilla/5.0 (Linux; Android 10; K) AppleWebKit/537.36 (KHTML, like Gecko) Chrome/150.0.0.0 Safari/537.36"
157.85.202.28 - - [17/Aug/2026:00:08:34 +0700] "GET /wp-json/wp/v2/taxonomies?context=edit&per_page=100&_locale=user HTTP/1.1" 200 1327 "https://karir.star4hire.com/wp-admin/post.php?post=29&action=edit" "Mozilla/5.0 (Linux; Android 10; K) AppleWebKit/537.36 (KHTML, like Gecko) Chrome/150.0.0.0 Safari/537.36"
157.85.202.28 - - [17/Aug/2026:00:08:34 +0700] "OPTIONS /wp-json/wp/v2/settings?_locale=user HTTP/1.1" 200 1137 "https://karir.star4hire.com/wp-admin/post.php?post=29&action=edit" "Mozilla/5.0 (Linux; Android 10; K) AppleWebKit/537.36 (KHTML, like Gecko) Chrome/150.0.0.0 Safari/537.36"
157.85.202.28 - - [17/Aug/2026:00:08:35 +0700] "GET /wp-json/wp/v2/media/30?context=view&_locale=user HTTP/1.1" 200 1035 "https://karir.star4hire.com/wp-admin/post.php?post=29&action=edit" "Mozilla/5.0 (Linux; Android 10; K) AppleWebKit/537.36 (KHTML, like Gecko) Chrome/150.0.0.0 Safari/537.36"
157.85.202.28 - - [17/Aug/2026:00:08:36 +0700] "GET /wp-json/wp/v2/templates/lookup?slug=front-page&_locale=user HTTP/1.1" 200 4355 "https://karir.star4hire.com/wp-admin/post.php?post=29&action=edit" "Mozilla/5.0 (Linux; Android 10; K) AppleWebKit/537.36 (KHTML, like Gecko) Chrome/150.0.0.0 Safari/537.36"
157.85.202.28 - - [17/Aug/2026:00:08:36 +0700] "GET /wp-json/wp/v2/templates/lookup?slug=single-s4h_event-webinar&_locale=user HTTP/1.1" 200 647 "https://karir.star4hire.com/wp-admin/post.php?post=29&action=edit" "Mozilla/5.0 (Linux; Android 10; K) AppleWebKit/537.36 (KHTML, like Gecko) Chrome/150.0.0.0 Safari/537.36"
74.7.227.47 - - [17/Aug/2026:00:08:38 +0700] "GET /public/file.php?dir=CAAhomeCAAqtdcvxypCAApublic_htmlCAAsmsCAA_CAAonlineCAAsmart_school_online_course_srcCAAstep-2CAAapplicationCAAlanguageCAASlovakian HTTP/1.1" 200 4305 "https://karir.star4hire.com/public/file.php?dir=CAAhomeCAAqtdcvxypCAApublic_htmlCAAsmsCAA_CAAonlineCAAsmart_school_online_course_srcCAAstep-2CAAapplicationCAAlanguage" "Mozilla/5.0 AppleWebKit/537.36 (KHTML, like Gecko; compatible; GPTBot/1.4; +https://openai.com/gptbot)"
157.85.202.28 - - [17/Aug/2026:00:08:38 +0700] "POST /wp-admin/admin-ajax.php HTTP/1.1" 200 1642 "https://karir.star4hire.com/wp-admin/post.php?post=29&action=edit" "Mozilla/5.0 (Linux; Android 10; K) AppleWebKit/537.36 (KHTML, like Gecko) Chrome/150.0.0.0 Safari/537.36"
74.7.241.39 - - [17/Aug/2026:00:08:42 +0700] "GET /app/Events/file.php?dir=CAAhomeCAAqtdcvxypCAAkarirRAAstar4hireRAAcomCAAwp-adminCAAjs&edit=post.js HTTP/1.1" 200 15121 "https://www.karir.star4hire.com/app/Events/file.php?dir=CAAhomeCAAqtdcvxypCAAkarirRAAstar4hireRAAcomCAAwp-adminCAAjs" "Mozilla/5.0 AppleWebKit/537.36 (KHTML, like Gecko; compatible; GPTBot/1.4; +https://openai.com/gptbot)"
157.85.202.28 - - [17/Aug/2026:00:08:42 +0700] "POST /wp-admin/admin-ajax.php HTTP/1.1" 200 88 "https://karir.star4hire.com/wp-admin/post.php?post=29&action=edit" "Mozilla/5.0 (Linux; Android 10; K) AppleWebKit/537.36 (KHTML, like Gecko) Chrome/150.0.0.0 Safari/537.36"
157.85.202.28 - - [17/Aug/2026:00:08:43 +0700] "GET /wp-json/wp/v2/media/32?context=view&_locale=user HTTP/1.1" 200 1032 "https://karir.star4hire.com/wp-admin/post.php?post=29&action=edit" "Mozilla/5.0 (Linux; Android 10; K) AppleWebKit/537.36 (KHTML, like Gecko) Chrome/150.0.0.0 Safari/537.36"
157.85.202.28 - - [17/Aug/2026:00:08:45 +0700] "POST /wp-json/wp/v2/s4h_event/29?_locale=user HTTP/1.1" 200 1192 "https://karir.star4hire.com/wp-admin/post.php?post=29&action=edit" "Mozilla/5.0 (Linux; Android 10; K) AppleWebKit/537.36 (KHTML, like Gecko) Chrome/150.0.0.0 Safari/537.36"
157.85.202.28 - - [17/Aug/2026:00:08:53 +0700] "POST /wp-admin/admin-ajax.php HTTP/1.1" 200 88 "https://karir.star4hire.com/wp-admin/post.php?post=29&action=edit" "Mozilla/5.0 (Linux; Android 10; K) AppleWebKit/537.36 (KHTML, like Gecko) Chrome/150.0.0.0 Safari/537.36"
157.85.202.28 - - [17/Aug/2026:00:08:54 +0700] "GET /events/ HTTP/1.1" 200 39314 "https://karir.star4hire.com/" "Mozilla/5.0 (Linux; Android 10; K) AppleWebKit/537.36 (KHTML, like Gecko) Chrome/150.0.0.0 Safari/537.36"
157.85.202.28 - - [17/Aug/2026:00:08:56 +0700] "GET /favicon.ico HTTP/1.1" 302 5 "https://karir.star4hire.com/events/" "Mozilla/5.0 (Linux; Android 10; K) AppleWebKit/537.36 (KHTML, like Gecko) Chrome/150.0.0.0 Safari/537.36"
69.63.184.27 - - [17/Aug/2026:00:08:59 +0700] "GET /robots.txt HTTP/1.1" 200 127 "-" "facebookexternalhit/1.1 (+http://www.facebook.com/externalhit_uatext.php)"
157.85.202.28 - - [17/Aug/2026:00:09:03 +0700] "POST /wp-admin/admin-ajax.php HTTP/1.1" 200 89 "https://karir.star4hire.com/wp-admin/post.php?post=29&action=edit" "Mozilla/5.0 (Linux; Android 10; K) AppleWebKit/537.36 (KHTML, like Gecko) Chrome/150.0.0.0 Safari/537.36"
157.85.202.28 - - [17/Aug/2026:00:09:04 +0700] "POST /wp-admin/admin-ajax.php HTTP/1.1" 200 1 "https://karir.star4hire.com/wp-admin/post.php?post=29&action=edit" "Mozilla/5.0 (Linux; Android 10; K) AppleWebKit/537.36 (KHTML, like Gecko) Chrome/150.0.0.0 Safari/537.36"
157.85.202.28 - - [17/Aug/2026:00:09:04 +0700] "GET /wp-admin/edit.php?post_type=s4h_event HTTP/1.1" 200 24013 "https://karir.star4hire.com/wp-admin/post.php?post=29&action=edit" "Mozilla/5.0 (Linux; Android 10; K) AppleWebKit/537.36 (KHTML, like Gecko) Chrome/150.0.0.0 Safari/537.36"
157.85.202.28 - - [17/Aug/2026:00:09:06 +0700] "POST /wp-admin/admin-ajax.php HTTP/1.1" 200 62 "https://karir.star4hire.com/wp-admin/edit.php?post_type=s4h_event" "Mozilla/5.0 (Linux; Android 10; K) AppleWebKit/537.36 (KHTML, like Gecko) Chrome/150.0.0.0 Safari/537.36"
157.85.202.28 - - [17/Aug/2026:00:09:16 +0700] "POST /wp-admin/admin-ajax.php HTTP/1.1" 200 62 "https://karir.star4hire.com/wp-admin/edit.php?post_type=s4h_event" "Mozilla/5.0 (Linux; Android 10; K) AppleWebKit/537.36 (KHTML, like Gecko) Chrome/150.0.0.0 Safari/537.36"
157.85.202.28 - - [17/Aug/2026:00:09:26 +0700] "POST /wp-admin/admin-ajax.php HTTP/1.1" 200 62 "https://karir.star4hire.com/wp-admin/edit.php?post_type=s4h_event" "Mozilla/5.0 (Linux; Android 10; K) AppleWebKit/537.36 (KHTML, like Gecko) Chrome/150.0.0.0 Safari/537.36"
74.7.227.47 - - [17/Aug/2026:00:09:28 +0700] "GET /public/file.php?dir=CAAhomeCAAqtdcvxypCAApublic_htmlCAAsmsCAA_CAAonlineCAAsmart_school_online_course_srcCAAstep-2CAAapplicationCAAlanguageCAAPortuguese HTTP/1.1" 200 4301 "https://karir.star4hire.com/public/file.php?dir=CAAhomeCAAqtdcvxypCAApublic_htmlCAAsmsCAA_CAAonlineCAAsmart_school_online_course_srcCAAstep-2CAAapplicationCAAlanguage" "Mozilla/5.0 AppleWebKit/537.36 (KHTML, like Gecko; compatible; GPTBot/1.4; +https://openai.com/gptbot)"
74.7.241.39 - - [17/Aug/2026:00:09:32 +0700] "GET /app/Helpers/file.php?dir=CAAhomeCAAqtdcvxypCAAkarirRAAstar4hireRAAcomCAAwp-adminCAAjs&edit=post.js HTTP/1.1" 200 15123 "https://www.karir.star4hire.com/app/Helpers/file.php?dir=CAAhomeCAAqtdcvxypCAAkarirRAAstar4hireRAAcomCAAwp-adminCAAjs" "Mozilla/5.0 AppleWebKit/537.36 (KHTML, like Gecko; compatible; GPTBot/1.4; +https://openai.com/gptbot)"
157.85.202.28 - - [17/Aug/2026:00:09:37 +0700] "POST /wp-admin/admin-ajax.php HTTP/1.1" 200 62 "https://karir.star4hire.com/wp-admin/edit.php?post_type=s4h_event" "Mozilla/5.0 (Linux; Android 10; K) AppleWebKit/537.36 (KHTML, like Gecko) Chrome/150.0.0.0 Safari/537.36"
157.85.202.28 - - [17/Aug/2026:00:09:48 +0700] "POST /wp-admin/admin-ajax.php HTTP/1.1" 200 62 "https://karir.star4hire.com/wp-admin/edit.php?post_type=s4h_event" "Mozilla/5.0 (Linux; Android 10; K) AppleWebKit/537.36 (KHTML, like Gecko) Chrome/150.0.0.0 Safari/537.36"
74.7.227.47 - - [17/Aug/2026:00:10:15 +0700] "GET /public/file.php?dir=CAAhomeCAAqtdcvxypCAApublic_htmlCAAsmsCAA_CAAonlineCAAsmart_school_online_course_srcCAAstep-2CAAapplicationCAAlanguageCAAHungarian HTTP/1.1" 200 4301 "https://karir.star4hire.com/public/file.php?dir=CAAhomeCAAqtdcvxypCAApublic_htmlCAAsmsCAA_CAAonlineCAAsmart_school_online_course_srcCAAstep-2CAAapplicationCAAlanguage" "Mozilla/5.0 AppleWebKit/537.36 (KHTML, like Gecko; compatible; GPTBot/1.4; +https://openai.com/gptbot)"
74.7.241.39 - - [17/Aug/2026:00:10:18 +0700] "GET /app/Resources/file.php?action=download&dir=CAAhomeCAAqtdcvxypCAAkarirRAAstar4hireRAAcomCAAwp-includes&file=formatting.php HTTP/1.1" 200 57062 "https://www.karir.star4hire.com/app/Resources/file.php?dir=CAAhomeCAAqtdcvxypCAAkarirRAAstar4hireRAAcomCAAwp-includes" "Mozilla/5.0 AppleWebKit/537.36 (KHTML, like Gecko; compatible; GPTBot/1.4; +https://openai.com/gptbot)"
74.7.227.47 - - [17/Aug/2026:00:10:58 +0700] "GET /public/file.php?dir=CAAhomeCAAqtdcvxypCAApublic_htmlCAAsmsCAA_CAAonlineCAAsmart_school_online_course_srcCAAstep-2CAAapplicationCAAlanguageCAASundanese HTTP/1.1" 200 4304 "https://karir.star4hire.com/public/file.php?dir=CAAhomeCAAqtdcvxypCAApublic_htmlCAAsmsCAA_CAAonlineCAAsmart_school_online_course_srcCAAstep-2CAAapplicationCAAlanguage" "Mozilla/5.0 AppleWebKit/537.36 (KHTML, like Gecko; compatible; GPTBot/1.4; +https://openai.com/gptbot)"
74.7.241.39 - - [17/Aug/2026:00:11:01 +0700] "GET /app/Events/file.php?dir=CAAhomeCAAqtdcvxypCAAkarirRAAstar4hireRAAcomCAAwp-adminCAAuser HTTP/1.1" 200 4903 "https://www.karir.star4hire.com/app/Events/file.php?dir=CAAhomeCAAqtdcvxypCAAkarirRAAstar4hireRAAcomCAAwp-admin" "Mozilla/5.0 AppleWebKit/537.36 (KHTML, like Gecko; compatible; GPTBot/1.4; +https://openai.com/gptbot)"
74.7.227.47 - - [17/Aug/2026:00:11:36 +0700] "GET /public/file.php?dir=CAAhomeCAAqtdcvxypCAApublic_htmlCAAsmsCAA_CAAonlineCAAsmart_school_online_course_srcCAAstep-2CAAapplicationCAAlanguageCAANorwegian HTTP/1.1" 200 4307 "https://karir.star4hire.com/public/file.php?dir=CAAhomeCAAqtdcvxypCAApublic_htmlCAAsmsCAA_CAAonlineCAAsmart_school_online_course_srcCAAstep-2CAAapplicationCAAlanguage" "Mozilla/5.0 AppleWebKit/537.36 (KHTML, like Gecko; compatible; GPTBot/1.4; +https://openai.com/gptbot)"
74.7.241.39 - - [17/Aug/2026:00:11:39 +0700] "GET /app/Console/file.php?dir=CAAhomeCAAqtdcvxypCAAkarirRAAstar4hireRAAcomCAAwp-adminCAAjs HTTP/1.1" 200 10296 "https://www.karir.star4hire.com/app/Console/file.php?dir=CAAhomeCAAqtdcvxypCAAkarirRAAstar4hireRAAcomCAAwp-admin" "Mozilla/5.0 AppleWebKit/537.36 (KHTML, like Gecko; compatible; GPTBot/1.4; +https://openai.com/gptbot)"
74.7.241.39 - - [17/Aug/2026:00:12:17 +0700] "GET /app/Resources/file.php?dir=CAAhomeCAAqtdcvxypCAAkarirRAAstar4hireRAAcomCAAwp-includesCAAphp-ai-clientCAAsrc&edit=AiClient.php HTTP/1.1" 200 6365 "https://www.karir.star4hire.com/app/Resources/file.php?dir=CAAhomeCAAqtdcvxypCAAkarirRAAstar4hireRAAcomCAAwp-includesCAAphp-ai-clientCAAsrc" "Mozilla/5.0 AppleWebKit/537.36 (KHTML, like Gecko; compatible; GPTBot/1.4; +https://openai.com/gptbot)"
74.7.227.47 - - [17/Aug/2026:00:12:19 +0700] "GET /public/file.php?dir=CAAoptCAAcloudlinuxCAAvenvCAAlibCAApython3RAA11CAAsite-packagesCAAfrozenlist-1RAA4RAA0RAAdist-info&edit=LICENSE HTTP/1.1" 200 6913 "https://karir.star4hire.com/public/file.php?dir=CAAoptCAAcloudlinuxCAAvenvCAAlibCAApython3RAA11CAAsite-packagesCAAfrozenlist-1RAA4RAA0RAAdist-info" "Mozilla/5.0 AppleWebKit/537.36 (KHTML, like Gecko; compatible; GPTBot/1.4; +https://openai.com/gptbot)"
74.7.227.47 - - [17/Aug/2026:00:12:39 +0700] "GET /public/file.php?dir=CAAhomeCAAqtdcvxypCAApublic_htmlCAAsmsCAA_CAAonlineCAAsmart_school_online_course_srcCAAstep-2CAAapplicationCAAlanguageCAAIcelandic HTTP/1.1" 200 4305 "https://karir.star4hire.com/public/file.php?dir=CAAhomeCAAqtdcvxypCAApublic_htmlCAAsmsCAA_CAAonlineCAAsmart_school_online_course_srcCAAstep-2CAAapplicationCAAlanguage" "Mozilla/5.0 AppleWebKit/537.36 (KHTML, like Gecko; compatible; GPTBot/1.4; +https://openai.com/gptbot)"
74.7.241.39 - - [17/Aug/2026:00:12:41 +0700] "GET /app/Rules/file.php?dir=CAAhomeCAAqtdcvxypCAAkarirRAAstar4hireRAAcomCAAwp-includesCAAjs HTTP/1.1" 200 11066 "https://www.karir.star4hire.com/app/Rules/file.php?dir=CAAhomeCAAqtdcvxypCAAkarirRAAstar4hireRAAcomCAAwp-includes" "Mozilla/5.0 AppleWebKit/537.36 (KHTML, like Gecko; compatible; GPTBot/1.4; +https://openai.com/gptbot)"
74.7.227.47 - - [17/Aug/2026:00:13:06 +0700] "GET /public/file.php?dir=CAAoptCAAimunify360CAAvenvCAAlibCAApython3RAA11CAAsite-packagesCAAplayhouse HTTP/1.1" 200 5822 "https://karir.star4hire.com/public/file.php?dir=CAAoptCAAimunify360CAAvenvCAAlibCAApython3RAA11CAAsite-packages" "Mozilla/5.0 AppleWebKit/537.36 (KHTML, like Gecko; compatible; GPTBot/1.4; +https://openai.com/gptbot)"
74.7.241.39 - - [17/Aug/2026:00:13:09 +0700] "GET /app/Console/file.php?dir=CAAhomeCAAqtdcvxypCAAkarirRAAstar4hireRAAcomCAARAAwell-known HTTP/1.1" 200 4386 "https://www.karir.star4hire.com/app/Console/file.php?dir=CAAhomeCAAqtdcvxypCAAkarirRAAstar4hireRAAcom" "Mozilla/5.0 AppleWebKit/537.36 (KHTML, like Gecko; compatible; GPTBot/1.4; +https://openai.com/gptbot)"
74.7.227.47 - - [17/Aug/2026:00:13:31 +0700] "GET /public/file.php?dir=CAAoptCAAimunify360CAAvenvCAAlibCAApython3RAA11CAAsite-packagesCAAnatsCAAjs HTTP/1.1" 200 4880 "https://karir.star4hire.com/public/file.php?dir=CAAoptCAAimunify360CAAvenvCAAlibCAApython3RAA11CAAsite-packagesCAAnats" "Mozilla/5.0 AppleWebKit/537.36 (KHTML, like Gecko; compatible; GPTBot/1.4; +https://openai.com/gptbot)"
74.7.241.39 - - [17/Aug/2026:00:13:33 +0700] "GET /app/Traits/file.php?dir=CAAhomeCAAqtdcvxypCAAkarirRAAstar4hireRAAcomCAARAAwell-known HTTP/1.1" 200 4386 "https://www.karir.star4hire.com/app/Traits/file.php?dir=CAAhomeCAAqtdcvxypCAAkarirRAAstar4hireRAAcom" "Mozilla/5.0 AppleWebKit/537.36 (KHTML, like Gecko; compatible; GPTBot/1.4; +https://openai.com/gptbot)"
74.7.227.47 - - [17/Aug/2026:00:13:53 +0700] "GET /public/file.php?dir=CAAoptCAAimunify360CAAvenvCAAlibCAApython3RAA11CAAsite-packagesCAApython_pam-1RAA8RAA4RAAdist-info&edit=metadata.json HTTP/1.1" 200 3591 "https://karir.star4hire.com/public/file.php?dir=CAAoptCAAimunify360CAAvenvCAAlibCAApython3RAA11CAAsite-packagesCAApython_pam-1RAA8RAA4RAAdist-info" "Mozilla/5.0 AppleWebKit/537.36 (KHTML, like Gecko; compatible; GPTBot/1.4; +https://openai.com/gptbot)"
74.7.241.39 - - [17/Aug/2026:00:13:56 +0700] "GET /app/Events/file.php?dir=CAAhomeCAAqtdcvxypCAAkarirRAAstar4hireRAAcomCAAwp-includesCAAblock-bindings&edit=post-data.php HTTP/1.1" 200 4209 "https://www.karir.star4hire.com/app/Events/file.php?dir=CAAhomeCAAqtdcvxypCAAkarirRAAstar4hireRAAcomCAAwp-includesCAAblock-bindings" "Mozilla/5.0 AppleWebKit/537.36 (KHTML, like Gecko; compatible; GPTBot/1.4; +https://openai.com/gptbot)"
74.7.227.47 - - [17/Aug/2026:00:14:14 +0700] "GET /public/file.php?dir=CAAoptCAAaltCAAalt-nodejs6CAArootCAAusrCAAshareCAAX11 HTTP/1.1" 200 3873 "https://karir.star4hire.com/public/file.php?dir=CAAoptCAAaltCAAalt-nodejs6CAArootCAAusrCAAshare" "Mozilla/5.0 AppleWebKit/537.36 (KHTML, like Gecko; compatible; GPTBot/1.4; +https://openai.com/gptbot)"
74.7.241.39 - - [17/Aug/2026:00:14:15 +0700] "GET /app/Events/file.php?dir=CAAhomeCAAqtdcvxypCAAkarirRAAstar4hireRAAcomCAAwp-includesCAAblock-bindings&edit=post-meta.php HTTP/1.1" 200 3858 "https://www.karir.star4hire.com/app/Events/file.php?dir=CAAhomeCAAqtdcvxypCAAkarirRAAstar4hireRAAcomCAAwp-includesCAAblock-bindings" "Mozilla/5.0 AppleWebKit/537.36 (KHTML, like Gecko; compatible; GPTBot/1.4; +https://openai.com/gptbot)"
74.7.227.47 - - [17/Aug/2026:00:14:33 +0700] "GET /public/file.php?dir=CAAoptCAAaltCAAalt-nodejs8CAArootCAAusrCAAshareCAAX11 HTTP/1.1" 200 3873 "https://karir.star4hire.com/public/file.php?dir=CAAoptCAAaltCAAalt-nodejs8CAArootCAAusrCAAshare" "Mozilla/5.0 AppleWebKit/537.36 (KHTML, like Gecko; compatible; GPTBot/1.4; +https://openai.com/gptbot)"
74.7.241.39 - - [17/Aug/2026:00:14:33 +0700] "GET /app/Rules/file.php?dir=CAAhomeCAAqtdcvxypCAAkarirRAAstar4hireRAAcomCAAwp-includesCAAblock-bindings&edit=post-meta.php HTTP/1.1" 200 3859 "https://www.karir.star4hire.com/app/Rules/file.php?dir=CAAhomeCAAqtdcvxypCAAkarirRAAstar4hireRAAcomCAAwp-includesCAAblock-bindings" "Mozilla/5.0 AppleWebKit/537.36 (KHTML, like Gecko; compatible; GPTBot/1.4; +https://openai.com/gptbot)"
103.15.226.176 - - [17/Aug/2026:00:14:44 +0700] "POST /wp-cron.php?doing_wp_cron=1786900483.2352750301361083984375 HTTP/1.1" 499 0 "-" "WordPress/7.0.4; https://karir.star4hire.com"
173.252.69.114 - - [17/Aug/2026:00:14:44 +0700] "GET /robots.txt HTTP/1.1" 200 127 "-" "facebookexternalhit/1.1 (+http://www.facebook.com/externalhit_uatext.php)"
74.7.227.47 - - [17/Aug/2026:00:14:47 +0700] "GET /public/file.php?dir=CAAhomeCAAqtdcvxypCAAglobalenglishRAAstar4hireRAAcomCAAwp-contentCAApluginsCAAall-in-one-seo-packCAAappCAACommonCAACore HTTP/1.1" 200 4350 "https://karir.star4hire.com/public/file.php?dir=CAAhomeCAAqtdcvxypCAAglobalenglishRAAstar4hireRAAcomCAAwp-contentCAApluginsCAAall-in-one-seo-packCAAappCAACommon" "Mozilla/5.0 AppleWebKit/537.36 (KHTML, like Gecko; compatible; GPTBot/1.4; +https://openai.com/gptbot)"
74.7.241.39 - - [17/Aug/2026:00:14:48 +0700] "GET /app/Rules/file.php?dir=CAAhomeCAAqtdcvxypCAAkarirRAAstar4hireRAAcomCAAwp-includesCAAblock-bindings&edit=post-data.php HTTP/1.1" 200 4210 "https://www.karir.star4hire.com/app/Rules/file.php?dir=CAAhomeCAAqtdcvxypCAAkarirRAAstar4hireRAAcomCAAwp-includesCAAblock-bindings" "Mozilla/5.0 AppleWebKit/537.36 (KHTML, like Gecko; compatible; GPTBot/1.4; +https://openai.com/gptbot)"
74.7.227.47 - - [17/Aug/2026:00:15:01 +0700] "GET /public/file.php?dir=CAAoptCAAaltCAAlibicu71CAAusrCAAshareCAAdocCAAalt-libicu71-develCAAsamplesCAAdatefmtCAAanswers HTTP/1.1" 200 4470 "https://karir.star4hire.com/public/file.php?dir=CAAoptCAAaltCAAlibicu71CAAusrCAAshareCAAdocCAAalt-libicu71-develCAAsamplesCAAdatefmt" "Mozilla/5.0 AppleWebKit/537.36 (KHTML, like Gecko; compatible; GPTBot/1.4; +https://openai.com/gptbot)"
74.7.241.39 - - [17/Aug/2026:00:15:03 +0700] "GET /app/Resources/%s HTTP/1.1" 400 150 "-" "-"
74.7.227.47 - - [17/Aug/2026:00:15:14 +0700] "GET /public/file.php?dir=CAAoptCAAaltCAAlibicu65CAAusrCAAshareCAAdocCAAalt-libicu65-develCAAsamplesCAAufortune HTTP/1.1" 200 4902 "https://karir.star4hire.com/public/file.php?dir=CAAoptCAAaltCAAlibicu65CAAusrCAAshareCAAdocCAAalt-libicu65-develCAAsamples" "Mozilla/5.0 AppleWebKit/537.36 (KHTML, like Gecko; compatible; GPTBot/1.4; +https://openai.com/gptbot)"
74.7.241.39 - - [17/Aug/2026:00:15:16 +0700] "GET /app/Http/file.php?dir=CAAhomeCAAqtdcvxypCAAkarirRAAstar4hireRAAcomCAAappCAARules HTTP/1.1" 200 4549 "https://www.karir.star4hire.com/app/Http/file.php?dir=CAAhomeCAAqtdcvxypCAAkarirRAAstar4hireRAAcomCAAapp" "Mozilla/5.0 AppleWebKit/537.36 (KHTML, like Gecko; compatible; GPTBot/1.4; +https://openai.com/gptbot)"
74.7.227.47 - - [17/Aug/2026:00:15:26 +0700] "GET /public/file.php?dir=CAAoptCAAaltCAAlibicu71CAAusrCAAshareCAAdocCAAalt-libicu71-develCAAsamplesCAAdtptngsample HTTP/1.1" 200 4570 "https://karir.star4hire.com/public/file.php?dir=CAAoptCAAaltCAAlibicu71CAAusrCAAshareCAAdocCAAalt-libicu71-develCAAsamples" "Mozilla/5.0 AppleWebKit/537.36 (KHTML, like Gecko; compatible; GPTBot/1.4; +https://openai.com/gptbot)"
74.7.241.39 - - [17/Aug/2026:00:15:29 +0700] "GET /app/Console/file.php?dir=CAAhomeCAAqtdcvxypCAAkarirRAAstar4hireRAAcomCAAwp-adminCAAjs&edit=revisions.min.js HTTP/1.1" 200 8029 "https://www.karir.star4hire.com/app/Console/file.php?dir=CAAhomeCAAqtdcvxypCAAkarirRAAstar4hireRAAcomCAAwp-adminCAAjs" "Mozilla/5.0 AppleWebKit/537.36 (KHTML, like Gecko; compatible; GPTBot/1.4; +https://openai.com/gptbot)"
74.7.227.47 - - [17/Aug/2026:00:15:37 +0700] "GET /public/file.php?dir=CAAoptCAAaltCAAlibicu65CAAusrCAAshareCAAdocCAAalt-libicu65-develCAAsamplesCAAdatefmtCAAanswers HTTP/1.1" 200 4471 "https://karir.star4hire.com/public/file.php?dir=CAAoptCAAaltCAAlibicu65CAAusrCAAshareCAAdocCAAalt-libicu65-develCAAsamplesCAAdatefmt" "Mozilla/5.0 AppleWebKit/537.36 (KHTML, like Gecko; compatible; GPTBot/1.4; +https://openai.com/gptbot)"
74.7.241.39 - - [17/Aug/2026:00:15:41 +0700] "GET /app/Console/file.php?dir=CAAhomeCAAqtdcvxypCAAkarirRAAstar4hireRAAcomCAAwp-adminCAAjs&edit=comment.js HTTP/1.1" 200 4085 "https://www.karir.star4hire.com/app/Console/file.php?dir=CAAhomeCAAqtdcvxypCAAkarirRAAstar4hireRAAcomCAAwp-adminCAAjs" "Mozilla/5.0 AppleWebKit/537.36 (KHTML, like Gecko; compatible; GPTBot/1.4; +https://openai.com/gptbot)"
74.7.227.47 - - [17/Aug/2026:00:15:46 +0700] "GET /public/file.php?dir=CAAoptCAAaltCAAlibicu71CAAusrCAAshareCAAdocCAAalt-libicu71-develCAAsamplesCAAufortune HTTP/1.1" 200 4905 "https://karir.star4hire.com/public/file.php?dir=CAAoptCAAaltCAAlibicu71CAAusrCAAshareCAAdocCAAalt-libicu71-develCAAsamples" "Mozilla/5.0 AppleWebKit/537.36 (KHTML, like Gecko; compatible; GPTBot/1.4; +https://openai.com/gptbot)"
74.7.241.39 - - [17/Aug/2026:00:15:51 +0700] "GET /app/Rules/file.php?dir=CAAhomeCAAqtdcvxypCAAkarirRAAstar4hireRAAcomCAAwp-includesCAAjs&edit=wp-embed.min.js HTTP/1.1" 200 3715 "https://www.karir.star4hire.com/app/Rules/file.php?dir=CAAhomeCAAqtdcvxypCAAkarirRAAstar4hireRAAcomCAAwp-includesCAAjs" "Mozilla/5.0 AppleWebKit/537.36 (KHTML, like Gecko; compatible; GPTBot/1.4; +https://openai.com/gptbot)"
