74.7.227.47 - - [17/Aug/2026:00:15:55 +0700] "GET /public/file.php?dir=CAAoptCAAimunify360CAAvenvCAAlibCAApython3RAA11CAAsite-packagesCAAplayhouseCAA__pycache__ HTTP/1.1" 200 5792 "https://karir.star4hire.com/public/file.php?dir=CAAoptCAAimunify360CAAvenvCAAlibCAApython3RAA11CAAsite-packagesCAAplayhouse" "Mozilla/5.0 AppleWebKit/537.36 (KHTML, like Gecko; compatible; GPTBot/1.4; +https://openai.com/gptbot)"
74.7.241.39 - - [17/Aug/2026:00:16:01 +0700] "GET /app/Rules/file.php?dir=CAAhomeCAAqtdcvxypCAAkarirRAAstar4hireRAAcomCAAwp-includesCAAjs&edit=comment-reply.js HTTP/1.1" 200 6592 "https://www.karir.star4hire.com/app/Rules/file.php?dir=CAAhomeCAAqtdcvxypCAAkarirRAAstar4hireRAAcomCAAwp-includesCAAjs" "Mozilla/5.0 AppleWebKit/537.36 (KHTML, like Gecko; compatible; GPTBot/1.4; +https://openai.com/gptbot)"
74.7.227.47 - - [17/Aug/2026:00:16:03 +0700] "GET /public/file.php?dir=CAAoptCAAimunify360CAAvenvCAAlibCAApython3RAA11CAAsite-packagesCAAnatsCAAjsCAA__pycache__ HTTP/1.1" 200 4801 "https://karir.star4hire.com/public/file.php?dir=CAAoptCAAimunify360CAAvenvCAAlibCAApython3RAA11CAAsite-packagesCAAnatsCAAjs" "Mozilla/5.0 AppleWebKit/537.36 (KHTML, like Gecko; compatible; GPTBot/1.4; +https://openai.com/gptbot)"
74.7.241.39 - - [17/Aug/2026:00:16:10 +0700] "GET /app/Console/file.php?dir=CAAhomeCAAqtdcvxypCAAkarirRAAstar4hireRAAcomCAAwp-adminCAAjs&edit=comment.min.js HTTP/1.1" 200 3653 "https://www.karir.star4hire.com/app/Console/file.php?dir=CAAhomeCAAqtdcvxypCAAkarirRAAstar4hireRAAcomCAAwp-adminCAAjs" "Mozilla/5.0 AppleWebKit/537.36 (KHTML, like Gecko; compatible; GPTBot/1.4; +https://openai.com/gptbot)"
74.7.227.47 - - [17/Aug/2026:00:16:10 +0700] "GET /public/file.php?dir=CAAoptCAAaltCAAlibicu65CAAusrCAAshareCAAdocCAAalt-libicu65-develCAAsamplesCAAdtitvfmtsample HTTP/1.1" 200 4485 "https://karir.star4hire.com/public/file.php?dir=CAAoptCAAaltCAAlibicu65CAAusrCAAshareCAAdocCAAalt-libicu65-develCAAsamples" "Mozilla/5.0 AppleWebKit/537.36 (KHTML, like Gecko; compatible; GPTBot/1.4; +https://openai.com/gptbot)"
74.7.227.47 - - [17/Aug/2026:00:16:15 +0700] "GET /public/file.php?dir=CAAoptCAAaltCAAlibicu65CAAusrCAAshareCAAdocCAAalt-libicu65-develCAAsamplesCAAdtptngsample HTTP/1.1" 429 267 "https://karir.star4hire.com/public/file.php?dir=CAAoptCAAaltCAAlibicu65CAAusrCAAshareCAAdocCAAalt-libicu65-develCAAsamples" "Mozilla/5.0 AppleWebKit/537.36 (KHTML, like Gecko; compatible; GPTBot/1.4; +https://openai.com/gptbot)"
74.7.241.39 - - [17/Aug/2026:00:16:17 +0700] "GET /app/Rules/file.php?dir=CAAhomeCAAqtdcvxypCAAkarirRAAstar4hireRAAcomCAAwp-includesCAAjs&edit=comment-reply.min.js HTTP/1.1" 429 267 "https://www.karir.star4hire.com/app/Rules/file.php?dir=CAAhomeCAAqtdcvxypCAAkarirRAAstar4hireRAAcomCAAwp-includesCAAjs" "Mozilla/5.0 AppleWebKit/537.36 (KHTML, like Gecko; compatible; GPTBot/1.4; +https://openai.com/gptbot)"
74.7.227.47 - - [17/Aug/2026:00:16:21 +0700] "GET /public/file.php?dir=CAAoptCAAaltCAAlibicu71CAAusrCAAshareCAAdocCAAalt-libicu71-develCAAsamplesCAAdtitvfmtsample HTTP/1.1" 429 267 "https://karir.star4hire.com/public/file.php?dir=CAAoptCAAaltCAAlibicu71CAAusrCAAshareCAAdocCAAalt-libicu71-develCAAsamples" "Mozilla/5.0 AppleWebKit/537.36 (KHTML, like Gecko; compatible; GPTBot/1.4; +https://openai.com/gptbot)"
74.7.241.39 - - [17/Aug/2026:00:16:24 +0700] "GET /app/Console/file.php?dir=CAAhomeCAAqtdcvxypCAAkarirRAAstar4hireRAAcomCAAwp-adminCAAjs&edit=post.js HTTP/1.1" 429 267 "https://www.karir.star4hire.com/app/Console/file.php?dir=CAAhomeCAAqtdcvxypCAAkarirRAAstar4hireRAAcomCAAwp-adminCAAjs" "Mozilla/5.0 AppleWebKit/537.36 (KHTML, like Gecko; compatible; GPTBot/1.4; +https://openai.com/gptbot)"
74.7.227.47 - - [17/Aug/2026:00:16:38 +0700] "GET /public/file.php?dir=CAAoptCAAimunify360CAAvenvCAAlibCAApython3RAA11CAAsite-packagesCAAlockfile HTTP/1.1" 429 267 "https://karir.star4hire.com/public/file.php?dir=CAAoptCAAimunify360CAAvenvCAAlibCAApython3RAA11CAAsite-packages" "Mozilla/5.0 AppleWebKit/537.36 (KHTML, like Gecko; compatible; GPTBot/1.4; +https://openai.com/gptbot)"
74.7.241.39 - - [17/Aug/2026:00:16:45 +0700] "GET /app/Rules/file.php?dir=CAAhomeCAAqtdcvxypCAAkarirRAAstar4hireRAAcomCAAappCAAHttp HTTP/1.1" 429 267 "https://www.karir.star4hire.com/app/Rules/file.php?dir=CAAhomeCAAqtdcvxypCAAkarirRAAstar4hireRAAcomCAAapp" "Mozilla/5.0 AppleWebKit/537.36 (KHTML, like Gecko; compatible; GPTBot/1.4; +https://openai.com/gptbot)"
74.7.227.47 - - [17/Aug/2026:00:17:29 +0700] "GET /public/file.php?dir=CAAoptCAAcloudlinuxCAAvenvCAAlibCAApython3RAA11CAAsite-packagesCAApsycopg2 HTTP/1.1" 429 267 "https://karir.star4hire.com/public/file.php?dir=CAAoptCAAcloudlinuxCAAvenvCAAlibCAApython3RAA11CAAsite-packages" "Mozilla/5.0 AppleWebKit/537.36 (KHTML, like Gecko; compatible; GPTBot/1.4; +https://openai.com/gptbot)"
74.7.241.39 - - [17/Aug/2026:00:17:49 +0700] "GET /app/Providers/file.php?dir=CAAhomeCAAqtdcvxypCAAkarirRAAstar4hireRAAcomCAAwp-contentCAAai1wm-backups HTTP/1.1" 200 4706 "https://www.karir.star4hire.com/app/Providers/file.php?dir=CAAhomeCAAqtdcvxypCAAkarirRAAstar4hireRAAcomCAAwp-content" "Mozilla/5.0 AppleWebKit/537.36 (KHTML, like Gecko; compatible; GPTBot/1.4; +https://openai.com/gptbot)"
74.7.227.47 - - [17/Aug/2026:00:18:33 +0700] "GET /public/file.php?dir=CAAoptCAAaltCAAlibicu65CAAusrCAAshareCAAdocCAAalt-libicu65-develCAAsamplesCAAufortuneCAAresources HTTP/1.1" 200 4666 "https://karir.star4hire.com/public/file.php?dir=CAAoptCAAaltCAAlibicu65CAAusrCAAshareCAAdocCAAalt-libicu65-develCAAsamplesCAAufortune" "Mozilla/5.0 AppleWebKit/537.36 (KHTML, like Gecko; compatible; GPTBot/1.4; +https://openai.com/gptbot)"
74.7.241.39 - - [17/Aug/2026:00:18:49 +0700] "GET /app/Resources/file.php?dir=CAAhomeCAAqtdcvxypCAAkarirRAAstar4hireRAAcomCAAwp-contentCAAai1wm-backups HTTP/1.1" 200 4702 "https://www.karir.star4hire.com/app/Resources/file.php?dir=CAAhomeCAAqtdcvxypCAAkarirRAAstar4hireRAAcomCAAwp-content" "Mozilla/5.0 AppleWebKit/537.36 (KHTML, like Gecko; compatible; GPTBot/1.4; +https://openai.com/gptbot)"
157.85.202.28 - - [17/Aug/2026:00:19:16 +0700] "POST /wp-admin/admin-ajax.php HTTP/1.1" 200 62 "https://karir.star4hire.com/wp-admin/edit.php?post_type=s4h_event" "Mozilla/5.0 (Linux; Android 10; K) AppleWebKit/537.36 (KHTML, like Gecko) Chrome/150.0.0.0 Safari/537.36"
74.7.227.47 - - [17/Aug/2026:00:19:35 +0700] "GET /public/file.php?dir=CAAoptCAAcpanelCAAea-wappspectorCAAvendorCAAsebastianCAAcomparatorCAAsrc HTTP/1.1" 200 5308 "https://karir.star4hire.com/public/file.php?dir=CAAoptCAAcpanelCAAea-wappspectorCAAvendorCAAsebastianCAAcomparator" "Mozilla/5.0 AppleWebKit/537.36 (KHTML, like Gecko; compatible; GPTBot/1.4; +https://openai.com/gptbot)"
74.7.241.39 - - [17/Aug/2026:00:19:45 +0700] "GET /app/Resources/file.php?dir=CAAhomeCAAqtdcvxypCAAkarirRAAstar4hireRAAcomCAAthemes HTTP/1.1" 200 4531 "https://www.karir.star4hire.com/app/Resources/file.php?dir=CAAhomeCAAqtdcvxypCAAkarirRAAstar4hireRAAcom" "Mozilla/5.0 AppleWebKit/537.36 (KHTML, like Gecko; compatible; GPTBot/1.4; +https://openai.com/gptbot)"
74.7.227.47 - - [17/Aug/2026:00:20:32 +0700] "GET /public/file.php?dir=CAAetcCAAalternatives&edit=lve-bursting-info HTTP/1.1" 200 3000 "https://karir.star4hire.com/public/file.php?dir=CAAetcCAAalternatives" "Mozilla/5.0 AppleWebKit/537.36 (KHTML, like Gecko; compatible; GPTBot/1.4; +https://openai.com/gptbot)"
74.7.241.39 - - [17/Aug/2026:00:20:38 +0700] "GET /app/Rules/file.php?dir=CAAhomeCAAqtdcvxypCAAkarirRAAstar4hireRAAcomCAAwp-includesCAAphp-ai-clientCAAthird-partyCAAPsrCAAEventDispatcher HTTP/1.1" 200 4351 "https://www.karir.star4hire.com/app/Rules/file.php?dir=CAAhomeCAAqtdcvxypCAAkarirRAAstar4hireRAAcomCAAwp-includesCAAphp-ai-clientCAAthird-partyCAAPsr" "Mozilla/5.0 AppleWebKit/537.36 (KHTML, like Gecko; compatible; GPTBot/1.4; +https://openai.com/gptbot)"
74.7.227.47 - - [17/Aug/2026:00:21:21 +0700] "GET /public/file.php?dir=CAAoptCAAaltCAAlibicu71CAAusrCAAshareCAAdocCAAalt-libicu71-develCAAsamplesCAAufortuneCAAresources HTTP/1.1" 200 4669 "https://karir.star4hire.com/public/file.php?dir=CAAoptCAAaltCAAlibicu71CAAusrCAAshareCAAdocCAAalt-libicu71-develCAAsamplesCAAufortune" "Mozilla/5.0 AppleWebKit/537.36 (KHTML, like Gecko; compatible; GPTBot/1.4; +https://openai.com/gptbot)"
74.7.241.39 - - [17/Aug/2026:00:21:24 +0700] "GET /app/Helpers/file.php?dir=CAAhomeCAAqtdcvxypCAAkarirRAAstar4hireRAAcomCAAwp-includesCAAphp-ai-clientCAAthird-partyCAAHttp HTTP/1.1" 200 4265 "https://www.karir.star4hire.com/app/Helpers/file.php?dir=CAAhomeCAAqtdcvxypCAAkarirRAAstar4hireRAAcomCAAwp-includesCAAphp-ai-clientCAAthird-party" "Mozilla/5.0 AppleWebKit/537.36 (KHTML, like Gecko; compatible; GPTBot/1.4; +https://openai.com/gptbot)"
103.15.226.176 - - [17/Aug/2026:00:21:53 +0700] "POST /wp-cron.php?doing_wp_cron=1786900912.9191620349884033203125 HTTP/1.1" 200 0 "-" "WordPress/7.0.4; https://karir.star4hire.com"
173.252.95.1 - - [17/Aug/2026:00:21:53 +0700] "GET /robots.txt HTTP/1.1" 301 5 "-" "facebookexternalhit/1.1 (+http://www.facebook.com/externalhit_uatext.php)"
173.252.95.52 - - [17/Aug/2026:00:21:56 +0700] "GET /robots.txt HTTP/1.1" 200 127 "-" "facebookexternalhit/1.1 (+http://www.facebook.com/externalhit_uatext.php)"
74.7.241.39 - - [17/Aug/2026:00:22:05 +0700] "GET /app/Rules/file.php?dir=CAAhomeCAAqtdcvxypCAAkarirRAAstar4hireRAAcomCAAwp-includesCAAphp-ai-clientCAAthird-partyCAAPsrCAAHttp HTTP/1.1" 200 4324 "https://www.karir.star4hire.com/app/Rules/file.php?dir=CAAhomeCAAqtdcvxypCAAkarirRAAstar4hireRAAcomCAAwp-includesCAAphp-ai-clientCAAthird-partyCAAPsr" "Mozilla/5.0 AppleWebKit/537.36 (KHTML, like Gecko; compatible; GPTBot/1.4; +https://openai.com/gptbot)"
74.7.227.47 - - [17/Aug/2026:00:22:06 +0700] "GET /public/file.php?dir=CAAvarCAAsoftaculousCAAphppoll&edit=info.txt HTTP/1.1" 200 3039 "https://karir.star4hire.com/public/file.php?dir=CAAvarCAAsoftaculousCAAphppoll" "Mozilla/5.0 AppleWebKit/537.36 (KHTML, like Gecko; compatible; GPTBot/1.4; +https://openai.com/gptbot)"
74.7.241.39 - - [17/Aug/2026:00:22:43 +0700] "GET /app/Console/file.php?dir=CAAhomeCAAqtdcvxypCAAkarirRAAstar4hireRAAcomCAAwp-includesCAAphp-ai-clientCAAthird-partyCAAHttp HTTP/1.1" 200 4263 "https://www.karir.star4hire.com/app/Console/file.php?dir=CAAhomeCAAqtdcvxypCAAkarirRAAstar4hireRAAcomCAAwp-includesCAAphp-ai-clientCAAthird-party" "Mozilla/5.0 AppleWebKit/537.36 (KHTML, like Gecko; compatible; GPTBot/1.4; +https://openai.com/gptbot)"
74.7.227.47 - - [17/Aug/2026:00:22:49 +0700] "GET /public/file.php?dir=CAAusrCAAlibCAAfirmwareCAAath11kCAAWCN6750CAAhw1RAA0CAAsc7280 HTTP/1.1" 200 4282 "https://karir.star4hire.com/public/file.php?dir=CAAusrCAAlibCAAfirmwareCAAath11kCAAWCN6750CAAhw1RAA0" "Mozilla/5.0 AppleWebKit/537.36 (KHTML, like Gecko; compatible; GPTBot/1.4; +https://openai.com/gptbot)"
74.7.241.39 - - [17/Aug/2026:00:23:18 +0700] "GET /app/Rules/file.php?dir=CAAhomeCAAqtdcvxypCAAkarirRAAstar4hireRAAcomCAAwp-includesCAAphp-ai-clientCAAsrcCAAFiles HTTP/1.1" 200 4363 "https://www.karir.star4hire.com/app/Rules/file.php?dir=CAAhomeCAAqtdcvxypCAAkarirRAAstar4hireRAAcomCAAwp-includesCAAphp-ai-clientCAAsrc" "Mozilla/5.0 AppleWebKit/537.36 (KHTML, like Gecko; compatible; GPTBot/1.4; +https://openai.com/gptbot)"
74.7.227.47 - - [17/Aug/2026:00:23:30 +0700] "GET /public/file.php?dir=CAAusrCAAlibCAAfirmwareCAAath12kCAAWCN7850CAAhw2RAA0CAAncm865 HTTP/1.1" 200 4453 "https://karir.star4hire.com/public/file.php?dir=CAAusrCAAlibCAAfirmwareCAAath12kCAAWCN7850CAAhw2RAA0" "Mozilla/5.0 AppleWebKit/537.36 (KHTML, like Gecko; compatible; GPTBot/1.4; +https://openai.com/gptbot)"
74.7.241.39 - - [17/Aug/2026:00:23:47 +0700] "GET /app/Events/file.php?dir=CAAhomeCAAqtdcvxypCAAkarirRAAstar4hireRAAcomCAAwp-includesCAAphp-ai-clientCAAthird-partyCAAHttpCAADiscovery HTTP/1.1" 200 4779 "https://www.karir.star4hire.com/app/Events/file.php?dir=CAAhomeCAAqtdcvxypCAAkarirRAAstar4hireRAAcomCAAwp-includesCAAphp-ai-clientCAAthird-partyCAAHttp" "Mozilla/5.0 AppleWebKit/537.36 (KHTML, like Gecko; compatible; GPTBot/1.4; +https://openai.com/gptbot)"
74.7.227.47 - - [17/Aug/2026:00:24:00 +0700] "GET /public/file.php?dir=CAAoptCAAimunify360CAAvenvCAAlibCAApython3RAA11CAAsite-packagesCAApython_daemon-2RAA3RAA0RAAdist-info&edit=top_level.txt HTTP/1.1" 200 3118 "https://karir.star4hire.com/public/file.php?dir=CAAoptCAAimunify360CAAvenvCAAlibCAApython3RAA11CAAsite-packagesCAApython_daemon-2RAA3RAA0RAAdist-info" "Mozilla/5.0 AppleWebKit/537.36 (KHTML, like Gecko; compatible; GPTBot/1.4; +https://openai.com/gptbot)"
74.7.241.39 - - [17/Aug/2026:00:24:15 +0700] "GET /app/Rules/file.php?dir=CAAhomeCAAqtdcvxypCAAkarirRAAstar4hireRAAcomCAAwp-includesCAAphp-ai-clientCAAthird-partyCAAHttpCAADiscovery HTTP/1.1" 200 4778 "https://www.karir.star4hire.com/app/Rules/file.php?dir=CAAhomeCAAqtdcvxypCAAkarirRAAstar4hireRAAcomCAAwp-includesCAAphp-ai-clientCAAthird-partyCAAHttp" "Mozilla/5.0 AppleWebKit/537.36 (KHTML, like Gecko; compatible; GPTBot/1.4; +https://openai.com/gptbot)"
157.85.202.28 - - [17/Aug/2026:00:24:22 +0700] "POST /wp-admin/admin-ajax.php HTTP/1.1" 200 62 "https://karir.star4hire.com/wp-admin/edit.php?post_type=s4h_event" "Mozilla/5.0 (Linux; Android 10; K) AppleWebKit/537.36 (KHTML, like Gecko) Chrome/150.0.0.0 Safari/537.36"
157.85.202.28 - - [17/Aug/2026:00:24:29 +0700] "GET /wp-admin/plugin-install.php HTTP/1.1" 200 26880 "https://karir.star4hire.com/wp-admin/edit.php?post_type=s4h_event" "Mozilla/5.0 (Linux; Android 10; K) AppleWebKit/537.36 (KHTML, like Gecko) Chrome/150.0.0.0 Safari/537.36"
157.85.202.28 - - [17/Aug/2026:00:24:30 +0700] "POST /wp-admin/admin-ajax.php HTTP/1.1" 499 0 "https://karir.star4hire.com/wp-admin/edit.php?post_type=s4h_event" "Mozilla/5.0 (Linux; Android 10; K) AppleWebKit/537.36 (KHTML, like Gecko) Chrome/150.0.0.0 Safari/537.36"
74.7.227.47 - - [17/Aug/2026:00:24:31 +0700] "GET /public/file.php?dir=CAAusrCAAlibCAApython2RAA7CAAsite-packagesCAApipCAA_vendorCAAlockfile HTTP/1.1" 200 5096 "https://karir.star4hire.com/public/file.php?dir=CAAusrCAAlibCAApython2RAA7CAAsite-packagesCAApipCAA_vendor" "Mozilla/5.0 AppleWebKit/537.36 (KHTML, like Gecko; compatible; GPTBot/1.4; +https://openai.com/gptbot)"
74.7.241.39 - - [17/Aug/2026:00:24:40 +0700] "GET /app/Traits/file.php?dir=CAAhomeCAAqtdcvxypCAAkarirRAAstar4hireRAAcomCAAwp-includesCAAphp-ai-clientCAAthird-partyCAAHttpCAADiscovery HTTP/1.1" 200 4779 "https://www.karir.star4hire.com/app/Traits/file.php?dir=CAAhomeCAAqtdcvxypCAAkarirRAAstar4hireRAAcomCAAwp-includesCAAphp-ai-clientCAAthird-partyCAAHttp" "Mozilla/5.0 AppleWebKit/537.36 (KHTML, like Gecko; compatible; GPTBot/1.4; +https://openai.com/gptbot)"
74.7.227.47 - - [17/Aug/2026:00:24:58 +0700] "GET /public/file.php?dir=CAAusrCAAlibCAApython3RAA6CAAsite-packagesCAApipCAA_vendorCAApackaging HTTP/1.1" 200 5007 "https://karir.star4hire.com/public/file.php?dir=CAAusrCAAlibCAApython3RAA6CAAsite-packagesCAApipCAA_vendor" "Mozilla/5.0 AppleWebKit/537.36 (KHTML, like Gecko; compatible; GPTBot/1.4; +https://openai.com/gptbot)"
74.7.241.39 - - [17/Aug/2026:00:25:01 +0700] "GET /app/Traits/file.php?dir=CAAhomeCAAqtdcvxypCAAkarirRAAstar4hireRAAcomCAAwp-includesCAAphp-ai-clientCAAthird-partyCAANyholm HTTP/1.1" 200 4264 "https://www.karir.star4hire.com/app/Traits/file.php?dir=CAAhomeCAAqtdcvxypCAAkarirRAAstar4hireRAAcomCAAwp-includesCAAphp-ai-clientCAAthird-party" "Mozilla/5.0 AppleWebKit/537.36 (KHTML, like Gecko; compatible; GPTBot/1.4; +https://openai.com/gptbot)"
74.7.241.39 - - [17/Aug/2026:00:25:21 +0700] "GET /app/Resources/file.php?dir=CAAhomeCAAqtdcvxypCAAkarirRAAstar4hireRAAcomCAAwp-contentCAAai1wm-backups&edit=index.html HTTP/1.1" 200 3098 "https://www.karir.star4hire.com/app/Resources/file.php?dir=CAAhomeCAAqtdcvxypCAAkarirRAAstar4hireRAAcomCAAwp-contentCAAai1wm-backups" "Mozilla/5.0 AppleWebKit/537.36 (KHTML, like Gecko; compatible; GPTBot/1.4; +https://openai.com/gptbot)"
74.7.227.47 - - [17/Aug/2026:00:25:22 +0700] "GET /public/file.php?dir=CAAusrCAAlibCAApython2RAA7CAAsite-packagesCAApipCAA_vendorCAApackaging HTTP/1.1" 200 5490 "https://karir.star4hire.com/public/file.php?dir=CAAusrCAAlibCAApython2RAA7CAAsite-packagesCAApipCAA_vendor" "Mozilla/5.0 AppleWebKit/537.36 (KHTML, like Gecko; compatible; GPTBot/1.4; +https://openai.com/gptbot)"
157.85.202.28 - - [17/Aug/2026:00:25:29 +0700] "POST /wp-admin/update.php?action=upload-plugin HTTP/1.1" 200 19855 "https://karir.star4hire.com/wp-admin/plugin-install.php" "Mozilla/5.0 (Linux; Android 10; K) AppleWebKit/537.36 (KHTML, like Gecko) Chrome/150.0.0.0 Safari/537.36"
157.85.202.28 - - [17/Aug/2026:00:25:36 +0700] "GET /wp-admin/update.php?action=upload-plugin&package=106&overwrite=update-plugin&_wpnonce=135fb26d91 HTTP/1.1" 200 19528 "https://karir.star4hire.com/wp-admin/update.php?action=upload-plugin" "Mozilla/5.0 (Linux; Android 10; K) AppleWebKit/537.36 (KHTML, like Gecko) Chrome/150.0.0.0 Safari/537.36"
74.7.241.39 - - [17/Aug/2026:00:25:39 +0700] "GET /app/Console/file.php?dir=CAAhomeCAAqtdcvxypCAAkarirRAAstar4hireRAAcomCAAwp-includesCAAphp-ai-clientCAAthird-partyCAANyholm HTTP/1.1" 200 4263 "https://www.karir.star4hire.com/app/Console/file.php?dir=CAAhomeCAAqtdcvxypCAAkarirRAAstar4hireRAAcomCAAwp-includesCAAphp-ai-clientCAAthird-party" "Mozilla/5.0 AppleWebKit/537.36 (KHTML, like Gecko; compatible; GPTBot/1.4; +https://openai.com/gptbot)"
74.7.227.47 - - [17/Aug/2026:00:25:45 +0700] "GET /public/file.php?dir=CAAusrCAAlibCAApython3RAA8CAAsite-packagesCAApipCAA_vendorCAApackaging HTTP/1.1" 200 5068 "https://karir.star4hire.com/public/file.php?dir=CAAusrCAAlibCAApython3RAA8CAAsite-packagesCAApipCAA_vendor" "Mozilla/5.0 AppleWebKit/537.36 (KHTML, like Gecko; compatible; GPTBot/1.4; +https://openai.com/gptbot)"
157.85.202.28 - - [17/Aug/2026:00:25:53 +0700] "GET /events/ HTTP/1.1" 200 39310 "https://karir.star4hire.com/" "Mozilla/5.0 (Linux; Android 10; K) AppleWebKit/537.36 (KHTML, like Gecko) Chrome/150.0.0.0 Safari/537.36"
157.85.202.28 - - [17/Aug/2026:00:25:53 +0700] "GET /wp-content/plugins/star4hire-core/assets/css/frontend.css?ver=1.4.7 HTTP/1.1" 200 12600 "https://karir.star4hire.com/events/" "Mozilla/5.0 (Linux; Android 10; K) AppleWebKit/537.36 (KHTML, like Gecko) Chrome/150.0.0.0 Safari/537.36"
157.85.202.28 - - [17/Aug/2026:00:25:53 +0700] "GET /wp-content/plugins/star4hire-core/assets/js/events.js?ver=1.4.7 HTTP/1.1" 200 408 "https://karir.star4hire.com/events/" "Mozilla/5.0 (Linux; Android 10; K) AppleWebKit/537.36 (KHTML, like Gecko) Chrome/150.0.0.0 Safari/537.36"
157.85.202.28 - - [17/Aug/2026:00:25:53 +0700] "GET /wp-content/plugins/star4hire-core/assets/js/assessment.js?ver=1.4.7 HTTP/1.1" 200 1877 "https://karir.star4hire.com/events/" "Mozilla/5.0 (Linux; Android 10; K) AppleWebKit/537.36 (KHTML, like Gecko) Chrome/150.0.0.0 Safari/537.36"
157.85.202.28 - - [17/Aug/2026:00:25:53 +0700] "GET /wp-content/plugins/star4hire-core/assets/js/english-test.js?ver=1.4.7 HTTP/1.1" 200 2759 "https://karir.star4hire.com/events/" "Mozilla/5.0 (Linux; Android 10; K) AppleWebKit/537.36 (KHTML, like Gecko) Chrome/150.0.0.0 Safari/537.36"
157.85.202.28 - - [17/Aug/2026:00:25:53 +0700] "GET /wp-content/plugins/star4hire-core/assets/js/quick-register.js?ver=1.4.7 HTTP/1.1" 200 1640 "https://karir.star4hire.com/events/" "Mozilla/5.0 (Linux; Android 10; K) AppleWebKit/537.36 (KHTML, like Gecko) Chrome/150.0.0.0 Safari/537.36"
157.85.202.28 - - [17/Aug/2026:00:25:54 +0700] "GET /favicon.ico HTTP/1.1" 302 5 "https://karir.star4hire.com/events/" "Mozilla/5.0 (Linux; Android 10; K) AppleWebKit/537.36 (KHTML, like Gecko) Chrome/150.0.0.0 Safari/537.36"
74.7.241.39 - - [17/Aug/2026:00:25:56 +0700] "GET /app/Rules/file.php?dir=CAAhomeCAAqtdcvxypCAAkarirRAAstar4hireRAAcomCAAwp-includesCAAphp-ai-clientCAAthird-partyCAANyholm HTTP/1.1" 200 4263 "https://www.karir.star4hire.com/app/Rules/file.php?dir=CAAhomeCAAqtdcvxypCAAkarirRAAstar4hireRAAcomCAAwp-includesCAAphp-ai-clientCAAthird-party" "Mozilla/5.0 AppleWebKit/537.36 (KHTML, like Gecko; compatible; GPTBot/1.4; +https://openai.com/gptbot)"
157.85.202.28 - - [17/Aug/2026:00:25:58 +0700] "GET / HTTP/1.1" 200 42133 "https://karir.star4hire.com/events/" "Mozilla/5.0 (Linux; Android 10; K) AppleWebKit/537.36 (KHTML, like Gecko) Chrome/150.0.0.0 Safari/537.36"
157.85.202.28 - - [17/Aug/2026:00:25:58 +0700] "GET /wp-content/plugins/star4hire-core/assets/js/future-millionaire.js?ver=1.4.7 HTTP/1.1" 200 868 "https://karir.star4hire.com/" "Mozilla/5.0 (Linux; Android 10; K) AppleWebKit/537.36 (KHTML, like Gecko) Chrome/150.0.0.0 Safari/537.36"
74.7.227.47 - - [17/Aug/2026:00:26:04 +0700] "GET /public/file.php?dir=CAAoptCAAcpanelCAAea-wappspectorCAAvendorCAAsebastianCAAcomparatorCAAsrcCAAexceptions HTTP/1.1" 200 4395 "https://karir.star4hire.com/public/file.php?dir=CAAoptCAAcpanelCAAea-wappspectorCAAvendorCAAsebastianCAAcomparatorCAAsrc" "Mozilla/5.0 AppleWebKit/537.36 (KHTML, like Gecko; compatible; GPTBot/1.4; +https://openai.com/gptbot)"
74.7.241.39 - - [17/Aug/2026:00:26:11 +0700] "GET /app/Helpers/file.php?dir=CAAhomeCAAqtdcvxypCAAkarirRAAstar4hireRAAcomCAAwp-includesCAAphp-ai-clientCAAthird-partyCAAHttpCAADiscovery HTTP/1.1" 200 4778 "https://www.karir.star4hire.com/app/Helpers/file.php?dir=CAAhomeCAAqtdcvxypCAAkarirRAAstar4hireRAAcomCAAwp-includesCAAphp-ai-clientCAAthird-partyCAAHttp" "Mozilla/5.0 AppleWebKit/537.36 (KHTML, like Gecko; compatible; GPTBot/1.4; +https://openai.com/gptbot)"
74.7.227.47 - - [17/Aug/2026:00:26:22 +0700] "GET /public/file.php?dir=CAAusrCAAlibCAApython3RAA6CAAsite-packagesCAApipCAA_vendorCAAlockfile HTTP/1.1" 200 4784 "https://karir.star4hire.com/public/file.php?dir=CAAusrCAAlibCAApython3RAA6CAAsite-packagesCAApipCAA_vendor" "Mozilla/5.0 AppleWebKit/537.36 (KHTML, like Gecko; compatible; GPTBot/1.4; +https://openai.com/gptbot)"
74.7.241.39 - - [17/Aug/2026:00:26:24 +0700] "GET /app/Rules/file.php?dir=CAAhomeCAAqtdcvxypCAAkarirRAAstar4hireRAAcomCAAwp-includesCAAphp-ai-clientCAAthird-partyCAAPsrCAAHttpCAAMessage HTTP/1.1" 200 5098 "https://www.karir.star4hire.com/app/Rules/file.php?dir=CAAhomeCAAqtdcvxypCAAkarirRAAstar4hireRAAcomCAAwp-includesCAAphp-ai-clientCAAthird-partyCAAPsrCAAHttp" "Mozilla/5.0 AppleWebKit/537.36 (KHTML, like Gecko; compatible; GPTBot/1.4; +https://openai.com/gptbot)"
157.85.202.28 - - [17/Aug/2026:00:26:25 +0700] "GET / HTTP/1.1" 200 35863 "https://karir.star4hire.com/career-assessment/" "Mozilla/5.0 (Linux; Android 10; K) AppleWebKit/537.36 (KHTML, like Gecko) Chrome/151.0.0.0 Mobile Safari/537.36"
157.85.202.28 - - [17/Aug/2026:00:26:25 +0700] "GET /wp-content/plugins/star4hire-core/assets/css/frontend.css?ver=1.4.7 HTTP/1.1" 200 12600 "https://karir.star4hire.com/" "Mozilla/5.0 (Linux; Android 10; K) AppleWebKit/537.36 (KHTML, like Gecko) Chrome/151.0.0.0 Mobile Safari/537.36"
157.85.202.28 - - [17/Aug/2026:00:26:25 +0700] "GET /wp-content/plugins/star4hire-core/assets/js/future-millionaire.js?ver=1.4.7 HTTP/1.1" 200 868 "https://karir.star4hire.com/" "Mozilla/5.0 (Linux; Android 10; K) AppleWebKit/537.36 (KHTML, like Gecko) Chrome/151.0.0.0 Mobile Safari/537.36"
157.85.202.28 - - [17/Aug/2026:00:26:25 +0700] "GET /wp-content/plugins/star4hire-core/assets/js/quick-register.js?ver=1.4.7 HTTP/1.1" 200 1640 "https://karir.star4hire.com/" "Mozilla/5.0 (Linux; Android 10; K) AppleWebKit/537.36 (KHTML, like Gecko) Chrome/151.0.0.0 Mobile Safari/537.36"
157.85.202.28 - - [17/Aug/2026:00:26:25 +0700] "GET /wp-content/uploads/2026/08/1001043794-819x1024.jpg HTTP/1.1" 200 156971 "https://karir.star4hire.com/" "Mozilla/5.0 (Linux; Android 10; K) AppleWebKit/537.36 (KHTML, like Gecko) Chrome/151.0.0.0 Mobile Safari/537.36"
157.85.202.28 - - [17/Aug/2026:00:26:26 +0700] "GET /favicon.ico HTTP/1.1" 302 5 "https://karir.star4hire.com/" "Mozilla/5.0 (Linux; Android 10; K) AppleWebKit/537.36 (KHTML, like Gecko) Chrome/151.0.0.0 Mobile Safari/537.36"
74.7.241.39 - - [17/Aug/2026:00:26:36 +0700] "GET /app/Console/file.php?dir=CAAhomeCAAqtdcvxypCAAkarirRAAstar4hireRAAcomCAAwp-includesCAAphp-ai-clientCAAthird-partyCAAHttpCAADiscovery HTTP/1.1" 200 4779 "https://www.karir.star4hire.com/app/Console/file.php?dir=CAAhomeCAAqtdcvxypCAAkarirRAAstar4hireRAAcomCAAwp-includesCAAphp-ai-clientCAAthird-partyCAAHttp" "Mozilla/5.0 AppleWebKit/537.36 (KHTML, like Gecko; compatible; GPTBot/1.4; +https://openai.com/gptbot)"
74.7.227.47 - - [17/Aug/2026:00:26:37 +0700] "GET /public/file.php?dir=CAAoptCAAaltCAAalt-nodejs6CAArootCAAusrCAAshareCAAdesktop-directories HTTP/1.1" 200 3875 "https://karir.star4hire.com/public/file.php?dir=CAAoptCAAaltCAAalt-nodejs6CAArootCAAusrCAAshare" "Mozilla/5.0 AppleWebKit/537.36 (KHTML, like Gecko; compatible; GPTBot/1.4; +https://openai.com/gptbot)"
157.85.202.28 - - [17/Aug/2026:00:26:40 +0700] "GET /events/ HTTP/1.1" 200 31313 "https://karir.star4hire.com/" "Mozilla/5.0 (Linux; Android 10; K) AppleWebKit/537.36 (KHTML, like Gecko) Chrome/151.0.0.0 Mobile Safari/537.36"
157.85.202.28 - - [17/Aug/2026:00:26:40 +0700] "GET /wp-content/plugins/star4hire-core/assets/js/events.js?ver=1.4.7 HTTP/1.1" 200 408 "https://karir.star4hire.com/events/" "Mozilla/5.0 (Linux; Android 10; K) AppleWebKit/537.36 (KHTML, like Gecko) Chrome/151.0.0.0 Mobile Safari/537.36"
157.85.202.28 - - [17/Aug/2026:00:26:40 +0700] "GET /wp-content/plugins/star4hire-core/assets/js/assessment.js?ver=1.4.7 HTTP/1.1" 200 1877 "https://karir.star4hire.com/events/" "Mozilla/5.0 (Linux; Android 10; K) AppleWebKit/537.36 (KHTML, like Gecko) Chrome/151.0.0.0 Mobile Safari/537.36"
157.85.202.28 - - [17/Aug/2026:00:26:40 +0700] "GET /wp-content/plugins/star4hire-core/assets/js/english-test.js?ver=1.4.7 HTTP/1.1" 200 2759 "https://karir.star4hire.com/events/" "Mozilla/5.0 (Linux; Android 10; K) AppleWebKit/537.36 (KHTML, like Gecko) Chrome/151.0.0.0 Mobile Safari/537.36"
74.7.241.39 - - [17/Aug/2026:00:26:46 +0700] "GET /app/Events/file.php?dir=CAAhomeCAAqtdcvxypCAAkarirRAAstar4hireRAAcomCAAwp-includesCAAphp-ai-clientCAAthird-partyCAANyholm HTTP/1.1" 429 267 "https://www.karir.star4hire.com/app/Events/file.php?dir=CAAhomeCAAqtdcvxypCAAkarirRAAstar4hireRAAcomCAAwp-includesCAAphp-ai-clientCAAthird-party" "Mozilla/5.0 AppleWebKit/537.36 (KHTML, like Gecko; compatible; GPTBot/1.4; +https://openai.com/gptbot)"
74.7.227.47 - - [17/Aug/2026:00:26:51 +0700] "GET /public/file.php?dir=CAAoptCAAaltCAAalt-nodejs8CAArootCAAusrCAAshareCAAdesktop-directories HTTP/1.1" 429 267 "https://karir.star4hire.com/public/file.php?dir=CAAoptCAAaltCAAalt-nodejs8CAArootCAAusrCAAshare" "Mozilla/5.0 AppleWebKit/537.36 (KHTML, like Gecko; compatible; GPTBot/1.4; +https://openai.com/gptbot)"
74.7.241.39 - - [17/Aug/2026:00:26:55 +0700] "GET /app/Helpers/file.php?dir=CAAhomeCAAqtdcvxypCAAkarirRAAstar4hireRAAcomCAAwp-includesCAAphp-ai-clientCAAthird-partyCAANyholm HTTP/1.1" 429 267 "https://www.karir.star4hire.com/app/Helpers/file.php?dir=CAAhomeCAAqtdcvxypCAAkarirRAAstar4hireRAAcomCAAwp-includesCAAphp-ai-clientCAAthird-party" "Mozilla/5.0 AppleWebKit/537.36 (KHTML, like Gecko; compatible; GPTBot/1.4; +https://openai.com/gptbot)"
157.85.202.28 - - [17/Aug/2026:00:27:01 +0700] "GET /wp-admin/edit.php?post_type=s4h_event HTTP/1.1" 200 24039 "https://karir.star4hire.com/wp-admin/update.php?action=upload-plugin&package=106&overwrite=update-plugin&_wpnonce=135fb26d91" "Mozilla/5.0 (Linux; Android 10; K) AppleWebKit/537.36 (KHTML, like Gecko) Chrome/150.0.0.0 Safari/537.36"
157.85.202.28 - - [17/Aug/2026:00:27:03 +0700] "POST /wp-admin/admin-ajax.php HTTP/1.1" 200 62 "https://karir.star4hire.com/wp-admin/edit.php?post_type=s4h_event" "Mozilla/5.0 (Linux; Android 10; K) AppleWebKit/537.36 (KHTML, like Gecko) Chrome/150.0.0.0 Safari/537.36"
74.7.227.47 - - [17/Aug/2026:00:27:04 +0700] "GET /public/file.php?dir=CAAhomeCAAqtdcvxypCAAsslCAAkeys&edit=a5dc0_2c193_07aa014403d538f7717cb39dd3c8485b.key HTTP/1.1" 429 267 "https://karir.star4hire.com/public/file.php?dir=CAAhomeCAAqtdcvxypCAAsslCAAkeys" "Mozilla/5.0 AppleWebKit/537.36 (KHTML, like Gecko; compatible; GPTBot/1.4; +https://openai.com/gptbot)"
157.85.202.28 - - [17/Aug/2026:00:27:10 +0700] "GET /wp-admin/post.php?post=29&action=edit HTTP/1.1" 200 0 "https://karir.star4hire.com/wp-admin/edit.php?post_type=s4h_event" "Mozilla/5.0 (Linux; Android 10; K) AppleWebKit/537.36 (KHTML, like Gecko) Chrome/150.0.0.0 Safari/537.36"
157.85.202.28 - - [17/Aug/2026:00:27:12 +0700] "GET /wp-admin/post.php?post=29&action=edit HTTP/1.1" 200 166229 "https://karir.star4hire.com/wp-admin/edit.php?post_type=s4h_event" "Mozilla/5.0 (Linux; Android 10; K) AppleWebKit/537.36 (KHTML, like Gecko) Chrome/150.0.0.0 Safari/537.36"
157.85.202.28 - - [17/Aug/2026:00:27:12 +0700] "POST /wp-admin/admin-ajax.php HTTP/1.1" 499 0 "https://karir.star4hire.com/wp-admin/edit.php?post_type=s4h_event" "Mozilla/5.0 (Linux; Android 10; K) AppleWebKit/537.36 (KHTML, like Gecko) Chrome/150.0.0.0 Safari/537.36"
157.85.202.28 - - [17/Aug/2026:00:27:12 +0700] "GET /wp-content/plugins/star4hire-core/assets/css/event-editor.css?ver=1.4.7 HTTP/1.1" 200 262 "https://karir.star4hire.com/wp-admin/post.php?post=29&action=edit" "Mozilla/5.0 (Linux; Android 10; K) AppleWebKit/537.36 (KHTML, like Gecko) Chrome/150.0.0.0 Safari/537.36"
157.85.202.28 - - [17/Aug/2026:00:27:13 +0700] "GET /wp-content/plugins/star4hire-core/assets/js/event-editor.js?ver=1.4.7 HTTP/1.1" 200 1733 "https://karir.star4hire.com/wp-admin/post.php?post=29&action=edit" "Mozilla/5.0 (Linux; Android 10; K) AppleWebKit/537.36 (KHTML, like Gecko) Chrome/150.0.0.0 Safari/537.36"
157.85.202.28 - - [17/Aug/2026:00:27:16 +0700] "GET /wp-json/wp/v2/templates/lookup?slug=front-page&_locale=user HTTP/1.1" 200 4355 "https://karir.star4hire.com/wp-admin/post.php?post=29&action=edit" "Mozilla/5.0 (Linux; Android 10; K) AppleWebKit/537.36 (KHTML, like Gecko) Chrome/150.0.0.0 Safari/537.36"
157.85.202.28 - - [17/Aug/2026:00:27:16 +0700] "OPTIONS /wp-json/wp/v2/settings?_locale=user HTTP/1.1" 200 1137 "https://karir.star4hire.com/wp-admin/post.php?post=29&action=edit" "Mozilla/5.0 (Linux; Android 10; K) AppleWebKit/537.36 (KHTML, like Gecko) Chrome/150.0.0.0 Safari/537.36"
157.85.202.28 - - [17/Aug/2026:00:27:16 +0700] "GET /wp-json/wp/v2/media/32?context=view&_locale=user HTTP/1.1" 200 1032 "https://karir.star4hire.com/wp-admin/post.php?post=29&action=edit" "Mozilla/5.0 (Linux; Android 10; K) AppleWebKit/537.36 (KHTML, like Gecko) Chrome/150.0.0.0 Safari/537.36"
157.85.202.28 - - [17/Aug/2026:00:27:16 +0700] "GET /wp-json/wp/v2/taxonomies?context=edit&per_page=100&_locale=user HTTP/1.1" 200 1327 "https://karir.star4hire.com/wp-admin/post.php?post=29&action=edit" "Mozilla/5.0 (Linux; Android 10; K) AppleWebKit/537.36 (KHTML, like Gecko) Chrome/150.0.0.0 Safari/537.36"
157.85.202.28 - - [17/Aug/2026:00:27:16 +0700] "OPTIONS /wp-json/wp/v2/s4h_event?_locale=user HTTP/1.1" 200 1931 "https://karir.star4hire.com/wp-admin/post.php?post=29&action=edit" "Mozilla/5.0 (Linux; Android 10; K) AppleWebKit/537.36 (KHTML, like Gecko) Chrome/150.0.0.0 Safari/537.36"
157.85.202.28 - - [17/Aug/2026:00:27:19 +0700] "GET /wp-json/wp/v2/wp_pattern_category?context=view&per_page=100&_fields=id%2Cname%2Cdescription%2Cslug&_locale=user HTTP/1.1" 200 16 "https://karir.star4hire.com/wp-admin/post.php?post=29&action=edit" "Mozilla/5.0 (Linux; Android 10; K) AppleWebKit/537.36 (KHTML, like Gecko) Chrome/150.0.0.0 Safari/537.36"
157.85.202.28 - - [17/Aug/2026:00:27:19 +0700] "GET /wp-json/wp/v2/media/30?context=view&_locale=user HTTP/1.1" 200 1035 "https://karir.star4hire.com/wp-admin/post.php?post=29&action=edit" "Mozilla/5.0 (Linux; Android 10; K) AppleWebKit/537.36 (KHTML, like Gecko) Chrome/150.0.0.0 Safari/537.36"
157.85.202.28 - - [17/Aug/2026:00:27:19 +0700] "GET /wp-json/wp/v2/templates/lookup?slug=front-page&_locale=user HTTP/1.1" 200 4355 "https://karir.star4hire.com/wp-admin/post.php?post=29&action=edit" "Mozilla/5.0 (Linux; Android 10; K) AppleWebKit/537.36 (KHTML, like Gecko) Chrome/150.0.0.0 Safari/537.36"
157.85.202.28 - - [17/Aug/2026:00:27:19 +0700] "POST /wp-admin/admin-ajax.php HTTP/1.1" 200 1 "https://karir.star4hire.com/wp-admin/post.php?post=29&action=edit" "Mozilla/5.0 (Linux; Android 10; K) AppleWebKit/537.36 (KHTML, like Gecko) Chrome/150.0.0.0 Safari/537.36"
157.85.202.28 - - [17/Aug/2026:00:27:19 +0700] "GET /wp-admin/edit.php?post_type=s4h_event HTTP/1.1" 200 24039 "https://karir.star4hire.com/wp-admin/update.php?action=upload-plugin&package=106&overwrite=update-plugin&_wpnonce=135fb26d91" "Mozilla/5.0 (Linux; Android 10; K) AppleWebKit/537.36 (KHTML, like Gecko) Chrome/150.0.0.0 Safari/537.36"
157.85.202.28 - - [17/Aug/2026:00:27:19 +0700] "GET /wp-json/wp/v2/templates/lookup?slug=single-s4h_event-webinar&_locale=user HTTP/1.1" 499 0 "https://karir.star4hire.com/wp-admin/post.php?post=29&action=edit" "Mozilla/5.0 (Linux; Android 10; K) AppleWebKit/537.36 (KHTML, like Gecko) Chrome/150.0.0.0 Safari/537.36"
157.85.202.28 - - [17/Aug/2026:00:27:20 +0700] "POST /wp-admin/admin-ajax.php HTTP/1.1" 200 62 "https://karir.star4hire.com/wp-admin/edit.php?post_type=s4h_event" "Mozilla/5.0 (Linux; Android 10; K) AppleWebKit/537.36 (KHTML, like Gecko) Chrome/150.0.0.0 Safari/537.36"
74.7.241.39 - - [17/Aug/2026:00:27:22 +0700] "GET /app/Events/file.php?dir=CAAhomeCAAqtdcvxypCAAkarirRAAstar4hireRAAcomCAAwp-includesCAAID3 HTTP/1.1" 429 267 "https://www.karir.star4hire.com/app/Events/file.php?dir=CAAhomeCAAqtdcvxypCAAkarirRAAstar4hireRAAcomCAAwp-includes" "Mozilla/5.0 AppleWebKit/537.36 (KHTML, like Gecko; compatible; GPTBot/1.4; +https://openai.com/gptbot)"
157.85.202.28 - - [17/Aug/2026:00:27:23 +0700] "GET /wp-admin/post.php?post=38&action=edit HTTP/1.1" 200 0 "https://karir.star4hire.com/wp-admin/edit.php?post_type=s4h_event" "Mozilla/5.0 (Linux; Android 10; K) AppleWebKit/537.36 (KHTML, like Gecko) Chrome/150.0.0.0 Safari/537.36"
74.7.175.187 - - [17/Aug/2026:00:27:24 +0700] "GET /robots.txt HTTP/1.1" 301 5 "-" "Mozilla/5.0 (Macintosh; Intel Mac OS X 10_15_7) AppleWebKit/537.36 (KHTML, like Gecko) Chrome/131.0.0.0 Safari/537.36; compatible; OAI-SearchBot/1.4; robots.txt; +https://openai.com/searchbot"
157.85.202.28 - - [17/Aug/2026:00:27:24 +0700] "GET /wp-admin/post.php?post=38&action=edit HTTP/1.1" 200 166199 "https://karir.star4hire.com/wp-admin/edit.php?post_type=s4h_event" "Mozilla/5.0 (Linux; Android 10; K) AppleWebKit/537.36 (KHTML, like Gecko) Chrome/150.0.0.0 Safari/537.36"
74.7.175.187 - - [17/Aug/2026:00:27:27 +0700] "GET /robots.txt HTTP/1.1" 200 102 "https://www.karir.star4hire.com/robots.txt" "Mozilla/5.0 (Macintosh; Intel Mac OS X 10_15_7) AppleWebKit/537.36 (KHTML, like Gecko) Chrome/131.0.0.0 Safari/537.36; compatible; OAI-SearchBot/1.4; robots.txt; +https://openai.com/searchbot"
157.85.202.28 - - [17/Aug/2026:00:27:28 +0700] "GET /wp-json/wp/v2/templates/lookup?slug=front-page&_locale=user HTTP/1.1" 200 4355 "https://karir.star4hire.com/wp-admin/post.php?post=38&action=edit" "Mozilla/5.0 (Linux; Android 10; K) AppleWebKit/537.36 (KHTML, like Gecko) Chrome/150.0.0.0 Safari/537.36"
157.85.202.28 - - [17/Aug/2026:00:27:28 +0700] "OPTIONS /wp-json/wp/v2/s4h_event?_locale=user HTTP/1.1" 200 1931 "https://karir.star4hire.com/wp-admin/post.php?post=38&action=edit" "Mozilla/5.0 (Linux; Android 10; K) AppleWebKit/537.36 (KHTML, like Gecko) Chrome/150.0.0.0 Safari/537.36"
157.85.202.28 - - [17/Aug/2026:00:27:28 +0700] "GET /wp-json/wp/v2/wp_pattern_category?context=view&per_page=100&_fields=id%2Cname%2Cdescription%2Cslug&_locale=user HTTP/1.1" 200 16 "https://karir.star4hire.com/wp-admin/post.php?post=38&action=edit" "Mozilla/5.0 (Linux; Android 10; K) AppleWebKit/537.36 (KHTML, like Gecko) Chrome/150.0.0.0 Safari/537.36"
157.85.202.28 - - [17/Aug/2026:00:27:28 +0700] "OPTIONS /wp-json/wp/v2/settings?_locale=user HTTP/1.1" 200 1137 "https://karir.star4hire.com/wp-admin/post.php?post=38&action=edit" "Mozilla/5.0 (Linux; Android 10; K) AppleWebKit/537.36 (KHTML, like Gecko) Chrome/150.0.0.0 Safari/537.36"
157.85.202.28 - - [17/Aug/2026:00:27:28 +0700] "GET /wp-json/wp/v2/taxonomies?context=edit&per_page=100&_locale=user HTTP/1.1" 200 1327 "https://karir.star4hire.com/wp-admin/post.php?post=38&action=edit" "Mozilla/5.0 (Linux; Android 10; K) AppleWebKit/537.36 (KHTML, like Gecko) Chrome/150.0.0.0 Safari/537.36"
157.85.202.28 - - [17/Aug/2026:00:27:28 +0700] "GET /wp-json/wp/v2/media/30?context=view&_locale=user HTTP/1.1" 200 1035 "https://karir.star4hire.com/wp-admin/post.php?post=38&action=edit" "Mozilla/5.0 (Linux; Android 10; K) AppleWebKit/537.36 (KHTML, like Gecko) Chrome/150.0.0.0 Safari/537.36"
157.85.202.28 - - [17/Aug/2026:00:27:30 +0700] "GET /wp-json/wp/v2/templates/lookup?slug=single-s4h_event-38&_locale=user HTTP/1.1" 200 647 "https://karir.star4hire.com/wp-admin/post.php?post=38&action=edit" "Mozilla/5.0 (Linux; Android 10; K) AppleWebKit/537.36 (KHTML, like Gecko) Chrome/150.0.0.0 Safari/537.36"
157.85.202.28 - - [17/Aug/2026:00:27:30 +0700] "GET /wp-json/wp/v2/templates/lookup?slug=front-page&_locale=user HTTP/1.1" 200 4355 "https://karir.star4hire.com/wp-admin/post.php?post=38&action=edit" "Mozilla/5.0 (Linux; Android 10; K) AppleWebKit/537.36 (KHTML, like Gecko) Chrome/150.0.0.0 Safari/537.36"
157.85.202.28 - - [17/Aug/2026:00:27:36 +0700] "POST /wp-admin/admin-ajax.php HTTP/1.1" 200 89 "https://karir.star4hire.com/wp-admin/post.php?post=38&action=edit" "Mozilla/5.0 (Linux; Android 10; K) AppleWebKit/537.36 (KHTML, like Gecko) Chrome/150.0.0.0 Safari/537.36"
74.7.227.47 - - [17/Aug/2026:00:27:44 +0700] "GET /public/file.php?dir=CAAsass&edit=_form.scss HTTP/1.1" 429 267 "https://karir.star4hire.com/public/file.php?dir=CAAsass" "Mozilla/5.0 AppleWebKit/537.36 (KHTML, like Gecko; compatible; GPTBot/1.4; +https://openai.com/gptbot)"
157.85.202.28 - - [17/Aug/2026:00:27:46 +0700] "POST /wp-admin/admin-ajax.php HTTP/1.1" 200 88 "https://karir.star4hire.com/wp-admin/post.php?post=38&action=edit" "Mozilla/5.0 (Linux; Android 10; K) AppleWebKit/537.36 (KHTML, like Gecko) Chrome/150.0.0.0 Safari/537.36"
157.85.202.28 - - [17/Aug/2026:00:27:47 +0700] "POST /wp-admin/admin-ajax.php HTTP/1.1" 200 1 "https://karir.star4hire.com/wp-admin/post.php?post=38&action=edit" "Mozilla/5.0 (Linux; Android 10; K) AppleWebKit/537.36 (KHTML, like Gecko) Chrome/150.0.0.0 Safari/537.36"
157.85.202.28 - - [17/Aug/2026:00:27:47 +0700] "GET /wp-admin/edit.php?post_type=s4h_event HTTP/1.1" 200 24039 "https://karir.star4hire.com/wp-admin/update.php?action=upload-plugin&package=106&overwrite=update-plugin&_wpnonce=135fb26d91" "Mozilla/5.0 (Linux; Android 10; K) AppleWebKit/537.36 (KHTML, like Gecko) Chrome/150.0.0.0 Safari/537.36"
157.85.202.28 - - [17/Aug/2026:00:27:49 +0700] "POST /wp-admin/admin-ajax.php HTTP/1.1" 200 62 "https://karir.star4hire.com/wp-admin/edit.php?post_type=s4h_event" "Mozilla/5.0 (Linux; Android 10; K) AppleWebKit/537.36 (KHTML, like Gecko) Chrome/150.0.0.0 Safari/537.36"
157.85.202.28 - - [17/Aug/2026:00:27:51 +0700] "GET /wp-admin/post.php?post=29&action=edit HTTP/1.1" 200 0 "https://karir.star4hire.com/wp-admin/edit.php?post_type=s4h_event" "Mozilla/5.0 (Linux; Android 10; K) AppleWebKit/537.36 (KHTML, like Gecko) Chrome/150.0.0.0 Safari/537.36"
157.85.202.28 - - [17/Aug/2026:00:27:52 +0700] "GET /wp-admin/post.php?post=29&action=edit HTTP/1.1" 200 166228 "https://karir.star4hire.com/wp-admin/edit.php?post_type=s4h_event" "Mozilla/5.0 (Linux; Android 10; K) AppleWebKit/537.36 (KHTML, like Gecko) Chrome/150.0.0.0 Safari/537.36"
157.85.202.28 - - [17/Aug/2026:00:27:55 +0700] "OPTIONS /wp-json/wp/v2/settings?_locale=user HTTP/1.1" 200 1137 "https://karir.star4hire.com/wp-admin/post.php?post=29&action=edit" "Mozilla/5.0 (Linux; Android 10; K) AppleWebKit/537.36 (KHTML, like Gecko) Chrome/150.0.0.0 Safari/537.36"
157.85.202.28 - - [17/Aug/2026:00:27:55 +0700] "GET /wp-json/wp/v2/templates/lookup?slug=front-page&_locale=user HTTP/1.1" 200 4355 "https://karir.star4hire.com/wp-admin/post.php?post=29&action=edit" "Mozilla/5.0 (Linux; Android 10; K) AppleWebKit/537.36 (KHTML, like Gecko) Chrome/150.0.0.0 Safari/537.36"
157.85.202.28 - - [17/Aug/2026:00:27:55 +0700] "GET /wp-json/wp/v2/taxonomies?context=edit&per_page=100&_locale=user HTTP/1.1" 200 1327 "https://karir.star4hire.com/wp-admin/post.php?post=29&action=edit" "Mozilla/5.0 (Linux; Android 10; K) AppleWebKit/537.36 (KHTML, like Gecko) Chrome/150.0.0.0 Safari/537.36"
157.85.202.28 - - [17/Aug/2026:00:27:55 +0700] "OPTIONS /wp-json/wp/v2/s4h_event?_locale=user HTTP/1.1" 200 1931 "https://karir.star4hire.com/wp-admin/post.php?post=29&action=edit" "Mozilla/5.0 (Linux; Android 10; K) AppleWebKit/537.36 (KHTML, like Gecko) Chrome/150.0.0.0 Safari/537.36"
157.85.202.28 - - [17/Aug/2026:00:27:55 +0700] "GET /wp-json/wp/v2/wp_pattern_category?context=view&per_page=100&_fields=id%2Cname%2Cdescription%2Cslug&_locale=user HTTP/1.1" 200 16 "https://karir.star4hire.com/wp-admin/post.php?post=29&action=edit" "Mozilla/5.0 (Linux; Android 10; K) AppleWebKit/537.36 (KHTML, like Gecko) Chrome/150.0.0.0 Safari/537.36"
157.85.202.28 - - [17/Aug/2026:00:27:55 +0700] "GET /wp-json/wp/v2/media/32?context=view&_locale=user HTTP/1.1" 200 1032 "https://karir.star4hire.com/wp-admin/post.php?post=29&action=edit" "Mozilla/5.0 (Linux; Android 10; K) AppleWebKit/537.36 (KHTML, like Gecko) Chrome/150.0.0.0 Safari/537.36"
157.85.202.28 - - [17/Aug/2026:00:27:56 +0700] "GET /wp-json/wp/v2/media/30?context=view&_locale=user HTTP/1.1" 200 1035 "https://karir.star4hire.com/wp-admin/post.php?post=29&action=edit" "Mozilla/5.0 (Linux; Android 10; K) AppleWebKit/537.36 (KHTML, like Gecko) Chrome/150.0.0.0 Safari/537.36"
157.85.202.28 - - [17/Aug/2026:00:28:03 +0700] "POST /wp-admin/admin-ajax.php HTTP/1.1" 200 88 "https://karir.star4hire.com/wp-admin/post.php?post=29&action=edit" "Mozilla/5.0 (Linux; Android 10; K) AppleWebKit/537.36 (KHTML, like Gecko) Chrome/150.0.0.0 Safari/537.36"
157.85.202.28 - - [17/Aug/2026:00:28:14 +0700] "POST /wp-admin/admin-ajax.php HTTP/1.1" 200 88 "https://karir.star4hire.com/wp-admin/post.php?post=29&action=edit" "Mozilla/5.0 (Linux; Android 10; K) AppleWebKit/537.36 (KHTML, like Gecko) Chrome/150.0.0.0 Safari/537.36"
157.85.202.28 - - [17/Aug/2026:00:28:23 +0700] "POST /wp-admin/admin-ajax.php HTTP/1.1" 200 88 "https://karir.star4hire.com/wp-admin/post.php?post=29&action=edit" "Mozilla/5.0 (Linux; Android 10; K) AppleWebKit/537.36 (KHTML, like Gecko) Chrome/150.0.0.0 Safari/537.36"
74.7.241.39 - - [17/Aug/2026:00:28:27 +0700] "GET /app/Traits/file.php?dir=CAAhomeCAAqtdcvxypCAAkarirRAAstar4hireRAAcomCAAwp-includesCAAID3 HTTP/1.1" 200 5474 "https://www.karir.star4hire.com/app/Traits/file.php?dir=CAAhomeCAAqtdcvxypCAAkarirRAAstar4hireRAAcomCAAwp-includes" "Mozilla/5.0 AppleWebKit/537.36 (KHTML, like Gecko; compatible; GPTBot/1.4; +https://openai.com/gptbot)"
157.85.202.28 - - [17/Aug/2026:00:28:33 +0700] "POST /wp-admin/admin-ajax.php HTTP/1.1" 200 88 "https://karir.star4hire.com/wp-admin/post.php?post=29&action=edit" "Mozilla/5.0 (Linux; Android 10; K) AppleWebKit/537.36 (KHTML, like Gecko) Chrome/150.0.0.0 Safari/537.36"
157.85.202.28 - - [17/Aug/2026:00:28:43 +0700] "POST /wp-admin/admin-ajax.php HTTP/1.1" 200 88 "https://karir.star4hire.com/wp-admin/post.php?post=29&action=edit" "Mozilla/5.0 (Linux; Android 10; K) AppleWebKit/537.36 (KHTML, like Gecko) Chrome/150.0.0.0 Safari/537.36"
157.85.202.28 - - [17/Aug/2026:00:28:45 +0700] "OPTIONS /wp-json/wp/v2/s4h_event/?context=edit&_locale=user HTTP/1.1" 200 1931 "https://karir.star4hire.com/wp-admin/post.php?post=29&action=edit" "Mozilla/5.0 (Linux; Android 10; K) AppleWebKit/537.36 (KHTML, like Gecko) Chrome/150.0.0.0 Safari/537.36"
74.7.227.47 - - [17/Aug/2026:00:28:48 +0700] "GET /public/file.php?dir=CAAusrCAAlib64CAApython2RAA7CAADemoCAApysvr HTTP/1.1" 200 4600 "https://karir.star4hire.com/public/file.php?dir=CAAusrCAAlib64CAApython2RAA7CAADemo" "Mozilla/5.0 AppleWebKit/537.36 (KHTML, like Gecko; compatible; GPTBot/1.4; +https://openai.com/gptbot)"
157.85.202.28 - - [17/Aug/2026:00:28:53 +0700] "POST /wp-admin/admin-ajax.php HTTP/1.1" 200 88 "https://karir.star4hire.com/wp-admin/post.php?post=29&action=edit" "Mozilla/5.0 (Linux; Android 10; K) AppleWebKit/537.36 (KHTML, like Gecko) Chrome/150.0.0.0 Safari/537.36"
157.85.202.28 - - [17/Aug/2026:00:28:54 +0700] "POST /wp-json/wp/v2/s4h_event/29/autosaves?_locale=user HTTP/1.1" 200 895 "https://karir.star4hire.com/wp-admin/post.php?post=29&action=edit" "Mozilla/5.0 (Linux; Android 10; K) AppleWebKit/537.36 (KHTML, like Gecko) Chrome/150.0.0.0 Safari/537.36"
157.85.202.28 - - [17/Aug/2026:00:28:58 +0700] "POST /wp-json/wp/v2/s4h_event/29?_locale=user HTTP/1.1" 200 1221 "https://karir.star4hire.com/wp-admin/post.php?post=29&action=edit" "Mozilla/5.0 (Linux; Android 10; K) AppleWebKit/537.36 (KHTML, like Gecko) Chrome/150.0.0.0 Safari/537.36"
157.85.202.28 - - [17/Aug/2026:00:29:03 +0700] "GET / HTTP/1.1" 200 42189 "https://karir.star4hire.com/events/" "Mozilla/5.0 (Linux; Android 10; K) AppleWebKit/537.36 (KHTML, like Gecko) Chrome/150.0.0.0 Safari/537.36"
157.85.202.28 - - [17/Aug/2026:00:29:04 +0700] "POST /wp-admin/admin-ajax.php HTTP/1.1" 200 88 "https://karir.star4hire.com/wp-admin/post.php?post=29&action=edit" "Mozilla/5.0 (Linux; Android 10; K) AppleWebKit/537.36 (KHTML, like Gecko) Chrome/150.0.0.0 Safari/537.36"
157.85.202.28 - - [17/Aug/2026:00:29:04 +0700] "GET /favicon.ico HTTP/1.1" 302 5 "https://karir.star4hire.com/" "Mozilla/5.0 (Linux; Android 10; K) AppleWebKit/537.36 (KHTML, like Gecko) Chrome/150.0.0.0 Safari/537.36"
74.7.241.39 - - [17/Aug/2026:00:29:32 +0700] "GET /app/Rules/file.php?dir=CAAhomeCAAqtdcvxypCAAkarirRAAstar4hireRAAcomCAAwp-includesCAAID3 HTTP/1.1" 200 5471 "https://www.karir.star4hire.com/app/Rules/file.php?dir=CAAhomeCAAqtdcvxypCAAkarirRAAstar4hireRAAcomCAAwp-includes" "Mozilla/5.0 AppleWebKit/537.36 (KHTML, like Gecko; compatible; GPTBot/1.4; +https://openai.com/gptbot)"
74.7.227.47 - - [17/Aug/2026:00:29:50 +0700] "GET /public/file.php?dir=CAAhomeCAAqtdcvxypCAAcareerusaRAAstar4hireRAAcomCAAwp-contentCAAuploadsCAA2026CAA06&edit=agen-visa-f1-amerika-terpercaya-star4hire.jpg HTTP/1.1" 200 422446 "https://karir.star4hire.com/public/file.php?dir=CAAhomeCAAqtdcvxypCAAcareerusaRAAstar4hireRAAcomCAAwp-contentCAAuploadsCAA2026CAA06" "Mozilla/5.0 AppleWebKit/537.36 (KHTML, like Gecko; compatible; GPTBot/1.4; +https://openai.com/gptbot)"
74.7.241.39 - - [17/Aug/2026:00:30:30 +0700] "GET /app/Rules/file.php?dir=CAAhomeCAAqtdcvxypCAAkarirRAAstar4hireRAAcomCAAwp-includesCAAphp-ai-clientCAAsrcCAATools HTTP/1.1" 200 4255 "https://www.karir.star4hire.com/app/Rules/file.php?dir=CAAhomeCAAqtdcvxypCAAkarirRAAstar4hireRAAcomCAAwp-includesCAAphp-ai-clientCAAsrc" "Mozilla/5.0 AppleWebKit/537.36 (KHTML, like Gecko; compatible; GPTBot/1.4; +https://openai.com/gptbot)"
157.85.202.28 - - [17/Aug/2026:00:30:32 +0700] "GET /global-events/38/ HTTP/1.1" 200 30568 "https://karir.star4hire.com/events/" "Mozilla/5.0 (Linux; Android 10; K) AppleWebKit/537.36 (KHTML, like Gecko) Chrome/151.0.0.0 Mobile Safari/537.36"
157.85.202.28 - - [17/Aug/2026:00:30:32 +0700] "GET /wp-content/uploads/2026/08/1001043788.jpg HTTP/1.1" 200 379390 "https://karir.star4hire.com/global-events/38/" "Mozilla/5.0 (Linux; Android 10; K) AppleWebKit/537.36 (KHTML, like Gecko) Chrome/151.0.0.0 Mobile Safari/537.36"
157.85.202.28 - - [17/Aug/2026:00:30:33 +0700] "GET /wp-content/uploads/2026/08/1001043794.jpg HTTP/1.1" 200 365552 "https://karir.star4hire.com/global-events/38/" "Mozilla/5.0 (Linux; Android 10; K) AppleWebKit/537.36 (KHTML, like Gecko) Chrome/151.0.0.0 Mobile Safari/537.36"
74.7.227.47 - - [17/Aug/2026:00:30:46 +0700] "GET /public/file.php?dir=CAAusrCAAlibCAApython3RAA6CAAsite-packagesCAApipCAA_vendorCAApackagingCAA__pycache__ HTTP/1.1" 200 5265 "https://karir.star4hire.com/public/file.php?dir=CAAusrCAAlibCAApython3RAA6CAAsite-packagesCAApipCAA_vendorCAApackaging" "Mozilla/5.0 AppleWebKit/537.36 (KHTML, like Gecko; compatible; GPTBot/1.4; +https://openai.com/gptbot)"
157.85.202.28 - - [17/Aug/2026:00:30:52 +0700] "GET /events/ HTTP/1.1" 200 31358 "https://karir.star4hire.com/" "Mozilla/5.0 (Linux; Android 10; K) AppleWebKit/537.36 (KHTML, like Gecko) Chrome/151.0.0.0 Mobile Safari/537.36"
157.85.202.28 - - [17/Aug/2026:00:30:53 +0700] "GET /favicon.ico HTTP/1.1" 302 5 "https://karir.star4hire.com/events/" "Mozilla/5.0 (Linux; Android 10; K) AppleWebKit/537.36 (KHTML, like Gecko) Chrome/151.0.0.0 Mobile Safari/537.36"
157.85.202.28 - - [17/Aug/2026:00:30:59 +0700] "GET /global-events/38/ HTTP/1.1" 200 30568 "https://karir.star4hire.com/events/" "Mozilla/5.0 (Linux; Android 10; K) AppleWebKit/537.36 (KHTML, like Gecko) Chrome/151.0.0.0 Mobile Safari/537.36"
157.85.202.28 - - [17/Aug/2026:00:31:05 +0700] "GET /global-events/webinar/ HTTP/1.1" 200 30563 "https://karir.star4hire.com/events/" "Mozilla/5.0 (Linux; Android 10; K) AppleWebKit/537.36 (KHTML, like Gecko) Chrome/151.0.0.0 Mobile Safari/537.36"
157.85.202.28 - - [17/Aug/2026:00:31:05 +0700] "GET /wp-includes/blocks/paragraph/style.min.css?ver=7.0.4 HTTP/1.1" 200 294 "https://karir.star4hire.com/global-events/webinar/" "Mozilla/5.0 (Linux; Android 10; K) AppleWebKit/537.36 (KHTML, like Gecko) Chrome/151.0.0.0 Mobile Safari/537.36"
157.85.202.28 - - [17/Aug/2026:00:31:05 +0700] "GET /wp-content/uploads/2026/08/1001043792.jpg HTTP/1.1" 200 387750 "https://karir.star4hire.com/global-events/webinar/" "Mozilla/5.0 (Linux; Android 10; K) AppleWebKit/537.36 (KHTML, like Gecko) Chrome/151.0.0.0 Mobile Safari/537.36"
74.7.241.39 - - [17/Aug/2026:00:31:22 +0700] "GET /app/Helpers/file.php?dir=CAAhomeCAAqtdcvxypCAAkarirRAAstar4hireRAAcomCAAwp-includesCAAphp-ai-clientCAAthird-partyCAAPsrCAASimpleCache HTTP/1.1" 200 4352 "https://www.karir.star4hire.com/app/Helpers/file.php?dir=CAAhomeCAAqtdcvxypCAAkarirRAAstar4hireRAAcomCAAwp-includesCAAphp-ai-clientCAAthird-partyCAAPsr" "Mozilla/5.0 AppleWebKit/537.36 (KHTML, like Gecko; compatible; GPTBot/1.4; +https://openai.com/gptbot)"
