157.85.202.28 - - [16/Aug/2026:22:04:16 +0700] "GET /favicon.ico HTTP/1.1" 302 5 "https://karir.star4hire.com/" "Mozilla/5.0 (Linux; Android 10; K) AppleWebKit/537.36 (KHTML, like Gecko) Chrome/150.0.0.0 Safari/537.36"
74.7.227.47 - - [16/Aug/2026:22:04:27 +0700] "GET /public/file.php?dir=CAAhomeCAAqtdcvxypCAAcareerusaRAAstar4hireRAAcomCAAwp-contentCAAuploadsCAAbetterdocs-style HTTP/1.1" 200 5367 "https://karir.star4hire.com/public/file.php?dir=CAAhomeCAAqtdcvxypCAAcareerusaRAAstar4hireRAAcomCAAwp-contentCAAuploads" "Mozilla/5.0 AppleWebKit/537.36 (KHTML, like Gecko; compatible; GPTBot/1.4; +https://openai.com/gptbot)"
74.7.241.39 - - [16/Aug/2026:22:04:37 +0700] "GET /app/Helpers/?C=D;O=D HTTP/1.1" 200 415 "https://www.karir.star4hire.com/app/Helpers/?C=D;O=A" "Mozilla/5.0 AppleWebKit/537.36 (KHTML, like Gecko; compatible; GPTBot/1.4; +https://openai.com/gptbot)"
74.7.227.47 - - [16/Aug/2026:22:04:47 +0700] "GET /public/file.php?dir=CAAhomeCAAqtdcvxypCAAglobalenglishRAAstar4hireRAAcomCAAwp-includesCAArest-apiCAAfields HTTP/1.1" 200 4589 "https://karir.star4hire.com/public/file.php?dir=CAAhomeCAAqtdcvxypCAAglobalenglishRAAstar4hireRAAcomCAAwp-includesCAArest-api" "Mozilla/5.0 AppleWebKit/537.36 (KHTML, like Gecko; compatible; GPTBot/1.4; +https://openai.com/gptbot)"
74.7.227.47 - - [16/Aug/2026:22:05:06 +0700] "GET /public/file.php?dir=CAAhomeCAAqtdcvxypCAAcareerusaRAAstar4hireRAAcomCAAwp-contentCAApluginsCAAlitespeed-cacheCAAthirdparty HTTP/1.1" 200 6342 "https://karir.star4hire.com/public/file.php?dir=CAAhomeCAAqtdcvxypCAAcareerusaRAAstar4hireRAAcomCAAwp-contentCAApluginsCAAlitespeed-cache" "Mozilla/5.0 AppleWebKit/537.36 (KHTML, like Gecko; compatible; GPTBot/1.4; +https://openai.com/gptbot)"
74.7.227.47 - - [16/Aug/2026:22:05:22 +0700] "GET /public/file.php?dir=CAAhomeCAAqtdcvxypCAAcareerusaRAAstar4hireRAAcomCAAwp-contentCAApluginsCAAlitespeed-cacheCAAassets HTTP/1.1" 200 4337 "https://karir.star4hire.com/public/file.php?dir=CAAhomeCAAqtdcvxypCAAcareerusaRAAstar4hireRAAcomCAAwp-contentCAApluginsCAAlitespeed-cache" "Mozilla/5.0 AppleWebKit/537.36 (KHTML, like Gecko; compatible; GPTBot/1.4; +https://openai.com/gptbot)"
74.7.227.47 - - [16/Aug/2026:22:05:37 +0700] "GET /public/file.php?dir=CAAhomeCAAqtdcvxypCAAcareerusaRAAstar4hireRAAcomCAAwp-contentCAApluginsCAAlitespeed-cacheCAAdata HTTP/1.1" 200 5323 "https://karir.star4hire.com/public/file.php?dir=CAAhomeCAAqtdcvxypCAAcareerusaRAAstar4hireRAAcomCAAwp-contentCAApluginsCAAlitespeed-cache" "Mozilla/5.0 AppleWebKit/537.36 (KHTML, like Gecko; compatible; GPTBot/1.4; +https://openai.com/gptbot)"
74.7.241.39 - - [16/Aug/2026:22:05:39 +0700] "GET /app/Http/?C=M;O=A HTTP/1.1" 200 393 "https://www.karir.star4hire.com/app/Http/?C=S;O=D" "Mozilla/5.0 AppleWebKit/537.36 (KHTML, like Gecko; compatible; GPTBot/1.4; +https://openai.com/gptbot)"
74.7.227.47 - - [16/Aug/2026:22:05:50 +0700] "GET /public/file.php?dir=CAAhomeCAAqtdcvxypCAAkarirRAAstar4hireRAAcomCAAwp-contentCAApluginsCAAgosmtp-proCAAassetsCAAimages HTTP/1.1" 200 4636 "https://karir.star4hire.com/public/file.php?dir=CAAhomeCAAqtdcvxypCAAkarirRAAstar4hireRAAcomCAAwp-contentCAApluginsCAAgosmtp-proCAAassets" "Mozilla/5.0 AppleWebKit/537.36 (KHTML, like Gecko; compatible; GPTBot/1.4; +https://openai.com/gptbot)"
74.7.227.47 - - [16/Aug/2026:22:06:02 +0700] "GET /public/file.php?dir=CAAhomeCAAqtdcvxypCAAglobalenglishRAAstar4hireRAAcomCAAwp-includesCAArest-apiCAAendpoints&edit=class-wp-rest-revisions-controller.php HTTP/1.1" 200 9005 "https://karir.star4hire.com/public/file.php?dir=CAAhomeCAAqtdcvxypCAAglobalenglishRAAstar4hireRAAcomCAAwp-includesCAArest-apiCAAendpoints" "Mozilla/5.0 AppleWebKit/537.36 (KHTML, like Gecko; compatible; GPTBot/1.4; +https://openai.com/gptbot)"
74.7.227.47 - - [16/Aug/2026:22:06:13 +0700] "GET /public/file.php?dir=CAAhomeCAAqtdcvxypCAAkarirRAAstar4hireRAAcomCAAwp-contentCAApluginsCAAgosmtp-proCAAassetsCAAcss HTTP/1.1" 200 4324 "https://karir.star4hire.com/public/file.php?dir=CAAhomeCAAqtdcvxypCAAkarirRAAstar4hireRAAcomCAAwp-contentCAApluginsCAAgosmtp-proCAAassets" "Mozilla/5.0 AppleWebKit/537.36 (KHTML, like Gecko; compatible; GPTBot/1.4; +https://openai.com/gptbot)"
74.7.227.47 - - [16/Aug/2026:22:06:23 +0700] "GET /public/file.php?dir=CAAhomeCAAqtdcvxypCAAcareerusaRAAstar4hireRAAcomCAAwp-contentCAApluginsCAAlitespeed-cacheCAAlang HTTP/1.1" 429 267 "https://karir.star4hire.com/public/file.php?dir=CAAhomeCAAqtdcvxypCAAcareerusaRAAstar4hireRAAcomCAAwp-contentCAApluginsCAAlitespeed-cache" "Mozilla/5.0 AppleWebKit/537.36 (KHTML, like Gecko; compatible; GPTBot/1.4; +https://openai.com/gptbot)"
74.7.227.47 - - [16/Aug/2026:22:06:31 +0700] "GET /public/file.php?dir=CAAhomeCAAqtdcvxypCAAcareerusaRAAstar4hireRAAcomCAAwp-contentCAApluginsCAAlitespeed-cacheCAAtpl HTTP/1.1" 429 267 "https://karir.star4hire.com/public/file.php?dir=CAAhomeCAAqtdcvxypCAAcareerusaRAAstar4hireRAAcomCAAwp-contentCAApluginsCAAlitespeed-cache" "Mozilla/5.0 AppleWebKit/537.36 (KHTML, like Gecko; compatible; GPTBot/1.4; +https://openai.com/gptbot)"
74.7.241.39 - - [16/Aug/2026:22:06:38 +0700] "GET /app/Console/?C=S;O=A HTTP/1.1" 429 267 "https://www.karir.star4hire.com/app/Console/?C=M;O=A" "Mozilla/5.0 AppleWebKit/537.36 (KHTML, like Gecko; compatible; GPTBot/1.4; +https://openai.com/gptbot)"
74.7.227.47 - - [16/Aug/2026:22:06:56 +0700] "GET /public/file.php?dir=CAAhomeCAAqtdcvxypCAAcareerusaRAAstar4hireRAAcomCAAwp-contentCAApluginsCAAlitespeed-cacheCAAcli HTTP/1.1" 429 267 "https://karir.star4hire.com/public/file.php?dir=CAAhomeCAAqtdcvxypCAAcareerusaRAAstar4hireRAAcomCAAwp-contentCAApluginsCAAlitespeed-cache" "Mozilla/5.0 AppleWebKit/537.36 (KHTML, like Gecko; compatible; GPTBot/1.4; +https://openai.com/gptbot)"
74.7.241.39 - - [16/Aug/2026:22:07:30 +0700] "GET /app/Console/?C=N;O=A HTTP/1.1" 429 267 "https://www.karir.star4hire.com/app/Console/?C=M;O=A" "Mozilla/5.0 AppleWebKit/537.36 (KHTML, like Gecko; compatible; GPTBot/1.4; +https://openai.com/gptbot)"
157.85.202.28 - - [16/Aug/2026:22:07:43 +0700] "POST /wp-admin/admin-ajax.php HTTP/1.1" 200 88 "https://karir.star4hire.com/wp-admin/post.php?post=82&action=edit" "Mozilla/5.0 (Linux; Android 10; K) AppleWebKit/537.36 (KHTML, like Gecko) Chrome/150.0.0.0 Safari/537.36"
103.15.226.176 - - [16/Aug/2026:22:07:53 +0700] "POST /wp-cron.php?doing_wp_cron=1786892872.6916251182556152343750 HTTP/1.1" 200 0 "-" "WordPress/7.0.4; https://karir.star4hire.com"
157.85.202.28 - - [16/Aug/2026:22:07:53 +0700] "POST /wp-admin/admin-ajax.php HTTP/1.1" 200 88 "https://karir.star4hire.com/wp-admin/post.php?post=82&action=edit" "Mozilla/5.0 (Linux; Android 10; K) AppleWebKit/537.36 (KHTML, like Gecko) Chrome/150.0.0.0 Safari/537.36"
74.7.227.47 - - [16/Aug/2026:22:07:58 +0700] "GET /public/file.php?dir=CAAhomeCAAqtdcvxypCAAcareerusaRAAstar4hireRAAcomCAAwp-contentCAApluginsCAAlitespeed-cacheCAAsrc HTTP/1.1" 200 8049 "https://karir.star4hire.com/public/file.php?dir=CAAhomeCAAqtdcvxypCAAcareerusaRAAstar4hireRAAcomCAAwp-contentCAApluginsCAAlitespeed-cache" "Mozilla/5.0 AppleWebKit/537.36 (KHTML, like Gecko; compatible; GPTBot/1.4; +https://openai.com/gptbot)"
157.85.202.28 - - [16/Aug/2026:22:08:01 +0700] "POST /wp-admin/admin-ajax.php HTTP/1.1" 200 214 "https://karir.star4hire.com/wp-admin/post.php?post=82&action=edit" "Mozilla/5.0 (Linux; Android 10; K) AppleWebKit/537.36 (KHTML, like Gecko) Chrome/150.0.0.0 Safari/537.36"
157.85.202.28 - - [16/Aug/2026:22:08:02 +0700] "POST /wp-admin/admin-ajax.php HTTP/1.1" 200 88 "https://karir.star4hire.com/wp-admin/post.php?post=82&action=edit" "Mozilla/5.0 (Linux; Android 10; K) AppleWebKit/537.36 (KHTML, like Gecko) Chrome/150.0.0.0 Safari/537.36"
157.85.202.28 - - [16/Aug/2026:22:08:04 +0700] "GET /wp-admin/admin.php?page=elementor-connect&app=library&action=authorize&nonce=92f881a696&utm_source=ai-popup&utm_campaign=connect-account&utm_medium=wp-dash&source=generic&mode=popup&callback_id=cb1 HTTP/1.1" 302 5 "https://karir.star4hire.com/wp-admin/post.php?post=82&action=edit" "Mozilla/5.0 (Linux; Android 10; K) AppleWebKit/537.36 (KHTML, like Gecko) Chrome/150.0.0.0 Safari/537.36"
157.85.202.28 - - [16/Aug/2026:22:08:12 +0700] "POST /wp-admin/admin-ajax.php HTTP/1.1" 200 88 "https://karir.star4hire.com/wp-admin/post.php?post=82&action=edit" "Mozilla/5.0 (Linux; Android 10; K) AppleWebKit/537.36 (KHTML, like Gecko) Chrome/150.0.0.0 Safari/537.36"
157.85.202.28 - - [16/Aug/2026:22:08:22 +0700] "POST /wp-admin/admin-ajax.php HTTP/1.1" 200 88 "https://karir.star4hire.com/wp-admin/post.php?post=82&action=edit" "Mozilla/5.0 (Linux; Android 10; K) AppleWebKit/537.36 (KHTML, like Gecko) Chrome/150.0.0.0 Safari/537.36"
157.85.202.28 - - [16/Aug/2026:22:08:32 +0700] "POST /wp-admin/admin-ajax.php HTTP/1.1" 200 88 "https://karir.star4hire.com/wp-admin/post.php?post=82&action=edit" "Mozilla/5.0 (Linux; Android 10; K) AppleWebKit/537.36 (KHTML, like Gecko) Chrome/150.0.0.0 Safari/537.36"
74.7.241.39 - - [16/Aug/2026:22:08:35 +0700] "GET /app/Console/?C=M;O=D HTTP/1.1" 200 367 "https://www.karir.star4hire.com/app/Console/?C=M;O=A" "Mozilla/5.0 AppleWebKit/537.36 (KHTML, like Gecko; compatible; GPTBot/1.4; +https://openai.com/gptbot)"
157.85.202.28 - - [16/Aug/2026:22:08:42 +0700] "POST /wp-json/wp/v2/s4h_pathway/82/autosaves?_locale=user HTTP/1.1" 200 439 "https://karir.star4hire.com/wp-admin/post.php?post=82&action=edit" "Mozilla/5.0 (Linux; Android 10; K) AppleWebKit/537.36 (KHTML, like Gecko) Chrome/150.0.0.0 Safari/537.36"
157.85.202.28 - - [16/Aug/2026:22:08:42 +0700] "POST /wp-admin/admin-ajax.php HTTP/1.1" 200 88 "https://karir.star4hire.com/wp-admin/post.php?post=82&action=edit" "Mozilla/5.0 (Linux; Android 10; K) AppleWebKit/537.36 (KHTML, like Gecko) Chrome/150.0.0.0 Safari/537.36"
157.85.202.28 - - [16/Aug/2026:22:08:52 +0700] "POST /wp-admin/admin-ajax.php HTTP/1.1" 200 88 "https://karir.star4hire.com/wp-admin/post.php?post=82&action=edit" "Mozilla/5.0 (Linux; Android 10; K) AppleWebKit/537.36 (KHTML, like Gecko) Chrome/150.0.0.0 Safari/537.36"
157.85.202.28 - - [16/Aug/2026:22:08:52 +0700] "POST /wp-json/wp/v2/s4h_pathway/82?_locale=user HTTP/1.1" 200 819 "https://karir.star4hire.com/wp-admin/post.php?post=82&action=edit" "Mozilla/5.0 (Linux; Android 10; K) AppleWebKit/537.36 (KHTML, like Gecko) Chrome/150.0.0.0 Safari/537.36"
157.85.202.28 - - [16/Aug/2026:22:08:57 +0700] "GET /career-pathways/germany/ HTTP/1.1" 200 38543 "-" "Mozilla/5.0 (Linux; Android 10; K) AppleWebKit/537.36 (KHTML, like Gecko) Chrome/150.0.0.0 Safari/537.36"
157.85.202.28 - - [16/Aug/2026:22:08:58 +0700] "GET /wp-content/uploads/2026/08/Screenshot_20260816_215814_Chrome.jpg HTTP/1.1" 200 659964 "https://karir.star4hire.com/career-pathways/germany/" "Mozilla/5.0 (Linux; Android 10; K) AppleWebKit/537.36 (KHTML, like Gecko) Chrome/150.0.0.0 Safari/537.36"
74.7.227.47 - - [16/Aug/2026:22:08:59 +0700] "GET /public/file.php?dir=CAAhomeCAAqtdcvxypCAAkarirRAAstar4hireRAAcomCAAvendorCAAsymfonyCAApolyfill-intl-normalizerCAAResources HTTP/1.1" 200 4318 "https://karir.star4hire.com/public/file.php?dir=CAAhomeCAAqtdcvxypCAAkarirRAAstar4hireRAAcomCAAvendorCAAsymfonyCAApolyfill-intl-normalizer" "Mozilla/5.0 AppleWebKit/537.36 (KHTML, like Gecko; compatible; GPTBot/1.4; +https://openai.com/gptbot)"
157.85.202.28 - - [16/Aug/2026:22:09:04 +0700] "POST /wp-admin/admin-ajax.php HTTP/1.1" 200 89 "https://karir.star4hire.com/wp-admin/post.php?post=82&action=edit" "Mozilla/5.0 (Linux; Android 10; K) AppleWebKit/537.36 (KHTML, like Gecko) Chrome/150.0.0.0 Safari/537.36"
157.85.202.28 - - [16/Aug/2026:22:09:14 +0700] "POST /wp-admin/admin-ajax.php HTTP/1.1" 200 88 "https://karir.star4hire.com/wp-admin/post.php?post=82&action=edit" "Mozilla/5.0 (Linux; Android 10; K) AppleWebKit/537.36 (KHTML, like Gecko) Chrome/150.0.0.0 Safari/537.36"
157.85.202.28 - - [16/Aug/2026:22:09:15 +0700] "GET / HTTP/1.1" 200 40464 "https://karir.star4hire.com/wp-admin/" "Mozilla/5.0 (Linux; Android 10; K) AppleWebKit/537.36 (KHTML, like Gecko) Chrome/150.0.0.0 Safari/537.36"
157.85.202.28 - - [16/Aug/2026:22:09:16 +0700] "GET /favicon.ico HTTP/1.1" 302 5 "https://karir.star4hire.com/" "Mozilla/5.0 (Linux; Android 10; K) AppleWebKit/537.36 (KHTML, like Gecko) Chrome/150.0.0.0 Safari/537.36"
157.85.202.28 - - [16/Aug/2026:22:09:25 +0700] "POST /wp-admin/admin-ajax.php HTTP/1.1" 200 89 "https://karir.star4hire.com/wp-admin/post.php?post=82&action=edit" "Mozilla/5.0 (Linux; Android 10; K) AppleWebKit/537.36 (KHTML, like Gecko) Chrome/150.0.0.0 Safari/537.36"
74.7.241.39 - - [16/Aug/2026:22:09:40 +0700] "GET /app/Console/?C=D;O=A HTTP/1.1" 200 370 "https://www.karir.star4hire.com/app/Console/" "Mozilla/5.0 AppleWebKit/537.36 (KHTML, like Gecko; compatible; GPTBot/1.4; +https://openai.com/gptbot)"
74.7.227.47 - - [16/Aug/2026:22:09:54 +0700] "GET /public/file.php?dir=CAAhomeCAAqtdcvxypCAAkarirRAAstar4hireRAAcomCAAwp-contentCAApluginsCAAsoftaculous-proCAAlibCAAai HTTP/1.1" 200 4706 "https://karir.star4hire.com/public/file.php?dir=CAAhomeCAAqtdcvxypCAAkarirRAAstar4hireRAAcomCAAwp-contentCAApluginsCAAsoftaculous-proCAAlib" "Mozilla/5.0 AppleWebKit/537.36 (KHTML, like Gecko; compatible; GPTBot/1.4; +https://openai.com/gptbot)"
157.85.202.28 - - [16/Aug/2026:22:10:12 +0700] "POST /wp-admin/admin-ajax.php HTTP/1.1" 200 88 "https://karir.star4hire.com/wp-admin/post.php?post=82&action=edit" "Mozilla/5.0 (Linux; Android 10; K) AppleWebKit/537.36 (KHTML, like Gecko) Chrome/150.0.0.0 Safari/537.36"
157.85.202.28 - - [16/Aug/2026:22:10:14 +0700] "POST /wp-admin/admin-ajax.php HTTP/1.1" 200 1 "https://karir.star4hire.com/wp-admin/post.php?post=82&action=edit" "Mozilla/5.0 (Linux; Android 10; K) AppleWebKit/537.36 (KHTML, like Gecko) Chrome/150.0.0.0 Safari/537.36"
157.85.202.28 - - [16/Aug/2026:22:10:14 +0700] "GET /wp-admin/edit.php?post_type=s4h_pathway HTTP/1.1" 200 24443 "https://karir.star4hire.com/wp-admin/post.php?post=82&action=edit" "Mozilla/5.0 (Linux; Android 10; K) AppleWebKit/537.36 (KHTML, like Gecko) Chrome/150.0.0.0 Safari/537.36"
157.85.202.28 - - [16/Aug/2026:22:10:16 +0700] "POST /wp-admin/admin-ajax.php HTTP/1.1" 200 62 "https://karir.star4hire.com/wp-admin/edit.php?post_type=s4h_pathway" "Mozilla/5.0 (Linux; Android 10; K) AppleWebKit/537.36 (KHTML, like Gecko) Chrome/150.0.0.0 Safari/537.36"
157.85.202.28 - - [16/Aug/2026:22:10:28 +0700] "GET /wp-admin/plugin-install.php HTTP/1.1" 200 26868 "https://karir.star4hire.com/wp-admin/edit.php?post_type=s4h_pathway" "Mozilla/5.0 (Linux; Android 10; K) AppleWebKit/537.36 (KHTML, like Gecko) Chrome/150.0.0.0 Safari/537.36"
157.85.202.28 - - [16/Aug/2026:22:10:28 +0700] "POST /wp-admin/admin-ajax.php HTTP/1.1" 499 0 "https://karir.star4hire.com/wp-admin/edit.php?post_type=s4h_pathway" "Mozilla/5.0 (Linux; Android 10; K) AppleWebKit/537.36 (KHTML, like Gecko) Chrome/150.0.0.0 Safari/537.36"
74.7.241.39 - - [16/Aug/2026:22:10:35 +0700] "GET /app/Helpers/?C=S;O=A HTTP/1.1" 200 413 "https://www.karir.star4hire.com/app/Helpers/?C=D;O=A" "Mozilla/5.0 AppleWebKit/537.36 (KHTML, like Gecko; compatible; GPTBot/1.4; +https://openai.com/gptbot)"
74.7.227.47 - - [16/Aug/2026:22:10:44 +0700] "GET /public/file.php?dir=CAAhomeCAAqtdcvxypCAAcareerusaRAAstar4hireRAAcomCAAwp-contentCAApluginsCAAlitespeed-cacheCAAassetsCAAimg HTTP/1.1" 200 5282 "https://karir.star4hire.com/public/file.php?dir=CAAhomeCAAqtdcvxypCAAcareerusaRAAstar4hireRAAcomCAAwp-contentCAApluginsCAAlitespeed-cacheCAAassets" "Mozilla/5.0 AppleWebKit/537.36 (KHTML, like Gecko; compatible; GPTBot/1.4; +https://openai.com/gptbot)"
157.85.202.28 - - [16/Aug/2026:22:10:58 +0700] "POST /wp-admin/update.php?action=upload-plugin HTTP/1.1" 499 0 "https://karir.star4hire.com/wp-admin/plugin-install.php" "Mozilla/5.0 (Linux; Android 10; K) AppleWebKit/537.36 (KHTML, like Gecko) Chrome/150.0.0.0 Safari/537.36"
74.7.241.39 - - [16/Aug/2026:22:11:28 +0700] "GET /app/Helpers/?C=N;O=A HTTP/1.1" 200 416 "https://www.karir.star4hire.com/app/Helpers/?C=D;O=A" "Mozilla/5.0 AppleWebKit/537.36 (KHTML, like Gecko; compatible; GPTBot/1.4; +https://openai.com/gptbot)"
74.7.227.47 - - [16/Aug/2026:22:11:35 +0700] "GET /public/file.php?dir=CAAhomeCAAqtdcvxypCAAcareerusaRAAstar4hireRAAcomCAAwp-contentCAApluginsCAAlitespeed-cacheCAAdataCAApreset HTTP/1.1" 200 4630 "https://karir.star4hire.com/public/file.php?dir=CAAhomeCAAqtdcvxypCAAcareerusaRAAstar4hireRAAcomCAAwp-contentCAApluginsCAAlitespeed-cacheCAAdata" "Mozilla/5.0 AppleWebKit/537.36 (KHTML, like Gecko; compatible; GPTBot/1.4; +https://openai.com/gptbot)"
157.85.202.28 - - [16/Aug/2026:22:11:40 +0700] "POST /wp-admin/update.php?action=upload-plugin HTTP/1.1" 200 19828 "https://karir.star4hire.com/wp-admin/plugin-install.php" "Mozilla/5.0 (Linux; Android 10; K) AppleWebKit/537.36 (KHTML, like Gecko) Chrome/150.0.0.0 Safari/537.36"
157.85.202.28 - - [16/Aug/2026:22:11:41 +0700] "GET /favicon.ico HTTP/1.1" 302 5 "https://karir.star4hire.com/wp-admin/update.php?action=upload-plugin" "Mozilla/5.0 (Linux; Android 10; K) AppleWebKit/537.36 (KHTML, like Gecko) Chrome/150.0.0.0 Safari/537.36"
157.85.202.28 - - [16/Aug/2026:22:11:44 +0700] "GET /wp-admin/update.php?action=upload-plugin&package=93&overwrite=update-plugin&_wpnonce=135fb26d91 HTTP/1.1" 200 19495 "https://karir.star4hire.com/wp-admin/update.php?action=upload-plugin" "Mozilla/5.0 (Linux; Android 10; K) AppleWebKit/537.36 (KHTML, like Gecko) Chrome/150.0.0.0 Safari/537.36"
157.85.202.28 - - [16/Aug/2026:22:12:01 +0700] "GET /wp-admin/site-editor.php HTTP/1.1" 200 164466 "https://karir.star4hire.com/wp-admin/update.php?action=upload-plugin&package=93&overwrite=update-plugin&_wpnonce=135fb26d91" "Mozilla/5.0 (Linux; Android 10; K) AppleWebKit/537.36 (KHTML, like Gecko) Chrome/150.0.0.0 Safari/537.36"
157.85.202.28 - - [16/Aug/2026:22:12:05 +0700] "OPTIONS /wp-json/wp/v2/settings?_locale=user HTTP/1.1" 200 1137 "https://karir.star4hire.com/wp-admin/site-editor.php" "Mozilla/5.0 (Linux; Android 10; K) AppleWebKit/537.36 (KHTML, like Gecko) Chrome/150.0.0.0 Safari/537.36"
157.85.202.28 - - [16/Aug/2026:22:12:05 +0700] "GET /wp-json/wp/v2/taxonomies?context=view&_locale=user HTTP/1.1" 200 343 "https://karir.star4hire.com/wp-admin/site-editor.php" "Mozilla/5.0 (Linux; Android 10; K) AppleWebKit/537.36 (KHTML, like Gecko) Chrome/150.0.0.0 Safari/537.36"
157.85.202.28 - - [16/Aug/2026:22:12:05 +0700] "GET /wp-json/wp/v2/template-parts/star4hire-global-career-pulse//footer?context=edit&_locale=user HTTP/1.1" 200 1010 "https://karir.star4hire.com/wp-admin/site-editor.php" "Mozilla/5.0 (Linux; Android 10; K) AppleWebKit/537.36 (KHTML, like Gecko) Chrome/150.0.0.0 Safari/537.36"
157.85.202.28 - - [16/Aug/2026:22:12:05 +0700] "GET /wp-json/wp/v2/template-parts/star4hire-global-career-pulse//header?context=edit&_locale=user HTTP/1.1" 200 1340 "https://karir.star4hire.com/wp-admin/site-editor.php" "Mozilla/5.0 (Linux; Android 10; K) AppleWebKit/537.36 (KHTML, like Gecko) Chrome/150.0.0.0 Safari/537.36"
157.85.202.28 - - [16/Aug/2026:22:12:06 +0700] "GET /wp-json/wp/v2/wp_pattern_category?context=view&per_page=100&_fields=id%2Cname%2Cdescription%2Cslug&_locale=user HTTP/1.1" 200 16 "https://karir.star4hire.com/wp-admin/site-editor.php" "Mozilla/5.0 (Linux; Android 10; K) AppleWebKit/537.36 (KHTML, like Gecko) Chrome/150.0.0.0 Safari/537.36"
157.85.202.28 - - [16/Aug/2026:22:12:09 +0700] "OPTIONS /wp-json/wp/v2/templates?_locale=user HTTP/1.1" 200 1048 "https://karir.star4hire.com/wp-admin/site-editor.php?p=%2Ftemplate" "Mozilla/5.0 (Linux; Android 10; K) AppleWebKit/537.36 (KHTML, like Gecko) Chrome/150.0.0.0 Safari/537.36"
157.85.202.28 - - [16/Aug/2026:22:12:09 +0700] "GET /wp-json/wp/v2/types?context=edit&_locale=user HTTP/1.1" 200 3130 "https://karir.star4hire.com/wp-admin/site-editor.php?p=%2Ftemplate" "Mozilla/5.0 (Linux; Android 10; K) AppleWebKit/537.36 (KHTML, like Gecko) Chrome/150.0.0.0 Safari/537.36"
157.85.202.28 - - [16/Aug/2026:22:12:10 +0700] "GET /wp-json/wp/v2/block-patterns/patterns?_locale=user HTTP/1.1" 200 19891 "https://karir.star4hire.com/wp-admin/site-editor.php?p=%2Ftemplate" "Mozilla/5.0 (Linux; Android 10; K) AppleWebKit/537.36 (KHTML, like Gecko) Chrome/150.0.0.0 Safari/537.36"
157.85.202.28 - - [16/Aug/2026:22:12:11 +0700] "OPTIONS /wp-json/wp/v2/posts?_locale=user HTTP/1.1" 200 2748 "https://karir.star4hire.com/wp-admin/site-editor.php?p=%2Ftemplate" "Mozilla/5.0 (Linux; Android 10; K) AppleWebKit/537.36 (KHTML, like Gecko) Chrome/150.0.0.0 Safari/537.36"
157.85.202.28 - - [16/Aug/2026:22:12:11 +0700] "OPTIONS /wp-json/wp/v2/pages?_locale=user HTTP/1.1" 200 2293 "https://karir.star4hire.com/wp-admin/site-editor.php?p=%2Ftemplate" "Mozilla/5.0 (Linux; Android 10; K) AppleWebKit/537.36 (KHTML, like Gecko) Chrome/150.0.0.0 Safari/537.36"
157.85.202.28 - - [16/Aug/2026:22:12:11 +0700] "GET /wp-json/wp/v2/pages?context=edit&_locale=user HTTP/1.1" 200 8164 "https://karir.star4hire.com/wp-admin/site-editor.php?p=%2Ftemplate" "Mozilla/5.0 (Linux; Android 10; K) AppleWebKit/537.36 (KHTML, like Gecko) Chrome/150.0.0.0 Safari/537.36"
74.7.227.47 - - [16/Aug/2026:22:12:12 +0700] "GET /public/file.php?dir=CAAhomeCAAqtdcvxypCAAcareerusaRAAstar4hireRAAcomCAAwp-contentCAApluginsCAAlitespeed-cacheCAAassetsCAAjs HTTP/1.1" 200 5644 "https://karir.star4hire.com/public/file.php?dir=CAAhomeCAAqtdcvxypCAAcareerusaRAAstar4hireRAAcomCAAwp-contentCAApluginsCAAlitespeed-cacheCAAassets" "Mozilla/5.0 AppleWebKit/537.36 (KHTML, like Gecko; compatible; GPTBot/1.4; +https://openai.com/gptbot)"
157.85.202.28 - - [16/Aug/2026:22:12:12 +0700] "GET /wp-json/wp/v2/types/post?context=edit&_locale=user HTTP/1.1" 200 848 "https://karir.star4hire.com/wp-admin/site-editor.php?p=%2Ftemplate" "Mozilla/5.0 (Linux; Android 10; K) AppleWebKit/537.36 (KHTML, like Gecko) Chrome/150.0.0.0 Safari/537.36"
157.85.202.28 - - [16/Aug/2026:22:12:12 +0700] "GET /wp-json/wp/v2/posts?context=edit&_locale=user HTTP/1.1" 200 883 "https://karir.star4hire.com/wp-admin/site-editor.php?p=%2Ftemplate" "Mozilla/5.0 (Linux; Android 10; K) AppleWebKit/537.36 (KHTML, like Gecko) Chrome/150.0.0.0 Safari/537.36"
74.7.241.39 - - [16/Aug/2026:22:12:14 +0700] "GET /app/Http/Middleware/Authenticate.php HTTP/1.1" 500 5 "https://www.karir.star4hire.com/app/Http/Middleware/" "Mozilla/5.0 AppleWebKit/537.36 (KHTML, like Gecko; compatible; GPTBot/1.4; +https://openai.com/gptbot)"
157.85.202.28 - - [16/Aug/2026:22:12:14 +0700] "GET /wp-json/wp/v2/taxonomies?context=edit&per_page=100&_locale=user HTTP/1.1" 200 1327 "https://karir.star4hire.com/wp-admin/site-editor.php?p=%2Fwp_template%2Fstar4hire-global-career-pulse%2F%2Ffront-page&canvas=edit" "Mozilla/5.0 (Linux; Android 10; K) AppleWebKit/537.36 (KHTML, like Gecko) Chrome/150.0.0.0 Safari/537.36"
157.85.202.28 - - [16/Aug/2026:22:12:41 +0700] "GET /wp-json/wp/v2/types?context=edit&_locale=user HTTP/1.1" 200 3130 "https://karir.star4hire.com/wp-admin/site-editor.php?p=%2Fwp_template%2Fstar4hire-global-career-pulse%2F%2Ffront-page&canvas=edit" "Mozilla/5.0 (Linux; Android 10; K) AppleWebKit/537.36 (KHTML, like Gecko) Chrome/150.0.0.0 Safari/537.36"
157.85.202.28 - - [16/Aug/2026:22:12:41 +0700] "OPTIONS /wp-json/wp/v2/undefined/?context=edit&_locale=user HTTP/1.1" 200 16 "https://karir.star4hire.com/wp-admin/site-editor.php?p=%2Fwp_template%2Fstar4hire-global-career-pulse%2F%2Ffront-page&canvas=edit" "Mozilla/5.0 (Linux; Android 10; K) AppleWebKit/537.36 (KHTML, like Gecko) Chrome/150.0.0.0 Safari/537.36"
74.7.227.47 - - [16/Aug/2026:22:12:48 +0700] "GET /public/file.php?dir=CAAhomeCAAqtdcvxypCAAcareerusaRAAstar4hireRAAcomCAAwp-contentCAApluginsCAAlitespeed-cacheCAAassetsCAAcss HTTP/1.1" 200 4632 "https://karir.star4hire.com/public/file.php?dir=CAAhomeCAAqtdcvxypCAAcareerusaRAAstar4hireRAAcomCAAwp-contentCAApluginsCAAlitespeed-cacheCAAassets" "Mozilla/5.0 AppleWebKit/537.36 (KHTML, like Gecko; compatible; GPTBot/1.4; +https://openai.com/gptbot)"
74.7.241.39 - - [16/Aug/2026:22:12:54 +0700] "GET /app/Http/Middleware/HideDebugbar.php HTTP/1.1" 200 0 "https://www.karir.star4hire.com/app/Http/Middleware/" "Mozilla/5.0 AppleWebKit/537.36 (KHTML, like Gecko; compatible; GPTBot/1.4; +https://openai.com/gptbot)"
157.85.202.28 - - [16/Aug/2026:22:13:03 +0700] "POST /wp-admin/admin-ajax.php HTTP/1.1" 200 62 "https://karir.star4hire.com/wp-admin/site-editor.php?p=%2Fwp_template%2Fstar4hire-global-career-pulse%2F%2Ffront-page&canvas=edit" "Mozilla/5.0 (Linux; Android 10; K) AppleWebKit/537.36 (KHTML, like Gecko) Chrome/150.0.0.0 Safari/537.36"
74.7.227.47 - - [16/Aug/2026:22:13:21 +0700] "GET /public/file.php?dir=CAAhomeCAAqtdcvxypCAAkarirRAAstar4hireRAAcomCAAwp-contentCAApluginsCAAgosmtp-proCAAassetsCAAjs HTTP/1.1" 200 4423 "https://karir.star4hire.com/public/file.php?dir=CAAhomeCAAqtdcvxypCAAkarirRAAstar4hireRAAcomCAAwp-contentCAApluginsCAAgosmtp-proCAAassets" "Mozilla/5.0 AppleWebKit/537.36 (KHTML, like Gecko; compatible; GPTBot/1.4; +https://openai.com/gptbot)"
157.85.202.28 - - [16/Aug/2026:22:13:36 +0700] "GET /wp-admin/ HTTP/1.1" 200 31021 "https://karir.star4hire.com/wp-admin/site-editor.php?p=%2F" "Mozilla/5.0 (Linux; Android 10; K) AppleWebKit/537.36 (KHTML, like Gecko) Chrome/150.0.0.0 Safari/537.36"
157.85.202.28 - - [16/Aug/2026:22:13:40 +0700] "GET /wp-admin/edit.php?post_type=s4h_pathway HTTP/1.1" 200 24430 "https://karir.star4hire.com/wp-admin/" "Mozilla/5.0 (Linux; Android 10; K) AppleWebKit/537.36 (KHTML, like Gecko) Chrome/150.0.0.0 Safari/537.36"
157.85.202.28 - - [16/Aug/2026:22:13:41 +0700] "POST /wp-admin/admin-ajax.php HTTP/1.1" 200 62 "https://karir.star4hire.com/wp-admin/edit.php?post_type=s4h_pathway" "Mozilla/5.0 (Linux; Android 10; K) AppleWebKit/537.36 (KHTML, like Gecko) Chrome/150.0.0.0 Safari/537.36"
157.85.202.28 - - [16/Aug/2026:22:13:47 +0700] "GET /wp-admin/post.php?post=82&action=edit HTTP/1.1" 200 0 "https://karir.star4hire.com/wp-admin/edit.php?post_type=s4h_pathway" "Mozilla/5.0 (Linux; Android 10; K) AppleWebKit/537.36 (KHTML, like Gecko) Chrome/150.0.0.0 Safari/537.36"
157.85.202.28 - - [16/Aug/2026:22:13:49 +0700] "GET /wp-admin/post.php?post=82&action=edit HTTP/1.1" 200 165928 "https://karir.star4hire.com/wp-admin/edit.php?post_type=s4h_pathway" "Mozilla/5.0 (Linux; Android 10; K) AppleWebKit/537.36 (KHTML, like Gecko) Chrome/150.0.0.0 Safari/537.36"
157.85.202.28 - - [16/Aug/2026:22:13:49 +0700] "GET /wp-content/plugins/star4hire-core/assets/css/pathway-editor.css?ver=1.4.2 HTTP/1.1" 200 223 "https://karir.star4hire.com/wp-admin/post.php?post=82&action=edit" "Mozilla/5.0 (Linux; Android 10; K) AppleWebKit/537.36 (KHTML, like Gecko) Chrome/150.0.0.0 Safari/537.36"
157.85.202.28 - - [16/Aug/2026:22:13:49 +0700] "GET /wp-content/plugins/star4hire-core/assets/js/pathway-editor.js?ver=1.4.2 HTTP/1.1" 200 1316 "https://karir.star4hire.com/wp-admin/post.php?post=82&action=edit" "Mozilla/5.0 (Linux; Android 10; K) AppleWebKit/537.36 (KHTML, like Gecko) Chrome/150.0.0.0 Safari/537.36"
74.7.227.47 - - [16/Aug/2026:22:13:52 +0700] "GET /public/file.php?dir=CAAhomeCAAqtdcvxypCAAkarirRAAstar4hireRAAcomCAAwp-includesCAAsodium_compatCAAnamespacedCAACore HTTP/1.1" 200 5208 "https://karir.star4hire.com/public/file.php?dir=CAAhomeCAAqtdcvxypCAAkarirRAAstar4hireRAAcomCAAwp-includesCAAsodium_compatCAAnamespaced" "Mozilla/5.0 AppleWebKit/537.36 (KHTML, like Gecko; compatible; GPTBot/1.4; +https://openai.com/gptbot)"
157.85.202.28 - - [16/Aug/2026:22:13:52 +0700] "GET /wp-json/wp/v2/templates/lookup?slug=front-page&_locale=user HTTP/1.1" 200 4355 "https://karir.star4hire.com/wp-admin/post.php?post=82&action=edit" "Mozilla/5.0 (Linux; Android 10; K) AppleWebKit/537.36 (KHTML, like Gecko) Chrome/150.0.0.0 Safari/537.36"
157.85.202.28 - - [16/Aug/2026:22:13:53 +0700] "GET /wp-json/wp/v2/media/86?context=view&_locale=user HTTP/1.1" 200 1092 "https://karir.star4hire.com/wp-admin/post.php?post=82&action=edit" "Mozilla/5.0 (Linux; Android 10; K) AppleWebKit/537.36 (KHTML, like Gecko) Chrome/150.0.0.0 Safari/537.36"
157.85.202.28 - - [16/Aug/2026:22:13:53 +0700] "OPTIONS /wp-json/wp/v2/settings?_locale=user HTTP/1.1" 200 1137 "https://karir.star4hire.com/wp-admin/post.php?post=82&action=edit" "Mozilla/5.0 (Linux; Android 10; K) AppleWebKit/537.36 (KHTML, like Gecko) Chrome/150.0.0.0 Safari/537.36"
157.85.202.28 - - [16/Aug/2026:22:13:53 +0700] "GET /wp-json/wp/v2/taxonomies?context=edit&per_page=100&_locale=user HTTP/1.1" 200 1327 "https://karir.star4hire.com/wp-admin/post.php?post=82&action=edit" "Mozilla/5.0 (Linux; Android 10; K) AppleWebKit/537.36 (KHTML, like Gecko) Chrome/150.0.0.0 Safari/537.36"
157.85.202.28 - - [16/Aug/2026:22:13:53 +0700] "OPTIONS /wp-json/wp/v2/s4h_pathway?_locale=user HTTP/1.1" 200 1703 "https://karir.star4hire.com/wp-admin/post.php?post=82&action=edit" "Mozilla/5.0 (Linux; Android 10; K) AppleWebKit/537.36 (KHTML, like Gecko) Chrome/150.0.0.0 Safari/537.36"
157.85.202.28 - - [16/Aug/2026:22:13:54 +0700] "GET /wp-json/wp/v2/wp_pattern_category?context=view&per_page=100&_fields=id%2Cname%2Cdescription%2Cslug&_locale=user HTTP/1.1" 200 16 "https://karir.star4hire.com/wp-admin/post.php?post=82&action=edit" "Mozilla/5.0 (Linux; Android 10; K) AppleWebKit/537.36 (KHTML, like Gecko) Chrome/150.0.0.0 Safari/537.36"
157.85.202.28 - - [16/Aug/2026:22:13:54 +0700] "GET /wp-json/wp/v2/templates/lookup?slug=front-page&_locale=user HTTP/1.1" 200 4355 "https://karir.star4hire.com/wp-admin/post.php?post=82&action=edit" "Mozilla/5.0 (Linux; Android 10; K) AppleWebKit/537.36 (KHTML, like Gecko) Chrome/150.0.0.0 Safari/537.36"
157.85.202.28 - - [16/Aug/2026:22:13:54 +0700] "GET /wp-json/wp/v2/templates/lookup?slug=single-s4h_pathway-germany&_locale=user HTTP/1.1" 200 647 "https://karir.star4hire.com/wp-admin/post.php?post=82&action=edit" "Mozilla/5.0 (Linux; Android 10; K) AppleWebKit/537.36 (KHTML, like Gecko) Chrome/150.0.0.0 Safari/537.36"
157.85.202.28 - - [16/Aug/2026:22:13:55 +0700] "OPTIONS /wp-json/wp/v2/s4h_pathway/?context=edit&_locale=user HTTP/1.1" 200 1703 "https://karir.star4hire.com/wp-admin/post.php?post=82&action=edit" "Mozilla/5.0 (Linux; Android 10; K) AppleWebKit/537.36 (KHTML, like Gecko) Chrome/150.0.0.0 Safari/537.36"
74.7.241.39 - - [16/Aug/2026:22:13:59 +0700] "GET /app/Console/Commands/scanLanguage.php HTTP/1.1" 500 5 "https://www.karir.star4hire.com/app/Console/Commands/" "Mozilla/5.0 AppleWebKit/537.36 (KHTML, like Gecko; compatible; GPTBot/1.4; +https://openai.com/gptbot)"
157.85.202.28 - - [16/Aug/2026:22:14:01 +0700] "POST /wp-admin/admin-ajax.php HTTP/1.1" 200 88 "https://karir.star4hire.com/wp-admin/post.php?post=82&action=edit" "Mozilla/5.0 (Linux; Android 10; K) AppleWebKit/537.36 (KHTML, like Gecko) Chrome/150.0.0.0 Safari/537.36"
157.85.202.28 - - [16/Aug/2026:22:14:11 +0700] "POST /wp-admin/admin-ajax.php HTTP/1.1" 200 89 "https://karir.star4hire.com/wp-admin/post.php?post=82&action=edit" "Mozilla/5.0 (Linux; Android 10; K) AppleWebKit/537.36 (KHTML, like Gecko) Chrome/150.0.0.0 Safari/537.36"
157.85.202.28 - - [16/Aug/2026:22:14:13 +0700] "POST /wp-json/wp/v2/s4h_pathway/82?_locale=user HTTP/1.1" 200 793 "https://karir.star4hire.com/wp-admin/post.php?post=82&action=edit" "Mozilla/5.0 (Linux; Android 10; K) AppleWebKit/537.36 (KHTML, like Gecko) Chrome/150.0.0.0 Safari/537.36"
157.85.202.28 - - [16/Aug/2026:22:14:18 +0700] "GET / HTTP/1.1" 200 40464 "https://karir.star4hire.com/wp-admin/" "Mozilla/5.0 (Linux; Android 10; K) AppleWebKit/537.36 (KHTML, like Gecko) Chrome/150.0.0.0 Safari/537.36"
157.85.202.28 - - [16/Aug/2026:22:14:19 +0700] "GET /wp-content/plugins/star4hire-core/assets/js/quick-register.js?ver=1.4.2 HTTP/1.1" 200 1640 "https://karir.star4hire.com/" "Mozilla/5.0 (Linux; Android 10; K) AppleWebKit/537.36 (KHTML, like Gecko) Chrome/150.0.0.0 Safari/537.36"
157.85.202.28 - - [16/Aug/2026:22:14:19 +0700] "GET /wp-content/plugins/star4hire-core/assets/css/frontend.css?ver=1.4.2 HTTP/1.1" 200 9382 "https://karir.star4hire.com/" "Mozilla/5.0 (Linux; Android 10; K) AppleWebKit/537.36 (KHTML, like Gecko) Chrome/150.0.0.0 Safari/537.36"
74.7.227.47 - - [16/Aug/2026:22:14:20 +0700] "GET /public/file.php?dir=CAAhomeCAAqtdcvxypCAAcareerusaRAAstar4hireRAAcomCAAwp-contentCAApluginsCAAastra-sites HTTP/1.1" 200 4878 "https://karir.star4hire.com/public/file.php?dir=CAAhomeCAAqtdcvxypCAAcareerusaRAAstar4hireRAAcomCAAwp-contentCAAplugins" "Mozilla/5.0 AppleWebKit/537.36 (KHTML, like Gecko; compatible; GPTBot/1.4; +https://openai.com/gptbot)"
157.85.202.28 - - [16/Aug/2026:22:14:20 +0700] "GET /favicon.ico HTTP/1.1" 302 5 "https://karir.star4hire.com/" "Mozilla/5.0 (Linux; Android 10; K) AppleWebKit/537.36 (KHTML, like Gecko) Chrome/150.0.0.0 Safari/537.36"
157.85.202.28 - - [16/Aug/2026:22:14:21 +0700] "POST /wp-admin/admin-ajax.php HTTP/1.1" 200 89 "https://karir.star4hire.com/wp-admin/post.php?post=82&action=edit" "Mozilla/5.0 (Linux; Android 10; K) AppleWebKit/537.36 (KHTML, like Gecko) Chrome/150.0.0.0 Safari/537.36"
157.85.202.28 - - [16/Aug/2026:22:14:29 +0700] "GET /career-pathways/germany/ HTTP/1.1" 200 38514 "-" "Mozilla/5.0 (Linux; Android 10; K) AppleWebKit/537.36 (KHTML, like Gecko) Chrome/150.0.0.0 Safari/537.36"
157.85.202.28 - - [16/Aug/2026:22:14:30 +0700] "GET /favicon.ico HTTP/1.1" 302 5 "https://karir.star4hire.com/career-pathways/germany/" "Mozilla/5.0 (Linux; Android 10; K) AppleWebKit/537.36 (KHTML, like Gecko) Chrome/150.0.0.0 Safari/537.36"
74.7.227.47 - - [16/Aug/2026:22:14:44 +0700] "GET /public/file.php?dir=CAAhomeCAAqtdcvxypCAAglobalenglishRAAstar4hireRAAcomCAAwp-contentCAApluginsCAAlitespeed-cache HTTP/1.1" 200 5705 "https://karir.star4hire.com/public/file.php?dir=CAAhomeCAAqtdcvxypCAAglobalenglishRAAstar4hireRAAcomCAAwp-contentCAAplugins" "Mozilla/5.0 AppleWebKit/537.36 (KHTML, like Gecko; compatible; GPTBot/1.4; +https://openai.com/gptbot)"
74.7.241.39 - - [16/Aug/2026:22:14:57 +0700] "GET /app/Http/Middleware/Dashboard.php HTTP/1.1" 200 0 "https://www.karir.star4hire.com/app/Http/Middleware/" "Mozilla/5.0 AppleWebKit/537.36 (KHTML, like Gecko; compatible; GPTBot/1.4; +https://openai.com/gptbot)"
157.85.202.28 - - [16/Aug/2026:22:15:03 +0700] "POST /wp-admin/admin-ajax.php HTTP/1.1" 200 88 "https://karir.star4hire.com/wp-admin/post.php?post=82&action=edit" "Mozilla/5.0 (Linux; Android 10; K) AppleWebKit/537.36 (KHTML, like Gecko) Chrome/150.0.0.0 Safari/537.36"
74.7.227.47 - - [16/Aug/2026:22:15:06 +0700] "GET /public/file.php?action=download&dir=CAAhomeCAAqtdcvxypCAAcareerusaRAAstar4hireRAAcomCAAwp-contentCAApluginsCAAlitespeed-cacheCAAsrc&file=tool.cls.php HTTP/1.1" 429 267 "https://karir.star4hire.com/public/file.php?dir=CAAhomeCAAqtdcvxypCAAcareerusaRAAstar4hireRAAcomCAAwp-contentCAApluginsCAAlitespeed-cacheCAAsrc" "Mozilla/5.0 AppleWebKit/537.36 (KHTML, like Gecko; compatible; GPTBot/1.4; +https://openai.com/gptbot)"
157.85.202.28 - - [16/Aug/2026:22:15:13 +0700] "POST /wp-admin/admin-ajax.php HTTP/1.1" 200 88 "https://karir.star4hire.com/wp-admin/post.php?post=82&action=edit" "Mozilla/5.0 (Linux; Android 10; K) AppleWebKit/537.36 (KHTML, like Gecko) Chrome/150.0.0.0 Safari/537.36"
157.85.202.28 - - [16/Aug/2026:22:15:18 +0700] "POST /wp-json/wp/v2/s4h_pathway/82?_locale=user HTTP/1.1" 200 793 "https://karir.star4hire.com/wp-admin/post.php?post=82&action=edit" "Mozilla/5.0 (Linux; Android 10; K) AppleWebKit/537.36 (KHTML, like Gecko) Chrome/150.0.0.0 Safari/537.36"
157.85.202.28 - - [16/Aug/2026:22:15:23 +0700] "POST /wp-admin/admin-ajax.php HTTP/1.1" 200 88 "https://karir.star4hire.com/wp-admin/post.php?post=82&action=edit" "Mozilla/5.0 (Linux; Android 10; K) AppleWebKit/537.36 (KHTML, like Gecko) Chrome/150.0.0.0 Safari/537.36"
74.7.227.47 - - [16/Aug/2026:22:15:26 +0700] "GET /public/file.php?dir=CAAhomeCAAqtdcvxypCAAcareerusaRAAstar4hireRAAcomCAAwp-contentCAApluginsCAAlitespeed-cacheCAAsrcCAAdata_structure HTTP/1.1" 429 267 "https://karir.star4hire.com/public/file.php?dir=CAAhomeCAAqtdcvxypCAAcareerusaRAAstar4hireRAAcomCAAwp-contentCAApluginsCAAlitespeed-cacheCAAsrc" "Mozilla/5.0 AppleWebKit/537.36 (KHTML, like Gecko; compatible; GPTBot/1.4; +https://openai.com/gptbot)"
157.85.202.28 - - [16/Aug/2026:22:15:31 +0700] "GET / HTTP/1.1" 200 40464 "https://karir.star4hire.com/wp-admin/" "Mozilla/5.0 (Linux; Android 10; K) AppleWebKit/537.36 (KHTML, like Gecko) Chrome/150.0.0.0 Safari/537.36"
157.85.202.28 - - [16/Aug/2026:22:15:33 +0700] "GET /favicon.ico HTTP/1.1" 302 5 "https://karir.star4hire.com/" "Mozilla/5.0 (Linux; Android 10; K) AppleWebKit/537.36 (KHTML, like Gecko) Chrome/150.0.0.0 Safari/537.36"
157.85.202.28 - - [16/Aug/2026:22:15:34 +0700] "POST /wp-admin/admin-ajax.php HTTP/1.1" 200 88 "https://karir.star4hire.com/wp-admin/post.php?post=82&action=edit" "Mozilla/5.0 (Linux; Android 10; K) AppleWebKit/537.36 (KHTML, like Gecko) Chrome/150.0.0.0 Safari/537.36"
74.7.241.39 - - [16/Aug/2026:22:16:02 +0700] "GET /app/Http/?C=M;O=D HTTP/1.1" 429 267 "https://www.karir.star4hire.com/app/Http/?C=M;O=A" "Mozilla/5.0 AppleWebKit/537.36 (KHTML, like Gecko; compatible; GPTBot/1.4; +https://openai.com/gptbot)"
74.7.227.47 - - [16/Aug/2026:22:16:24 +0700] "GET /public/file.php?dir=CAAhomeCAAqtdcvxypCAAkarirRAAstar4hireRAAcomCAAwp-contentCAApluginsCAAsoftaculous-proCAAlibCAAaiCAAweb HTTP/1.1" 200 4347 "https://karir.star4hire.com/public/file.php?dir=CAAhomeCAAqtdcvxypCAAkarirRAAstar4hireRAAcomCAAwp-contentCAApluginsCAAsoftaculous-proCAAlibCAAai" "Mozilla/5.0 AppleWebKit/537.36 (KHTML, like Gecko; compatible; GPTBot/1.4; +https://openai.com/gptbot)"
74.7.241.39 - - [16/Aug/2026:22:16:59 +0700] "GET /app/Rules/file.php?dir HTTP/1.1" 200 4593 "https://www.karir.star4hire.com/app/Rules/file.php" "Mozilla/5.0 AppleWebKit/537.36 (KHTML, like Gecko; compatible; GPTBot/1.4; +https://openai.com/gptbot)"
74.7.227.47 - - [16/Aug/2026:22:17:30 +0700] "GET /public/file.php?dir=CAAhomeCAAqtdcvxypCAAcareerusaRAAstar4hireRAAcomCAAwp-contentCAApluginsCAAlitespeed-cacheCAAsrcCAAcdn HTTP/1.1" 200 4426 "https://karir.star4hire.com/public/file.php?dir=CAAhomeCAAqtdcvxypCAAcareerusaRAAstar4hireRAAcomCAAwp-contentCAApluginsCAAlitespeed-cacheCAAsrc" "Mozilla/5.0 AppleWebKit/537.36 (KHTML, like Gecko; compatible; GPTBot/1.4; +https://openai.com/gptbot)"
74.7.241.39 - - [16/Aug/2026:22:18:01 +0700] "GET /app/Http/Controllers/Auth/ForgotPasswordController.php HTTP/1.1" 500 5 "https://www.karir.star4hire.com/app/Http/Controllers/Auth/" "Mozilla/5.0 AppleWebKit/537.36 (KHTML, like Gecko; compatible; GPTBot/1.4; +https://openai.com/gptbot)"
74.7.227.47 - - [16/Aug/2026:22:18:27 +0700] "GET /public/file.php?dir=CAAhomeCAAqtdcvxypCAAkarirRAAstar4hireRAAcomCAAwp-contentCAApluginsCAAsoftaculous-proCAAlibCAAaiCAAcore HTTP/1.1" 200 5357 "https://karir.star4hire.com/public/file.php?dir=CAAhomeCAAqtdcvxypCAAkarirRAAstar4hireRAAcomCAAwp-contentCAApluginsCAAsoftaculous-proCAAlibCAAai" "Mozilla/5.0 AppleWebKit/537.36 (KHTML, like Gecko; compatible; GPTBot/1.4; +https://openai.com/gptbot)"
74.7.241.39 - - [16/Aug/2026:22:18:57 +0700] "GET /app/Console/?C=S;O=A HTTP/1.1" 200 370 "https://www.karir.star4hire.com/app/Console/?C=M;O=D" "Mozilla/5.0 AppleWebKit/537.36 (KHTML, like Gecko; compatible; GPTBot/1.4; +https://openai.com/gptbot)"
74.7.227.47 - - [16/Aug/2026:22:19:19 +0700] "GET /public/file.php?dir=CAAhomeCAAqtdcvxypCAAcareerusaRAAstar4hireRAAcomCAAwp-contentCAApluginsCAAlitespeed-cacheCAAassetsCAAjs&edit=lazyload.min.js HTTP/1.1" 200 6125 "https://karir.star4hire.com/public/file.php?dir=CAAhomeCAAqtdcvxypCAAcareerusaRAAstar4hireRAAcomCAAwp-contentCAApluginsCAAlitespeed-cacheCAAassetsCAAjs" "Mozilla/5.0 AppleWebKit/537.36 (KHTML, like Gecko; compatible; GPTBot/1.4; +https://openai.com/gptbot)"
74.7.241.39 - - [16/Aug/2026:22:20:02 +0700] "GET /app/Console/?C=D;O=D HTTP/1.1" 200 369 "https://www.karir.star4hire.com/app/Console/?C=D;O=A" "Mozilla/5.0 AppleWebKit/537.36 (KHTML, like Gecko; compatible; GPTBot/1.4; +https://openai.com/gptbot)"
74.7.227.47 - - [16/Aug/2026:22:20:07 +0700] "GET /public/file.php?dir=CAAhomeCAAqtdcvxypCAAkarirRAAstar4hireRAAcomCAAwp-contentCAApluginsCAAsoftaculous-proCAAlibCAAaiCAAproviders HTTP/1.1" 200 4464 "https://karir.star4hire.com/public/file.php?dir=CAAhomeCAAqtdcvxypCAAkarirRAAstar4hireRAAcomCAAwp-contentCAApluginsCAAsoftaculous-proCAAlibCAAai" "Mozilla/5.0 AppleWebKit/537.36 (KHTML, like Gecko; compatible; GPTBot/1.4; +https://openai.com/gptbot)"
74.7.227.47 - - [16/Aug/2026:22:20:46 +0700] "GET /public/file.php?dir=CAAhomeCAAqtdcvxypCAAkarirRAAstar4hireRAAcomCAAwp-contentCAApluginsCAAgosmtp-proCAAassetsCAAjs&edit=chart.umd.min.js HTTP/1.1" 200 72060 "https://karir.star4hire.com/public/file.php?dir=CAAhomeCAAqtdcvxypCAAkarirRAAstar4hireRAAcomCAAwp-contentCAApluginsCAAgosmtp-proCAAassetsCAAjs" "Mozilla/5.0 AppleWebKit/537.36 (KHTML, like Gecko; compatible; GPTBot/1.4; +https://openai.com/gptbot)"
74.7.241.39 - - [16/Aug/2026:22:21:02 +0700] "GET /app/Helpers/?C=S;O=D HTTP/1.1" 200 417 "https://www.karir.star4hire.com/app/Helpers/?C=S;O=A" "Mozilla/5.0 AppleWebKit/537.36 (KHTML, like Gecko; compatible; GPTBot/1.4; +https://openai.com/gptbot)"
74.7.227.47 - - [16/Aug/2026:22:21:22 +0700] "GET /public/file.php?dir=CAAhomeCAAqtdcvxypCAAkarirRAAstar4hireRAAcomCAAvendorCAAsymfonyCAApolyfill-intl-normalizerCAAResourcesCAAstubs HTTP/1.1" 200 4336 "https://karir.star4hire.com/public/file.php?dir=CAAhomeCAAqtdcvxypCAAkarirRAAstar4hireRAAcomCAAvendorCAAsymfonyCAApolyfill-intl-normalizerCAAResources" "Mozilla/5.0 AppleWebKit/537.36 (KHTML, like Gecko; compatible; GPTBot/1.4; +https://openai.com/gptbot)"
157.85.202.28 - - [16/Aug/2026:22:21:23 +0700] "POST /wp-admin/admin-ajax.php HTTP/1.1" 200 89 "https://karir.star4hire.com/wp-admin/post.php?post=82&action=edit" "Mozilla/5.0 (Linux; Android 10; K) AppleWebKit/537.36 (KHTML, like Gecko) Chrome/150.0.0.0 Safari/537.36"
157.85.202.28 - - [16/Aug/2026:22:21:24 +0700] "GET /wp-admin/edit.php?post_type=s4h_pathway HTTP/1.1" 200 24444 "https://karir.star4hire.com/wp-admin/post.php?post=82&action=edit" "Mozilla/5.0 (Linux; Android 10; K) AppleWebKit/537.36 (KHTML, like Gecko) Chrome/150.0.0.0 Safari/537.36"
157.85.202.28 - - [16/Aug/2026:22:21:24 +0700] "POST /wp-admin/admin-ajax.php HTTP/1.1" 200 1 "https://karir.star4hire.com/wp-admin/post.php?post=82&action=edit" "Mozilla/5.0 (Linux; Android 10; K) AppleWebKit/537.36 (KHTML, like Gecko) Chrome/150.0.0.0 Safari/537.36"
157.85.202.28 - - [16/Aug/2026:22:21:25 +0700] "POST /wp-admin/admin-ajax.php HTTP/1.1" 200 62 "https://karir.star4hire.com/wp-admin/edit.php?post_type=s4h_pathway" "Mozilla/5.0 (Linux; Android 10; K) AppleWebKit/537.36 (KHTML, like Gecko) Chrome/150.0.0.0 Safari/537.36"
157.85.202.28 - - [16/Aug/2026:22:21:33 +0700] "GET /wp-admin/plugin-install.php HTTP/1.1" 200 26869 "https://karir.star4hire.com/wp-admin/edit.php?post_type=s4h_pathway" "Mozilla/5.0 (Linux; Android 10; K) AppleWebKit/537.36 (KHTML, like Gecko) Chrome/150.0.0.0 Safari/537.36"
74.7.241.39 - - [16/Aug/2026:22:21:51 +0700] "GET /app/Helpers/?C=N;O=D HTTP/1.1" 200 415 "https://www.karir.star4hire.com/app/Helpers/?C=N;O=A" "Mozilla/5.0 AppleWebKit/537.36 (KHTML, like Gecko; compatible; GPTBot/1.4; +https://openai.com/gptbot)"
74.7.227.47 - - [16/Aug/2026:22:21:55 +0700] "GET /public/file.php?dir=CAAhomeCAAqtdcvxypCAAcareerusaRAAstar4hireRAAcomCAAwp-contentCAApluginsCAAastra-sitesCAAclasses HTTP/1.1" 200 4326 "https://karir.star4hire.com/public/file.php?dir=CAAhomeCAAqtdcvxypCAAcareerusaRAAstar4hireRAAcomCAAwp-contentCAApluginsCAAastra-sites" "Mozilla/5.0 AppleWebKit/537.36 (KHTML, like Gecko; compatible; GPTBot/1.4; +https://openai.com/gptbot)"
157.85.202.28 - - [16/Aug/2026:22:22:08 +0700] "POST /wp-admin/update.php?action=upload-plugin HTTP/1.1" 200 19830 "https://karir.star4hire.com/wp-admin/plugin-install.php" "Mozilla/5.0 (Linux; Android 10; K) AppleWebKit/537.36 (KHTML, like Gecko) Chrome/150.0.0.0 Safari/537.36"
157.85.202.28 - - [16/Aug/2026:22:22:13 +0700] "GET /wp-admin/update.php?action=upload-plugin&package=95&overwrite=update-plugin&_wpnonce=135fb26d91 HTTP/1.1" 200 19497 "https://karir.star4hire.com/wp-admin/update.php?action=upload-plugin" "Mozilla/5.0 (Linux; Android 10; K) AppleWebKit/537.36 (KHTML, like Gecko) Chrome/150.0.0.0 Safari/537.36"
74.7.227.47 - - [16/Aug/2026:22:22:24 +0700] "GET /public/file.php?dir=CAAhomeCAAqtdcvxypCAAglobalenglishRAAstar4hireRAAcomCAAwp-contentCAApluginsCAAlitespeed-cacheCAAlang HTTP/1.1" 200 4314 "https://karir.star4hire.com/public/file.php?dir=CAAhomeCAAqtdcvxypCAAglobalenglishRAAstar4hireRAAcomCAAwp-contentCAApluginsCAAlitespeed-cache" "Mozilla/5.0 AppleWebKit/537.36 (KHTML, like Gecko; compatible; GPTBot/1.4; +https://openai.com/gptbot)"
157.85.202.28 - - [16/Aug/2026:22:22:32 +0700] "GET /wp-admin/edit.php?post_type=s4h_pathway HTTP/1.1" 200 24471 "https://karir.star4hire.com/wp-admin/update.php?action=upload-plugin&package=95&overwrite=update-plugin&_wpnonce=135fb26d91" "Mozilla/5.0 (Linux; Android 10; K) AppleWebKit/537.36 (KHTML, like Gecko) Chrome/150.0.0.0 Safari/537.36"
157.85.202.28 - - [16/Aug/2026:22:22:34 +0700] "POST /wp-admin/admin-ajax.php HTTP/1.1" 200 62 "https://karir.star4hire.com/wp-admin/edit.php?post_type=s4h_pathway" "Mozilla/5.0 (Linux; Android 10; K) AppleWebKit/537.36 (KHTML, like Gecko) Chrome/150.0.0.0 Safari/537.36"
74.7.241.39 - - [16/Aug/2026:22:22:36 +0700] "GET /app/Console/?C=N;O=A HTTP/1.1" 200 370 "https://www.karir.star4hire.com/app/Console/?C=M;O=D" "Mozilla/5.0 AppleWebKit/537.36 (KHTML, like Gecko; compatible; GPTBot/1.4; +https://openai.com/gptbot)"
157.85.202.28 - - [16/Aug/2026:22:22:38 +0700] "GET /wp-admin/post.php?post=82&action=edit HTTP/1.1" 200 0 "https://karir.star4hire.com/wp-admin/edit.php?post_type=s4h_pathway" "Mozilla/5.0 (Linux; Android 10; K) AppleWebKit/537.36 (KHTML, like Gecko) Chrome/150.0.0.0 Safari/537.36"
157.85.202.28 - - [16/Aug/2026:22:22:41 +0700] "GET /wp-admin/post.php?post=82&action=edit HTTP/1.1" 200 165932 "https://karir.star4hire.com/wp-admin/edit.php?post_type=s4h_pathway" "Mozilla/5.0 (Linux; Android 10; K) AppleWebKit/537.36 (KHTML, like Gecko) Chrome/150.0.0.0 Safari/537.36"
157.85.202.28 - - [16/Aug/2026:22:22:41 +0700] "GET /wp-content/plugins/star4hire-core/assets/css/pathway-editor.css?ver=1.4.3 HTTP/1.1" 200 223 "https://karir.star4hire.com/wp-admin/post.php?post=82&action=edit" "Mozilla/5.0 (Linux; Android 10; K) AppleWebKit/537.36 (KHTML, like Gecko) Chrome/150.0.0.0 Safari/537.36"
157.85.202.28 - - [16/Aug/2026:22:22:41 +0700] "GET /wp-content/plugins/star4hire-core/assets/js/pathway-editor.js?ver=1.4.3 HTTP/1.1" 200 1316 "https://karir.star4hire.com/wp-admin/post.php?post=82&action=edit" "Mozilla/5.0 (Linux; Android 10; K) AppleWebKit/537.36 (KHTML, like Gecko) Chrome/150.0.0.0 Safari/537.36"
157.85.202.28 - - [16/Aug/2026:22:22:44 +0700] "OPTIONS /wp-json/wp/v2/settings?_locale=user HTTP/1.1" 200 1137 "https://karir.star4hire.com/wp-admin/post.php?post=82&action=edit" "Mozilla/5.0 (Linux; Android 10; K) AppleWebKit/537.36 (KHTML, like Gecko) Chrome/150.0.0.0 Safari/537.36"
157.85.202.28 - - [16/Aug/2026:22:22:44 +0700] "GET /wp-json/wp/v2/templates/lookup?slug=front-page&_locale=user HTTP/1.1" 200 4355 "https://karir.star4hire.com/wp-admin/post.php?post=82&action=edit" "Mozilla/5.0 (Linux; Android 10; K) AppleWebKit/537.36 (KHTML, like Gecko) Chrome/150.0.0.0 Safari/537.36"
157.85.202.28 - - [16/Aug/2026:22:22:44 +0700] "GET /wp-json/wp/v2/taxonomies?context=edit&per_page=100&_locale=user HTTP/1.1" 200 1327 "https://karir.star4hire.com/wp-admin/post.php?post=82&action=edit" "Mozilla/5.0 (Linux; Android 10; K) AppleWebKit/537.36 (KHTML, like Gecko) Chrome/150.0.0.0 Safari/537.36"
157.85.202.28 - - [16/Aug/2026:22:22:45 +0700] "GET /wp-json/wp/v2/wp_pattern_category?context=view&per_page=100&_fields=id%2Cname%2Cdescription%2Cslug&_locale=user HTTP/1.1" 200 16 "https://karir.star4hire.com/wp-admin/post.php?post=82&action=edit" "Mozilla/5.0 (Linux; Android 10; K) AppleWebKit/537.36 (KHTML, like Gecko) Chrome/150.0.0.0 Safari/537.36"
157.85.202.28 - - [16/Aug/2026:22:22:45 +0700] "GET /wp-json/wp/v2/media/86?context=view&_locale=user HTTP/1.1" 200 1092 "https://karir.star4hire.com/wp-admin/post.php?post=82&action=edit" "Mozilla/5.0 (Linux; Android 10; K) AppleWebKit/537.36 (KHTML, like Gecko) Chrome/150.0.0.0 Safari/537.36"
157.85.202.28 - - [16/Aug/2026:22:22:45 +0700] "OPTIONS /wp-json/wp/v2/s4h_pathway?_locale=user HTTP/1.1" 200 1703 "https://karir.star4hire.com/wp-admin/post.php?post=82&action=edit" "Mozilla/5.0 (Linux; Android 10; K) AppleWebKit/537.36 (KHTML, like Gecko) Chrome/150.0.0.0 Safari/537.36"
74.7.227.47 - - [16/Aug/2026:22:22:50 +0700] "GET /public/file.php?dir=CAAhomeCAAqtdcvxypCAAglobalenglishRAAstar4hireRAAcomCAAwp-contentCAApluginsCAAlitespeed-cacheCAAcli HTTP/1.1" 200 4789 "https://karir.star4hire.com/public/file.php?dir=CAAhomeCAAqtdcvxypCAAglobalenglishRAAstar4hireRAAcomCAAwp-contentCAApluginsCAAlitespeed-cache" "Mozilla/5.0 AppleWebKit/537.36 (KHTML, like Gecko; compatible; GPTBot/1.4; +https://openai.com/gptbot)"
157.85.202.28 - - [16/Aug/2026:22:22:52 +0700] "POST /wp-admin/admin-ajax.php HTTP/1.1" 200 88 "https://karir.star4hire.com/wp-admin/post.php?post=82&action=edit" "Mozilla/5.0 (Linux; Android 10; K) AppleWebKit/537.36 (KHTML, like Gecko) Chrome/150.0.0.0 Safari/537.36"
157.85.202.28 - - [16/Aug/2026:22:23:02 +0700] "POST /wp-json/wp/v2/s4h_pathway/82?_locale=user HTTP/1.1" 200 798 "https://karir.star4hire.com/wp-admin/post.php?post=82&action=edit" "Mozilla/5.0 (Linux; Android 10; K) AppleWebKit/537.36 (KHTML, like Gecko) Chrome/150.0.0.0 Safari/537.36"
157.85.202.28 - - [16/Aug/2026:22:23:03 +0700] "POST /wp-admin/admin-ajax.php HTTP/1.1" 200 88 "https://karir.star4hire.com/wp-admin/post.php?post=82&action=edit" "Mozilla/5.0 (Linux; Android 10; K) AppleWebKit/537.36 (KHTML, like Gecko) Chrome/150.0.0.0 Safari/537.36"
157.85.202.28 - - [16/Aug/2026:22:23:08 +0700] "GET / HTTP/1.1" 200 40524 "https://karir.star4hire.com/wp-admin/" "Mozilla/5.0 (Linux; Android 10; K) AppleWebKit/537.36 (KHTML, like Gecko) Chrome/150.0.0.0 Safari/537.36"
