74.7.227.47 - - [17/Aug/2026:02:04:28 +0700] "GET /app/Resources/%20.%20esc_url(wp_nonce_url(add_query_arg(array(action%20%20%20%20%20=%3E%20delete,request_id%20=%3E%20array(%20item-%3EID%20),),admin_url(%20export-personal-data.php%20)),bulk-privacy_requests))%20.%20 HTTP/1.1" 301 5 "https://www.karir.star4hire.com" "Mozilla/5.0 AppleWebKit/537.36 (KHTML, like Gecko; compatible; GPTBot/1.4; +https://openai.com/gptbot)"
74.7.241.39 - - [17/Aug/2026:02:04:29 +0700] "GET /app/Libs/file.php?dir=CAAhomeCAAqtdcvxypCAAkarirRAAstar4hireRAAcomCAAwp-includesCAAblocksCAApost-terms&edit=block.json HTTP/1.1" 200 3588 "https://www.karir.star4hire.com/app/Libs/file.php?dir=CAAhomeCAAqtdcvxypCAAkarirRAAstar4hireRAAcomCAAwp-includesCAAblocksCAApost-terms" "Mozilla/5.0 AppleWebKit/537.36 (KHTML, like Gecko; compatible; GPTBot/1.4; +https://openai.com/gptbot)"
74.7.241.39 - - [17/Aug/2026:02:04:30 +0700] "GET /app/Libs/file.php?dir=CAAhomeCAAqtdcvxypCAAkarirRAAstar4hireRAAcomCAAwp-includesCAAblocks&edit=post-featured-image.php HTTP/1.1" 200 5739 "https://www.karir.star4hire.com/app/Libs/file.php?dir=CAAhomeCAAqtdcvxypCAAkarirRAAstar4hireRAAcomCAAwp-includesCAAblocks" "Mozilla/5.0 AppleWebKit/537.36 (KHTML, like Gecko; compatible; GPTBot/1.4; +https://openai.com/gptbot)"
74.7.241.39 - - [17/Aug/2026:02:04:31 +0700] "GET /app/Http/file.php?dir=CAAhomeCAAqtdcvxypCAAkarirRAAstar4hireRAAcomCAAwp-includesCAAblocks HTTP/1.1" 200 14259 "https://www.karir.star4hire.com/app/Http/file.php?dir=CAAhomeCAAqtdcvxypCAAkarirRAAstar4hireRAAcomCAAwp-includes" "Mozilla/5.0 AppleWebKit/537.36 (KHTML, like Gecko; compatible; GPTBot/1.4; +https://openai.com/gptbot)"
74.7.227.47 - - [17/Aug/2026:02:04:31 +0700] "GET /app/Resources/%20.%20esc_url(wp_nonce_url(add_query_arg(array(action%20%20%20%20%20=%3E%20delete,request_id%20=%3E%20array(%20item-%3EID%20),),admin_url(%20export-personal-data.php%20)),bulk-privacy_requests HTTP/1.1" 404 30129 "https://karir.star4hire.com/app/Resources/%20.%20esc_url(wp_nonce_url(add_query_arg(array(action%20%20%20%20%20=%3E%20delete,request_id%20=%3E%20array(%20item-%3EID%20),),admin_url(%20export-personal-data.php%20)),bulk-privacy_requests))%20.%20" "Mozilla/5.0 AppleWebKit/537.36 (KHTML, like Gecko; compatible; GPTBot/1.4; +https://openai.com/gptbot)"
74.7.241.39 - - [17/Aug/2026:02:04:32 +0700] "GET /app/Libs/file.php?dir=CAAhomeCAAqtdcvxypCAAkarirRAAstar4hireRAAcomCAAwp-includesCAASimplePie HTTP/1.1" 200 4460 "https://www.karir.star4hire.com/app/Libs/file.php?dir=CAAhomeCAAqtdcvxypCAAkarirRAAstar4hireRAAcomCAAwp-includes" "Mozilla/5.0 AppleWebKit/537.36 (KHTML, like Gecko; compatible; GPTBot/1.4; +https://openai.com/gptbot)"
74.7.227.47 - - [17/Aug/2026:02:04:33 +0700] "GET /public/file.php?dir=CAAhomeCAAqtdcvxypCAAglobalenglishRAAstar4hireRAAcomCAAwp-contentCAAuploadsCAA2024CAA05&edit=blog-06-460x460.jpg HTTP/1.1" 200 46679 "https://karir.star4hire.com/public/file.php?dir=CAAhomeCAAqtdcvxypCAAglobalenglishRAAstar4hireRAAcomCAAwp-contentCAAuploadsCAA2024CAA05" "Mozilla/5.0 AppleWebKit/537.36 (KHTML, like Gecko; compatible; GPTBot/1.4; +https://openai.com/gptbot)"
74.7.241.39 - - [17/Aug/2026:02:04:34 +0700] "GET /app/Libs/file.php?action=download&dir=CAAhomeCAAqtdcvxypCAAkarirRAAstar4hireRAAcomCAAwp-includesCAAblocksCAAterm-name&file=style.css HTTP/1.1" 200 52 "https://www.karir.star4hire.com/app/Libs/file.php?dir=CAAhomeCAAqtdcvxypCAAkarirRAAstar4hireRAAcomCAAwp-includesCAAblocksCAAterm-name" "Mozilla/5.0 AppleWebKit/537.36 (KHTML, like Gecko; compatible; GPTBot/1.4; +https://openai.com/gptbot)"
74.7.227.47 - - [17/Aug/2026:02:04:34 +0700] "GET /public/file.php?dir=CAAhomeCAAqtdcvxypCAAglobalenglishRAAstar4hireRAAcomCAAwp-contentCAAuploadsCAA2024CAA05&edit=blog-05-300x300.jpg HTTP/1.1" 200 20014 "https://karir.star4hire.com/public/file.php?dir=CAAhomeCAAqtdcvxypCAAglobalenglishRAAstar4hireRAAcomCAAwp-contentCAAuploadsCAA2024CAA05" "Mozilla/5.0 AppleWebKit/537.36 (KHTML, like Gecko; compatible; GPTBot/1.4; +https://openai.com/gptbot)"
74.7.241.39 - - [17/Aug/2026:02:04:35 +0700] "GET /app/Libs/file.php?action=download&dir=CAAhomeCAAqtdcvxypCAAkarirRAAstar4hireRAAcomCAAwp-includesCAAblocksCAAread-more&file=style.css HTTP/1.1" 200 125 "https://www.karir.star4hire.com/app/Libs/file.php?dir=CAAhomeCAAqtdcvxypCAAkarirRAAstar4hireRAAcomCAAwp-includesCAAblocksCAAread-more" "Mozilla/5.0 AppleWebKit/537.36 (KHTML, like Gecko; compatible; GPTBot/1.4; +https://openai.com/gptbot)"
74.7.227.47 - - [17/Aug/2026:02:04:36 +0700] "GET /public/file.php?dir=CAAhomeCAAqtdcvxypCAAglobalenglishRAAstar4hireRAAcomCAAwp-contentCAAuploadsCAA2024CAA05&edit=blog-05-500x320.jpg HTTP/1.1" 200 31508 "https://karir.star4hire.com/public/file.php?dir=CAAhomeCAAqtdcvxypCAAglobalenglishRAAstar4hireRAAcomCAAwp-contentCAAuploadsCAA2024CAA05" "Mozilla/5.0 AppleWebKit/537.36 (KHTML, like Gecko; compatible; GPTBot/1.4; +https://openai.com/gptbot)"
74.7.241.39 - - [17/Aug/2026:02:04:37 +0700] "GET /app/Http/file.php?dir=CAAhomeCAAqtdcvxypCAAkarirRAAstar4hireRAAcomCAAwp-adminCAAincludes HTTP/1.1" 200 11336 "https://www.karir.star4hire.com/app/Http/file.php?dir=CAAhomeCAAqtdcvxypCAAkarirRAAstar4hireRAAcomCAAwp-admin" "Mozilla/5.0 AppleWebKit/537.36 (KHTML, like Gecko; compatible; GPTBot/1.4; +https://openai.com/gptbot)"
74.7.227.47 - - [17/Aug/2026:02:04:37 +0700] "GET /public/file.php?dir=CAAhomeCAAqtdcvxypCAAglobalenglishRAAstar4hireRAAcomCAAwp-contentCAAuploadsCAA2024CAA05&edit=blog-04-500x320.jpg HTTP/1.1" 200 24076 "https://karir.star4hire.com/public/file.php?dir=CAAhomeCAAqtdcvxypCAAglobalenglishRAAstar4hireRAAcomCAAwp-contentCAAuploadsCAA2024CAA05" "Mozilla/5.0 AppleWebKit/537.36 (KHTML, like Gecko; compatible; GPTBot/1.4; +https://openai.com/gptbot)"
74.7.241.39 - - [17/Aug/2026:02:04:38 +0700] "GET /app/Http/file.php?dir=CAAhomeCAAqtdcvxypCAAkarirRAAstar4hireRAAcomCAAwp-includesCAApomo HTTP/1.1" 200 4694 "https://www.karir.star4hire.com/app/Http/file.php?dir=CAAhomeCAAqtdcvxypCAAkarirRAAstar4hireRAAcomCAAwp-includes" "Mozilla/5.0 AppleWebKit/537.36 (KHTML, like Gecko; compatible; GPTBot/1.4; +https://openai.com/gptbot)"
74.7.227.47 - - [17/Aug/2026:02:04:39 +0700] "GET /public/file.php?dir=CAAhomeCAAqtdcvxypCAAglobalenglishRAAstar4hireRAAcomCAAwp-contentCAAuploadsCAA2024CAA05&edit=blog-02-500x320.jpg HTTP/1.1" 200 27517 "https://karir.star4hire.com/public/file.php?dir=CAAhomeCAAqtdcvxypCAAglobalenglishRAAstar4hireRAAcomCAAwp-contentCAAuploadsCAA2024CAA05" "Mozilla/5.0 AppleWebKit/537.36 (KHTML, like Gecko; compatible; GPTBot/1.4; +https://openai.com/gptbot)"
74.7.241.39 - - [17/Aug/2026:02:04:39 +0700] "GET /app/Http/file.php?dir=CAAhomeCAAqtdcvxypCAAkarirRAAstar4hireRAAcomCAAwp-includesCAAfonts HTTP/1.1" 200 4953 "https://www.karir.star4hire.com/app/Http/file.php?dir=CAAhomeCAAqtdcvxypCAAkarirRAAstar4hireRAAcomCAAwp-includes" "Mozilla/5.0 AppleWebKit/537.36 (KHTML, like Gecko; compatible; GPTBot/1.4; +https://openai.com/gptbot)"
74.7.241.39 - - [17/Aug/2026:02:04:40 +0700] "GET /app/Libs/file.php?dir=CAAhomeCAAqtdcvxypCAAkarirRAAstar4hireRAAcomCAAwp-adminCAAnetwork HTTP/1.1" 200 6157 "https://www.karir.star4hire.com/app/Libs/file.php?dir=CAAhomeCAAqtdcvxypCAAkarirRAAstar4hireRAAcomCAAwp-admin" "Mozilla/5.0 AppleWebKit/537.36 (KHTML, like Gecko; compatible; GPTBot/1.4; +https://openai.com/gptbot)"
74.7.227.47 - - [17/Aug/2026:02:04:40 +0700] "GET /public/file.php?dir=CAAhomeCAAqtdcvxypCAAglobalenglishRAAstar4hireRAAcomCAAwp-contentCAAuploadsCAA2024CAA05&edit=blog-03-300x300.jpg HTTP/1.1" 200 17459 "https://karir.star4hire.com/public/file.php?dir=CAAhomeCAAqtdcvxypCAAglobalenglishRAAstar4hireRAAcomCAAwp-contentCAAuploadsCAA2024CAA05" "Mozilla/5.0 AppleWebKit/537.36 (KHTML, like Gecko; compatible; GPTBot/1.4; +https://openai.com/gptbot)"
74.7.241.39 - - [17/Aug/2026:02:04:41 +0700] "GET /app/Libs/file.php?dir=CAAhomeCAAqtdcvxypCAAkarirRAAstar4hireRAAcomCAAwp-contentCAAcache HTTP/1.1" 200 4215 "https://www.karir.star4hire.com/app/Libs/file.php?dir=CAAhomeCAAqtdcvxypCAAkarirRAAstar4hireRAAcomCAAwp-content" "Mozilla/5.0 AppleWebKit/537.36 (KHTML, like Gecko; compatible; GPTBot/1.4; +https://openai.com/gptbot)"
74.7.227.47 - - [17/Aug/2026:02:04:41 +0700] "GET /public/file.php?dir=CAAhomeCAAqtdcvxypCAAglobalenglishRAAstar4hireRAAcomCAAwp-contentCAAuploadsCAA2024CAA05&edit=blog-04-460x460.jpg HTTP/1.1" 200 30422 "https://karir.star4hire.com/public/file.php?dir=CAAhomeCAAqtdcvxypCAAglobalenglishRAAstar4hireRAAcomCAAwp-contentCAAuploadsCAA2024CAA05" "Mozilla/5.0 AppleWebKit/537.36 (KHTML, like Gecko; compatible; GPTBot/1.4; +https://openai.com/gptbot)"
74.7.241.39 - - [17/Aug/2026:02:04:42 +0700] "GET /app/Libs/file.php?dir=CAAhomeCAAqtdcvxypCAAkarirRAAstar4hireRAAcomCAAwp-contentCAAthemes HTTP/1.1" 200 4579 "https://www.karir.star4hire.com/app/Libs/file.php?dir=CAAhomeCAAqtdcvxypCAAkarirRAAstar4hireRAAcomCAAwp-content" "Mozilla/5.0 AppleWebKit/537.36 (KHTML, like Gecko; compatible; GPTBot/1.4; +https://openai.com/gptbot)"
74.7.227.47 - - [17/Aug/2026:02:04:43 +0700] "GET /public/file.php?dir=CAAhomeCAAqtdcvxypCAAglobalenglishRAAstar4hireRAAcomCAAwp-contentCAAuploadsCAA2024CAA05&edit=blog-02-460x460.jpg HTTP/1.1" 200 31049 "https://karir.star4hire.com/public/file.php?dir=CAAhomeCAAqtdcvxypCAAglobalenglishRAAstar4hireRAAcomCAAwp-contentCAAuploadsCAA2024CAA05" "Mozilla/5.0 AppleWebKit/537.36 (KHTML, like Gecko; compatible; GPTBot/1.4; +https://openai.com/gptbot)"
74.7.241.39 - - [17/Aug/2026:02:04:44 +0700] "GET /app/Http/file.php?dir=CAAhomeCAAqtdcvxypCAAkarirRAAstar4hireRAAcomCAAwp-contentCAAuploads HTTP/1.1" 200 4271 "https://www.karir.star4hire.com/app/Http/file.php?dir=CAAhomeCAAqtdcvxypCAAkarirRAAstar4hireRAAcomCAAwp-content" "Mozilla/5.0 AppleWebKit/537.36 (KHTML, like Gecko; compatible; GPTBot/1.4; +https://openai.com/gptbot)"
74.7.227.47 - - [17/Aug/2026:02:04:44 +0700] "GET /public/file.php?dir=CAAhomeCAAqtdcvxypCAAglobalenglishRAAstar4hireRAAcomCAAwp-contentCAAuploadsCAA2024CAA05&edit=blog-04-300x300.jpg HTTP/1.1" 200 16909 "https://karir.star4hire.com/public/file.php?dir=CAAhomeCAAqtdcvxypCAAglobalenglishRAAstar4hireRAAcomCAAwp-contentCAAuploadsCAA2024CAA05" "Mozilla/5.0 AppleWebKit/537.36 (KHTML, like Gecko; compatible; GPTBot/1.4; +https://openai.com/gptbot)"
74.7.241.39 - - [17/Aug/2026:02:04:45 +0700] "GET /app/Http/file.php?dir=CAAhomeCAAqtdcvxypCAAkarirRAAstar4hireRAAcomCAAwp-includesCAAblocks&edit=query-pagination.php HTTP/1.1" 200 3548 "https://www.karir.star4hire.com/app/Http/file.php?dir=CAAhomeCAAqtdcvxypCAAkarirRAAstar4hireRAAcomCAAwp-includesCAAblocks" "Mozilla/5.0 AppleWebKit/537.36 (KHTML, like Gecko; compatible; GPTBot/1.4; +https://openai.com/gptbot)"
74.7.227.47 - - [17/Aug/2026:02:04:45 +0700] "GET /public/file.php?dir=CAAhomeCAAqtdcvxypCAAglobalenglishRAAstar4hireRAAcomCAAwp-contentCAAuploadsCAA2024CAA05&edit=blog-03-500x320.jpg HTTP/1.1" 200 25546 "https://karir.star4hire.com/public/file.php?dir=CAAhomeCAAqtdcvxypCAAglobalenglishRAAstar4hireRAAcomCAAwp-contentCAAuploadsCAA2024CAA05" "Mozilla/5.0 AppleWebKit/537.36 (KHTML, like Gecko; compatible; GPTBot/1.4; +https://openai.com/gptbot)"
74.7.241.39 - - [17/Aug/2026:02:04:46 +0700] "GET /app/Http/file.php?action=download&dir=CAAhomeCAAqtdcvxypCAAkarirRAAstar4hireRAAcomCAAwp-includesCAAblocks&file=footnotes.php HTTP/1.1" 200 1257 "https://www.karir.star4hire.com/app/Http/file.php?dir=CAAhomeCAAqtdcvxypCAAkarirRAAstar4hireRAAcomCAAwp-includesCAAblocks" "Mozilla/5.0 AppleWebKit/537.36 (KHTML, like Gecko; compatible; GPTBot/1.4; +https://openai.com/gptbot)"
74.7.227.47 - - [17/Aug/2026:02:04:47 +0700] "GET /public/file.php?dir=CAAhomeCAAqtdcvxypCAAglobalenglishRAAstar4hireRAAcomCAAwp-contentCAAuploadsCAA2024CAA05&edit=blog-02-300x300.jpg HTTP/1.1" 200 17539 "https://karir.star4hire.com/public/file.php?dir=CAAhomeCAAqtdcvxypCAAglobalenglishRAAstar4hireRAAcomCAAwp-contentCAAuploadsCAA2024CAA05" "Mozilla/5.0 AppleWebKit/537.36 (KHTML, like Gecko; compatible; GPTBot/1.4; +https://openai.com/gptbot)"
74.7.241.39 - - [17/Aug/2026:02:04:48 +0700] "GET /app/Http/file.php?dir=CAAhomeCAAqtdcvxypCAAkarirRAAstar4hireRAAcomCAAwp-includesCAAblocksCAAcode HTTP/1.1" 200 4960 "https://www.karir.star4hire.com/app/Http/file.php?dir=CAAhomeCAAqtdcvxypCAAkarirRAAstar4hireRAAcomCAAwp-includesCAAblocks" "Mozilla/5.0 AppleWebKit/537.36 (KHTML, like Gecko; compatible; GPTBot/1.4; +https://openai.com/gptbot)"
74.7.227.47 - - [17/Aug/2026:02:04:48 +0700] "GET /public/file.php?dir=CAAhomeCAAqtdcvxypCAAglobalenglishRAAstar4hireRAAcomCAAwp-contentCAAuploadsCAA2024CAA06&edit=image-14-300x300.jpg HTTP/1.1" 200 26665 "https://karir.star4hire.com/public/file.php?dir=CAAhomeCAAqtdcvxypCAAglobalenglishRAAstar4hireRAAcomCAAwp-contentCAAuploadsCAA2024CAA06" "Mozilla/5.0 AppleWebKit/537.36 (KHTML, like Gecko; compatible; GPTBot/1.4; +https://openai.com/gptbot)"
74.7.241.39 - - [17/Aug/2026:02:04:49 +0700] "GET /app/Http/file.php?dir=CAAhomeCAAqtdcvxypCAAkarirRAAstar4hireRAAcomCAAwp-includesCAAblocksCAAmath HTTP/1.1" 200 4778 "https://www.karir.star4hire.com/app/Http/file.php?dir=CAAhomeCAAqtdcvxypCAAkarirRAAstar4hireRAAcomCAAwp-includesCAAblocks" "Mozilla/5.0 AppleWebKit/537.36 (KHTML, like Gecko; compatible; GPTBot/1.4; +https://openai.com/gptbot)"
74.7.241.39 - - [17/Aug/2026:02:04:50 +0700] "GET /app/Http/file.php?action=download&dir=CAAhomeCAAqtdcvxypCAAkarirRAAstar4hireRAAcomCAAwp-adminCAAincludes&file=image.php HTTP/1.1" 200 11213 "https://www.karir.star4hire.com/app/Http/file.php?dir=CAAhomeCAAqtdcvxypCAAkarirRAAstar4hireRAAcomCAAwp-adminCAAincludes" "Mozilla/5.0 AppleWebKit/537.36 (KHTML, like Gecko; compatible; GPTBot/1.4; +https://openai.com/gptbot)"
74.7.227.47 - - [17/Aug/2026:02:04:50 +0700] "GET /public/file.php?dir=CAAhomeCAAqtdcvxypCAAglobalenglishRAAstar4hireRAAcomCAAwp-contentCAAuploadsCAA2024CAA06&edit=image-23-460x460.jpg HTTP/1.1" 200 39354 "https://karir.star4hire.com/public/file.php?dir=CAAhomeCAAqtdcvxypCAAglobalenglishRAAstar4hireRAAcomCAAwp-contentCAAuploadsCAA2024CAA06" "Mozilla/5.0 AppleWebKit/537.36 (KHTML, like Gecko; compatible; GPTBot/1.4; +https://openai.com/gptbot)"
74.7.241.39 - - [17/Aug/2026:02:04:51 +0700] "GET /app/Http/file.php?dir=CAAhomeCAAqtdcvxypCAAkarirRAAstar4hireRAAcomCAAwp-includesCAAblocks&edit=post-excerpt.php HTTP/1.1" 200 4630 "https://www.karir.star4hire.com/app/Http/file.php?dir=CAAhomeCAAqtdcvxypCAAkarirRAAstar4hireRAAcomCAAwp-includesCAAblocks" "Mozilla/5.0 AppleWebKit/537.36 (KHTML, like Gecko; compatible; GPTBot/1.4; +https://openai.com/gptbot)"
74.7.227.47 - - [17/Aug/2026:02:04:52 +0700] "GET /public/file.php?dir=CAAhomeCAAqtdcvxypCAAglobalenglishRAAstar4hireRAAcomCAAwp-contentCAAuploadsCAA2024CAA06&edit=image-21-180x180.jpg HTTP/1.1" 200 12773 "https://karir.star4hire.com/public/file.php?dir=CAAhomeCAAqtdcvxypCAAglobalenglishRAAstar4hireRAAcomCAAwp-contentCAAuploadsCAA2024CAA06" "Mozilla/5.0 AppleWebKit/537.36 (KHTML, like Gecko; compatible; GPTBot/1.4; +https://openai.com/gptbot)"
74.7.241.39 - - [17/Aug/2026:02:04:52 +0700] "GET /app/Http/file.php?dir=CAAhomeCAAqtdcvxypCAAkarirRAAstar4hireRAAcomCAAwp-includesCAAblocksCAApost-excerpt HTTP/1.1" 200 4778 "https://www.karir.star4hire.com/app/Http/file.php?dir=CAAhomeCAAqtdcvxypCAAkarirRAAstar4hireRAAcomCAAwp-includesCAAblocks" "Mozilla/5.0 AppleWebKit/537.36 (KHTML, like Gecko; compatible; GPTBot/1.4; +https://openai.com/gptbot)"
74.7.227.47 - - [17/Aug/2026:02:04:53 +0700] "GET /public/file.php?dir=CAAhomeCAAqtdcvxypCAAglobalenglishRAAstar4hireRAAcomCAAwp-contentCAAuploadsCAA2024CAA06&edit=image-22-500x320.jpg HTTP/1.1" 200 25504 "https://karir.star4hire.com/public/file.php?dir=CAAhomeCAAqtdcvxypCAAglobalenglishRAAstar4hireRAAcomCAAwp-contentCAAuploadsCAA2024CAA06" "Mozilla/5.0 AppleWebKit/537.36 (KHTML, like Gecko; compatible; GPTBot/1.4; +https://openai.com/gptbot)"
74.7.241.39 - - [17/Aug/2026:02:04:54 +0700] "GET /app/Libs/file.php?dir=CAAhomeCAAqtdcvxypCAAkarirRAAstar4hireRAAcomCAAwp-adminCAAnetwork&edit=index.php HTTP/1.1" 200 4171 "https://www.karir.star4hire.com/app/Libs/file.php?dir=CAAhomeCAAqtdcvxypCAAkarirRAAstar4hireRAAcomCAAwp-adminCAAnetwork" "Mozilla/5.0 AppleWebKit/537.36 (KHTML, like Gecko; compatible; GPTBot/1.4; +https://openai.com/gptbot)"
74.7.227.47 - - [17/Aug/2026:02:04:54 +0700] "GET /public/file.php?dir=CAAhomeCAAqtdcvxypCAAglobalenglishRAAstar4hireRAAcomCAAwp-contentCAAuploadsCAA2024CAA06&edit=image-02-500x320.jpg HTTP/1.1" 200 34453 "https://karir.star4hire.com/public/file.php?dir=CAAhomeCAAqtdcvxypCAAglobalenglishRAAstar4hireRAAcomCAAwp-contentCAAuploadsCAA2024CAA06" "Mozilla/5.0 AppleWebKit/537.36 (KHTML, like Gecko; compatible; GPTBot/1.4; +https://openai.com/gptbot)"
74.7.241.39 - - [17/Aug/2026:02:04:55 +0700] "GET /app/Http/file.php?dir=CAAhomeCAAqtdcvxypCAAkarirRAAstar4hireRAAcomCAAwp-includesCAAblocks&edit=post-template.php HTTP/1.1" 200 5101 "https://www.karir.star4hire.com/app/Http/file.php?dir=CAAhomeCAAqtdcvxypCAAkarirRAAstar4hireRAAcomCAAwp-includesCAAblocks" "Mozilla/5.0 AppleWebKit/537.36 (KHTML, like Gecko; compatible; GPTBot/1.4; +https://openai.com/gptbot)"
74.7.227.47 - - [17/Aug/2026:02:04:56 +0700] "GET /public/file.php?dir=CAAhomeCAAqtdcvxypCAAglobalenglishRAAstar4hireRAAcomCAAwp-contentCAAuploadsCAA2024CAA06&edit=image-19-300x300.jpg HTTP/1.1" 200 18956 "https://karir.star4hire.com/public/file.php?dir=CAAhomeCAAqtdcvxypCAAglobalenglishRAAstar4hireRAAcomCAAwp-contentCAAuploadsCAA2024CAA06" "Mozilla/5.0 AppleWebKit/537.36 (KHTML, like Gecko; compatible; GPTBot/1.4; +https://openai.com/gptbot)"
74.7.241.39 - - [17/Aug/2026:02:04:56 +0700] "GET /app/Http/file.php?dir=CAAhomeCAAqtdcvxypCAAkarirRAAstar4hireRAAcomCAAwp-includesCAAblocks&edit=comment-content.php HTTP/1.1" 200 3939 "https://www.karir.star4hire.com/app/Http/file.php?dir=CAAhomeCAAqtdcvxypCAAkarirRAAstar4hireRAAcomCAAwp-includesCAAblocks" "Mozilla/5.0 AppleWebKit/537.36 (KHTML, like Gecko; compatible; GPTBot/1.4; +https://openai.com/gptbot)"
74.7.227.47 - - [17/Aug/2026:02:04:57 +0700] "GET /public/file.php?dir=CAAhomeCAAqtdcvxypCAAglobalenglishRAAstar4hireRAAcomCAAwp-contentCAAuploadsCAA2024CAA06&edit=image-07-300x300.jpg HTTP/1.1" 200 19957 "https://karir.star4hire.com/public/file.php?dir=CAAhomeCAAqtdcvxypCAAglobalenglishRAAstar4hireRAAcomCAAwp-contentCAAuploadsCAA2024CAA06" "Mozilla/5.0 AppleWebKit/537.36 (KHTML, like Gecko; compatible; GPTBot/1.4; +https://openai.com/gptbot)"
74.7.241.39 - - [17/Aug/2026:02:04:57 +0700] "GET /app/Http/file.php?dir=CAAhomeCAAqtdcvxypCAAkarirRAAstar4hireRAAcomCAAwp-includesCAAblocks&edit=comment-edit-link.php HTTP/1.1" 200 3720 "https://www.karir.star4hire.com/app/Http/file.php?dir=CAAhomeCAAqtdcvxypCAAkarirRAAstar4hireRAAcomCAAwp-includesCAAblocks" "Mozilla/5.0 AppleWebKit/537.36 (KHTML, like Gecko; compatible; GPTBot/1.4; +https://openai.com/gptbot)"
74.7.227.47 - - [17/Aug/2026:02:04:58 +0700] "GET /public/file.php?dir=CAAhomeCAAqtdcvxypCAAglobalenglishRAAstar4hireRAAcomCAAwp-contentCAAuploadsCAA2024CAA06&edit=image-15-600x540.jpg HTTP/1.1" 200 85862 "https://karir.star4hire.com/public/file.php?dir=CAAhomeCAAqtdcvxypCAAglobalenglishRAAstar4hireRAAcomCAAwp-contentCAAuploadsCAA2024CAA06" "Mozilla/5.0 AppleWebKit/537.36 (KHTML, like Gecko; compatible; GPTBot/1.4; +https://openai.com/gptbot)"
74.7.241.39 - - [17/Aug/2026:02:04:59 +0700] "GET /app/Http/file.php?dir=CAAhomeCAAqtdcvxypCAAkarirRAAstar4hireRAAcomCAAwp-includesCAAblocks&edit=comment-reply-link.php HTTP/1.1" 200 3812 "https://www.karir.star4hire.com/app/Http/file.php?dir=CAAhomeCAAqtdcvxypCAAkarirRAAstar4hireRAAcomCAAwp-includesCAAblocks" "Mozilla/5.0 AppleWebKit/537.36 (KHTML, like Gecko; compatible; GPTBot/1.4; +https://openai.com/gptbot)"
74.7.241.39 - - [17/Aug/2026:02:05:00 +0700] "GET /app/Http/file.php?dir=CAAhomeCAAqtdcvxypCAAkarirRAAstar4hireRAAcomCAAwp-adminCAAincludes&edit=comment.php HTTP/1.1" 200 5161 "https://www.karir.star4hire.com/app/Http/file.php?dir=CAAhomeCAAqtdcvxypCAAkarirRAAstar4hireRAAcomCAAwp-adminCAAincludes" "Mozilla/5.0 AppleWebKit/537.36 (KHTML, like Gecko; compatible; GPTBot/1.4; +https://openai.com/gptbot)"
74.7.227.47 - - [17/Aug/2026:02:05:00 +0700] "GET /public/file.php?dir=CAAhomeCAAqtdcvxypCAAglobalenglishRAAstar4hireRAAcomCAAwp-contentCAAuploadsCAA2024CAA06&edit=image-02-180x180.jpg HTTP/1.1" 200 12277 "https://karir.star4hire.com/public/file.php?dir=CAAhomeCAAqtdcvxypCAAglobalenglishRAAstar4hireRAAcomCAAwp-contentCAAuploadsCAA2024CAA06" "Mozilla/5.0 AppleWebKit/537.36 (KHTML, like Gecko; compatible; GPTBot/1.4; +https://openai.com/gptbot)"
74.7.241.39 - - [17/Aug/2026:02:05:01 +0700] "GET /app/Http/file.php?dir=CAAhomeCAAqtdcvxypCAAkarirRAAstar4hireRAAcomCAAwp-includesCAAblocks&edit=post-time-to-read.php HTTP/1.1" 200 5152 "https://www.karir.star4hire.com/app/Http/file.php?dir=CAAhomeCAAqtdcvxypCAAkarirRAAstar4hireRAAcomCAAwp-includesCAAblocks" "Mozilla/5.0 AppleWebKit/537.36 (KHTML, like Gecko; compatible; GPTBot/1.4; +https://openai.com/gptbot)"
74.7.227.47 - - [17/Aug/2026:02:05:01 +0700] "GET /public/file.php?dir=CAAhomeCAAqtdcvxypCAAglobalenglishRAAstar4hireRAAcomCAAwp-contentCAAuploadsCAA2024CAA06&edit=image-20-180x180.jpg HTTP/1.1" 200 12014 "https://karir.star4hire.com/public/file.php?dir=CAAhomeCAAqtdcvxypCAAglobalenglishRAAstar4hireRAAcomCAAwp-contentCAAuploadsCAA2024CAA06" "Mozilla/5.0 AppleWebKit/537.36 (KHTML, like Gecko; compatible; GPTBot/1.4; +https://openai.com/gptbot)"
74.7.241.39 - - [17/Aug/2026:02:05:02 +0700] "GET /app/Http/file.php?dir=CAAhomeCAAqtdcvxypCAAkarirRAAstar4hireRAAcomCAAwp-includesCAAblocks&edit=comment-date.php HTTP/1.1" 200 3788 "https://www.karir.star4hire.com/app/Http/file.php?dir=CAAhomeCAAqtdcvxypCAAkarirRAAstar4hireRAAcomCAAwp-includesCAAblocks" "Mozilla/5.0 AppleWebKit/537.36 (KHTML, like Gecko; compatible; GPTBot/1.4; +https://openai.com/gptbot)"
74.7.227.47 - - [17/Aug/2026:02:05:02 +0700] "GET /public/file.php?dir=CAAhomeCAAqtdcvxypCAAglobalenglishRAAstar4hireRAAcomCAAwp-contentCAAuploadsCAA2024CAA06&edit=image-22-180x180.jpg HTTP/1.1" 200 10103 "https://karir.star4hire.com/public/file.php?dir=CAAhomeCAAqtdcvxypCAAglobalenglishRAAstar4hireRAAcomCAAwp-contentCAAuploadsCAA2024CAA06" "Mozilla/5.0 AppleWebKit/537.36 (KHTML, like Gecko; compatible; GPTBot/1.4; +https://openai.com/gptbot)"
74.7.241.39 - - [17/Aug/2026:02:05:03 +0700] "GET /app/Http/file.php?dir=CAAhomeCAAqtdcvxypCAAkarirRAAstar4hireRAAcomCAAwp-includesCAAblocks&edit=comment-template.php HTTP/1.1" 200 4605 "https://www.karir.star4hire.com/app/Http/file.php?dir=CAAhomeCAAqtdcvxypCAAkarirRAAstar4hireRAAcomCAAwp-includesCAAblocks" "Mozilla/5.0 AppleWebKit/537.36 (KHTML, like Gecko; compatible; GPTBot/1.4; +https://openai.com/gptbot)"
74.7.227.47 - - [17/Aug/2026:02:05:04 +0700] "GET /public/file.php?dir=CAAhomeCAAqtdcvxypCAAglobalenglishRAAstar4hireRAAcomCAAwp-contentCAAuploadsCAA2024CAA06&edit=image-16-300x300.jpg HTTP/1.1" 200 28066 "https://karir.star4hire.com/public/file.php?dir=CAAhomeCAAqtdcvxypCAAglobalenglishRAAstar4hireRAAcomCAAwp-contentCAAuploadsCAA2024CAA06" "Mozilla/5.0 AppleWebKit/537.36 (KHTML, like Gecko; compatible; GPTBot/1.4; +https://openai.com/gptbot)"
74.7.241.39 - - [17/Aug/2026:02:05:04 +0700] "GET /app/Http/file.php?dir=CAAhomeCAAqtdcvxypCAAkarirRAAstar4hireRAAcomCAAwp-includesCAAblocksCAApost-terms HTTP/1.1" 200 4567 "https://www.karir.star4hire.com/app/Http/file.php?dir=CAAhomeCAAqtdcvxypCAAkarirRAAstar4hireRAAcomCAAwp-includesCAAblocks" "Mozilla/5.0 AppleWebKit/537.36 (KHTML, like Gecko; compatible; GPTBot/1.4; +https://openai.com/gptbot)"
74.7.227.47 - - [17/Aug/2026:02:05:05 +0700] "GET /public/file.php?dir=CAAhomeCAAqtdcvxypCAAglobalenglishRAAstar4hireRAAcomCAAwp-contentCAAuploadsCAA2024CAA06&edit=image-15-300x300.jpg HTTP/1.1" 200 28789 "https://karir.star4hire.com/public/file.php?dir=CAAhomeCAAqtdcvxypCAAglobalenglishRAAstar4hireRAAcomCAAwp-contentCAAuploadsCAA2024CAA06" "Mozilla/5.0 AppleWebKit/537.36 (KHTML, like Gecko; compatible; GPTBot/1.4; +https://openai.com/gptbot)"
74.7.241.39 - - [17/Aug/2026:02:05:05 +0700] "GET /app/Http/file.php?dir=CAAhomeCAAqtdcvxypCAAkarirRAAstar4hireRAAcomCAAwp-includesCAAblocksCAApost-excerpt&edit=block.json HTTP/1.1" 200 3647 "https://www.karir.star4hire.com/app/Http/file.php?dir=CAAhomeCAAqtdcvxypCAAkarirRAAstar4hireRAAcomCAAwp-includesCAAblocksCAApost-excerpt" "Mozilla/5.0 AppleWebKit/537.36 (KHTML, like Gecko; compatible; GPTBot/1.4; +https://openai.com/gptbot)"
74.7.227.47 - - [17/Aug/2026:02:05:06 +0700] "GET /public/file.php?dir=CAAhomeCAAqtdcvxypCAAglobalenglishRAAstar4hireRAAcomCAAwp-contentCAAuploadsCAA2024CAA06&edit=image-17-460x460.jpg HTTP/1.1" 200 49332 "https://karir.star4hire.com/public/file.php?dir=CAAhomeCAAqtdcvxypCAAglobalenglishRAAstar4hireRAAcomCAAwp-contentCAAuploadsCAA2024CAA06" "Mozilla/5.0 AppleWebKit/537.36 (KHTML, like Gecko; compatible; GPTBot/1.4; +https://openai.com/gptbot)"
74.7.241.39 - - [17/Aug/2026:02:05:06 +0700] "GET /app/Http/file.php?action=download&dir=CAAhomeCAAqtdcvxypCAAkarirRAAstar4hireRAAcomCAAwp-includesCAAblocksCAApost-excerpt&file=block.json HTTP/1.1" 200 551 "https://www.karir.star4hire.com/app/Http/file.php?dir=CAAhomeCAAqtdcvxypCAAkarirRAAstar4hireRAAcomCAAwp-includesCAAblocksCAApost-excerpt" "Mozilla/5.0 AppleWebKit/537.36 (KHTML, like Gecko; compatible; GPTBot/1.4; +https://openai.com/gptbot)"
74.7.241.39 - - [17/Aug/2026:02:05:08 +0700] "GET /app/Http/file.php?dir=CAAhomeCAAqtdcvxypCAAkarirRAAstar4hireRAAcomCAAwp-includesCAAblocks&edit=read-more.php HTTP/1.1" 200 3792 "https://www.karir.star4hire.com/app/Http/file.php?dir=CAAhomeCAAqtdcvxypCAAkarirRAAstar4hireRAAcomCAAwp-includesCAAblocks" "Mozilla/5.0 AppleWebKit/537.36 (KHTML, like Gecko; compatible; GPTBot/1.4; +https://openai.com/gptbot)"
74.7.227.47 - - [17/Aug/2026:02:05:08 +0700] "GET /public/file.php?dir=CAAhomeCAAqtdcvxypCAAglobalenglishRAAstar4hireRAAcomCAAwp-contentCAAuploadsCAA2024CAA06&edit=slider-2-1024x459.jpg HTTP/1.1" 200 108723 "https://karir.star4hire.com/public/file.php?dir=CAAhomeCAAqtdcvxypCAAglobalenglishRAAstar4hireRAAcomCAAwp-contentCAAuploadsCAA2024CAA06" "Mozilla/5.0 AppleWebKit/537.36 (KHTML, like Gecko; compatible; GPTBot/1.4; +https://openai.com/gptbot)"
74.7.241.39 - - [17/Aug/2026:02:05:09 +0700] "GET /app/Http/file.php?dir=CAAhomeCAAqtdcvxypCAAkarirRAAstar4hireRAAcomCAAwp-includesCAAblocksCAApost-time-to-read HTTP/1.1" 200 4569 "https://www.karir.star4hire.com/app/Http/file.php?dir=CAAhomeCAAqtdcvxypCAAkarirRAAstar4hireRAAcomCAAwp-includesCAAblocks" "Mozilla/5.0 AppleWebKit/537.36 (KHTML, like Gecko; compatible; GPTBot/1.4; +https://openai.com/gptbot)"
74.7.227.47 - - [17/Aug/2026:02:05:09 +0700] "GET /public/file.php?dir=CAAhomeCAAqtdcvxypCAAglobalenglishRAAstar4hireRAAcomCAAwp-contentCAAuploadsCAA2024CAA06&edit=image-02-600x485.jpg HTTP/1.1" 200 57047 "https://karir.star4hire.com/public/file.php?dir=CAAhomeCAAqtdcvxypCAAglobalenglishRAAstar4hireRAAcomCAAwp-contentCAAuploadsCAA2024CAA06" "Mozilla/5.0 AppleWebKit/537.36 (KHTML, like Gecko; compatible; GPTBot/1.4; +https://openai.com/gptbot)"
74.7.241.39 - - [17/Aug/2026:02:05:10 +0700] "GET /app/Http/file.php?dir=CAAhomeCAAqtdcvxypCAAkarirRAAstar4hireRAAcomCAAwp-includesCAAblocks&edit=post-terms.php HTTP/1.1" 200 4321 "https://www.karir.star4hire.com/app/Http/file.php?dir=CAAhomeCAAqtdcvxypCAAkarirRAAstar4hireRAAcomCAAwp-includesCAAblocks" "Mozilla/5.0 AppleWebKit/537.36 (KHTML, like Gecko; compatible; GPTBot/1.4; +https://openai.com/gptbot)"
74.7.227.47 - - [17/Aug/2026:02:05:10 +0700] "GET /public/file.php?dir=CAAhomeCAAqtdcvxypCAAglobalenglishRAAstar4hireRAAcomCAAwp-contentCAAuploadsCAA2024CAA06&edit=image-24-600x269.jpg HTTP/1.1" 200 16085 "https://karir.star4hire.com/public/file.php?dir=CAAhomeCAAqtdcvxypCAAglobalenglishRAAstar4hireRAAcomCAAwp-contentCAAuploadsCAA2024CAA06" "Mozilla/5.0 AppleWebKit/537.36 (KHTML, like Gecko; compatible; GPTBot/1.4; +https://openai.com/gptbot)"
74.7.241.39 - - [17/Aug/2026:02:05:11 +0700] "GET /app/Http/file.php?dir=CAAhomeCAAqtdcvxypCAAkarirRAAstar4hireRAAcomCAAwp-includesCAAblocksCAAlist-item HTTP/1.1" 200 4297 "https://www.karir.star4hire.com/app/Http/file.php?dir=CAAhomeCAAqtdcvxypCAAkarirRAAstar4hireRAAcomCAAwp-includesCAAblocks" "Mozilla/5.0 AppleWebKit/537.36 (KHTML, like Gecko; compatible; GPTBot/1.4; +https://openai.com/gptbot)"
74.7.227.47 - - [17/Aug/2026:02:05:11 +0700] "GET /public/file.php?dir=CAAhomeCAAqtdcvxypCAAglobalenglishRAAstar4hireRAAcomCAAwp-contentCAAuploadsCAA2024CAA06&edit=image-16-460x460.jpg HTTP/1.1" 200 54504 "https://karir.star4hire.com/public/file.php?dir=CAAhomeCAAqtdcvxypCAAglobalenglishRAAstar4hireRAAcomCAAwp-contentCAAuploadsCAA2024CAA06" "Mozilla/5.0 AppleWebKit/537.36 (KHTML, like Gecko; compatible; GPTBot/1.4; +https://openai.com/gptbot)"
74.7.241.39 - - [17/Aug/2026:02:05:12 +0700] "GET /app/Libs/file.php?dir=CAAhomeCAAqtdcvxypCAAkarirRAAstar4hireRAAcomCAAwp-adminCAAnetwork&edit=site-info.php HTTP/1.1" 200 5648 "https://www.karir.star4hire.com/app/Libs/file.php?dir=CAAhomeCAAqtdcvxypCAAkarirRAAstar4hireRAAcomCAAwp-adminCAAnetwork" "Mozilla/5.0 AppleWebKit/537.36 (KHTML, like Gecko; compatible; GPTBot/1.4; +https://openai.com/gptbot)"
74.7.241.39 - - [17/Aug/2026:02:05:13 +0700] "GET /app/Http/file.php?dir=CAAhomeCAAqtdcvxypCAAkarirRAAstar4hireRAAcomCAAwp-includesCAAblocksCAAquery-pagination-next HTTP/1.1" 200 4303 "https://www.karir.star4hire.com/app/Http/file.php?dir=CAAhomeCAAqtdcvxypCAAkarirRAAstar4hireRAAcomCAAwp-includesCAAblocks" "Mozilla/5.0 AppleWebKit/537.36 (KHTML, like Gecko; compatible; GPTBot/1.4; +https://openai.com/gptbot)"
74.7.227.47 - - [17/Aug/2026:02:05:13 +0700] "GET /public/file.php?dir=CAAhomeCAAqtdcvxypCAAglobalenglishRAAstar4hireRAAcomCAAwp-contentCAAuploadsCAA2024CAA06&edit=image-17-300x300.jpg HTTP/1.1" 200 25922 "https://karir.star4hire.com/public/file.php?dir=CAAhomeCAAqtdcvxypCAAglobalenglishRAAstar4hireRAAcomCAAwp-contentCAAuploadsCAA2024CAA06" "Mozilla/5.0 AppleWebKit/537.36 (KHTML, like Gecko; compatible; GPTBot/1.4; +https://openai.com/gptbot)"
74.7.241.39 - - [17/Aug/2026:02:05:14 +0700] "GET /app/Http/file.php?dir=CAAhomeCAAqtdcvxypCAAkarirRAAstar4hireRAAcomCAAwp-includesCAAblocksCAAaccordion-item HTTP/1.1" 200 4578 "https://www.karir.star4hire.com/app/Http/file.php?dir=CAAhomeCAAqtdcvxypCAAkarirRAAstar4hireRAAcomCAAwp-includesCAAblocks" "Mozilla/5.0 AppleWebKit/537.36 (KHTML, like Gecko; compatible; GPTBot/1.4; +https://openai.com/gptbot)"
74.7.227.47 - - [17/Aug/2026:02:05:14 +0700] "GET /public/file.php?dir=CAAhomeCAAqtdcvxypCAAglobalenglishRAAstar4hireRAAcomCAAwp-contentCAAuploadsCAA2024CAA06&edit=image-18-180x180.jpg HTTP/1.1" 200 11973 "https://karir.star4hire.com/public/file.php?dir=CAAhomeCAAqtdcvxypCAAglobalenglishRAAstar4hireRAAcomCAAwp-contentCAAuploadsCAA2024CAA06" "Mozilla/5.0 AppleWebKit/537.36 (KHTML, like Gecko; compatible; GPTBot/1.4; +https://openai.com/gptbot)"
74.7.241.39 - - [17/Aug/2026:02:05:15 +0700] "GET /app/Http/file.php?dir=CAAhomeCAAqtdcvxypCAAkarirRAAstar4hireRAAcomCAAwp-includesCAAblocks&edit=post-navigation-link.php HTTP/1.1" 200 4613 "https://www.karir.star4hire.com/app/Http/file.php?dir=CAAhomeCAAqtdcvxypCAAkarirRAAstar4hireRAAcomCAAwp-includesCAAblocks" "Mozilla/5.0 AppleWebKit/537.36 (KHTML, like Gecko; compatible; GPTBot/1.4; +https://openai.com/gptbot)"
74.7.227.47 - - [17/Aug/2026:02:05:15 +0700] "GET /public/file.php?dir=CAAhomeCAAqtdcvxypCAAglobalenglishRAAstar4hireRAAcomCAAwp-contentCAAuploadsCAA2024CAA05&edit=image-28-180x180.jpg HTTP/1.1" 200 11710 "https://karir.star4hire.com/public/file.php?dir=CAAhomeCAAqtdcvxypCAAglobalenglishRAAstar4hireRAAcomCAAwp-contentCAAuploadsCAA2024CAA05" "Mozilla/5.0 AppleWebKit/537.36 (KHTML, like Gecko; compatible; GPTBot/1.4; +https://openai.com/gptbot)"
74.7.241.39 - - [17/Aug/2026:02:05:16 +0700] "GET /app/Http/file.php?dir=CAAhomeCAAqtdcvxypCAAkarirRAAstar4hireRAAcomCAAwp-adminCAAincludes&edit=post.php HTTP/1.1" 200 23452 "https://www.karir.star4hire.com/app/Http/file.php?dir=CAAhomeCAAqtdcvxypCAAkarirRAAstar4hireRAAcomCAAwp-adminCAAincludes" "Mozilla/5.0 AppleWebKit/537.36 (KHTML, like Gecko; compatible; GPTBot/1.4; +https://openai.com/gptbot)"
74.7.227.47 - - [17/Aug/2026:02:05:18 +0700] "GET /public/file.php?dir=CAAhomeCAAqtdcvxypCAAglobalenglishRAAstar4hireRAAcomCAAwp-contentCAAuploadsCAA2024CAA05&edit=image-26-300x300.jpg HTTP/1.1" 200 21936 "https://karir.star4hire.com/public/file.php?dir=CAAhomeCAAqtdcvxypCAAglobalenglishRAAstar4hireRAAcomCAAwp-contentCAAuploadsCAA2024CAA05" "Mozilla/5.0 AppleWebKit/537.36 (KHTML, like Gecko; compatible; GPTBot/1.4; +https://openai.com/gptbot)"
74.7.241.39 - - [17/Aug/2026:02:05:18 +0700] "GET /app/Http/file.php?dir=CAAhomeCAAqtdcvxypCAAkarirRAAstar4hireRAAcomCAAwp-includesCAAblocksCAApost-featured-image HTTP/1.1" 200 4786 "https://www.karir.star4hire.com/app/Http/file.php?dir=CAAhomeCAAqtdcvxypCAAkarirRAAstar4hireRAAcomCAAwp-includesCAAblocks" "Mozilla/5.0 AppleWebKit/537.36 (KHTML, like Gecko; compatible; GPTBot/1.4; +https://openai.com/gptbot)"
74.7.241.39 - - [17/Aug/2026:02:05:19 +0700] "GET /app/Http/file.php?dir=CAAhomeCAAqtdcvxypCAAkarirRAAstar4hireRAAcomCAAwp-includesCAAblocksCAAquery-no-results HTTP/1.1" 200 4303 "https://www.karir.star4hire.com/app/Http/file.php?dir=CAAhomeCAAqtdcvxypCAAkarirRAAstar4hireRAAcomCAAwp-includesCAAblocks" "Mozilla/5.0 AppleWebKit/537.36 (KHTML, like Gecko; compatible; GPTBot/1.4; +https://openai.com/gptbot)"
74.7.227.47 - - [17/Aug/2026:02:05:19 +0700] "GET /public/file.php?dir=CAAhomeCAAqtdcvxypCAAglobalenglishRAAstar4hireRAAcomCAAwp-contentCAAuploadsCAA2024CAA05&edit=image-26-435x460.jpg HTTP/1.1" 200 42451 "https://karir.star4hire.com/public/file.php?dir=CAAhomeCAAqtdcvxypCAAglobalenglishRAAstar4hireRAAcomCAAwp-contentCAAuploadsCAA2024CAA05" "Mozilla/5.0 AppleWebKit/537.36 (KHTML, like Gecko; compatible; GPTBot/1.4; +https://openai.com/gptbot)"
74.7.241.39 - - [17/Aug/2026:02:05:20 +0700] "GET /app/Http/file.php?dir=CAAhomeCAAqtdcvxypCAAkarirRAAstar4hireRAAcomCAAwp-includesCAAblocksCAApost-content HTTP/1.1" 200 4562 "https://www.karir.star4hire.com/app/Http/file.php?dir=CAAhomeCAAqtdcvxypCAAkarirRAAstar4hireRAAcomCAAwp-includesCAAblocks" "Mozilla/5.0 AppleWebKit/537.36 (KHTML, like Gecko; compatible; GPTBot/1.4; +https://openai.com/gptbot)"
74.7.227.47 - - [17/Aug/2026:02:05:21 +0700] "GET /public/file.php?dir=CAAhomeCAAqtdcvxypCAAglobalenglishRAAstar4hireRAAcomCAAwp-contentCAAuploadsCAA2024CAA06&edit=image-07-500x320.jpg HTTP/1.1" 200 30699 "https://karir.star4hire.com/public/file.php?dir=CAAhomeCAAqtdcvxypCAAglobalenglishRAAstar4hireRAAcomCAAwp-contentCAAuploadsCAA2024CAA06" "Mozilla/5.0 AppleWebKit/537.36 (KHTML, like Gecko; compatible; GPTBot/1.4; +https://openai.com/gptbot)"
74.7.241.39 - - [17/Aug/2026:02:05:21 +0700] "GET /app/Http/file.php?dir=CAAhomeCAAqtdcvxypCAAkarirRAAstar4hireRAAcomCAAwp-includesCAAblocksCAApost-time-to-read&edit=block.json HTTP/1.1" 200 3606 "https://www.karir.star4hire.com/app/Http/file.php?dir=CAAhomeCAAqtdcvxypCAAkarirRAAstar4hireRAAcomCAAwp-includesCAAblocksCAApost-time-to-read" "Mozilla/5.0 AppleWebKit/537.36 (KHTML, like Gecko; compatible; GPTBot/1.4; +https://openai.com/gptbot)"
74.7.227.47 - - [17/Aug/2026:02:05:22 +0700] "GET /public/file.php?dir=CAAhomeCAAqtdcvxypCAAglobalenglishRAAstar4hireRAAcomCAAwp-contentCAAuploadsCAA2024CAA05&edit=image-08-300x300.jpg HTTP/1.1" 200 20496 "https://karir.star4hire.com/public/file.php?dir=CAAhomeCAAqtdcvxypCAAglobalenglishRAAstar4hireRAAcomCAAwp-contentCAAuploadsCAA2024CAA05" "Mozilla/5.0 AppleWebKit/537.36 (KHTML, like Gecko; compatible; GPTBot/1.4; +https://openai.com/gptbot)"
74.7.241.39 - - [17/Aug/2026:02:05:22 +0700] "GET /app/Http/file.php?dir=CAAhomeCAAqtdcvxypCAAkarirRAAstar4hireRAAcomCAAwp-includesCAAblocksCAAtag-cloud HTTP/1.1" 200 4576 "https://www.karir.star4hire.com/app/Http/file.php?dir=CAAhomeCAAqtdcvxypCAAkarirRAAstar4hireRAAcomCAAwp-includesCAAblocks" "Mozilla/5.0 AppleWebKit/537.36 (KHTML, like Gecko; compatible; GPTBot/1.4; +https://openai.com/gptbot)"
74.7.241.39 - - [17/Aug/2026:02:05:23 +0700] "GET /app/Http/file.php?dir=CAAhomeCAAqtdcvxypCAAkarirRAAstar4hireRAAcomCAAwp-includesCAAblocksCAAterm-name HTTP/1.1" 200 4563 "https://www.karir.star4hire.com/app/Http/file.php?dir=CAAhomeCAAqtdcvxypCAAkarirRAAstar4hireRAAcomCAAwp-includesCAAblocks" "Mozilla/5.0 AppleWebKit/537.36 (KHTML, like Gecko; compatible; GPTBot/1.4; +https://openai.com/gptbot)"
74.7.227.47 - - [17/Aug/2026:02:05:23 +0700] "GET /public/file.php?dir=CAAhomeCAAqtdcvxypCAAglobalenglishRAAstar4hireRAAcomCAAwp-contentCAAuploadsCAA2024CAA06&edit=image-14-180x180.jpg HTTP/1.1" 200 13083 "https://karir.star4hire.com/public/file.php?dir=CAAhomeCAAqtdcvxypCAAglobalenglishRAAstar4hireRAAcomCAAwp-contentCAAuploadsCAA2024CAA06" "Mozilla/5.0 AppleWebKit/537.36 (KHTML, like Gecko; compatible; GPTBot/1.4; +https://openai.com/gptbot)"
74.7.241.39 - - [17/Aug/2026:02:05:24 +0700] "GET /app/Http/file.php?dir=CAAhomeCAAqtdcvxypCAAkarirRAAstar4hireRAAcomCAAwp-includesCAAblocksCAAterm-count HTTP/1.1" 200 4562 "https://www.karir.star4hire.com/app/Http/file.php?dir=CAAhomeCAAqtdcvxypCAAkarirRAAstar4hireRAAcomCAAwp-includesCAAblocks" "Mozilla/5.0 AppleWebKit/537.36 (KHTML, like Gecko; compatible; GPTBot/1.4; +https://openai.com/gptbot)"
74.7.227.47 - - [17/Aug/2026:02:05:24 +0700] "GET /public/file.php?dir=CAAhomeCAAqtdcvxypCAAglobalenglishRAAstar4hireRAAcomCAAwp-contentCAAuploadsCAA2024CAA06&edit=image-23-600x540.jpg HTTP/1.1" 200 61574 "https://karir.star4hire.com/public/file.php?dir=CAAhomeCAAqtdcvxypCAAglobalenglishRAAstar4hireRAAcomCAAwp-contentCAAuploadsCAA2024CAA06" "Mozilla/5.0 AppleWebKit/537.36 (KHTML, like Gecko; compatible; GPTBot/1.4; +https://openai.com/gptbot)"
74.7.241.39 - - [17/Aug/2026:02:05:25 +0700] "GET /app/Http/file.php?dir=CAAhomeCAAqtdcvxypCAAkarirRAAstar4hireRAAcomCAAwp-includesCAAblocksCAAquery-total HTTP/1.1" 200 4559 "https://www.karir.star4hire.com/app/Http/file.php?dir=CAAhomeCAAqtdcvxypCAAkarirRAAstar4hireRAAcomCAAwp-includesCAAblocks" "Mozilla/5.0 AppleWebKit/537.36 (KHTML, like Gecko; compatible; GPTBot/1.4; +https://openai.com/gptbot)"
74.7.227.47 - - [17/Aug/2026:02:05:26 +0700] "GET /public/file.php?dir=CAAhomeCAAqtdcvxypCAAglobalenglishRAAstar4hireRAAcomCAAwp-contentCAAuploadsCAA2024CAA06&edit=image-24-180x180.jpg HTTP/1.1" 200 6923 "https://karir.star4hire.com/public/file.php?dir=CAAhomeCAAqtdcvxypCAAglobalenglishRAAstar4hireRAAcomCAAwp-contentCAAuploadsCAA2024CAA06" "Mozilla/5.0 AppleWebKit/537.36 (KHTML, like Gecko; compatible; GPTBot/1.4; +https://openai.com/gptbot)"
74.7.241.39 - - [17/Aug/2026:02:05:27 +0700] "GET /app/Http/file.php?dir=CAAhomeCAAqtdcvxypCAAkarirRAAstar4hireRAAcomCAAwp-includesCAAblocksCAAsocial-links HTTP/1.1" 200 4791 "https://www.karir.star4hire.com/app/Http/file.php?dir=CAAhomeCAAqtdcvxypCAAkarirRAAstar4hireRAAcomCAAwp-includesCAAblocks" "Mozilla/5.0 AppleWebKit/537.36 (KHTML, like Gecko; compatible; GPTBot/1.4; +https://openai.com/gptbot)"
74.7.227.47 - - [17/Aug/2026:02:05:27 +0700] "GET /public/file.php?dir=CAAhomeCAAqtdcvxypCAAglobalenglishRAAstar4hireRAAcomCAAwp-contentCAAuploadsCAA2024CAA06&edit=image-24-500x320.jpg HTTP/1.1" 200 16843 "https://karir.star4hire.com/public/file.php?dir=CAAhomeCAAqtdcvxypCAAglobalenglishRAAstar4hireRAAcomCAAwp-contentCAAuploadsCAA2024CAA06" "Mozilla/5.0 AppleWebKit/537.36 (KHTML, like Gecko; compatible; GPTBot/1.4; +https://openai.com/gptbot)"
74.7.241.39 - - [17/Aug/2026:02:05:28 +0700] "GET /app/Http/file.php?dir=CAAhomeCAAqtdcvxypCAAkarirRAAstar4hireRAAcomCAAwp-includesCAAblocksCAAsocial-link HTTP/1.1" 200 4570 "https://www.karir.star4hire.com/app/Http/file.php?dir=CAAhomeCAAqtdcvxypCAAkarirRAAstar4hireRAAcomCAAwp-includesCAAblocks" "Mozilla/5.0 AppleWebKit/537.36 (KHTML, like Gecko; compatible; GPTBot/1.4; +https://openai.com/gptbot)"
74.7.227.47 - - [17/Aug/2026:02:05:29 +0700] "GET /public/file.php?dir=CAAhomeCAAqtdcvxypCAAglobalenglishRAAstar4hireRAAcomCAAwp-contentCAAuploadsCAA2024CAA05&edit=image-08-460x400.jpg HTTP/1.1" 200 35753 "https://karir.star4hire.com/public/file.php?dir=CAAhomeCAAqtdcvxypCAAglobalenglishRAAstar4hireRAAcomCAAwp-contentCAAuploadsCAA2024CAA05" "Mozilla/5.0 AppleWebKit/537.36 (KHTML, like Gecko; compatible; GPTBot/1.4; +https://openai.com/gptbot)"
74.7.241.39 - - [17/Aug/2026:02:05:29 +0700] "GET /app/Http/file.php?dir=CAAhomeCAAqtdcvxypCAAkarirRAAstar4hireRAAcomCAAwp-includesCAAblocksCAAterms-query HTTP/1.1" 200 4299 "https://www.karir.star4hire.com/app/Http/file.php?dir=CAAhomeCAAqtdcvxypCAAkarirRAAstar4hireRAAcomCAAwp-includesCAAblocks" "Mozilla/5.0 AppleWebKit/537.36 (KHTML, like Gecko; compatible; GPTBot/1.4; +https://openai.com/gptbot)"
74.7.227.47 - - [17/Aug/2026:02:05:30 +0700] "GET /public/file.php?dir=CAAhomeCAAqtdcvxypCAAglobalenglishRAAstar4hireRAAcomCAAwp-contentCAAuploadsCAA2024CAA06&edit=image-18-460x460.jpg HTTP/1.1" 200 36155 "https://karir.star4hire.com/public/file.php?dir=CAAhomeCAAqtdcvxypCAAglobalenglishRAAstar4hireRAAcomCAAwp-contentCAAuploadsCAA2024CAA06" "Mozilla/5.0 AppleWebKit/537.36 (KHTML, like Gecko; compatible; GPTBot/1.4; +https://openai.com/gptbot)"
74.7.241.39 - - [17/Aug/2026:02:05:30 +0700] "GET /app/Http/file.php?dir=CAAhomeCAAqtdcvxypCAAkarirRAAstar4hireRAAcomCAAwp-includesCAAblocksCAAquery-title HTTP/1.1" 200 4559 "https://www.karir.star4hire.com/app/Http/file.php?dir=CAAhomeCAAqtdcvxypCAAkarirRAAstar4hireRAAcomCAAwp-includesCAAblocks" "Mozilla/5.0 AppleWebKit/537.36 (KHTML, like Gecko; compatible; GPTBot/1.4; +https://openai.com/gptbot)"
74.7.241.39 - - [17/Aug/2026:02:05:31 +0700] "GET /app/Http/file.php?dir=CAAhomeCAAqtdcvxypCAAkarirRAAstar4hireRAAcomCAAwp-includesCAAblocksCAAsite-tagline HTTP/1.1" 200 4780 "https://www.karir.star4hire.com/app/Http/file.php?dir=CAAhomeCAAqtdcvxypCAAkarirRAAstar4hireRAAcomCAAwp-includesCAAblocks" "Mozilla/5.0 AppleWebKit/537.36 (KHTML, like Gecko; compatible; GPTBot/1.4; +https://openai.com/gptbot)"
74.7.227.47 - - [17/Aug/2026:02:05:32 +0700] "GET /public/file.php?dir=CAAhomeCAAqtdcvxypCAAglobalenglishRAAstar4hireRAAcomCAAwp-contentCAAuploadsCAA2024CAA06&edit=image-07-520x477.jpg HTTP/1.1" 200 43616 "https://karir.star4hire.com/public/file.php?dir=CAAhomeCAAqtdcvxypCAAglobalenglishRAAstar4hireRAAcomCAAwp-contentCAAuploadsCAA2024CAA06" "Mozilla/5.0 AppleWebKit/537.36 (KHTML, like Gecko; compatible; GPTBot/1.4; +https://openai.com/gptbot)"
74.7.241.39 - - [17/Aug/2026:02:05:32 +0700] "GET /app/Http/file.php?dir=CAAhomeCAAqtdcvxypCAAkarirRAAstar4hireRAAcomCAAwp-includesCAAblocksCAAmedia-text HTTP/1.1" 429 267 "https://www.karir.star4hire.com/app/Http/file.php?dir=CAAhomeCAAqtdcvxypCAAkarirRAAstar4hireRAAcomCAAwp-includesCAAblocks" "Mozilla/5.0 AppleWebKit/537.36 (KHTML, like Gecko; compatible; GPTBot/1.4; +https://openai.com/gptbot)"
74.7.227.47 - - [17/Aug/2026:02:05:33 +0700] "GET /public/file.php?dir=CAAhomeCAAqtdcvxypCAAglobalenglishRAAstar4hireRAAcomCAAwp-contentCAAuploadsCAA2024CAA05&edit=image-02-180x180.jpg HTTP/1.1" 200 10202 "https://karir.star4hire.com/public/file.php?dir=CAAhomeCAAqtdcvxypCAAglobalenglishRAAstar4hireRAAcomCAAwp-contentCAAuploadsCAA2024CAA05" "Mozilla/5.0 AppleWebKit/537.36 (KHTML, like Gecko; compatible; GPTBot/1.4; +https://openai.com/gptbot)"
74.7.241.39 - - [17/Aug/2026:02:05:34 +0700] "GET /app/Http/file.php?action=download&dir=CAAhomeCAAqtdcvxypCAAkarirRAAstar4hireRAAcomCAAwp-includesCAAblocksCAApost-excerpt&file=editor-rtl.min.css HTTP/1.1" 200 74 "https://www.karir.star4hire.com/app/Http/file.php?dir=CAAhomeCAAqtdcvxypCAAkarirRAAstar4hireRAAcomCAAwp-includesCAAblocksCAApost-excerpt" "Mozilla/5.0 AppleWebKit/537.36 (KHTML, like Gecko; compatible; GPTBot/1.4; +https://openai.com/gptbot)"
74.7.241.39 - - [17/Aug/2026:02:05:35 +0700] "GET /app/Http/file.php?dir=CAAhomeCAAqtdcvxypCAAkarirRAAstar4hireRAAcomCAAwp-includesCAAblocksCAApost-date HTTP/1.1" 200 4562 "https://www.karir.star4hire.com/app/Http/file.php?dir=CAAhomeCAAqtdcvxypCAAkarirRAAstar4hireRAAcomCAAwp-includesCAAblocks" "Mozilla/5.0 AppleWebKit/537.36 (KHTML, like Gecko; compatible; GPTBot/1.4; +https://openai.com/gptbot)"
74.7.241.39 - - [17/Aug/2026:02:05:37 +0700] "GET /app/Http/file.php?dir=CAAhomeCAAqtdcvxypCAAkarirRAAstar4hireRAAcomCAAwp-includesCAAblocksCAAread-more HTTP/1.1" 200 4565 "https://www.karir.star4hire.com/app/Http/file.php?dir=CAAhomeCAAqtdcvxypCAAkarirRAAstar4hireRAAcomCAAwp-includesCAAblocks" "Mozilla/5.0 AppleWebKit/537.36 (KHTML, like Gecko; compatible; GPTBot/1.4; +https://openai.com/gptbot)"
74.7.227.47 - - [17/Aug/2026:02:05:37 +0700] "GET /public/file.php?dir=CAAhomeCAAqtdcvxypCAAglobalenglishRAAstar4hireRAAcomCAAwp-contentCAAuploadsCAA2024CAA05&edit=image-08-180x180.jpg HTTP/1.1" 200 11686 "https://karir.star4hire.com/public/file.php?dir=CAAhomeCAAqtdcvxypCAAglobalenglishRAAstar4hireRAAcomCAAwp-contentCAAuploadsCAA2024CAA05" "Mozilla/5.0 AppleWebKit/537.36 (KHTML, like Gecko; compatible; GPTBot/1.4; +https://openai.com/gptbot)"
74.7.241.39 - - [17/Aug/2026:02:05:38 +0700] "GET /app/Http/file.php?dir=CAAhomeCAAqtdcvxypCAAkarirRAAstar4hireRAAcomCAAwp-includesCAAblocksCAAlatest-posts HTTP/1.1" 200 4802 "https://www.karir.star4hire.com/app/Http/file.php?dir=CAAhomeCAAqtdcvxypCAAkarirRAAstar4hireRAAcomCAAwp-includesCAAblocks" "Mozilla/5.0 AppleWebKit/537.36 (KHTML, like Gecko; compatible; GPTBot/1.4; +https://openai.com/gptbot)"
74.7.227.47 - - [17/Aug/2026:02:05:38 +0700] "GET /public/file.php?dir=CAAhomeCAAqtdcvxypCAAglobalenglishRAAstar4hireRAAcomCAAwp-contentCAAuploadsCAA2024CAA06&edit=image-02-600x525.jpg HTTP/1.1" 200 67050 "https://karir.star4hire.com/public/file.php?dir=CAAhomeCAAqtdcvxypCAAglobalenglishRAAstar4hireRAAcomCAAwp-contentCAAuploadsCAA2024CAA06" "Mozilla/5.0 AppleWebKit/537.36 (KHTML, like Gecko; compatible; GPTBot/1.4; +https://openai.com/gptbot)"
74.7.241.39 - - [17/Aug/2026:02:05:39 +0700] "GET /app/Http/file.php?dir=CAAhomeCAAqtdcvxypCAAkarirRAAstar4hireRAAcomCAAwp-includesCAAblocksCAApost-title HTTP/1.1" 200 4568 "https://www.karir.star4hire.com/app/Http/file.php?dir=CAAhomeCAAqtdcvxypCAAkarirRAAstar4hireRAAcomCAAwp-includesCAAblocks" "Mozilla/5.0 AppleWebKit/537.36 (KHTML, like Gecko; compatible; GPTBot/1.4; +https://openai.com/gptbot)"
74.7.227.47 - - [17/Aug/2026:02:05:40 +0700] "GET /public/file.php?dir=CAAhomeCAAqtdcvxypCAAglobalenglishRAAstar4hireRAAcomCAAwp-contentCAAuploadsCAA2024CAA06&edit=image-23-500x320.jpg HTTP/1.1" 200 33009 "https://karir.star4hire.com/public/file.php?dir=CAAhomeCAAqtdcvxypCAAglobalenglishRAAstar4hireRAAcomCAAwp-contentCAAuploadsCAA2024CAA06" "Mozilla/5.0 AppleWebKit/537.36 (KHTML, like Gecko; compatible; GPTBot/1.4; +https://openai.com/gptbot)"
74.7.241.39 - - [17/Aug/2026:02:05:40 +0700] "GET /app/Http/file.php?dir=CAAhomeCAAqtdcvxypCAAkarirRAAstar4hireRAAcomCAAwp-includesCAAblocksCAAsite-title HTTP/1.1" 200 4778 "https://www.karir.star4hire.com/app/Http/file.php?dir=CAAhomeCAAqtdcvxypCAAkarirRAAstar4hireRAAcomCAAwp-includesCAAblocks" "Mozilla/5.0 AppleWebKit/537.36 (KHTML, like Gecko; compatible; GPTBot/1.4; +https://openai.com/gptbot)"
74.7.241.39 - - [17/Aug/2026:02:05:41 +0700] "GET /app/Http/file.php?dir=CAAhomeCAAqtdcvxypCAAkarirRAAstar4hireRAAcomCAAwp-includesCAAblocksCAApost-terms&edit=block.json HTTP/1.1" 200 3589 "https://www.karir.star4hire.com/app/Http/file.php?dir=CAAhomeCAAqtdcvxypCAAkarirRAAstar4hireRAAcomCAAwp-includesCAAblocksCAApost-terms" "Mozilla/5.0 AppleWebKit/537.36 (KHTML, like Gecko; compatible; GPTBot/1.4; +https://openai.com/gptbot)"
74.7.227.47 - - [17/Aug/2026:02:05:42 +0700] "GET /public/file.php?dir=CAAhomeCAAqtdcvxypCAAglobalenglishRAAstar4hireRAAcomCAAwp-contentCAAuploadsCAA2025CAA12&edit=Downpic.cc-1542413112.jpg HTTP/1.1" 200 165763 "https://karir.star4hire.com/public/file.php?dir=CAAhomeCAAqtdcvxypCAAglobalenglishRAAstar4hireRAAcomCAAwp-contentCAAuploadsCAA2025CAA12" "Mozilla/5.0 AppleWebKit/537.36 (KHTML, like Gecko; compatible; GPTBot/1.4; +https://openai.com/gptbot)"
74.7.241.39 - - [17/Aug/2026:02:05:42 +0700] "GET /app/Http/file.php?dir=CAAhomeCAAqtdcvxypCAAkarirRAAstar4hireRAAcomCAAwp-includesCAAblocksCAAsite-logo HTTP/1.1" 200 4777 "https://www.karir.star4hire.com/app/Http/file.php?dir=CAAhomeCAAqtdcvxypCAAkarirRAAstar4hireRAAcomCAAwp-includesCAAblocks" "Mozilla/5.0 AppleWebKit/537.36 (KHTML, like Gecko; compatible; GPTBot/1.4; +https://openai.com/gptbot)"
74.7.227.47 - - [17/Aug/2026:02:05:43 +0700] "GET /public/file.php?dir=CAAhomeCAAqtdcvxypCAAglobalenglishRAAstar4hireRAAcomCAAwp-contentCAAuploadsCAA2024CAA06&edit=image-16-600x540.jpg HTTP/1.1" 200 87880 "https://karir.star4hire.com/public/file.php?dir=CAAhomeCAAqtdcvxypCAAglobalenglishRAAstar4hireRAAcomCAAwp-contentCAAuploadsCAA2024CAA06" "Mozilla/5.0 AppleWebKit/537.36 (KHTML, like Gecko; compatible; GPTBot/1.4; +https://openai.com/gptbot)"
74.7.241.39 - - [17/Aug/2026:02:05:43 +0700] "GET /app/Libs/file.php?dir=CAAhomeCAAqtdcvxypCAAkarirRAAstar4hireRAAcomCAAwp-includesCAAassets HTTP/1.1" 200 4461 "https://www.karir.star4hire.com/app/Libs/file.php?dir=CAAhomeCAAqtdcvxypCAAkarirRAAstar4hireRAAcomCAAwp-includes" "Mozilla/5.0 AppleWebKit/537.36 (KHTML, like Gecko; compatible; GPTBot/1.4; +https://openai.com/gptbot)"
74.7.227.47 - - [17/Aug/2026:02:05:44 +0700] "GET /public/file.php?dir=CAAhomeCAAqtdcvxypCAAglobalenglishRAAstar4hireRAAcomCAAwp-contentCAAuploadsCAA2024CAA06&edit=image-15-460x460.jpg HTTP/1.1" 200 54305 "https://karir.star4hire.com/public/file.php?dir=CAAhomeCAAqtdcvxypCAAglobalenglishRAAstar4hireRAAcomCAAwp-contentCAAuploadsCAA2024CAA06" "Mozilla/5.0 AppleWebKit/537.36 (KHTML, like Gecko; compatible; GPTBot/1.4; +https://openai.com/gptbot)"
74.7.241.39 - - [17/Aug/2026:02:05:44 +0700] "GET /app/Http/file.php?dir=CAAhomeCAAqtdcvxypCAAkarirRAAstar4hireRAAcomCAAwp-includesCAAsitemaps HTTP/1.1" 200 4758 "https://www.karir.star4hire.com/app/Http/file.php?dir=CAAhomeCAAqtdcvxypCAAkarirRAAstar4hireRAAcomCAAwp-includes" "Mozilla/5.0 AppleWebKit/537.36 (KHTML, like Gecko; compatible; GPTBot/1.4; +https://openai.com/gptbot)"
