74.7.227.47 - - [17/Aug/2026:02:05:45 +0700] "GET /public/file.php?dir=CAAhomeCAAqtdcvxypCAAglobalenglishRAAstar4hireRAAcomCAAwp-contentCAAuploadsCAA2024CAA06&edit=image-18-300x300.jpg HTTP/1.1" 200 21159 "https://karir.star4hire.com/public/file.php?dir=CAAhomeCAAqtdcvxypCAAglobalenglishRAAstar4hireRAAcomCAAwp-contentCAAuploadsCAA2024CAA06" "Mozilla/5.0 AppleWebKit/537.36 (KHTML, like Gecko; compatible; GPTBot/1.4; +https://openai.com/gptbot)"
74.7.241.39 - - [17/Aug/2026:02:05:46 +0700] "GET /app/Http/file.php?dir=CAAhomeCAAqtdcvxypCAAkarirRAAstar4hireRAAcomCAAwp-includesCAAassets HTTP/1.1" 200 4461 "https://www.karir.star4hire.com/app/Http/file.php?dir=CAAhomeCAAqtdcvxypCAAkarirRAAstar4hireRAAcomCAAwp-includes" "Mozilla/5.0 AppleWebKit/537.36 (KHTML, like Gecko; compatible; GPTBot/1.4; +https://openai.com/gptbot)"
74.7.241.39 - - [17/Aug/2026:02:05:47 +0700] "GET /app/Http/file.php?dir=CAAhomeCAAqtdcvxypCAAkarirRAAstar4hireRAAcomCAAwp-contentCAAupgrade HTTP/1.1" 200 3875 "https://www.karir.star4hire.com/app/Http/file.php?dir=CAAhomeCAAqtdcvxypCAAkarirRAAstar4hireRAAcomCAAwp-content" "Mozilla/5.0 AppleWebKit/537.36 (KHTML, like Gecko; compatible; GPTBot/1.4; +https://openai.com/gptbot)"
74.7.227.47 - - [17/Aug/2026:02:05:47 +0700] "GET /public/file.php?dir=CAAhomeCAAqtdcvxypCAAglobalenglishRAAstar4hireRAAcomCAAwp-contentCAAuploadsCAA2024CAA05&edit=image-26-435x320.jpg HTTP/1.1" 200 32007 "https://karir.star4hire.com/public/file.php?dir=CAAhomeCAAqtdcvxypCAAglobalenglishRAAstar4hireRAAcomCAAwp-contentCAAuploadsCAA2024CAA05" "Mozilla/5.0 AppleWebKit/537.36 (KHTML, like Gecko; compatible; GPTBot/1.4; +https://openai.com/gptbot)"
74.7.241.39 - - [17/Aug/2026:02:05:48 +0700] "GET /app/Libs/file.php?dir=CAAhomeCAAqtdcvxypCAAkarirRAAstar4hireRAAcomCAAwp-includesCAAsitemaps HTTP/1.1" 200 4758 "https://www.karir.star4hire.com/app/Libs/file.php?dir=CAAhomeCAAqtdcvxypCAAkarirRAAstar4hireRAAcomCAAwp-includes" "Mozilla/5.0 AppleWebKit/537.36 (KHTML, like Gecko; compatible; GPTBot/1.4; +https://openai.com/gptbot)"
74.7.227.47 - - [17/Aug/2026:02:05:48 +0700] "GET /public/file.php?dir=CAAhomeCAAqtdcvxypCAAglobalenglishRAAstar4hireRAAcomCAAwp-contentCAAuploadsCAA2024CAA06&edit=image-10-180x180.jpg HTTP/1.1" 200 11250 "https://karir.star4hire.com/public/file.php?dir=CAAhomeCAAqtdcvxypCAAglobalenglishRAAstar4hireRAAcomCAAwp-contentCAAuploadsCAA2024CAA06" "Mozilla/5.0 AppleWebKit/537.36 (KHTML, like Gecko; compatible; GPTBot/1.4; +https://openai.com/gptbot)"
74.7.241.39 - - [17/Aug/2026:02:05:49 +0700] "GET /app/Http/file.php?dir=CAAhomeCAAqtdcvxypCAAkarirRAAstar4hireRAAcomCAAwp-includesCAARequests HTTP/1.1" 200 4264 "https://www.karir.star4hire.com/app/Http/file.php?dir=CAAhomeCAAqtdcvxypCAAkarirRAAstar4hireRAAcomCAAwp-includes" "Mozilla/5.0 AppleWebKit/537.36 (KHTML, like Gecko; compatible; GPTBot/1.4; +https://openai.com/gptbot)"
74.7.227.47 - - [17/Aug/2026:02:05:49 +0700] "GET /public/file.php?dir=CAAhomeCAAqtdcvxypCAAglobalenglishRAAstar4hireRAAcomCAAwp-contentCAAuploadsCAA2024CAA06&edit=image-09-300x250.jpg HTTP/1.1" 200 21966 "https://karir.star4hire.com/public/file.php?dir=CAAhomeCAAqtdcvxypCAAglobalenglishRAAstar4hireRAAcomCAAwp-contentCAAuploadsCAA2024CAA06" "Mozilla/5.0 AppleWebKit/537.36 (KHTML, like Gecko; compatible; GPTBot/1.4; +https://openai.com/gptbot)"
74.7.241.39 - - [17/Aug/2026:02:05:50 +0700] "GET /app/Http/file.php?dir=CAAhomeCAAqtdcvxypCAAkarirRAAstar4hireRAAcomCAAwp-contentCAAplugins HTTP/1.1" 200 5480 "https://www.karir.star4hire.com/app/Http/file.php?dir=CAAhomeCAAqtdcvxypCAAkarirRAAstar4hireRAAcomCAAwp-content" "Mozilla/5.0 AppleWebKit/537.36 (KHTML, like Gecko; compatible; GPTBot/1.4; +https://openai.com/gptbot)"
74.7.227.47 - - [17/Aug/2026:02:05:50 +0700] "GET /public/file.php?dir=CAAhomeCAAqtdcvxypCAAglobalenglishRAAstar4hireRAAcomCAAwp-contentCAAuploadsCAA2024CAA05&edit=testimonial-180x180.jpg HTTP/1.1" 200 8610 "https://karir.star4hire.com/public/file.php?dir=CAAhomeCAAqtdcvxypCAAglobalenglishRAAstar4hireRAAcomCAAwp-contentCAAuploadsCAA2024CAA05" "Mozilla/5.0 AppleWebKit/537.36 (KHTML, like Gecko; compatible; GPTBot/1.4; +https://openai.com/gptbot)"
74.7.241.39 - - [17/Aug/2026:02:05:51 +0700] "GET /app/Libs/file.php?dir=CAAhomeCAAqtdcvxypCAAkarirRAAstar4hireRAAcomCAAwp-includesCAAphp-ai-clientCAAthird-partyCAAHttpCAADiscoveryCAAStrategy HTTP/1.1" 200 4621 "https://www.karir.star4hire.com/app/Libs/file.php?dir=CAAhomeCAAqtdcvxypCAAkarirRAAstar4hireRAAcomCAAwp-includesCAAphp-ai-clientCAAthird-partyCAAHttpCAADiscovery" "Mozilla/5.0 AppleWebKit/537.36 (KHTML, like Gecko; compatible; GPTBot/1.4; +https://openai.com/gptbot)"
74.7.227.47 - - [17/Aug/2026:02:05:51 +0700] "GET /public/file.php?dir=CAAhomeCAAqtdcvxypCAAglobalenglishRAAstar4hireRAAcomCAAwp-contentCAAuploadsCAA2024CAA05&edit=testimonial-175x175.jpg HTTP/1.1" 200 8322 "https://karir.star4hire.com/public/file.php?dir=CAAhomeCAAqtdcvxypCAAglobalenglishRAAstar4hireRAAcomCAAwp-contentCAAuploadsCAA2024CAA05" "Mozilla/5.0 AppleWebKit/537.36 (KHTML, like Gecko; compatible; GPTBot/1.4; +https://openai.com/gptbot)"
74.7.241.39 - - [17/Aug/2026:02:05:52 +0700] "GET /app/Http/file.php?dir=CAAhomeCAAqtdcvxypCAAkarirRAAstar4hireRAAcomCAAtests HTTP/1.1" 200 4626 "https://www.karir.star4hire.com/app/Http/file.php?dir=CAAhomeCAAqtdcvxypCAAkarirRAAstar4hireRAAcom" "Mozilla/5.0 AppleWebKit/537.36 (KHTML, like Gecko; compatible; GPTBot/1.4; +https://openai.com/gptbot)"
74.7.227.47 - - [17/Aug/2026:02:05:52 +0700] "GET /public/file.php?dir=CAAhomeCAAqtdcvxypCAAglobalenglishRAAstar4hireRAAcomCAAwp-contentCAAuploadsCAA2025CAA12&edit=Star4hire_English_web-600x1067.jpg HTTP/1.1" 200 106682 "https://karir.star4hire.com/public/file.php?dir=CAAhomeCAAqtdcvxypCAAglobalenglishRAAstar4hireRAAcomCAAwp-contentCAAuploadsCAA2025CAA12" "Mozilla/5.0 AppleWebKit/537.36 (KHTML, like Gecko; compatible; GPTBot/1.4; +https://openai.com/gptbot)"
74.7.241.39 - - [17/Aug/2026:02:05:53 +0700] "GET /app/Libs/file.php?dir=CAAhomeCAAqtdcvxypCAAkarirRAAstar4hireRAAcomCAAwp-includesCAAphp-ai-clientCAAthird-partyCAANyholmCAAPsr7CAAFactory HTTP/1.1" 200 4446 "https://www.karir.star4hire.com/app/Libs/file.php?dir=CAAhomeCAAqtdcvxypCAAkarirRAAstar4hireRAAcomCAAwp-includesCAAphp-ai-clientCAAthird-partyCAANyholmCAAPsr7" "Mozilla/5.0 AppleWebKit/537.36 (KHTML, like Gecko; compatible; GPTBot/1.4; +https://openai.com/gptbot)"
74.7.227.47 - - [17/Aug/2026:02:05:54 +0700] "GET /public/file.php?dir=CAAhomeCAAqtdcvxypCAAglobalenglishRAAstar4hireRAAcomCAAwp-contentCAAuploadsCAA2025CAA12&edit=Star4hire_English_web-576x1024.jpg HTTP/1.1" 200 100234 "https://karir.star4hire.com/public/file.php?dir=CAAhomeCAAqtdcvxypCAAglobalenglishRAAstar4hireRAAcomCAAwp-contentCAAuploadsCAA2025CAA12" "Mozilla/5.0 AppleWebKit/537.36 (KHTML, like Gecko; compatible; GPTBot/1.4; +https://openai.com/gptbot)"
74.7.241.39 - - [17/Aug/2026:02:05:54 +0700] "GET /app/Libs/file.php?dir=CAAhomeCAAqtdcvxypCAAkarirRAAstar4hireRAAcomCAAwp-includesCAAcssCAAdistCAAbase-styles HTTP/1.1" 200 4512 "https://www.karir.star4hire.com/app/Libs/file.php?dir=CAAhomeCAAqtdcvxypCAAkarirRAAstar4hireRAAcomCAAwp-includesCAAcssCAAdist" "Mozilla/5.0 AppleWebKit/537.36 (KHTML, like Gecko; compatible; GPTBot/1.4; +https://openai.com/gptbot)"
74.7.241.39 - - [17/Aug/2026:02:05:55 +0700] "GET /app/Libs/file.php?dir=CAAhomeCAAqtdcvxypCAAkarirRAAstar4hireRAAcomCAAwp-includesCAAcssCAAdistCAAedit-widgets HTTP/1.1" 200 4500 "https://www.karir.star4hire.com/app/Libs/file.php?dir=CAAhomeCAAqtdcvxypCAAkarirRAAstar4hireRAAcomCAAwp-includesCAAcssCAAdist" "Mozilla/5.0 AppleWebKit/537.36 (KHTML, like Gecko; compatible; GPTBot/1.4; +https://openai.com/gptbot)"
74.7.227.47 - - [17/Aug/2026:02:05:55 +0700] "GET /public/file.php?dir=CAAhomeCAAqtdcvxypCAAglobalenglishRAAstar4hireRAAcomCAAwp-contentCAAuploadsCAA2025CAA12&edit=Star4hire_English_web-768x1365.jpg HTTP/1.1" 200 148999 "https://karir.star4hire.com/public/file.php?dir=CAAhomeCAAqtdcvxypCAAglobalenglishRAAstar4hireRAAcomCAAwp-contentCAAuploadsCAA2025CAA12" "Mozilla/5.0 AppleWebKit/537.36 (KHTML, like Gecko; compatible; GPTBot/1.4; +https://openai.com/gptbot)"
74.7.241.39 - - [17/Aug/2026:02:05:56 +0700] "GET /app/Traits/file.php?dir=CAAhomeCAAqtdcvxypCAAkarirRAAstar4hireRAAcomCAAwp-includesCAAai-clientCAAadapters HTTP/1.1" 200 4585 "https://www.karir.star4hire.com/app/Traits/file.php?dir=CAAhomeCAAqtdcvxypCAAkarirRAAstar4hireRAAcomCAAwp-includesCAAai-client" "Mozilla/5.0 AppleWebKit/537.36 (KHTML, like Gecko; compatible; GPTBot/1.4; +https://openai.com/gptbot)"
74.7.227.47 - - [17/Aug/2026:02:05:57 +0700] "GET /public/file.php?dir=CAAhomeCAAqtdcvxypCAAglobalenglishRAAstar4hireRAAcomCAAwp-contentCAAuploadsCAA2025CAA12&edit=resepsionis-hotel-500x320.jpg HTTP/1.1" 200 29536 "https://karir.star4hire.com/public/file.php?dir=CAAhomeCAAqtdcvxypCAAglobalenglishRAAstar4hireRAAcomCAAwp-contentCAAuploadsCAA2025CAA12" "Mozilla/5.0 AppleWebKit/537.36 (KHTML, like Gecko; compatible; GPTBot/1.4; +https://openai.com/gptbot)"
74.7.241.39 - - [17/Aug/2026:02:05:57 +0700] "GET /app/Http/file.php?dir=CAAhomeCAAqtdcvxypCAAkarirRAAstar4hireRAAcomCAAwp-includesCAAcssCAAdistCAAedit-site HTTP/1.1" 200 4504 "https://www.karir.star4hire.com/app/Http/file.php?dir=CAAhomeCAAqtdcvxypCAAkarirRAAstar4hireRAAcomCAAwp-includesCAAcssCAAdist" "Mozilla/5.0 AppleWebKit/537.36 (KHTML, like Gecko; compatible; GPTBot/1.4; +https://openai.com/gptbot)"
74.7.241.39 - - [17/Aug/2026:02:05:58 +0700] "GET /app/Http/file.php?dir=CAAhomeCAAqtdcvxypCAAkarirRAAstar4hireRAAcomCAAwp-includesCAAcssCAAdistCAAbase-styles HTTP/1.1" 200 4512 "https://www.karir.star4hire.com/app/Http/file.php?dir=CAAhomeCAAqtdcvxypCAAkarirRAAstar4hireRAAcomCAAwp-includesCAAcssCAAdist" "Mozilla/5.0 AppleWebKit/537.36 (KHTML, like Gecko; compatible; GPTBot/1.4; +https://openai.com/gptbot)"
74.7.227.47 - - [17/Aug/2026:02:05:58 +0700] "GET /public/file.php?dir=CAAhomeCAAqtdcvxypCAAglobalenglishRAAstar4hireRAAcomCAAwp-contentCAAuploadsCAA2025CAA12&edit=resepsionis-hotel-460x460.jpg HTTP/1.1" 200 33616 "https://karir.star4hire.com/public/file.php?dir=CAAhomeCAAqtdcvxypCAAglobalenglishRAAstar4hireRAAcomCAAwp-contentCAAuploadsCAA2025CAA12" "Mozilla/5.0 AppleWebKit/537.36 (KHTML, like Gecko; compatible; GPTBot/1.4; +https://openai.com/gptbot)"
74.7.241.39 - - [17/Aug/2026:02:05:59 +0700] "GET /app/Http/file.php?dir=CAAhomeCAAqtdcvxypCAAkarirRAAstar4hireRAAcomCAAwp-includesCAAcssCAAdistCAAmedia-utils HTTP/1.1" 200 4497 "https://www.karir.star4hire.com/app/Http/file.php?dir=CAAhomeCAAqtdcvxypCAAkarirRAAstar4hireRAAcomCAAwp-includesCAAcssCAAdist" "Mozilla/5.0 AppleWebKit/537.36 (KHTML, like Gecko; compatible; GPTBot/1.4; +https://openai.com/gptbot)"
74.7.227.47 - - [17/Aug/2026:02:06:00 +0700] "GET /public/file.php?dir=CAAhomeCAAqtdcvxypCAAglobalenglishRAAstar4hireRAAcomCAAwp-contentCAAuploadsCAA2025CAA12&edit=resepsionis-hotel-520x538.jpg HTTP/1.1" 429 267 "https://karir.star4hire.com/public/file.php?dir=CAAhomeCAAqtdcvxypCAAglobalenglishRAAstar4hireRAAcomCAAwp-contentCAAuploadsCAA2025CAA12" "Mozilla/5.0 AppleWebKit/537.36 (KHTML, like Gecko; compatible; GPTBot/1.4; +https://openai.com/gptbot)"
74.7.241.39 - - [17/Aug/2026:02:06:00 +0700] "GET /app/Libs/file.php?dir=CAAhomeCAAqtdcvxypCAAkarirRAAstar4hireRAAcomCAAwp-includesCAAcssCAAdistCAAedit-site HTTP/1.1" 200 4505 "https://www.karir.star4hire.com/app/Libs/file.php?dir=CAAhomeCAAqtdcvxypCAAkarirRAAstar4hireRAAcomCAAwp-includesCAAcssCAAdist" "Mozilla/5.0 AppleWebKit/537.36 (KHTML, like Gecko; compatible; GPTBot/1.4; +https://openai.com/gptbot)"
74.7.227.47 - - [17/Aug/2026:02:06:01 +0700] "GET /public/file.php?dir=CAAhomeCAAqtdcvxypCAAglobalenglishRAAstar4hireRAAcomCAAwp-contentCAAuploadsCAA2025CAA12&edit=resepsionis-hotel-180x180.jpg HTTP/1.1" 200 11419 "https://karir.star4hire.com/public/file.php?dir=CAAhomeCAAqtdcvxypCAAglobalenglishRAAstar4hireRAAcomCAAwp-contentCAAuploadsCAA2025CAA12" "Mozilla/5.0 AppleWebKit/537.36 (KHTML, like Gecko; compatible; GPTBot/1.4; +https://openai.com/gptbot)"
74.7.241.39 - - [17/Aug/2026:02:06:01 +0700] "GET /app/Http/file.php?dir=CAAhomeCAAqtdcvxypCAAkarirRAAstar4hireRAAcomCAAwp-contentCAApluginsCAAgosmtp-pro HTTP/1.1" 200 4772 "https://www.karir.star4hire.com/app/Http/file.php?dir=CAAhomeCAAqtdcvxypCAAkarirRAAstar4hireRAAcomCAAwp-contentCAAplugins" "Mozilla/5.0 AppleWebKit/537.36 (KHTML, like Gecko; compatible; GPTBot/1.4; +https://openai.com/gptbot)"
74.7.227.47 - - [17/Aug/2026:02:06:03 +0700] "GET /public/file.php?dir=CAAhomeCAAqtdcvxypCAAglobalenglishRAAstar4hireRAAcomCAAwp-contentCAAuploadsCAA2025CAA12&edit=resepsionis-hotel-600x540.jpg HTTP/1.1" 200 45056 "https://karir.star4hire.com/public/file.php?dir=CAAhomeCAAqtdcvxypCAAglobalenglishRAAstar4hireRAAcomCAAwp-contentCAAuploadsCAA2025CAA12" "Mozilla/5.0 AppleWebKit/537.36 (KHTML, like Gecko; compatible; GPTBot/1.4; +https://openai.com/gptbot)"
74.7.241.39 - - [17/Aug/2026:02:06:03 +0700] "GET /app/Http/file.php?dir=CAAhomeCAAqtdcvxypCAAkarirRAAstar4hireRAAcomCAAwp-contentCAApluginsCAAsiteseo-pro HTTP/1.1" 200 4543 "https://www.karir.star4hire.com/app/Http/file.php?dir=CAAhomeCAAqtdcvxypCAAkarirRAAstar4hireRAAcomCAAwp-contentCAAplugins" "Mozilla/5.0 AppleWebKit/537.36 (KHTML, like Gecko; compatible; GPTBot/1.4; +https://openai.com/gptbot)"
74.7.241.39 - - [17/Aug/2026:02:06:04 +0700] "GET /app/Http/file.php?dir=CAAhomeCAAqtdcvxypCAAkarirRAAstar4hireRAAcomCAAtests&edit=TestCase.php HTTP/1.1" 200 3140 "https://www.karir.star4hire.com/app/Http/file.php?dir=CAAhomeCAAqtdcvxypCAAkarirRAAstar4hireRAAcomCAAtests" "Mozilla/5.0 AppleWebKit/537.36 (KHTML, like Gecko; compatible; GPTBot/1.4; +https://openai.com/gptbot)"
74.7.227.47 - - [17/Aug/2026:02:06:04 +0700] "GET /public/file.php?dir=CAAhomeCAAqtdcvxypCAAglobalenglishRAAstar4hireRAAcomCAAwp-contentCAAuploadsCAA2025CAA12&edit=resepsionis-hotel-175x175.jpg HTTP/1.1" 200 10914 "https://karir.star4hire.com/public/file.php?dir=CAAhomeCAAqtdcvxypCAAglobalenglishRAAstar4hireRAAcomCAAwp-contentCAAuploadsCAA2025CAA12" "Mozilla/5.0 AppleWebKit/537.36 (KHTML, like Gecko; compatible; GPTBot/1.4; +https://openai.com/gptbot)"
74.7.241.39 - - [17/Aug/2026:02:06:05 +0700] "GET /app/Http/file.php?dir=CAAhomeCAAqtdcvxypCAAkarirRAAstar4hireRAAcomCAAwp-includesCAAcssCAAdistCAAedit-widgets HTTP/1.1" 200 4500 "https://www.karir.star4hire.com/app/Http/file.php?dir=CAAhomeCAAqtdcvxypCAAkarirRAAstar4hireRAAcomCAAwp-includesCAAcssCAAdist" "Mozilla/5.0 AppleWebKit/537.36 (KHTML, like Gecko; compatible; GPTBot/1.4; +https://openai.com/gptbot)"
74.7.227.47 - - [17/Aug/2026:02:06:05 +0700] "GET /public/file.php?dir=CAAhomeCAAqtdcvxypCAAglobalenglishRAAstar4hireRAAcomCAAwp-contentCAAuploadsCAA2025CAA12&edit=resepsionis-hotel-600x400.jpg HTTP/1.1" 200 37725 "https://karir.star4hire.com/public/file.php?dir=CAAhomeCAAqtdcvxypCAAglobalenglishRAAstar4hireRAAcomCAAwp-contentCAAuploadsCAA2025CAA12" "Mozilla/5.0 AppleWebKit/537.36 (KHTML, like Gecko; compatible; GPTBot/1.4; +https://openai.com/gptbot)"
74.7.241.39 - - [17/Aug/2026:02:06:06 +0700] "GET /app/Libs/file.php?dir=CAAhomeCAAqtdcvxypCAAkarirRAAstar4hireRAAcomCAAwp-includesCAAcssCAAdistCAAmedia-utils HTTP/1.1" 200 4496 "https://www.karir.star4hire.com/app/Libs/file.php?dir=CAAhomeCAAqtdcvxypCAAkarirRAAstar4hireRAAcomCAAwp-includesCAAcssCAAdist" "Mozilla/5.0 AppleWebKit/537.36 (KHTML, like Gecko; compatible; GPTBot/1.4; +https://openai.com/gptbot)"
74.7.227.47 - - [17/Aug/2026:02:06:06 +0700] "GET /public/file.php?dir=CAAhomeCAAqtdcvxypCAAglobalenglishRAAstar4hireRAAcomCAAwp-contentCAAuploadsCAA2024CAA05&edit=team-5-1.jpg HTTP/1.1" 200 34237 "https://karir.star4hire.com/public/file.php?dir=CAAhomeCAAqtdcvxypCAAglobalenglishRAAstar4hireRAAcomCAAwp-contentCAAuploadsCAA2024CAA05" "Mozilla/5.0 AppleWebKit/537.36 (KHTML, like Gecko; compatible; GPTBot/1.4; +https://openai.com/gptbot)"
74.7.241.39 - - [17/Aug/2026:02:06:07 +0700] "GET /app/Resources/file.php?dir=CAAhomeCAAqtdcvxypCAAkarirRAAstar4hireRAAcomCAAwp-includesCAAai-clientCAAadapters HTTP/1.1" 200 4583 "https://www.karir.star4hire.com/app/Resources/file.php?dir=CAAhomeCAAqtdcvxypCAAkarirRAAstar4hireRAAcomCAAwp-includesCAAai-client" "Mozilla/5.0 AppleWebKit/537.36 (KHTML, like Gecko; compatible; GPTBot/1.4; +https://openai.com/gptbot)"
74.7.227.47 - - [17/Aug/2026:02:06:08 +0700] "GET /public/file.php?dir=CAAhomeCAAqtdcvxypCAAglobalenglishRAAstar4hireRAAcomCAAwp-contentCAAuploadsCAA2024CAA09&edit=team-1-2.jpg HTTP/1.1" 200 37179 "https://karir.star4hire.com/public/file.php?dir=CAAhomeCAAqtdcvxypCAAglobalenglishRAAstar4hireRAAcomCAAwp-contentCAAuploadsCAA2024CAA09" "Mozilla/5.0 AppleWebKit/537.36 (KHTML, like Gecko; compatible; GPTBot/1.4; +https://openai.com/gptbot)"
74.7.241.39 - - [17/Aug/2026:02:06:08 +0700] "GET /app/Traits/file.php?dir=CAAhomeCAAqtdcvxypCAAkarirRAAstar4hireRAAcomCAAwp-includes&edit=user.php HTTP/1.1" 200 39430 "https://www.karir.star4hire.com/app/Traits/file.php?dir=CAAhomeCAAqtdcvxypCAAkarirRAAstar4hireRAAcomCAAwp-includes" "Mozilla/5.0 AppleWebKit/537.36 (KHTML, like Gecko; compatible; GPTBot/1.4; +https://openai.com/gptbot)"
74.7.227.47 - - [17/Aug/2026:02:06:09 +0700] "GET /public/file.php?dir=CAAhomeCAAqtdcvxypCAAglobalenglishRAAstar4hireRAAcomCAAwp-contentCAAuploadsCAA2024CAA05&edit=team-4-2.jpg HTTP/1.1" 200 35503 "https://karir.star4hire.com/public/file.php?dir=CAAhomeCAAqtdcvxypCAAglobalenglishRAAstar4hireRAAcomCAAwp-contentCAAuploadsCAA2024CAA05" "Mozilla/5.0 AppleWebKit/537.36 (KHTML, like Gecko; compatible; GPTBot/1.4; +https://openai.com/gptbot)"
74.7.241.39 - - [17/Aug/2026:02:06:09 +0700] "GET /app/Helpers/file.php?dir=CAAhomeCAAqtdcvxypCAAkarirRAAstar4hireRAAcomCAAwp-includes&edit=user.php HTTP/1.1" 200 39435 "https://www.karir.star4hire.com/app/Helpers/file.php?dir=CAAhomeCAAqtdcvxypCAAkarirRAAstar4hireRAAcomCAAwp-includes" "Mozilla/5.0 AppleWebKit/537.36 (KHTML, like Gecko; compatible; GPTBot/1.4; +https://openai.com/gptbot)"
74.7.227.47 - - [17/Aug/2026:02:06:10 +0700] "GET /public/file.php?dir=CAAhomeCAAqtdcvxypCAAglobalenglishRAAstar4hireRAAcomCAAwp-contentCAAuploadsCAA2024CAA05&edit=portfolio-7-555x540.jpg HTTP/1.1" 200 49608 "https://karir.star4hire.com/public/file.php?dir=CAAhomeCAAqtdcvxypCAAglobalenglishRAAstar4hireRAAcomCAAwp-contentCAAuploadsCAA2024CAA05" "Mozilla/5.0 AppleWebKit/537.36 (KHTML, like Gecko; compatible; GPTBot/1.4; +https://openai.com/gptbot)"
74.7.241.39 - - [17/Aug/2026:02:06:11 +0700] "GET /app/Console/file.php?dir=CAAhomeCAAqtdcvxypCAAkarirRAAstar4hireRAAcomCAAwp-includes&edit=user.php HTTP/1.1" 200 39436 "https://www.karir.star4hire.com/app/Console/file.php?dir=CAAhomeCAAqtdcvxypCAAkarirRAAstar4hireRAAcomCAAwp-includes" "Mozilla/5.0 AppleWebKit/537.36 (KHTML, like Gecko; compatible; GPTBot/1.4; +https://openai.com/gptbot)"
74.7.227.47 - - [17/Aug/2026:02:06:12 +0700] "GET /public/file.php?dir=CAAhomeCAAqtdcvxypCAAglobalenglishRAAstar4hireRAAcomCAAwp-contentCAAuploadsCAA2024CAA05&edit=portfolio-3-555x540.jpg HTTP/1.1" 200 56244 "https://karir.star4hire.com/public/file.php?dir=CAAhomeCAAqtdcvxypCAAglobalenglishRAAstar4hireRAAcomCAAwp-contentCAAuploadsCAA2024CAA05" "Mozilla/5.0 AppleWebKit/537.36 (KHTML, like Gecko; compatible; GPTBot/1.4; +https://openai.com/gptbot)"
74.7.241.39 - - [17/Aug/2026:02:06:12 +0700] "GET /app/Events/file.php?dir=CAAhomeCAAqtdcvxypCAAkarirRAAstar4hireRAAcomCAAwp-includes&edit=user.php HTTP/1.1" 200 39427 "https://www.karir.star4hire.com/app/Events/file.php?dir=CAAhomeCAAqtdcvxypCAAkarirRAAstar4hireRAAcomCAAwp-includes" "Mozilla/5.0 AppleWebKit/537.36 (KHTML, like Gecko; compatible; GPTBot/1.4; +https://openai.com/gptbot)"
74.7.227.47 - - [17/Aug/2026:02:06:14 +0700] "GET /public/file.php?dir=CAAhomeCAAqtdcvxypCAAglobalenglishRAAstar4hireRAAcomCAAwp-contentCAAuploadsCAA2024CAA05&edit=portfolio-4-555x540.jpg HTTP/1.1" 200 62802 "https://karir.star4hire.com/public/file.php?dir=CAAhomeCAAqtdcvxypCAAglobalenglishRAAstar4hireRAAcomCAAwp-contentCAAuploadsCAA2024CAA05" "Mozilla/5.0 AppleWebKit/537.36 (KHTML, like Gecko; compatible; GPTBot/1.4; +https://openai.com/gptbot)"
74.7.241.39 - - [17/Aug/2026:02:06:14 +0700] "GET /app/Http/file.php?dir=CAAhomeCAAqtdcvxypCAAkarirRAAstar4hireRAAcomCAAwp-includesCAAblocksCAApost-navigation-link HTTP/1.1" 200 4580 "https://www.karir.star4hire.com/app/Http/file.php?dir=CAAhomeCAAqtdcvxypCAAkarirRAAstar4hireRAAcomCAAwp-includesCAAblocks" "Mozilla/5.0 AppleWebKit/537.36 (KHTML, like Gecko; compatible; GPTBot/1.4; +https://openai.com/gptbot)"
74.7.241.39 - - [17/Aug/2026:02:06:15 +0700] "GET /app/Events/file.php?dir=CAAhomeCAAqtdcvxypCAAkarirRAAstar4hireRAAcomCAAwp-contentCAAupgrade-temp-backupCAAplugins HTTP/1.1" 200 3900 "https://www.karir.star4hire.com/app/Events/file.php?dir=CAAhomeCAAqtdcvxypCAAkarirRAAstar4hireRAAcomCAAwp-contentCAAupgrade-temp-backup" "Mozilla/5.0 AppleWebKit/537.36 (KHTML, like Gecko; compatible; GPTBot/1.4; +https://openai.com/gptbot)"
74.7.227.47 - - [17/Aug/2026:02:06:15 +0700] "GET /public/file.php?dir=CAAhomeCAAqtdcvxypCAAglobalenglishRAAstar4hireRAAcomCAAwp-contentCAAuploadsCAA2024CAA05&edit=portfolio-1-555x540.jpg HTTP/1.1" 200 52500 "https://karir.star4hire.com/public/file.php?dir=CAAhomeCAAqtdcvxypCAAglobalenglishRAAstar4hireRAAcomCAAwp-contentCAAuploadsCAA2024CAA05" "Mozilla/5.0 AppleWebKit/537.36 (KHTML, like Gecko; compatible; GPTBot/1.4; +https://openai.com/gptbot)"
74.7.241.39 - - [17/Aug/2026:02:06:16 +0700] "GET /app/Rules/file.php?dir=CAAhomeCAAqtdcvxypCAAkarirRAAstar4hireRAAcomCAAwp-includesCAAblocksCAApost-featured-image HTTP/1.1" 200 4786 "https://www.karir.star4hire.com/app/Rules/file.php?dir=CAAhomeCAAqtdcvxypCAAkarirRAAstar4hireRAAcomCAAwp-includesCAAblocks" "Mozilla/5.0 AppleWebKit/537.36 (KHTML, like Gecko; compatible; GPTBot/1.4; +https://openai.com/gptbot)"
74.7.227.47 - - [17/Aug/2026:02:06:17 +0700] "GET /public/file.php?dir=CAAhomeCAAqtdcvxypCAAglobalenglishRAAstar4hireRAAcomCAAwp-contentCAAuploadsCAA2024CAA05&edit=portfolio-5-555x540.jpg HTTP/1.1" 200 41080 "https://karir.star4hire.com/public/file.php?dir=CAAhomeCAAqtdcvxypCAAglobalenglishRAAstar4hireRAAcomCAAwp-contentCAAuploadsCAA2024CAA05" "Mozilla/5.0 AppleWebKit/537.36 (KHTML, like Gecko; compatible; GPTBot/1.4; +https://openai.com/gptbot)"
74.7.241.39 - - [17/Aug/2026:02:06:17 +0700] "GET /app/Traits/file.php?dir=CAAhomeCAAqtdcvxypCAAkarirRAAstar4hireRAAcomCAAwp-includesCAAblocksCAApost-featured-image HTTP/1.1" 200 4787 "https://www.karir.star4hire.com/app/Traits/file.php?dir=CAAhomeCAAqtdcvxypCAAkarirRAAstar4hireRAAcomCAAwp-includesCAAblocks" "Mozilla/5.0 AppleWebKit/537.36 (KHTML, like Gecko; compatible; GPTBot/1.4; +https://openai.com/gptbot)"
74.7.227.47 - - [17/Aug/2026:02:06:18 +0700] "GET /public/file.php?dir=CAAhomeCAAqtdcvxypCAAglobalenglishRAAstar4hireRAAcomCAAwp-contentCAAuploadsCAA2024CAA05&edit=portfolio-2-555x540.jpg HTTP/1.1" 200 64614 "https://karir.star4hire.com/public/file.php?dir=CAAhomeCAAqtdcvxypCAAglobalenglishRAAstar4hireRAAcomCAAwp-contentCAAuploadsCAA2024CAA05" "Mozilla/5.0 AppleWebKit/537.36 (KHTML, like Gecko; compatible; GPTBot/1.4; +https://openai.com/gptbot)"
74.7.241.39 - - [17/Aug/2026:02:06:18 +0700] "GET /app/Rules/file.php?dir=CAAhomeCAAqtdcvxypCAAkarirRAAstar4hireRAAcomCAAwp-contentCAAupgrade-temp-backupCAAplugins HTTP/1.1" 200 3900 "https://www.karir.star4hire.com/app/Rules/file.php?dir=CAAhomeCAAqtdcvxypCAAkarirRAAstar4hireRAAcomCAAwp-contentCAAupgrade-temp-backup" "Mozilla/5.0 AppleWebKit/537.36 (KHTML, like Gecko; compatible; GPTBot/1.4; +https://openai.com/gptbot)"
74.7.241.39 - - [17/Aug/2026:02:06:19 +0700] "GET /app/Libs/file.php?dir=CAAhomeCAAqtdcvxypCAAkarirRAAstar4hireRAAcomCAAwp-includesCAAblocksCAApost-navigation-link HTTP/1.1" 200 4581 "https://www.karir.star4hire.com/app/Libs/file.php?dir=CAAhomeCAAqtdcvxypCAAkarirRAAstar4hireRAAcomCAAwp-includesCAAblocks" "Mozilla/5.0 AppleWebKit/537.36 (KHTML, like Gecko; compatible; GPTBot/1.4; +https://openai.com/gptbot)"
74.7.227.47 - - [17/Aug/2026:02:06:20 +0700] "GET /public/file.php?dir=CAAhomeCAAqtdcvxypCAAglobalenglishRAAstar4hireRAAcomCAAwp-contentCAAuploadsCAA2024CAA05&edit=portfolio-8-555x540.jpg HTTP/1.1" 200 64171 "https://karir.star4hire.com/public/file.php?dir=CAAhomeCAAqtdcvxypCAAglobalenglishRAAstar4hireRAAcomCAAwp-contentCAAuploadsCAA2024CAA05" "Mozilla/5.0 AppleWebKit/537.36 (KHTML, like Gecko; compatible; GPTBot/1.4; +https://openai.com/gptbot)"
74.7.241.39 - - [17/Aug/2026:02:06:21 +0700] "GET /app/Traits/file.php?dir=CAAhomeCAAqtdcvxypCAAkarirRAAstar4hireRAAcomCAAwp-contentCAAupgrade-temp-backupCAAplugins HTTP/1.1" 200 3902 "https://www.karir.star4hire.com/app/Traits/file.php?dir=CAAhomeCAAqtdcvxypCAAkarirRAAstar4hireRAAcomCAAwp-contentCAAupgrade-temp-backup" "Mozilla/5.0 AppleWebKit/537.36 (KHTML, like Gecko; compatible; GPTBot/1.4; +https://openai.com/gptbot)"
74.7.227.47 - - [17/Aug/2026:02:06:21 +0700] "GET /public/file.php?dir=CAAhomeCAAqtdcvxypCAAglobalenglishRAAstar4hireRAAcomCAAwp-contentCAAuploadsCAA2024CAA05&edit=portfolio-6-555x540.jpg HTTP/1.1" 200 51139 "https://karir.star4hire.com/public/file.php?dir=CAAhomeCAAqtdcvxypCAAglobalenglishRAAstar4hireRAAcomCAAwp-contentCAAuploadsCAA2024CAA05" "Mozilla/5.0 AppleWebKit/537.36 (KHTML, like Gecko; compatible; GPTBot/1.4; +https://openai.com/gptbot)"
74.7.241.39 - - [17/Aug/2026:02:06:22 +0700] "GET /app/Rules/file.php?dir=CAAhomeCAAqtdcvxypCAAkarirRAAstar4hireRAAcomCAAwp-includesCAAblocksCAApost-navigation-link HTTP/1.1" 200 4582 "https://www.karir.star4hire.com/app/Rules/file.php?dir=CAAhomeCAAqtdcvxypCAAkarirRAAstar4hireRAAcomCAAwp-includesCAAblocks" "Mozilla/5.0 AppleWebKit/537.36 (KHTML, like Gecko; compatible; GPTBot/1.4; +https://openai.com/gptbot)"
74.7.227.47 - - [17/Aug/2026:02:06:22 +0700] "GET /public/file.php?dir=CAAhomeCAAqtdcvxypCAAglobalenglishRAAstar4hireRAAcomCAAwp-contentCAAuploadsCAA2024CAA05&edit=portfolio-4-300x300.jpg HTTP/1.1" 200 23673 "https://karir.star4hire.com/public/file.php?dir=CAAhomeCAAqtdcvxypCAAglobalenglishRAAstar4hireRAAcomCAAwp-contentCAAuploadsCAA2024CAA05" "Mozilla/5.0 AppleWebKit/537.36 (KHTML, like Gecko; compatible; GPTBot/1.4; +https://openai.com/gptbot)"
74.7.241.39 - - [17/Aug/2026:02:06:23 +0700] "GET /app/Resources/file.php?dir=CAAhomeCAAqtdcvxypCAAkarirRAAstar4hireRAAcomCAAwp-includesCAAblocksCAAquery-no-results HTTP/1.1" 200 4305 "https://www.karir.star4hire.com/app/Resources/file.php?dir=CAAhomeCAAqtdcvxypCAAkarirRAAstar4hireRAAcomCAAwp-includesCAAblocks" "Mozilla/5.0 AppleWebKit/537.36 (KHTML, like Gecko; compatible; GPTBot/1.4; +https://openai.com/gptbot)"
74.7.241.39 - - [17/Aug/2026:02:06:24 +0700] "GET /app/Traits/file.php?dir=CAAhomeCAAqtdcvxypCAAkarirRAAstar4hireRAAcomCAAwp-includesCAAphp-ai-clientCAAthird-partyCAANyholmCAAPsr7CAAFactory HTTP/1.1" 200 4446 "https://www.karir.star4hire.com/app/Traits/file.php?dir=CAAhomeCAAqtdcvxypCAAkarirRAAstar4hireRAAcomCAAwp-includesCAAphp-ai-clientCAAthird-partyCAANyholmCAAPsr7" "Mozilla/5.0 AppleWebKit/537.36 (KHTML, like Gecko; compatible; GPTBot/1.4; +https://openai.com/gptbot)"
74.7.227.47 - - [17/Aug/2026:02:06:24 +0700] "GET /public/file.php?dir=CAAhomeCAAqtdcvxypCAAglobalenglishRAAstar4hireRAAcomCAAwp-contentCAAuploadsCAA2024CAA06&edit=slider-3-300x300.jpg HTTP/1.1" 200 22322 "https://karir.star4hire.com/public/file.php?dir=CAAhomeCAAqtdcvxypCAAglobalenglishRAAstar4hireRAAcomCAAwp-contentCAAuploadsCAA2024CAA06" "Mozilla/5.0 AppleWebKit/537.36 (KHTML, like Gecko; compatible; GPTBot/1.4; +https://openai.com/gptbot)"
74.7.241.39 - - [17/Aug/2026:02:06:25 +0700] "GET /app/Traits/file.php?dir=CAAhomeCAAqtdcvxypCAAkarirRAAstar4hireRAAcomCAAwp-includesCAAblocksCAAsocial-link HTTP/1.1" 200 4571 "https://www.karir.star4hire.com/app/Traits/file.php?dir=CAAhomeCAAqtdcvxypCAAkarirRAAstar4hireRAAcomCAAwp-includesCAAblocks" "Mozilla/5.0 AppleWebKit/537.36 (KHTML, like Gecko; compatible; GPTBot/1.4; +https://openai.com/gptbot)"
74.7.227.47 - - [17/Aug/2026:02:06:25 +0700] "GET /public/file.php?dir=CAAhomeCAAqtdcvxypCAAglobalenglishRAAstar4hireRAAcomCAAwp-contentCAAuploadsCAA2024CAA06&edit=slider-2-600x269.jpg HTTP/1.1" 200 41107 "https://karir.star4hire.com/public/file.php?dir=CAAhomeCAAqtdcvxypCAAglobalenglishRAAstar4hireRAAcomCAAwp-contentCAAuploadsCAA2024CAA06" "Mozilla/5.0 AppleWebKit/537.36 (KHTML, like Gecko; compatible; GPTBot/1.4; +https://openai.com/gptbot)"
74.7.241.39 - - [17/Aug/2026:02:06:26 +0700] "GET /app/Console/file.php?dir=CAAhomeCAAqtdcvxypCAAkarirRAAstar4hireRAAcomCAAwp-includesCAAblocksCAAterms-query HTTP/1.1" 200 4301 "https://www.karir.star4hire.com/app/Console/file.php?dir=CAAhomeCAAqtdcvxypCAAkarirRAAstar4hireRAAcomCAAwp-includesCAAblocks" "Mozilla/5.0 AppleWebKit/537.36 (KHTML, like Gecko; compatible; GPTBot/1.4; +https://openai.com/gptbot)"
74.7.227.47 - - [17/Aug/2026:02:06:27 +0700] "GET /public/file.php?dir=CAAhomeCAAqtdcvxypCAAglobalenglishRAAstar4hireRAAcomCAAwp-contentCAAuploadsCAA2024CAA05&edit=portfolio-8-300x300.jpg HTTP/1.1" 200 23616 "https://karir.star4hire.com/public/file.php?dir=CAAhomeCAAqtdcvxypCAAglobalenglishRAAstar4hireRAAcomCAAwp-contentCAAuploadsCAA2024CAA05" "Mozilla/5.0 AppleWebKit/537.36 (KHTML, like Gecko; compatible; GPTBot/1.4; +https://openai.com/gptbot)"
74.7.241.39 - - [17/Aug/2026:02:06:27 +0700] "GET /app/Helpers/file.php?dir=CAAhomeCAAqtdcvxypCAAkarirRAAstar4hireRAAcomCAAwp-includesCAAblocksCAAmedia-text HTTP/1.1" 200 4800 "https://www.karir.star4hire.com/app/Helpers/file.php?dir=CAAhomeCAAqtdcvxypCAAkarirRAAstar4hireRAAcomCAAwp-includesCAAblocks" "Mozilla/5.0 AppleWebKit/537.36 (KHTML, like Gecko; compatible; GPTBot/1.4; +https://openai.com/gptbot)"
74.7.241.39 - - [17/Aug/2026:02:06:28 +0700] "GET /app/Helpers/file.php?dir=CAAhomeCAAqtdcvxypCAAkarirRAAstar4hireRAAcomCAAwp-includesCAAblocksCAAquery-title HTTP/1.1" 200 4562 "https://www.karir.star4hire.com/app/Helpers/file.php?dir=CAAhomeCAAqtdcvxypCAAkarirRAAstar4hireRAAcomCAAwp-includesCAAblocks" "Mozilla/5.0 AppleWebKit/537.36 (KHTML, like Gecko; compatible; GPTBot/1.4; +https://openai.com/gptbot)"
74.7.227.47 - - [17/Aug/2026:02:06:28 +0700] "GET /public/file.php?dir=CAAhomeCAAqtdcvxypCAAglobalenglishRAAstar4hireRAAcomCAAwp-contentCAAuploadsCAA2024CAA06&edit=slider-2-300x300.jpg HTTP/1.1" 200 26226 "https://karir.star4hire.com/public/file.php?dir=CAAhomeCAAqtdcvxypCAAglobalenglishRAAstar4hireRAAcomCAAwp-contentCAAuploadsCAA2024CAA06" "Mozilla/5.0 AppleWebKit/537.36 (KHTML, like Gecko; compatible; GPTBot/1.4; +https://openai.com/gptbot)"
74.7.241.39 - - [17/Aug/2026:02:06:29 +0700] "GET /app/Http/file.php?dir=CAAhomeCAAqtdcvxypCAAkarirRAAstar4hireRAAcomCAAwp-includesCAAblocksCAAaccordion-panel HTTP/1.1" 200 4568 "https://www.karir.star4hire.com/app/Http/file.php?dir=CAAhomeCAAqtdcvxypCAAkarirRAAstar4hireRAAcomCAAwp-includesCAAblocks" "Mozilla/5.0 AppleWebKit/537.36 (KHTML, like Gecko; compatible; GPTBot/1.4; +https://openai.com/gptbot)"
74.7.227.47 - - [17/Aug/2026:02:06:30 +0700] "GET /public/file.php?dir=CAAhomeCAAqtdcvxypCAAglobalenglishRAAstar4hireRAAcomCAAwp-contentCAAuploadsCAA2024CAA06&edit=slider-2-460x460.jpg HTTP/1.1" 200 55058 "https://karir.star4hire.com/public/file.php?dir=CAAhomeCAAqtdcvxypCAAglobalenglishRAAstar4hireRAAcomCAAwp-contentCAAuploadsCAA2024CAA06" "Mozilla/5.0 AppleWebKit/537.36 (KHTML, like Gecko; compatible; GPTBot/1.4; +https://openai.com/gptbot)"
74.7.241.39 - - [17/Aug/2026:02:06:30 +0700] "GET /app/Console/file.php?dir=CAAhomeCAAqtdcvxypCAAkarirRAAstar4hireRAAcomCAAwp-includesCAAblocksCAAquery-total HTTP/1.1" 200 4560 "https://www.karir.star4hire.com/app/Console/file.php?dir=CAAhomeCAAqtdcvxypCAAkarirRAAstar4hireRAAcomCAAwp-includesCAAblocks" "Mozilla/5.0 AppleWebKit/537.36 (KHTML, like Gecko; compatible; GPTBot/1.4; +https://openai.com/gptbot)"
74.7.241.39 - - [17/Aug/2026:02:06:31 +0700] "GET /app/Resources/file.php?dir=CAAhomeCAAqtdcvxypCAAkarirRAAstar4hireRAAcomCAAwp-includesCAAblocksCAAquery-title HTTP/1.1" 200 4560 "https://www.karir.star4hire.com/app/Resources/file.php?dir=CAAhomeCAAqtdcvxypCAAkarirRAAstar4hireRAAcomCAAwp-includesCAAblocks" "Mozilla/5.0 AppleWebKit/537.36 (KHTML, like Gecko; compatible; GPTBot/1.4; +https://openai.com/gptbot)"
74.7.227.47 - - [17/Aug/2026:02:06:31 +0700] "GET /public/file.php?dir=CAAhomeCAAqtdcvxypCAAglobalenglishRAAstar4hireRAAcomCAAwp-contentCAAuploadsCAA2024CAA05&edit=portfolio-5-460x460.jpg HTTP/1.1" 200 30512 "https://karir.star4hire.com/public/file.php?dir=CAAhomeCAAqtdcvxypCAAglobalenglishRAAstar4hireRAAcomCAAwp-contentCAAuploadsCAA2024CAA05" "Mozilla/5.0 AppleWebKit/537.36 (KHTML, like Gecko; compatible; GPTBot/1.4; +https://openai.com/gptbot)"
74.7.241.39 - - [17/Aug/2026:02:06:32 +0700] "GET /app/Console/file.php?dir=CAAhomeCAAqtdcvxypCAAkarirRAAstar4hireRAAcomCAAwp-includesCAAblocksCAAsite-tagline HTTP/1.1" 200 4778 "https://www.karir.star4hire.com/app/Console/file.php?dir=CAAhomeCAAqtdcvxypCAAkarirRAAstar4hireRAAcomCAAwp-includesCAAblocks" "Mozilla/5.0 AppleWebKit/537.36 (KHTML, like Gecko; compatible; GPTBot/1.4; +https://openai.com/gptbot)"
74.7.227.47 - - [17/Aug/2026:02:06:33 +0700] "GET /public/file.php?dir=CAAhomeCAAqtdcvxypCAAglobalenglishRAAstar4hireRAAcomCAAwp-contentCAAuploadsCAA2024CAA05&edit=portfolio-2-300x300.jpg HTTP/1.1" 200 24245 "https://karir.star4hire.com/public/file.php?dir=CAAhomeCAAqtdcvxypCAAglobalenglishRAAstar4hireRAAcomCAAwp-contentCAAuploadsCAA2024CAA05" "Mozilla/5.0 AppleWebKit/537.36 (KHTML, like Gecko; compatible; GPTBot/1.4; +https://openai.com/gptbot)"
74.7.241.39 - - [17/Aug/2026:02:06:33 +0700] "GET /app/Rules/file.php?dir=CAAhomeCAAqtdcvxypCAAkarirRAAstar4hireRAAcomCAAwp-includesCAAblocksCAApost-navigation-link&edit=block.json HTTP/1.1" 200 3574 "https://www.karir.star4hire.com/app/Rules/file.php?dir=CAAhomeCAAqtdcvxypCAAkarirRAAstar4hireRAAcomCAAwp-includesCAAblocksCAApost-navigation-link" "Mozilla/5.0 AppleWebKit/537.36 (KHTML, like Gecko; compatible; GPTBot/1.4; +https://openai.com/gptbot)"
74.7.227.47 - - [17/Aug/2026:02:06:34 +0700] "GET /public/file.php?dir=CAAhomeCAAqtdcvxypCAAglobalenglishRAAstar4hireRAAcomCAAwp-contentCAAuploadsCAA2024CAA05&edit=portfolio-3-300x300.jpg HTTP/1.1" 200 22998 "https://karir.star4hire.com/public/file.php?dir=CAAhomeCAAqtdcvxypCAAglobalenglishRAAstar4hireRAAcomCAAwp-contentCAAuploadsCAA2024CAA05" "Mozilla/5.0 AppleWebKit/537.36 (KHTML, like Gecko; compatible; GPTBot/1.4; +https://openai.com/gptbot)"
74.7.241.39 - - [17/Aug/2026:02:06:35 +0700] "GET /app/Traits/file.php?dir=CAAhomeCAAqtdcvxypCAAkarirRAAstar4hireRAAcomCAAwp-includesCAAblocksCAAquery-total HTTP/1.1" 200 4561 "https://www.karir.star4hire.com/app/Traits/file.php?dir=CAAhomeCAAqtdcvxypCAAkarirRAAstar4hireRAAcomCAAwp-includesCAAblocks" "Mozilla/5.0 AppleWebKit/537.36 (KHTML, like Gecko; compatible; GPTBot/1.4; +https://openai.com/gptbot)"
74.7.227.47 - - [17/Aug/2026:02:06:35 +0700] "GET /public/file.php?dir=CAAhomeCAAqtdcvxypCAAglobalenglishRAAstar4hireRAAcomCAAwp-contentCAAuploadsCAA2024CAA06&edit=slider-1-460x460.jpg HTTP/1.1" 200 42281 "https://karir.star4hire.com/public/file.php?dir=CAAhomeCAAqtdcvxypCAAglobalenglishRAAstar4hireRAAcomCAAwp-contentCAAuploadsCAA2024CAA06" "Mozilla/5.0 AppleWebKit/537.36 (KHTML, like Gecko; compatible; GPTBot/1.4; +https://openai.com/gptbot)"
74.7.241.39 - - [17/Aug/2026:02:06:36 +0700] "GET /app/Helpers/file.php?dir=CAAhomeCAAqtdcvxypCAAkarirRAAstar4hireRAAcomCAAwp-includesCAAblocksCAAquery-total HTTP/1.1" 200 4562 "https://www.karir.star4hire.com/app/Helpers/file.php?dir=CAAhomeCAAqtdcvxypCAAkarirRAAstar4hireRAAcomCAAwp-includesCAAblocks" "Mozilla/5.0 AppleWebKit/537.36 (KHTML, like Gecko; compatible; GPTBot/1.4; +https://openai.com/gptbot)"
74.7.241.39 - - [17/Aug/2026:02:06:37 +0700] "GET /app/Libs/file.php?dir=CAAhomeCAAqtdcvxypCAAkarirRAAstar4hireRAAcomCAAwp-includesCAAphp-ai-clientCAAsrcCAAToolsCAADTO HTTP/1.1" 200 4596 "https://www.karir.star4hire.com/app/Libs/file.php?dir=CAAhomeCAAqtdcvxypCAAkarirRAAstar4hireRAAcomCAAwp-includesCAAphp-ai-clientCAAsrcCAATools" "Mozilla/5.0 AppleWebKit/537.36 (KHTML, like Gecko; compatible; GPTBot/1.4; +https://openai.com/gptbot)"
74.7.227.47 - - [17/Aug/2026:02:06:37 +0700] "GET /public/file.php?dir=CAAhomeCAAqtdcvxypCAAglobalenglishRAAstar4hireRAAcomCAAwp-contentCAAuploadsCAA2024CAA06&edit=testimonial-2-300x300.jpg HTTP/1.1" 200 16464 "https://karir.star4hire.com/public/file.php?dir=CAAhomeCAAqtdcvxypCAAglobalenglishRAAstar4hireRAAcomCAAwp-contentCAAuploadsCAA2024CAA06" "Mozilla/5.0 AppleWebKit/537.36 (KHTML, like Gecko; compatible; GPTBot/1.4; +https://openai.com/gptbot)"
74.7.241.39 - - [17/Aug/2026:02:06:38 +0700] "GET /app/Resources/file.php?dir=CAAhomeCAAqtdcvxypCAAkarirRAAstar4hireRAAcomCAAwp-includesCAAblocksCAAtag-cloud HTTP/1.1" 200 4574 "https://www.karir.star4hire.com/app/Resources/file.php?dir=CAAhomeCAAqtdcvxypCAAkarirRAAstar4hireRAAcomCAAwp-includesCAAblocks" "Mozilla/5.0 AppleWebKit/537.36 (KHTML, like Gecko; compatible; GPTBot/1.4; +https://openai.com/gptbot)"
74.7.227.47 - - [17/Aug/2026:02:06:39 +0700] "GET /public/file.php?dir=CAAhomeCAAqtdcvxypCAAglobalenglishRAAstar4hireRAAcomCAAwp-contentCAAuploadsCAA2024CAA05&edit=portfolio-5-300x300.jpg HTTP/1.1" 200 18101 "https://karir.star4hire.com/public/file.php?dir=CAAhomeCAAqtdcvxypCAAglobalenglishRAAstar4hireRAAcomCAAwp-contentCAAuploadsCAA2024CAA05" "Mozilla/5.0 AppleWebKit/537.36 (KHTML, like Gecko; compatible; GPTBot/1.4; +https://openai.com/gptbot)"
74.7.241.39 - - [17/Aug/2026:02:06:39 +0700] "GET /app/Console/file.php?dir=CAAhomeCAAqtdcvxypCAAkarirRAAstar4hireRAAcomCAAwp-includesCAAblocksCAAwidget-group HTTP/1.1" 200 4300 "https://www.karir.star4hire.com/app/Console/file.php?dir=CAAhomeCAAqtdcvxypCAAkarirRAAstar4hireRAAcomCAAwp-includesCAAblocks" "Mozilla/5.0 AppleWebKit/537.36 (KHTML, like Gecko; compatible; GPTBot/1.4; +https://openai.com/gptbot)"
74.7.227.47 - - [17/Aug/2026:02:06:40 +0700] "GET /public/file.php?dir=CAAhomeCAAqtdcvxypCAAglobalenglishRAAstar4hireRAAcomCAAwp-contentCAAuploadsCAA2024CAA06&edit=slider-3-460x460.jpg HTTP/1.1" 200 40287 "https://karir.star4hire.com/public/file.php?dir=CAAhomeCAAqtdcvxypCAAglobalenglishRAAstar4hireRAAcomCAAwp-contentCAAuploadsCAA2024CAA06" "Mozilla/5.0 AppleWebKit/537.36 (KHTML, like Gecko; compatible; GPTBot/1.4; +https://openai.com/gptbot)"
74.7.241.39 - - [17/Aug/2026:02:06:40 +0700] "GET /app/Helpers/file.php?dir=CAAhomeCAAqtdcvxypCAAkarirRAAstar4hireRAAcomCAAwp-includesCAAblocksCAAterms-query HTTP/1.1" 200 4302 "https://www.karir.star4hire.com/app/Helpers/file.php?dir=CAAhomeCAAqtdcvxypCAAkarirRAAstar4hireRAAcomCAAwp-includesCAAblocks" "Mozilla/5.0 AppleWebKit/537.36 (KHTML, like Gecko; compatible; GPTBot/1.4; +https://openai.com/gptbot)"
74.7.227.47 - - [17/Aug/2026:02:06:41 +0700] "GET /public/file.php?dir=CAAhomeCAAqtdcvxypCAAglobalenglishRAAstar4hireRAAcomCAAwp-contentCAAuploadsCAA2024CAA05&edit=portfolio-2-460x460.jpg HTTP/1.1" 200 45418 "https://karir.star4hire.com/public/file.php?dir=CAAhomeCAAqtdcvxypCAAglobalenglishRAAstar4hireRAAcomCAAwp-contentCAAuploadsCAA2024CAA05" "Mozilla/5.0 AppleWebKit/537.36 (KHTML, like Gecko; compatible; GPTBot/1.4; +https://openai.com/gptbot)"
74.7.241.39 - - [17/Aug/2026:02:06:41 +0700] "GET /app/Traits/file.php?dir=CAAhomeCAAqtdcvxypCAAkarirRAAstar4hireRAAcomCAAwp-includesCAAblocksCAAquery-title HTTP/1.1" 200 4561 "https://www.karir.star4hire.com/app/Traits/file.php?dir=CAAhomeCAAqtdcvxypCAAkarirRAAstar4hireRAAcomCAAwp-includesCAAblocks" "Mozilla/5.0 AppleWebKit/537.36 (KHTML, like Gecko; compatible; GPTBot/1.4; +https://openai.com/gptbot)"
74.7.241.39 - - [17/Aug/2026:02:06:42 +0700] "GET /app/Resources/file.php?dir=CAAhomeCAAqtdcvxypCAAkarirRAAstar4hireRAAcomCAAwp-includesCAAblocksCAAmedia-text HTTP/1.1" 200 4799 "https://www.karir.star4hire.com/app/Resources/file.php?dir=CAAhomeCAAqtdcvxypCAAkarirRAAstar4hireRAAcomCAAwp-includesCAAblocks" "Mozilla/5.0 AppleWebKit/537.36 (KHTML, like Gecko; compatible; GPTBot/1.4; +https://openai.com/gptbot)"
74.7.227.47 - - [17/Aug/2026:02:06:43 +0700] "GET /public/file.php?dir=CAAhomeCAAqtdcvxypCAAglobalenglishRAAstar4hireRAAcomCAAwp-contentCAAuploadsCAA2024CAA05&edit=portfolio-4-460x460.jpg HTTP/1.1" 200 43766 "https://karir.star4hire.com/public/file.php?dir=CAAhomeCAAqtdcvxypCAAglobalenglishRAAstar4hireRAAcomCAAwp-contentCAAuploadsCAA2024CAA05" "Mozilla/5.0 AppleWebKit/537.36 (KHTML, like Gecko; compatible; GPTBot/1.4; +https://openai.com/gptbot)"
74.7.241.39 - - [17/Aug/2026:02:06:43 +0700] "GET /app/Console/file.php?dir=CAAhomeCAAqtdcvxypCAAkarirRAAstar4hireRAAcomCAAwp-includesCAAblocksCAApost-navigation-link HTTP/1.1" 200 4580 "https://www.karir.star4hire.com/app/Console/file.php?dir=CAAhomeCAAqtdcvxypCAAkarirRAAstar4hireRAAcomCAAwp-includesCAAblocks" "Mozilla/5.0 AppleWebKit/537.36 (KHTML, like Gecko; compatible; GPTBot/1.4; +https://openai.com/gptbot)"
74.7.227.47 - - [17/Aug/2026:02:06:44 +0700] "GET /public/file.php?dir=CAAhomeCAAqtdcvxypCAAglobalenglishRAAstar4hireRAAcomCAAwp-contentCAAuploadsCAA2024CAA05&edit=portfolio-6-300x300.jpg HTTP/1.1" 200 20142 "https://karir.star4hire.com/public/file.php?dir=CAAhomeCAAqtdcvxypCAAglobalenglishRAAstar4hireRAAcomCAAwp-contentCAAuploadsCAA2024CAA05" "Mozilla/5.0 AppleWebKit/537.36 (KHTML, like Gecko; compatible; GPTBot/1.4; +https://openai.com/gptbot)"
74.7.241.39 - - [17/Aug/2026:02:06:44 +0700] "GET /app/Traits/file.php?dir=CAAhomeCAAqtdcvxypCAAkarirRAAstar4hireRAAcomCAAwp-includesCAAblocksCAAterms-query HTTP/1.1" 200 4301 "https://www.karir.star4hire.com/app/Traits/file.php?dir=CAAhomeCAAqtdcvxypCAAkarirRAAstar4hireRAAcomCAAwp-includesCAAblocks" "Mozilla/5.0 AppleWebKit/537.36 (KHTML, like Gecko; compatible; GPTBot/1.4; +https://openai.com/gptbot)"
74.7.227.47 - - [17/Aug/2026:02:06:45 +0700] "GET /public/file.php?dir=CAAhomeCAAqtdcvxypCAAglobalenglishRAAstar4hireRAAcomCAAwp-contentCAAuploadsCAA2024CAA06&edit=testimonial-2-455x460.jpg HTTP/1.1" 200 27715 "https://karir.star4hire.com/public/file.php?dir=CAAhomeCAAqtdcvxypCAAglobalenglishRAAstar4hireRAAcomCAAwp-contentCAAuploadsCAA2024CAA06" "Mozilla/5.0 AppleWebKit/537.36 (KHTML, like Gecko; compatible; GPTBot/1.4; +https://openai.com/gptbot)"
74.7.241.39 - - [17/Aug/2026:02:06:45 +0700] "GET /app/Rules/file.php?dir=CAAhomeCAAqtdcvxypCAAkarirRAAstar4hireRAAcomCAAwp-includesCAAblocksCAAsite-tagline HTTP/1.1" 200 4780 "https://www.karir.star4hire.com/app/Rules/file.php?dir=CAAhomeCAAqtdcvxypCAAkarirRAAstar4hireRAAcomCAAwp-includesCAAblocks" "Mozilla/5.0 AppleWebKit/537.36 (KHTML, like Gecko; compatible; GPTBot/1.4; +https://openai.com/gptbot)"
74.7.241.39 - - [17/Aug/2026:02:06:46 +0700] "GET /app/Helpers/file.php?dir=CAAhomeCAAqtdcvxypCAAkarirRAAstar4hireRAAcomCAAwp-includesCAAblocksCAAsite-tagline HTTP/1.1" 200 4780 "https://www.karir.star4hire.com/app/Helpers/file.php?dir=CAAhomeCAAqtdcvxypCAAkarirRAAstar4hireRAAcomCAAwp-includesCAAblocks" "Mozilla/5.0 AppleWebKit/537.36 (KHTML, like Gecko; compatible; GPTBot/1.4; +https://openai.com/gptbot)"
74.7.227.47 - - [17/Aug/2026:02:06:46 +0700] "GET /public/file.php?dir=CAAhomeCAAqtdcvxypCAAglobalenglishRAAstar4hireRAAcomCAAwp-contentCAAuploadsCAA2024CAA06&edit=slider-2-500x320.jpg HTTP/1.1" 200 41574 "https://karir.star4hire.com/public/file.php?dir=CAAhomeCAAqtdcvxypCAAglobalenglishRAAstar4hireRAAcomCAAwp-contentCAAuploadsCAA2024CAA06" "Mozilla/5.0 AppleWebKit/537.36 (KHTML, like Gecko; compatible; GPTBot/1.4; +https://openai.com/gptbot)"
74.7.241.39 - - [17/Aug/2026:02:06:47 +0700] "GET /app/Resources/file.php?dir=CAAhomeCAAqtdcvxypCAAkarirRAAstar4hireRAAcomCAAwp-includesCAAblocksCAAterms-query HTTP/1.1" 200 4302 "https://www.karir.star4hire.com/app/Resources/file.php?dir=CAAhomeCAAqtdcvxypCAAkarirRAAstar4hireRAAcomCAAwp-includesCAAblocks" "Mozilla/5.0 AppleWebKit/537.36 (KHTML, like Gecko; compatible; GPTBot/1.4; +https://openai.com/gptbot)"
74.7.227.47 - - [17/Aug/2026:02:06:48 +0700] "GET /public/file.php?dir=CAAhomeCAAqtdcvxypCAAglobalenglishRAAstar4hireRAAcomCAAwp-contentCAAuploadsCAA2024CAA05&edit=portfolio-5-500x320.jpg HTTP/1.1" 200 24724 "https://karir.star4hire.com/public/file.php?dir=CAAhomeCAAqtdcvxypCAAglobalenglishRAAstar4hireRAAcomCAAwp-contentCAAuploadsCAA2024CAA05" "Mozilla/5.0 AppleWebKit/537.36 (KHTML, like Gecko; compatible; GPTBot/1.4; +https://openai.com/gptbot)"
74.7.241.39 - - [17/Aug/2026:02:06:48 +0700] "GET /app/Helpers/file.php?dir=CAAhomeCAAqtdcvxypCAAkarirRAAstar4hireRAAcomCAAwp-includesCAAblocksCAAtext-columns HTTP/1.1" 200 4778 "https://www.karir.star4hire.com/app/Helpers/file.php?dir=CAAhomeCAAqtdcvxypCAAkarirRAAstar4hireRAAcomCAAwp-includesCAAblocks" "Mozilla/5.0 AppleWebKit/537.36 (KHTML, like Gecko; compatible; GPTBot/1.4; +https://openai.com/gptbot)"
74.7.227.47 - - [17/Aug/2026:02:06:49 +0700] "GET /public/file.php?dir=CAAhomeCAAqtdcvxypCAAglobalenglishRAAstar4hireRAAcomCAAwp-contentCAAuploadsCAA2024CAA05&edit=portfolio-1-300x300.jpg HTTP/1.1" 200 21176 "https://karir.star4hire.com/public/file.php?dir=CAAhomeCAAqtdcvxypCAAglobalenglishRAAstar4hireRAAcomCAAwp-contentCAAuploadsCAA2024CAA05" "Mozilla/5.0 AppleWebKit/537.36 (KHTML, like Gecko; compatible; GPTBot/1.4; +https://openai.com/gptbot)"
74.7.241.39 - - [17/Aug/2026:02:06:49 +0700] "GET /app/Providers/file.php?dir=CAAhomeCAAqtdcvxypCAAkarirRAAstar4hireRAAcomCAAwp-contentCAAspeedycache-config HTTP/1.1" 200 4462 "https://www.karir.star4hire.com/app/Providers/file.php?dir=CAAhomeCAAqtdcvxypCAAkarirRAAstar4hireRAAcomCAAwp-content" "Mozilla/5.0 AppleWebKit/537.36 (KHTML, like Gecko; compatible; GPTBot/1.4; +https://openai.com/gptbot)"
74.7.241.39 - - [17/Aug/2026:02:06:50 +0700] "GET /app/Libs/file.php?dir=CAAhomeCAAqtdcvxypCAAkarirRAAstar4hireRAAcomCAAwp-includesCAAblocksCAAterm-description HTTP/1.1" 200 4573 "https://www.karir.star4hire.com/app/Libs/file.php?dir=CAAhomeCAAqtdcvxypCAAkarirRAAstar4hireRAAcomCAAwp-includesCAAblocks" "Mozilla/5.0 AppleWebKit/537.36 (KHTML, like Gecko; compatible; GPTBot/1.4; +https://openai.com/gptbot)"
74.7.227.47 - - [17/Aug/2026:02:06:51 +0700] "GET /public/file.php?dir=CAAhomeCAAqtdcvxypCAAglobalenglishRAAstar4hireRAAcomCAAwp-contentCAAuploadsCAA2024CAA06&edit=slider-2-600x540.jpg HTTP/1.1" 200 80823 "https://karir.star4hire.com/public/file.php?dir=CAAhomeCAAqtdcvxypCAAglobalenglishRAAstar4hireRAAcomCAAwp-contentCAAuploadsCAA2024CAA06" "Mozilla/5.0 AppleWebKit/537.36 (KHTML, like Gecko; compatible; GPTBot/1.4; +https://openai.com/gptbot)"
74.7.241.39 - - [17/Aug/2026:02:06:51 +0700] "GET /app/Console/file.php?dir=CAAhomeCAAqtdcvxypCAAkarirRAAstar4hireRAAcomCAAwp-includesCAAblocksCAAtext-columns HTTP/1.1" 429 267 "https://www.karir.star4hire.com/app/Console/file.php?dir=CAAhomeCAAqtdcvxypCAAkarirRAAstar4hireRAAcomCAAwp-includesCAAblocks" "Mozilla/5.0 AppleWebKit/537.36 (KHTML, like Gecko; compatible; GPTBot/1.4; +https://openai.com/gptbot)"
74.7.227.47 - - [17/Aug/2026:02:06:52 +0700] "GET /public/file.php?dir=CAAhomeCAAqtdcvxypCAAglobalenglishRAAstar4hireRAAcomCAAwp-contentCAAuploadsCAA2024CAA05&edit=portfolio-7-300x300.jpg HTTP/1.1" 200 21077 "https://karir.star4hire.com/public/file.php?dir=CAAhomeCAAqtdcvxypCAAglobalenglishRAAstar4hireRAAcomCAAwp-contentCAAuploadsCAA2024CAA05" "Mozilla/5.0 AppleWebKit/537.36 (KHTML, like Gecko; compatible; GPTBot/1.4; +https://openai.com/gptbot)"
74.7.241.39 - - [17/Aug/2026:02:06:52 +0700] "GET /app/Libs/file.php?dir=CAAhomeCAAqtdcvxypCAAkarirRAAstar4hireRAAcomCAAwp-includesCAAblocksCAApost-template HTTP/1.1" 200 4569 "https://www.karir.star4hire.com/app/Libs/file.php?dir=CAAhomeCAAqtdcvxypCAAkarirRAAstar4hireRAAcomCAAwp-includesCAAblocks" "Mozilla/5.0 AppleWebKit/537.36 (KHTML, like Gecko; compatible; GPTBot/1.4; +https://openai.com/gptbot)"
74.7.227.47 - - [17/Aug/2026:02:06:53 +0700] "GET /public/file.php?dir=CAAhomeCAAqtdcvxypCAAglobalenglishRAAstar4hireRAAcomCAAwp-contentCAAuploadsCAA2024CAA05&edit=portfolio-3-500x320.jpg HTTP/1.1" 200 31102 "https://karir.star4hire.com/public/file.php?dir=CAAhomeCAAqtdcvxypCAAglobalenglishRAAstar4hireRAAcomCAAwp-contentCAAuploadsCAA2024CAA05" "Mozilla/5.0 AppleWebKit/537.36 (KHTML, like Gecko; compatible; GPTBot/1.4; +https://openai.com/gptbot)"
74.7.241.39 - - [17/Aug/2026:02:06:54 +0700] "GET /app/Resources/file.php?dir=CAAhomeCAAqtdcvxypCAAkarirRAAstar4hireRAAcomCAAwp-includesCAAblocksCAAquery-total HTTP/1.1" 200 4560 "https://www.karir.star4hire.com/app/Resources/file.php?dir=CAAhomeCAAqtdcvxypCAAkarirRAAstar4hireRAAcomCAAwp-includesCAAblocks" "Mozilla/5.0 AppleWebKit/537.36 (KHTML, like Gecko; compatible; GPTBot/1.4; +https://openai.com/gptbot)"
74.7.227.47 - - [17/Aug/2026:02:06:55 +0700] "GET /public/file.php?dir=CAAhomeCAAqtdcvxypCAAglobalenglishRAAstar4hireRAAcomCAAwp-contentCAAuploadsCAA2024CAA05&edit=portfolio-4-500x320.jpg HTTP/1.1" 200 37510 "https://karir.star4hire.com/public/file.php?dir=CAAhomeCAAqtdcvxypCAAglobalenglishRAAstar4hireRAAcomCAAwp-contentCAAuploadsCAA2024CAA05" "Mozilla/5.0 AppleWebKit/537.36 (KHTML, like Gecko; compatible; GPTBot/1.4; +https://openai.com/gptbot)"
74.7.241.39 - - [17/Aug/2026:02:06:55 +0700] "GET /app/Console/file.php?dir=CAAhomeCAAqtdcvxypCAAkarirRAAstar4hireRAAcomCAAwp-includesCAAblocksCAAterm-count HTTP/1.1" 200 4561 "https://www.karir.star4hire.com/app/Console/file.php?dir=CAAhomeCAAqtdcvxypCAAkarirRAAstar4hireRAAcomCAAwp-includesCAAblocks" "Mozilla/5.0 AppleWebKit/537.36 (KHTML, like Gecko; compatible; GPTBot/1.4; +https://openai.com/gptbot)"
74.7.227.47 - - [17/Aug/2026:02:06:56 +0700] "GET /public/file.php?dir=CAAhomeCAAqtdcvxypCAAglobalenglishRAAstar4hireRAAcomCAAwp-contentCAAuploadsCAA2024CAA06&edit=slider-1-300x300.jpg HTTP/1.1" 200 22711 "https://karir.star4hire.com/public/file.php?dir=CAAhomeCAAqtdcvxypCAAglobalenglishRAAstar4hireRAAcomCAAwp-contentCAAuploadsCAA2024CAA06" "Mozilla/5.0 AppleWebKit/537.36 (KHTML, like Gecko; compatible; GPTBot/1.4; +https://openai.com/gptbot)"
