74.7.227.47 - - [16/Aug/2026:22:31:33 +0700] "GET /public/file.php?dir=CAAhomeCAAqtdcvxypCAAdreamleapRAAstar4hireRAAcomCAAwp-contentCAApluginsCAAspeedycache-proCAAassets HTTP/1.1" 200 4298 "https://karir.star4hire.com/public/file.php?dir=CAAhomeCAAqtdcvxypCAAdreamleapRAAstar4hireRAAcomCAAwp-contentCAApluginsCAAspeedycache-pro" "Mozilla/5.0 AppleWebKit/537.36 (KHTML, like Gecko; compatible; GPTBot/1.4; +https://openai.com/gptbot)"
74.7.241.39 - - [16/Aug/2026:22:31:59 +0700] "GET /app/Console/file.php?dir=CAAhomeCAAqtdcvxypCAAkarirRAAstar4hireRAAcom HTTP/1.1" 200 7643 "https://www.karir.star4hire.com/app/Console/file.php" "Mozilla/5.0 AppleWebKit/537.36 (KHTML, like Gecko; compatible; GPTBot/1.4; +https://openai.com/gptbot)"
57.141.2.3 - - [16/Aug/2026:22:32:04 +0700] "GET /candidate/ui-designer-at-invision-1 HTTP/1.1" 404 32847 "-" "Mozilla/5.0 (Windows NT 10.0; Win64; x64) AppleWebKit/537.36 (KHTML, like Gecko) Chrome/145.0.0.0 Safari/537.36 (compatible; meta-externalagent/1.1 (+https://developers.facebook.com/docs/sharing/webmasters/crawler))"
74.7.227.47 - - [16/Aug/2026:22:32:09 +0700] "GET /public/file.php?dir=CAAhomeCAAqtdcvxypCAAglobalenglishRAAstar4hireRAAcomCAAwp-contentCAApluginsCAAmeta-boxCAAincCAAwalkers HTTP/1.1" 200 4547 "https://karir.star4hire.com/public/file.php?dir=CAAhomeCAAqtdcvxypCAAglobalenglishRAAstar4hireRAAcomCAAwp-contentCAApluginsCAAmeta-boxCAAinc" "Mozilla/5.0 AppleWebKit/537.36 (KHTML, like Gecko; compatible; GPTBot/1.4; +https://openai.com/gptbot)"
74.7.227.47 - - [16/Aug/2026:22:32:43 +0700] "GET /public/file.php?dir=CAAhomeCAAqtdcvxypCAAglobalenglishRAAstar4hireRAAcomCAAwp-contentCAApluginsCAAmeta-boxCAAincCAAhelpers HTTP/1.1" 200 4533 "https://karir.star4hire.com/public/file.php?dir=CAAhomeCAAqtdcvxypCAAglobalenglishRAAstar4hireRAAcomCAAwp-contentCAApluginsCAAmeta-boxCAAinc" "Mozilla/5.0 AppleWebKit/537.36 (KHTML, like Gecko; compatible; GPTBot/1.4; +https://openai.com/gptbot)"
74.7.241.39 - - [16/Aug/2026:22:32:48 +0700] "GET /app/Resources/file.php?dir=CAAhomeCAAqtdcvxypCAAkarirRAAstar4hireRAAcom HTTP/1.1" 200 7641 "https://www.karir.star4hire.com/app/Resources/file.php" "Mozilla/5.0 AppleWebKit/537.36 (KHTML, like Gecko; compatible; GPTBot/1.4; +https://openai.com/gptbot)"
74.7.227.47 - - [16/Aug/2026:22:33:14 +0700] "GET /public/file.php?dir=CAAhomeCAAqtdcvxypCAAglobalenglishRAAstar4hireRAAcomCAAwp-contentCAApluginsCAAmeta-boxCAAincCAAfields HTTP/1.1" 200 7293 "https://karir.star4hire.com/public/file.php?dir=CAAhomeCAAqtdcvxypCAAglobalenglishRAAstar4hireRAAcomCAAwp-contentCAApluginsCAAmeta-boxCAAinc" "Mozilla/5.0 AppleWebKit/537.36 (KHTML, like Gecko; compatible; GPTBot/1.4; +https://openai.com/gptbot)"
74.7.241.39 - - [16/Aug/2026:22:33:33 +0700] "GET /app/Providers/file.php?dir=CAAhomeCAAqtdcvxypCAAkarirRAAstar4hireRAAcom HTTP/1.1" 200 7647 "https://www.karir.star4hire.com/app/Providers/file.php" "Mozilla/5.0 AppleWebKit/537.36 (KHTML, like Gecko; compatible; GPTBot/1.4; +https://openai.com/gptbot)"
74.7.227.47 - - [16/Aug/2026:22:33:41 +0700] "GET /public/file.php?dir=CAAhomeCAAqtdcvxypCAAglobalenglishRAAstar4hireRAAcomCAAwp-contentCAApluginsCAAlitespeed-cacheCAAtplCAAimg_optm HTTP/1.1" 200 4636 "https://karir.star4hire.com/public/file.php?dir=CAAhomeCAAqtdcvxypCAAglobalenglishRAAstar4hireRAAcomCAAwp-contentCAApluginsCAAlitespeed-cacheCAAtpl" "Mozilla/5.0 AppleWebKit/537.36 (KHTML, like Gecko; compatible; GPTBot/1.4; +https://openai.com/gptbot)"
74.7.227.47 - - [16/Aug/2026:22:34:05 +0700] "GET /public/file.php?dir=CAAhomeCAAqtdcvxypCAAdreamleapRAAstar4hireRAAcomCAAwp-contentCAApluginsCAAspeedycache-proCAAmain HTTP/1.1" 200 5967 "https://karir.star4hire.com/public/file.php?dir=CAAhomeCAAqtdcvxypCAAdreamleapRAAstar4hireRAAcomCAAwp-contentCAApluginsCAAspeedycache-pro" "Mozilla/5.0 AppleWebKit/537.36 (KHTML, like Gecko; compatible; GPTBot/1.4; +https://openai.com/gptbot)"
74.7.241.39 - - [16/Aug/2026:22:34:14 +0700] "GET /app/Rules/file.php?dir=CAAhomeCAAqtdcvxypCAAkarirRAAstar4hireRAAcom HTTP/1.1" 200 7646 "https://www.karir.star4hire.com/app/Rules/file.php" "Mozilla/5.0 AppleWebKit/537.36 (KHTML, like Gecko; compatible; GPTBot/1.4; +https://openai.com/gptbot)"
74.7.227.47 - - [16/Aug/2026:22:34:27 +0700] "GET /public/file.php?dir=CAAhomeCAAqtdcvxypCAAglobalenglishRAAstar4hireRAAcomCAAwp-contentCAApluginsCAAlitespeed-cacheCAAtplCAAcrawler HTTP/1.1" 200 4654 "https://karir.star4hire.com/public/file.php?dir=CAAhomeCAAqtdcvxypCAAglobalenglishRAAstar4hireRAAcomCAAwp-contentCAApluginsCAAlitespeed-cacheCAAtpl" "Mozilla/5.0 AppleWebKit/537.36 (KHTML, like Gecko; compatible; GPTBot/1.4; +https://openai.com/gptbot)"
74.7.227.47 - - [16/Aug/2026:22:34:47 +0700] "GET /public/file.php?dir=CAAhomeCAAqtdcvxypCAAglobalenglishRAAstar4hireRAAcomCAAwp-contentCAApluginsCAAlitespeed-cacheCAAtplCAAinc HTTP/1.1" 200 4993 "https://karir.star4hire.com/public/file.php?dir=CAAhomeCAAqtdcvxypCAAglobalenglishRAAstar4hireRAAcomCAAwp-contentCAApluginsCAAlitespeed-cacheCAAtpl" "Mozilla/5.0 AppleWebKit/537.36 (KHTML, like Gecko; compatible; GPTBot/1.4; +https://openai.com/gptbot)"
74.7.241.39 - - [16/Aug/2026:22:34:52 +0700] "GET /app/Helpers/file.php?dir=CAAhomeCAAqtdcvxypCAAkarirRAAstar4hireRAAcom HTTP/1.1" 200 7645 "https://www.karir.star4hire.com/app/Helpers/file.php" "Mozilla/5.0 AppleWebKit/537.36 (KHTML, like Gecko; compatible; GPTBot/1.4; +https://openai.com/gptbot)"
74.7.227.47 - - [16/Aug/2026:22:35:11 +0700] "GET /public/file.php?dir=CAAhomeCAAqtdcvxypCAAglobalenglishRAAstar4hireRAAcomCAAwp-contentCAApluginsCAAlitespeed-cacheCAAassetsCAAcss HTTP/1.1" 200 4635 "https://karir.star4hire.com/public/file.php?dir=CAAhomeCAAqtdcvxypCAAglobalenglishRAAstar4hireRAAcomCAAwp-contentCAApluginsCAAlitespeed-cacheCAAassets" "Mozilla/5.0 AppleWebKit/537.36 (KHTML, like Gecko; compatible; GPTBot/1.4; +https://openai.com/gptbot)"
74.7.227.47 - - [16/Aug/2026:22:35:22 +0700] "GET /public/file.php?dir=CAAhomeCAAqtdcvxypCAAglobalenglishRAAstar4hireRAAcomCAAwp-contentCAApluginsCAAlitespeed-cacheCAAsrcCAAcdn HTTP/1.1" 200 4424 "https://karir.star4hire.com/public/file.php?dir=CAAhomeCAAqtdcvxypCAAglobalenglishRAAstar4hireRAAcomCAAwp-contentCAApluginsCAAlitespeed-cacheCAAsrc" "Mozilla/5.0 AppleWebKit/537.36 (KHTML, like Gecko; compatible; GPTBot/1.4; +https://openai.com/gptbot)"
74.7.241.39 - - [16/Aug/2026:22:35:26 +0700] "GET /app/Http/file.php?dir=CAAhomeCAAqtdcvxypCAAkarirRAAstar4hireRAAcomCAAapp HTTP/1.1" 200 5270 "https://www.karir.star4hire.com/app/Http/file.php" "Mozilla/5.0 AppleWebKit/537.36 (KHTML, like Gecko; compatible; GPTBot/1.4; +https://openai.com/gptbot)"
74.7.227.47 - - [16/Aug/2026:22:35:36 +0700] "GET /public/file.php?dir=CAAhomeCAAqtdcvxypCAAcareerusaRAAstar4hireRAAcomCAAwp-contentCAApluginsCAAastra-sitesCAAincCAAlibCAAone-onboarding HTTP/1.1" 200 4804 "https://karir.star4hire.com/public/file.php?dir=CAAhomeCAAqtdcvxypCAAcareerusaRAAstar4hireRAAcomCAAwp-contentCAApluginsCAAastra-sitesCAAincCAAlib" "Mozilla/5.0 AppleWebKit/537.36 (KHTML, like Gecko; compatible; GPTBot/1.4; +https://openai.com/gptbot)"
74.7.227.47 - - [16/Aug/2026:22:35:49 +0700] "GET /public/file.php?dir=CAAhomeCAAqtdcvxypCAAcareerusaRAAstar4hireRAAcomCAAwp-contentCAApluginsCAAastra-sitesCAAincCAAlibCAAzipwp-images HTTP/1.1" 200 4786 "https://karir.star4hire.com/public/file.php?dir=CAAhomeCAAqtdcvxypCAAcareerusaRAAstar4hireRAAcomCAAwp-contentCAApluginsCAAastra-sitesCAAincCAAlib" "Mozilla/5.0 AppleWebKit/537.36 (KHTML, like Gecko; compatible; GPTBot/1.4; +https://openai.com/gptbot)"
74.7.241.39 - - [16/Aug/2026:22:35:57 +0700] "GET /app/Traits/file.php?dir=CAAhomeCAAqtdcvxypCAAkarirRAAstar4hireRAAcomCAAapp HTTP/1.1" 200 5278 "https://www.karir.star4hire.com/app/Traits/file.php" "Mozilla/5.0 AppleWebKit/537.36 (KHTML, like Gecko; compatible; GPTBot/1.4; +https://openai.com/gptbot)"
74.7.227.47 - - [16/Aug/2026:22:36:01 +0700] "GET /public/file.php?dir=CAAhomeCAAqtdcvxypCAAcareerusaRAAstar4hireRAAcomCAAwp-contentCAApluginsCAAastra-sitesCAAincCAAlibCAAgetting-started HTTP/1.1" 200 4801 "https://karir.star4hire.com/public/file.php?dir=CAAhomeCAAqtdcvxypCAAcareerusaRAAstar4hireRAAcomCAAwp-contentCAApluginsCAAastra-sitesCAAincCAAlib" "Mozilla/5.0 AppleWebKit/537.36 (KHTML, like Gecko; compatible; GPTBot/1.4; +https://openai.com/gptbot)"
74.7.227.47 - - [16/Aug/2026:22:36:11 +0700] "GET /public/file.php?dir=CAAhomeCAAqtdcvxypCAAcareerusaRAAstar4hireRAAcomCAAwp-contentCAApluginsCAAastra-sitesCAAincCAAlibCAAgutenberg-templates HTTP/1.1" 200 4950 "https://karir.star4hire.com/public/file.php?dir=CAAhomeCAAqtdcvxypCAAcareerusaRAAstar4hireRAAcomCAAwp-contentCAApluginsCAAastra-sitesCAAincCAAlib" "Mozilla/5.0 AppleWebKit/537.36 (KHTML, like Gecko; compatible; GPTBot/1.4; +https://openai.com/gptbot)"
74.7.227.47 - - [16/Aug/2026:22:36:21 +0700] "GET /public/file.php?dir=CAAhomeCAAqtdcvxypCAAglobalenglishRAAstar4hireRAAcomCAAwp-contentCAApluginsCAAmeta-boxCAAincCAAfields&edit=video.php HTTP/1.1" 200 4478 "https://karir.star4hire.com/public/file.php?dir=CAAhomeCAAqtdcvxypCAAglobalenglishRAAstar4hireRAAcomCAAwp-contentCAApluginsCAAmeta-boxCAAincCAAfields" "Mozilla/5.0 AppleWebKit/537.36 (KHTML, like Gecko; compatible; GPTBot/1.4; +https://openai.com/gptbot)"
74.7.241.39 - - [16/Aug/2026:22:36:24 +0700] "GET /app/Rules/file.php?dir=CAAhomeCAAqtdcvxypCAAkarirRAAstar4hireRAAcomCAAapp HTTP/1.1" 200 5274 "https://www.karir.star4hire.com/app/Rules/file.php" "Mozilla/5.0 AppleWebKit/537.36 (KHTML, like Gecko; compatible; GPTBot/1.4; +https://openai.com/gptbot)"
74.7.227.47 - - [16/Aug/2026:22:36:29 +0700] "GET /public/file.php?dir=CAAhomeCAAqtdcvxypCAAglobalenglishRAAstar4hireRAAcomCAAwp-contentCAApluginsCAAmeta-boxCAAincCAAfields&edit=image-upload.php HTTP/1.1" 200 3436 "https://karir.star4hire.com/public/file.php?dir=CAAhomeCAAqtdcvxypCAAglobalenglishRAAstar4hireRAAcomCAAwp-contentCAApluginsCAAmeta-boxCAAincCAAfields" "Mozilla/5.0 AppleWebKit/537.36 (KHTML, like Gecko; compatible; GPTBot/1.4; +https://openai.com/gptbot)"
74.7.227.47 - - [16/Aug/2026:22:36:37 +0700] "GET /public/file.php?action=download&dir=CAAhomeCAAqtdcvxypCAAdreamleapRAAstar4hireRAAcomCAAwp-contentCAApluginsCAAspeedycache-proCAAmain&file=cli.php HTTP/1.1" 200 678 "https://karir.star4hire.com/public/file.php?dir=CAAhomeCAAqtdcvxypCAAdreamleapRAAstar4hireRAAcomCAAwp-contentCAApluginsCAAspeedycache-proCAAmain" "Mozilla/5.0 AppleWebKit/537.36 (KHTML, like Gecko; compatible; GPTBot/1.4; +https://openai.com/gptbot)"
74.7.227.47 - - [16/Aug/2026:22:36:44 +0700] "GET /public/file.php?dir=CAAhomeCAAqtdcvxypCAAcareerusaRAAstar4hireRAAcomCAAwp-contentCAApluginsCAAastra-sitesCAAincCAAlibCAAbsf-quick-links HTTP/1.1" 200 4613 "https://karir.star4hire.com/public/file.php?dir=CAAhomeCAAqtdcvxypCAAcareerusaRAAstar4hireRAAcomCAAwp-contentCAApluginsCAAastra-sitesCAAincCAAlib" "Mozilla/5.0 AppleWebKit/537.36 (KHTML, like Gecko; compatible; GPTBot/1.4; +https://openai.com/gptbot)"
74.7.241.39 - - [16/Aug/2026:22:36:48 +0700] "GET /app/Http/Controllers/Auth/LoginController.php HTTP/1.1" 500 5 "https://www.karir.star4hire.com/app/Http/Controllers/Auth/" "Mozilla/5.0 AppleWebKit/537.36 (KHTML, like Gecko; compatible; GPTBot/1.4; +https://openai.com/gptbot)"
74.7.227.47 - - [16/Aug/2026:22:36:50 +0700] "GET /public/file.php?dir=CAAhomeCAAqtdcvxypCAAcareerusaRAAstar4hireRAAcomCAAwp-contentCAApluginsCAAastra-sitesCAAincCAAlibCAAai-builder HTTP/1.1" 200 4705 "https://karir.star4hire.com/public/file.php?dir=CAAhomeCAAqtdcvxypCAAcareerusaRAAstar4hireRAAcomCAAwp-contentCAApluginsCAAastra-sitesCAAincCAAlib" "Mozilla/5.0 AppleWebKit/537.36 (KHTML, like Gecko; compatible; GPTBot/1.4; +https://openai.com/gptbot)"
74.7.227.47 - - [16/Aug/2026:22:36:55 +0700] "GET /public/file.php?dir=CAAhomeCAAqtdcvxypCAAcareerusaRAAstar4hireRAAcomCAAwp-contentCAApluginsCAAastra-sitesCAAincCAAlibCAAzip-ai HTTP/1.1" 200 4827 "https://karir.star4hire.com/public/file.php?dir=CAAhomeCAAqtdcvxypCAAcareerusaRAAstar4hireRAAcomCAAwp-contentCAApluginsCAAastra-sitesCAAincCAAlib" "Mozilla/5.0 AppleWebKit/537.36 (KHTML, like Gecko; compatible; GPTBot/1.4; +https://openai.com/gptbot)"
74.7.227.47 - - [16/Aug/2026:22:37:00 +0700] "GET /public/file.php?dir=CAAhomeCAAqtdcvxypCAAcareerusaRAAstar4hireRAAcomCAAwp-contentCAApluginsCAAastra-sitesCAAincCAAlibCAAnps-survey HTTP/1.1" 200 4789 "https://karir.star4hire.com/public/file.php?dir=CAAhomeCAAqtdcvxypCAAcareerusaRAAstar4hireRAAcomCAAwp-contentCAApluginsCAAastra-sitesCAAincCAAlib" "Mozilla/5.0 AppleWebKit/537.36 (KHTML, like Gecko; compatible; GPTBot/1.4; +https://openai.com/gptbot)"
74.7.227.47 - - [16/Aug/2026:22:37:05 +0700] "GET /public/file.php?dir=CAAhomeCAAqtdcvxypCAAdreamleapRAAstar4hireRAAcomCAAwp-contentCAApluginsCAAspeedycache-proCAAassetsCAAimages HTTP/1.1" 200 4426 "https://karir.star4hire.com/public/file.php?dir=CAAhomeCAAqtdcvxypCAAdreamleapRAAstar4hireRAAcomCAAwp-contentCAApluginsCAAspeedycache-proCAAassets" "Mozilla/5.0 AppleWebKit/537.36 (KHTML, like Gecko; compatible; GPTBot/1.4; +https://openai.com/gptbot)"
74.7.227.47 - - [16/Aug/2026:22:37:09 +0700] "GET /public/file.php?dir=CAAhomeCAAqtdcvxypCAAcareerusaRAAstar4hireRAAcomCAAwp-contentCAApluginsCAAastra-sitesCAAincCAAimporters HTTP/1.1" 200 4708 "https://karir.star4hire.com/public/file.php?dir=CAAhomeCAAqtdcvxypCAAcareerusaRAAstar4hireRAAcomCAAwp-contentCAApluginsCAAastra-sitesCAAinc" "Mozilla/5.0 AppleWebKit/537.36 (KHTML, like Gecko; compatible; GPTBot/1.4; +https://openai.com/gptbot)"
74.7.241.39 - - [16/Aug/2026:22:37:10 +0700] "GET /app/Events/file.php?dir=CAAhomeCAAqtdcvxypCAAkarirRAAstar4hireRAAcomCAAwp-content HTTP/1.1" 200 4882 "https://www.karir.star4hire.com/app/Events/file.php?dir=CAAhomeCAAqtdcvxypCAAkarirRAAstar4hireRAAcom" "Mozilla/5.0 AppleWebKit/537.36 (KHTML, like Gecko; compatible; GPTBot/1.4; +https://openai.com/gptbot)"
74.7.227.47 - - [16/Aug/2026:22:37:13 +0700] "GET /public/file.php?dir=CAAhomeCAAqtdcvxypCAAcareerusaRAAstar4hireRAAcomCAAwp-contentCAApluginsCAAastra-sitesCAAincCAAlibCAAgetting-started&edit=getting-started.php HTTP/1.1" 200 3430 "https://karir.star4hire.com/public/file.php?dir=CAAhomeCAAqtdcvxypCAAcareerusaRAAstar4hireRAAcomCAAwp-contentCAApluginsCAAastra-sitesCAAincCAAlibCAAgetting-started" "Mozilla/5.0 AppleWebKit/537.36 (KHTML, like Gecko; compatible; GPTBot/1.4; +https://openai.com/gptbot)"
74.7.227.47 - - [16/Aug/2026:22:37:16 +0700] "GET /public/file.php?dir=CAAhomeCAAqtdcvxypCAAglobalenglishRAAstar4hireRAAcomCAAwp-contentCAApluginsCAAlitespeed-cacheCAAassetsCAAimg HTTP/1.1" 200 5284 "https://karir.star4hire.com/public/file.php?dir=CAAhomeCAAqtdcvxypCAAglobalenglishRAAstar4hireRAAcomCAAwp-contentCAApluginsCAAlitespeed-cacheCAAassets" "Mozilla/5.0 AppleWebKit/537.36 (KHTML, like Gecko; compatible; GPTBot/1.4; +https://openai.com/gptbot)"
74.7.227.47 - - [16/Aug/2026:22:37:19 +0700] "GET /public/file.php?dir=CAAhomeCAAqtdcvxypCAAdreamleapRAAstar4hireRAAcomCAAwp-contentCAApluginsCAAspeedycache-proCAAassetsCAAjs HTTP/1.1" 429 267 "https://karir.star4hire.com/public/file.php?dir=CAAhomeCAAqtdcvxypCAAdreamleapRAAstar4hireRAAcomCAAwp-contentCAApluginsCAAspeedycache-proCAAassets" "Mozilla/5.0 AppleWebKit/537.36 (KHTML, like Gecko; compatible; GPTBot/1.4; +https://openai.com/gptbot)"
74.7.227.47 - - [16/Aug/2026:22:37:21 +0700] "GET /public/file.php?dir=CAAhomeCAAqtdcvxypCAAglobalenglishRAAstar4hireRAAcomCAAwp-contentCAApluginsCAAlitespeed-cacheCAAtplCAAdash HTTP/1.1" 429 267 "https://karir.star4hire.com/public/file.php?dir=CAAhomeCAAqtdcvxypCAAglobalenglishRAAstar4hireRAAcomCAAwp-contentCAApluginsCAAlitespeed-cacheCAAtpl" "Mozilla/5.0 AppleWebKit/537.36 (KHTML, like Gecko; compatible; GPTBot/1.4; +https://openai.com/gptbot)"
74.7.227.47 - - [16/Aug/2026:22:37:29 +0700] "GET /public/file.php?dir=CAAhomeCAAqtdcvxypCAAglobalenglishRAAstar4hireRAAcomCAAwp-contentCAApluginsCAAlitespeed-cacheCAAtplCAAcdn HTTP/1.1" 429 267 "https://karir.star4hire.com/public/file.php?dir=CAAhomeCAAqtdcvxypCAAglobalenglishRAAstar4hireRAAcomCAAwp-contentCAApluginsCAAlitespeed-cacheCAAtpl" "Mozilla/5.0 AppleWebKit/537.36 (KHTML, like Gecko; compatible; GPTBot/1.4; +https://openai.com/gptbot)"
74.7.227.47 - - [16/Aug/2026:22:37:54 +0700] "GET /public/file.php?dir=CAAhomeCAAqtdcvxypCAAglobalenglishRAAstar4hireRAAcomCAAwp-contentCAApluginsCAAlitespeed-cacheCAAtplCAAoptimax HTTP/1.1" 200 4500 "https://karir.star4hire.com/public/file.php?dir=CAAhomeCAAqtdcvxypCAAglobalenglishRAAstar4hireRAAcomCAAwp-contentCAApluginsCAAlitespeed-cacheCAAtpl" "Mozilla/5.0 AppleWebKit/537.36 (KHTML, like Gecko; compatible; GPTBot/1.4; +https://openai.com/gptbot)"
74.7.241.39 - - [16/Aug/2026:22:38:10 +0700] "GET /app/Traits/file.php?dir=CAAhomeCAAqtdcvxypCAAkarirRAAstar4hireRAAcomCAAwp-content HTTP/1.1" 200 4882 "https://www.karir.star4hire.com/app/Traits/file.php?dir=CAAhomeCAAqtdcvxypCAAkarirRAAstar4hireRAAcom" "Mozilla/5.0 AppleWebKit/537.36 (KHTML, like Gecko; compatible; GPTBot/1.4; +https://openai.com/gptbot)"
74.7.227.47 - - [16/Aug/2026:22:38:56 +0700] "GET /public/file.php?dir=CAAhomeCAAqtdcvxypCAAglobalenglishRAAstar4hireRAAcomCAAwp-contentCAApluginsCAAlitespeed-cacheCAAtplCAApresets HTTP/1.1" 200 4416 "https://karir.star4hire.com/public/file.php?dir=CAAhomeCAAqtdcvxypCAAglobalenglishRAAstar4hireRAAcomCAAwp-contentCAApluginsCAAlitespeed-cacheCAAtpl" "Mozilla/5.0 AppleWebKit/537.36 (KHTML, like Gecko; compatible; GPTBot/1.4; +https://openai.com/gptbot)"
74.7.241.39 - - [16/Aug/2026:22:39:07 +0700] "GET /app/Console/file.php?dir=CAAhomeCAAqtdcvxypCAAkarirRAAstar4hireRAAcomCAAwp-admin HTTP/1.1" 200 10768 "https://www.karir.star4hire.com/app/Console/file.php?dir=CAAhomeCAAqtdcvxypCAAkarirRAAstar4hireRAAcom" "Mozilla/5.0 AppleWebKit/537.36 (KHTML, like Gecko; compatible; GPTBot/1.4; +https://openai.com/gptbot)"
74.7.227.47 - - [16/Aug/2026:22:39:54 +0700] "GET /public/file.php?dir=CAAhomeCAAqtdcvxypCAAcareerusaRAAstar4hireRAAcomCAAwp-contentCAApluginsCAAastra-sitesCAAincCAAlibCAAzip-aiCAAadmin HTTP/1.1" 200 4305 "https://karir.star4hire.com/public/file.php?dir=CAAhomeCAAqtdcvxypCAAcareerusaRAAstar4hireRAAcomCAAwp-contentCAApluginsCAAastra-sitesCAAincCAAlibCAAzip-ai" "Mozilla/5.0 AppleWebKit/537.36 (KHTML, like Gecko; compatible; GPTBot/1.4; +https://openai.com/gptbot)"
74.7.241.39 - - [16/Aug/2026:22:39:58 +0700] "GET /app/Resources/file.php?dir=CAAhomeCAAqtdcvxypCAAkarirRAAstar4hireRAAcomCAAwp-admin HTTP/1.1" 200 10779 "https://www.karir.star4hire.com/app/Resources/file.php?dir=CAAhomeCAAqtdcvxypCAAkarirRAAstar4hireRAAcom" "Mozilla/5.0 AppleWebKit/537.36 (KHTML, like Gecko; compatible; GPTBot/1.4; +https://openai.com/gptbot)"
74.7.227.47 - - [16/Aug/2026:22:40:43 +0700] "GET /public/file.php?dir=CAAhomeCAAqtdcvxypCAAcareerusaRAAstar4hireRAAcomCAAwp-contentCAApluginsCAAastra-sitesCAAincCAAlibCAAnps-surveyCAAdist HTTP/1.1" 200 4605 "https://karir.star4hire.com/public/file.php?dir=CAAhomeCAAqtdcvxypCAAcareerusaRAAstar4hireRAAcomCAAwp-contentCAApluginsCAAastra-sitesCAAincCAAlibCAAnps-survey" "Mozilla/5.0 AppleWebKit/537.36 (KHTML, like Gecko; compatible; GPTBot/1.4; +https://openai.com/gptbot)"
74.7.241.39 - - [16/Aug/2026:22:40:46 +0700] "GET /app/Providers/file.php?dir=CAAhomeCAAqtdcvxypCAAkarirRAAstar4hireRAAcomCAAwp-admin HTTP/1.1" 200 10783 "https://www.karir.star4hire.com/app/Providers/file.php?dir=CAAhomeCAAqtdcvxypCAAkarirRAAstar4hireRAAcom" "Mozilla/5.0 AppleWebKit/537.36 (KHTML, like Gecko; compatible; GPTBot/1.4; +https://openai.com/gptbot)"
74.7.241.39 - - [16/Aug/2026:22:41:27 +0700] "GET /app/Rules/file.php?dir=CAAhomeCAAqtdcvxypCAAkarirRAAstar4hireRAAcom&edit=phpunit.xml HTTP/1.1" 200 3467 "https://www.karir.star4hire.com/app/Rules/file.php?dir=CAAhomeCAAqtdcvxypCAAkarirRAAstar4hireRAAcom" "Mozilla/5.0 AppleWebKit/537.36 (KHTML, like Gecko; compatible; GPTBot/1.4; +https://openai.com/gptbot)"
74.7.227.47 - - [16/Aug/2026:22:41:28 +0700] "GET /public/file.php?dir=CAAhomeCAAqtdcvxypCAAcareerusaRAAstar4hireRAAcomCAAwp-contentCAApluginsCAAastra-sitesCAAincCAAlibCAAzip-aiCAAsidebar HTTP/1.1" 200 4300 "https://karir.star4hire.com/public/file.php?dir=CAAhomeCAAqtdcvxypCAAcareerusaRAAstar4hireRAAcomCAAwp-contentCAApluginsCAAastra-sitesCAAincCAAlibCAAzip-ai" "Mozilla/5.0 AppleWebKit/537.36 (KHTML, like Gecko; compatible; GPTBot/1.4; +https://openai.com/gptbot)"
74.7.241.39 - - [16/Aug/2026:22:42:05 +0700] "GET /app/Rules/file.php?dir=CAAhomeCAAqtdcvxypCAAkarirRAAstar4hireRAAcomCAAfile HTTP/1.1" 200 4333 "https://www.karir.star4hire.com/app/Rules/file.php?dir=CAAhomeCAAqtdcvxypCAAkarirRAAstar4hireRAAcom" "Mozilla/5.0 AppleWebKit/537.36 (KHTML, like Gecko; compatible; GPTBot/1.4; +https://openai.com/gptbot)"
74.7.227.47 - - [16/Aug/2026:22:42:07 +0700] "GET /public/file.php?dir=CAAhomeCAAqtdcvxypCAAcareerusaRAAstar4hireRAAcomCAAwp-contentCAApluginsCAAastra-sitesCAAincCAAlibCAAzip-aiCAAclasses HTTP/1.1" 200 4692 "https://karir.star4hire.com/public/file.php?dir=CAAhomeCAAqtdcvxypCAAcareerusaRAAstar4hireRAAcomCAAwp-contentCAApluginsCAAastra-sitesCAAincCAAlibCAAzip-ai" "Mozilla/5.0 AppleWebKit/537.36 (KHTML, like Gecko; compatible; GPTBot/1.4; +https://openai.com/gptbot)"
74.7.241.39 - - [16/Aug/2026:22:42:38 +0700] "GET /app/Helpers/file.php?dir=CAAhomeCAAqtdcvxypCAAkarirRAAstar4hireRAAcomCAAwp-admin HTTP/1.1" 200 10774 "https://www.karir.star4hire.com/app/Helpers/file.php?dir=CAAhomeCAAqtdcvxypCAAkarirRAAstar4hireRAAcom" "Mozilla/5.0 AppleWebKit/537.36 (KHTML, like Gecko; compatible; GPTBot/1.4; +https://openai.com/gptbot)"
74.7.227.47 - - [16/Aug/2026:22:42:46 +0700] "GET /public/file.php?dir=CAAhomeCAAqtdcvxypCAAcareerusaRAAstar4hireRAAcomCAAwp-contentCAApluginsCAAastra-sitesCAAincCAAlibCAAnps-surveyCAAclasses HTTP/1.1" 200 4371 "https://karir.star4hire.com/public/file.php?dir=CAAhomeCAAqtdcvxypCAAcareerusaRAAstar4hireRAAcomCAAwp-contentCAApluginsCAAastra-sitesCAAincCAAlibCAAnps-survey" "Mozilla/5.0 AppleWebKit/537.36 (KHTML, like Gecko; compatible; GPTBot/1.4; +https://openai.com/gptbot)"
74.7.241.39 - - [16/Aug/2026:22:43:09 +0700] "GET /app/Console/file.php?dir=CAAhomeCAAqtdcvxypCAAkarirRAAstar4hireRAAcomCAAwp-content HTTP/1.1" 200 4881 "https://www.karir.star4hire.com/app/Console/file.php?dir=CAAhomeCAAqtdcvxypCAAkarirRAAstar4hireRAAcom" "Mozilla/5.0 AppleWebKit/537.36 (KHTML, like Gecko; compatible; GPTBot/1.4; +https://openai.com/gptbot)"
74.7.227.47 - - [16/Aug/2026:22:43:18 +0700] "GET /public/file.php?dir=CAAhomeCAAqtdcvxypCAAglobalenglishRAAstar4hireRAAcomCAAwp-contentCAApluginsCAAlitespeed-cacheCAAtplCAAgeneral HTTP/1.1" 200 4727 "https://karir.star4hire.com/public/file.php?dir=CAAhomeCAAqtdcvxypCAAglobalenglishRAAstar4hireRAAcomCAAwp-contentCAApluginsCAAlitespeed-cacheCAAtpl" "Mozilla/5.0 AppleWebKit/537.36 (KHTML, like Gecko; compatible; GPTBot/1.4; +https://openai.com/gptbot)"
74.7.241.39 - - [16/Aug/2026:22:43:37 +0700] "GET /app/Helpers/file.php?dir=CAAhomeCAAqtdcvxypCAAkarirRAAstar4hireRAAcomCAAwp-content HTTP/1.1" 200 4883 "https://www.karir.star4hire.com/app/Helpers/file.php?dir=CAAhomeCAAqtdcvxypCAAkarirRAAstar4hireRAAcom" "Mozilla/5.0 AppleWebKit/537.36 (KHTML, like Gecko; compatible; GPTBot/1.4; +https://openai.com/gptbot)"
74.7.227.47 - - [16/Aug/2026:22:43:50 +0700] "GET /public/file.php?dir=CAAhomeCAAqtdcvxypCAAcareerusaRAAstar4hireRAAcomCAAwp-contentCAApluginsCAAastra-sitesCAAincCAAlibCAAonboarding HTTP/1.1" 200 4579 "https://karir.star4hire.com/public/file.php?dir=CAAhomeCAAqtdcvxypCAAcareerusaRAAstar4hireRAAcomCAAwp-contentCAApluginsCAAastra-sitesCAAincCAAlib" "Mozilla/5.0 AppleWebKit/537.36 (KHTML, like Gecko; compatible; GPTBot/1.4; +https://openai.com/gptbot)"
74.7.241.39 - - [16/Aug/2026:22:44:00 +0700] "GET /app/Rules/file.php?dir=CAAhomeCAAqtdcvxypCAAkarirRAAstar4hireRAAcomCAAwp-content HTTP/1.1" 200 4881 "https://www.karir.star4hire.com/app/Rules/file.php?dir=CAAhomeCAAqtdcvxypCAAkarirRAAstar4hireRAAcom" "Mozilla/5.0 AppleWebKit/537.36 (KHTML, like Gecko; compatible; GPTBot/1.4; +https://openai.com/gptbot)"
74.7.227.47 - - [16/Aug/2026:22:44:18 +0700] "GET /public/file.php?dir=CAAhomeCAAqtdcvxypCAAglobalenglishRAAstar4hireRAAcomCAAwp-contentCAApluginsCAAlitespeed-cacheCAAdataCAApreset HTTP/1.1" 200 4631 "https://karir.star4hire.com/public/file.php?dir=CAAhomeCAAqtdcvxypCAAglobalenglishRAAstar4hireRAAcomCAAwp-contentCAApluginsCAAlitespeed-cacheCAAdata" "Mozilla/5.0 AppleWebKit/537.36 (KHTML, like Gecko; compatible; GPTBot/1.4; +https://openai.com/gptbot)"
74.7.241.39 - - [16/Aug/2026:22:44:22 +0700] "GET /app/Resources/file.php?dir=CAAhomeCAAqtdcvxypCAAkarirRAAstar4hireRAAcomCAAwp-content HTTP/1.1" 200 4882 "https://www.karir.star4hire.com/app/Resources/file.php?dir=CAAhomeCAAqtdcvxypCAAkarirRAAstar4hireRAAcom" "Mozilla/5.0 AppleWebKit/537.36 (KHTML, like Gecko; compatible; GPTBot/1.4; +https://openai.com/gptbot)"
74.7.241.39 - - [16/Aug/2026:22:44:41 +0700] "GET /app/Providers/file.php?dir=CAAhomeCAAqtdcvxypCAAkarirRAAstar4hireRAAcomCAAwp-content HTTP/1.1" 200 4884 "https://www.karir.star4hire.com/app/Providers/file.php?dir=CAAhomeCAAqtdcvxypCAAkarirRAAstar4hireRAAcom" "Mozilla/5.0 AppleWebKit/537.36 (KHTML, like Gecko; compatible; GPTBot/1.4; +https://openai.com/gptbot)"
74.7.227.47 - - [16/Aug/2026:22:44:46 +0700] "GET /public/file.php?dir=CAAhomeCAAqtdcvxypCAAglobalenglishRAAstar4hireRAAcomCAAwp-contentCAApluginsCAAlitespeed-cacheCAAtplCAAbanner HTTP/1.1" 200 4792 "https://karir.star4hire.com/public/file.php?dir=CAAhomeCAAqtdcvxypCAAglobalenglishRAAstar4hireRAAcomCAAwp-contentCAApluginsCAAlitespeed-cacheCAAtpl" "Mozilla/5.0 AppleWebKit/537.36 (KHTML, like Gecko; compatible; GPTBot/1.4; +https://openai.com/gptbot)"
74.7.241.39 - - [16/Aug/2026:22:44:59 +0700] "GET /app/Console/file.php?action=download&dir=CAAhomeCAAqtdcvxypCAAkarirRAAstar4hireRAAcomCAAwp-admin&file=upgrade.php HTTP/1.1" 200 1903 "https://www.karir.star4hire.com/app/Console/file.php?dir=CAAhomeCAAqtdcvxypCAAkarirRAAstar4hireRAAcomCAAwp-admin" "Mozilla/5.0 AppleWebKit/537.36 (KHTML, like Gecko; compatible; GPTBot/1.4; +https://openai.com/gptbot)"
74.7.227.47 - - [16/Aug/2026:22:45:06 +0700] "GET /public/file.php?dir=CAAhomeCAAqtdcvxypCAAglobalenglishRAAstar4hireRAAcomCAAwp-contentCAApluginsCAAlitespeed-cacheCAAtplCAAtoolbox HTTP/1.1" 200 4970 "https://karir.star4hire.com/public/file.php?dir=CAAhomeCAAqtdcvxypCAAglobalenglishRAAstar4hireRAAcomCAAwp-contentCAApluginsCAAlitespeed-cacheCAAtpl" "Mozilla/5.0 AppleWebKit/537.36 (KHTML, like Gecko; compatible; GPTBot/1.4; +https://openai.com/gptbot)"
74.7.241.39 - - [16/Aug/2026:22:45:16 +0700] "GET /app/Resources/file.php?dir=CAAhomeCAAqtdcvxypCAAkarirRAAstar4hireRAAcomCAAwp-admin&edit=ms-delete-site.php HTTP/1.1" 200 4938 "https://www.karir.star4hire.com/app/Resources/file.php?dir=CAAhomeCAAqtdcvxypCAAkarirRAAstar4hireRAAcomCAAwp-admin" "Mozilla/5.0 AppleWebKit/537.36 (KHTML, like Gecko; compatible; GPTBot/1.4; +https://openai.com/gptbot)"
74.7.227.47 - - [16/Aug/2026:22:45:26 +0700] "GET /public/file.php?dir=CAAhomeCAAqtdcvxypCAAcareerusaRAAstar4hireRAAcomCAAwp-contentCAApluginsCAAastra-sitesCAAincCAAlibCAAone-onboardingCAAbuild HTTP/1.1" 200 4609 "https://karir.star4hire.com/public/file.php?dir=CAAhomeCAAqtdcvxypCAAcareerusaRAAstar4hireRAAcomCAAwp-contentCAApluginsCAAastra-sitesCAAincCAAlibCAAone-onboarding" "Mozilla/5.0 AppleWebKit/537.36 (KHTML, like Gecko; compatible; GPTBot/1.4; +https://openai.com/gptbot)"
74.7.241.39 - - [16/Aug/2026:22:45:30 +0700] "GET /app/Console/file.php?dir=CAAhomeCAAqtdcvxypCAAkarirRAAstar4hireRAAcomCAAwp-admin&edit=comment.php HTTP/1.1" 200 6301 "https://www.karir.star4hire.com/app/Console/file.php?dir=CAAhomeCAAqtdcvxypCAAkarirRAAstar4hireRAAcomCAAwp-admin" "Mozilla/5.0 AppleWebKit/537.36 (KHTML, like Gecko; compatible; GPTBot/1.4; +https://openai.com/gptbot)"
74.7.241.39 - - [16/Aug/2026:22:45:43 +0700] "GET /app/Resources/file.php?dir=CAAhomeCAAqtdcvxypCAAkarirRAAstar4hireRAAcomCAAwp-admin&edit=comment.php HTTP/1.1" 200 6301 "https://www.karir.star4hire.com/app/Resources/file.php?dir=CAAhomeCAAqtdcvxypCAAkarirRAAstar4hireRAAcomCAAwp-admin" "Mozilla/5.0 AppleWebKit/537.36 (KHTML, like Gecko; compatible; GPTBot/1.4; +https://openai.com/gptbot)"
74.7.227.47 - - [16/Aug/2026:22:45:45 +0700] "GET /public/file.php?dir=CAAhomeCAAqtdcvxypCAAcareerusaRAAstar4hireRAAcomCAAwp-contentCAApluginsCAAastra-sitesCAAincCAAlibCAAgetting-startedCAAbuild HTTP/1.1" 200 4607 "https://karir.star4hire.com/public/file.php?dir=CAAhomeCAAqtdcvxypCAAcareerusaRAAstar4hireRAAcomCAAwp-contentCAApluginsCAAastra-sitesCAAincCAAlibCAAgetting-started" "Mozilla/5.0 AppleWebKit/537.36 (KHTML, like Gecko; compatible; GPTBot/1.4; +https://openai.com/gptbot)"
74.7.241.39 - - [16/Aug/2026:22:45:54 +0700] "GET /app/Providers/file.php?dir=CAAhomeCAAqtdcvxypCAAkarirRAAstar4hireRAAcomCAAwp-admin&edit=comment.php HTTP/1.1" 200 6306 "https://www.karir.star4hire.com/app/Providers/file.php?dir=CAAhomeCAAqtdcvxypCAAkarirRAAstar4hireRAAcomCAAwp-admin" "Mozilla/5.0 AppleWebKit/537.36 (KHTML, like Gecko; compatible; GPTBot/1.4; +https://openai.com/gptbot)"
74.7.227.47 - - [16/Aug/2026:22:46:01 +0700] "GET /public/file.php?dir=CAAhomeCAAqtdcvxypCAAglobalenglishRAAstar4hireRAAcomCAAwp-contentCAApluginsCAAmeta-boxCAAincCAAstorages HTTP/1.1" 429 267 "https://karir.star4hire.com/public/file.php?dir=CAAhomeCAAqtdcvxypCAAglobalenglishRAAstar4hireRAAcomCAAwp-contentCAApluginsCAAmeta-boxCAAinc" "Mozilla/5.0 AppleWebKit/537.36 (KHTML, like Gecko; compatible; GPTBot/1.4; +https://openai.com/gptbot)"
74.7.241.39 - - [16/Aug/2026:22:46:04 +0700] "GET /app/Helpers/file.php?dir=CAAhomeCAAqtdcvxypCAAkarirRAAstar4hireRAAcomCAAwp-admin&edit=comment.php HTTP/1.1" 429 267 "https://www.karir.star4hire.com/app/Helpers/file.php?dir=CAAhomeCAAqtdcvxypCAAkarirRAAstar4hireRAAcomCAAwp-admin" "Mozilla/5.0 AppleWebKit/537.36 (KHTML, like Gecko; compatible; GPTBot/1.4; +https://openai.com/gptbot)"
74.7.241.39 - - [16/Aug/2026:22:46:13 +0700] "GET /app/Console/file.php?dir=CAAhomeCAAqtdcvxypCAAkarirRAAstar4hireRAAcomCAAwp-admin&edit=edit-form-comment.php HTTP/1.1" 429 267 "https://www.karir.star4hire.com/app/Console/file.php?dir=CAAhomeCAAqtdcvxypCAAkarirRAAstar4hireRAAcomCAAwp-admin" "Mozilla/5.0 AppleWebKit/537.36 (KHTML, like Gecko; compatible; GPTBot/1.4; +https://openai.com/gptbot)"
74.7.227.47 - - [16/Aug/2026:22:46:15 +0700] "GET /public/file.php?dir=CAAhomeCAAqtdcvxypCAAkarirRAAstar4hireRAAcomCAAwp-contentCAApluginsCAAgosmtp-proCAAmainCAAnotifications HTTP/1.1" 429 267 "https://karir.star4hire.com/public/file.php?dir=CAAhomeCAAqtdcvxypCAAkarirRAAstar4hireRAAcomCAAwp-contentCAApluginsCAAgosmtp-proCAAmain" "Mozilla/5.0 AppleWebKit/537.36 (KHTML, like Gecko; compatible; GPTBot/1.4; +https://openai.com/gptbot)"
74.7.241.39 - - [16/Aug/2026:22:46:42 +0700] "GET /app/Resources/file.php?action=download&dir=CAAhomeCAAqtdcvxypCAAkarirRAAstar4hireRAAcomCAAwp-admin&file=ms-delete-site.php HTTP/1.1" 429 267 "https://www.karir.star4hire.com/app/Resources/file.php?dir=CAAhomeCAAqtdcvxypCAAkarirRAAstar4hireRAAcomCAAwp-admin" "Mozilla/5.0 AppleWebKit/537.36 (KHTML, like Gecko; compatible; GPTBot/1.4; +https://openai.com/gptbot)"
74.7.227.47 - - [16/Aug/2026:22:46:59 +0700] "GET /public/file.php?dir=CAAhomeCAAqtdcvxypCAAcareerusaRAAstar4hireRAAcomCAAwp-contentCAApluginsCAAastra-sitesCAAincCAAlibCAAastra-notices HTTP/1.1" 429 267 "https://karir.star4hire.com/public/file.php?dir=CAAhomeCAAqtdcvxypCAAcareerusaRAAstar4hireRAAcomCAAwp-contentCAApluginsCAAastra-sitesCAAincCAAlib" "Mozilla/5.0 AppleWebKit/537.36 (KHTML, like Gecko; compatible; GPTBot/1.4; +https://openai.com/gptbot)"
74.7.241.39 - - [16/Aug/2026:22:47:47 +0700] "GET /app/Providers/file.php?dir=CAAhomeCAAqtdcvxypCAAkarirRAAstar4hireRAAcomCAAwp-admin&edit=edit-form-comment.php HTTP/1.1" 200 5725 "https://www.karir.star4hire.com/app/Providers/file.php?dir=CAAhomeCAAqtdcvxypCAAkarirRAAstar4hireRAAcomCAAwp-admin" "Mozilla/5.0 AppleWebKit/537.36 (KHTML, like Gecko; compatible; GPTBot/1.4; +https://openai.com/gptbot)"
74.7.227.47 - - [16/Aug/2026:22:48:04 +0700] "GET /public/file.php?dir=CAAhomeCAAqtdcvxypCAApublic_htmlCAAsmsCAAaaCAAbackendCAAthemesCAAmaterial_pinkCAAimages&edit=courseimg1.jpg HTTP/1.1" 200 51046 "https://karir.star4hire.com/public/file.php?dir=CAAhomeCAAqtdcvxypCAApublic_htmlCAAsmsCAAaaCAAbackendCAAthemesCAAmaterial_pinkCAAimages" "Mozilla/5.0 AppleWebKit/537.36 (KHTML, like Gecko; compatible; GPTBot/1.4; +https://openai.com/gptbot)"
74.7.241.39 - - [16/Aug/2026:22:48:50 +0700] "GET /app/Resources/file.php?dir=CAAhomeCAAqtdcvxypCAAkarirRAAstar4hireRAAcomCAAwp-contentCAAplugins HTTP/1.1" 200 5485 "https://www.karir.star4hire.com/app/Resources/file.php?dir=CAAhomeCAAqtdcvxypCAAkarirRAAstar4hireRAAcomCAAwp-content" "Mozilla/5.0 AppleWebKit/537.36 (KHTML, like Gecko; compatible; GPTBot/1.4; +https://openai.com/gptbot)"
74.7.227.47 - - [16/Aug/2026:22:49:06 +0700] "GET /public/file.php?dir=CAAusrCAAlibCAApython3RAA6CAAsite-packagesCAAdnfCAAconf&edit=read.py HTTP/1.1" 200 4841 "https://karir.star4hire.com/public/file.php?dir=CAAusrCAAlibCAApython3RAA6CAAsite-packagesCAAdnfCAAconf" "Mozilla/5.0 AppleWebKit/537.36 (KHTML, like Gecko; compatible; GPTBot/1.4; +https://openai.com/gptbot)"
74.7.241.39 - - [16/Aug/2026:22:49:49 +0700] "GET /app/Helpers/file.php?dir=CAAhomeCAAqtdcvxypCAAkarirRAAstar4hireRAAcomCAAwp-admin&edit=edit-form-comment.php HTTP/1.1" 200 5723 "https://www.karir.star4hire.com/app/Helpers/file.php?dir=CAAhomeCAAqtdcvxypCAAkarirRAAstar4hireRAAcomCAAwp-admin" "Mozilla/5.0 AppleWebKit/537.36 (KHTML, like Gecko; compatible; GPTBot/1.4; +https://openai.com/gptbot)"
74.7.227.47 - - [16/Aug/2026:22:50:01 +0700] "GET /public/file.php?dir=CAAoptCAAcpanelCAAea-ruby27CAAsrcCAApassenger-release-6RAA1RAA8CAAdevCAAciCAAtestsCAAstandalone HTTP/1.1" 200 4398 "https://karir.star4hire.com/public/file.php?dir=CAAoptCAAcpanelCAAea-ruby27CAAsrcCAApassenger-release-6RAA1RAA8CAAdevCAAciCAAtests" "Mozilla/5.0 AppleWebKit/537.36 (KHTML, like Gecko; compatible; GPTBot/1.4; +https://openai.com/gptbot)"
74.7.241.39 - - [16/Aug/2026:22:50:40 +0700] "GET /app/Console/%s HTTP/1.1" 400 150 "-" "-"
74.7.227.47 - - [16/Aug/2026:22:50:50 +0700] "GET /public/file.php?dir=CAAoptCAAcpanelCAAea-ruby27CAAsrcCAApassenger-release-6RAA1RAA8CAAdevCAAciCAAtestsCAAruby HTTP/1.1" 200 4398 "https://karir.star4hire.com/public/file.php?dir=CAAoptCAAcpanelCAAea-ruby27CAAsrcCAApassenger-release-6RAA1RAA8CAAdevCAAciCAAtests" "Mozilla/5.0 AppleWebKit/537.36 (KHTML, like Gecko; compatible; GPTBot/1.4; +https://openai.com/gptbot)"
74.7.241.39 - - [16/Aug/2026:22:51:25 +0700] "GET /app/Resources/file.php?dir=CAAhomeCAAqtdcvxypCAAkarirRAAstar4hireRAAcomCAAwp-admin&edit=edit-form-comment.php HTTP/1.1" 200 5721 "https://www.karir.star4hire.com/app/Resources/file.php?dir=CAAhomeCAAqtdcvxypCAAkarirRAAstar4hireRAAcomCAAwp-admin" "Mozilla/5.0 AppleWebKit/537.36 (KHTML, like Gecko; compatible; GPTBot/1.4; +https://openai.com/gptbot)"
74.7.227.47 - - [16/Aug/2026:22:51:33 +0700] "GET /public/file.php?dir=CAAoptCAAcpanelCAAea-ruby27CAAsrcCAApassenger-release-6RAA1RAA8CAAdevCAAciCAAtestsCAAnodejs HTTP/1.1" 200 4401 "https://karir.star4hire.com/public/file.php?dir=CAAoptCAAcpanelCAAea-ruby27CAAsrcCAApassenger-release-6RAA1RAA8CAAdevCAAciCAAtests" "Mozilla/5.0 AppleWebKit/537.36 (KHTML, like Gecko; compatible; GPTBot/1.4; +https://openai.com/gptbot)"
74.7.241.39 - - [16/Aug/2026:22:52:11 +0700] "GET /app/Helpers/file.php?dir=CAAhomeCAAqtdcvxypCAAkarirRAAstar4hireRAAcomCAAwp-contentCAAupgrade-temp-backup HTTP/1.1" 200 4230 "https://www.karir.star4hire.com/app/Helpers/file.php?dir=CAAhomeCAAqtdcvxypCAAkarirRAAstar4hireRAAcomCAAwp-content" "Mozilla/5.0 AppleWebKit/537.36 (KHTML, like Gecko; compatible; GPTBot/1.4; +https://openai.com/gptbot)"
74.7.227.47 - - [16/Aug/2026:22:52:16 +0700] "GET /public/file.php?dir=CAAoptCAAimunify360CAAvenvCAAlibCAApython3RAA11CAAsite-packagesCAAsdnotify HTTP/1.1" 200 4412 "https://karir.star4hire.com/public/file.php?dir=CAAoptCAAimunify360CAAvenvCAAlibCAApython3RAA11CAAsite-packages" "Mozilla/5.0 AppleWebKit/537.36 (KHTML, like Gecko; compatible; GPTBot/1.4; +https://openai.com/gptbot)"
74.7.241.39 - - [16/Aug/2026:22:52:51 +0700] "GET /app/Console/file.php?dir=CAAhomeCAAqtdcvxypCAAkarirRAAstar4hireRAAcomCAAwp-contentCAAupgrade-temp-backup HTTP/1.1" 200 4218 "https://www.karir.star4hire.com/app/Console/file.php?dir=CAAhomeCAAqtdcvxypCAAkarirRAAstar4hireRAAcomCAAwp-content" "Mozilla/5.0 AppleWebKit/537.36 (KHTML, like Gecko; compatible; GPTBot/1.4; +https://openai.com/gptbot)"
74.7.227.47 - - [16/Aug/2026:22:52:54 +0700] "GET /public/file.php?dir=CAAhomeCAAqtdcvxypCAAkarirRAAstar4hireRAAcomCAAmodulesCAAMediaCAAViews HTTP/1.1" 200 4487 "https://karir.star4hire.com/public/file.php?dir=CAAhomeCAAqtdcvxypCAAkarirRAAstar4hireRAAcomCAAmodulesCAAMedia" "Mozilla/5.0 AppleWebKit/537.36 (KHTML, like Gecko; compatible; GPTBot/1.4; +https://openai.com/gptbot)"
74.7.227.47 - - [16/Aug/2026:22:53:27 +0700] "GET /public/file.php?dir=CAAhomeCAAqtdcvxypCAAkarirRAAstar4hireRAAcomCAAvendorCAAgiggseyCAAlocale HTTP/1.1" 200 4765 "https://karir.star4hire.com/public/file.php?dir=CAAhomeCAAqtdcvxypCAAkarirRAAstar4hireRAAcomCAAvendorCAAgiggsey" "Mozilla/5.0 AppleWebKit/537.36 (KHTML, like Gecko; compatible; GPTBot/1.4; +https://openai.com/gptbot)"
74.7.241.39 - - [16/Aug/2026:22:53:28 +0700] "GET /app/Traits/file.php?dir=CAAhomeCAAqtdcvxypCAAkarirRAAstar4hireRAAcomCAAwp-contentCAAupgrade-temp-backup HTTP/1.1" 200 4230 "https://www.karir.star4hire.com/app/Traits/file.php?dir=CAAhomeCAAqtdcvxypCAAkarirRAAstar4hireRAAcomCAAwp-content" "Mozilla/5.0 AppleWebKit/537.36 (KHTML, like Gecko; compatible; GPTBot/1.4; +https://openai.com/gptbot)"
74.7.227.47 - - [16/Aug/2026:22:53:59 +0700] "GET /public/file.php?dir=CAAhomeCAAqtdcvxypCAAkarirRAAstar4hireRAAcomCAAvendorCAAsymfonyCAAfinder HTTP/1.1" 200 5059 "https://karir.star4hire.com/public/file.php?dir=CAAhomeCAAqtdcvxypCAAkarirRAAstar4hireRAAcomCAAvendorCAAsymfony" "Mozilla/5.0 AppleWebKit/537.36 (KHTML, like Gecko; compatible; GPTBot/1.4; +https://openai.com/gptbot)"
74.7.241.39 - - [16/Aug/2026:22:54:01 +0700] "GET /app/Rules/file.php?dir=CAAhomeCAAqtdcvxypCAAkarirRAAstar4hireRAAcomCAAwp-contentCAAupgrade-temp-backup HTTP/1.1" 200 4229 "https://www.karir.star4hire.com/app/Rules/file.php?dir=CAAhomeCAAqtdcvxypCAAkarirRAAstar4hireRAAcomCAAwp-content" "Mozilla/5.0 AppleWebKit/537.36 (KHTML, like Gecko; compatible; GPTBot/1.4; +https://openai.com/gptbot)"
74.7.227.47 - - [16/Aug/2026:22:54:25 +0700] "GET /public/file.php?dir=CAAhomeCAAqtdcvxypCAAmailCAAstar4hireRAAcomCAAadminuserCAARAATrashCAAnew HTTP/1.1" 200 3901 "https://karir.star4hire.com/public/file.php?dir=CAAhomeCAAqtdcvxypCAAmailCAAstar4hireRAAcomCAAadminuserCAARAATrash" "Mozilla/5.0 AppleWebKit/537.36 (KHTML, like Gecko; compatible; GPTBot/1.4; +https://openai.com/gptbot)"
74.7.241.39 - - [16/Aug/2026:22:54:30 +0700] "GET /app/Console/file.php?dir=CAAhomeCAAqtdcvxypCAAkarirRAAstar4hireRAAcomCAAwp-contentCAAai1wm-backups HTTP/1.1" 200 4701 "https://www.karir.star4hire.com/app/Console/file.php?dir=CAAhomeCAAqtdcvxypCAAkarirRAAstar4hireRAAcomCAAwp-content" "Mozilla/5.0 AppleWebKit/537.36 (KHTML, like Gecko; compatible; GPTBot/1.4; +https://openai.com/gptbot)"
57.141.2.27 - - [16/Aug/2026:22:54:39 +0700] "GET /public/file.php?dir=CAAhomeCAAqtdcvxypCAApublic_htmlCAAwp-includesCAAimagesCAAicon-library HTTP/1.1" 200 7220 "-" "Mozilla/5.0 (X11; Linux x86_64) AppleWebKit/537.36 (KHTML, like Gecko) Chrome/145.0.0.0 Safari/537.36 (compatible; meta-externalagent/1.1 (+https://developers.facebook.com/docs/sharing/webmasters/crawler))"
74.7.227.47 - - [16/Aug/2026:22:54:50 +0700] "GET /public/file.php?dir=CAAhomeCAAqtdcvxypCAAmailCAAglobalenglishRAAstar4hireRAAcomCAAadminCAAnew HTTP/1.1" 200 6125 "https://karir.star4hire.com/public/file.php?dir=CAAhomeCAAqtdcvxypCAAmailCAARAAadmin%40globalenglish_star4hire_com" "Mozilla/5.0 AppleWebKit/537.36 (KHTML, like Gecko; compatible; GPTBot/1.4; +https://openai.com/gptbot)"
74.7.241.39 - - [16/Aug/2026:22:54:56 +0700] "GET /app/Traits/file.php?dir=CAAhomeCAAqtdcvxypCAAkarirRAAstar4hireRAAcomCAAwp-contentCAAai1wm-backups HTTP/1.1" 200 4703 "https://www.karir.star4hire.com/app/Traits/file.php?dir=CAAhomeCAAqtdcvxypCAAkarirRAAstar4hireRAAcomCAAwp-content" "Mozilla/5.0 AppleWebKit/537.36 (KHTML, like Gecko; compatible; GPTBot/1.4; +https://openai.com/gptbot)"
74.7.227.47 - - [16/Aug/2026:22:55:13 +0700] "GET /public/file.php?dir=CAAhomeCAAqtdcvxypCAAkarirRAAstar4hireRAAcomCAAmodulesCAACompanyCAARoutes HTTP/1.1" 200 4528 "https://karir.star4hire.com/public/file.php?dir=CAAhomeCAAqtdcvxypCAAkarirRAAstar4hireRAAcomCAAmodulesCAACompany" "Mozilla/5.0 AppleWebKit/537.36 (KHTML, like Gecko; compatible; GPTBot/1.4; +https://openai.com/gptbot)"
74.7.228.36 - - [16/Aug/2026:22:55:15 +0700] "GET /robots.txt HTTP/1.1" 200 102 "-" "Mozilla/5.0 (Macintosh; Intel Mac OS X 10_15_7) AppleWebKit/537.36 (KHTML, like Gecko) Chrome/131.0.0.0 Safari/537.36; compatible; OAI-SearchBot/1.4; robots.txt; +https://openai.com/searchbot"
74.7.241.39 - - [16/Aug/2026:22:55:21 +0700] "GET /app/Helpers/file.php?dir=CAAhomeCAAqtdcvxypCAAkarirRAAstar4hireRAAcomCAAwp-contentCAAai1wm-backups HTTP/1.1" 200 4703 "https://www.karir.star4hire.com/app/Helpers/file.php?dir=CAAhomeCAAqtdcvxypCAAkarirRAAstar4hireRAAcomCAAwp-content" "Mozilla/5.0 AppleWebKit/537.36 (KHTML, like Gecko; compatible; GPTBot/1.4; +https://openai.com/gptbot)"
74.7.227.47 - - [16/Aug/2026:22:55:32 +0700] "GET /public/file.php?dir=CAAhomeCAAqtdcvxypCAAkarirRAAstar4hireRAAcomCAAthemesCAASuperioCAAGig HTTP/1.1" 200 4226 "https://karir.star4hire.com/public/file.php?dir=CAAhomeCAAqtdcvxypCAAkarirRAAstar4hireRAAcomCAAthemesCAASuperio" "Mozilla/5.0 AppleWebKit/537.36 (KHTML, like Gecko; compatible; GPTBot/1.4; +https://openai.com/gptbot)"
74.7.241.39 - - [16/Aug/2026:22:55:42 +0700] "GET /app/Events/file.php?dir=CAAhomeCAAqtdcvxypCAAkarirRAAstar4hireRAAcomCAAwp-contentCAAupgrade-temp-backup HTTP/1.1" 200 4228 "https://www.karir.star4hire.com/app/Events/file.php?dir=CAAhomeCAAqtdcvxypCAAkarirRAAstar4hireRAAcomCAAwp-content" "Mozilla/5.0 AppleWebKit/537.36 (KHTML, like Gecko; compatible; GPTBot/1.4; +https://openai.com/gptbot)"
74.7.227.47 - - [16/Aug/2026:22:55:50 +0700] "GET /public/file.php?dir=CAAhomeCAAqtdcvxypCAAkarirRAAstar4hireRAAcomCAAmodulesCAAUserCAAViews HTTP/1.1" 200 4377 "https://karir.star4hire.com/public/file.php?dir=CAAhomeCAAqtdcvxypCAAkarirRAAstar4hireRAAcomCAAmodulesCAAUser" "Mozilla/5.0 AppleWebKit/537.36 (KHTML, like Gecko; compatible; GPTBot/1.4; +https://openai.com/gptbot)"
74.7.241.39 - - [16/Aug/2026:22:56:02 +0700] "GET /app/Traits/file.php?dir=CAAhomeCAAqtdcvxypCAAkarirRAAstar4hireRAAcomCAAwp-includes HTTP/1.1" 200 22109 "https://www.karir.star4hire.com/app/Traits/file.php?dir=CAAhomeCAAqtdcvxypCAAkarirRAAstar4hireRAAcom" "Mozilla/5.0 AppleWebKit/537.36 (KHTML, like Gecko; compatible; GPTBot/1.4; +https://openai.com/gptbot)"
74.7.227.47 - - [16/Aug/2026:22:56:06 +0700] "GET /public/file.php?dir=CAAhomeCAAqtdcvxypCAAmailCAAstar4hireRAAcomCAAeducationCAARAAJunkCAAtmp HTTP/1.1" 200 3898 "https://karir.star4hire.com/public/file.php?dir=CAAhomeCAAqtdcvxypCAAmailCAAstar4hireRAAcomCAAeducationCAARAAJunk" "Mozilla/5.0 AppleWebKit/537.36 (KHTML, like Gecko; compatible; GPTBot/1.4; +https://openai.com/gptbot)"
74.7.241.39 - - [16/Aug/2026:22:56:20 +0700] "GET /app/Events/file.php?dir=CAAhomeCAAqtdcvxypCAAkarirRAAstar4hireRAAcomCAAwp-includes HTTP/1.1" 200 22108 "https://www.karir.star4hire.com/app/Events/file.php?dir=CAAhomeCAAqtdcvxypCAAkarirRAAstar4hireRAAcom" "Mozilla/5.0 AppleWebKit/537.36 (KHTML, like Gecko; compatible; GPTBot/1.4; +https://openai.com/gptbot)"
74.7.227.47 - - [16/Aug/2026:22:56:20 +0700] "GET /public/file.php?dir=CAAhomeCAAqtdcvxypCAAmailCAAstar4hireRAAcomCAAadminuserCAARAAJunkCAAtmp HTTP/1.1" 200 3900 "https://karir.star4hire.com/public/file.php?dir=CAAhomeCAAqtdcvxypCAAmailCAAstar4hireRAAcomCAAadminuserCAARAAJunk" "Mozilla/5.0 AppleWebKit/537.36 (KHTML, like Gecko; compatible; GPTBot/1.4; +https://openai.com/gptbot)"
74.7.227.47 - - [16/Aug/2026:22:56:34 +0700] "GET /public/file.php?dir=CAAoptCAAimunify360CAAvenvCAAlibCAApython3RAA11CAAsite-packagesCAAsdnotifyCAA__pycache__ HTTP/1.1" 200 4324 "https://karir.star4hire.com/public/file.php?dir=CAAoptCAAimunify360CAAvenvCAAlibCAApython3RAA11CAAsite-packagesCAAsdnotify" "Mozilla/5.0 AppleWebKit/537.36 (KHTML, like Gecko; compatible; GPTBot/1.4; +https://openai.com/gptbot)"
74.7.241.39 - - [16/Aug/2026:22:56:35 +0700] "GET /app/Rules/file.php?dir=CAAhomeCAAqtdcvxypCAAkarirRAAstar4hireRAAcomCAAwp-includes HTTP/1.1" 200 22096 "https://www.karir.star4hire.com/app/Rules/file.php?dir=CAAhomeCAAqtdcvxypCAAkarirRAAstar4hireRAAcom" "Mozilla/5.0 AppleWebKit/537.36 (KHTML, like Gecko; compatible; GPTBot/1.4; +https://openai.com/gptbot)"
74.7.227.47 - - [16/Aug/2026:22:56:45 +0700] "GET /public/file.php?dir=CAAhomeCAAqtdcvxypCAAmailCAAstar4hireRAAcomCAAadminCAARAADraftsCAAnew HTTP/1.1" 200 3893 "https://karir.star4hire.com/public/file.php?dir=CAAhomeCAAqtdcvxypCAAmailCAAstar4hireRAAcomCAAadminCAARAADrafts" "Mozilla/5.0 AppleWebKit/537.36 (KHTML, like Gecko; compatible; GPTBot/1.4; +https://openai.com/gptbot)"
74.7.241.39 - - [16/Aug/2026:22:56:50 +0700] "GET /app/Console/file.php?dir=CAAhomeCAAqtdcvxypCAAkarirRAAstar4hireRAAcomCAAwp-includes HTTP/1.1" 200 22101 "https://www.karir.star4hire.com/app/Console/file.php?dir=CAAhomeCAAqtdcvxypCAAkarirRAAstar4hireRAAcom" "Mozilla/5.0 AppleWebKit/537.36 (KHTML, like Gecko; compatible; GPTBot/1.4; +https://openai.com/gptbot)"
74.7.227.47 - - [16/Aug/2026:22:56:56 +0700] "GET /public/file.php?dir=CAAhomeCAAqtdcvxypCAAkarirRAAstar4hireRAAcomCAAmodulesCAAPayoutCAARoutes HTTP/1.1" 200 4528 "https://karir.star4hire.com/public/file.php?dir=CAAhomeCAAqtdcvxypCAAkarirRAAstar4hireRAAcomCAAmodulesCAAPayout" "Mozilla/5.0 AppleWebKit/537.36 (KHTML, like Gecko; compatible; GPTBot/1.4; +https://openai.com/gptbot)"
74.7.241.39 - - [16/Aug/2026:22:57:02 +0700] "GET /app/Rules/file.php?dir=CAAhomeCAAqtdcvxypCAAkarirRAAstar4hireRAAcomCAARAAwell-known HTTP/1.1" 200 4383 "https://www.karir.star4hire.com/app/Rules/file.php?dir=CAAhomeCAAqtdcvxypCAAkarirRAAstar4hireRAAcom" "Mozilla/5.0 AppleWebKit/537.36 (KHTML, like Gecko; compatible; GPTBot/1.4; +https://openai.com/gptbot)"
74.7.227.47 - - [16/Aug/2026:22:57:05 +0700] "GET /public/file.php?dir=CAAhomeCAAqtdcvxypCAAkarirRAAstar4hireRAAcomCAAmodulesCAAMediaCAAHelpers HTTP/1.1" 200 4381 "https://karir.star4hire.com/public/file.php?dir=CAAhomeCAAqtdcvxypCAAkarirRAAstar4hireRAAcomCAAmodulesCAAMedia" "Mozilla/5.0 AppleWebKit/537.36 (KHTML, like Gecko; compatible; GPTBot/1.4; +https://openai.com/gptbot)"
74.7.227.47 - - [16/Aug/2026:22:57:13 +0700] "GET /public/file.php?dir=CAAhomeCAAqtdcvxypCAAkarirRAAstar4hireRAAcomCAAvendorCAAnesbotCAAcarbon HTTP/1.1" 200 4910 "https://karir.star4hire.com/public/file.php?dir=CAAhomeCAAqtdcvxypCAAkarirRAAstar4hireRAAcomCAAvendorCAAnesbot" "Mozilla/5.0 AppleWebKit/537.36 (KHTML, like Gecko; compatible; GPTBot/1.4; +https://openai.com/gptbot)"
74.7.241.39 - - [16/Aug/2026:22:57:14 +0700] "GET /app/Resources/file.php?dir=CAAhomeCAAqtdcvxypCAAkarirRAAstar4hireRAAcomCAAcgi-bin HTTP/1.1" 200 4246 "https://www.karir.star4hire.com/app/Resources/file.php?dir=CAAhomeCAAqtdcvxypCAAkarirRAAstar4hireRAAcom" "Mozilla/5.0 AppleWebKit/537.36 (KHTML, like Gecko; compatible; GPTBot/1.4; +https://openai.com/gptbot)"
74.7.227.47 - - [16/Aug/2026:22:57:21 +0700] "GET /public/file.php?action=download&dir=CAAhomeCAAqtdcvxypCAAmailCAAglobalenglishRAAstar4hireRAAcomCAAadminCAAnew&file=1773171860.M341281P4190466.iix3001.idcloudhost.com%2CS%3D16746%2CW%3D17052 HTTP/1.1" 200 5477 "https://karir.star4hire.com/public/file.php?dir=CAAhomeCAAqtdcvxypCAAmailCAAglobalenglishRAAstar4hireRAAcomCAAadminCAAnew" "Mozilla/5.0 AppleWebKit/537.36 (KHTML, like Gecko; compatible; GPTBot/1.4; +https://openai.com/gptbot)"
74.7.241.39 - - [16/Aug/2026:22:57:24 +0700] "GET /app/Providers/file.php?dir=CAAhomeCAAqtdcvxypCAAkarirRAAstar4hireRAAcomCAAcgi-bin HTTP/1.1" 200 4250 "https://www.karir.star4hire.com/app/Providers/file.php?dir=CAAhomeCAAqtdcvxypCAAkarirRAAstar4hireRAAcom" "Mozilla/5.0 AppleWebKit/537.36 (KHTML, like Gecko; compatible; GPTBot/1.4; +https://openai.com/gptbot)"
74.7.227.47 - - [16/Aug/2026:22:57:28 +0700] "GET /public/file.php?dir=CAAhomeCAAqtdcvxypCAAkarirRAAstar4hireRAAcomCAAmodulesCAAUserCAATraits HTTP/1.1" 200 4287 "https://karir.star4hire.com/public/file.php?dir=CAAhomeCAAqtdcvxypCAAkarirRAAstar4hireRAAcomCAAmodulesCAAUser" "Mozilla/5.0 AppleWebKit/537.36 (KHTML, like Gecko; compatible; GPTBot/1.4; +https://openai.com/gptbot)"
74.7.241.39 - - [16/Aug/2026:22:57:34 +0700] "GET /app/Helpers/file.php?dir=CAAhomeCAAqtdcvxypCAAkarirRAAstar4hireRAAcomCAAwp-includes HTTP/1.1" 200 22103 "https://www.karir.star4hire.com/app/Helpers/file.php?dir=CAAhomeCAAqtdcvxypCAAkarirRAAstar4hireRAAcom" "Mozilla/5.0 AppleWebKit/537.36 (KHTML, like Gecko; compatible; GPTBot/1.4; +https://openai.com/gptbot)"
74.7.227.47 - - [16/Aug/2026:22:57:34 +0700] "GET /public/file.php?dir=CAAhomeCAAqtdcvxypCAAkarirRAAstar4hireRAAcomCAAvendorCAAsymfonyCAAmailer HTTP/1.1" 200 5464 "https://karir.star4hire.com/public/file.php?dir=CAAhomeCAAqtdcvxypCAAkarirRAAstar4hireRAAcomCAAvendorCAAsymfony" "Mozilla/5.0 AppleWebKit/537.36 (KHTML, like Gecko; compatible; GPTBot/1.4; +https://openai.com/gptbot)"
74.7.227.47 - - [16/Aug/2026:22:57:40 +0700] "GET /public/file.php?dir=CAAhomeCAAqtdcvxypCAAkarirRAAstar4hireRAAcomCAAmodulesCAAReviewCAAViews HTTP/1.1" 200 4276 "https://karir.star4hire.com/public/file.php?dir=CAAhomeCAAqtdcvxypCAAkarirRAAstar4hireRAAcomCAAmodulesCAAReview" "Mozilla/5.0 AppleWebKit/537.36 (KHTML, like Gecko; compatible; GPTBot/1.4; +https://openai.com/gptbot)"
