74.7.241.39 - - [16/Aug/2026:21:33:37 +0700] "GET /app/Http/?C=D;O=A HTTP/1.1" 200 389 "https://www.karir.star4hire.com/app/Http/" "Mozilla/5.0 AppleWebKit/537.36 (KHTML, like Gecko; compatible; GPTBot/1.4; +https://openai.com/gptbot)"
74.7.227.47 - - [16/Aug/2026:21:33:40 +0700] "GET /public/file.php?dir=CAAoptCAAaltCAAphp53CAAetcCAAphpRAAdRAAstd HTTP/1.1" 200 8538 "https://karir.star4hire.com/public/file.php?dir=CAAoptCAAaltCAAphp53CAAetc" "Mozilla/5.0 AppleWebKit/537.36 (KHTML, like Gecko; compatible; GPTBot/1.4; +https://openai.com/gptbot)"
74.7.227.47 - - [16/Aug/2026:21:33:54 +0700] "GET /public/file.php?dir=CAAoptCAAaltCAAphp83CAAetcCAAphpRAAdRAAall HTTP/1.1" 200 10325 "https://karir.star4hire.com/public/file.php?dir=CAAoptCAAaltCAAphp83CAAetc" "Mozilla/5.0 AppleWebKit/537.36 (KHTML, like Gecko; compatible; GPTBot/1.4; +https://openai.com/gptbot)"
74.7.241.39 - - [16/Aug/2026:21:34:00 +0700] "GET /app/Libs/?C=S;O=D HTTP/1.1" 200 336 "https://www.karir.star4hire.com/app/Libs/?C=S;O=A" "Mozilla/5.0 AppleWebKit/537.36 (KHTML, like Gecko; compatible; GPTBot/1.4; +https://openai.com/gptbot)"
74.7.227.47 - - [16/Aug/2026:21:34:07 +0700] "GET /public/file.php?dir=CAAoptCAAaltCAAphp81CAAusrCAAincludeCAAphp HTTP/1.1" 200 4431 "https://karir.star4hire.com/public/file.php?dir=CAAoptCAAaltCAAphp81CAAusrCAAinclude" "Mozilla/5.0 AppleWebKit/537.36 (KHTML, like Gecko; compatible; GPTBot/1.4; +https://openai.com/gptbot)"
74.7.227.47 - - [16/Aug/2026:21:34:19 +0700] "GET /public/file.php?dir=CAAoptCAAaltCAAphp52CAAetcCAAphpRAAdRAAstd HTTP/1.1" 200 8209 "https://karir.star4hire.com/public/file.php?dir=CAAoptCAAaltCAAphp52CAAetc" "Mozilla/5.0 AppleWebKit/537.36 (KHTML, like Gecko; compatible; GPTBot/1.4; +https://openai.com/gptbot)"
74.7.241.39 - - [16/Aug/2026:21:34:19 +0700] "GET /app/Resources/?C=N;O=A HTTP/1.1" 200 369 "https://www.karir.star4hire.com/app/Resources/?C=S;O=D" "Mozilla/5.0 AppleWebKit/537.36 (KHTML, like Gecko; compatible; GPTBot/1.4; +https://openai.com/gptbot)"
74.7.227.47 - - [16/Aug/2026:21:34:29 +0700] "GET /public/file.php?dir=CAAoptCAAaltCAAphp71CAAusrCAAincludeCAAphp HTTP/1.1" 200 4432 "https://karir.star4hire.com/public/file.php?dir=CAAoptCAAaltCAAphp71CAAusrCAAinclude" "Mozilla/5.0 AppleWebKit/537.36 (KHTML, like Gecko; compatible; GPTBot/1.4; +https://openai.com/gptbot)"
74.7.241.39 - - [16/Aug/2026:21:34:37 +0700] "GET /app/Http/?C=N;O=D HTTP/1.1" 200 387 "https://www.karir.star4hire.com/app/Http/" "Mozilla/5.0 AppleWebKit/537.36 (KHTML, like Gecko; compatible; GPTBot/1.4; +https://openai.com/gptbot)"
74.7.227.47 - - [16/Aug/2026:21:34:38 +0700] "GET /public/file.php?dir=CAAoptCAAaltCAAphp72CAAusrCAAincludeCAAphp HTTP/1.1" 200 4431 "https://karir.star4hire.com/public/file.php?dir=CAAoptCAAaltCAAphp72CAAusrCAAinclude" "Mozilla/5.0 AppleWebKit/537.36 (KHTML, like Gecko; compatible; GPTBot/1.4; +https://openai.com/gptbot)"
74.7.227.47 - - [16/Aug/2026:21:34:47 +0700] "GET /public/file.php?dir=CAAoptCAAaltCAAphp73CAAusrCAAincludeCAAphp HTTP/1.1" 429 267 "https://karir.star4hire.com/public/file.php?dir=CAAoptCAAaltCAAphp73CAAusrCAAinclude" "Mozilla/5.0 AppleWebKit/537.36 (KHTML, like Gecko; compatible; GPTBot/1.4; +https://openai.com/gptbot)"
74.7.241.39 - - [16/Aug/2026:21:34:53 +0700] "GET /app/Http/?C=M;O=A HTTP/1.1" 429 267 "https://www.karir.star4hire.com/app/Http/" "Mozilla/5.0 AppleWebKit/537.36 (KHTML, like Gecko; compatible; GPTBot/1.4; +https://openai.com/gptbot)"
74.7.227.47 - - [16/Aug/2026:21:34:54 +0700] "GET /public/file.php?dir=CAAoptCAAaltCAAphp71CAAetcCAAphpRAAdRAAall HTTP/1.1" 429 267 "https://karir.star4hire.com/public/file.php?dir=CAAoptCAAaltCAAphp71CAAetc" "Mozilla/5.0 AppleWebKit/537.36 (KHTML, like Gecko; compatible; GPTBot/1.4; +https://openai.com/gptbot)"
74.7.241.39 - - [16/Aug/2026:21:35:07 +0700] "GET /app/Libs/?C=N;O=A HTTP/1.1" 429 267 "https://www.karir.star4hire.com/app/Libs/?C=S;O=A" "Mozilla/5.0 AppleWebKit/537.36 (KHTML, like Gecko; compatible; GPTBot/1.4; +https://openai.com/gptbot)"
74.7.227.47 - - [16/Aug/2026:21:35:17 +0700] "GET /public/file.php?dir=CAAoptCAAaltCAAphp74CAAetcCAAphpRAAdRAAstd HTTP/1.1" 429 267 "https://karir.star4hire.com/public/file.php?dir=CAAoptCAAaltCAAphp74CAAetc" "Mozilla/5.0 AppleWebKit/537.36 (KHTML, like Gecko; compatible; GPTBot/1.4; +https://openai.com/gptbot)"
74.7.241.39 - - [16/Aug/2026:21:35:49 +0700] "GET /app/Console/?C=S;O=A HTTP/1.1" 429 267 "https://www.karir.star4hire.com/app/Console/" "Mozilla/5.0 AppleWebKit/537.36 (KHTML, like Gecko; compatible; GPTBot/1.4; +https://openai.com/gptbot)"
74.7.241.39 - - [16/Aug/2026:21:36:52 +0700] "GET /app/Libs/?C=D;O=D HTTP/1.1" 200 336 "https://www.karir.star4hire.com/app/Libs/?C=D;O=A" "Mozilla/5.0 AppleWebKit/537.36 (KHTML, like Gecko; compatible; GPTBot/1.4; +https://openai.com/gptbot)"
74.7.227.47 - - [16/Aug/2026:21:37:25 +0700] "GET /public/file.php?action=download&dir=CAAoptCAAaltCAAphp52CAAetcCAAphpRAAdRAAall&file=mailparse.ini HTTP/1.1" 200 77 "https://karir.star4hire.com/public/file.php?dir=CAAoptCAAaltCAAphp52CAAetcCAAphpRAAdRAAall" "Mozilla/5.0 AppleWebKit/537.36 (KHTML, like Gecko; compatible; GPTBot/1.4; +https://openai.com/gptbot)"
74.7.227.47 - - [16/Aug/2026:21:38:28 +0700] "GET /public/file.php?dir=CAAoptCAAaltCAAphp52CAAetcCAAphpRAAdRAAall&edit=eaccelerator.ini HTTP/1.1" 200 4357 "https://karir.star4hire.com/public/file.php?dir=CAAoptCAAaltCAAphp52CAAetcCAAphpRAAdRAAall" "Mozilla/5.0 AppleWebKit/537.36 (KHTML, like Gecko; compatible; GPTBot/1.4; +https://openai.com/gptbot)"
74.7.241.39 - - [16/Aug/2026:21:38:53 +0700] "GET /app/Libs/?C=M;O=D HTTP/1.1" 200 336 "https://www.karir.star4hire.com/app/Libs/?C=M;O=A" "Mozilla/5.0 AppleWebKit/537.36 (KHTML, like Gecko; compatible; GPTBot/1.4; +https://openai.com/gptbot)"
74.7.227.47 - - [16/Aug/2026:21:39:26 +0700] "GET /public/file.php?action=download&dir=CAAoptCAAaltCAAphp83CAAetcCAAphpRAAdRAAall&file=igbinary.ini HTTP/1.1" 200 59 "https://karir.star4hire.com/public/file.php?dir=CAAoptCAAaltCAAphp83CAAetcCAAphpRAAdRAAall" "Mozilla/5.0 AppleWebKit/537.36 (KHTML, like Gecko; compatible; GPTBot/1.4; +https://openai.com/gptbot)"
74.7.241.39 - - [16/Aug/2026:21:39:51 +0700] "GET /app/Http/file.php HTTP/1.1" 200 4676 "https://www.karir.star4hire.com/app/Http/?C=S;O=A" "Mozilla/5.0 AppleWebKit/537.36 (KHTML, like Gecko; compatible; GPTBot/1.4; +https://openai.com/gptbot)"
74.7.227.47 - - [16/Aug/2026:21:40:19 +0700] "GET /public/file.php?action=download&dir=CAAoptCAAaltCAAphp73CAAetcCAAphpRAAdRAAall&file=rrd.ini HTTP/1.1" 200 49 "https://karir.star4hire.com/public/file.php?dir=CAAoptCAAaltCAAphp73CAAetcCAAphpRAAdRAAall" "Mozilla/5.0 AppleWebKit/537.36 (KHTML, like Gecko; compatible; GPTBot/1.4; +https://openai.com/gptbot)"
74.7.241.39 - - [16/Aug/2026:21:40:40 +0700] "GET /app/Http/Middleware/ HTTP/1.1" 200 743 "https://www.karir.star4hire.com/app/Http/?C=S;O=A" "Mozilla/5.0 AppleWebKit/537.36 (KHTML, like Gecko; compatible; GPTBot/1.4; +https://openai.com/gptbot)"
74.7.227.47 - - [16/Aug/2026:21:41:03 +0700] "GET /public/file.php?action=download&dir=CAAoptCAAaltCAAphp83CAAetcCAAphpRAAdRAAall&file=pdo_oci.ini HTTP/1.1" 200 71 "https://karir.star4hire.com/public/file.php?dir=CAAoptCAAaltCAAphp83CAAetcCAAphpRAAdRAAall" "Mozilla/5.0 AppleWebKit/537.36 (KHTML, like Gecko; compatible; GPTBot/1.4; +https://openai.com/gptbot)"
103.15.226.176 - - [16/Aug/2026:21:41:27 +0700] "POST /wp-cron.php?doing_wp_cron=1786891286.9327859878540039062500 HTTP/1.1" 200 0 "-" "WordPress/7.0.4; https://karir.star4hire.com"
74.7.241.39 - - [16/Aug/2026:21:41:27 +0700] "GET /favicon.ico HTTP/1.1" 302 5 "https://www.karir.star4hire.com/app/Rules/?C=S;O=D" "Mozilla/5.0 AppleWebKit/537.36 (KHTML, like Gecko; compatible; GPTBot/1.4; +https://openai.com/gptbot)"
74.7.227.47 - - [16/Aug/2026:21:41:46 +0700] "GET /public/file.php?action=download&dir=CAAoptCAAaltCAAphp52CAAetcCAAphpRAAdRAAall&file=pdo_odbc.ini HTTP/1.1" 200 73 "https://karir.star4hire.com/public/file.php?dir=CAAoptCAAaltCAAphp52CAAetcCAAphpRAAdRAAall" "Mozilla/5.0 AppleWebKit/537.36 (KHTML, like Gecko; compatible; GPTBot/1.4; +https://openai.com/gptbot)"
74.7.241.39 - - [16/Aug/2026:21:42:07 +0700] "GET /app/Http/Kernel.php HTTP/1.1" 500 5 "https://www.karir.star4hire.com/app/Http/?C=S;O=A" "Mozilla/5.0 AppleWebKit/537.36 (KHTML, like Gecko; compatible; GPTBot/1.4; +https://openai.com/gptbot)"
74.7.227.47 - - [16/Aug/2026:21:42:25 +0700] "GET /public/file.php?dir=CAAusrCAAshareCAAvimCAAvim80CAApackCAAdist HTTP/1.1" 200 4196 "https://karir.star4hire.com/public/file.php?dir=CAAusrCAAshareCAAvimCAAvim80CAApack" "Mozilla/5.0 AppleWebKit/537.36 (KHTML, like Gecko; compatible; GPTBot/1.4; +https://openai.com/gptbot)"
74.7.241.39 - - [16/Aug/2026:21:42:42 +0700] "GET /app/Http/?C=S;O=D HTTP/1.1" 200 387 "https://www.karir.star4hire.com/app/Http/?C=S;O=A" "Mozilla/5.0 AppleWebKit/537.36 (KHTML, like Gecko; compatible; GPTBot/1.4; +https://openai.com/gptbot)"
74.7.227.47 - - [16/Aug/2026:21:42:59 +0700] "GET /public/file.php?dir=CAAoptCAAaltCAAphp71CAAetcCAAphpRAAdRAAstd HTTP/1.1" 200 9821 "https://karir.star4hire.com/public/file.php?dir=CAAoptCAAaltCAAphp71CAAetc" "Mozilla/5.0 AppleWebKit/537.36 (KHTML, like Gecko; compatible; GPTBot/1.4; +https://openai.com/gptbot)"
74.7.227.47 - - [16/Aug/2026:21:43:29 +0700] "GET /public/file.php?dir=CAAoptCAAaltCAAphp55CAAetcCAAphpRAAdRAAstd HTTP/1.1" 200 8229 "https://karir.star4hire.com/public/file.php?dir=CAAoptCAAaltCAAphp55CAAetc" "Mozilla/5.0 AppleWebKit/537.36 (KHTML, like Gecko; compatible; GPTBot/1.4; +https://openai.com/gptbot)"
74.7.241.39 - - [16/Aug/2026:21:43:45 +0700] "GET /app/Http/?C=D;O=D HTTP/1.1" 200 387 "https://www.karir.star4hire.com/app/Http/?C=D;O=A" "Mozilla/5.0 AppleWebKit/537.36 (KHTML, like Gecko; compatible; GPTBot/1.4; +https://openai.com/gptbot)"
74.7.227.47 - - [16/Aug/2026:21:43:56 +0700] "GET /public/file.php?dir=CAAoptCAAaltCAAphp54CAAetcCAAphpRAAdRAAall HTTP/1.1" 200 11498 "https://karir.star4hire.com/public/file.php?dir=CAAoptCAAaltCAAphp54CAAetc" "Mozilla/5.0 AppleWebKit/537.36 (KHTML, like Gecko; compatible; GPTBot/1.4; +https://openai.com/gptbot)"
74.7.227.47 - - [16/Aug/2026:21:44:22 +0700] "GET /public/file.php?dir=CAAoptCAAaltCAAphp44CAAetcCAAphpRAAdRAAall HTTP/1.1" 200 5938 "https://karir.star4hire.com/public/file.php?dir=CAAoptCAAaltCAAphp44CAAetc" "Mozilla/5.0 AppleWebKit/537.36 (KHTML, like Gecko; compatible; GPTBot/1.4; +https://openai.com/gptbot)"
74.7.241.39 - - [16/Aug/2026:21:44:42 +0700] "GET /app/Http/?C=N;O=A HTTP/1.1" 200 389 "https://www.karir.star4hire.com/app/Http/?C=S;O=A" "Mozilla/5.0 AppleWebKit/537.36 (KHTML, like Gecko; compatible; GPTBot/1.4; +https://openai.com/gptbot)"
74.7.227.47 - - [16/Aug/2026:21:44:45 +0700] "GET /public/file.php?dir=CAAoptCAAaltCAAphp83CAAetcCAAphpRAAdRAAstd HTTP/1.1" 200 10175 "https://karir.star4hire.com/public/file.php?dir=CAAoptCAAaltCAAphp83CAAetc" "Mozilla/5.0 AppleWebKit/537.36 (KHTML, like Gecko; compatible; GPTBot/1.4; +https://openai.com/gptbot)"
74.7.227.47 - - [16/Aug/2026:21:45:05 +0700] "GET /public/file.php?dir=CAAoptCAAaltCAAphp53CAAetcCAAphpRAAdRAAall HTTP/1.1" 200 11600 "https://karir.star4hire.com/public/file.php?dir=CAAoptCAAaltCAAphp53CAAetc" "Mozilla/5.0 AppleWebKit/537.36 (KHTML, like Gecko; compatible; GPTBot/1.4; +https://openai.com/gptbot)"
74.7.227.47 - - [16/Aug/2026:21:45:23 +0700] "GET /public/file.php?dir=CAAoptCAAaltCAAphp74CAAetcCAAphpRAAdRAAall HTTP/1.1" 429 267 "https://karir.star4hire.com/public/file.php?dir=CAAoptCAAaltCAAphp74CAAetc" "Mozilla/5.0 AppleWebKit/537.36 (KHTML, like Gecko; compatible; GPTBot/1.4; +https://openai.com/gptbot)"
74.7.241.39 - - [16/Aug/2026:21:45:31 +0700] "GET /app/Helpers/?C=N;O=D HTTP/1.1" 429 267 "https://www.karir.star4hire.com/app/Helpers/" "Mozilla/5.0 AppleWebKit/537.36 (KHTML, like Gecko; compatible; GPTBot/1.4; +https://openai.com/gptbot)"
74.7.227.47 - - [16/Aug/2026:21:45:39 +0700] "GET /public/file.php?dir=CAAoptCAAaltCAAphp83CAAusrCAAincludeCAAphp HTTP/1.1" 429 267 "https://karir.star4hire.com/public/file.php?dir=CAAoptCAAaltCAAphp83CAAusrCAAinclude" "Mozilla/5.0 AppleWebKit/537.36 (KHTML, like Gecko; compatible; GPTBot/1.4; +https://openai.com/gptbot)"
74.7.241.39 - - [16/Aug/2026:21:46:19 +0700] "GET /app/Helpers/?C=S;O=A HTTP/1.1" 429 267 "https://www.karir.star4hire.com/app/Helpers/" "Mozilla/5.0 AppleWebKit/537.36 (KHTML, like Gecko; compatible; GPTBot/1.4; +https://openai.com/gptbot)"
74.7.227.47 - - [16/Aug/2026:21:46:28 +0700] "GET /public/file.php?dir=CAAoptCAAaltCAAphp54CAAusrCAAincludeCAAphp HTTP/1.1" 429 267 "https://karir.star4hire.com/public/file.php?dir=CAAoptCAAaltCAAphp54CAAusrCAAinclude" "Mozilla/5.0 AppleWebKit/537.36 (KHTML, like Gecko; compatible; GPTBot/1.4; +https://openai.com/gptbot)"
74.7.241.39 - - [16/Aug/2026:21:47:24 +0700] "GET /app/Libs/?C=N;O=A HTTP/1.1" 200 336 "https://www.karir.star4hire.com/app/Libs/?C=D;O=D" "Mozilla/5.0 AppleWebKit/537.36 (KHTML, like Gecko; compatible; GPTBot/1.4; +https://openai.com/gptbot)"
74.7.227.47 - - [16/Aug/2026:21:47:32 +0700] "GET /public/file.php?dir=CAAoptCAAaltCAAphp51CAAetcCAAphpRAAdRAAstd HTTP/1.1" 200 4242 "https://karir.star4hire.com/public/file.php?dir=CAAoptCAAaltCAAphp51CAAetc" "Mozilla/5.0 AppleWebKit/537.36 (KHTML, like Gecko; compatible; GPTBot/1.4; +https://openai.com/gptbot)"
57.141.2.19 - - [16/Aug/2026:21:47:46 +0700] "GET /public/file.php?dir=CAAoptCAAaltCAApython310CAAlib64CAApython3RAA10CAAemailCAA__pycache__ HTTP/1.1" 200 10813 "-" "Mozilla/5.0 (Windows NT 10.0; Win64; x64) AppleWebKit/537.36 (KHTML, like Gecko) Chrome/145.0.0.0 Safari/537.36 (compatible; meta-externalagent/1.1 (+https://developers.facebook.com/docs/sharing/webmasters/crawler))"
57.141.2.65 - - [16/Aug/2026:21:47:50 +0700] "GET /public/file.php?dir=CAAoptCAAaltCAApython310CAAlib64CAApython3RAA10CAAemailCAA__pycache__ HTTP/1.1" 200 10813 "-" "Mozilla/5.0 (Windows NT 10.0; Win64; x64) AppleWebKit/537.36 (KHTML, like Gecko) Chrome/145.0.0.0 Safari/537.36 (compatible; meta-externalagent/1.1 (+https://developers.facebook.com/docs/sharing/webmasters/crawler))"
74.7.241.39 - - [16/Aug/2026:21:48:26 +0700] "GET /app/Helpers/?C=D;O=A HTTP/1.1" 200 416 "https://www.karir.star4hire.com/app/Helpers/" "Mozilla/5.0 AppleWebKit/537.36 (KHTML, like Gecko; compatible; GPTBot/1.4; +https://openai.com/gptbot)"
74.7.227.47 - - [16/Aug/2026:21:48:36 +0700] "GET /public/file.php?dir=CAAoptCAAaltCAAphp84CAAetcCAAphpRAAdRAAall HTTP/1.1" 200 5732 "https://karir.star4hire.com/public/file.php?dir=CAAoptCAAaltCAAphp84CAAetc" "Mozilla/5.0 AppleWebKit/537.36 (KHTML, like Gecko; compatible; GPTBot/1.4; +https://openai.com/gptbot)"
74.7.241.39 - - [16/Aug/2026:21:49:20 +0700] "GET /app/Console/?C=M;O=A HTTP/1.1" 200 374 "https://www.karir.star4hire.com/app/Console/" "Mozilla/5.0 AppleWebKit/537.36 (KHTML, like Gecko; compatible; GPTBot/1.4; +https://openai.com/gptbot)"
74.7.227.47 - - [16/Aug/2026:21:49:30 +0700] "GET /public/file.php?dir=CAAoptCAAaltCAAphp70CAAetcCAAphpRAAdRAAstd HTTP/1.1" 200 9762 "https://karir.star4hire.com/public/file.php?dir=CAAoptCAAaltCAAphp70CAAetc" "Mozilla/5.0 AppleWebKit/537.36 (KHTML, like Gecko; compatible; GPTBot/1.4; +https://openai.com/gptbot)"
74.7.241.39 - - [16/Aug/2026:21:50:14 +0700] "GET /app/Console/?C=N;O=D HTTP/1.1" 200 369 "https://www.karir.star4hire.com/app/Console/" "Mozilla/5.0 AppleWebKit/537.36 (KHTML, like Gecko; compatible; GPTBot/1.4; +https://openai.com/gptbot)"
74.7.227.47 - - [16/Aug/2026:21:50:23 +0700] "GET /public/file.php?action=download&dir=CAAoptCAAaltCAAphp55CAAetcCAAphpRAAdRAAstd&file=haru.ini HTTP/1.1" 200 51 "https://karir.star4hire.com/public/file.php?dir=CAAoptCAAaltCAAphp55CAAetcCAAphpRAAdRAAstd" "Mozilla/5.0 AppleWebKit/537.36 (KHTML, like Gecko; compatible; GPTBot/1.4; +https://openai.com/gptbot)"
74.7.241.39 - - [16/Aug/2026:21:50:58 +0700] "GET /app/Http/Middleware/RedirectForMultiLanguage.php HTTP/1.1" 200 0 "https://www.karir.star4hire.com/app/Http/Middleware/" "Mozilla/5.0 AppleWebKit/537.36 (KHTML, like Gecko; compatible; GPTBot/1.4; +https://openai.com/gptbot)"
74.7.227.47 - - [16/Aug/2026:21:51:08 +0700] "GET /public/file.php?action=download&dir=CAAoptCAAaltCAAphp54CAAetcCAAphpRAAdRAAall&file=eio.ini HTTP/1.1" 200 71 "https://karir.star4hire.com/public/file.php?dir=CAAoptCAAaltCAAphp54CAAetcCAAphpRAAdRAAall" "Mozilla/5.0 AppleWebKit/537.36 (KHTML, like Gecko; compatible; GPTBot/1.4; +https://openai.com/gptbot)"
74.7.241.39 - - [16/Aug/2026:21:51:38 +0700] "GET /app/Http/Middleware/EnsureEmailIsVerified.php HTTP/1.1" 200 0 "https://www.karir.star4hire.com/app/Http/Middleware/" "Mozilla/5.0 AppleWebKit/537.36 (KHTML, like Gecko; compatible; GPTBot/1.4; +https://openai.com/gptbot)"
74.7.227.47 - - [16/Aug/2026:21:51:48 +0700] "GET /public/file.php?action=download&dir=CAAoptCAAaltCAAphp44CAAetcCAAphpRAAdRAAall&file=mysql.ini HTTP/1.1" 200 54 "https://karir.star4hire.com/public/file.php?dir=CAAoptCAAaltCAAphp44CAAetcCAAphpRAAdRAAall" "Mozilla/5.0 AppleWebKit/537.36 (KHTML, like Gecko; compatible; GPTBot/1.4; +https://openai.com/gptbot)"
74.7.241.39 - - [16/Aug/2026:21:52:16 +0700] "GET /app/Http/Middleware/SetLanguageForAdmin.php HTTP/1.1" 200 0 "https://www.karir.star4hire.com/app/Http/Middleware/" "Mozilla/5.0 AppleWebKit/537.36 (KHTML, like Gecko; compatible; GPTBot/1.4; +https://openai.com/gptbot)"
74.7.227.47 - - [16/Aug/2026:21:52:24 +0700] "GET /public/file.php?action=download&dir=CAAoptCAAaltCAAphp83CAAetcCAAphpRAAdRAAstd&file=elastic_apm.ini HTTP/1.1" 200 84 "https://karir.star4hire.com/public/file.php?dir=CAAoptCAAaltCAAphp83CAAetcCAAphpRAAdRAAstd" "Mozilla/5.0 AppleWebKit/537.36 (KHTML, like Gecko; compatible; GPTBot/1.4; +https://openai.com/gptbot)"
74.7.241.39 - - [16/Aug/2026:21:52:49 +0700] "GET /app/Http/Middleware/RequireChangePassword.php HTTP/1.1" 200 0 "https://www.karir.star4hire.com/app/Http/Middleware/" "Mozilla/5.0 AppleWebKit/537.36 (KHTML, like Gecko; compatible; GPTBot/1.4; +https://openai.com/gptbot)"
74.7.227.47 - - [16/Aug/2026:21:52:58 +0700] "GET /public/file.php?dir=CAAoptCAAaltCAAphp83CAAetcCAAphpRAAdRAAstd&edit=xmlwriter.ini HTTP/1.1" 200 3061 "https://karir.star4hire.com/public/file.php?dir=CAAoptCAAaltCAAphp83CAAetcCAAphpRAAdRAAstd" "Mozilla/5.0 AppleWebKit/537.36 (KHTML, like Gecko; compatible; GPTBot/1.4; +https://openai.com/gptbot)"
157.85.202.28 - - [16/Aug/2026:21:53:02 +0700] "GET /wp-admin/ HTTP/1.1" 200 31001 "-" "Mozilla/5.0 (Linux; Android 10; K) AppleWebKit/537.36 (KHTML, like Gecko) Chrome/150.0.0.0 Safari/537.36"
157.85.202.28 - - [16/Aug/2026:21:53:06 +0700] "GET / HTTP/1.1" 200 40462 "-" "Mozilla/5.0 (Linux; Android 10; K) AppleWebKit/537.36 (KHTML, like Gecko) Chrome/150.0.0.0 Safari/537.36"
74.7.241.39 - - [16/Aug/2026:21:53:20 +0700] "GET /app/Http/Middleware/RedirectToInstaller.php HTTP/1.1" 200 0 "https://www.karir.star4hire.com/app/Http/Middleware/" "Mozilla/5.0 AppleWebKit/537.36 (KHTML, like Gecko; compatible; GPTBot/1.4; +https://openai.com/gptbot)"
157.85.202.28 - - [16/Aug/2026:21:53:24 +0700] "GET /career-assessment/ HTTP/1.1" 200 40902 "https://karir.star4hire.com/" "Mozilla/5.0 (Linux; Android 10; K) AppleWebKit/537.36 (KHTML, like Gecko) Chrome/150.0.0.0 Safari/537.36"
157.85.202.28 - - [16/Aug/2026:21:53:25 +0700] "GET /wp-content/plugins/star4hire-core/assets/js/assessment.js?ver=1.4.0 HTTP/1.1" 200 1877 "https://karir.star4hire.com/career-assessment/" "Mozilla/5.0 (Linux; Android 10; K) AppleWebKit/537.36 (KHTML, like Gecko) Chrome/150.0.0.0 Safari/537.36"
157.85.202.28 - - [16/Aug/2026:21:53:25 +0700] "GET /wp-content/plugins/star4hire-core/assets/js/english-test.js?ver=1.4.0 HTTP/1.1" 200 2759 "https://karir.star4hire.com/career-assessment/" "Mozilla/5.0 (Linux; Android 10; K) AppleWebKit/537.36 (KHTML, like Gecko) Chrome/150.0.0.0 Safari/537.36"
74.7.227.47 - - [16/Aug/2026:21:53:28 +0700] "GET /public/file.php?action=download&dir=CAAoptCAAaltCAAphp83CAAetcCAAphpRAAdRAAstd&file=oci8.ini HTTP/1.1" 200 51 "https://karir.star4hire.com/public/file.php?dir=CAAoptCAAaltCAAphp83CAAetcCAAphpRAAdRAAstd" "Mozilla/5.0 AppleWebKit/537.36 (KHTML, like Gecko; compatible; GPTBot/1.4; +https://openai.com/gptbot)"
157.85.202.28 - - [16/Aug/2026:21:53:41 +0700] "GET /wp-admin/ HTTP/1.1" 200 30997 "https://karir.star4hire.com/" "Mozilla/5.0 (Linux; Android 10; K) AppleWebKit/537.36 (KHTML, like Gecko) Chrome/150.0.0.0 Safari/537.36"
74.7.241.39 - - [16/Aug/2026:21:53:46 +0700] "GET /app/Http/Middleware/CheckForLogPermission.php HTTP/1.1" 200 0 "https://www.karir.star4hire.com/app/Http/Middleware/" "Mozilla/5.0 AppleWebKit/537.36 (KHTML, like Gecko; compatible; GPTBot/1.4; +https://openai.com/gptbot)"
157.85.202.28 - - [16/Aug/2026:21:53:55 +0700] "GET /wp-admin/plugin-install.php HTTP/1.1" 200 26853 "https://karir.star4hire.com/wp-admin/" "Mozilla/5.0 (Linux; Android 10; K) AppleWebKit/537.36 (KHTML, like Gecko) Chrome/150.0.0.0 Safari/537.36"
74.7.227.47 - - [16/Aug/2026:21:53:56 +0700] "GET /public/file.php?dir=CAAoptCAAaltCAAphp83CAAetcCAAphpRAAdRAAstd&edit=oauth.ini HTTP/1.1" 200 3071 "https://karir.star4hire.com/public/file.php?dir=CAAoptCAAaltCAAphp83CAAetcCAAphpRAAdRAAstd" "Mozilla/5.0 AppleWebKit/537.36 (KHTML, like Gecko; compatible; GPTBot/1.4; +https://openai.com/gptbot)"
74.7.241.39 - - [16/Aug/2026:21:54:09 +0700] "GET /app/Http/Middleware/SetLanguageForApi.php HTTP/1.1" 200 0 "https://www.karir.star4hire.com/app/Http/Middleware/" "Mozilla/5.0 AppleWebKit/537.36 (KHTML, like Gecko; compatible; GPTBot/1.4; +https://openai.com/gptbot)"
74.7.227.47 - - [16/Aug/2026:21:54:21 +0700] "GET /public/file.php?dir=CAAoptCAAaltCAAphp55CAAetcCAAphpRAAdRAAstd&edit=spl_types.ini HTTP/1.1" 200 3073 "https://karir.star4hire.com/public/file.php?dir=CAAoptCAAaltCAAphp55CAAetcCAAphpRAAdRAAstd" "Mozilla/5.0 AppleWebKit/537.36 (KHTML, like Gecko; compatible; GPTBot/1.4; +https://openai.com/gptbot)"
74.7.241.39 - - [16/Aug/2026:21:54:31 +0700] "GET /app/Http/Middleware/CheckForMaintenanceMode.php HTTP/1.1" 500 5 "https://www.karir.star4hire.com/app/Http/Middleware/" "Mozilla/5.0 AppleWebKit/537.36 (KHTML, like Gecko; compatible; GPTBot/1.4; +https://openai.com/gptbot)"
157.85.202.28 - - [16/Aug/2026:21:54:32 +0700] "POST /wp-admin/update.php?action=upload-plugin HTTP/1.1" 200 19813 "https://karir.star4hire.com/wp-admin/plugin-install.php" "Mozilla/5.0 (Linux; Android 10; K) AppleWebKit/537.36 (KHTML, like Gecko) Chrome/150.0.0.0 Safari/537.36"
157.85.202.28 - - [16/Aug/2026:21:54:39 +0700] "GET /wp-admin/update.php?action=upload-plugin&package=81&overwrite=update-plugin&_wpnonce=135fb26d91 HTTP/1.1" 200 19475 "https://karir.star4hire.com/wp-admin/update.php?action=upload-plugin" "Mozilla/5.0 (Linux; Android 10; K) AppleWebKit/537.36 (KHTML, like Gecko) Chrome/150.0.0.0 Safari/537.36"
74.7.227.47 - - [16/Aug/2026:21:54:42 +0700] "GET /public/file.php?dir=CAAoptCAAaltCAAphp56CAAetcCAAphpRAAdRAAall HTTP/1.1" 200 11337 "https://karir.star4hire.com/public/file.php?dir=CAAoptCAAaltCAAphp56CAAetc" "Mozilla/5.0 AppleWebKit/537.36 (KHTML, like Gecko; compatible; GPTBot/1.4; +https://openai.com/gptbot)"
74.7.241.39 - - [16/Aug/2026:21:54:51 +0700] "GET /app/Http/Middleware/RedirectToUserDashboard.php HTTP/1.1" 200 0 "https://www.karir.star4hire.com/app/Http/Middleware/" "Mozilla/5.0 AppleWebKit/537.36 (KHTML, like Gecko; compatible; GPTBot/1.4; +https://openai.com/gptbot)"
74.7.227.47 - - [16/Aug/2026:21:55:02 +0700] "GET /public/file.php?dir=CAAoptCAAaltCAAphp51CAAetcCAAphpRAAdRAAall HTTP/1.1" 429 267 "https://karir.star4hire.com/public/file.php?dir=CAAoptCAAaltCAAphp51CAAetc" "Mozilla/5.0 AppleWebKit/537.36 (KHTML, like Gecko; compatible; GPTBot/1.4; +https://openai.com/gptbot)"
74.7.227.47 - - [16/Aug/2026:21:55:20 +0700] "GET /public/file.php?dir=CAAoptCAAaltCAAphp54CAAetcCAAphpRAAdRAAstd HTTP/1.1" 429 267 "https://karir.star4hire.com/public/file.php?dir=CAAoptCAAaltCAAphp54CAAetc" "Mozilla/5.0 AppleWebKit/537.36 (KHTML, like Gecko; compatible; GPTBot/1.4; +https://openai.com/gptbot)"
74.7.241.39 - - [16/Aug/2026:21:55:48 +0700] "GET /app/Http/Middleware/RedirectIfAuthenticated.php HTTP/1.1" 429 267 "https://www.karir.star4hire.com/app/Http/Middleware/" "Mozilla/5.0 AppleWebKit/537.36 (KHTML, like Gecko; compatible; GPTBot/1.4; +https://openai.com/gptbot)"
74.7.227.47 - - [16/Aug/2026:21:56:12 +0700] "GET /public/file.php?dir=CAAoptCAAimunify360CAAvenvCAAlibCAApython3RAA11CAAsite-packagesCAAsimplejson-4RAA1RAA1RAAdist-info&edit=top_level.txt HTTP/1.1" 429 267 "https://karir.star4hire.com/public/file.php?dir=CAAoptCAAimunify360CAAvenvCAAlibCAApython3RAA11CAAsite-packagesCAAsimplejson-4RAA1RAA1RAAdist-info" "Mozilla/5.0 AppleWebKit/537.36 (KHTML, like Gecko; compatible; GPTBot/1.4; +https://openai.com/gptbot)"
74.7.241.39 - - [16/Aug/2026:21:56:41 +0700] "GET /app/Helpers/file.php HTTP/1.1" 200 4803 "https://www.karir.star4hire.com/app/Helpers/?C=D;O=A" "Mozilla/5.0 AppleWebKit/537.36 (KHTML, like Gecko; compatible; GPTBot/1.4; +https://openai.com/gptbot)"
157.85.202.28 - - [16/Aug/2026:21:57:03 +0700] "GET /wp-admin/edit.php?post_type=s4h_pathway HTTP/1.1" 200 24454 "https://karir.star4hire.com/wp-admin/update.php?action=upload-plugin&package=81&overwrite=update-plugin&_wpnonce=135fb26d91" "Mozilla/5.0 (Linux; Android 10; K) AppleWebKit/537.36 (KHTML, like Gecko) Chrome/150.0.0.0 Safari/537.36"
157.85.202.28 - - [16/Aug/2026:21:57:05 +0700] "POST /wp-admin/admin-ajax.php HTTP/1.1" 200 62 "https://karir.star4hire.com/wp-admin/edit.php?post_type=s4h_pathway" "Mozilla/5.0 (Linux; Android 10; K) AppleWebKit/537.36 (KHTML, like Gecko) Chrome/150.0.0.0 Safari/537.36"
157.85.202.28 - - [16/Aug/2026:21:57:08 +0700] "GET / HTTP/1.1" 200 40464 "https://karir.star4hire.com/wp-admin/" "Mozilla/5.0 (Linux; Android 10; K) AppleWebKit/537.36 (KHTML, like Gecko) Chrome/150.0.0.0 Safari/537.36"
157.85.202.28 - - [16/Aug/2026:21:57:09 +0700] "GET /wp-content/plugins/star4hire-core/assets/js/quick-register.js?ver=1.4.1 HTTP/1.1" 200 1640 "https://karir.star4hire.com/" "Mozilla/5.0 (Linux; Android 10; K) AppleWebKit/537.36 (KHTML, like Gecko) Chrome/150.0.0.0 Safari/537.36"
157.85.202.28 - - [16/Aug/2026:21:57:09 +0700] "GET /wp-content/plugins/star4hire-core/assets/css/frontend.css?ver=1.4.1 HTTP/1.1" 200 9165 "https://karir.star4hire.com/" "Mozilla/5.0 (Linux; Android 10; K) AppleWebKit/537.36 (KHTML, like Gecko) Chrome/150.0.0.0 Safari/537.36"
157.85.202.28 - - [16/Aug/2026:21:57:15 +0700] "POST /wp-admin/admin-ajax.php HTTP/1.1" 200 62 "https://karir.star4hire.com/wp-admin/edit.php?post_type=s4h_pathway" "Mozilla/5.0 (Linux; Android 10; K) AppleWebKit/537.36 (KHTML, like Gecko) Chrome/150.0.0.0 Safari/537.36"
74.7.227.47 - - [16/Aug/2026:21:57:16 +0700] "GET /public/file.php?dir=CAAoptCAAcloudlinuxCAAvenvCAAlibCAApython3RAA11CAAsite-packagesCAAschema-0RAA7RAA5RAAdist-info HTTP/1.1" 200 4802 "https://karir.star4hire.com/public/file.php?dir=CAAoptCAAcloudlinuxCAAvenvCAAlibCAApython3RAA11CAAsite-packages" "Mozilla/5.0 AppleWebKit/537.36 (KHTML, like Gecko; compatible; GPTBot/1.4; +https://openai.com/gptbot)"
157.85.202.28 - - [16/Aug/2026:21:57:18 +0700] "GET /wp-admin/post.php?post=82&action=edit HTTP/1.1" 200 0 "https://karir.star4hire.com/wp-admin/edit.php?post_type=s4h_pathway" "Mozilla/5.0 (Linux; Android 10; K) AppleWebKit/537.36 (KHTML, like Gecko) Chrome/150.0.0.0 Safari/537.36"
157.85.202.28 - - [16/Aug/2026:21:57:20 +0700] "GET /wp-admin/post.php?post=82&action=edit HTTP/1.1" 200 165594 "https://karir.star4hire.com/wp-admin/edit.php?post_type=s4h_pathway" "Mozilla/5.0 (Linux; Android 10; K) AppleWebKit/537.36 (KHTML, like Gecko) Chrome/150.0.0.0 Safari/537.36"
157.85.202.28 - - [16/Aug/2026:21:57:20 +0700] "GET /wp-content/plugins/star4hire-core/assets/css/pathway-editor.css?ver=1.4.1 HTTP/1.1" 200 223 "https://karir.star4hire.com/wp-admin/post.php?post=82&action=edit" "Mozilla/5.0 (Linux; Android 10; K) AppleWebKit/537.36 (KHTML, like Gecko) Chrome/150.0.0.0 Safari/537.36"
157.85.202.28 - - [16/Aug/2026:21:57:20 +0700] "GET /wp-content/plugins/star4hire-core/assets/js/pathway-editor.js?ver=1.4.1 HTTP/1.1" 200 1316 "https://karir.star4hire.com/wp-admin/post.php?post=82&action=edit" "Mozilla/5.0 (Linux; Android 10; K) AppleWebKit/537.36 (KHTML, like Gecko) Chrome/150.0.0.0 Safari/537.36"
157.85.202.28 - - [16/Aug/2026:21:57:24 +0700] "GET /wp-json/wp/v2/templates/lookup?slug=front-page&_locale=user HTTP/1.1" 200 4355 "https://karir.star4hire.com/wp-admin/post.php?post=82&action=edit" "Mozilla/5.0 (Linux; Android 10; K) AppleWebKit/537.36 (KHTML, like Gecko) Chrome/150.0.0.0 Safari/537.36"
157.85.202.28 - - [16/Aug/2026:21:57:24 +0700] "GET /wp-json/wp/v2/blocks?context=edit&per_page=100&page=1&_locale=user HTTP/1.1" 200 16 "https://karir.star4hire.com/wp-admin/post.php?post=82&action=edit" "Mozilla/5.0 (Linux; Android 10; K) AppleWebKit/537.36 (KHTML, like Gecko) Chrome/150.0.0.0 Safari/537.36"
157.85.202.28 - - [16/Aug/2026:21:57:24 +0700] "OPTIONS /wp-json/wp/v2/s4h_pathway?_locale=user HTTP/1.1" 200 1703 "https://karir.star4hire.com/wp-admin/post.php?post=82&action=edit" "Mozilla/5.0 (Linux; Android 10; K) AppleWebKit/537.36 (KHTML, like Gecko) Chrome/150.0.0.0 Safari/537.36"
157.85.202.28 - - [16/Aug/2026:21:57:24 +0700] "GET /wp-json/wp/v2/taxonomies?context=edit&per_page=100&_locale=user HTTP/1.1" 200 1327 "https://karir.star4hire.com/wp-admin/post.php?post=82&action=edit" "Mozilla/5.0 (Linux; Android 10; K) AppleWebKit/537.36 (KHTML, like Gecko) Chrome/150.0.0.0 Safari/537.36"
157.85.202.28 - - [16/Aug/2026:21:57:24 +0700] "OPTIONS /wp-json/wp/v2/settings?_locale=user HTTP/1.1" 200 1137 "https://karir.star4hire.com/wp-admin/post.php?post=82&action=edit" "Mozilla/5.0 (Linux; Android 10; K) AppleWebKit/537.36 (KHTML, like Gecko) Chrome/150.0.0.0 Safari/537.36"
157.85.202.28 - - [16/Aug/2026:21:57:25 +0700] "GET /wp-json/wp/v2/wp_pattern_category?context=view&per_page=100&_fields=id%2Cname%2Cdescription%2Cslug&_locale=user HTTP/1.1" 200 16 "https://karir.star4hire.com/wp-admin/post.php?post=82&action=edit" "Mozilla/5.0 (Linux; Android 10; K) AppleWebKit/537.36 (KHTML, like Gecko) Chrome/150.0.0.0 Safari/537.36"
157.85.202.28 - - [16/Aug/2026:21:57:25 +0700] "GET /wp-json/wp/v2/templates/lookup?slug=front-page&_locale=user HTTP/1.1" 200 4355 "https://karir.star4hire.com/wp-admin/post.php?post=82&action=edit" "Mozilla/5.0 (Linux; Android 10; K) AppleWebKit/537.36 (KHTML, like Gecko) Chrome/150.0.0.0 Safari/537.36"
157.85.202.28 - - [16/Aug/2026:21:57:25 +0700] "GET /wp-json/wp/v2/templates/lookup?slug=single-s4h_pathway-germany&_locale=user HTTP/1.1" 200 647 "https://karir.star4hire.com/wp-admin/post.php?post=82&action=edit" "Mozilla/5.0 (Linux; Android 10; K) AppleWebKit/537.36 (KHTML, like Gecko) Chrome/150.0.0.0 Safari/537.36"
157.85.202.28 - - [16/Aug/2026:21:57:26 +0700] "GET /wp-json/wp/v2/block-patterns/patterns?_locale=user HTTP/1.1" 200 19891 "https://karir.star4hire.com/wp-admin/post.php?post=82&action=edit" "Mozilla/5.0 (Linux; Android 10; K) AppleWebKit/537.36 (KHTML, like Gecko) Chrome/150.0.0.0 Safari/537.36"
157.85.202.28 - - [16/Aug/2026:21:57:32 +0700] "POST /wp-admin/admin-ajax.php HTTP/1.1" 200 88 "https://karir.star4hire.com/wp-admin/post.php?post=82&action=edit" "Mozilla/5.0 (Linux; Android 10; K) AppleWebKit/537.36 (KHTML, like Gecko) Chrome/150.0.0.0 Safari/537.36"
157.85.202.28 - - [16/Aug/2026:21:57:35 +0700] "POST /wp-admin/admin-ajax.php HTTP/1.1" 200 1050 "https://karir.star4hire.com/wp-admin/post.php?post=82&action=edit" "Mozilla/5.0 (Linux; Android 10; K) AppleWebKit/537.36 (KHTML, like Gecko) Chrome/150.0.0.0 Safari/537.36"
74.7.241.39 - - [16/Aug/2026:21:57:42 +0700] "GET /app/Http/Middleware/TranslationManager.php HTTP/1.1" 200 0 "https://www.karir.star4hire.com/app/Http/Middleware/" "Mozilla/5.0 AppleWebKit/537.36 (KHTML, like Gecko; compatible; GPTBot/1.4; +https://openai.com/gptbot)"
157.85.202.28 - - [16/Aug/2026:21:57:43 +0700] "POST /wp-admin/admin-ajax.php HTTP/1.1" 200 88 "https://karir.star4hire.com/wp-admin/post.php?post=82&action=edit" "Mozilla/5.0 (Linux; Android 10; K) AppleWebKit/537.36 (KHTML, like Gecko) Chrome/150.0.0.0 Safari/537.36"
74.7.227.47 - - [16/Aug/2026:21:58:17 +0700] "GET /public/file.php?dir=CAAhomeCAAqtdcvxypCAAkarirRAAstar4hireRAAcomCAAwp-includesCAAblocksCAApost-time-to-read&edit=block.json HTTP/1.1" 200 3602 "https://karir.star4hire.com/public/file.php?dir=CAAhomeCAAqtdcvxypCAAkarirRAAstar4hireRAAcomCAAwp-includesCAAblocksCAApost-time-to-read" "Mozilla/5.0 AppleWebKit/537.36 (KHTML, like Gecko; compatible; GPTBot/1.4; +https://openai.com/gptbot)"
74.7.241.39 - - [16/Aug/2026:21:58:40 +0700] "GET /app/Http/Middleware/ValidateSignature.php HTTP/1.1" 500 5 "https://www.karir.star4hire.com/app/Http/Middleware/" "Mozilla/5.0 AppleWebKit/537.36 (KHTML, like Gecko; compatible; GPTBot/1.4; +https://openai.com/gptbot)"
74.7.227.47 - - [16/Aug/2026:21:59:14 +0700] "GET /public/file.php?dir=CAAhomeCAAqtdcvxypCAAcareerusaRAAstar4hireRAAcomCAAwp-contentCAApluginsCAAlitespeed-cache HTTP/1.1" 200 5699 "https://karir.star4hire.com/public/file.php?dir=CAAhomeCAAqtdcvxypCAAcareerusaRAAstar4hireRAAcomCAAwp-contentCAAplugins" "Mozilla/5.0 AppleWebKit/537.36 (KHTML, like Gecko; compatible; GPTBot/1.4; +https://openai.com/gptbot)"
74.7.241.39 - - [16/Aug/2026:21:59:30 +0700] "GET /app/Http/Middleware/EncryptCookies.php HTTP/1.1" 500 5 "https://www.karir.star4hire.com/app/Http/Middleware/" "Mozilla/5.0 AppleWebKit/537.36 (KHTML, like Gecko; compatible; GPTBot/1.4; +https://openai.com/gptbot)"
74.7.227.47 - - [16/Aug/2026:22:00:06 +0700] "GET /public/file.php?dir=CAAhomeCAAqtdcvxypCAAkarirRAAstar4hireRAAcomCAAwp-includesCAAsodium_compatCAAnamespaced HTTP/1.1" 200 4565 "https://karir.star4hire.com/public/file.php?dir=CAAhomeCAAqtdcvxypCAAkarirRAAstar4hireRAAcomCAAwp-includesCAAsodium_compat" "Mozilla/5.0 AppleWebKit/537.36 (KHTML, like Gecko; compatible; GPTBot/1.4; +https://openai.com/gptbot)"
157.85.202.28 - - [16/Aug/2026:22:00:14 +0700] "POST /wp-admin/admin-ajax.php HTTP/1.1" 200 89 "https://karir.star4hire.com/wp-admin/post.php?post=82&action=edit" "Mozilla/5.0 (Linux; Android 10; K) AppleWebKit/537.36 (KHTML, like Gecko) Chrome/150.0.0.0 Safari/537.36"
157.85.202.28 - - [16/Aug/2026:22:00:32 +0700] "POST /wp-admin/admin-ajax.php HTTP/1.1" 200 88 "https://karir.star4hire.com/wp-admin/post.php?post=82&action=edit" "Mozilla/5.0 (Linux; Android 10; K) AppleWebKit/537.36 (KHTML, like Gecko) Chrome/150.0.0.0 Safari/537.36"
74.7.241.39 - - [16/Aug/2026:22:00:33 +0700] "GET /app/Http/Middleware/VerifyCsrfToken.php HTTP/1.1" 500 5 "https://www.karir.star4hire.com/app/Http/Middleware/" "Mozilla/5.0 AppleWebKit/537.36 (KHTML, like Gecko; compatible; GPTBot/1.4; +https://openai.com/gptbot)"
157.85.202.28 - - [16/Aug/2026:22:00:34 +0700] "POST /wp-admin/admin-ajax.php HTTP/1.1" 200 88 "https://karir.star4hire.com/wp-admin/post.php?post=82&action=edit" "Mozilla/5.0 (Linux; Android 10; K) AppleWebKit/537.36 (KHTML, like Gecko) Chrome/150.0.0.0 Safari/537.36"
157.85.202.28 - - [16/Aug/2026:22:00:34 +0700] "POST /wp-admin/async-upload.php HTTP/1.1" 200 638 "https://karir.star4hire.com/wp-admin/post.php?post=82&action=edit" "Mozilla/5.0 (Linux; Android 10; K) AppleWebKit/537.36 (KHTML, like Gecko) Chrome/150.0.0.0 Safari/537.36"
157.85.202.28 - - [16/Aug/2026:22:00:34 +0700] "GET /wp-content/uploads/2026/08/Screenshot_20260816_215814_Chrome-300x204.jpg HTTP/1.1" 200 20460 "https://karir.star4hire.com/wp-admin/post.php?post=82&action=edit" "Mozilla/5.0 (Linux; Android 10; K) AppleWebKit/537.36 (KHTML, like Gecko) Chrome/150.0.0.0 Safari/537.36"
157.85.202.28 - - [16/Aug/2026:22:00:36 +0700] "POST /wp-admin/async-upload.php HTTP/1.1" 200 614 "https://karir.star4hire.com/wp-admin/post.php?post=82&action=edit" "Mozilla/5.0 (Linux; Android 10; K) AppleWebKit/537.36 (KHTML, like Gecko) Chrome/150.0.0.0 Safari/537.36"
157.85.202.28 - - [16/Aug/2026:22:00:36 +0700] "GET /wp-content/uploads/2026/08/Screenshot_20260816_215902_Chrome-300x216.jpg HTTP/1.1" 200 16234 "https://karir.star4hire.com/wp-admin/post.php?post=82&action=edit" "Mozilla/5.0 (Linux; Android 10; K) AppleWebKit/537.36 (KHTML, like Gecko) Chrome/150.0.0.0 Safari/537.36"
157.85.202.28 - - [16/Aug/2026:22:00:38 +0700] "POST /wp-admin/async-upload.php HTTP/1.1" 200 619 "https://karir.star4hire.com/wp-admin/post.php?post=82&action=edit" "Mozilla/5.0 (Linux; Android 10; K) AppleWebKit/537.36 (KHTML, like Gecko) Chrome/150.0.0.0 Safari/537.36"
157.85.202.28 - - [16/Aug/2026:22:00:38 +0700] "GET /wp-content/uploads/2026/08/Screenshot_20260816_215931_Chrome-221x300.jpg HTTP/1.1" 200 12377 "https://karir.star4hire.com/wp-admin/post.php?post=82&action=edit" "Mozilla/5.0 (Linux; Android 10; K) AppleWebKit/537.36 (KHTML, like Gecko) Chrome/150.0.0.0 Safari/537.36"
157.85.202.28 - - [16/Aug/2026:22:00:40 +0700] "POST /wp-admin/async-upload.php HTTP/1.1" 200 607 "https://karir.star4hire.com/wp-admin/post.php?post=82&action=edit" "Mozilla/5.0 (Linux; Android 10; K) AppleWebKit/537.36 (KHTML, like Gecko) Chrome/150.0.0.0 Safari/537.36"
157.85.202.28 - - [16/Aug/2026:22:00:40 +0700] "GET /wp-content/uploads/2026/08/Screenshot_20260816_220006_Chrome-300x189.jpg HTTP/1.1" 200 17865 "https://karir.star4hire.com/wp-admin/post.php?post=82&action=edit" "Mozilla/5.0 (Linux; Android 10; K) AppleWebKit/537.36 (KHTML, like Gecko) Chrome/150.0.0.0 Safari/537.36"
157.85.202.28 - - [16/Aug/2026:22:00:43 +0700] "POST /wp-admin/admin-ajax.php HTTP/1.1" 200 88 "https://karir.star4hire.com/wp-admin/post.php?post=82&action=edit" "Mozilla/5.0 (Linux; Android 10; K) AppleWebKit/537.36 (KHTML, like Gecko) Chrome/150.0.0.0 Safari/537.36"
74.7.227.47 - - [16/Aug/2026:22:00:50 +0700] "GET /public/file.php?dir=CAAhomeCAAqtdcvxypCAAkarirRAAstar4hireRAAcomCAAvendorCAAsymfonyCAApolyfill-intl-normalizer HTTP/1.1" 200 4834 "https://karir.star4hire.com/public/file.php?dir=CAAhomeCAAqtdcvxypCAAkarirRAAstar4hireRAAcomCAAvendorCAAsymfony" "Mozilla/5.0 AppleWebKit/537.36 (KHTML, like Gecko; compatible; GPTBot/1.4; +https://openai.com/gptbot)"
157.85.202.28 - - [16/Aug/2026:22:00:54 +0700] "POST /wp-admin/admin-ajax.php HTTP/1.1" 200 89 "https://karir.star4hire.com/wp-admin/post.php?post=82&action=edit" "Mozilla/5.0 (Linux; Android 10; K) AppleWebKit/537.36 (KHTML, like Gecko) Chrome/150.0.0.0 Safari/537.36"
157.85.202.28 - - [16/Aug/2026:22:01:04 +0700] "POST /wp-admin/admin-ajax.php HTTP/1.1" 200 89 "https://karir.star4hire.com/wp-admin/post.php?post=82&action=edit" "Mozilla/5.0 (Linux; Android 10; K) AppleWebKit/537.36 (KHTML, like Gecko) Chrome/150.0.0.0 Safari/537.36"
157.85.202.28 - - [16/Aug/2026:22:01:14 +0700] "POST /wp-admin/admin-ajax.php HTTP/1.1" 200 89 "https://karir.star4hire.com/wp-admin/post.php?post=82&action=edit" "Mozilla/5.0 (Linux; Android 10; K) AppleWebKit/537.36 (KHTML, like Gecko) Chrome/150.0.0.0 Safari/537.36"
157.85.202.28 - - [16/Aug/2026:22:01:17 +0700] "POST /wp-admin/admin-ajax.php HTTP/1.1" 200 31 "https://karir.star4hire.com/wp-admin/post.php?post=82&action=edit" "Mozilla/5.0 (Linux; Android 10; K) AppleWebKit/537.36 (KHTML, like Gecko) Chrome/150.0.0.0 Safari/537.36"
157.85.202.28 - - [16/Aug/2026:22:01:18 +0700] "GET /wp-json/wp/v2/media/86?context=view&_locale=user HTTP/1.1" 200 1092 "https://karir.star4hire.com/wp-admin/post.php?post=82&action=edit" "Mozilla/5.0 (Linux; Android 10; K) AppleWebKit/537.36 (KHTML, like Gecko) Chrome/150.0.0.0 Safari/537.36"
157.85.202.28 - - [16/Aug/2026:22:01:18 +0700] "GET /wp-content/uploads/2026/08/Screenshot_20260816_215814_Chrome-1024x696.jpg HTTP/1.1" 200 165470 "https://karir.star4hire.com/wp-admin/post.php?post=82&action=edit" "Mozilla/5.0 (Linux; Android 10; K) AppleWebKit/537.36 (KHTML, like Gecko) Chrome/150.0.0.0 Safari/537.36"
157.85.202.28 - - [16/Aug/2026:22:01:23 +0700] "POST /wp-admin/admin-ajax.php HTTP/1.1" 200 88 "https://karir.star4hire.com/wp-admin/post.php?post=82&action=edit" "Mozilla/5.0 (Linux; Android 10; K) AppleWebKit/537.36 (KHTML, like Gecko) Chrome/150.0.0.0 Safari/537.36"
157.85.202.28 - - [16/Aug/2026:22:01:25 +0700] "POST /wp-json/wp/v2/users/me?_locale=user HTTP/1.1" 200 1109 "https://karir.star4hire.com/wp-admin/post.php?post=82&action=edit" "Mozilla/5.0 (Linux; Android 10; K) AppleWebKit/537.36 (KHTML, like Gecko) Chrome/150.0.0.0 Safari/537.36"
74.7.227.47 - - [16/Aug/2026:22:01:32 +0700] "GET /public/file.php?dir=CAAhomeCAAqtdcvxypCAAkarirRAAstar4hireRAAcomCAAwp-contentCAApluginsCAAgosmtp-proCAAassets HTTP/1.1" 200 4343 "https://karir.star4hire.com/public/file.php?dir=CAAhomeCAAqtdcvxypCAAkarirRAAstar4hireRAAcomCAAwp-contentCAApluginsCAAgosmtp-pro" "Mozilla/5.0 AppleWebKit/537.36 (KHTML, like Gecko; compatible; GPTBot/1.4; +https://openai.com/gptbot)"
157.85.202.28 - - [16/Aug/2026:22:01:34 +0700] "POST /wp-admin/admin-ajax.php HTTP/1.1" 200 89 "https://karir.star4hire.com/wp-admin/post.php?post=82&action=edit" "Mozilla/5.0 (Linux; Android 10; K) AppleWebKit/537.36 (KHTML, like Gecko) Chrome/150.0.0.0 Safari/537.36"
74.7.241.39 - - [16/Aug/2026:22:01:35 +0700] "GET /app/Http/Middleware/TrustProxies.php HTTP/1.1" 500 5 "https://www.karir.star4hire.com/app/Http/Middleware/" "Mozilla/5.0 AppleWebKit/537.36 (KHTML, like Gecko; compatible; GPTBot/1.4; +https://openai.com/gptbot)"
157.85.202.28 - - [16/Aug/2026:22:01:44 +0700] "POST /wp-admin/admin-ajax.php HTTP/1.1" 200 89 "https://karir.star4hire.com/wp-admin/post.php?post=82&action=edit" "Mozilla/5.0 (Linux; Android 10; K) AppleWebKit/537.36 (KHTML, like Gecko) Chrome/150.0.0.0 Safari/537.36"
157.85.202.28 - - [16/Aug/2026:22:01:54 +0700] "POST /wp-admin/admin-ajax.php HTTP/1.1" 200 89 "https://karir.star4hire.com/wp-admin/post.php?post=82&action=edit" "Mozilla/5.0 (Linux; Android 10; K) AppleWebKit/537.36 (KHTML, like Gecko) Chrome/150.0.0.0 Safari/537.36"
157.85.202.28 - - [16/Aug/2026:22:02:04 +0700] "POST /wp-admin/admin-ajax.php HTTP/1.1" 200 88 "https://karir.star4hire.com/wp-admin/post.php?post=82&action=edit" "Mozilla/5.0 (Linux; Android 10; K) AppleWebKit/537.36 (KHTML, like Gecko) Chrome/150.0.0.0 Safari/537.36"
74.7.227.47 - - [16/Aug/2026:22:02:08 +0700] "GET /public/file.php?dir=CAAhomeCAAqtdcvxypCAAglobalenglishRAAstar4hireRAAcomCAAwp-includesCAArest-apiCAAendpoints HTTP/1.1" 200 7251 "https://karir.star4hire.com/public/file.php?dir=CAAhomeCAAqtdcvxypCAAglobalenglishRAAstar4hireRAAcomCAAwp-includesCAArest-api" "Mozilla/5.0 AppleWebKit/537.36 (KHTML, like Gecko; compatible; GPTBot/1.4; +https://openai.com/gptbot)"
157.85.202.28 - - [16/Aug/2026:22:02:13 +0700] "POST /wp-json/wp/v2/s4h_pathway/82/autosaves?_locale=user HTTP/1.1" 200 439 "https://karir.star4hire.com/wp-admin/post.php?post=82&action=edit" "Mozilla/5.0 (Linux; Android 10; K) AppleWebKit/537.36 (KHTML, like Gecko) Chrome/150.0.0.0 Safari/537.36"
157.85.202.28 - - [16/Aug/2026:22:02:14 +0700] "POST /wp-admin/admin-ajax.php HTTP/1.1" 200 89 "https://karir.star4hire.com/wp-admin/post.php?post=82&action=edit" "Mozilla/5.0 (Linux; Android 10; K) AppleWebKit/537.36 (KHTML, like Gecko) Chrome/150.0.0.0 Safari/537.36"
157.85.202.28 - - [16/Aug/2026:22:02:23 +0700] "POST /wp-admin/admin-ajax.php HTTP/1.1" 200 89 "https://karir.star4hire.com/wp-admin/post.php?post=82&action=edit" "Mozilla/5.0 (Linux; Android 10; K) AppleWebKit/537.36 (KHTML, like Gecko) Chrome/150.0.0.0 Safari/537.36"
157.85.202.28 - - [16/Aug/2026:22:02:33 +0700] "OPTIONS /wp-json/wp/v2/s4h_pathway/?context=edit&_locale=user HTTP/1.1" 200 1703 "https://karir.star4hire.com/wp-admin/post.php?post=82&action=edit" "Mozilla/5.0 (Linux; Android 10; K) AppleWebKit/537.36 (KHTML, like Gecko) Chrome/150.0.0.0 Safari/537.36"
157.85.202.28 - - [16/Aug/2026:22:02:34 +0700] "POST /wp-admin/admin-ajax.php HTTP/1.1" 200 88 "https://karir.star4hire.com/wp-admin/post.php?post=82&action=edit" "Mozilla/5.0 (Linux; Android 10; K) AppleWebKit/537.36 (KHTML, like Gecko) Chrome/150.0.0.0 Safari/537.36"
74.7.241.39 - - [16/Aug/2026:22:02:40 +0700] "GET /app/Http/Middleware/SetCurrentCurrency.php HTTP/1.1" 200 0 "https://www.karir.star4hire.com/app/Http/Middleware/" "Mozilla/5.0 AppleWebKit/537.36 (KHTML, like Gecko; compatible; GPTBot/1.4; +https://openai.com/gptbot)"
74.7.227.47 - - [16/Aug/2026:22:02:43 +0700] "GET /public/file.php?action=download&dir=CAAoptCAAaltCAAphp56CAAetcCAAphpRAAdRAAall&file=xdebug.ini HTTP/1.1" 200 96 "https://karir.star4hire.com/public/file.php?dir=CAAoptCAAaltCAAphp56CAAetcCAAphpRAAdRAAall" "Mozilla/5.0 AppleWebKit/537.36 (KHTML, like Gecko; compatible; GPTBot/1.4; +https://openai.com/gptbot)"
157.85.202.28 - - [16/Aug/2026:22:02:44 +0700] "POST /wp-admin/admin-ajax.php HTTP/1.1" 200 91 "https://karir.star4hire.com/wp-admin/post.php?post=82&action=edit" "Mozilla/5.0 (Linux; Android 10; K) AppleWebKit/537.36 (KHTML, like Gecko) Chrome/150.0.0.0 Safari/537.36"
157.85.202.28 - - [16/Aug/2026:22:02:53 +0700] "POST /wp-admin/admin-ajax.php HTTP/1.1" 200 88 "https://karir.star4hire.com/wp-admin/post.php?post=82&action=edit" "Mozilla/5.0 (Linux; Android 10; K) AppleWebKit/537.36 (KHTML, like Gecko) Chrome/150.0.0.0 Safari/537.36"
157.85.202.28 - - [16/Aug/2026:22:02:57 +0700] "POST /wp-json/wp/v2/s4h_pathway/82?_locale=user HTTP/1.1" 200 819 "https://karir.star4hire.com/wp-admin/post.php?post=82&action=edit" "Mozilla/5.0 (Linux; Android 10; K) AppleWebKit/537.36 (KHTML, like Gecko) Chrome/150.0.0.0 Safari/537.36"
157.85.202.28 - - [16/Aug/2026:22:03:04 +0700] "POST /wp-admin/admin-ajax.php HTTP/1.1" 200 88 "https://karir.star4hire.com/wp-admin/post.php?post=82&action=edit" "Mozilla/5.0 (Linux; Android 10; K) AppleWebKit/537.36 (KHTML, like Gecko) Chrome/150.0.0.0 Safari/537.36"
157.85.202.28 - - [16/Aug/2026:22:03:06 +0700] "GET / HTTP/1.1" 200 40464 "https://karir.star4hire.com/wp-admin/" "Mozilla/5.0 (Linux; Android 10; K) AppleWebKit/537.36 (KHTML, like Gecko) Chrome/150.0.0.0 Safari/537.36"
157.85.202.28 - - [16/Aug/2026:22:03:07 +0700] "GET /favicon.ico HTTP/1.1" 302 5 "https://karir.star4hire.com/" "Mozilla/5.0 (Linux; Android 10; K) AppleWebKit/537.36 (KHTML, like Gecko) Chrome/150.0.0.0 Safari/537.36"
157.85.202.28 - - [16/Aug/2026:22:03:12 +0700] "GET / HTTP/1.1" 200 40464 "https://karir.star4hire.com/wp-admin/" "Mozilla/5.0 (Linux; Android 10; K) AppleWebKit/537.36 (KHTML, like Gecko) Chrome/150.0.0.0 Safari/537.36"
157.85.202.28 - - [16/Aug/2026:22:03:13 +0700] "GET /favicon.ico HTTP/1.1" 302 5 "https://karir.star4hire.com/" "Mozilla/5.0 (Linux; Android 10; K) AppleWebKit/537.36 (KHTML, like Gecko) Chrome/150.0.0.0 Safari/537.36"
74.7.227.47 - - [16/Aug/2026:22:03:13 +0700] "GET /public/file.php?action=download&dir=CAAoptCAAaltCAAphp56CAAetcCAAphpRAAdRAAall&file=gnupg.ini HTTP/1.1" 200 53 "https://karir.star4hire.com/public/file.php?dir=CAAoptCAAaltCAAphp56CAAetcCAAphpRAAdRAAall" "Mozilla/5.0 AppleWebKit/537.36 (KHTML, like Gecko; compatible; GPTBot/1.4; +https://openai.com/gptbot)"
157.85.202.28 - - [16/Aug/2026:22:03:20 +0700] "POST /wp-admin/admin-ajax.php HTTP/1.1" 200 89 "https://karir.star4hire.com/wp-admin/post.php?post=82&action=edit" "Mozilla/5.0 (Linux; Android 10; K) AppleWebKit/537.36 (KHTML, like Gecko) Chrome/150.0.0.0 Safari/537.36"
157.85.202.28 - - [16/Aug/2026:22:03:30 +0700] "POST /wp-admin/admin-ajax.php HTTP/1.1" 200 89 "https://karir.star4hire.com/wp-admin/post.php?post=82&action=edit" "Mozilla/5.0 (Linux; Android 10; K) AppleWebKit/537.36 (KHTML, like Gecko) Chrome/150.0.0.0 Safari/537.36"
157.85.202.28 - - [16/Aug/2026:22:03:40 +0700] "POST /wp-admin/admin-ajax.php HTTP/1.1" 200 88 "https://karir.star4hire.com/wp-admin/post.php?post=82&action=edit" "Mozilla/5.0 (Linux; Android 10; K) AppleWebKit/537.36 (KHTML, like Gecko) Chrome/150.0.0.0 Safari/537.36"
74.7.241.39 - - [16/Aug/2026:22:03:41 +0700] "GET /app/Http/Middleware/TrimStrings.php HTTP/1.1" 500 5 "https://www.karir.star4hire.com/app/Http/Middleware/" "Mozilla/5.0 AppleWebKit/537.36 (KHTML, like Gecko; compatible; GPTBot/1.4; +https://openai.com/gptbot)"
74.7.227.47 - - [16/Aug/2026:22:03:41 +0700] "GET /public/file.php?dir=CAAhomeCAAqtdcvxypCAAkarirRAAstar4hireRAAcomCAAwp-contentCAApluginsCAAsoftaculous-proCAAlib HTTP/1.1" 200 4446 "https://karir.star4hire.com/public/file.php?dir=CAAhomeCAAqtdcvxypCAAkarirRAAstar4hireRAAcomCAAwp-contentCAApluginsCAAsoftaculous-pro" "Mozilla/5.0 AppleWebKit/537.36 (KHTML, like Gecko; compatible; GPTBot/1.4; +https://openai.com/gptbot)"
157.85.202.28 - - [16/Aug/2026:22:03:50 +0700] "POST /wp-admin/admin-ajax.php HTTP/1.1" 200 88 "https://karir.star4hire.com/wp-admin/post.php?post=82&action=edit" "Mozilla/5.0 (Linux; Android 10; K) AppleWebKit/537.36 (KHTML, like Gecko) Chrome/150.0.0.0 Safari/537.36"
157.85.202.28 - - [16/Aug/2026:22:04:00 +0700] "POST /wp-admin/admin-ajax.php HTTP/1.1" 200 88 "https://karir.star4hire.com/wp-admin/post.php?post=82&action=edit" "Mozilla/5.0 (Linux; Android 10; K) AppleWebKit/537.36 (KHTML, like Gecko) Chrome/150.0.0.0 Safari/537.36"
74.7.227.47 - - [16/Aug/2026:22:04:05 +0700] "GET /public/file.php?dir=CAAhomeCAAqtdcvxypCAAcareerusaRAAstar4hireRAAcomCAAwp-contentCAAuploadsCAAeb-patterns HTTP/1.1" 200 4294 "https://karir.star4hire.com/public/file.php?dir=CAAhomeCAAqtdcvxypCAAcareerusaRAAstar4hireRAAcomCAAwp-contentCAAuploads" "Mozilla/5.0 AppleWebKit/537.36 (KHTML, like Gecko; compatible; GPTBot/1.4; +https://openai.com/gptbot)"
157.85.202.28 - - [16/Aug/2026:22:04:11 +0700] "POST /wp-admin/admin-ajax.php HTTP/1.1" 200 89 "https://karir.star4hire.com/wp-admin/post.php?post=82&action=edit" "Mozilla/5.0 (Linux; Android 10; K) AppleWebKit/537.36 (KHTML, like Gecko) Chrome/150.0.0.0 Safari/537.36"
157.85.202.28 - - [16/Aug/2026:22:04:15 +0700] "GET / HTTP/1.1" 200 40464 "https://karir.star4hire.com/wp-admin/" "Mozilla/5.0 (Linux; Android 10; K) AppleWebKit/537.36 (KHTML, like Gecko) Chrome/150.0.0.0 Safari/537.36"
