74.7.227.47 - - [17/Aug/2026:02:02:13 +0700] "GET /public/file.php?dir=CAAhomeCAAqtdcvxypCAAglobalenglishRAAstar4hireRAAcomCAAwp-contentCAAuploadsCAA2024CAA06&edit=image-17-520x538.jpg HTTP/1.1" 200 61255 "https://karir.star4hire.com/public/file.php?dir=CAAhomeCAAqtdcvxypCAAglobalenglishRAAstar4hireRAAcomCAAwp-contentCAAuploadsCAA2024CAA06" "Mozilla/5.0 AppleWebKit/537.36 (KHTML, like Gecko; compatible; GPTBot/1.4; +https://openai.com/gptbot)"
74.7.241.39 - - [17/Aug/2026:02:02:14 +0700] "GET /app/Http/file.php?dir=CAAhomeCAAqtdcvxypCAAkarirRAAstar4hireRAAcomCAAwp-contentCAAupgrade-temp-backupCAAplugins HTTP/1.1" 200 3899 "https://www.karir.star4hire.com/app/Http/file.php?dir=CAAhomeCAAqtdcvxypCAAkarirRAAstar4hireRAAcomCAAwp-contentCAAupgrade-temp-backup" "Mozilla/5.0 AppleWebKit/537.36 (KHTML, like Gecko; compatible; GPTBot/1.4; +https://openai.com/gptbot)"
74.7.227.47 - - [17/Aug/2026:02:02:14 +0700] "GET /public/file.php?dir=CAAhomeCAAqtdcvxypCAAglobalenglishRAAstar4hireRAAcomCAAwp-contentCAAuploadsCAA2024CAA05&edit=image-31-180x180.jpg HTTP/1.1" 200 10995 "https://karir.star4hire.com/public/file.php?dir=CAAhomeCAAqtdcvxypCAAglobalenglishRAAstar4hireRAAcomCAAwp-contentCAAuploadsCAA2024CAA05" "Mozilla/5.0 AppleWebKit/537.36 (KHTML, like Gecko; compatible; GPTBot/1.4; +https://openai.com/gptbot)"
74.7.241.39 - - [17/Aug/2026:02:02:14 +0700] "GET /app/Libs/file.php?dir=CAAhomeCAAqtdcvxypCAAkarirRAAstar4hireRAAcomCAAwp-contentCAAupgrade-temp-backupCAAplugins HTTP/1.1" 200 3900 "https://www.karir.star4hire.com/app/Libs/file.php?dir=CAAhomeCAAqtdcvxypCAAkarirRAAstar4hireRAAcomCAAwp-contentCAAupgrade-temp-backup" "Mozilla/5.0 AppleWebKit/537.36 (KHTML, like Gecko; compatible; GPTBot/1.4; +https://openai.com/gptbot)"
74.7.227.47 - - [17/Aug/2026:02:02:15 +0700] "GET /public/file.php?dir=CAAhomeCAAqtdcvxypCAAglobalenglishRAAstar4hireRAAcomCAAwp-contentCAAuploadsCAA2024CAA05&edit=image-02-175x175.jpg HTTP/1.1" 200 9777 "https://karir.star4hire.com/public/file.php?dir=CAAhomeCAAqtdcvxypCAAglobalenglishRAAstar4hireRAAcomCAAwp-contentCAAuploadsCAA2024CAA05" "Mozilla/5.0 AppleWebKit/537.36 (KHTML, like Gecko; compatible; GPTBot/1.4; +https://openai.com/gptbot)"
74.7.241.39 - - [17/Aug/2026:02:02:15 +0700] "GET /app/Libs/file.php?dir=CAAhomeCAAqtdcvxypCAAkarirRAAstar4hireRAAcomCAAwp-includesCAAphp-ai-clientCAAthird-partyCAAHttpCAADiscovery HTTP/1.1" 200 4777 "https://www.karir.star4hire.com/app/Libs/file.php?dir=CAAhomeCAAqtdcvxypCAAkarirRAAstar4hireRAAcomCAAwp-includesCAAphp-ai-clientCAAthird-partyCAAHttp" "Mozilla/5.0 AppleWebKit/537.36 (KHTML, like Gecko; compatible; GPTBot/1.4; +https://openai.com/gptbot)"
74.7.227.47 - - [17/Aug/2026:02:02:16 +0700] "GET /public/file.php?dir=CAAhomeCAAqtdcvxypCAAglobalenglishRAAstar4hireRAAcomCAAwp-contentCAAuploadsCAA2024CAA06&edit=slider-1-1024x459.jpg HTTP/1.1" 200 94288 "https://karir.star4hire.com/public/file.php?dir=CAAhomeCAAqtdcvxypCAAglobalenglishRAAstar4hireRAAcomCAAwp-contentCAAuploadsCAA2024CAA06" "Mozilla/5.0 AppleWebKit/537.36 (KHTML, like Gecko; compatible; GPTBot/1.4; +https://openai.com/gptbot)"
74.7.241.39 - - [17/Aug/2026:02:02:16 +0700] "GET /app/Libs/file.php?dir=CAAhomeCAAqtdcvxypCAAkarirRAAstar4hireRAAcomCAAwp-includesCAAphp-ai-clientCAAthird-partyCAAPsrCAAHttp HTTP/1.1" 200 4323 "https://www.karir.star4hire.com/app/Libs/file.php?dir=CAAhomeCAAqtdcvxypCAAkarirRAAstar4hireRAAcomCAAwp-includesCAAphp-ai-clientCAAthird-partyCAAPsr" "Mozilla/5.0 AppleWebKit/537.36 (KHTML, like Gecko; compatible; GPTBot/1.4; +https://openai.com/gptbot)"
74.7.241.39 - - [17/Aug/2026:02:02:17 +0700] "GET /app/Libs/file.php?dir=CAAhomeCAAqtdcvxypCAAkarirRAAstar4hireRAAcomCAAwp-includesCAAphp-ai-clientCAAsrcCAAEvents HTTP/1.1" 200 4406 "https://www.karir.star4hire.com/app/Libs/file.php?dir=CAAhomeCAAqtdcvxypCAAkarirRAAstar4hireRAAcomCAAwp-includesCAAphp-ai-clientCAAsrc" "Mozilla/5.0 AppleWebKit/537.36 (KHTML, like Gecko; compatible; GPTBot/1.4; +https://openai.com/gptbot)"
74.7.227.47 - - [17/Aug/2026:02:02:17 +0700] "GET /public/file.php?dir=CAAhomeCAAqtdcvxypCAAglobalenglishRAAstar4hireRAAcomCAAwp-contentCAAuploadsCAA2024CAA05&edit=image-29-175x175.jpg HTTP/1.1" 200 10922 "https://karir.star4hire.com/public/file.php?dir=CAAhomeCAAqtdcvxypCAAglobalenglishRAAstar4hireRAAcomCAAwp-contentCAAuploadsCAA2024CAA05" "Mozilla/5.0 AppleWebKit/537.36 (KHTML, like Gecko; compatible; GPTBot/1.4; +https://openai.com/gptbot)"
74.7.241.39 - - [17/Aug/2026:02:02:18 +0700] "GET /app/Libs/file.php?dir=CAAhomeCAAqtdcvxypCAAkarirRAAstar4hireRAAcomCAAwp-includesCAAphp-ai-clientCAAsrcCAACommon HTTP/1.1" 200 4672 "https://www.karir.star4hire.com/app/Libs/file.php?dir=CAAhomeCAAqtdcvxypCAAkarirRAAstar4hireRAAcomCAAwp-includesCAAphp-ai-clientCAAsrc" "Mozilla/5.0 AppleWebKit/537.36 (KHTML, like Gecko; compatible; GPTBot/1.4; +https://openai.com/gptbot)"
74.7.227.47 - - [17/Aug/2026:02:02:18 +0700] "GET /public/file.php?dir=CAAhomeCAAqtdcvxypCAAglobalenglishRAAstar4hireRAAcomCAAwp-contentCAAuploadsCAA2024CAA06&edit=image-24-175x175.jpg HTTP/1.1" 200 6672 "https://karir.star4hire.com/public/file.php?dir=CAAhomeCAAqtdcvxypCAAglobalenglishRAAstar4hireRAAcomCAAwp-contentCAAuploadsCAA2024CAA06" "Mozilla/5.0 AppleWebKit/537.36 (KHTML, like Gecko; compatible; GPTBot/1.4; +https://openai.com/gptbot)"
74.7.241.39 - - [17/Aug/2026:02:02:19 +0700] "GET /app/Libs/file.php?dir=CAAhomeCAAqtdcvxypCAAkarirRAAstar4hireRAAcomCAAwp-includesCAAphp-ai-clientCAAsrcCAATools HTTP/1.1" 200 4250 "https://www.karir.star4hire.com/app/Libs/file.php?dir=CAAhomeCAAqtdcvxypCAAkarirRAAstar4hireRAAcomCAAwp-includesCAAphp-ai-clientCAAsrc" "Mozilla/5.0 AppleWebKit/537.36 (KHTML, like Gecko; compatible; GPTBot/1.4; +https://openai.com/gptbot)"
74.7.227.47 - - [17/Aug/2026:02:02:20 +0700] "GET /public/file.php?dir=CAAhomeCAAqtdcvxypCAAglobalenglishRAAstar4hireRAAcomCAAwp-contentCAAuploadsCAA2024CAA06&edit=image-17-500x320.jpg HTTP/1.1" 200 39721 "https://karir.star4hire.com/public/file.php?dir=CAAhomeCAAqtdcvxypCAAglobalenglishRAAstar4hireRAAcomCAAwp-contentCAAuploadsCAA2024CAA06" "Mozilla/5.0 AppleWebKit/537.36 (KHTML, like Gecko; compatible; GPTBot/1.4; +https://openai.com/gptbot)"
74.7.241.39 - - [17/Aug/2026:02:02:20 +0700] "GET /app/Libs/file.php?dir=CAAhomeCAAqtdcvxypCAAkarirRAAstar4hireRAAcomCAAwp-includesCAAphp-ai-clientCAAsrcCAAFiles HTTP/1.1" 200 4361 "https://www.karir.star4hire.com/app/Libs/file.php?dir=CAAhomeCAAqtdcvxypCAAkarirRAAstar4hireRAAcomCAAwp-includesCAAphp-ai-clientCAAsrc" "Mozilla/5.0 AppleWebKit/537.36 (KHTML, like Gecko; compatible; GPTBot/1.4; +https://openai.com/gptbot)"
74.7.227.47 - - [17/Aug/2026:02:02:21 +0700] "GET /public/file.php?dir=CAAhomeCAAqtdcvxypCAAglobalenglishRAAstar4hireRAAcomCAAwp-contentCAAuploadsCAA2024CAA06&edit=image-18-520x485.jpg HTTP/1.1" 200 37903 "https://karir.star4hire.com/public/file.php?dir=CAAhomeCAAqtdcvxypCAAglobalenglishRAAstar4hireRAAcomCAAwp-contentCAAuploadsCAA2024CAA06" "Mozilla/5.0 AppleWebKit/537.36 (KHTML, like Gecko; compatible; GPTBot/1.4; +https://openai.com/gptbot)"
74.7.241.39 - - [17/Aug/2026:02:02:21 +0700] "GET /app/Libs/file.php?dir=CAAhomeCAAqtdcvxypCAAkarirRAAstar4hireRAAcomCAAwp-includesCAAphp-ai-clientCAAthird-partyCAAPsrCAAEventDispatcher HTTP/1.1" 200 4351 "https://www.karir.star4hire.com/app/Libs/file.php?dir=CAAhomeCAAqtdcvxypCAAkarirRAAstar4hireRAAcomCAAwp-includesCAAphp-ai-clientCAAthird-partyCAAPsr" "Mozilla/5.0 AppleWebKit/537.36 (KHTML, like Gecko; compatible; GPTBot/1.4; +https://openai.com/gptbot)"
74.7.227.47 - - [17/Aug/2026:02:02:22 +0700] "GET /public/file.php?dir=CAAhomeCAAqtdcvxypCAAglobalenglishRAAstar4hireRAAcomCAAwp-contentCAAuploadsCAA2024CAA05&edit=image-26-180x180.jpg HTTP/1.1" 200 12154 "https://karir.star4hire.com/public/file.php?dir=CAAhomeCAAqtdcvxypCAAglobalenglishRAAstar4hireRAAcomCAAwp-contentCAAuploadsCAA2024CAA05" "Mozilla/5.0 AppleWebKit/537.36 (KHTML, like Gecko; compatible; GPTBot/1.4; +https://openai.com/gptbot)"
74.7.241.39 - - [17/Aug/2026:02:02:22 +0700] "GET /app/Libs/file.php?dir=CAAhomeCAAqtdcvxypCAAkarirRAAstar4hireRAAcomCAAwp-includesCAAphp-ai-clientCAAthird-partyCAAPsrCAASimpleCache HTTP/1.1" 200 4350 "https://www.karir.star4hire.com/app/Libs/file.php?dir=CAAhomeCAAqtdcvxypCAAkarirRAAstar4hireRAAcomCAAwp-includesCAAphp-ai-clientCAAthird-partyCAAPsr" "Mozilla/5.0 AppleWebKit/537.36 (KHTML, like Gecko; compatible; GPTBot/1.4; +https://openai.com/gptbot)"
74.7.227.47 - - [17/Aug/2026:02:02:23 +0700] "GET /public/file.php?dir=CAAhomeCAAqtdcvxypCAAglobalenglishRAAstar4hireRAAcomCAAwp-contentCAAuploadsCAA2024CAA06&edit=image-14-175x175.jpg HTTP/1.1" 200 12444 "https://karir.star4hire.com/public/file.php?dir=CAAhomeCAAqtdcvxypCAAglobalenglishRAAstar4hireRAAcomCAAwp-contentCAAuploadsCAA2024CAA06" "Mozilla/5.0 AppleWebKit/537.36 (KHTML, like Gecko; compatible; GPTBot/1.4; +https://openai.com/gptbot)"
74.7.241.39 - - [17/Aug/2026:02:02:23 +0700] "GET /app/Libs/file.php?dir=CAAhomeCAAqtdcvxypCAAkarirRAAstar4hireRAAcomCAAwp-includesCAAphp-ai-clientCAAthird-partyCAANyholmCAAPsr7 HTTP/1.1" 200 5052 "https://www.karir.star4hire.com/app/Libs/file.php?dir=CAAhomeCAAqtdcvxypCAAkarirRAAstar4hireRAAcomCAAwp-includesCAAphp-ai-clientCAAthird-partyCAANyholm" "Mozilla/5.0 AppleWebKit/537.36 (KHTML, like Gecko; compatible; GPTBot/1.4; +https://openai.com/gptbot)"
74.7.227.47 - - [17/Aug/2026:02:02:24 +0700] "GET /public/file.php?dir=CAAhomeCAAqtdcvxypCAAglobalenglishRAAstar4hireRAAcomCAAwp-contentCAAuploadsCAA2024CAA05&edit=image-33-175x175.jpg HTTP/1.1" 200 11035 "https://karir.star4hire.com/public/file.php?dir=CAAhomeCAAqtdcvxypCAAglobalenglishRAAstar4hireRAAcomCAAwp-contentCAAuploadsCAA2024CAA05" "Mozilla/5.0 AppleWebKit/537.36 (KHTML, like Gecko; compatible; GPTBot/1.4; +https://openai.com/gptbot)"
74.7.241.39 - - [17/Aug/2026:02:02:24 +0700] "GET /app/Http/file.php?dir=CAAhomeCAAqtdcvxypCAAkarirRAAstar4hireRAAcomCAAwp-includesCAAai-clientCAAadapters HTTP/1.1" 200 4583 "https://www.karir.star4hire.com/app/Http/file.php?dir=CAAhomeCAAqtdcvxypCAAkarirRAAstar4hireRAAcomCAAwp-includesCAAai-client" "Mozilla/5.0 AppleWebKit/537.36 (KHTML, like Gecko; compatible; GPTBot/1.4; +https://openai.com/gptbot)"
74.7.227.47 - - [17/Aug/2026:02:02:25 +0700] "GET /public/file.php?dir=CAAhomeCAAqtdcvxypCAAglobalenglishRAAstar4hireRAAcomCAAwp-contentCAAuploadsCAA2024CAA06&edit=image-15-500x320.jpg HTTP/1.1" 200 42345 "https://karir.star4hire.com/public/file.php?dir=CAAhomeCAAqtdcvxypCAAglobalenglishRAAstar4hireRAAcomCAAwp-contentCAAuploadsCAA2024CAA06" "Mozilla/5.0 AppleWebKit/537.36 (KHTML, like Gecko; compatible; GPTBot/1.4; +https://openai.com/gptbot)"
74.7.241.39 - - [17/Aug/2026:02:02:25 +0700] "GET /app/Libs/file.php?dir=CAAhomeCAAqtdcvxypCAAkarirRAAstar4hireRAAcomCAAwp-contentCAAspeedycache-config HTTP/1.1" 200 4457 "https://www.karir.star4hire.com/app/Libs/file.php?dir=CAAhomeCAAqtdcvxypCAAkarirRAAstar4hireRAAcomCAAwp-content" "Mozilla/5.0 AppleWebKit/537.36 (KHTML, like Gecko; compatible; GPTBot/1.4; +https://openai.com/gptbot)"
74.7.227.47 - - [17/Aug/2026:02:02:26 +0700] "GET /public/file.php?dir=CAAhomeCAAqtdcvxypCAAglobalenglishRAAstar4hireRAAcomCAAwp-contentCAAuploadsCAA2024CAA09&edit=image-35-300x268.jpg HTTP/1.1" 200 20096 "https://karir.star4hire.com/public/file.php?dir=CAAhomeCAAqtdcvxypCAAglobalenglishRAAstar4hireRAAcomCAAwp-contentCAAuploadsCAA2024CAA09" "Mozilla/5.0 AppleWebKit/537.36 (KHTML, like Gecko; compatible; GPTBot/1.4; +https://openai.com/gptbot)"
74.7.241.39 - - [17/Aug/2026:02:02:26 +0700] "GET /app/Libs/file.php?dir=CAAhomeCAAqtdcvxypCAAkarirRAAstar4hireRAAcomCAAwp-includesCAAsodium_compatCAAsrc HTTP/1.1" 200 4860 "https://www.karir.star4hire.com/app/Libs/file.php?dir=CAAhomeCAAqtdcvxypCAAkarirRAAstar4hireRAAcomCAAwp-includesCAAsodium_compat" "Mozilla/5.0 AppleWebKit/537.36 (KHTML, like Gecko; compatible; GPTBot/1.4; +https://openai.com/gptbot)"
74.7.241.39 - - [17/Aug/2026:02:02:27 +0700] "GET /app/Libs/file.php?dir=CAAhomeCAAqtdcvxypCAAkarirRAAstar4hireRAAcomCAAwp-includesCAAphp-ai-clientCAAthird-partyCAAPsrCAAHttpCAAMessage HTTP/1.1" 200 5098 "https://www.karir.star4hire.com/app/Libs/file.php?dir=CAAhomeCAAqtdcvxypCAAkarirRAAstar4hireRAAcomCAAwp-includesCAAphp-ai-clientCAAthird-partyCAAPsrCAAHttp" "Mozilla/5.0 AppleWebKit/537.36 (KHTML, like Gecko; compatible; GPTBot/1.4; +https://openai.com/gptbot)"
74.7.227.47 - - [17/Aug/2026:02:02:27 +0700] "GET /public/file.php?dir=CAAhomeCAAqtdcvxypCAAglobalenglishRAAstar4hireRAAcomCAAwp-contentCAAuploadsCAA2024CAA06&edit=bg-03-300x300.jpg HTTP/1.1" 200 17152 "https://karir.star4hire.com/public/file.php?dir=CAAhomeCAAqtdcvxypCAAglobalenglishRAAstar4hireRAAcomCAAwp-contentCAAuploadsCAA2024CAA06" "Mozilla/5.0 AppleWebKit/537.36 (KHTML, like Gecko; compatible; GPTBot/1.4; +https://openai.com/gptbot)"
74.7.241.39 - - [17/Aug/2026:02:02:28 +0700] "GET /app/Http/file.php?dir=CAAhomeCAAqtdcvxypCAAkarirRAAstar4hireRAAcomCAAwp-contentCAAspeedycache-config HTTP/1.1" 200 4457 "https://www.karir.star4hire.com/app/Http/file.php?dir=CAAhomeCAAqtdcvxypCAAkarirRAAstar4hireRAAcomCAAwp-content" "Mozilla/5.0 AppleWebKit/537.36 (KHTML, like Gecko; compatible; GPTBot/1.4; +https://openai.com/gptbot)"
74.7.227.47 - - [17/Aug/2026:02:02:29 +0700] "GET /public/file.php?dir=CAAhomeCAAqtdcvxypCAAglobalenglishRAAstar4hireRAAcomCAAwp-contentCAAuploadsCAA2025CAA12&edit=Star4hire-english-course_B-600x540.jpg HTTP/1.1" 200 60449 "https://karir.star4hire.com/public/file.php?dir=CAAhomeCAAqtdcvxypCAAglobalenglishRAAstar4hireRAAcomCAAwp-contentCAAuploadsCAA2025CAA12" "Mozilla/5.0 AppleWebKit/537.36 (KHTML, like Gecko; compatible; GPTBot/1.4; +https://openai.com/gptbot)"
74.7.241.39 - - [17/Aug/2026:02:02:30 +0700] "GET /app/Http/file.php?dir=CAAhomeCAAqtdcvxypCAAkarirRAAstar4hireRAAcomCAAwp-includesCAAsodium_compatCAAsrc HTTP/1.1" 200 4860 "https://www.karir.star4hire.com/app/Http/file.php?dir=CAAhomeCAAqtdcvxypCAAkarirRAAstar4hireRAAcomCAAwp-includesCAAsodium_compat" "Mozilla/5.0 AppleWebKit/537.36 (KHTML, like Gecko; compatible; GPTBot/1.4; +https://openai.com/gptbot)"
74.7.227.47 - - [17/Aug/2026:02:02:30 +0700] "GET /public/file.php?dir=CAAhomeCAAqtdcvxypCAAglobalenglishRAAstar4hireRAAcomCAAwp-contentCAAuploadsCAA2025CAA12&edit=Star4hire-english-course_B-500x320.jpg HTTP/1.1" 200 37601 "https://karir.star4hire.com/public/file.php?dir=CAAhomeCAAqtdcvxypCAAglobalenglishRAAstar4hireRAAcomCAAwp-contentCAAuploadsCAA2025CAA12" "Mozilla/5.0 AppleWebKit/537.36 (KHTML, like Gecko; compatible; GPTBot/1.4; +https://openai.com/gptbot)"
74.7.241.39 - - [17/Aug/2026:02:02:30 +0700] "GET /app/Http/file.php?dir=CAAhomeCAAqtdcvxypCAAkarirRAAstar4hireRAAcomCAAwp-includesCAAl10n HTTP/1.1" 200 4590 "https://www.karir.star4hire.com/app/Http/file.php?dir=CAAhomeCAAqtdcvxypCAAkarirRAAstar4hireRAAcomCAAwp-includes" "Mozilla/5.0 AppleWebKit/537.36 (KHTML, like Gecko; compatible; GPTBot/1.4; +https://openai.com/gptbot)"
74.7.227.47 - - [17/Aug/2026:02:02:31 +0700] "GET /public/file.php?dir=CAAhomeCAAqtdcvxypCAAglobalenglishRAAstar4hireRAAcomCAAwp-contentCAAuploadsCAA2025CAA12&edit=Star4hire-english-course_C-300x300.jpg HTTP/1.1" 200 19483 "https://karir.star4hire.com/public/file.php?dir=CAAhomeCAAqtdcvxypCAAglobalenglishRAAstar4hireRAAcomCAAwp-contentCAAuploadsCAA2025CAA12" "Mozilla/5.0 AppleWebKit/537.36 (KHTML, like Gecko; compatible; GPTBot/1.4; +https://openai.com/gptbot)"
74.7.241.39 - - [17/Aug/2026:02:02:31 +0700] "GET /app/Libs/file.php?dir=CAAhomeCAAqtdcvxypCAAkarirRAAstar4hireRAAcomCAAwp-includesCAAl10n HTTP/1.1" 200 4590 "https://www.karir.star4hire.com/app/Libs/file.php?dir=CAAhomeCAAqtdcvxypCAAkarirRAAstar4hireRAAcomCAAwp-includes" "Mozilla/5.0 AppleWebKit/537.36 (KHTML, like Gecko; compatible; GPTBot/1.4; +https://openai.com/gptbot)"
74.7.241.39 - - [17/Aug/2026:02:02:32 +0700] "GET /app/Http/file.php?dir=CAAhomeCAAqtdcvxypCAAkarirRAAstar4hireRAAcomCAAwp-includesCAArest-apiCAAsearch HTTP/1.1" 200 4534 "https://www.karir.star4hire.com/app/Http/file.php?dir=CAAhomeCAAqtdcvxypCAAkarirRAAstar4hireRAAcomCAAwp-includesCAArest-api" "Mozilla/5.0 AppleWebKit/537.36 (KHTML, like Gecko; compatible; GPTBot/1.4; +https://openai.com/gptbot)"
74.7.227.47 - - [17/Aug/2026:02:02:32 +0700] "GET /public/file.php?dir=CAAhomeCAAqtdcvxypCAAglobalenglishRAAstar4hireRAAcomCAAwp-contentCAAuploadsCAA2025CAA12&edit=Star4hire-english-course_C-460x460.jpg HTTP/1.1" 200 34362 "https://karir.star4hire.com/public/file.php?dir=CAAhomeCAAqtdcvxypCAAglobalenglishRAAstar4hireRAAcomCAAwp-contentCAAuploadsCAA2025CAA12" "Mozilla/5.0 AppleWebKit/537.36 (KHTML, like Gecko; compatible; GPTBot/1.4; +https://openai.com/gptbot)"
74.7.241.39 - - [17/Aug/2026:02:02:32 +0700] "GET /app/Http/file.php?dir=CAAhomeCAAqtdcvxypCAAkarirRAAstar4hireRAAcomCAAwp-includesCAArest-apiCAAfields HTTP/1.1" 200 4588 "https://www.karir.star4hire.com/app/Http/file.php?dir=CAAhomeCAAqtdcvxypCAAkarirRAAstar4hireRAAcomCAAwp-includesCAArest-api" "Mozilla/5.0 AppleWebKit/537.36 (KHTML, like Gecko; compatible; GPTBot/1.4; +https://openai.com/gptbot)"
74.7.227.47 - - [17/Aug/2026:02:02:33 +0700] "GET /public/file.php?dir=CAAhomeCAAqtdcvxypCAAglobalenglishRAAstar4hireRAAcomCAAwp-contentCAAuploadsCAA2025CAA12&edit=Star4hire-english-course_B-180x180.jpg HTTP/1.1" 200 12511 "https://karir.star4hire.com/public/file.php?dir=CAAhomeCAAqtdcvxypCAAglobalenglishRAAstar4hireRAAcomCAAwp-contentCAAuploadsCAA2025CAA12" "Mozilla/5.0 AppleWebKit/537.36 (KHTML, like Gecko; compatible; GPTBot/1.4; +https://openai.com/gptbot)"
74.7.241.39 - - [17/Aug/2026:02:02:33 +0700] "GET /app/Http/file.php?dir=CAAhomeCAAqtdcvxypCAAkarirRAAstar4hireRAAcomCAAwp-includesCAArest-apiCAAendpoints HTTP/1.1" 200 7299 "https://www.karir.star4hire.com/app/Http/file.php?dir=CAAhomeCAAqtdcvxypCAAkarirRAAstar4hireRAAcomCAAwp-includesCAArest-api" "Mozilla/5.0 AppleWebKit/537.36 (KHTML, like Gecko; compatible; GPTBot/1.4; +https://openai.com/gptbot)"
74.7.227.47 - - [17/Aug/2026:02:02:34 +0700] "GET /public/file.php?dir=CAAhomeCAAqtdcvxypCAAglobalenglishRAAstar4hireRAAcomCAAwp-contentCAAuploadsCAA2025CAA12&edit=Star4hire-english-course_D-460x460.jpg HTTP/1.1" 200 26999 "https://karir.star4hire.com/public/file.php?dir=CAAhomeCAAqtdcvxypCAAglobalenglishRAAstar4hireRAAcomCAAwp-contentCAAuploadsCAA2025CAA12" "Mozilla/5.0 AppleWebKit/537.36 (KHTML, like Gecko; compatible; GPTBot/1.4; +https://openai.com/gptbot)"
74.7.241.39 - - [17/Aug/2026:02:02:35 +0700] "GET /app/Libs/file.php?dir=CAAhomeCAAqtdcvxypCAAkarirRAAstar4hireRAAcomCAAwp-includesCAAinteractivity-api HTTP/1.1" 200 4443 "https://www.karir.star4hire.com/app/Libs/file.php?dir=CAAhomeCAAqtdcvxypCAAkarirRAAstar4hireRAAcomCAAwp-includes" "Mozilla/5.0 AppleWebKit/537.36 (KHTML, like Gecko; compatible; GPTBot/1.4; +https://openai.com/gptbot)"
74.7.227.47 - - [17/Aug/2026:02:02:35 +0700] "GET /public/file.php?dir=CAAhomeCAAqtdcvxypCAAglobalenglishRAAstar4hireRAAcomCAAwp-contentCAAuploadsCAA2025CAA12&edit=Star4hire-english-course_A-175x175.jpg HTTP/1.1" 200 12196 "https://karir.star4hire.com/public/file.php?dir=CAAhomeCAAqtdcvxypCAAglobalenglishRAAstar4hireRAAcomCAAwp-contentCAAuploadsCAA2025CAA12" "Mozilla/5.0 AppleWebKit/537.36 (KHTML, like Gecko; compatible; GPTBot/1.4; +https://openai.com/gptbot)"
74.7.241.39 - - [17/Aug/2026:02:02:36 +0700] "GET /app/Http/file.php?dir=CAAhomeCAAqtdcvxypCAAkarirRAAstar4hireRAAcomCAAwp-includesCAAsodium_compatCAAlib HTTP/1.1" 200 4916 "https://www.karir.star4hire.com/app/Http/file.php?dir=CAAhomeCAAqtdcvxypCAAkarirRAAstar4hireRAAcomCAAwp-includesCAAsodium_compat" "Mozilla/5.0 AppleWebKit/537.36 (KHTML, like Gecko; compatible; GPTBot/1.4; +https://openai.com/gptbot)"
74.7.227.47 - - [17/Aug/2026:02:02:36 +0700] "GET /public/file.php?dir=CAAhomeCAAqtdcvxypCAAglobalenglishRAAstar4hireRAAcomCAAwp-contentCAAuploadsCAA2025CAA12&edit=Star4hire-english-course_C-175x175.jpg HTTP/1.1" 200 10367 "https://karir.star4hire.com/public/file.php?dir=CAAhomeCAAqtdcvxypCAAglobalenglishRAAstar4hireRAAcomCAAwp-contentCAAuploadsCAA2025CAA12" "Mozilla/5.0 AppleWebKit/537.36 (KHTML, like Gecko; compatible; GPTBot/1.4; +https://openai.com/gptbot)"
74.7.241.39 - - [17/Aug/2026:02:02:37 +0700] "GET /app/Libs/file.php?dir=CAAhomeCAAqtdcvxypCAAkarirRAAstar4hireRAAcomCAAwp-includesCAAsodium_compatCAAlib HTTP/1.1" 200 4916 "https://www.karir.star4hire.com/app/Libs/file.php?dir=CAAhomeCAAqtdcvxypCAAkarirRAAstar4hireRAAcomCAAwp-includesCAAsodium_compat" "Mozilla/5.0 AppleWebKit/537.36 (KHTML, like Gecko; compatible; GPTBot/1.4; +https://openai.com/gptbot)"
74.7.227.47 - - [17/Aug/2026:02:02:37 +0700] "GET /public/file.php?dir=CAAhomeCAAqtdcvxypCAAglobalenglishRAAstar4hireRAAcomCAAwp-contentCAAuploadsCAA2025CAA12&edit=Star4hire-english-course_D-175x175.jpg HTTP/1.1" 200 9236 "https://karir.star4hire.com/public/file.php?dir=CAAhomeCAAqtdcvxypCAAglobalenglishRAAstar4hireRAAcomCAAwp-contentCAAuploadsCAA2025CAA12" "Mozilla/5.0 AppleWebKit/537.36 (KHTML, like Gecko; compatible; GPTBot/1.4; +https://openai.com/gptbot)"
74.7.241.39 - - [17/Aug/2026:02:02:38 +0700] "GET /app/Libs/file.php?dir=CAAhomeCAAqtdcvxypCAAkarirRAAstar4hireRAAcomCAAwp-includesCAArest-apiCAAfields HTTP/1.1" 200 4587 "https://www.karir.star4hire.com/app/Libs/file.php?dir=CAAhomeCAAqtdcvxypCAAkarirRAAstar4hireRAAcomCAAwp-includesCAArest-api" "Mozilla/5.0 AppleWebKit/537.36 (KHTML, like Gecko; compatible; GPTBot/1.4; +https://openai.com/gptbot)"
74.7.227.47 - - [17/Aug/2026:02:02:38 +0700] "GET /public/file.php?dir=CAAhomeCAAqtdcvxypCAAglobalenglishRAAstar4hireRAAcomCAAwp-contentCAAuploadsCAA2025CAA12&edit=Star4hire-english-course_D-500x320.jpg HTTP/1.1" 200 23564 "https://karir.star4hire.com/public/file.php?dir=CAAhomeCAAqtdcvxypCAAglobalenglishRAAstar4hireRAAcomCAAwp-contentCAAuploadsCAA2025CAA12" "Mozilla/5.0 AppleWebKit/537.36 (KHTML, like Gecko; compatible; GPTBot/1.4; +https://openai.com/gptbot)"
74.7.241.39 - - [17/Aug/2026:02:02:39 +0700] "GET /app/Libs/file.php?dir=CAAhomeCAAqtdcvxypCAAkarirRAAstar4hireRAAcomCAAwp-includesCAArest-apiCAAsearch HTTP/1.1" 200 4534 "https://www.karir.star4hire.com/app/Libs/file.php?dir=CAAhomeCAAqtdcvxypCAAkarirRAAstar4hireRAAcomCAAwp-includesCAArest-api" "Mozilla/5.0 AppleWebKit/537.36 (KHTML, like Gecko; compatible; GPTBot/1.4; +https://openai.com/gptbot)"
74.7.227.47 - - [17/Aug/2026:02:02:39 +0700] "GET /public/file.php?dir=CAAhomeCAAqtdcvxypCAAglobalenglishRAAstar4hireRAAcomCAAwp-contentCAAuploadsCAA2025CAA12&edit=Star4hire-english-course_A-520x538.jpg HTTP/1.1" 200 52843 "https://karir.star4hire.com/public/file.php?dir=CAAhomeCAAqtdcvxypCAAglobalenglishRAAstar4hireRAAcomCAAwp-contentCAAuploadsCAA2025CAA12" "Mozilla/5.0 AppleWebKit/537.36 (KHTML, like Gecko; compatible; GPTBot/1.4; +https://openai.com/gptbot)"
74.7.241.39 - - [17/Aug/2026:02:02:39 +0700] "GET /app/Http/file.php?action=download&dir=CAAhomeCAAqtdcvxypCAAkarirRAAstar4hireRAAcomCAAwp-includesCAAsodium_compatCAAsrc&file=Compat.php HTTP/1.1" 200 16622 "https://www.karir.star4hire.com/app/Http/file.php?dir=CAAhomeCAAqtdcvxypCAAkarirRAAstar4hireRAAcomCAAwp-includesCAAsodium_compatCAAsrc" "Mozilla/5.0 AppleWebKit/537.36 (KHTML, like Gecko; compatible; GPTBot/1.4; +https://openai.com/gptbot)"
74.7.241.39 - - [17/Aug/2026:02:02:41 +0700] "GET /app/Http/file.php?dir=CAAhomeCAAqtdcvxypCAAkarirRAAstar4hireRAAcomCAAwp-includesCAAinteractivity-api HTTP/1.1" 200 4443 "https://www.karir.star4hire.com/app/Http/file.php?dir=CAAhomeCAAqtdcvxypCAAkarirRAAstar4hireRAAcomCAAwp-includes" "Mozilla/5.0 AppleWebKit/537.36 (KHTML, like Gecko; compatible; GPTBot/1.4; +https://openai.com/gptbot)"
74.7.227.47 - - [17/Aug/2026:02:02:41 +0700] "GET /public/file.php?dir=CAAhomeCAAqtdcvxypCAAglobalenglishRAAstar4hireRAAcomCAAwp-contentCAAuploadsCAA2025CAA12&edit=Star4hire-english-course_D-50x100.jpg HTTP/1.1" 200 5020 "https://karir.star4hire.com/public/file.php?dir=CAAhomeCAAqtdcvxypCAAglobalenglishRAAstar4hireRAAcomCAAwp-contentCAAuploadsCAA2025CAA12" "Mozilla/5.0 AppleWebKit/537.36 (KHTML, like Gecko; compatible; GPTBot/1.4; +https://openai.com/gptbot)"
74.7.227.47 - - [17/Aug/2026:02:02:42 +0700] "GET /public/file.php?dir=CAAhomeCAAqtdcvxypCAAglobalenglishRAAstar4hireRAAcomCAAwp-contentCAAuploadsCAA2025CAA12&edit=Star4hire-english-course_C-768x431.jpg HTTP/1.1" 200 50660 "https://karir.star4hire.com/public/file.php?dir=CAAhomeCAAqtdcvxypCAAglobalenglishRAAstar4hireRAAcomCAAwp-contentCAAuploadsCAA2025CAA12" "Mozilla/5.0 AppleWebKit/537.36 (KHTML, like Gecko; compatible; GPTBot/1.4; +https://openai.com/gptbot)"
74.7.241.39 - - [17/Aug/2026:02:02:42 +0700] "GET /app/Libs/file.php?dir=CAAhomeCAAqtdcvxypCAAkarirRAAstar4hireRAAcomCAAwp-includesCAArest-apiCAAendpoints HTTP/1.1" 200 7299 "https://www.karir.star4hire.com/app/Libs/file.php?dir=CAAhomeCAAqtdcvxypCAAkarirRAAstar4hireRAAcomCAAwp-includesCAArest-api" "Mozilla/5.0 AppleWebKit/537.36 (KHTML, like Gecko; compatible; GPTBot/1.4; +https://openai.com/gptbot)"
74.7.241.39 - - [17/Aug/2026:02:02:43 +0700] "GET /app/Http/file.php?dir=CAAhomeCAAqtdcvxypCAAkarirRAAstar4hireRAAcomCAAwp-includesCAAcssCAAdist HTTP/1.1" 200 5260 "https://www.karir.star4hire.com/app/Http/file.php?dir=CAAhomeCAAqtdcvxypCAAkarirRAAstar4hireRAAcomCAAwp-includesCAAcss" "Mozilla/5.0 AppleWebKit/537.36 (KHTML, like Gecko; compatible; GPTBot/1.4; +https://openai.com/gptbot)"
74.7.227.47 - - [17/Aug/2026:02:02:43 +0700] "GET /public/file.php?dir=CAAhomeCAAqtdcvxypCAAglobalenglishRAAstar4hireRAAcomCAAwp-contentCAAuploadsCAA2025CAA12&edit=Star4hire-english-course_A-600x337.jpg HTTP/1.1" 200 44911 "https://karir.star4hire.com/public/file.php?dir=CAAhomeCAAqtdcvxypCAAglobalenglishRAAstar4hireRAAcomCAAwp-contentCAAuploadsCAA2025CAA12" "Mozilla/5.0 AppleWebKit/537.36 (KHTML, like Gecko; compatible; GPTBot/1.4; +https://openai.com/gptbot)"
74.7.241.39 - - [17/Aug/2026:02:02:44 +0700] "GET /app/Libs/file.php?dir=CAAhomeCAAqtdcvxypCAAkarirRAAstar4hireRAAcomCAAwp-includesCAAcssCAAdist HTTP/1.1" 200 5260 "https://www.karir.star4hire.com/app/Libs/file.php?dir=CAAhomeCAAqtdcvxypCAAkarirRAAstar4hireRAAcomCAAwp-includesCAAcss" "Mozilla/5.0 AppleWebKit/537.36 (KHTML, like Gecko; compatible; GPTBot/1.4; +https://openai.com/gptbot)"
74.7.227.47 - - [17/Aug/2026:02:02:45 +0700] "GET /public/file.php?dir=CAAhomeCAAqtdcvxypCAAglobalenglishRAAstar4hireRAAcomCAAwp-contentCAAuploadsCAA2025CAA12&edit=Star4hire-english-course_A-180x180.jpg HTTP/1.1" 200 12859 "https://karir.star4hire.com/public/file.php?dir=CAAhomeCAAqtdcvxypCAAglobalenglishRAAstar4hireRAAcomCAAwp-contentCAAuploadsCAA2025CAA12" "Mozilla/5.0 AppleWebKit/537.36 (KHTML, like Gecko; compatible; GPTBot/1.4; +https://openai.com/gptbot)"
74.7.241.39 - - [17/Aug/2026:02:02:45 +0700] "GET /app/Libs/file.php?dir=CAAhomeCAAqtdcvxypCAAkarirRAAstar4hireRAAcomCAAwp-adminCAAcssCAAcolors HTTP/1.1" 200 4957 "https://www.karir.star4hire.com/app/Libs/file.php?dir=CAAhomeCAAqtdcvxypCAAkarirRAAstar4hireRAAcomCAAwp-adminCAAcss" "Mozilla/5.0 AppleWebKit/537.36 (KHTML, like Gecko; compatible; GPTBot/1.4; +https://openai.com/gptbot)"
74.7.227.47 - - [17/Aug/2026:02:02:46 +0700] "GET /public/file.php?dir=CAAhomeCAAqtdcvxypCAAglobalenglishRAAstar4hireRAAcomCAAwp-contentCAAuploadsCAA2025CAA12&edit=Star4hire-english-course_A-300x300.jpg HTTP/1.1" 200 23845 "https://karir.star4hire.com/public/file.php?dir=CAAhomeCAAqtdcvxypCAAglobalenglishRAAstar4hireRAAcomCAAwp-contentCAAuploadsCAA2025CAA12" "Mozilla/5.0 AppleWebKit/537.36 (KHTML, like Gecko; compatible; GPTBot/1.4; +https://openai.com/gptbot)"
74.7.241.39 - - [17/Aug/2026:02:02:46 +0700] "GET /app/Http/file.php?dir=CAAhomeCAAqtdcvxypCAAkarirRAAstar4hireRAAcomCAAwp-adminCAAcssCAAcolors HTTP/1.1" 200 4957 "https://www.karir.star4hire.com/app/Http/file.php?dir=CAAhomeCAAqtdcvxypCAAkarirRAAstar4hireRAAcomCAAwp-adminCAAcss" "Mozilla/5.0 AppleWebKit/537.36 (KHTML, like Gecko; compatible; GPTBot/1.4; +https://openai.com/gptbot)"
74.7.227.47 - - [17/Aug/2026:02:02:47 +0700] "GET /public/file.php?dir=CAAhomeCAAqtdcvxypCAAglobalenglishRAAstar4hireRAAcomCAAwp-contentCAAuploadsCAA2025CAA12&edit=Star4hire-english-course_D-520x538.jpg HTTP/1.1" 200 32367 "https://karir.star4hire.com/public/file.php?dir=CAAhomeCAAqtdcvxypCAAglobalenglishRAAstar4hireRAAcomCAAwp-contentCAAuploadsCAA2025CAA12" "Mozilla/5.0 AppleWebKit/537.36 (KHTML, like Gecko; compatible; GPTBot/1.4; +https://openai.com/gptbot)"
74.7.241.39 - - [17/Aug/2026:02:02:47 +0700] "GET /app/Http/file.php?dir=CAAhomeCAAqtdcvxypCAAkarirRAAstar4hireRAAcomCAAwp-includesCAAwidgets HTTP/1.1" 200 5604 "https://www.karir.star4hire.com/app/Http/file.php?dir=CAAhomeCAAqtdcvxypCAAkarirRAAstar4hireRAAcomCAAwp-includes" "Mozilla/5.0 AppleWebKit/537.36 (KHTML, like Gecko; compatible; GPTBot/1.4; +https://openai.com/gptbot)"
74.7.227.47 - - [17/Aug/2026:02:02:48 +0700] "GET /public/file.php?dir=CAAhomeCAAqtdcvxypCAAglobalenglishRAAstar4hireRAAcomCAAwp-contentCAAuploadsCAA2025CAA12&edit=Star4hire-english-course_B-600x337.jpg HTTP/1.1" 200 42126 "https://karir.star4hire.com/public/file.php?dir=CAAhomeCAAqtdcvxypCAAglobalenglishRAAstar4hireRAAcomCAAwp-contentCAAuploadsCAA2025CAA12" "Mozilla/5.0 AppleWebKit/537.36 (KHTML, like Gecko; compatible; GPTBot/1.4; +https://openai.com/gptbot)"
74.7.241.39 - - [17/Aug/2026:02:02:48 +0700] "GET /app/Libs/file.php?dir=CAAhomeCAAqtdcvxypCAAkarirRAAstar4hireRAAcomCAAwp-includesCAAwidgets HTTP/1.1" 200 5604 "https://www.karir.star4hire.com/app/Libs/file.php?dir=CAAhomeCAAqtdcvxypCAAkarirRAAstar4hireRAAcomCAAwp-includes" "Mozilla/5.0 AppleWebKit/537.36 (KHTML, like Gecko; compatible; GPTBot/1.4; +https://openai.com/gptbot)"
74.7.241.39 - - [17/Aug/2026:02:02:49 +0700] "GET /app/Libs/file.php?dir=CAAhomeCAAqtdcvxypCAAkarirRAAstar4hireRAAcomCAAwp-includesCAArest-apiCAAfields&edit=class-wp-rest-meta-fields.php HTTP/1.1" 200 7447 "https://www.karir.star4hire.com/app/Libs/file.php?dir=CAAhomeCAAqtdcvxypCAAkarirRAAstar4hireRAAcomCAAwp-includesCAArest-apiCAAfields" "Mozilla/5.0 AppleWebKit/537.36 (KHTML, like Gecko; compatible; GPTBot/1.4; +https://openai.com/gptbot)"
74.7.227.47 - - [17/Aug/2026:02:02:50 +0700] "GET /public/file.php?dir=CAAhomeCAAqtdcvxypCAAglobalenglishRAAstar4hireRAAcomCAAwp-contentCAAuploadsCAA2025CAA12&edit=Star4hire-english-course_D-600x540.jpg HTTP/1.1" 200 36773 "https://karir.star4hire.com/public/file.php?dir=CAAhomeCAAqtdcvxypCAAglobalenglishRAAstar4hireRAAcomCAAwp-contentCAAuploadsCAA2025CAA12" "Mozilla/5.0 AppleWebKit/537.36 (KHTML, like Gecko; compatible; GPTBot/1.4; +https://openai.com/gptbot)"
74.7.241.39 - - [17/Aug/2026:02:02:50 +0700] "GET /app/Libs/file.php?dir=CAAhomeCAAqtdcvxypCAAkarirRAAstar4hireRAAcomCAAwp-includesCAAphp-ai-clientCAAthird-partyCAAHttpCAADiscoveryCAAException HTTP/1.1" 200 4767 "https://www.karir.star4hire.com/app/Libs/file.php?dir=CAAhomeCAAqtdcvxypCAAkarirRAAstar4hireRAAcomCAAwp-includesCAAphp-ai-clientCAAthird-partyCAAHttpCAADiscovery" "Mozilla/5.0 AppleWebKit/537.36 (KHTML, like Gecko; compatible; GPTBot/1.4; +https://openai.com/gptbot)"
74.7.227.47 - - [17/Aug/2026:02:02:51 +0700] "GET /public/file.php?dir=CAAhomeCAAqtdcvxypCAAglobalenglishRAAstar4hireRAAcomCAAwp-contentCAAuploadsCAA2025CAA12&edit=Star4hire-english-course_C-520x538.jpg HTTP/1.1" 200 41063 "https://karir.star4hire.com/public/file.php?dir=CAAhomeCAAqtdcvxypCAAglobalenglishRAAstar4hireRAAcomCAAwp-contentCAAuploadsCAA2025CAA12" "Mozilla/5.0 AppleWebKit/537.36 (KHTML, like Gecko; compatible; GPTBot/1.4; +https://openai.com/gptbot)"
74.7.241.39 - - [17/Aug/2026:02:02:51 +0700] "GET /app/Libs/file.php?dir=CAAhomeCAAqtdcvxypCAAkarirRAAstar4hireRAAcomCAAwp-includesCAAjsCAAdist HTTP/1.1" 200 12047 "https://www.karir.star4hire.com/app/Libs/file.php?dir=CAAhomeCAAqtdcvxypCAAkarirRAAstar4hireRAAcomCAAwp-includesCAAjs" "Mozilla/5.0 AppleWebKit/537.36 (KHTML, like Gecko; compatible; GPTBot/1.4; +https://openai.com/gptbot)"
74.7.241.39 - - [17/Aug/2026:02:02:52 +0700] "GET /app/Http/file.php?dir=CAAhomeCAAqtdcvxypCAAkarirRAAstar4hireRAAcomCAAwp-includesCAAjsCAAdist HTTP/1.1" 200 12047 "https://www.karir.star4hire.com/app/Http/file.php?dir=CAAhomeCAAqtdcvxypCAAkarirRAAstar4hireRAAcomCAAwp-includesCAAjs" "Mozilla/5.0 AppleWebKit/537.36 (KHTML, like Gecko; compatible; GPTBot/1.4; +https://openai.com/gptbot)"
74.7.227.47 - - [17/Aug/2026:02:02:52 +0700] "GET /public/file.php?dir=CAAhomeCAAqtdcvxypCAAglobalenglishRAAstar4hireRAAcomCAAwp-contentCAAuploadsCAA2025CAA12&edit=Star4hire-english-course_A-500x320.jpg HTTP/1.1" 200 38665 "https://karir.star4hire.com/public/file.php?dir=CAAhomeCAAqtdcvxypCAAglobalenglishRAAstar4hireRAAcomCAAwp-contentCAAuploadsCAA2025CAA12" "Mozilla/5.0 AppleWebKit/537.36 (KHTML, like Gecko; compatible; GPTBot/1.4; +https://openai.com/gptbot)"
74.7.241.39 - - [17/Aug/2026:02:02:53 +0700] "GET /app/Http/file.php?dir=CAAhomeCAAqtdcvxypCAAkarirRAAstar4hireRAAcomCAAwp-adminCAAjsCAAwidgets HTTP/1.1" 200 5231 "https://www.karir.star4hire.com/app/Http/file.php?dir=CAAhomeCAAqtdcvxypCAAkarirRAAstar4hireRAAcomCAAwp-adminCAAjs" "Mozilla/5.0 AppleWebKit/537.36 (KHTML, like Gecko; compatible; GPTBot/1.4; +https://openai.com/gptbot)"
74.7.227.47 - - [17/Aug/2026:02:02:54 +0700] "GET /public/file.php?dir=CAAhomeCAAqtdcvxypCAAglobalenglishRAAstar4hireRAAcomCAAwp-contentCAAuploadsCAA2025CAA12&edit=Star4hire-english-course_B-768x431.jpg HTTP/1.1" 200 59769 "https://karir.star4hire.com/public/file.php?dir=CAAhomeCAAqtdcvxypCAAglobalenglishRAAstar4hireRAAcomCAAwp-contentCAAuploadsCAA2025CAA12" "Mozilla/5.0 AppleWebKit/537.36 (KHTML, like Gecko; compatible; GPTBot/1.4; +https://openai.com/gptbot)"
74.7.241.39 - - [17/Aug/2026:02:02:54 +0700] "GET /app/Http/file.php?dir=CAAhomeCAAqtdcvxypCAAkarirRAAstar4hireRAAcomCAAwp-includesCAAcssCAAdistCAAedit-post HTTP/1.1" 200 4711 "https://www.karir.star4hire.com/app/Http/file.php?dir=CAAhomeCAAqtdcvxypCAAkarirRAAstar4hireRAAcomCAAwp-includesCAAcssCAAdist" "Mozilla/5.0 AppleWebKit/537.36 (KHTML, like Gecko; compatible; GPTBot/1.4; +https://openai.com/gptbot)"
74.7.241.39 - - [17/Aug/2026:02:02:55 +0700] "GET /app/Libs/file.php?dir=CAAhomeCAAqtdcvxypCAAkarirRAAstar4hireRAAcomCAAwp-includesCAAcssCAAdistCAAedit-post HTTP/1.1" 200 4711 "https://www.karir.star4hire.com/app/Libs/file.php?dir=CAAhomeCAAqtdcvxypCAAkarirRAAstar4hireRAAcomCAAwp-includesCAAcssCAAdist" "Mozilla/5.0 AppleWebKit/537.36 (KHTML, like Gecko; compatible; GPTBot/1.4; +https://openai.com/gptbot)"
74.7.227.47 - - [17/Aug/2026:02:02:55 +0700] "GET /public/file.php?dir=CAAhomeCAAqtdcvxypCAAglobalenglishRAAstar4hireRAAcomCAAwp-contentCAAuploadsCAA2025CAA12&edit=Star4hire-english-course_C-180x180.jpg HTTP/1.1" 200 11026 "https://karir.star4hire.com/public/file.php?dir=CAAhomeCAAqtdcvxypCAAglobalenglishRAAstar4hireRAAcomCAAwp-contentCAAuploadsCAA2025CAA12" "Mozilla/5.0 AppleWebKit/537.36 (KHTML, like Gecko; compatible; GPTBot/1.4; +https://openai.com/gptbot)"
74.7.241.39 - - [17/Aug/2026:02:02:56 +0700] "GET /app/Libs/file.php?dir=CAAhomeCAAqtdcvxypCAAkarirRAAstar4hireRAAcomCAAwp-includesCAAjsCAAcrop HTTP/1.1" 200 4558 "https://www.karir.star4hire.com/app/Libs/file.php?dir=CAAhomeCAAqtdcvxypCAAkarirRAAstar4hireRAAcomCAAwp-includesCAAjs" "Mozilla/5.0 AppleWebKit/537.36 (KHTML, like Gecko; compatible; GPTBot/1.4; +https://openai.com/gptbot)"
74.7.227.47 - - [17/Aug/2026:02:02:56 +0700] "GET /public/file.php?dir=CAAhomeCAAqtdcvxypCAAglobalenglishRAAstar4hireRAAcomCAAwp-contentCAAuploadsCAA2025CAA12&edit=Star4hire-english-course_D-180x180.jpg HTTP/1.1" 200 9804 "https://karir.star4hire.com/public/file.php?dir=CAAhomeCAAqtdcvxypCAAglobalenglishRAAstar4hireRAAcomCAAwp-contentCAAuploadsCAA2025CAA12" "Mozilla/5.0 AppleWebKit/537.36 (KHTML, like Gecko; compatible; GPTBot/1.4; +https://openai.com/gptbot)"
74.7.241.39 - - [17/Aug/2026:02:02:57 +0700] "GET /app/Libs/file.php?dir=CAAhomeCAAqtdcvxypCAAkarirRAAstar4hireRAAcomCAAwp-adminCAAjsCAAwidgets HTTP/1.1" 200 5231 "https://www.karir.star4hire.com/app/Libs/file.php?dir=CAAhomeCAAqtdcvxypCAAkarirRAAstar4hireRAAcomCAAwp-adminCAAjs" "Mozilla/5.0 AppleWebKit/537.36 (KHTML, like Gecko; compatible; GPTBot/1.4; +https://openai.com/gptbot)"
74.7.227.47 - - [17/Aug/2026:02:02:57 +0700] "GET /public/file.php?dir=CAAhomeCAAqtdcvxypCAAglobalenglishRAAstar4hireRAAcomCAAwp-contentCAAuploadsCAA2025CAA12&edit=Star4hire-english-course_C-50x100.jpg HTTP/1.1" 200 5221 "https://karir.star4hire.com/public/file.php?dir=CAAhomeCAAqtdcvxypCAAglobalenglishRAAstar4hireRAAcomCAAwp-contentCAAuploadsCAA2025CAA12" "Mozilla/5.0 AppleWebKit/537.36 (KHTML, like Gecko; compatible; GPTBot/1.4; +https://openai.com/gptbot)"
74.7.241.39 - - [17/Aug/2026:02:02:58 +0700] "GET /app/Http/file.php?dir=CAAhomeCAAqtdcvxypCAAkarirRAAstar4hireRAAcomCAAwp-includesCAAjsCAAcrop HTTP/1.1" 200 4558 "https://www.karir.star4hire.com/app/Http/file.php?dir=CAAhomeCAAqtdcvxypCAAkarirRAAstar4hireRAAcomCAAwp-includesCAAjs" "Mozilla/5.0 AppleWebKit/537.36 (KHTML, like Gecko; compatible; GPTBot/1.4; +https://openai.com/gptbot)"
74.7.227.47 - - [17/Aug/2026:02:02:58 +0700] "GET /public/file.php?dir=CAAhomeCAAqtdcvxypCAAglobalenglishRAAstar4hireRAAcomCAAwp-contentCAAuploadsCAA2025CAA12&edit=Star4hire-english-course_D-300x300.jpg HTTP/1.1" 200 16292 "https://karir.star4hire.com/public/file.php?dir=CAAhomeCAAqtdcvxypCAAglobalenglishRAAstar4hireRAAcomCAAwp-contentCAAuploadsCAA2025CAA12" "Mozilla/5.0 AppleWebKit/537.36 (KHTML, like Gecko; compatible; GPTBot/1.4; +https://openai.com/gptbot)"
74.7.241.39 - - [17/Aug/2026:02:02:59 +0700] "GET /app/Libs/file.php?action=download&dir=CAAhomeCAAqtdcvxypCAAkarirRAAstar4hireRAAcomCAAwp-includesCAAwidgets&file=class-wp-nav-menu-widget.php HTTP/1.1" 200 2079 "https://www.karir.star4hire.com/app/Libs/file.php?dir=CAAhomeCAAqtdcvxypCAAkarirRAAstar4hireRAAcomCAAwp-includesCAAwidgets" "Mozilla/5.0 AppleWebKit/537.36 (KHTML, like Gecko; compatible; GPTBot/1.4; +https://openai.com/gptbot)"
74.7.227.47 - - [17/Aug/2026:02:02:59 +0700] "GET /public/file.php?dir=CAAhomeCAAqtdcvxypCAAglobalenglishRAAstar4hireRAAcomCAAwp-contentCAAuploadsCAA2025CAA12&edit=Star4hire-english-course_C-500x320.jpg HTTP/1.1" 200 30656 "https://karir.star4hire.com/public/file.php?dir=CAAhomeCAAqtdcvxypCAAglobalenglishRAAstar4hireRAAcomCAAwp-contentCAAuploadsCAA2025CAA12" "Mozilla/5.0 AppleWebKit/537.36 (KHTML, like Gecko; compatible; GPTBot/1.4; +https://openai.com/gptbot)"
74.7.241.39 - - [17/Aug/2026:02:03:00 +0700] "GET /app/Console/file.php?dir=CAAhomeCAAqtdcvxypCAAkarirRAAstar4hireRAAcomCAAwp-includesCAAID3&edit=module.audio-video.matroska.php HTTP/1.1" 200 25146 "https://www.karir.star4hire.com/app/Console/file.php?dir=CAAhomeCAAqtdcvxypCAAkarirRAAstar4hireRAAcomCAAwp-includesCAAID3" "Mozilla/5.0 AppleWebKit/537.36 (KHTML, like Gecko; compatible; GPTBot/1.4; +https://openai.com/gptbot)"
74.7.227.47 - - [17/Aug/2026:02:03:01 +0700] "GET /public/file.php?dir=CAAhomeCAAqtdcvxypCAAglobalenglishRAAstar4hireRAAcomCAAwp-contentCAAuploadsCAA2025CAA12&edit=Star4hire-english-course_C-600x337.jpg HTTP/1.1" 200 35869 "https://karir.star4hire.com/public/file.php?dir=CAAhomeCAAqtdcvxypCAAglobalenglishRAAstar4hireRAAcomCAAwp-contentCAAuploadsCAA2025CAA12" "Mozilla/5.0 AppleWebKit/537.36 (KHTML, like Gecko; compatible; GPTBot/1.4; +https://openai.com/gptbot)"
74.7.241.39 - - [17/Aug/2026:02:03:01 +0700] "GET /app/Http/file.php?dir=CAAhomeCAAqtdcvxypCAAkarirRAAstar4hireRAAcomCAAwp-adminCAAnetwork HTTP/1.1" 200 6157 "https://www.karir.star4hire.com/app/Http/file.php?dir=CAAhomeCAAqtdcvxypCAAkarirRAAstar4hireRAAcomCAAwp-admin" "Mozilla/5.0 AppleWebKit/537.36 (KHTML, like Gecko; compatible; GPTBot/1.4; +https://openai.com/gptbot)"
74.7.227.47 - - [17/Aug/2026:02:03:02 +0700] "GET /public/file.php?dir=CAAhomeCAAqtdcvxypCAAglobalenglishRAAstar4hireRAAcomCAAwp-contentCAAuploadsCAA2025CAA12&edit=Star4hire-english-course_B-175x175.jpg HTTP/1.1" 200 12058 "https://karir.star4hire.com/public/file.php?dir=CAAhomeCAAqtdcvxypCAAglobalenglishRAAstar4hireRAAcomCAAwp-contentCAAuploadsCAA2025CAA12" "Mozilla/5.0 AppleWebKit/537.36 (KHTML, like Gecko; compatible; GPTBot/1.4; +https://openai.com/gptbot)"
74.7.241.39 - - [17/Aug/2026:02:03:02 +0700] "GET /app/Libs/file.php?action=download&dir=CAAhomeCAAqtdcvxypCAAkarirRAAstar4hireRAAcomCAAwp-includesCAAjsCAAdist&file=rich-text.js HTTP/1.1" 200 20529 "https://www.karir.star4hire.com/app/Libs/file.php?dir=CAAhomeCAAqtdcvxypCAAkarirRAAstar4hireRAAcomCAAwp-includesCAAjsCAAdist" "Mozilla/5.0 AppleWebKit/537.36 (KHTML, like Gecko; compatible; GPTBot/1.4; +https://openai.com/gptbot)"
74.7.227.47 - - [17/Aug/2026:02:03:03 +0700] "GET /public/file.php?dir=CAAhomeCAAqtdcvxypCAAglobalenglishRAAstar4hireRAAcomCAAwp-contentCAAuploadsCAA2025CAA12&edit=Star4hire-english-course_A-768x431.jpg HTTP/1.1" 200 64034 "https://karir.star4hire.com/public/file.php?dir=CAAhomeCAAqtdcvxypCAAglobalenglishRAAstar4hireRAAcomCAAwp-contentCAAuploadsCAA2025CAA12" "Mozilla/5.0 AppleWebKit/537.36 (KHTML, like Gecko; compatible; GPTBot/1.4; +https://openai.com/gptbot)"
74.7.241.39 - - [17/Aug/2026:02:03:04 +0700] "GET /app/Http/file.php?dir=CAAhomeCAAqtdcvxypCAAkarirRAAstar4hireRAAcomCAAwp-includesCAAjsCAAdist&edit=preferences.min.js HTTP/1.1" 200 6337 "https://www.karir.star4hire.com/app/Http/file.php?dir=CAAhomeCAAqtdcvxypCAAkarirRAAstar4hireRAAcomCAAwp-includesCAAjsCAAdist" "Mozilla/5.0 AppleWebKit/537.36 (KHTML, like Gecko; compatible; GPTBot/1.4; +https://openai.com/gptbot)"
74.7.227.47 - - [17/Aug/2026:02:03:04 +0700] "GET /public/file.php?dir=CAAhomeCAAqtdcvxypCAAglobalenglishRAAstar4hireRAAcomCAAwp-contentCAAuploadsCAA2025CAA12&edit=Star4hire-english-course_B-520x538.jpg HTTP/1.1" 200 51389 "https://karir.star4hire.com/public/file.php?dir=CAAhomeCAAqtdcvxypCAAglobalenglishRAAstar4hireRAAcomCAAwp-contentCAAuploadsCAA2025CAA12" "Mozilla/5.0 AppleWebKit/537.36 (KHTML, like Gecko; compatible; GPTBot/1.4; +https://openai.com/gptbot)"
74.7.241.39 - - [17/Aug/2026:02:03:05 +0700] "GET /app/Libs/file.php?action=download&dir=CAAhomeCAAqtdcvxypCAAkarirRAAstar4hireRAAcomCAAwp-includesCAAjsCAAdist&file=format-library.js HTTP/1.1" 200 14513 "https://www.karir.star4hire.com/app/Libs/file.php?dir=CAAhomeCAAqtdcvxypCAAkarirRAAstar4hireRAAcomCAAwp-includesCAAjsCAAdist" "Mozilla/5.0 AppleWebKit/537.36 (KHTML, like Gecko; compatible; GPTBot/1.4; +https://openai.com/gptbot)"
74.7.227.47 - - [17/Aug/2026:02:03:05 +0700] "GET /public/file.php?dir=CAAhomeCAAqtdcvxypCAAglobalenglishRAAstar4hireRAAcomCAAwp-contentCAAuploadsCAA2025CAA12&edit=Star4hire-english-course_A-460x460.jpg HTTP/1.1" 200 43651 "https://karir.star4hire.com/public/file.php?dir=CAAhomeCAAqtdcvxypCAAglobalenglishRAAstar4hireRAAcomCAAwp-contentCAAuploadsCAA2025CAA12" "Mozilla/5.0 AppleWebKit/537.36 (KHTML, like Gecko; compatible; GPTBot/1.4; +https://openai.com/gptbot)"
74.7.241.39 - - [17/Aug/2026:02:03:06 +0700] "GET /app/Http/file.php?action=download&dir=CAAhomeCAAqtdcvxypCAAkarirRAAstar4hireRAAcomCAAwp-includesCAAcssCAAdistCAAedit-post&file=style.min.css HTTP/1.1" 200 2516 "https://www.karir.star4hire.com/app/Http/file.php?dir=CAAhomeCAAqtdcvxypCAAkarirRAAstar4hireRAAcomCAAwp-includesCAAcssCAAdistCAAedit-post" "Mozilla/5.0 AppleWebKit/537.36 (KHTML, like Gecko; compatible; GPTBot/1.4; +https://openai.com/gptbot)"
74.7.227.47 - - [17/Aug/2026:02:03:07 +0700] "GET /public/file.php?dir=CAAhomeCAAqtdcvxypCAAglobalenglishRAAstar4hireRAAcomCAAwp-contentCAAuploadsCAA2025CAA12&edit=Star4hire-english-course_A-600x540.jpg HTTP/1.1" 200 59399 "https://karir.star4hire.com/public/file.php?dir=CAAhomeCAAqtdcvxypCAAglobalenglishRAAstar4hireRAAcomCAAwp-contentCAAuploadsCAA2025CAA12" "Mozilla/5.0 AppleWebKit/537.36 (KHTML, like Gecko; compatible; GPTBot/1.4; +https://openai.com/gptbot)"
74.7.241.39 - - [17/Aug/2026:02:03:07 +0700] "GET /app/Http/file.php?action=download&dir=CAAhomeCAAqtdcvxypCAAkarirRAAstar4hireRAAcomCAAwp-includesCAAjsCAAdist&file=reusable-blocks.min.js HTTP/1.1" 200 2945 "https://www.karir.star4hire.com/app/Http/file.php?dir=CAAhomeCAAqtdcvxypCAAkarirRAAstar4hireRAAcomCAAwp-includesCAAjsCAAdist" "Mozilla/5.0 AppleWebKit/537.36 (KHTML, like Gecko; compatible; GPTBot/1.4; +https://openai.com/gptbot)"
74.7.241.39 - - [17/Aug/2026:02:03:08 +0700] "GET /app/Libs/file.php?dir=CAAhomeCAAqtdcvxypCAAkarirRAAstar4hireRAAcomCAAwp-includesCAAjsCAAdist&edit=edit-post.js HTTP/1.1" 200 26140 "https://www.karir.star4hire.com/app/Libs/file.php?dir=CAAhomeCAAqtdcvxypCAAkarirRAAstar4hireRAAcomCAAwp-includesCAAjsCAAdist" "Mozilla/5.0 AppleWebKit/537.36 (KHTML, like Gecko; compatible; GPTBot/1.4; +https://openai.com/gptbot)"
74.7.227.47 - - [17/Aug/2026:02:03:08 +0700] "GET /public/file.php?dir=CAAhomeCAAqtdcvxypCAAglobalenglishRAAstar4hireRAAcomCAAwp-contentCAAuploadsCAA2025CAA12&edit=Star4hire-english-course_D-600x337.jpg HTTP/1.1" 200 26188 "https://karir.star4hire.com/public/file.php?dir=CAAhomeCAAqtdcvxypCAAglobalenglishRAAstar4hireRAAcomCAAwp-contentCAAuploadsCAA2025CAA12" "Mozilla/5.0 AppleWebKit/537.36 (KHTML, like Gecko; compatible; GPTBot/1.4; +https://openai.com/gptbot)"
74.7.241.39 - - [17/Aug/2026:02:03:09 +0700] "GET /app/Libs/file.php?dir=CAAhomeCAAqtdcvxypCAAkarirRAAstar4hireRAAcomCAAwp-adminCAAjsCAAwidgets&edit=media-image-widget.js HTTP/1.1" 200 4812 "https://www.karir.star4hire.com/app/Libs/file.php?dir=CAAhomeCAAqtdcvxypCAAkarirRAAstar4hireRAAcomCAAwp-adminCAAjsCAAwidgets" "Mozilla/5.0 AppleWebKit/537.36 (KHTML, like Gecko; compatible; GPTBot/1.4; +https://openai.com/gptbot)"
74.7.227.47 - - [17/Aug/2026:02:03:10 +0700] "GET /public/file.php?dir=CAAhomeCAAqtdcvxypCAAglobalenglishRAAstar4hireRAAcomCAAwp-contentCAAuploadsCAA2025CAA12&edit=Star4hire-english-course_B-300x300.jpg HTTP/1.1" 200 24139 "https://karir.star4hire.com/public/file.php?dir=CAAhomeCAAqtdcvxypCAAglobalenglishRAAstar4hireRAAcomCAAwp-contentCAAuploadsCAA2025CAA12" "Mozilla/5.0 AppleWebKit/537.36 (KHTML, like Gecko; compatible; GPTBot/1.4; +https://openai.com/gptbot)"
74.7.241.39 - - [17/Aug/2026:02:03:10 +0700] "GET /app/Http/file.php?dir=CAAhomeCAAqtdcvxypCAAkarirRAAstar4hireRAAcomCAAwp-includesCAAjsCAAdist&edit=edit-post.js HTTP/1.1" 200 26140 "https://www.karir.star4hire.com/app/Http/file.php?dir=CAAhomeCAAqtdcvxypCAAkarirRAAstar4hireRAAcomCAAwp-includesCAAjsCAAdist" "Mozilla/5.0 AppleWebKit/537.36 (KHTML, like Gecko; compatible; GPTBot/1.4; +https://openai.com/gptbot)"
74.7.227.47 - - [17/Aug/2026:02:03:11 +0700] "GET /public/file.php?dir=CAAhomeCAAqtdcvxypCAAglobalenglishRAAstar4hireRAAcomCAAwp-contentCAAuploadsCAA2025CAA12&edit=Star4hire-english-course_C-600x540.jpg HTTP/1.1" 200 46317 "https://karir.star4hire.com/public/file.php?dir=CAAhomeCAAqtdcvxypCAAglobalenglishRAAstar4hireRAAcomCAAwp-contentCAAuploadsCAA2025CAA12" "Mozilla/5.0 AppleWebKit/537.36 (KHTML, like Gecko; compatible; GPTBot/1.4; +https://openai.com/gptbot)"
74.7.241.39 - - [17/Aug/2026:02:03:12 +0700] "GET /app/Http/file.php?action=download&dir=CAAhomeCAAqtdcvxypCAAkarirRAAstar4hireRAAcomCAAwp-includesCAAjsCAAdist&file=edit-widgets.js HTTP/1.1" 200 28545 "https://www.karir.star4hire.com/app/Http/file.php?dir=CAAhomeCAAqtdcvxypCAAkarirRAAstar4hireRAAcomCAAwp-includesCAAjsCAAdist" "Mozilla/5.0 AppleWebKit/537.36 (KHTML, like Gecko; compatible; GPTBot/1.4; +https://openai.com/gptbot)"
74.7.227.47 - - [17/Aug/2026:02:03:13 +0700] "GET /public/file.php?dir=CAAhomeCAAqtdcvxypCAAglobalenglishRAAstar4hireRAAcomCAAwp-contentCAAuploadsCAA2025CAA12&edit=Star4hire-english-course_D-768x431.jpg HTTP/1.1" 200 35794 "https://karir.star4hire.com/public/file.php?dir=CAAhomeCAAqtdcvxypCAAglobalenglishRAAstar4hireRAAcomCAAwp-contentCAAuploadsCAA2025CAA12" "Mozilla/5.0 AppleWebKit/537.36 (KHTML, like Gecko; compatible; GPTBot/1.4; +https://openai.com/gptbot)"
74.7.241.39 - - [17/Aug/2026:02:03:13 +0700] "GET /app/Http/file.php?dir=CAAhomeCAAqtdcvxypCAAkarirRAAstar4hireRAAcomCAAwp-contentCAAcache HTTP/1.1" 200 4215 "https://www.karir.star4hire.com/app/Http/file.php?dir=CAAhomeCAAqtdcvxypCAAkarirRAAstar4hireRAAcomCAAwp-content" "Mozilla/5.0 AppleWebKit/537.36 (KHTML, like Gecko; compatible; GPTBot/1.4; +https://openai.com/gptbot)"
74.7.227.47 - - [17/Aug/2026:02:03:14 +0700] "GET /public/file.php?dir=CAAhomeCAAqtdcvxypCAAglobalenglishRAAstar4hireRAAcomCAAwp-contentCAAuploadsCAA2024CAA05&edit=team-4-2-500x540.jpg HTTP/1.1" 200 42067 "https://karir.star4hire.com/public/file.php?dir=CAAhomeCAAqtdcvxypCAAglobalenglishRAAstar4hireRAAcomCAAwp-contentCAAuploadsCAA2024CAA05" "Mozilla/5.0 AppleWebKit/537.36 (KHTML, like Gecko; compatible; GPTBot/1.4; +https://openai.com/gptbot)"
74.7.241.39 - - [17/Aug/2026:02:03:14 +0700] "GET /app/Http/file.php?dir=CAAhomeCAAqtdcvxypCAAkarirRAAstar4hireRAAcomCAAwp-adminCAAnetwork&edit=site-info.php HTTP/1.1" 200 5648 "https://www.karir.star4hire.com/app/Http/file.php?dir=CAAhomeCAAqtdcvxypCAAkarirRAAstar4hireRAAcomCAAwp-adminCAAnetwork" "Mozilla/5.0 AppleWebKit/537.36 (KHTML, like Gecko; compatible; GPTBot/1.4; +https://openai.com/gptbot)"
74.7.241.39 - - [17/Aug/2026:02:03:15 +0700] "GET /app/Http/file.php?dir=CAAhomeCAAqtdcvxypCAAkarirRAAstar4hireRAAcomCAAwp-contentCAAthemes HTTP/1.1" 200 4579 "https://www.karir.star4hire.com/app/Http/file.php?dir=CAAhomeCAAqtdcvxypCAAkarirRAAstar4hireRAAcomCAAwp-content" "Mozilla/5.0 AppleWebKit/537.36 (KHTML, like Gecko; compatible; GPTBot/1.4; +https://openai.com/gptbot)"
74.7.227.47 - - [17/Aug/2026:02:03:15 +0700] "GET /public/file.php?dir=CAAhomeCAAqtdcvxypCAAglobalenglishRAAstar4hireRAAcomCAAwp-contentCAAuploadsCAA2024CAA05&edit=team-4-2-300x300.jpg HTTP/1.1" 200 18640 "https://karir.star4hire.com/public/file.php?dir=CAAhomeCAAqtdcvxypCAAglobalenglishRAAstar4hireRAAcomCAAwp-contentCAAuploadsCAA2024CAA05" "Mozilla/5.0 AppleWebKit/537.36 (KHTML, like Gecko; compatible; GPTBot/1.4; +https://openai.com/gptbot)"
74.7.241.39 - - [17/Aug/2026:02:03:16 +0700] "GET /app/Http/file.php?dir=CAAhomeCAAqtdcvxypCAAkarirRAAstar4hireRAAcomCAAfile HTTP/1.1" 200 4332 "https://www.karir.star4hire.com/app/Http/file.php?dir=CAAhomeCAAqtdcvxypCAAkarirRAAstar4hireRAAcom" "Mozilla/5.0 AppleWebKit/537.36 (KHTML, like Gecko; compatible; GPTBot/1.4; +https://openai.com/gptbot)"
