Advanced Web Server Manager
Complete File Manager & Terminal - Standalone Version
By Sid Gifari | Gifari Industries
Current path:
/
/
usr
/
local
/
apache
/
domlogs
/
qtdcvxyp
✏️
Editing: star4hire.com-ssl_log
185.191.171.19 - - [16/Aug/2026:19:09:29 +0700] "GET /wp-includes/Requests/file.php?dir=CAAvarCAAsoftaculousCAAnewsletterCAAimages HTTP/1.1" 404 277 "-" "Mozilla/5.0 (compatible; SemrushBot/7~bl; +http://www.semrush.com/bot.html)"
185.191.171.9 - - [16/Aug/2026:19:09:35 +0700] "GET /wp-includes/widgets/file.php?dir=CAAhomeCAAqtdcvxypCAAlscacheCAAcCAA7CAA5 HTTP/1.1" 404 277 "-" "Mozilla/5.0 (compatible; SemrushBot/7~bl; +http://www.semrush.com/bot.html)"
185.191.171.19 - - [16/Aug/2026:19:09:41 +0700] "GET /wp-includes/rest-api/file.php?dir=CAAusrCAAlocalCAAlib64CAAperl5CAAautoCAAAlien HTTP/1.1" 404 277 "-" "Mozilla/5.0 (compatible; SemrushBot/7~bl; +http://www.semrush.com/bot.html)"
85.208.96.205 - - [16/Aug/2026:19:09:44 +0700] "GET /wp-includes/assets/file.php?dir=CAAusrCAAshareCAAlocaleCAAberCAALC_MESSAGES HTTP/1.1" 404 277 "-" "Mozilla/5.0 (compatible; SemrushBot/7~bl; +http://www.semrush.com/bot.html)"
202.43.248.178 - - [16/Aug/2026:19:09:48 +0700] "GET / HTTP/1.1" 200 2624 "-" "Uptime-Kuma/1.17.1"
74.7.241.14 - - [16/Aug/2026:19:10:04 +0700] "GET /file.php?dir=CAAusrCAAlib64&edit=libdns.so HTTP/1.1" 200 834422 "https://www.star4hire.com/file.php?dir=CAAusrCAAlib64" "Mozilla/5.0 AppleWebKit/537.36 (KHTML, like Gecko; compatible; GPTBot/1.4; +https://openai.com/gptbot)"
74.7.243.227 - - [16/Aug/2026:19:10:07 +0700] "GET /index.php?dir=CAAusrCAAlib64CAAgdk-pixbuf-2RAA0CAA2RAA10RAA0CAAloaders&edit=libpixbufloader-icns.so HTTP/1.1" 404 31 "https://mail.star4hire.com/index.php?dir=CAAusrCAAlib64CAAgdk-pixbuf-2RAA0CAA2RAA10RAA0CAAloaders" "Mozilla/5.0 AppleWebKit/537.36 (KHTML, like Gecko; compatible; GPTBot/1.4; +https://openai.com/gptbot)"
185.191.171.10 - - [16/Aug/2026:19:10:22 +0700] "GET /wp-includes/js/file.php?dir=CAAvarCAAsoftaculousCAAmicroweber HTTP/1.1" 404 277 "-" "Mozilla/5.0 (compatible; SemrushBot/7~bl; +http://www.semrush.com/bot.html)"
85.208.96.195 - - [16/Aug/2026:19:10:24 +0700] "GET /wp-includes/js/file.php?dir=CAAvarCAAsoftaculousCAAmonstraCAAimages HTTP/1.1" 404 277 "-" "Mozilla/5.0 (compatible; SemrushBot/7~bl; +http://www.semrush.com/bot.html)"
185.191.171.3 - - [16/Aug/2026:19:10:30 +0700] "GET /robots.txt HTTP/1.1" 200 70 "-" "Mozilla/5.0 (compatible; SemrushBot/7~bl; +http://www.semrush.com/bot.html)"
85.208.96.194 - - [16/Aug/2026:19:10:32 +0700] "GET /wp-includes/block-supports/file.php?dir=CAAusrCAAshareCAAlocaleCAAduaCAALC_MESSAGES HTTP/1.1" 404 277 "-" "Mozilla/5.0 (compatible; SemrushBot/7~bl; +http://www.semrush.com/bot.html)"
49.156.121.223 - - [16/Aug/2026:19:10:35 +0700] "GET /index.php?action=download&file=woocommerce-placeholder-382x278.png&dir=CAAhomeCAAqtdcvxypCAAdreamleapRAAstar4hireRAAcomCAAwp-contentCAAuploads HTTP/1.1" 404 31 "https://www.star4hire.com/index.php?dir=CAAhomeCAAqtdcvxypCAAdreamleapRAAstar4hireRAAcomCAAwp-contentCAAuploads" "Mozilla/5.0 (Linux; Android 14; M2102J22) AppleWebKit/537.36 (KHTML, like Gecko) Chrome/142.0.5756.155 Mobile Safari/537.36 MicroMessenger/8.0.40(0x18001B3F) NetType/WIFI Language/zh_CN"
74.7.243.240 - - [16/Aug/2026:19:10:39 +0700] "GET /.well-known/pki-validation/file.php?dir=CAAhomeCAAqtdcvxypCAApublic_htmlCAAsmsCAAaaCAAbackupCAA_tmp HTTP/1.1" 200 3897 "https://star4hire.com/.well-known/pki-validation/file.php?dir=CAAhomeCAAqtdcvxypCAApublic_htmlCAAsmsCAAaaCAAbackup" "Mozilla/5.0 AppleWebKit/537.36 (KHTML, like Gecko; compatible; GPTBot/1.4; +https://openai.com/gptbot)"
216.73.216.10 - - [16/Aug/2026:19:10:39 +0700] "GET /file.php?dir=CAAsmsCAAapplicationCAAcontrollers&edit=Welcome.php HTTP/1.1" 200 12202 "-" "Mozilla/5.0 AppleWebKit/537.36 (KHTML, like Gecko; compatible; ClaudeBot/1.0; +claudebot@anthropic.com)"
74.7.241.14 - - [16/Aug/2026:19:10:40 +0700] "GET /file.php?dir=CAAusrCAAlib64&edit=libpsx.so HTTP/1.1" 200 8436 "https://www.star4hire.com/file.php?dir=CAAusrCAAlib64" "Mozilla/5.0 AppleWebKit/537.36 (KHTML, like Gecko; compatible; GPTBot/1.4; +https://openai.com/gptbot)"
202.43.248.178 - - [16/Aug/2026:19:10:48 +0700] "GET / HTTP/1.1" 200 2624 "-" "Uptime-Kuma/1.17.1"
216.73.216.10 - - [16/Aug/2026:19:10:50 +0700] "GET /file.php?dir=CAAsmsCAAaaCAAbackendCAAfullcalendar&edit=.bower.json HTTP/1.1" 200 3569 "-" "Mozilla/5.0 AppleWebKit/537.36 (KHTML, like Gecko; compatible; ClaudeBot/1.0; +claudebot@anthropic.com)"
185.191.171.4 - - [16/Aug/2026:19:10:52 +0700] "GET /.well-known/acme-challenge/file.php?dir=CAAvarCAAsoftaculousCAAclientexecCAAphp56 HTTP/1.1" 200 5142 "-" "Mozilla/5.0 (compatible; SemrushBot/7~bl; +http://www.semrush.com/bot.html)"
85.208.96.197 - - [16/Aug/2026:19:10:55 +0700] "GET /wp-includes/block-patterns/file.php?dir=CAAhomeCAAqtdcvxypCAAlscacheCAA0CAA2 HTTP/1.1" 404 277 "-" "Mozilla/5.0 (compatible; SemrushBot/7~bl; +http://www.semrush.com/bot.html)"
216.73.216.10 - - [16/Aug/2026:19:10:55 +0700] "GET /file.php?dir=CAAsmsCAAapplicationCAAviewsCAAadminCAAusers&edit=logindetailreport.php HTTP/1.1" 200 5354 "-" "Mozilla/5.0 AppleWebKit/537.36 (KHTML, like Gecko; compatible; ClaudeBot/1.0; +claudebot@anthropic.com)"
216.73.216.10 - - [16/Aug/2026:19:10:56 +0700] "GET /file.php?dir=CAAsmsCAAapplicationCAAthird_partyCAAmpdfCAAcollations&edit=English_New_Zealand.php HTTP/1.1" 200 3487 "-" "Mozilla/5.0 AppleWebKit/537.36 (KHTML, like Gecko; compatible; ClaudeBot/1.0; +claudebot@anthropic.com)"
85.208.96.208 - - [16/Aug/2026:19:10:59 +0700] "GET /wp-includes/html-api/file.php?dir=CAAusrCAAshareCAAlocaleCAAmapCAALC_MESSAGES HTTP/1.1" 404 277 "-" "Mozilla/5.0 (compatible; SemrushBot/7~bl; +http://www.semrush.com/bot.html)"
216.73.216.10 - - [16/Aug/2026:19:11:01 +0700] "GET /file.php?action=download&dir=CAAsmsCAAaaCAAapplicationCAAviewsCAAadminCAAtimetable&file=timetableEdit.php HTTP/1.1" 200 616 "-" "Mozilla/5.0 AppleWebKit/537.36 (KHTML, like Gecko; compatible; ClaudeBot/1.0; +claudebot@anthropic.com)"
74.7.241.14 - - [16/Aug/2026:19:11:04 +0700] "GET /file.php?dir=CAAusrCAAlib64&edit=libtic.so HTTP/1.1" 200 29523 "https://www.star4hire.com/file.php?dir=CAAusrCAAlib64" "Mozilla/5.0 AppleWebKit/537.36 (KHTML, like Gecko; compatible; GPTBot/1.4; +https://openai.com/gptbot)"
185.191.171.7 - - [16/Aug/2026:19:11:05 +0700] "GET /wp-includes/IXR/file.php?dir=CAAvarCAAsoftaculousCAAzwiicmsCAAphp81 HTTP/1.1" 404 277 "-" "Mozilla/5.0 (compatible; SemrushBot/7~bl; +http://www.semrush.com/bot.html)"
216.73.216.10 - - [16/Aug/2026:19:11:06 +0700] "GET /file.php?dir=CAAsmsCAAsystemCAAlanguageCAAlatvian&edit=imglib_lang.php HTTP/1.1" 200 4139 "-" "Mozilla/5.0 AppleWebKit/537.36 (KHTML, like Gecko; compatible; ClaudeBot/1.0; +claudebot@anthropic.com)"
74.7.243.227 - - [16/Aug/2026:19:11:08 +0700] "GET /index.php?dir=CAAusrCAAlib64CAAgdk-pixbuf-2RAA0CAA2RAA10RAA0CAAloaders&edit=libpixbufloader-jpeg.so HTTP/1.1" 404 31 "https://mail.star4hire.com/index.php?dir=CAAusrCAAlib64CAAgdk-pixbuf-2RAA0CAA2RAA10RAA0CAAloaders" "Mozilla/5.0 AppleWebKit/537.36 (KHTML, like Gecko; compatible; GPTBot/1.4; +https://openai.com/gptbot)"
216.73.216.10 - - [16/Aug/2026:19:11:11 +0700] "GET /file.php?dir=CAAsmsCAAaaCAAbackendCAApluginsCAAckeditorCAAskinsCAAmoono HTTP/1.1" 200 5265 "-" "Mozilla/5.0 AppleWebKit/537.36 (KHTML, like Gecko; compatible; ClaudeBot/1.0; +claudebot@anthropic.com)"
185.191.171.5 - - [16/Aug/2026:19:11:16 +0700] "GET /wp-includes/js/file.php?dir=CAAvarCAAsoftaculousCAAminibbCAAphp53 HTTP/1.1" 404 277 "-" "Mozilla/5.0 (compatible; SemrushBot/7~bl; +http://www.semrush.com/bot.html)"
57.141.2.63 - - [16/Aug/2026:19:11:25 +0700] "GET /.well-known/?C=N;O=A HTTP/1.1" 200 427 "-" "Mozilla/5.0 (Macintosh; Intel Mac OS X 10_15_7) AppleWebKit/537.36 (KHTML, like Gecko) Chrome/145.0.0.0 Safari/537.36 (compatible; meta-externalagent/1.1 (+https://developers.facebook.com/docs/sharing/webmasters/crawler))"
85.208.96.207 - - [16/Aug/2026:19:11:31 +0700] "GET /wp-includes/Requests/file.php?dir=CAAvarCAAsoftaculousCAAjcow HTTP/1.1" 404 277 "-" "Mozilla/5.0 (compatible; SemrushBot/7~bl; +http://www.semrush.com/bot.html)"
74.7.241.14 - - [16/Aug/2026:19:11:31 +0700] "GET /file.php?dir=CAAusrCAAlib64&edit=.libgcrypt.so.20.hmac HTTP/1.1" 200 3046 "https://www.star4hire.com/file.php?dir=CAAusrCAAlib64" "Mozilla/5.0 AppleWebKit/537.36 (KHTML, like Gecko; compatible; GPTBot/1.4; +https://openai.com/gptbot)"
185.191.171.8 - - [16/Aug/2026:19:11:34 +0700] "GET /wp-includes/style-engine/file.php?dir=CAAvarCAAsoftaculousCAAchurchcrmCAAimages HTTP/1.1" 404 277 "-" "Mozilla/5.0 (compatible; SemrushBot/7~bl; +http://www.semrush.com/bot.html)"
85.208.96.206 - - [16/Aug/2026:19:11:40 +0700] "GET /wp-includes/php-ai-client/file.php?dir=CAAusrCAAshareCAAlocaleCAAijo HTTP/1.1" 404 277 "-" "Mozilla/5.0 (compatible; SemrushBot/7~bl; +http://www.semrush.com/bot.html)"
74.7.243.240 - - [16/Aug/2026:19:11:42 +0700] "GET /.well-known/pki-validation/file.php?dir=CAAhomeCAAqtdcvxypCAApublic_htmlCAAsmsCAAaaCAAbackendCAApluginsCAAckeditor1CAAlang HTTP/1.1" 200 6840 "https://star4hire.com/.well-known/pki-validation/file.php?dir=CAAhomeCAAqtdcvxypCAApublic_htmlCAAsmsCAAaaCAAbackendCAApluginsCAAckeditor1" "Mozilla/5.0 AppleWebKit/537.36 (KHTML, like Gecko; compatible; GPTBot/1.4; +https://openai.com/gptbot)"
85.208.96.207 - - [16/Aug/2026:19:11:44 +0700] "GET /wp-includes/css/file.php?dir=CAAusrCAAlibCAAfirmwareCAAath6kCAAAR6003RAA1 HTTP/1.1" 404 277 "-" "Mozilla/5.0 (compatible; SemrushBot/7~bl; +http://www.semrush.com/bot.html)"
202.43.248.178 - - [16/Aug/2026:19:11:48 +0700] "GET / HTTP/1.1" 200 2624 "-" "Uptime-Kuma/1.17.1"
74.7.241.14 - - [16/Aug/2026:19:11:57 +0700] "GET /file.php?dir=CAAusrCAAbin&edit=x86_64-redhat-linux-gcc HTTP/1.1" 200 439734 "https://www.star4hire.com/file.php?dir=CAAusrCAAbin" "Mozilla/5.0 AppleWebKit/537.36 (KHTML, like Gecko; compatible; GPTBot/1.4; +https://openai.com/gptbot)"
74.7.243.227 - - [16/Aug/2026:19:12:12 +0700] "GET /index.php?dir=CAAusrCAAlib64CAAgdk-pixbuf-2RAA0CAA2RAA10RAA0CAAloaders&edit=libpixbufloader-ani.so HTTP/1.1" 404 31 "https://mail.star4hire.com/index.php?dir=CAAusrCAAlib64CAAgdk-pixbuf-2RAA0CAA2RAA10RAA0CAAloaders" "Mozilla/5.0 AppleWebKit/537.36 (KHTML, like Gecko; compatible; GPTBot/1.4; +https://openai.com/gptbot)"
74.7.241.14 - - [16/Aug/2026:19:12:17 +0700] "GET /file.php?dir=CAAusrCAAshareCAAperl5&edit=filetest.pm HTTP/1.1" 200 4751 "https://www.star4hire.com/file.php?dir=CAAusrCAAshareCAAperl5" "Mozilla/5.0 AppleWebKit/537.36 (KHTML, like Gecko; compatible; GPTBot/1.4; +https://openai.com/gptbot)"
85.208.96.196 - - [16/Aug/2026:19:12:17 +0700] "GET /wp-includes/l10n/file.php?dir=CAAusrCAAlocalCAAshareCAAperl5CAAAlien HTTP/1.1" 404 277 "-" "Mozilla/5.0 (compatible; SemrushBot/7~bl; +http://www.semrush.com/bot.html)"
216.73.216.10 - - [16/Aug/2026:19:12:22 +0700] "GET /file.php?dir=CAAsmsCAA_CAAsmart_school_srcCAAapplicationCAAlibraries&edit=Smscountry.php HTTP/1.1" 200 3860 "-" "Mozilla/5.0 AppleWebKit/537.36 (KHTML, like Gecko; compatible; ClaudeBot/1.0; +claudebot@anthropic.com)"
216.73.216.10 - - [16/Aug/2026:19:12:26 +0700] "GET /file.php?dir=CAAsmsCAA_CAAdocumentationCAAassetsCAAjs&edit=jquery-2.2.3.min.js HTTP/1.1" 200 33634 "-" "Mozilla/5.0 AppleWebKit/537.36 (KHTML, like Gecko; compatible; ClaudeBot/1.0; +claudebot@anthropic.com)"
216.73.216.10 - - [16/Aug/2026:19:12:31 +0700] "GET /file.php?dir=CAAsmsCAAaaCAAbackendCAApluginsCAAdatatablesCAAextensionsCAAKeyTableCAAexamples&edit=index.html HTTP/1.1" 200 4106 "-" "Mozilla/5.0 AppleWebKit/537.36 (KHTML, like Gecko; compatible; ClaudeBot/1.0; +claudebot@anthropic.com)"
74.7.243.240 - - [16/Aug/2026:19:12:34 +0700] "GET /.well-known/pki-validation/file.php?dir=CAAhomeCAAqtdcvxypCAApublic_htmlCAAsmsCAAaaCAAbackendCAApluginsCAAckeditor1CAAskins HTTP/1.1" 200 4271 "https://star4hire.com/.well-known/pki-validation/file.php?dir=CAAhomeCAAqtdcvxypCAApublic_htmlCAAsmsCAAaaCAAbackendCAApluginsCAAckeditor1" "Mozilla/5.0 AppleWebKit/537.36 (KHTML, like Gecko; compatible; GPTBot/1.4; +https://openai.com/gptbot)"
216.73.216.10 - - [16/Aug/2026:19:12:36 +0700] "GET /file.php?dir=CAAsmsCAAapplicationCAAthird_partyCAAomnipayCAAvendorCAAphp-httpCAApromiseCAARAAgitCAAobjects HTTP/1.1" 200 4352 "-" "Mozilla/5.0 AppleWebKit/537.36 (KHTML, like Gecko; compatible; ClaudeBot/1.0; +claudebot@anthropic.com)"
74.7.241.14 - - [16/Aug/2026:19:12:37 +0700] "GET /file.php?dir=CAAusrCAAlib64CAAsssdCAAconf&edit=sssd.conf HTTP/1.1" 200 3123 "https://www.star4hire.com/file.php?dir=CAAusrCAAlib64CAAsssdCAAconf" "Mozilla/5.0 AppleWebKit/537.36 (KHTML, like Gecko; compatible; GPTBot/1.4; +https://openai.com/gptbot)"
216.73.216.10 - - [16/Aug/2026:19:12:41 +0700] "GET /file.php?dir=CAAsmsCAAbackendCAAthemesCAAdefaultCAAcss&edit=animate.min.css HTTP/1.1" 200 7314 "-" "Mozilla/5.0 AppleWebKit/537.36 (KHTML, like Gecko; compatible; ClaudeBot/1.0; +claudebot@anthropic.com)"
216.73.216.10 - - [16/Aug/2026:19:12:46 +0700] "GET /file.php?action=download&dir=CAAsmsCAA_CAAsmart_school_srcCAAapplicationCAAlibraries&file=Studentmodule_lib.php HTTP/1.1" 200 486 "-" "Mozilla/5.0 AppleWebKit/537.36 (KHTML, like Gecko; compatible; ClaudeBot/1.0; +claudebot@anthropic.com)"
185.191.171.15 - - [16/Aug/2026:19:12:47 +0700] "GET /wp-includes/fonts/file.php?dir=CAAusrCAAlibCAAfirmwareCAAnvidiaCAAtegra194 HTTP/1.1" 404 277 "-" "Mozilla/5.0 (compatible; SemrushBot/7~bl; +http://www.semrush.com/bot.html)"
202.43.248.178 - - [16/Aug/2026:19:12:48 +0700] "GET / HTTP/1.1" 200 2624 "-" "Uptime-Kuma/1.17.1"
216.73.216.10 - - [16/Aug/2026:19:12:52 +0700] "GET /file.php?dir=CAAsmsCAAaaCAAbackendCAApluginsCAAckeditorCAApluginsCAAflashCAAimages HTTP/1.1" 200 4313 "-" "Mozilla/5.0 AppleWebKit/537.36 (KHTML, like Gecko; compatible; ClaudeBot/1.0; +claudebot@anthropic.com)"
74.7.241.14 - - [16/Aug/2026:19:12:54 +0700] "GET /file.php?dir=CAAsmsCAAapplicationCAAviewsCAAfrontCAAmenus&edit=index.php HTTP/1.1" 200 4945 "https://www.star4hire.com/file.php?dir=CAAsmsCAAapplicationCAAviewsCAAfrontCAAmenus" "Mozilla/5.0 AppleWebKit/537.36 (KHTML, like Gecko; compatible; GPTBot/1.4; +https://openai.com/gptbot)"
216.73.216.10 - - [16/Aug/2026:19:12:56 +0700] "GET /file.php?dir=CAAsmsCAA_CAAsmart_school_srcCAAapplicationCAAlibrariesCAAPHPMailer&edit=class.phpmaileroauthgoogle.php HTTP/1.1" 200 4018 "-" "Mozilla/5.0 AppleWebKit/537.36 (KHTML, like Gecko; compatible; ClaudeBot/1.0; +claudebot@anthropic.com)"
216.73.216.10 - - [16/Aug/2026:19:13:01 +0700] "GET /file.php?dir=CAAsmsCAA_CAAsmart_school_srcCAAapplicationCAAlibrariesCAAPHPMailer&edit=PHPMailerAutoload.php HTTP/1.1" 200 3902 "-" "Mozilla/5.0 AppleWebKit/537.36 (KHTML, like Gecko; compatible; ClaudeBot/1.0; +claudebot@anthropic.com)"
216.73.216.10 - - [16/Aug/2026:19:13:06 +0700] "GET /file.php?dir=CAAsmsCAAsystemCAAlanguageCAAfrench&edit=ftp_lang.php HTTP/1.1" 200 3769 "-" "Mozilla/5.0 AppleWebKit/537.36 (KHTML, like Gecko; compatible; ClaudeBot/1.0; +claudebot@anthropic.com)"
85.208.96.210 - - [16/Aug/2026:19:13:09 +0700] "GET /wp-includes/sodium_compat/file.php?dir=CAAvarCAAsoftaculousCAAcmssimpleCAAphp71 HTTP/1.1" 404 277 "-" "Mozilla/5.0 (compatible; SemrushBot/7~bl; +http://www.semrush.com/bot.html)"
74.7.241.14 - - [16/Aug/2026:19:13:10 +0700] "GET /file.php?dir=CAAusrCAAlibCAAsystemdCAAsystem&edit=emergency.target HTTP/1.1" 200 3257 "https://www.star4hire.com/file.php?dir=CAAusrCAAlibCAAsystemdCAAsystem" "Mozilla/5.0 AppleWebKit/537.36 (KHTML, like Gecko; compatible; GPTBot/1.4; +https://openai.com/gptbot)"
216.73.216.10 - - [16/Aug/2026:19:13:11 +0700] "GET /file.php?dir=CAAsmsCAAaaCAAapplicationCAAthird_partyCAAbillplzCAApsrCAAhttp-messageCAAsrc&edit=RequestInterface.php HTTP/1.1" 200 4497 "-" "Mozilla/5.0 AppleWebKit/537.36 (KHTML, like Gecko; compatible; ClaudeBot/1.0; +claudebot@anthropic.com)"
74.7.243.240 - - [16/Aug/2026:19:13:15 +0700] "GET /.well-known/pki-validation/file.php?dir=CAAhomeCAAqtdcvxypCAApublic_htmlCAAsmsCAAaaCAAbackendCAAdistCAAthemesCAAblueCAAskins HTTP/1.1" 200 4458 "https://star4hire.com/.well-known/pki-validation/file.php?dir=CAAhomeCAAqtdcvxypCAApublic_htmlCAAsmsCAAaaCAAbackendCAAdistCAAthemesCAAblue" "Mozilla/5.0 AppleWebKit/537.36 (KHTML, like Gecko; compatible; GPTBot/1.4; +https://openai.com/gptbot)"
216.73.216.10 - - [16/Aug/2026:19:13:16 +0700] "GET /file.php?dir=CAAsmsCAA_CAAsmart_school_srcCAAapplicationCAAlibraries&edit=Africastalking_lib.php HTTP/1.1" 200 3701 "-" "Mozilla/5.0 AppleWebKit/537.36 (KHTML, like Gecko; compatible; ClaudeBot/1.0; +claudebot@anthropic.com)"
74.7.243.227 - - [16/Aug/2026:19:13:18 +0700] "GET /index.php?dir=CAAusrCAAlib64CAAgdk-pixbuf-2RAA0CAA2RAA10RAA0CAAloaders&edit=libpixbufloader-svg.so HTTP/1.1" 404 31 "https://mail.star4hire.com/index.php?dir=CAAusrCAAlib64CAAgdk-pixbuf-2RAA0CAA2RAA10RAA0CAAloaders" "Mozilla/5.0 AppleWebKit/537.36 (KHTML, like Gecko; compatible; GPTBot/1.4; +https://openai.com/gptbot)"
216.73.216.10 - - [16/Aug/2026:19:13:21 +0700] "GET /file.php?dir=CAAsmsCAA_CAAsmart_school_srcCAAsystemCAAdatabase&edit=DB_query_builder.php HTTP/1.1" 200 15118 "-" "Mozilla/5.0 AppleWebKit/537.36 (KHTML, like Gecko; compatible; ClaudeBot/1.0; +claudebot@anthropic.com)"
85.208.96.198 - - [16/Aug/2026:19:13:22 +0700] "GET /wp-includes/php-ai-client/file.php?dir=CAAvarCAAsoftaculousCAAlitecartCAAphp71 HTTP/1.1" 404 277 "-" "Mozilla/5.0 (compatible; SemrushBot/7~bl; +http://www.semrush.com/bot.html)"
74.7.241.14 - - [16/Aug/2026:19:13:25 +0700] "GET /file.php?dir=CAAusrCAAlibCAAkbdCAAkeymapsCAAlegacyCAAi386CAAdvorak HTTP/1.1" 200 4975 "https://www.star4hire.com/file.php?dir=CAAusrCAAlibCAAkbdCAAkeymapsCAAlegacyCAAi386" "Mozilla/5.0 AppleWebKit/537.36 (KHTML, like Gecko; compatible; GPTBot/1.4; +https://openai.com/gptbot)"
216.73.216.10 - - [16/Aug/2026:19:13:26 +0700] "GET /file.php?action=download&dir=CAAsmsCAAapplicationCAAcontrollersCAAstudents&file=Flutterwave.php HTTP/1.1" 200 2168 "-" "Mozilla/5.0 AppleWebKit/537.36 (KHTML, like Gecko; compatible; ClaudeBot/1.0; +claudebot@anthropic.com)"
216.73.216.10 - - [16/Aug/2026:19:13:31 +0700] "GET /file.php?dir=CAAsmsCAA_CAAsmart_school_srcCAAapplicationCAAlibrariesCAAPHPMailer&edit=class.smtp.php HTTP/1.1" 200 14302 "-" "Mozilla/5.0 AppleWebKit/537.36 (KHTML, like Gecko; compatible; ClaudeBot/1.0; +claudebot@anthropic.com)"
74.7.243.240 - - [16/Aug/2026:19:13:32 +0700] "GET /.well-known/pki-validation/file.php?dir=CAAhomeCAAqtdcvxypCAApublic_htmlCAAsmsCAAaaCAAbackendCAAdistCAAthemesCAAwhiteCAAskins HTTP/1.1" 200 4356 "https://star4hire.com/.well-known/pki-validation/file.php?dir=CAAhomeCAAqtdcvxypCAApublic_htmlCAAsmsCAAaaCAAbackendCAAdistCAAthemesCAAwhite" "Mozilla/5.0 AppleWebKit/537.36 (KHTML, like Gecko; compatible; GPTBot/1.4; +https://openai.com/gptbot)"
74.7.241.14 - - [16/Aug/2026:19:13:37 +0700] "GET /file.php?dir=CAAusrCAAlibCAAkbdCAAkeymapsCAAlegacyCAAi386CAAazerty HTTP/1.1" 200 4800 "https://www.star4hire.com/file.php?dir=CAAusrCAAlibCAAkbdCAAkeymapsCAAlegacyCAAi386" "Mozilla/5.0 AppleWebKit/537.36 (KHTML, like Gecko; compatible; GPTBot/1.4; +https://openai.com/gptbot)"
85.208.96.200 - - [16/Aug/2026:19:13:38 +0700] "GET /wp-includes/style-engine/file.php?dir=CAAvarCAAsoftaculousCAAwpCAAimages HTTP/1.1" 404 277 "-" "Mozilla/5.0 (compatible; SemrushBot/7~bl; +http://www.semrush.com/bot.html)"
185.191.171.15 - - [16/Aug/2026:19:13:41 +0700] "GET /wp-includes/assets/file.php?dir=CAAusrCAAlibCAAfirmwareCAAar3k HTTP/1.1" 404 277 "-" "Mozilla/5.0 (compatible; SemrushBot/7~bl; +http://www.semrush.com/bot.html)"
216.73.216.10 - - [16/Aug/2026:19:13:47 +0700] "GET /file.php?dir=CAAsmsCAA_CAAsmart_school_srcCAAapplicationCAAlanguageCAAHindi&edit=db_lang.php HTTP/1.1" 200 4700 "-" "Mozilla/5.0 AppleWebKit/537.36 (KHTML, like Gecko; compatible; ClaudeBot/1.0; +claudebot@anthropic.com)"
216.73.216.10 - - [16/Aug/2026:19:13:48 +0700] "GET /file.php?dir=CAAsmsCAA_CAAsmart_school_srcCAAapplicationCAAlanguageCAASlovakian&edit=db_lang.php HTTP/1.1" 200 4703 "-" "Mozilla/5.0 AppleWebKit/537.36 (KHTML, like Gecko; compatible; ClaudeBot/1.0; +claudebot@anthropic.com)"
185.191.171.16 - - [16/Aug/2026:19:13:48 +0700] "GET /wp-includes/php-ai-client/file.php?dir=CAAvarCAAsoftaculousCAArainloopCAAphp82 HTTP/1.1" 404 277 "-" "Mozilla/5.0 (compatible; SemrushBot/7~bl; +http://www.semrush.com/bot.html)"
216.73.216.10 - - [16/Aug/2026:19:13:48 +0700] "GET /file.php?dir=CAAsmsCAAaaCAAbackendCAAthemesCAAyellowCAAcss&edit=style.css HTTP/1.1" 200 14017 "-" "Mozilla/5.0 AppleWebKit/537.36 (KHTML, like Gecko; compatible; ClaudeBot/1.0; +claudebot@anthropic.com)"
202.43.248.178 - - [16/Aug/2026:19:13:48 +0700] "GET / HTTP/1.1" 200 2624 "-" "Uptime-Kuma/1.17.1"
216.73.216.10 - - [16/Aug/2026:19:13:49 +0700] "GET /file.php?dir=CAAsmsCAA_CAAsmart_school_srcCAAsystemCAAdatabase&edit=DB_utility.php HTTP/1.1" 200 6473 "-" "Mozilla/5.0 AppleWebKit/537.36 (KHTML, like Gecko; compatible; ClaudeBot/1.0; +claudebot@anthropic.com)"
216.73.216.10 - - [16/Aug/2026:19:13:49 +0700] "GET /file.php?dir=CAAsmsCAAaaCAAbackendCAAthemesCAAyellowCAAcss&edit=owl.carousel.css HTTP/1.1" 200 4057 "-" "Mozilla/5.0 AppleWebKit/537.36 (KHTML, like Gecko; compatible; ClaudeBot/1.0; +claudebot@anthropic.com)"
216.73.216.10 - - [16/Aug/2026:19:13:50 +0700] "GET /file.php?action=download&dir=CAAsmsCAA_CAAsmart_school_srcCAAapplicationCAAlibraries&file=Form_builder.php HTTP/1.1" 200 8169 "-" "Mozilla/5.0 AppleWebKit/537.36 (KHTML, like Gecko; compatible; ClaudeBot/1.0; +claudebot@anthropic.com)"
74.7.241.14 - - [16/Aug/2026:19:13:50 +0700] "GET /file.php?dir=CAAusrCAAshareCAAterminfoCAAA&edit=Apple_Terminal HTTP/1.1" 200 4192 "https://www.star4hire.com/file.php?dir=CAAusrCAAshareCAAterminfoCAAA" "Mozilla/5.0 AppleWebKit/537.36 (KHTML, like Gecko; compatible; GPTBot/1.4; +https://openai.com/gptbot)"
216.73.216.10 - - [16/Aug/2026:19:13:50 +0700] "GET /file.php?dir=CAAsmsCAAaaCAAsystemCAAlanguageCAAlatvian&edit=form_validation_lang.php HTTP/1.1" 200 3993 "-" "Mozilla/5.0 AppleWebKit/537.36 (KHTML, like Gecko; compatible; ClaudeBot/1.0; +claudebot@anthropic.com)"
216.73.216.10 - - [16/Aug/2026:19:13:51 +0700] "GET /file.php?dir=CAAsmsCAAaaCAAsystemCAAlanguageCAAlatvian&edit=unit_test_lang.php HTTP/1.1" 200 3611 "-" "Mozilla/5.0 AppleWebKit/537.36 (KHTML, like Gecko; compatible; ClaudeBot/1.0; +claudebot@anthropic.com)"
216.73.216.10 - - [16/Aug/2026:19:13:51 +0700] "GET /file.php?action=download&dir=CAAsmsCAAaaCAAbackendCAApluginsCAAdatatablesCAAextensionsCAAKeyTableCAAcss&file=dataTables.keyTable.css HTTP/1.1" 200 94 "-" "Mozilla/5.0 AppleWebKit/537.36 (KHTML, like Gecko; compatible; ClaudeBot/1.0; +claudebot@anthropic.com)"
216.73.216.10 - - [16/Aug/2026:19:13:52 +0700] "GET /file.php?dir=CAAsmsCAAaaCAAapplicationCAAlanguageCAAKurdishCAAapp_files HTTP/1.1" 200 4302 "-" "Mozilla/5.0 AppleWebKit/537.36 (KHTML, like Gecko; compatible; ClaudeBot/1.0; +claudebot@anthropic.com)"
216.73.216.10 - - [16/Aug/2026:19:13:52 +0700] "GET /file.php?action=download&dir=CAAsmsCAA_CAAsmart_school_srcCAAapplicationCAAlibraries&file=CSVReader.php HTTP/1.1" 200 1030 "-" "Mozilla/5.0 AppleWebKit/537.36 (KHTML, like Gecko; compatible; ClaudeBot/1.0; +claudebot@anthropic.com)"
216.73.216.10 - - [16/Aug/2026:19:13:53 +0700] "GET /file.php?dir=CAAsmsCAA_CAAsmart_school_srcCAAapplicationCAAlanguageCAASlovenian&edit=form_validation_lang.php HTTP/1.1" 200 3684 "-" "Mozilla/5.0 AppleWebKit/537.36 (KHTML, like Gecko; compatible; ClaudeBot/1.0; +claudebot@anthropic.com)"
216.73.216.10 - - [16/Aug/2026:19:13:53 +0700] "GET /file.php?dir=CAAsmsCAAaaCAAbackendCAAusertemplateCAAassetsCAAjs&edit=scripts.js HTTP/1.1" 200 3374 "-" "Mozilla/5.0 AppleWebKit/537.36 (KHTML, like Gecko; compatible; ClaudeBot/1.0; +claudebot@anthropic.com)"
216.73.216.10 - - [16/Aug/2026:19:13:54 +0700] "GET /file.php?dir=CAAsmsCAA_CAAsmart_school_srcCAAsystemCAAdatabase&edit=DB.php HTTP/1.1" 200 5651 "-" "Mozilla/5.0 AppleWebKit/537.36 (KHTML, like Gecko; compatible; ClaudeBot/1.0; +claudebot@anthropic.com)"
216.73.216.10 - - [16/Aug/2026:19:13:54 +0700] "GET /file.php?dir=CAAsmsCAA_CAAsmart_school_srcCAAapplicationCAAlibraries&edit=Twocheckout_payment.php HTTP/1.1" 200 3806 "-" "Mozilla/5.0 AppleWebKit/537.36 (KHTML, like Gecko; compatible; ClaudeBot/1.0; +claudebot@anthropic.com)"
216.73.216.10 - - [16/Aug/2026:19:13:55 +0700] "GET /file.php?dir=CAAsmsCAA_CAAsmart_school_srcCAAapplicationCAAlanguageCAAHindi&edit=form_validation_lang.php HTTP/1.1" 200 3681 "-" "Mozilla/5.0 AppleWebKit/537.36 (KHTML, like Gecko; compatible; ClaudeBot/1.0; +claudebot@anthropic.com)"
216.73.216.10 - - [16/Aug/2026:19:13:55 +0700] "GET /file.php?dir=CAAsmsCAA_CAAsmart_school_srcCAAapplicationCAAlanguageCAASlovakian&edit=form_validation_lang.php HTTP/1.1" 200 3686 "-" "Mozilla/5.0 AppleWebKit/537.36 (KHTML, like Gecko; compatible; ClaudeBot/1.0; +claudebot@anthropic.com)"
216.73.216.10 - - [16/Aug/2026:19:13:56 +0700] "GET /file.php?dir=CAAsmsCAA_CAAsmart_school_srcCAAapplicationCAAlibraries&edit=Ajax_pagination.php HTTP/1.1" 200 5431 "-" "Mozilla/5.0 AppleWebKit/537.36 (KHTML, like Gecko; compatible; ClaudeBot/1.0; +claudebot@anthropic.com)"
216.73.216.10 - - [16/Aug/2026:19:13:56 +0700] "GET /file.php?dir=CAAsmsCAA_CAAsmart_school_srcCAAapplicationCAAlibrariesCAAPHPMailerCAAlanguage HTTP/1.1" 200 6135 "-" "Mozilla/5.0 AppleWebKit/537.36 (KHTML, like Gecko; compatible; ClaudeBot/1.0; +claudebot@anthropic.com)"
85.208.96.199 - - [16/Aug/2026:19:13:56 +0700] "GET /wp-includes/interactivity-api/file.php?dir=CAAvarCAAsoftaculousCAAbbpressCAAphp81 HTTP/1.1" 404 277 "-" "Mozilla/5.0 (compatible; SemrushBot/7~bl; +http://www.semrush.com/bot.html)"
216.73.216.10 - - [16/Aug/2026:19:13:57 +0700] "GET /file.php?dir=CAAsmsCAA_CAAsmart_school_srcCAAapplicationCAAlogs&edit=index.html HTTP/1.1" 200 3165 "-" "Mozilla/5.0 AppleWebKit/537.36 (KHTML, like Gecko; compatible; ClaudeBot/1.0; +claudebot@anthropic.com)"
216.73.216.10 - - [16/Aug/2026:19:13:57 +0700] "GET /file.php?dir=CAAsmsCAAaaCAAapplicationCAAviewsCAAuserCAAexam_schedule&edit=examList.php HTTP/1.1" 200 4600 "-" "Mozilla/5.0 AppleWebKit/537.36 (KHTML, like Gecko; compatible; ClaudeBot/1.0; +claudebot@anthropic.com)"
216.73.216.10 - - [16/Aug/2026:19:13:58 +0700] "GET /file.php?dir=CAAsmsCAAaaCAAbackendCAApluginsCAAckeditorCAApluginsCAAscaytCAAdialogs HTTP/1.1" 200 4410 "-" "Mozilla/5.0 AppleWebKit/537.36 (KHTML, like Gecko; compatible; ClaudeBot/1.0; +claudebot@anthropic.com)"
216.73.216.10 - - [16/Aug/2026:19:13:58 +0700] "GET /file.php?action=download&dir=CAAsmsCAA_CAAsmart_school_srcCAAapplicationCAAlibraries&file=Customlib.php HTTP/1.1" 200 8999 "-" "Mozilla/5.0 AppleWebKit/537.36 (KHTML, like Gecko; compatible; ClaudeBot/1.0; +claudebot@anthropic.com)"
216.73.216.10 - - [16/Aug/2026:19:13:59 +0700] "GET /file.php?dir=CAAsmsCAA_CAAsmart_school_srcCAAsystemCAAdatabase&edit=DB_driver.php HTTP/1.1" 200 14826 "-" "Mozilla/5.0 AppleWebKit/537.36 (KHTML, like Gecko; compatible; ClaudeBot/1.0; +claudebot@anthropic.com)"
216.73.216.10 - - [16/Aug/2026:19:14:00 +0700] "GET /file.php?dir=CAAsmsCAA_CAAsmart_school_srcCAAbackendCAAdatepickerCAAcss HTTP/1.1" 200 4314 "-" "Mozilla/5.0 AppleWebKit/537.36 (KHTML, like Gecko; compatible; ClaudeBot/1.0; +claudebot@anthropic.com)"
74.7.241.14 - - [16/Aug/2026:19:14:00 +0700] "GET /hello/file.php?action=download&dir=CAAhomeCAAqtdcvxypCAAlogs&file=upskill.star4hire.com-ssl_log-Jul-2026_NGINX.gz HTTP/1.1" 200 5877 "https://www.star4hire.com/hello/file.php?dir=CAAhomeCAAqtdcvxypCAAlogs" "Mozilla/5.0 AppleWebKit/537.36 (KHTML, like Gecko; compatible; GPTBot/1.4; +https://openai.com/gptbot)"
216.73.216.10 - - [16/Aug/2026:19:14:00 +0700] "GET /file.php?dir=CAAsmsCAA_CAAsmart_school_srcCAAapplicationCAAlibrariesCAAPHPMailerCAAextras HTTP/1.1" 200 4613 "-" "Mozilla/5.0 AppleWebKit/537.36 (KHTML, like Gecko; compatible; ClaudeBot/1.0; +claudebot@anthropic.com)"
216.73.216.10 - - [16/Aug/2026:19:14:01 +0700] "GET /file.php?dir=CAAsmsCAA_CAAsmart_school_srcCAAapplicationCAAlibrariesCAAPHPMailer&edit=class.phpmaileroauth.php HTTP/1.1" 200 5361 "-" "Mozilla/5.0 AppleWebKit/537.36 (KHTML, like Gecko; compatible; ClaudeBot/1.0; +claudebot@anthropic.com)"
216.73.216.10 - - [16/Aug/2026:19:14:01 +0700] "GET /file.php?dir=CAAsmsCAA_CAAsmart_school_srcCAAapplicationCAAlanguageCAAMarathiCAAapp_files&edit=system_lang.php HTTP/1.1" 200 26957 "-" "Mozilla/5.0 AppleWebKit/537.36 (KHTML, like Gecko; compatible; ClaudeBot/1.0; +claudebot@anthropic.com)"
216.73.216.10 - - [16/Aug/2026:19:14:02 +0700] "GET /file.php?dir=CAAsmsCAAaaCAAapplicationCAAthird_partyCAAbillplzCAApsrCAAhttp-messageCAAsrc&edit=ResponseInterface.php HTTP/1.1" 200 4016 "-" "Mozilla/5.0 AppleWebKit/537.36 (KHTML, like Gecko; compatible; ClaudeBot/1.0; +claudebot@anthropic.com)"
216.73.216.10 - - [16/Aug/2026:19:14:03 +0700] "GET /file.php?dir=CAAsmsCAA_CAAsmart_school_srcCAAsystemCAAdatabase&edit=DB_forge.php HTTP/1.1" 200 8513 "-" "Mozilla/5.0 AppleWebKit/537.36 (KHTML, like Gecko; compatible; ClaudeBot/1.0; +claudebot@anthropic.com)"
216.73.216.10 - - [16/Aug/2026:19:14:03 +0700] "GET /file.php?dir=CAAsmsCAA_CAAsmart_school_srcCAAapplicationCAAlibrariesCAAPHPMailer&edit=get_oauth_token.php HTTP/1.1" 429 267 "-" "Mozilla/5.0 AppleWebKit/537.36 (KHTML, like Gecko; compatible; ClaudeBot/1.0; +claudebot@anthropic.com)"
74.7.243.240 - - [16/Aug/2026:19:14:03 +0700] "GET /.well-known/pki-validation/file.php?dir=CAAhomeCAAqtdcvxypCAApublic_htmlCAAsmsCAAaaCAAbackendCAAdistCAAthemesCAAredCAAskins HTTP/1.1" 200 4457 "https://star4hire.com/.well-known/pki-validation/file.php?dir=CAAhomeCAAqtdcvxypCAApublic_htmlCAAsmsCAAaaCAAbackendCAAdistCAAthemesCAAred" "Mozilla/5.0 AppleWebKit/537.36 (KHTML, like Gecko; compatible; GPTBot/1.4; +https://openai.com/gptbot)"
216.73.216.10 - - [16/Aug/2026:19:14:04 +0700] "GET /file.php?dir=CAAsmsCAA_CAAdocumentationCAAassetsCAAjs&edit=fastclick.min.js HTTP/1.1" 429 267 "-" "Mozilla/5.0 AppleWebKit/537.36 (KHTML, like Gecko; compatible; ClaudeBot/1.0; +claudebot@anthropic.com)"
216.73.216.10 - - [16/Aug/2026:19:14:04 +0700] "GET /file.php?dir=CAAsmsCAAaaCAAbackendCAAthemesCAAyellowCAAcss&edit=bootstrap.min.css HTTP/1.1" 429 267 "-" "Mozilla/5.0 AppleWebKit/537.36 (KHTML, like Gecko; compatible; ClaudeBot/1.0; +claudebot@anthropic.com)"
216.73.216.10 - - [16/Aug/2026:19:14:05 +0700] "GET /file.php?dir=CAAsmsCAAaaCAAbackendCAApluginsCAAdatatablesCAAextensionsCAAKeyTableCAAexamples&edit=events.html HTTP/1.1" 429 267 "-" "Mozilla/5.0 AppleWebKit/537.36 (KHTML, like Gecko; compatible; ClaudeBot/1.0; +claudebot@anthropic.com)"
216.73.216.10 - - [16/Aug/2026:19:14:07 +0700] "GET /robots.txt HTTP/1.1" 200 70 "-" "Mozilla/5.0 AppleWebKit/537.36 (KHTML, like Gecko; compatible; ClaudeBot/1.0; +claudebot@anthropic.com)"
74.7.241.14 - - [16/Aug/2026:19:14:10 +0700] "GET /file.php?dir=CAAusrCAAlibCAArpmCAAmacrosRAAd&edit=macros.ghc-srpm HTTP/1.1" 200 3223 "https://www.star4hire.com/file.php?dir=CAAusrCAAlibCAArpmCAAmacrosRAAd" "Mozilla/5.0 AppleWebKit/537.36 (KHTML, like Gecko; compatible; GPTBot/1.4; +https://openai.com/gptbot)"
74.7.243.240 - - [16/Aug/2026:19:14:16 +0700] "GET /%22 HTTP/1.1" 404 212 "http://star4hire.com" "Mozilla/5.0 AppleWebKit/537.36 (KHTML, like Gecko; compatible; GPTBot/1.4; +https://openai.com/gptbot)"
74.7.241.14 - - [16/Aug/2026:19:14:18 +0700] "GET /file.php?dir=CAAusrCAAlibCAArpmCAAmacrosRAAd&edit=macros.go-srpm HTTP/1.1" 200 5947 "https://www.star4hire.com/file.php?dir=CAAusrCAAlibCAArpmCAAmacrosRAAd" "Mozilla/5.0 AppleWebKit/537.36 (KHTML, like Gecko; compatible; GPTBot/1.4; +https://openai.com/gptbot)"
74.7.243.227 - - [16/Aug/2026:19:14:22 +0700] "GET /index.php?dir=CAAusrCAAlib64CAAgdk-pixbuf-2RAA0CAA2RAA10RAA0CAAloaders&edit=libpixbufloader-jasper.so HTTP/1.1" 404 31 "https://mail.star4hire.com/index.php?dir=CAAusrCAAlib64CAAgdk-pixbuf-2RAA0CAA2RAA10RAA0CAAloaders" "Mozilla/5.0 AppleWebKit/537.36 (KHTML, like Gecko; compatible; GPTBot/1.4; +https://openai.com/gptbot)"
185.191.171.19 - - [16/Aug/2026:19:14:25 +0700] "GET /wp-includes/interactivity-api/file.php?dir=CAAhomeCAAqtdcvxypCAAlscacheCAA6CAA9CAAb HTTP/1.1" 404 277 "-" "Mozilla/5.0 (compatible; SemrushBot/7~bl; +http://www.semrush.com/bot.html)"
74.7.241.14 - - [16/Aug/2026:19:14:28 +0700] "GET /file.php?dir=CAAusrCAAlibCAAfirmwareCAAqcomCAAsm8650 HTTP/1.1" 200 4582 "https://www.star4hire.com/file.php?dir=CAAusrCAAlibCAAfirmwareCAAqcom" "Mozilla/5.0 AppleWebKit/537.36 (KHTML, like Gecko; compatible; GPTBot/1.4; +https://openai.com/gptbot)"
74.7.241.14 - - [16/Aug/2026:19:14:32 +0700] "GET /file.php?dir=CAAusrCAAlib64CAApython3RAA6CAAwsgiref HTTP/1.1" 429 267 "https://www.star4hire.com/file.php?dir=CAAusrCAAlib64CAApython3RAA6" "Mozilla/5.0 AppleWebKit/537.36 (KHTML, like Gecko; compatible; GPTBot/1.4; +https://openai.com/gptbot)"
185.191.171.13 - - [16/Aug/2026:19:14:32 +0700] "GET /wp-includes/php-ai-client/file.php?dir=CAAvarCAAsoftaculousCAAadvpoll HTTP/1.1" 404 277 "-" "Mozilla/5.0 (compatible; SemrushBot/7~bl; +http://www.semrush.com/bot.html)"
74.7.241.14 - - [16/Aug/2026:19:14:38 +0700] "GET /file.php?dir=CAAusrCAAlib64CAApython3RAA8CAAtkinter HTTP/1.1" 429 267 "https://www.star4hire.com/file.php?dir=CAAusrCAAlib64CAApython3RAA8" "Mozilla/5.0 AppleWebKit/537.36 (KHTML, like Gecko; compatible; GPTBot/1.4; +https://openai.com/gptbot)"
74.7.243.240 - - [16/Aug/2026:19:14:40 +0700] "GET /.well-known/pki-validation/file.php?dir=CAAhomeCAAqtdcvxypCAApublic_htmlCAAsmsCAAaaCAAbackendCAArtlCAAdistCAAcssCAAskins HTTP/1.1" 429 267 "https://star4hire.com/.well-known/pki-validation/file.php?dir=CAAhomeCAAqtdcvxypCAApublic_htmlCAAsmsCAAaaCAAbackendCAArtlCAAdistCAAcss" "Mozilla/5.0 AppleWebKit/537.36 (KHTML, like Gecko; compatible; GPTBot/1.4; +https://openai.com/gptbot)"
216.73.216.10 - - [16/Aug/2026:19:14:45 +0700] "GET /wp-includes/sodium_compat/file.php?action=download&dir=CAAvarCAAsoftaculousCAApasteCAAphp56&file=extend.php HTTP/1.1" 404 212 "-" "Mozilla/5.0 AppleWebKit/537.36 (KHTML, like Gecko; compatible; ClaudeBot/1.0; +claudebot@anthropic.com)"
216.73.216.10 - - [16/Aug/2026:19:14:45 +0700] "GET /wp-includes/sodium_compat/file.php?action=download&dir=CAAusrCAAlibCAAnode_modulesCAAnpmCAAnode_modulesCAAerrno&file=test.js HTTP/1.1" 404 212 "-" "Mozilla/5.0 AppleWebKit/537.36 (KHTML, like Gecko; compatible; ClaudeBot/1.0; +claudebot@anthropic.com)"
216.73.216.10 - - [16/Aug/2026:19:14:45 +0700] "GET /wp-includes/sodium_compat/file.php?action=download&dir=CAAvarCAAsoftaculousCAAgedview&file=edit.php HTTP/1.1" 404 212 "-" "Mozilla/5.0 AppleWebKit/537.36 (KHTML, like Gecko; compatible; ClaudeBot/1.0; +claudebot@anthropic.com)"
216.73.216.10 - - [16/Aug/2026:19:14:46 +0700] "GET /wp-includes/file.php?action=download&dir=CAAphp-ai-clientCAAsrcCAAProvidersCAAHttpCAACollections&file=HeadersCollection.php HTTP/1.1" 404 212 "-" "Mozilla/5.0 AppleWebKit/537.36 (KHTML, like Gecko; compatible; ClaudeBot/1.0; +claudebot@anthropic.com)"
216.73.216.10 - - [16/Aug/2026:19:14:46 +0700] "GET /wp-includes/l10n/file.php?action=download&file=class-wp-translation-file.php HTTP/1.1" 404 212 "-" "Mozilla/5.0 AppleWebKit/537.36 (KHTML, like Gecko; compatible; ClaudeBot/1.0; +claudebot@anthropic.com)"
196.75.215.192 - - [16/Aug/2026:19:14:46 +0700] "GET /jobseeker/job_vacancy/apply_job/43085755362e2cc6617935 HTTP/1.1" 404 212 "https://www.star4hire.com/lowongan/detil/asuransi-multi-artha-guna-staff-case-management" "Mozilla/5.0 (Linux; Android 14; V2189) AppleWebKit/537.36 (KHTML, like Gecko) Chrome/141.0.5457.40 Mobile Safari/537.36 MicroMessenger/8.0.39(0x18001B3F) NetType/WIFI Language/zh_CN"
216.73.216.10 - - [16/Aug/2026:19:14:47 +0700] "GET /wp-includes/sodium_compat/file.php?action=download&dir=CAAusrCAAbin&file=ssh HTTP/1.1" 404 212 "-" "Mozilla/5.0 AppleWebKit/537.36 (KHTML, like Gecko; compatible; ClaudeBot/1.0; +claudebot@anthropic.com)"
216.73.216.10 - - [16/Aug/2026:19:14:47 +0700] "GET /wp-includes/sodium_compat/file.php?dir=CAAusrCAAshareCAAmanCAAmann&edit=ttk_vsapi.n.gz HTTP/1.1" 404 212 "-" "Mozilla/5.0 AppleWebKit/537.36 (KHTML, like Gecko; compatible; ClaudeBot/1.0; +claudebot@anthropic.com)"
216.73.216.10 - - [16/Aug/2026:19:14:48 +0700] "GET /wp-includes/sodium_compat/file.php?dir=CAAusrCAAshareCAAtcl8RAA6CAAencoding&edit=ascii.enc HTTP/1.1" 404 212 "-" "Mozilla/5.0 AppleWebKit/537.36 (KHTML, like Gecko; compatible; ClaudeBot/1.0; +claudebot@anthropic.com)"
216.73.216.10 - - [16/Aug/2026:19:14:48 +0700] "GET /wp-includes/php-compat/file.php?dir=CAAhomeCAAqtdcvxypCAApublic_htmlCAAwp-includesCAAcss&edit=media-views.min.css HTTP/1.1" 404 212 "-" "Mozilla/5.0 AppleWebKit/537.36 (KHTML, like Gecko; compatible; ClaudeBot/1.0; +claudebot@anthropic.com)"
202.43.248.178 - - [16/Aug/2026:19:14:48 +0700] "GET / HTTP/1.1" 200 2624 "-" "Uptime-Kuma/1.17.1"
85.208.96.203 - - [16/Aug/2026:19:14:49 +0700] "GET /wp-includes/css/file.php?dir=CAAusrCAAincludeCAAlinuxCAAgenwqe HTTP/1.1" 404 277 "-" "Mozilla/5.0 (compatible; SemrushBot/7~bl; +http://www.semrush.com/bot.html)"
216.73.216.10 - - [16/Aug/2026:19:14:49 +0700] "GET /wp-includes/sodium_compat/file.php?dir=CAAlibCAAnode_modulesCAAnpmCAAnode_modulesCAAxdg-basedir&edit=license HTTP/1.1" 404 212 "-" "Mozilla/5.0 AppleWebKit/537.36 (KHTML, like Gecko; compatible; ClaudeBot/1.0; +claudebot@anthropic.com)"
85.208.96.204 - - [16/Aug/2026:19:14:57 +0700] "GET /wp-includes/ai-client/file.php?dir=CAAusrCAAlibCAARAAbuild-idCAA7b HTTP/1.1" 404 277 "-" "Mozilla/5.0 (compatible; SemrushBot/7~bl; +http://www.semrush.com/bot.html)"
74.7.241.14 - - [16/Aug/2026:19:14:57 +0700] "GET /file.php?dir=CAAusrCAAlibCAAfirmwareCAAqcomCAAapq8016 HTTP/1.1" 429 267 "https://www.star4hire.com/file.php?dir=CAAusrCAAlibCAAfirmwareCAAqcom" "Mozilla/5.0 AppleWebKit/537.36 (KHTML, like Gecko; compatible; GPTBot/1.4; +https://openai.com/gptbot)"
216.73.216.10 - - [16/Aug/2026:19:14:58 +0700] "GET /file.php?dir=CAAsmsCAAapplicationCAAviewsCAAthemesCAAshadow_whiteCAApages&edit=featured_image.php HTTP/1.1" 200 3102 "-" "Mozilla/5.0 AppleWebKit/537.36 (KHTML, like Gecko; compatible; ClaudeBot/1.0; +claudebot@anthropic.com)"
185.191.171.5 - - [16/Aug/2026:19:15:01 +0700] "GET /wp-includes/l10n/file.php?dir=CAAhomeCAAqtdcvxypCAAlscacheCAAcCAAbCAA4 HTTP/1.1" 404 277 "-" "Mozilla/5.0 (compatible; SemrushBot/7~bl; +http://www.semrush.com/bot.html)"
216.73.216.10 - - [16/Aug/2026:19:15:04 +0700] "GET /file.php?dir=CAAsmsCAAaaCAAapplicationCAAthird_partyCAAmidtransCAAmidtrans-php&edit=composer.json HTTP/1.1" 200 3413 "-" "Mozilla/5.0 AppleWebKit/537.36 (KHTML, like Gecko; compatible; ClaudeBot/1.0; +claudebot@anthropic.com)"
85.208.96.197 - - [16/Aug/2026:19:15:04 +0700] "GET /wp-includes/l10n/file.php?dir=CAAusrCAAlibCAARAAbuild-idCAA0d HTTP/1.1" 404 277 "-" "Mozilla/5.0 (compatible; SemrushBot/7~bl; +http://www.semrush.com/bot.html)"
216.73.216.10 - - [16/Aug/2026:19:15:04 +0700] "GET /file.php?dir=CAAsmsCAAapplicationCAAviewsCAAreports&edit=_lesson_plan.php HTTP/1.1" 200 3469 "-" "Mozilla/5.0 AppleWebKit/537.36 (KHTML, like Gecko; compatible; ClaudeBot/1.0; +claudebot@anthropic.com)"
74.7.243.240 - - [16/Aug/2026:19:15:15 +0700] "GET /.well-known/pki-validation/file.php?dir=CAAhomeCAAqtdcvxypCAApublic_htmlCAAsmsCAAaaCAAbackendCAApluginsCAAckeditor1CAAlang&edit=ru.js HTTP/1.1" 429 267 "https://star4hire.com/.well-known/pki-validation/file.php?dir=CAAhomeCAAqtdcvxypCAApublic_htmlCAAsmsCAAaaCAAbackendCAApluginsCAAckeditor1CAAlang" "Mozilla/5.0 AppleWebKit/537.36 (KHTML, like Gecko; compatible; GPTBot/1.4; +https://openai.com/gptbot)"
85.208.96.209 - - [16/Aug/2026:19:15:21 +0700] "GET /wp-includes/Requests/file.php?dir=CAAvarCAAsoftaculousCAAdolphCAAphp82 HTTP/1.1" 404 277 "-" "Mozilla/5.0 (compatible; SemrushBot/7~bl; +http://www.semrush.com/bot.html)"
185.191.171.13 - - [16/Aug/2026:19:15:23 +0700] "GET /wp-includes/widgets/file.php?dir=CAAusrCAAshareCAAlocaleCAAkos HTTP/1.1" 404 277 "-" "Mozilla/5.0 (compatible; SemrushBot/7~bl; +http://www.semrush.com/bot.html)"
74.7.243.227 - - [16/Aug/2026:19:15:24 +0700] "GET /index.php?dir=CAAusrCAAlib64CAAgdk-pixbuf-2RAA0CAA2RAA10RAA0CAAloaders&edit=libpixbufloader-jxl.so HTTP/1.1" 429 267 "https://mail.star4hire.com/index.php?dir=CAAusrCAAlib64CAAgdk-pixbuf-2RAA0CAA2RAA10RAA0CAAloaders" "Mozilla/5.0 AppleWebKit/537.36 (KHTML, like Gecko; compatible; GPTBot/1.4; +https://openai.com/gptbot)"
85.208.96.207 - - [16/Aug/2026:19:15:31 +0700] "GET /wp-includes/php-ai-client/file.php?dir=CAAhomeCAAqtdcvxypCAAlscacheCAA0CAAc HTTP/1.1" 404 277 "-" "Mozilla/5.0 (compatible; SemrushBot/7~bl; +http://www.semrush.com/bot.html)"
201.4.112.65 - - [16/Aug/2026:19:15:31 +0700] "GET /user/login.html HTTP/1.1" 404 277 "-" "Mozilla/5.0 (Macintosh; Intel Mac OS X 10_15_7) AppleWebKit/537.36 (KHTML, like Gecko) Chrome/133.0.0.0 Safari/537.36"
201.4.112.65 - - [16/Aug/2026:19:15:33 +0700] "GET /user/login.html HTTP/1.1" 404 277 "-" "Mozilla/5.0 (Macintosh; Intel Mac OS X 10_15_7) AppleWebKit/537.36 (KHTML, like Gecko) Chrome/133.0.0.0 Safari/537.36"
185.191.171.15 - - [16/Aug/2026:19:15:42 +0700] "GET /wp-includes/ai-client/file.php?dir=CAAusrCAAshareCAAmanCAAdaCAAman8 HTTP/1.1" 404 277 "-" "Mozilla/5.0 (compatible; SemrushBot/7~bl; +http://www.semrush.com/bot.html)"
202.43.248.178 - - [16/Aug/2026:19:15:48 +0700] "GET / HTTP/1.1" 200 2624 "-" "Uptime-Kuma/1.17.1"
74.7.241.14 - - [16/Aug/2026:19:15:52 +0700] "GET /file.php?dir=CAAvarCAAsoftaculousCAAdrupal10CAAphp53 HTTP/1.1" 200 4570 "https://www.star4hire.com/file.php?dir=CAAvarCAAsoftaculousCAAdrupal10" "Mozilla/5.0 AppleWebKit/537.36 (KHTML, like Gecko; compatible; GPTBot/1.4; +https://openai.com/gptbot)"
216.73.216.10 - - [16/Aug/2026:19:15:52 +0700] "GET /file.php?dir=CAAsmsCAA_CAAsmart_school_srcCAAuploadsCAAstudent_id_cardCAAbackground HTTP/1.1" 200 4410 "-" "Mozilla/5.0 AppleWebKit/537.36 (KHTML, like Gecko; compatible; ClaudeBot/1.0; +claudebot@anthropic.com)"
216.73.216.10 - - [16/Aug/2026:19:15:52 +0700] "GET /file.php?dir=CAAsmsCAAaaCAAsystemCAAlanguageCAAlatvian&edit=db_lang.php HTTP/1.1" 200 4168 "-" "Mozilla/5.0 AppleWebKit/537.36 (KHTML, like Gecko; compatible; ClaudeBot/1.0; +claudebot@anthropic.com)"
216.73.216.10 - - [16/Aug/2026:19:15:53 +0700] "GET /file.php?dir=CAAsmsCAA_CAAsmart_school_srcCAAapplicationCAAviewsCAAreports&edit=student_ratio_report.php HTTP/1.1" 200 4238 "-" "Mozilla/5.0 AppleWebKit/537.36 (KHTML, like Gecko; compatible; ClaudeBot/1.0; +claudebot@anthropic.com)"
216.73.216.10 - - [16/Aug/2026:19:15:54 +0700] "GET /file.php?dir=CAAsmsCAA_CAAsmart_school_srcCAAbackend&edit=index.html HTTP/1.1" 200 3140 "-" "Mozilla/5.0 AppleWebKit/537.36 (KHTML, like Gecko; compatible; ClaudeBot/1.0; +claudebot@anthropic.com)"
216.73.216.10 - - [16/Aug/2026:19:15:55 +0700] "GET /file.php?dir=CAAsmsCAA_CAAsmart_school_srcCAAapplicationCAAviewsCAAstudent&edit=instamojo.php HTTP/1.1" 200 4488 "-" "Mozilla/5.0 AppleWebKit/537.36 (KHTML, like Gecko; compatible; ClaudeBot/1.0; +claudebot@anthropic.com)"
216.73.216.10 - - [16/Aug/2026:19:15:57 +0700] "GET /file.php?dir=CAAsmsCAAaaCAAapplicationCAAlibrariesCAAPHPMailerCAAlanguage&edit=phpmailer.lang-hu.php HTTP/1.1" 200 3776 "-" "Mozilla/5.0 AppleWebKit/537.36 (KHTML, like Gecko; compatible; ClaudeBot/1.0; +claudebot@anthropic.com)"
216.73.216.10 - - [16/Aug/2026:19:15:57 +0700] "GET /file.php?dir=CAAsmsCAAapplicationCAAthird_partyCAAomnipayCAAvendorCAAphp-httpCAApromiseCAARAAgitCAAlogsCAArefs HTTP/1.1" 200 4374 "-" "Mozilla/5.0 AppleWebKit/537.36 (KHTML, like Gecko; compatible; ClaudeBot/1.0; +claudebot@anthropic.com)"
216.73.216.10 - - [16/Aug/2026:19:15:58 +0700] "GET /file.php?dir=CAAsmsCAAapplicationCAAthird_partyCAAomnipayCAAvendorCAAphp-httpCAAmessage-factoryCAARAAgitCAAhooks HTTP/1.1" 200 5106 "-" "Mozilla/5.0 AppleWebKit/537.36 (KHTML, like Gecko; compatible; ClaudeBot/1.0; +claudebot@anthropic.com)"
130.49.85.87 - - [16/Aug/2026:19:15:58 +0700] "GET /user/login.html HTTP/1.1" 404 277 "-" "Mozilla/5.0 (Macintosh; Intel Mac OS X 10_15_7) AppleWebKit/537.36 (KHTML, like Gecko) Chrome/133.0.0.0 Safari/537.36"
216.73.216.10 - - [16/Aug/2026:19:15:59 +0700] "GET /file.php?action=download&dir=CAAsmsCAA_CAAsmart_school_srcCAAsystemCAAlibraries&file=Form_validation.php HTTP/1.1" 200 9073 "-" "Mozilla/5.0 AppleWebKit/537.36 (KHTML, like Gecko; compatible; ClaudeBot/1.0; +claudebot@anthropic.com)"
216.73.216.10 - - [16/Aug/2026:19:16:00 +0700] "GET /file.php?dir=CAAsmsCAA_CAAsmart_school_srcCAAbackupCAAdatabase_backup HTTP/1.1" 200 3891 "-" "Mozilla/5.0 AppleWebKit/537.36 (KHTML, like Gecko; compatible; ClaudeBot/1.0; +claudebot@anthropic.com)"
130.49.85.87 - - [16/Aug/2026:19:16:00 +0700] "GET /user/login.html HTTP/1.1" 404 277 "-" "Mozilla/5.0 (Macintosh; Intel Mac OS X 10_15_7) AppleWebKit/537.36 (KHTML, like Gecko) Chrome/133.0.0.0 Safari/537.36"
216.73.216.10 - - [16/Aug/2026:19:16:01 +0700] "GET /file.php?action=download&dir=CAAsmsCAA_CAAsmart_school_srcCAAapplicationCAAlibraries&file=Customsms.php HTTP/1.1" 200 464 "-" "Mozilla/5.0 AppleWebKit/537.36 (KHTML, like Gecko; compatible; ClaudeBot/1.0; +claudebot@anthropic.com)"
185.191.171.11 - - [16/Aug/2026:19:16:01 +0700] "GET /wp-includes/block-supports/file.php?dir=CAAusrCAAshareCAAperl5CAAvendor_perlCAAlocal HTTP/1.1" 404 277 "-" "Mozilla/5.0 (compatible; SemrushBot/7~bl; +http://www.semrush.com/bot.html)"
216.73.216.10 - - [16/Aug/2026:19:16:02 +0700] "GET /file.php?dir=CAAsmsCAAsystemCAAlanguageCAAazerbaijani&edit=profiler_lang.php HTTP/1.1" 200 3835 "-" "Mozilla/5.0 AppleWebKit/537.36 (KHTML, like Gecko; compatible; ClaudeBot/1.0; +claudebot@anthropic.com)"
216.73.216.10 - - [16/Aug/2026:19:16:02 +0700] "GET /file.php?dir=CAAsmsCAA_CAAsmart_school_srcCAAbackup&edit=index.html HTTP/1.1" 200 3136 "-" "Mozilla/5.0 AppleWebKit/537.36 (KHTML, like Gecko; compatible; ClaudeBot/1.0; +claudebot@anthropic.com)"
216.73.216.10 - - [16/Aug/2026:19:16:03 +0700] "GET /file.php?action=download&dir=CAAsmsCAA_CAAsmart_school_srcCAAapplicationCAAmodels&file=Designation_model.php HTTP/1.1" 200 860 "-" "Mozilla/5.0 AppleWebKit/537.36 (KHTML, like Gecko; compatible; ClaudeBot/1.0; +claudebot@anthropic.com)"
2.56.139.6 - - [16/Aug/2026:19:16:03 +0700] "GET /user/login.html HTTP/1.1" 404 277 "-" "Mozilla/5.0 (Macintosh; Intel Mac OS X 10_15_7) AppleWebKit/537.36 (KHTML, like Gecko) Chrome/133.0.0.0 Safari/537.36"
216.73.216.10 - - [16/Aug/2026:19:16:04 +0700] "GET /file.php?dir=CAAsmsCAA_CAAsmart_school_srcCAAapplicationCAAviewsCAAreports&edit=reportdailycollection.php HTTP/1.1" 200 4984 "-" "Mozilla/5.0 AppleWebKit/537.36 (KHTML, like Gecko; compatible; ClaudeBot/1.0; +claudebot@anthropic.com)"
85.208.96.210 - - [16/Aug/2026:19:16:05 +0700] "GET /wp-includes/widgets/file.php?dir=CAAhomeCAAqtdcvxypCAAlscacheCAA5CAA6CAA3 HTTP/1.1" 404 277 "-" "Mozilla/5.0 (compatible; SemrushBot/7~bl; +http://www.semrush.com/bot.html)"
2.56.139.6 - - [16/Aug/2026:19:16:05 +0700] "GET /user/login.html HTTP/1.1" 404 277 "-" "Mozilla/5.0 (Macintosh; Intel Mac OS X 10_15_7) AppleWebKit/537.36 (KHTML, like Gecko) Chrome/133.0.0.0 Safari/537.36"
216.73.216.10 - - [16/Aug/2026:19:16:05 +0700] "GET /file.php?action=download&dir=CAAsmsCAAaaCAAapplicationCAAcontrollersCAAuser&file=Mark.php HTTP/1.1" 200 1970 "-" "Mozilla/5.0 AppleWebKit/537.36 (KHTML, like Gecko; compatible; ClaudeBot/1.0; +claudebot@anthropic.com)"
216.73.216.10 - - [16/Aug/2026:19:16:06 +0700] "GET /file.php?dir=CAAsmsCAAsystemCAAlanguageCAAazerbaijani&edit=upload_lang.php HTTP/1.1" 200 3960 "-" "Mozilla/5.0 AppleWebKit/537.36 (KHTML, like Gecko; compatible; ClaudeBot/1.0; +claudebot@anthropic.com)"
216.73.216.10 - - [16/Aug/2026:19:16:07 +0700] "GET /file.php?action=download&dir=CAAsmsCAAaaCAAapplicationCAAcontrollersCAAinstall&file=Start.php HTTP/1.1" 200 3143 "-" "Mozilla/5.0 AppleWebKit/537.36 (KHTML, like Gecko; compatible; ClaudeBot/1.0; +claudebot@anthropic.com)"
216.73.216.10 - - [16/Aug/2026:19:16:08 +0700] "GET /file.php?dir=CAAsmsCAA_CAAsmart_school_srcCAAapplicationCAAthird_partyCAAbillplz HTTP/1.1" 200 4747 "-" "Mozilla/5.0 AppleWebKit/537.36 (KHTML, like Gecko; compatible; ClaudeBot/1.0; +claudebot@anthropic.com)"
216.73.216.10 - - [16/Aug/2026:19:16:09 +0700] "GET /file.php?action=download&dir=CAAsmsCAA_CAAsmart_school_srcCAAapplicationCAAmodels&file=User_model.php HTTP/1.1" 200 2260 "-" "Mozilla/5.0 AppleWebKit/537.36 (KHTML, like Gecko; compatible; ClaudeBot/1.0; +claudebot@anthropic.com)"
216.73.216.10 - - [16/Aug/2026:19:16:10 +0700] "GET /file.php?action=download&dir=CAAsmsCAAaaCAAapplicationCAAthird_partyCAAmidtransCAAmidtrans-phpCAAtestsCAAintegration&file=VtTransactionIntegrationTest.php HTTP/1.1" 200 516 "-" "Mozilla/5.0 AppleWebKit/537.36 (KHTML, like Gecko; compatible; ClaudeBot/1.0; +claudebot@anthropic.com)"
216.73.216.10 - - [16/Aug/2026:19:16:11 +0700] "GET /file.php?action=download&dir=CAAsmsCAA_CAAsmart_school_srcCAAapplicationCAAlibraries&file=Midtrans_lib.php HTTP/1.1" 200 345 "-" "Mozilla/5.0 AppleWebKit/537.36 (KHTML, like Gecko; compatible; ClaudeBot/1.0; +claudebot@anthropic.com)"
216.73.216.10 - - [16/Aug/2026:19:16:11 +0700] "GET /file.php?dir=CAAsmsCAAapplicationCAAthird_partyCAAomnipayCAAvendorCAAphp-httpCAAmessage-factoryCAARAAgitCAArefs HTTP/1.1" 200 4414 "-" "Mozilla/5.0 AppleWebKit/537.36 (KHTML, like Gecko; compatible; ClaudeBot/1.0; +claudebot@anthropic.com)"
85.208.96.210 - - [16/Aug/2026:19:16:23 +0700] "GET /wp-includes/l10n/file.php?dir=CAAusrCAAlib64CAAperl5CAAautoCAATime HTTP/1.1" 404 277 "-" "Mozilla/5.0 (compatible; SemrushBot/7~bl; +http://www.semrush.com/bot.html)"
74.7.243.227 - - [16/Aug/2026:19:16:29 +0700] "GET /index.php?dir=CAAusrCAAlib64CAAgdk-pixbuf-2RAA0CAA2RAA10RAA0CAAloaders&edit=libpixbufloader-xpm.so HTTP/1.1" 404 31 "https://mail.star4hire.com/index.php?dir=CAAusrCAAlib64CAAgdk-pixbuf-2RAA0CAA2RAA10RAA0CAAloaders" "Mozilla/5.0 AppleWebKit/537.36 (KHTML, like Gecko; compatible; GPTBot/1.4; +https://openai.com/gptbot)"
