85.208.96.202 - - [16/Aug/2026:19:23:33 +0700] "GET /wp-includes/Requests/file.php?dir=CAAvarCAAsoftaculousCAAbugsCAAphp82 HTTP/1.1" 404 277 "-" "Mozilla/5.0 (compatible; SemrushBot/7~bl; +http://www.semrush.com/bot.html)"
74.7.241.14 - - [16/Aug/2026:19:23:37 +0700] "GET /file.php?dir=CAAvarCAAsoftaculousCAAdrupal10CAAphp56 HTTP/1.1" 200 4564 "https://www.star4hire.com/file.php?dir=CAAvarCAAsoftaculousCAAdrupal10" "Mozilla/5.0 AppleWebKit/537.36 (KHTML, like Gecko; compatible; GPTBot/1.4; +https://openai.com/gptbot)"
202.43.248.178 - - [16/Aug/2026:19:23:49 +0700] "GET / HTTP/1.1" 200 2624 "-" "Uptime-Kuma/1.17.1"
85.208.96.201 - - [16/Aug/2026:19:23:50 +0700] "GET /wp-includes/html-api/file.php?dir=CAAusrCAAshareCAAlocaleCAAdsb HTTP/1.1" 404 277 "-" "Mozilla/5.0 (compatible; SemrushBot/7~bl; +http://www.semrush.com/bot.html)"
74.7.243.227 - - [16/Aug/2026:19:23:52 +0700] "GET /index.php?dir=CAAoptCAAaltCAAopenldap11CAAlib64&edit=libldap-2.4.so.2.10.9 HTTP/1.1" 404 31 "https://mail.star4hire.com/index.php?dir=CAAoptCAAaltCAAopenldap11CAAlib64" "Mozilla/5.0 AppleWebKit/537.36 (KHTML, like Gecko; compatible; GPTBot/1.4; +https://openai.com/gptbot)"
74.7.241.14 - - [16/Aug/2026:19:23:52 +0700] "GET /file.php?dir=CAAusrCAAlibCAAfirmwareCAAqcomCAAsm8250 HTTP/1.1" 200 4661 "https://www.star4hire.com/file.php?dir=CAAusrCAAlibCAAfirmwareCAAqcom" "Mozilla/5.0 AppleWebKit/537.36 (KHTML, like Gecko; compatible; GPTBot/1.4; +https://openai.com/gptbot)"
74.7.241.14 - - [16/Aug/2026:19:24:07 +0700] "GET /file.php?dir=CAAusrCAAlib64CAApython3RAA8CAAimportlib HTTP/1.1" 200 4899 "https://www.star4hire.com/file.php?dir=CAAusrCAAlib64CAApython3RAA8" "Mozilla/5.0 AppleWebKit/537.36 (KHTML, like Gecko; compatible; GPTBot/1.4; +https://openai.com/gptbot)"
185.191.171.13 - - [16/Aug/2026:19:24:07 +0700] "GET /wp-includes/php-ai-client/file.php?dir=CAAvarCAAsoftaculousCAAcroogoCAAphp82 HTTP/1.1" 404 277 "-" "Mozilla/5.0 (compatible; SemrushBot/7~bl; +http://www.semrush.com/bot.html)"
216.73.216.10 - - [16/Aug/2026:19:24:08 +0700] "GET /file.php?dir=CAAsmsCAA_CAAsmart_school_srcCAAapplicationCAAlanguageCAAMaoriCAAapp_files HTTP/1.1" 200 4324 "-" "Mozilla/5.0 AppleWebKit/537.36 (KHTML, like Gecko; compatible; ClaudeBot/1.0; +claudebot@anthropic.com)"
216.73.216.10 - - [16/Aug/2026:19:24:08 +0700] "GET /file.php?action=download&dir=CAAsmsCAA_CAAsmart_school_srcCAAapplicationCAAcontrollers&file=Migrate.php HTTP/1.1" 200 236 "-" "Mozilla/5.0 AppleWebKit/537.36 (KHTML, like Gecko; compatible; ClaudeBot/1.0; +claudebot@anthropic.com)"
216.73.216.10 - - [16/Aug/2026:19:24:09 +0700] "GET /file.php?dir=CAAsmsCAAaaCAAbackendCAApluginsCAAckeditorCAAlang&edit=sk.js HTTP/1.1" 200 10847 "-" "Mozilla/5.0 AppleWebKit/537.36 (KHTML, like Gecko; compatible; ClaudeBot/1.0; +claudebot@anthropic.com)"
74.7.243.240 - - [16/Aug/2026:19:24:12 +0700] "GET /.well-known/pki-validation/file.php?dir=CAAhomeCAAqtdcvxypCAApublic_htmlCAAsmsCAAaaCAAbackendCAAthemesCAAdarkgrayCAAimages HTTP/1.1" 200 5522 "https://star4hire.com/.well-known/pki-validation/file.php?dir=CAAhomeCAAqtdcvxypCAApublic_htmlCAAsmsCAAaaCAAbackendCAAthemesCAAdarkgray" "Mozilla/5.0 AppleWebKit/537.36 (KHTML, like Gecko; compatible; GPTBot/1.4; +https://openai.com/gptbot)"
216.73.216.10 - - [16/Aug/2026:19:24:12 +0700] "GET /file.php?dir=CAAsmsCAAaaCAAsystemCAAlanguageCAAromanian&edit=number_lang.php HTTP/1.1" 200 3384 "-" "Mozilla/5.0 AppleWebKit/537.36 (KHTML, like Gecko; compatible; ClaudeBot/1.0; +claudebot@anthropic.com)"
216.73.216.10 - - [16/Aug/2026:19:24:12 +0700] "GET /file.php?dir=CAAsmsCAA_CAAsmart_school_srcCAAapplicationCAAviewsCAAthemesCAAdarkgray HTTP/1.1" 200 4909 "-" "Mozilla/5.0 AppleWebKit/537.36 (KHTML, like Gecko; compatible; ClaudeBot/1.0; +claudebot@anthropic.com)"
216.73.216.10 - - [16/Aug/2026:19:24:13 +0700] "GET /file.php?action=download&dir=CAAsmsCAAaaCAAapplicationCAAthird_partyCAAmpdfCAAclasses&file=mpdfform.php HTTP/1.1" 200 12133 "-" "Mozilla/5.0 AppleWebKit/537.36 (KHTML, like Gecko; compatible; ClaudeBot/1.0; +claudebot@anthropic.com)"
216.73.216.10 - - [16/Aug/2026:19:24:14 +0700] "GET /file.php?dir=CAAsmsCAAapplicationCAAthird_partyCAAomnipayCAAvendorCAAphpseclib HTTP/1.1" 200 4254 "-" "Mozilla/5.0 AppleWebKit/537.36 (KHTML, like Gecko; compatible; ClaudeBot/1.0; +claudebot@anthropic.com)"
216.73.216.10 - - [16/Aug/2026:19:24:15 +0700] "GET /file.php?action=download&dir=CAAsmsCAA_CAAsmart_school_srcCAAapplicationCAAmodels&file=Marksheet_model.php HTTP/1.1" 200 770 "-" "Mozilla/5.0 AppleWebKit/537.36 (KHTML, like Gecko; compatible; ClaudeBot/1.0; +claudebot@anthropic.com)"
216.73.216.10 - - [16/Aug/2026:19:24:17 +0700] "GET /wp-includes/file.php?action=download&dir=CAAblocksCAAarchives&file=style-rtl.css HTTP/1.1" 404 212 "-" "Mozilla/5.0 AppleWebKit/537.36 (KHTML, like Gecko; compatible; ClaudeBot/1.0; +claudebot@anthropic.com)"
216.73.216.10 - - [16/Aug/2026:19:24:18 +0700] "GET /wp-includes/sodium_compat/file.php?action=download&dir=CAAusrCAAshareCAAvimCAAvim80CAAsyntax&file=dosini.vim HTTP/1.1" 404 212 "-" "Mozilla/5.0 AppleWebKit/537.36 (KHTML, like Gecko; compatible; ClaudeBot/1.0; +claudebot@anthropic.com)"
216.73.216.10 - - [16/Aug/2026:19:24:18 +0700] "GET /wp-includes/file.php?action=download&dir=CAAblocksCAAdetails&file=style-rtl.css HTTP/1.1" 404 212 "-" "Mozilla/5.0 AppleWebKit/537.36 (KHTML, like Gecko; compatible; ClaudeBot/1.0; +claudebot@anthropic.com)"
74.7.241.14 - - [16/Aug/2026:19:24:19 +0700] "GET /file.php?dir=CAAusrCAAlib64CAApython3RAA8CAAxmlCAAdomCAA__pycache__ HTTP/1.1" 200 5398 "https://www.star4hire.com/file.php?dir=CAAusrCAAlib64CAApython3RAA8CAAxmlCAAdom" "Mozilla/5.0 AppleWebKit/537.36 (KHTML, like Gecko; compatible; GPTBot/1.4; +https://openai.com/gptbot)"
216.73.216.10 - - [16/Aug/2026:19:24:19 +0700] "GET /wp-includes/sodium_compat/file.php?action=download&dir=CAAusrCAAshareCAAvimCAAvim80CAAsyntax&file=logindefs.vim HTTP/1.1" 404 212 "-" "Mozilla/5.0 AppleWebKit/537.36 (KHTML, like Gecko; compatible; ClaudeBot/1.0; +claudebot@anthropic.com)"
216.73.216.10 - - [16/Aug/2026:19:24:20 +0700] "GET /wp-includes/sodium_compat/file.php?dir=CAAlibCAAfirmwareCAAintel&edit=ibt-1040-2120.ddc HTTP/1.1" 404 212 "-" "Mozilla/5.0 AppleWebKit/537.36 (KHTML, like Gecko; compatible; ClaudeBot/1.0; +claudebot@anthropic.com)"
216.73.216.10 - - [16/Aug/2026:19:24:21 +0700] "GET /wp-includes/sodium_compat/file.php?dir=CAAlibCAAfirmwareCAAintel&edit=ibt-18-0-1.ddc HTTP/1.1" 404 212 "-" "Mozilla/5.0 AppleWebKit/537.36 (KHTML, like Gecko; compatible; ClaudeBot/1.0; +claudebot@anthropic.com)"
216.73.216.10 - - [16/Aug/2026:19:24:22 +0700] "GET /wp-includes/file.php?action=download&dir=CAASimplePieCAAsrc&file=RegistryAware.php HTTP/1.1" 404 212 "-" "Mozilla/5.0 AppleWebKit/537.36 (KHTML, like Gecko; compatible; ClaudeBot/1.0; +claudebot@anthropic.com)"
216.73.216.10 - - [16/Aug/2026:19:24:23 +0700] "GET /wp-includes/sodium_compat/file.php?action=download&dir=CAAusrCAAlib64CAApython2RAA7CAAunittestCAAtest&file=support.pyc HTTP/1.1" 404 212 "-" "Mozilla/5.0 AppleWebKit/537.36 (KHTML, like Gecko; compatible; ClaudeBot/1.0; +claudebot@anthropic.com)"
216.73.216.10 - - [16/Aug/2026:19:24:24 +0700] "GET /wp-includes/sodium_compat/file.php?dir=CAAlibCAAfirmwareCAAintelCAAish&edit=ish_ptl_39ceeaf8.bin HTTP/1.1" 404 212 "-" "Mozilla/5.0 AppleWebKit/537.36 (KHTML, like Gecko; compatible; ClaudeBot/1.0; +claudebot@anthropic.com)"
216.73.216.10 - - [16/Aug/2026:19:24:25 +0700] "GET /wp-includes/sodium_compat/file.php?action=download&dir=CAAusrCAAlibCAApython3RAA6CAAsite-packagesCAAdateutil&file=_version.py HTTP/1.1" 404 212 "-" "Mozilla/5.0 AppleWebKit/537.36 (KHTML, like Gecko; compatible; ClaudeBot/1.0; +claudebot@anthropic.com)"
216.73.216.10 - - [16/Aug/2026:19:24:26 +0700] "GET /wp-includes/sodium_compat/file.php?action=download&dir=CAAusrCAAshareCAAvimCAAvim80CAAsyntax&file=tilde.vim HTTP/1.1" 404 212 "-" "Mozilla/5.0 AppleWebKit/537.36 (KHTML, like Gecko; compatible; ClaudeBot/1.0; +claudebot@anthropic.com)"
216.73.216.10 - - [16/Aug/2026:19:24:27 +0700] "GET /wp-includes/sodium_compat/file.php?action=download&dir=CAAlibCAApython2RAA7CAAsite-packagesCAAsetuptools&file=py33compat.py HTTP/1.1" 404 212 "-" "Mozilla/5.0 AppleWebKit/537.36 (KHTML, like Gecko; compatible; ClaudeBot/1.0; +claudebot@anthropic.com)"
74.7.243.240 - - [16/Aug/2026:19:24:27 +0700] "GET /.well-known/pki-validation/file.php?dir=CAAhomeCAAqtdcvxypCAApublic_htmlCAAsmsCAAaaCAAuploadsCAAstudent_leavedocuments HTTP/1.1" 200 4302 "https://star4hire.com/.well-known/pki-validation/file.php?dir=CAAhomeCAAqtdcvxypCAApublic_htmlCAAsmsCAAaaCAAuploads" "Mozilla/5.0 AppleWebKit/537.36 (KHTML, like Gecko; compatible; GPTBot/1.4; +https://openai.com/gptbot)"
85.208.96.197 - - [16/Aug/2026:19:24:29 +0700] "GET /wp-includes/ai-client/file.php?dir=CAAhomeCAAqtdcvxypCAAlscacheCAA9CAA8 HTTP/1.1" 404 277 "-" "Mozilla/5.0 (compatible; SemrushBot/7~bl; +http://www.semrush.com/bot.html)"
74.7.241.14 - - [16/Aug/2026:19:24:31 +0700] "GET /file.php?dir=CAAvarCAAsoftaculousCAAmoodle28CAAphp82 HTTP/1.1" 200 4514 "https://www.star4hire.com/file.php?dir=CAAvarCAAsoftaculousCAAmoodle28" "Mozilla/5.0 AppleWebKit/537.36 (KHTML, like Gecko; compatible; GPTBot/1.4; +https://openai.com/gptbot)"
85.208.96.193 - - [16/Aug/2026:19:24:39 +0700] "GET /wp-includes/Requests/file.php?dir=CAAvarCAAsoftaculousCAAbeehiveCAAphp56 HTTP/1.1" 404 277 "-" "Mozilla/5.0 (compatible; SemrushBot/7~bl; +http://www.semrush.com/bot.html)"
202.43.248.178 - - [16/Aug/2026:19:24:49 +0700] "GET / HTTP/1.1" 200 2624 "-" "Uptime-Kuma/1.17.1"
74.7.241.14 - - [16/Aug/2026:19:24:51 +0700] "GET /file.php?dir=CAAusrCAAlibCAAfirmwareCAAqcomCAAsm8450 HTTP/1.1" 200 4348 "https://www.star4hire.com/file.php?dir=CAAusrCAAlibCAAfirmwareCAAqcom" "Mozilla/5.0 AppleWebKit/537.36 (KHTML, like Gecko; compatible; GPTBot/1.4; +https://openai.com/gptbot)"
74.7.241.14 - - [16/Aug/2026:19:24:41 +0700] "GET /file.php?dir=CAAvarCAAsoftaculousCAAostic14CAAphp71 HTTP/1.1" 200 4512 "https://www.star4hire.com/file.php?dir=CAAvarCAAsoftaculousCAAostic14" "Mozilla/5.0 AppleWebKit/537.36 (KHTML, like Gecko; compatible; GPTBot/1.4; +https://openai.com/gptbot)"
74.7.243.240 - - [16/Aug/2026:19:24:42 +0700] "GET /.well-known/pki-validation/file.php?dir=CAAhomeCAAqtdcvxypCAApublic_htmlCAAsmsCAAaaCAAuploadsCAAbook HTTP/1.1" 200 4414 "https://star4hire.com/.well-known/pki-validation/file.php?dir=CAAhomeCAAqtdcvxypCAApublic_htmlCAAsmsCAAaaCAAuploads" "Mozilla/5.0 AppleWebKit/537.36 (KHTML, like Gecko; compatible; GPTBot/1.4; +https://openai.com/gptbot)"
74.7.243.227 - - [16/Aug/2026:19:24:53 +0700] "GET /index.php?dir=CAAhomeCAAqtdcvxypCAAkarirRAAstar4hireRAAcomCAAmodulesCAAJobCAAAdmin HTTP/1.1" 404 31 "https://mail.star4hire.com/index.php?dir=CAAhomeCAAqtdcvxypCAAkarirRAAstar4hireRAAcomCAAmodulesCAAJob" "Mozilla/5.0 AppleWebKit/537.36 (KHTML, like Gecko; compatible; GPTBot/1.4; +https://openai.com/gptbot)"
74.7.243.240 - - [16/Aug/2026:19:24:56 +0700] "GET /.well-known/pki-validation/file.php?dir=CAAhomeCAAqtdcvxypCAApublic_htmlCAAsmsCAAaaCAAuploadsCAAgallery HTTP/1.1" 200 4659 "https://star4hire.com/.well-known/pki-validation/file.php?dir=CAAhomeCAAqtdcvxypCAApublic_htmlCAAsmsCAAaaCAAuploads" "Mozilla/5.0 AppleWebKit/537.36 (KHTML, like Gecko; compatible; GPTBot/1.4; +https://openai.com/gptbot)"
74.7.241.14 - - [16/Aug/2026:19:25:00 +0700] "GET /file.php?dir=CAAvarCAAsoftaculousCAAocart23CAAphp82 HTTP/1.1" 200 4453 "https://www.star4hire.com/file.php?dir=CAAvarCAAsoftaculousCAAocart23" "Mozilla/5.0 AppleWebKit/537.36 (KHTML, like Gecko; compatible; GPTBot/1.4; +https://openai.com/gptbot)"
74.7.241.14 - - [16/Aug/2026:19:25:07 +0700] "GET /file.php?dir=CAAusrCAAlib64CAApython2RAA7CAAxmlCAAdom&edit=minicompat.pyo HTTP/1.1" 200 4270 "https://www.star4hire.com/file.php?dir=CAAusrCAAlib64CAApython2RAA7CAAxmlCAAdom" "Mozilla/5.0 AppleWebKit/537.36 (KHTML, like Gecko; compatible; GPTBot/1.4; +https://openai.com/gptbot)"
74.7.241.14 - - [16/Aug/2026:19:25:14 +0700] "GET /file.php?dir=CAAusrCAAlib64CAApython3RAA8CAAxmlCAAsaxCAA__pycache__ HTTP/1.1" 200 5133 "https://www.star4hire.com/file.php?dir=CAAusrCAAlib64CAApython3RAA8CAAxmlCAAsax" "Mozilla/5.0 AppleWebKit/537.36 (KHTML, like Gecko; compatible; GPTBot/1.4; +https://openai.com/gptbot)"
74.7.241.14 - - [16/Aug/2026:19:25:21 +0700] "GET /file.php?dir=CAAusrCAAlibCAAfirmwareCAAqcomCAAsm8750 HTTP/1.1" 200 4875 "https://www.star4hire.com/file.php?dir=CAAusrCAAlibCAAfirmwareCAAqcom" "Mozilla/5.0 AppleWebKit/537.36 (KHTML, like Gecko; compatible; GPTBot/1.4; +https://openai.com/gptbot)"
74.7.241.14 - - [16/Aug/2026:19:25:26 +0700] "GET /file.php?dir=CAAusrCAAlib64CAApython3RAA6CAAxmlCAAsax HTTP/1.1" 200 4746 "https://www.star4hire.com/file.php?dir=CAAusrCAAlib64CAApython3RAA6CAAxml" "Mozilla/5.0 AppleWebKit/537.36 (KHTML, like Gecko; compatible; GPTBot/1.4; +https://openai.com/gptbot)"
74.7.241.14 - - [16/Aug/2026:19:25:31 +0700] "GET /file.php?dir=CAAvarCAAsoftaculousCAAostic17CAAphp81 HTTP/1.1" 200 4516 "https://www.star4hire.com/file.php?dir=CAAvarCAAsoftaculousCAAostic17" "Mozilla/5.0 AppleWebKit/537.36 (KHTML, like Gecko; compatible; GPTBot/1.4; +https://openai.com/gptbot)"
185.191.171.9 - - [16/Aug/2026:19:25:32 +0700] "GET /wp-includes/php-ai-client/file.php?dir=CAAvarCAAcpanelCAAphpCAAsessionsCAAea-php70 HTTP/1.1" 404 277 "-" "Mozilla/5.0 (compatible; SemrushBot/7~bl; +http://www.semrush.com/bot.html)"
74.7.241.14 - - [16/Aug/2026:19:25:36 +0700] "GET /file.php?action=download&dir=CAAusrCAAlib64CAApython3RAA8CAAimportlib&file=metadata.py HTTP/1.1" 200 4964 "https://www.star4hire.com/file.php?dir=CAAusrCAAlib64CAApython3RAA8CAAimportlib" "Mozilla/5.0 AppleWebKit/537.36 (KHTML, like Gecko; compatible; GPTBot/1.4; +https://openai.com/gptbot)"
85.208.96.197 - - [16/Aug/2026:19:25:36 +0700] "GET /wp-includes/block-supports/file.php?dir=CAAvarCAAsoftaculousCAAfrontCAAphp56 HTTP/1.1" 404 277 "-" "Mozilla/5.0 (compatible; SemrushBot/7~bl; +http://www.semrush.com/bot.html)"
💾 Save Changes
❌ Cancel