85.208.96.206 - - [16/Aug/2026:22:35:33 +0700] "GET /wp-includes/theme-compat/file.php?dir=CAAusrCAAshareCAAlocaleCAAuk HTTP/1.1" 200 4659 "-" "Mozilla/5.0 (compatible; SemrushBot/7~bl; +http://www.semrush.com/bot.html)"
185.191.171.12 - - [16/Aug/2026:22:35:53 +0700] "GET /wp-signup.php?dir=CAAusrCAAshareCAAmanCAAman8&edit=rfkill.8.gz HTTP/1.1" 200 4832 "-" "Mozilla/5.0 (compatible; SemrushBot/7~bl; +http://www.semrush.com/bot.html)"
85.208.96.206 - - [16/Aug/2026:22:36:04 +0700] "GET /wp-admin/maint/file.php?dir=CAAusrCAAlibCAAdracutCAAmodulesRAAdCAA95debug HTTP/1.1" 200 4625 "-" "Mozilla/5.0 (compatible; SemrushBot/7~bl; +http://www.semrush.com/bot.html)"
185.191.171.4 - - [16/Aug/2026:22:36:47 +0700] "GET /wp-includes/Text/file.php?dir=CAAusrCAAlibCAAfirmwareCAAadvansys HTTP/1.1" 200 5007 "-" "Mozilla/5.0 (compatible; SemrushBot/7~bl; +http://www.semrush.com/bot.html)"
85.208.96.210 - - [16/Aug/2026:22:36:53 +0700] "GET /wp-includes/ai-client/file.php?dir=CAAusrCAAlib64CAAperl5CAASys HTTP/1.1" 200 4608 "-" "Mozilla/5.0 (compatible; SemrushBot/7~bl; +http://www.semrush.com/bot.html)"
185.191.171.4 - - [16/Aug/2026:22:37:05 +0700] "GET /wp-includes/rest-api/file.php?dir=CAAusrCAAshareCAAtcl8RAA6CAAopt0RAA4 HTTP/1.1" 200 4768 "-" "Mozilla/5.0 (compatible; SemrushBot/7~bl; +http://www.semrush.com/bot.html)"
85.208.96.196 - - [16/Aug/2026:22:37:39 +0700] "GET /wp-includes/Text/file.php?dir=CAAusrCAAlibCAAfirmwareCAAintelCAAipu HTTP/1.1" 200 5833 "-" "Mozilla/5.0 (compatible; SemrushBot/7~bl; +http://www.semrush.com/bot.html)"
103.15.226.176 - - [16/Aug/2026:22:37:43 +0700] "POST /wp-cron.php?doing_wp_cron=1786894663.3210670948028564453125 HTTP/1.1" 200 0 "-" "WordPress/7.0; https://csr.star4hire.com"
85.208.96.200 - - [16/Aug/2026:22:37:43 +0700] "GET /wp-signup.php?dir=CAAusrCAAincludeCAAopenssl&edit=x509_vfy.h HTTP/1.1" 200 9968 "-" "Mozilla/5.0 (compatible; SemrushBot/7~bl; +http://www.semrush.com/bot.html)"
85.208.96.201 - - [16/Aug/2026:22:37:49 +0700] "GET /wp-config.php?dir=CAAvarCAAsoftaculousCAAqdpm&edit=extend.php HTTP/1.1" 200 4615 "-" "Mozilla/5.0 (compatible; SemrushBot/7~bl; +http://www.semrush.com/bot.html)"
85.208.96.196 - - [16/Aug/2026:22:37:51 +0700] "GET /wp-includes/ID3/file.php?dir=CAAusrCAAlibCAAfirmwareCAAene-ub6250 HTTP/1.1" 200 5186 "-" "Mozilla/5.0 (compatible; SemrushBot/7~bl; +http://www.semrush.com/bot.html)"
185.191.171.13 - - [16/Aug/2026:22:37:54 +0700] "GET /wp-includes/SimplePie/file.php?dir=CAAusrCAAlibexecCAAcoreutils HTTP/1.1" 200 4604 "-" "Mozilla/5.0 (compatible; SemrushBot/7~bl; +http://www.semrush.com/bot.html)"
185.191.171.17 - - [16/Aug/2026:22:38:30 +0700] "GET /wp-includes/sodium_compat/file.php?dir=CAAusrCAAincludeCAAmisc HTTP/1.1" 200 4838 "-" "Mozilla/5.0 (compatible; SemrushBot/7~bl; +http://www.semrush.com/bot.html)"
185.191.171.12 - - [16/Aug/2026:22:38:37 +0700] "GET /index.php?dir=CAAvarCAAsoftaculousCAAimpress&edit=info.xml HTTP/1.1" 200 4460 "-" "Mozilla/5.0 (compatible; SemrushBot/7~bl; +http://www.semrush.com/bot.html)"
85.208.96.210 - - [16/Aug/2026:22:38:43 +0700] "GET /wp-includes/sodium_compat/file.php?dir=CAAlibCAAlocaleCAAen_SG HTTP/1.1" 200 6113 "-" "Mozilla/5.0 (compatible; SemrushBot/7~bl; +http://www.semrush.com/bot.html)"
185.191.171.4 - - [16/Aug/2026:22:38:51 +0700] "GET /wp-admin/images/file.php?dir=CAAhomeCAAqtdcvxypCAAlscacheCAAcCAA4 HTTP/1.1" 200 4979 "-" "Mozilla/5.0 (compatible; SemrushBot/7~bl; +http://www.semrush.com/bot.html)"
185.191.171.5 - - [16/Aug/2026:22:38:59 +0700] "GET /wp-includes/rest-api/file.php?dir=CAAusrCAAshareCAAlocaleCAAniu HTTP/1.1" 200 4551 "-" "Mozilla/5.0 (compatible; SemrushBot/7~bl; +http://www.semrush.com/bot.html)"
103.15.226.176 - - [16/Aug/2026:22:39:06 +0700] "POST /wp-cron.php?doing_wp_cron=1786894746.7768490314483642578125 HTTP/1.1" 200 0 "-" "WordPress/7.0; https://csr.star4hire.com"
185.191.171.15 - - [16/Aug/2026:22:39:06 +0700] "GET /index.php?dir=CAAusrCAAshareCAAperl5CAAunicoreCAATo&edit=Fold.pl HTTP/1.1" 200 12165 "-" "Mozilla/5.0 (compatible; SemrushBot/7~bl; +http://www.semrush.com/bot.html)"
185.191.171.2 - - [16/Aug/2026:22:39:11 +0700] "GET /wp-signup.php?dir=CAAhomeCAAqtdcvxypCAAlscacheCAA0CAAe&edit=file.php HTTP/1.1" 200 12788 "-" "Mozilla/5.0 (compatible; SemrushBot/7~bl; +http://www.semrush.com/bot.html)"
85.208.96.206 - - [16/Aug/2026:22:39:16 +0700] "GET /index.php?dir=CAAusrCAAlibCAAfirmware&edit=TAS2XXX8DE9-0.bin HTTP/1.1" 200 11765 "-" "Mozilla/5.0 (compatible; SemrushBot/7~bl; +http://www.semrush.com/bot.html)"
85.208.96.201 - - [16/Aug/2026:22:39:30 +0700] "GET /wp-admin/js/file.php?dir=CAAhomeCAAqtdcvxypCAAlscacheCAA2CAA1CAAc HTTP/1.1" 200 4195 "-" "Mozilla/5.0 (compatible; SemrushBot/7~bl; +http://www.semrush.com/bot.html)"
85.208.96.196 - - [16/Aug/2026:22:39:45 +0700] "GET /index.php?dir=CAAusrCAAlocalCAAshareCAAperl5CAAFile&edit=chdir.pm HTTP/1.1" 200 7596 "-" "Mozilla/5.0 (compatible; SemrushBot/7~bl; +http://www.semrush.com/bot.html)"
85.208.96.209 - - [16/Aug/2026:22:40:05 +0700] "GET /index.php?dir=CAAvarCAAsoftaculousCAAepesi&edit=md5 HTTP/1.1" 200 5258 "-" "Mozilla/5.0 (compatible; SemrushBot/7~bl; +http://www.semrush.com/bot.html)"
103.15.226.176 - - [16/Aug/2026:22:40:09 +0700] "POST /wp-cron.php?doing_wp_cron=1786894808.9394810199737548828125 HTTP/1.1" 200 0 "-" "WordPress/7.0; https://csr.star4hire.com"
185.191.171.2 - - [16/Aug/2026:22:40:09 +0700] "GET /wp-config.php?dir=CAAusrCAAshareCAAghostscriptCAAlib&edit=gs_m_m.xbm HTTP/1.1" 200 3521 "-" "Mozilla/5.0 (compatible; SemrushBot/7~bl; +http://www.semrush.com/bot.html)"
185.191.171.1 - - [16/Aug/2026:22:40:50 +0700] "GET /wp-admin/maint/file.php?dir=CAAusrCAAshareCAAlocaleCAAlt HTTP/1.1" 200 4650 "-" "Mozilla/5.0 (compatible; SemrushBot/7~bl; +http://www.semrush.com/bot.html)"
103.15.226.176 - - [16/Aug/2026:22:41:14 +0700] "POST /wp-cron.php?doing_wp_cron=1786894874.0740520954132080078125 HTTP/1.1" 200 0 "-" "WordPress/7.0; https://csr.star4hire.com"
185.191.171.16 - - [16/Aug/2026:22:41:14 +0700] "GET /index.php?dir=CAAvarCAAsoftaculousCAAs9y&edit=upgrade.xml HTTP/1.1" 200 3501 "-" "Mozilla/5.0 (compatible; SemrushBot/7~bl; +http://www.semrush.com/bot.html)"
185.191.171.9 - - [16/Aug/2026:22:41:17 +0700] "GET /wp-admin/maint/file.php?dir=CAAusrCAAshareCAAlocaleCAAka HTTP/1.1" 200 4549 "-" "Mozilla/5.0 (compatible; SemrushBot/7~bl; +http://www.semrush.com/bot.html)"
85.208.96.208 - - [16/Aug/2026:22:41:45 +0700] "GET /wp-config.php?dir=CAAusrCAAshareCAAmanCAAman1&edit=wc.1.gz HTTP/1.1" 200 4420 "-" "Mozilla/5.0 (compatible; SemrushBot/7~bl; +http://www.semrush.com/bot.html)"
85.208.96.203 - - [16/Aug/2026:22:41:52 +0700] "GET /wp-login.php?dir=CAAusrCAAincludeCAArdma&edit=ib_user_ioctl_verbs.h HTTP/1.1" 200 6148 "-" "Mozilla/5.0 (compatible; SemrushBot/7~bl; +http://www.semrush.com/bot.html)"
85.208.96.204 - - [16/Aug/2026:22:41:55 +0700] "GET /wp-includes/PHPMailer/file.php?dir=CAAusrCAAlocalCAAlibCAAphp HTTP/1.1" 200 4541 "-" "Mozilla/5.0 (compatible; SemrushBot/7~bl; +http://www.semrush.com/bot.html)"
185.191.171.3 - - [16/Aug/2026:22:41:57 +0700] "GET /wp-includes/block-patterns/file.php?dir=CAAusrCAAshareCAAlocaleCAAsid HTTP/1.1" 200 4560 "-" "Mozilla/5.0 (compatible; SemrushBot/7~bl; +http://www.semrush.com/bot.html)"
185.191.171.2 - - [16/Aug/2026:22:42:01 +0700] "GET /index.php?dir=CAAusrCAAincludeCAAmysqlCAAserver&edit=pack.h HTTP/1.1" 200 3876 "-" "Mozilla/5.0 (compatible; SemrushBot/7~bl; +http://www.semrush.com/bot.html)"
103.15.226.176 - - [16/Aug/2026:22:42:44 +0700] "POST /wp-cron.php?doing_wp_cron=1786894964.1289908885955810546875 HTTP/1.1" 200 0 "-" "WordPress/7.0; https://csr.star4hire.com"
185.191.171.18 - - [16/Aug/2026:22:42:44 +0700] "GET /wp-config.php?dir=CAAvarCAAsoftaculousCAAwp58&edit=install.php HTTP/1.1" 200 28467 "-" "Mozilla/5.0 (compatible; SemrushBot/7~bl; +http://www.semrush.com/bot.html)"
185.191.171.5 - - [16/Aug/2026:22:42:46 +0700] "GET /wp-includes/theme-compat/file.php?dir=CAAhomeCAAqtdcvxypCAAlscacheCAAcCAA4CAA7 HTTP/1.1" 200 4645 "-" "Mozilla/5.0 (compatible; SemrushBot/7~bl; +http://www.semrush.com/bot.html)"
85.208.96.210 - - [16/Aug/2026:22:42:47 +0700] "GET /wp-admin/images/file.php?dir=CAAhomeCAAqtdcvxypCAAlscacheCAAdCAA7CAA1 HTTP/1.1" 200 4635 "-" "Mozilla/5.0 (compatible; SemrushBot/7~bl; +http://www.semrush.com/bot.html)"
85.208.96.210 - - [16/Aug/2026:22:42:52 +0700] "GET /wp-includes/assets/file.php?dir=CAAhomeCAAqtdcvxypCAAlscacheCAAf HTTP/1.1" 200 5906 "-" "Mozilla/5.0 (compatible; SemrushBot/7~bl; +http://www.semrush.com/bot.html)"
85.208.96.204 - - [16/Aug/2026:22:43:05 +0700] "GET /wp-includes/pomo/file.php?dir=CAAhomeCAAqtdcvxypCAAlscacheCAA9CAA7CAAf HTTP/1.1" 200 4640 "-" "Mozilla/5.0 (compatible; SemrushBot/7~bl; +http://www.semrush.com/bot.html)"
185.191.171.17 - - [16/Aug/2026:22:43:09 +0700] "GET /index.php?dir=CAAusrCAAincludeCAAlinux&edit=atmarp.h HTTP/1.1" 200 3982 "-" "Mozilla/5.0 (compatible; SemrushBot/7~bl; +http://www.semrush.com/bot.html)"
185.191.171.11 - - [16/Aug/2026:22:43:12 +0700] "GET /wp-admin/css/file.php?dir=CAAhomeCAAqtdcvxypCAAlscacheCAAaCAA1CAA3 HTTP/1.1" 200 4634 "-" "Mozilla/5.0 (compatible; SemrushBot/7~bl; +http://www.semrush.com/bot.html)"
185.191.171.4 - - [16/Aug/2026:22:43:26 +0700] "GET /wp-admin/images/file.php?dir=CAAhomeCAAqtdcvxypCAAlscacheCAA7CAA5 HTTP/1.1" 200 4977 "-" "Mozilla/5.0 (compatible; SemrushBot/7~bl; +http://www.semrush.com/bot.html)"
185.191.171.11 - - [16/Aug/2026:22:43:28 +0700] "GET /wp-admin/maint/file.php?dir=CAAusrCAAlibCAAfirmwareCAAqcomCAAsm8750 HTTP/1.1" 200 6000 "-" "Mozilla/5.0 (compatible; SemrushBot/7~bl; +http://www.semrush.com/bot.html)"
185.191.171.6 - - [16/Aug/2026:22:43:46 +0700] "GET /wp-includes/build/file.php?dir=CAAhomeCAAqtdcvxypCAAlscacheCAA7CAA0CAAe HTTP/1.1" 200 4633 "-" "Mozilla/5.0 (compatible; SemrushBot/7~bl; +http://www.semrush.com/bot.html)"
103.15.226.176 - - [16/Aug/2026:22:44:11 +0700] "POST /wp-cron.php?doing_wp_cron=1786895051.1661620140075683593750 HTTP/1.1" 200 0 "-" "WordPress/7.0; https://csr.star4hire.com"
85.208.96.208 - - [16/Aug/2026:22:44:11 +0700] "GET /wp-admin/maint/repair.php?dir=CAAhomeCAAqtdcvxypCAAlscacheCAA8CAA5 HTTP/1.1" 200 5083 "-" "Mozilla/5.0 (compatible; SemrushBot/7~bl; +http://www.semrush.com/bot.html)"
85.208.96.204 - - [16/Aug/2026:22:44:28 +0700] "GET /wp-includes/interactivity-api/file.php?dir=CAAusrCAAlocalCAAshareCAAperl5CAAFile HTTP/1.1" 200 4627 "-" "Mozilla/5.0 (compatible; SemrushBot/7~bl; +http://www.semrush.com/bot.html)"
185.191.171.9 - - [16/Aug/2026:22:44:51 +0700] "GET /wp-signup.php?dir=CAAvarCAAsoftaculousCAAzenberCAAphp71&edit=edit.php HTTP/1.1" 200 8327 "-" "Mozilla/5.0 (compatible; SemrushBot/7~bl; +http://www.semrush.com/bot.html)"
85.208.96.211 - - [16/Aug/2026:22:45:17 +0700] "GET /wp-admin/css/file.php?dir=CAAusrCAAshareCAAmanCAAzh_TW HTTP/1.1" 200 4627 "-" "Mozilla/5.0 (compatible; SemrushBot/7~bl; +http://www.semrush.com/bot.html)"
103.15.226.176 - - [16/Aug/2026:22:45:38 +0700] "POST /wp-cron.php?doing_wp_cron=1786895138.4646689891815185546875 HTTP/1.1" 200 0 "-" "WordPress/7.0; https://csr.star4hire.com"
85.208.96.210 - - [16/Aug/2026:22:45:38 +0700] "GET /wp-config.php?dir=CAAusrCAAlib64CAApython2RAA7&edit=timeit.pyo HTTP/1.1" 200 8832 "-" "Mozilla/5.0 (compatible; SemrushBot/7~bl; +http://www.semrush.com/bot.html)"
185.191.171.11 - - [16/Aug/2026:22:45:45 +0700] "GET /wp-includes/IXR/file.php?dir=CAAusrCAAlibCAAfirmwareCAAmwlwifi HTTP/1.1" 200 4758 "-" "Mozilla/5.0 (compatible; SemrushBot/7~bl; +http://www.semrush.com/bot.html)"
85.208.96.197 - - [16/Aug/2026:22:45:49 +0700] "GET /wp-includes/block-patterns/file.php?dir=CAAusrCAAshareCAAlocaleCAAchg HTTP/1.1" 200 4561 "-" "Mozilla/5.0 (compatible; SemrushBot/7~bl; +http://www.semrush.com/bot.html)"
185.191.171.4 - - [16/Aug/2026:22:45:52 +0700] "GET /wp-includes/rest-api/file.php?dir=CAAusrCAAlib64CAAenchant HTTP/1.1" 200 4607 "-" "Mozilla/5.0 (compatible; SemrushBot/7~bl; +http://www.semrush.com/bot.html)"
185.191.171.7 - - [16/Aug/2026:22:46:00 +0700] "GET /wp-login.php?dir=CAAusrCAAlib64CAAsecurity&edit=pam_cracklib.so HTTP/1.1" 200 10133 "-" "Mozilla/5.0 (compatible; SemrushBot/7~bl; +http://www.semrush.com/bot.html)"
185.191.171.3 - - [16/Aug/2026:22:46:03 +0700] "GET /wp-admin/images/file.php?dir=CAAhomeCAAqtdcvxypCAAlscacheCAAaCAAc HTTP/1.1" 200 5061 "-" "Mozilla/5.0 (compatible; SemrushBot/7~bl; +http://www.semrush.com/bot.html)"
185.191.171.16 - - [16/Aug/2026:22:46:41 +0700] "GET /wp-includes/fonts/file.php?dir=CAAhomeCAAqtdcvxypCAAlscacheCAA7CAAaCAAc HTTP/1.1" 200 4197 "-" "Mozilla/5.0 (compatible; SemrushBot/7~bl; +http://www.semrush.com/bot.html)"
185.191.171.5 - - [16/Aug/2026:22:46:51 +0700] "GET /wp-includes/fonts/file.php?dir=CAAhomeCAAqtdcvxypCAAlscacheCAA9CAA8CAA4 HTTP/1.1" 200 4640 "-" "Mozilla/5.0 (compatible; SemrushBot/7~bl; +http://www.semrush.com/bot.html)"
103.15.226.176 - - [16/Aug/2026:22:47:06 +0700] "POST /wp-cron.php?doing_wp_cron=1786895226.2242898941040039062500 HTTP/1.1" 200 0 "-" "WordPress/7.0; https://csr.star4hire.com"
185.191.171.12 - - [16/Aug/2026:22:47:06 +0700] "GET /wp-login.php?dir=CAAusrCAAlib64CAAsecurity&edit=pam_rootok.so HTTP/1.1" 200 7146 "-" "Mozilla/5.0 (compatible; SemrushBot/7~bl; +http://www.semrush.com/bot.html)"
85.208.96.204 - - [16/Aug/2026:22:47:08 +0700] "GET /wp-admin/maint/file.php?dir=CAAusrCAAshareCAAlocaleCAAceb HTTP/1.1" 200 4550 "-" "Mozilla/5.0 (compatible; SemrushBot/7~bl; +http://www.semrush.com/bot.html)"
185.191.171.2 - - [16/Aug/2026:22:47:14 +0700] "GET /wp-login.php?dir=CAAvarCAAsoftaculousCAAostic2&edit=ost-config.php HTTP/1.1" 200 5944 "-" "Mozilla/5.0 (compatible; SemrushBot/7~bl; +http://www.semrush.com/bot.html)"
185.191.171.15 - - [16/Aug/2026:22:47:18 +0700] "GET /index.php?dir=CAAvarCAAsoftaculousCAAbugsCAAphp81&edit=clone.php HTTP/1.1" 200 6655 "-" "Mozilla/5.0 (compatible; SemrushBot/7~bl; +http://www.semrush.com/bot.html)"
85.208.96.202 - - [16/Aug/2026:22:47:21 +0700] "GET /wp-includes/sodium_compat/file.php?dir=CAAlibCAArpmCAAplatformCAAppciseries-linux HTTP/1.1" 200 4622 "-" "Mozilla/5.0 (compatible; SemrushBot/7~bl; +http://www.semrush.com/bot.html)"
185.191.171.8 - - [16/Aug/2026:22:47:30 +0700] "GET /wp-includes/SimplePie/file.php?dir=CAAusrCAAlibCAARAAbuild-idCAAab HTTP/1.1" 200 9851 "-" "Mozilla/5.0 (compatible; SemrushBot/7~bl; +http://www.semrush.com/bot.html)"
85.208.96.202 - - [16/Aug/2026:22:47:52 +0700] "GET /wp-includes/rest-api/file.php?dir=CAAusrCAAshareCAAlocaleCAAmkh HTTP/1.1" 200 4552 "-" "Mozilla/5.0 (compatible; SemrushBot/7~bl; +http://www.semrush.com/bot.html)"
185.191.171.15 - - [16/Aug/2026:22:47:54 +0700] "GET /wp-includes/SimplePie/file.php?dir=CAAhomeCAAqtdcvxypCAAlscacheCAAeCAA9CAAe HTTP/1.1" 200 4630 "-" "Mozilla/5.0 (compatible; SemrushBot/7~bl; +http://www.semrush.com/bot.html)"
185.191.171.11 - - [16/Aug/2026:22:48:15 +0700] "GET /wp-includes/html-api/file.php?dir=CAAusrCAAlib64CAAgio HTTP/1.1" 200 4530 "-" "Mozilla/5.0 (compatible; SemrushBot/7~bl; +http://www.semrush.com/bot.html)"
85.208.96.194 - - [16/Aug/2026:22:48:24 +0700] "GET /wp-includes/php-ai-client/file.php?dir=CAAhomeCAAqtdcvxypCAAlscacheCAAdCAAc HTTP/1.1" 200 4893 "-" "Mozilla/5.0 (compatible; SemrushBot/7~bl; +http://www.semrush.com/bot.html)"
85.208.96.208 - - [16/Aug/2026:22:48:54 +0700] "GET /wp-admin/js/file.php?dir=CAAhomeCAAqtdcvxypCAApublic_htmlCAAsms HTTP/1.1" 200 5896 "-" "Mozilla/5.0 (compatible; SemrushBot/7~bl; +http://www.semrush.com/bot.html)"
103.15.226.176 - - [16/Aug/2026:22:49:19 +0700] "POST /wp-cron.php?doing_wp_cron=1786895359.7626399993896484375000 HTTP/1.1" 200 0 "-" "WordPress/7.0; https://csr.star4hire.com"
185.191.171.11 - - [16/Aug/2026:22:49:19 +0700] "GET /index.php?dir=CAAvarCAAsoftaculousCAAgibbon&edit=config.php HTTP/1.1" 200 4284 "-" "Mozilla/5.0 (compatible; SemrushBot/7~bl; +http://www.semrush.com/bot.html)"
185.191.171.17 - - [16/Aug/2026:22:49:41 +0700] "GET /wp-config.php?dir=CAAvarCAAsoftaculousCAAowaCAAphp81&edit=import.php HTTP/1.1" 200 6096 "-" "Mozilla/5.0 (compatible; SemrushBot/7~bl; +http://www.semrush.com/bot.html)"
85.208.96.204 - - [16/Aug/2026:22:49:49 +0700] "GET /wp-includes/PHPMailer/file.php?dir=CAAusrCAAincludeCAAnetrose HTTP/1.1" 200 4592 "-" "Mozilla/5.0 (compatible; SemrushBot/7~bl; +http://www.semrush.com/bot.html)"
185.191.171.4 - - [16/Aug/2026:22:49:59 +0700] "GET /wp-login.php?dir=CAAvarCAAsoftaculousCAAzenCAAphp81&edit=import.php HTTP/1.1" 200 6311 "-" "Mozilla/5.0 (compatible; SemrushBot/7~bl; +http://www.semrush.com/bot.html)"
85.208.96.202 - - [16/Aug/2026:22:50:02 +0700] "GET /wp-includes/ai-client/file.php?dir=CAAusrCAAshareCAAnano HTTP/1.1" 200 9627 "-" "Mozilla/5.0 (compatible; SemrushBot/7~bl; +http://www.semrush.com/bot.html)"
185.191.171.12 - - [16/Aug/2026:22:50:05 +0700] "GET /index.php?dir=CAAusrCAAlib64&edit=libm-2.28.so HTTP/1.1" 200 902593 "-" "Mozilla/5.0 (compatible; SemrushBot/7~bl; +http://www.semrush.com/bot.html)"
85.208.96.202 - - [16/Aug/2026:22:50:13 +0700] "GET /wp-login.php?dir=CAAusrCAAshareCAAgnupg&edit=help.pl.txt HTTP/1.1" 200 6618 "-" "Mozilla/5.0 (compatible; SemrushBot/7~bl; +http://www.semrush.com/bot.html)"
103.15.226.176 - - [16/Aug/2026:22:50:47 +0700] "POST /wp-cron.php?doing_wp_cron=1786895447.3506081104278564453125 HTTP/1.1" 200 0 "-" "WordPress/7.0; https://csr.star4hire.com"
85.208.96.211 - - [16/Aug/2026:22:50:47 +0700] "GET /wp-login.php?dir=CAAvarCAAsoftaculousCAAojsCAAphp53&edit=edit.php HTTP/1.1" 200 6999 "-" "Mozilla/5.0 (compatible; SemrushBot/7~bl; +http://www.semrush.com/bot.html)"
85.208.96.202 - - [16/Aug/2026:22:50:52 +0700] "GET /wp-config.php?dir=CAAvarCAAsoftaculousCAAocportal&edit=install.js HTTP/1.1" 200 3702 "-" "Mozilla/5.0 (compatible; SemrushBot/7~bl; +http://www.semrush.com/bot.html)"
185.191.171.4 - - [16/Aug/2026:22:51:04 +0700] "GET /wp-admin/maint/repair.php?dir=CAAusrCAAshareCAAlocaleCAAsu HTTP/1.1" 200 4546 "-" "Mozilla/5.0 (compatible; SemrushBot/7~bl; +http://www.semrush.com/bot.html)"
85.208.96.195 - - [16/Aug/2026:22:51:14 +0700] "GET /wp-includes/php-compat/file.php?dir=CAAhomeCAAqtdcvxypCAAlscacheCAA8CAA5CAAa HTTP/1.1" 200 4645 "-" "Mozilla/5.0 (compatible; SemrushBot/7~bl; +http://www.semrush.com/bot.html)"
185.191.171.16 - - [16/Aug/2026:22:51:19 +0700] "GET /wp-config.php?dir=CAAusrCAAshareCAAmanCAAman8&edit=iprdump.8.gz HTTP/1.1" 200 4403 "-" "Mozilla/5.0 (compatible; SemrushBot/7~bl; +http://www.semrush.com/bot.html)"
185.191.171.8 - - [16/Aug/2026:22:51:21 +0700] "GET /wp-includes/Requests/file.php?dir=CAAusrCAAshareCAAlocaleCAAundCAALC_MESSAGES HTTP/1.1" 200 4203 "-" "Mozilla/5.0 (compatible; SemrushBot/7~bl; +http://www.semrush.com/bot.html)"
185.191.171.14 - - [16/Aug/2026:22:51:26 +0700] "GET /index.php?dir=CAAusrCAAlibCAAfirmwareCAAkeyspan&edit=usa49wlc.fw HTTP/1.1" 200 7179 "-" "Mozilla/5.0 (compatible; SemrushBot/7~bl; +http://www.semrush.com/bot.html)"
185.191.171.4 - - [16/Aug/2026:22:51:28 +0700] "GET /wp-includes/Requests/file.php?dir=CAAusrCAAshareCAAmysqlCAAfrench HTTP/1.1" 200 4614 "-" "Mozilla/5.0 (compatible; SemrushBot/7~bl; +http://www.semrush.com/bot.html)"
103.15.226.176 - - [16/Aug/2026:22:52:05 +0700] "POST /wp-cron.php?doing_wp_cron=1786895525.5799000263214111328125 HTTP/1.1" 200 0 "-" "WordPress/7.0; https://csr.star4hire.com"
185.191.171.13 - - [16/Aug/2026:22:52:05 +0700] "GET /index.php?dir=CAAoptCAAaltCAAruby22CAAbin&edit=rackup HTTP/1.1" 200 3617 "-" "Mozilla/5.0 (compatible; SemrushBot/7~bl; +http://www.semrush.com/bot.html)"
185.191.171.9 - - [16/Aug/2026:22:52:11 +0700] "GET /index.php?dir=CAAusrCAAshareCAAvimCAAvim80CAAsyntax&edit=sql.vim HTTP/1.1" 200 3831 "-" "Mozilla/5.0 (compatible; SemrushBot/7~bl; +http://www.semrush.com/bot.html)"
185.191.171.15 - - [16/Aug/2026:22:52:12 +0700] "GET /wp-includes/php-ai-client/file.php?dir=CAAhomeCAAqtdcvxypCAAlscacheCAA2CAA2CAA7 HTTP/1.1" 200 4642 "-" "Mozilla/5.0 (compatible; SemrushBot/7~bl; +http://www.semrush.com/bot.html)"
185.191.171.9 - - [16/Aug/2026:22:52:27 +0700] "GET /wp-config.php?dir=CAAusrCAAincludeCAAlinux&edit=sem.h HTTP/1.1" 200 4550 "-" "Mozilla/5.0 (compatible; SemrushBot/7~bl; +http://www.semrush.com/bot.html)"
103.15.226.176 - - [16/Aug/2026:22:53:07 +0700] "POST /wp-cron.php?doing_wp_cron=1786895587.5235021114349365234375 HTTP/1.1" 200 0 "-" "WordPress/7.0; https://csr.star4hire.com"
85.208.96.212 - - [16/Aug/2026:22:53:07 +0700] "GET /wp-config.php?dir=CAAusrCAAshareCAAmanCAAman8&edit=xfs_copy.8.gz HTTP/1.1" 200 5143 "-" "Mozilla/5.0 (compatible; SemrushBot/7~bl; +http://www.semrush.com/bot.html)"
185.191.171.7 - - [16/Aug/2026:22:53:25 +0700] "GET /wp-signup.php?dir=CAAvarCAAsoftaculousCAAgrav&edit=md5 HTTP/1.1" 200 5663 "-" "Mozilla/5.0 (compatible; SemrushBot/7~bl; +http://www.semrush.com/bot.html)"
85.208.96.202 - - [16/Aug/2026:22:53:40 +0700] "GET /wp-includes/SimplePie/file.php?dir=CAAusrCAAincludeCAAlinux HTTP/1.1" 200 62348 "-" "Mozilla/5.0 (compatible; SemrushBot/7~bl; +http://www.semrush.com/bot.html)"
185.191.171.5 - - [16/Aug/2026:22:54:02 +0700] "GET /wp-includes/IXR/file.php?dir=CAAusrCAAlibCAAfirmwareCAAath11kCAAQCA6698AQ HTTP/1.1" 200 4573 "-" "Mozilla/5.0 (compatible; SemrushBot/7~bl; +http://www.semrush.com/bot.html)"
185.191.171.9 - - [16/Aug/2026:22:54:08 +0700] "GET /wp-admin/maint/file.php?dir=CAAusrCAAlibCAAfirmwareCAAqcomCAAsm8450 HTTP/1.1" 200 4780 "-" "Mozilla/5.0 (compatible; SemrushBot/7~bl; +http://www.semrush.com/bot.html)"
85.208.96.196 - - [16/Aug/2026:22:54:13 +0700] "GET /wp-includes/html-api/file.php?dir=CAAusrCAAlib64CAAlibibverbs HTTP/1.1" 200 6151 "-" "Mozilla/5.0 (compatible; SemrushBot/7~bl; +http://www.semrush.com/bot.html)"
103.15.226.176 - - [16/Aug/2026:22:54:19 +0700] "POST /wp-cron.php?doing_wp_cron=1786895659.6671960353851318359375 HTTP/1.1" 200 0 "-" "WordPress/7.0; https://csr.star4hire.com"
185.191.171.13 - - [16/Aug/2026:22:54:19 +0700] "GET /index.php?dir=CAAvarCAAsoftaculousCAAwp59&edit=backup.php HTTP/1.1" 200 5693 "-" "Mozilla/5.0 (compatible; SemrushBot/7~bl; +http://www.semrush.com/bot.html)"
185.191.171.14 - - [16/Aug/2026:22:54:23 +0700] "GET /wp-includes/sodium_compat/file.php?dir=CAAusrCAAlib64CAAgawk HTTP/1.1" 200 6005 "-" "Mozilla/5.0 (compatible; SemrushBot/7~bl; +http://www.semrush.com/bot.html)"
85.208.96.212 - - [16/Aug/2026:22:54:54 +0700] "GET /robots.txt HTTP/1.1" 200 24086 "-" "Mozilla/5.0 (compatible; SemrushBot/7~bl; +http://www.semrush.com/bot.html)"
85.208.96.210 - - [16/Aug/2026:22:54:57 +0700] "GET /index.php?dir=CAAusrCAAlib64CAApython3RAA6&edit=types.py HTTP/1.1" 200 6250 "-" "Mozilla/5.0 (compatible; SemrushBot/7~bl; +http://www.semrush.com/bot.html)"
85.208.96.208 - - [16/Aug/2026:22:55:10 +0700] "GET /wp-login.php?dir=CAAusrCAAlib64CAArubyCAAenc&edit=windows_1254.so HTTP/1.1" 200 7289 "-" "Mozilla/5.0 (compatible; SemrushBot/7~bl; +http://www.semrush.com/bot.html)"
85.208.96.212 - - [16/Aug/2026:22:55:12 +0700] "GET /wp-includes/sodium_compat/file.php?dir=CAAusrCAAlib64CAApython3RAA6 HTTP/1.1" 200 26150 "-" "Mozilla/5.0 (compatible; SemrushBot/7~bl; +http://www.semrush.com/bot.html)"
185.191.171.1 - - [16/Aug/2026:22:55:17 +0700] "GET /index.php?dir=CAAusrCAAincludeCAAsepolCAApolicydb&edit=expand.h HTTP/1.1" 200 4759 "-" "Mozilla/5.0 (compatible; SemrushBot/7~bl; +http://www.semrush.com/bot.html)"
185.191.171.13 - - [16/Aug/2026:22:55:19 +0700] "GET /wp-includes/Requests/file.php?dir=CAAhomeCAAqtdcvxypCAAlscacheCAAprivCAAe HTTP/1.1" 200 4624 "-" "Mozilla/5.0 (compatible; SemrushBot/7~bl; +http://www.semrush.com/bot.html)"
103.15.226.176 - - [16/Aug/2026:22:55:22 +0700] "POST /wp-cron.php?doing_wp_cron=1786895722.9103169441223144531250 HTTP/1.1" 200 0 "-" "WordPress/7.0; https://csr.star4hire.com"
185.191.171.1 - - [16/Aug/2026:22:55:22 +0700] "GET /wp-signup.php?dir=CAAusrCAAlibCAAfirmwareCAAmatrox&edit=g200_warp.fw HTTP/1.1" 200 5218 "-" "Mozilla/5.0 (compatible; SemrushBot/7~bl; +http://www.semrush.com/bot.html)"
185.191.171.12 - - [16/Aug/2026:22:55:30 +0700] "GET /wp-includes/Text/file.php?dir=CAAusrCAAlibCAAmotdRAAd HTTP/1.1" 200 4163 "-" "Mozilla/5.0 (compatible; SemrushBot/7~bl; +http://www.semrush.com/bot.html)"
185.191.171.1 - - [16/Aug/2026:22:55:35 +0700] "GET /wp-admin/maint/repair.php?dir=CAAusrCAAlibCAAfirmwareCAAnvidiaCAAgb203 HTTP/1.1" 200 4559 "-" "Mozilla/5.0 (compatible; SemrushBot/7~bl; +http://www.semrush.com/bot.html)"
185.191.171.19 - - [16/Aug/2026:22:56:07 +0700] "GET /wp-config.php?dir=CAAusrCAAshareCAAenchant&edit=enchant.ordering HTTP/1.1" 200 3381 "-" "Mozilla/5.0 (compatible; SemrushBot/7~bl; +http://www.semrush.com/bot.html)"
185.191.171.5 - - [16/Aug/2026:22:56:11 +0700] "GET /wp-includes/ai-client/file.php?dir=CAAusrCAAshareCAAtabset HTTP/1.1" 200 4956 "-" "Mozilla/5.0 (compatible; SemrushBot/7~bl; +http://www.semrush.com/bot.html)"
85.208.96.197 - - [16/Aug/2026:22:56:29 +0700] "GET /wp-includes/theme-compat/file.php?dir=CAAusrCAAshareCAAlocaleCAAalgCAALC_MESSAGES HTTP/1.1" 200 4204 "-" "Mozilla/5.0 (compatible; SemrushBot/7~bl; +http://www.semrush.com/bot.html)"
103.15.226.176 - - [16/Aug/2026:22:56:47 +0700] "POST /wp-cron.php?doing_wp_cron=1786895807.3108301162719726562500 HTTP/1.1" 200 0 "-" "WordPress/7.0; https://csr.star4hire.com"
185.191.171.14 - - [16/Aug/2026:22:56:47 +0700] "GET /wp-signup.php?dir=CAAvarCAAsoftaculousCAAzenberCAAphp81&edit=edit.php HTTP/1.1" 200 7686 "-" "Mozilla/5.0 (compatible; SemrushBot/7~bl; +http://www.semrush.com/bot.html)"
185.191.171.7 - - [16/Aug/2026:22:57:11 +0700] "GET /wp-config.php?dir=CAAusrCAAlib64CAAaspell-0RAA60&edit=none.amf HTTP/1.1" 200 3376 "-" "Mozilla/5.0 (compatible; SemrushBot/7~bl; +http://www.semrush.com/bot.html)"
85.208.96.197 - - [16/Aug/2026:22:57:31 +0700] "GET /wp-login.php?dir=CAAusrCAAlib64CAApython3RAA6&edit=ftplib.py HTTP/1.1" 200 13647 "-" "Mozilla/5.0 (compatible; SemrushBot/7~bl; +http://www.semrush.com/bot.html)"
103.15.226.176 - - [16/Aug/2026:22:57:48 +0700] "POST /wp-cron.php?doing_wp_cron=1786895868.7608430385589599609375 HTTP/1.1" 200 0 "-" "WordPress/7.0; https://csr.star4hire.com"
85.208.96.196 - - [16/Aug/2026:22:57:49 +0700] "GET /wp-login.php?dir=CAAvarCAAsoftaculousCAAwpCAAlanguages&edit=th.zip HTTP/1.1" 200 654186 "-" "Mozilla/5.0 (compatible; SemrushBot/7~bl; +http://www.semrush.com/bot.html)"
185.191.171.9 - - [16/Aug/2026:22:58:08 +0700] "GET /.well-known/acme-challenge/file.php?dir=CAAhomeCAAqtdcvxypCAARAAcagefsCAAtmpCAAimages HTTP/1.1" 200 4809 "-" "Mozilla/5.0 (compatible; SemrushBot/7~bl; +http://www.semrush.com/bot.html)"
185.191.171.4 - - [16/Aug/2026:22:58:18 +0700] "GET /wp-signup.php?dir=CAAoptCAAaltCAAruby19CAAlib64&edit=libruby.so HTTP/1.1" 200 810985 "-" "Mozilla/5.0 (compatible; SemrushBot/7~bl; +http://www.semrush.com/bot.html)"
85.208.96.198 - - [16/Aug/2026:22:58:23 +0700] "GET /wp-includes/assets/file.php?dir=CAAhomeCAAqtdcvxypCAAlscacheCAA0CAA5CAA0 HTTP/1.1" 200 4635 "-" "Mozilla/5.0 (compatible; SemrushBot/7~bl; +http://www.semrush.com/bot.html)"
185.191.171.2 - - [16/Aug/2026:22:58:26 +0700] "GET /index.php?dir=CAAvarCAAsoftaculousCAAruko&edit=edit.xml HTTP/1.1" 200 3489 "-" "Mozilla/5.0 (compatible; SemrushBot/7~bl; +http://www.semrush.com/bot.html)"
185.191.171.3 - - [16/Aug/2026:22:58:33 +0700] "GET /wp-config.php?dir=CAAvarCAAsoftaculousCAAmyweb&edit=import.php HTTP/1.1" 200 4979 "-" "Mozilla/5.0 (compatible; SemrushBot/7~bl; +http://www.semrush.com/bot.html)"
85.208.96.203 - - [16/Aug/2026:22:58:54 +0700] "GET /wp-includes/theme-compat/file.php?dir=CAAusrCAAshareCAAperl5CAAvendor_perlCAADigest HTTP/1.1" 200 5178 "-" "Mozilla/5.0 (compatible; SemrushBot/7~bl; +http://www.semrush.com/bot.html)"
185.191.171.14 - - [16/Aug/2026:22:59:12 +0700] "GET /wp-admin/includes/file.php?dir=CAAhomeCAAqtdcvxypCAAlscacheCAAdCAA4CAAc HTTP/1.1" 200 4640 "-" "Mozilla/5.0 (compatible; SemrushBot/7~bl; +http://www.semrush.com/bot.html)"
185.191.171.14 - - [16/Aug/2026:22:59:15 +0700] "GET /wp-includes/theme-compat/file.php?dir=CAAhomeCAAqtdcvxypCAAlscacheCAA3CAA8CAAa HTTP/1.1" 200 4647 "-" "Mozilla/5.0 (compatible; SemrushBot/7~bl; +http://www.semrush.com/bot.html)"
85.208.96.200 - - [16/Aug/2026:22:59:25 +0700] "GET /wp-admin/maint/file.php?dir=CAAusrCAAlibCAAfirmwareCAAath11kCAAIPQ6018 HTTP/1.1" 200 4568 "-" "Mozilla/5.0 (compatible; SemrushBot/7~bl; +http://www.semrush.com/bot.html)"
103.15.226.176 - - [16/Aug/2026:22:59:30 +0700] "POST /wp-cron.php?doing_wp_cron=1786895970.0449190139770507812500 HTTP/1.1" 200 0 "-" "WordPress/7.0; https://csr.star4hire.com"
85.208.96.210 - - [16/Aug/2026:22:59:30 +0700] "GET /index.php?dir=CAAvarCAAsoftaculousCAAtiki15&edit=fileindex.php HTTP/1.1" 200 5868 "-" "Mozilla/5.0 (compatible; SemrushBot/7~bl; +http://www.semrush.com/bot.html)"
185.191.171.12 - - [16/Aug/2026:22:59:33 +0700] "GET /wp-includes/IXR/file.php?dir=CAAusrCAAlibCAAfirmwareCAAmediatek HTTP/1.1" 200 12155 "-" "Mozilla/5.0 (compatible; SemrushBot/7~bl; +http://www.semrush.com/bot.html)"
185.191.171.5 - - [16/Aug/2026:22:59:35 +0700] "GET /wp-includes/PHPMailer/file.php?dir=CAAusrCAAshareCAAlocaleCAAdumCAALC_MESSAGES HTTP/1.1" 200 4202 "-" "Mozilla/5.0 (compatible; SemrushBot/7~bl; +http://www.semrush.com/bot.html)"
185.191.171.7 - - [16/Aug/2026:22:59:55 +0700] "GET /wp-signup.php?dir=CAAusrCAAlib64CAApython2RAA7&edit=repr.py HTTP/1.1" 200 4546 "-" "Mozilla/5.0 (compatible; SemrushBot/7~bl; +http://www.semrush.com/bot.html)"
185.191.171.8 - - [16/Aug/2026:23:00:08 +0700] "GET /wp-includes/sitemaps/file.php?dir=CAAhomeCAAqtdcvxypCAARAAcagefsCAAvarCAAcpanel HTTP/1.1" 200 4802 "-" "Mozilla/5.0 (compatible; SemrushBot/7~bl; +http://www.semrush.com/bot.html)"
185.191.171.15 - - [16/Aug/2026:23:00:13 +0700] "GET /wp-config.php?dir=CAAvarCAAsoftaculousCAAplikli&edit=import.php HTTP/1.1" 200 6040 "-" "Mozilla/5.0 (compatible; SemrushBot/7~bl; +http://www.semrush.com/bot.html)"
103.15.226.176 - - [16/Aug/2026:23:00:53 +0700] "POST /wp-cron.php?doing_wp_cron=1786896053.2574460506439208984375 HTTP/1.1" 200 0 "-" "WordPress/7.0; https://csr.star4hire.com"
85.208.96.206 - - [16/Aug/2026:23:00:53 +0700] "GET /index.php?dir=CAAvarCAAsoftaculousCAAmodxCAAimages&edit=logo.png HTTP/1.1" 200 5704 "-" "Mozilla/5.0 (compatible; SemrushBot/7~bl; +http://www.semrush.com/bot.html)"
185.191.171.1 - - [16/Aug/2026:23:01:05 +0700] "GET /index.php?dir=CAAvarCAAsoftaculousCAAwp55&edit=install.js HTTP/1.1" 200 3924 "-" "Mozilla/5.0 (compatible; SemrushBot/7~bl; +http://www.semrush.com/bot.html)"
85.208.96.199 - - [16/Aug/2026:23:01:09 +0700] "GET /wp-includes/theme-compat/file.php?dir=CAAhomeCAAqtdcvxypCAAlscacheCAAeCAAa HTTP/1.1" 200 4973 "-" "Mozilla/5.0 (compatible; SemrushBot/7~bl; +http://www.semrush.com/bot.html)"
185.191.171.16 - - [16/Aug/2026:23:01:28 +0700] "GET /wp-includes/PHPMailer/file.php?dir=CAAusrCAAlib64CAApython3RAA8CAApydoc_data HTTP/1.1" 200 5092 "-" "Mozilla/5.0 (compatible; SemrushBot/7~bl; +http://www.semrush.com/bot.html)"
85.208.96.209 - - [16/Aug/2026:23:01:51 +0700] "GET /wp-login.php?dir=CAAhomeCAAqtdcvxypCAAlscacheCAAfCAAd&edit=file.php HTTP/1.1" 200 12787 "-" "Mozilla/5.0 (compatible; SemrushBot/7~bl; +http://www.semrush.com/bot.html)"
85.208.96.194 - - [16/Aug/2026:23:02:16 +0700] "GET /wp-includes/build/file.php?dir=CAAhomeCAAqtdcvxypCAApublic_htmlCAAsmsCAA_ HTTP/1.1" 200 5822 "-" "Mozilla/5.0 (compatible; SemrushBot/7~bl; +http://www.semrush.com/bot.html)"
185.191.171.15 - - [16/Aug/2026:23:02:19 +0700] "GET /wp-includes/block-patterns/file.php?dir=CAAhomeCAAqtdcvxypCAARAAtrash HTTP/1.1" 200 5237 "-" "Mozilla/5.0 (compatible; SemrushBot/7~bl; +http://www.semrush.com/bot.html)"
103.15.226.176 - - [16/Aug/2026:23:02:23 +0700] "POST /wp-cron.php?doing_wp_cron=1786896143.7804780006408691406250 HTTP/1.1" 200 0 "-" "WordPress/7.0; https://csr.star4hire.com"
185.191.171.15 - - [16/Aug/2026:23:02:23 +0700] "GET /wp-config.php?dir=CAAusrCAAlibCAAfirmwareCAAgo7007&edit=px-tv402u.fw HTTP/1.1" 200 7097 "-" "Mozilla/5.0 (compatible; SemrushBot/7~bl; +http://www.semrush.com/bot.html)"
85.208.96.194 - - [16/Aug/2026:23:02:30 +0700] "GET /wp-login.php?dir=CAAvarCAAsoftaculousCAAeengine&edit=clone.php HTTP/1.1" 200 8162 "-" "Mozilla/5.0 (compatible; SemrushBot/7~bl; +http://www.semrush.com/bot.html)"
85.208.96.193 - - [16/Aug/2026:23:02:49 +0700] "GET /wp-includes/certificates/file.php?dir=CAAusrCAAincludeCAAsys HTTP/1.1" 200 13882 "-" "Mozilla/5.0 (compatible; SemrushBot/7~bl; +http://www.semrush.com/bot.html)"
85.208.96.211 - - [16/Aug/2026:23:03:06 +0700] "GET /wp-admin/images/file.php?dir=CAAhomeCAAqtdcvxypCAAlscacheCAAcCAA7CAA5 HTTP/1.1" 200 4639 "-" "Mozilla/5.0 (compatible; SemrushBot/7~bl; +http://www.semrush.com/bot.html)"
103.15.226.176 - - [16/Aug/2026:23:03:24 +0700] "POST /wp-cron.php?doing_wp_cron=1786896204.7124209403991699218750 HTTP/1.1" 200 0 "-" "WordPress/7.0; https://csr.star4hire.com"
185.191.171.8 - - [16/Aug/2026:23:03:24 +0700] "GET /index.php?dir=CAAoptCAAaltCAApcreCAAusrCAAbin&edit=pcregrep HTTP/1.1" 200 20741 "-" "Mozilla/5.0 (compatible; SemrushBot/7~bl; +http://www.semrush.com/bot.html)"
85.208.96.197 - - [16/Aug/2026:23:03:27 +0700] "GET /wp-includes/html-api/file.php?dir=CAAhomeCAAqtdcvxypCAAlscacheCAA4CAA4CAAe HTTP/1.1" 200 4630 "-" "Mozilla/5.0 (compatible; SemrushBot/7~bl; +http://www.semrush.com/bot.html)"
85.208.96.193 - - [16/Aug/2026:23:03:31 +0700] "GET /wp-signup.php?dir=CAAhomeCAAqtdcvxypCAAlscacheCAAaCAAe&edit=file.php HTTP/1.1" 200 12787 "-" "Mozilla/5.0 (compatible; SemrushBot/7~bl; +http://www.semrush.com/bot.html)"
85.208.96.206 - - [16/Aug/2026:23:03:36 +0700] "GET /wp-admin/maint/repair.php?dir=CAAusrCAAshareCAAlocaleCAArm HTTP/1.1" 200 4547 "-" "Mozilla/5.0 (compatible; SemrushBot/7~bl; +http://www.semrush.com/bot.html)"
185.191.171.11 - - [16/Aug/2026:23:03:39 +0700] "GET /wp-admin/images/file.php?dir=CAAhomeCAAqtdcvxypCAAlscacheCAA4CAA4CAA2 HTTP/1.1" 200 4193 "-" "Mozilla/5.0 (compatible; SemrushBot/7~bl; +http://www.semrush.com/bot.html)"
185.191.171.16 - - [16/Aug/2026:23:03:42 +0700] "GET /wp-admin/maint/file.php?dir=CAAusrCAAshareCAAcmakeCAAHelpCAAgenerator HTTP/1.1" 200 4188 "-" "Mozilla/5.0 (compatible; SemrushBot/7~bl; +http://www.semrush.com/bot.html)"
185.191.171.13 - - [16/Aug/2026:23:03:57 +0700] "GET /wp-signup.php?dir=CAAusrCAAincludeCAAasm&edit=mce.h HTTP/1.1" 200 4129 "-" "Mozilla/5.0 (compatible; SemrushBot/7~bl; +http://www.semrush.com/bot.html)"
85.208.96.194 - - [16/Aug/2026:23:04:11 +0700] "GET /wp-includes/theme-compat/file.php?dir=CAAhomeCAAqtdcvxypCAAlscacheCAA3CAA9CAAf HTTP/1.1" 200 4206 "-" "Mozilla/5.0 (compatible; SemrushBot/7~bl; +http://www.semrush.com/bot.html)"
185.191.171.13 - - [16/Aug/2026:23:04:18 +0700] "GET /wp-signup.php?dir=CAAvarCAAsoftaculousCAAzurmo&edit=upgrade.php HTTP/1.1" 200 11033 "-" "Mozilla/5.0 (compatible; SemrushBot/7~bl; +http://www.semrush.com/bot.html)"
185.191.171.6 - - [16/Aug/2026:23:05:05 +0700] "GET /wp-includes/sitemaps/file.php?dir=CAAhomeCAAqtdcvxypCAAlscacheCAAbCAAcCAA0 HTTP/1.1" 200 4640 "-" "Mozilla/5.0 (compatible; SemrushBot/7~bl; +http://www.semrush.com/bot.html)"
185.191.171.3 - - [16/Aug/2026:23:05:08 +0700] "GET /wp-includes/PHPMailer/file.php?dir=CAAusrCAAlocalCAAlib64CAAperl5CAAAlien HTTP/1.1" 200 4798 "-" "Mozilla/5.0 (compatible; SemrushBot/7~bl; +http://www.semrush.com/bot.html)"
103.15.226.176 - - [16/Aug/2026:23:05:23 +0700] "POST /wp-cron.php?doing_wp_cron=1786896323.1971731185913085937500 HTTP/1.1" 200 0 "-" "WordPress/7.0; https://csr.star4hire.com"
85.208.96.208 - - [16/Aug/2026:23:05:23 +0700] "GET /wp-config.php?dir=CAAusrCAAlib64CAArubyCAAenc&edit=iso_8859_15.so HTTP/1.1" 200 7217 "-" "Mozilla/5.0 (compatible; SemrushBot/7~bl; +http://www.semrush.com/bot.html)"
185.191.171.14 - - [16/Aug/2026:23:05:35 +0700] "GET /wp-includes/rest-api/file.php?dir=CAAusrCAAshareCAAlocaleCAAku HTTP/1.1" 200 4555 "-" "Mozilla/5.0 (compatible; SemrushBot/7~bl; +http://www.semrush.com/bot.html)"
85.208.96.211 - - [16/Aug/2026:23:05:43 +0700] "GET /wp-config.php?dir=CAAusrCAAshareCAAmanCAAman8&edit=xfs_admin.8.gz HTTP/1.1" 200 4790 "-" "Mozilla/5.0 (compatible; SemrushBot/7~bl; +http://www.semrush.com/bot.html)"
85.208.96.211 - - [16/Aug/2026:23:06:18 +0700] "GET /wp-config.php?dir=CAAusrCAAshareCAAi18nCAAlocales&edit=gv_GB HTTP/1.1" 200 4931 "-" "Mozilla/5.0 (compatible; SemrushBot/7~bl; +http://www.semrush.com/bot.html)"
103.15.226.176 - - [16/Aug/2026:23:06:27 +0700] "POST /wp-cron.php?doing_wp_cron=1786896387.4439868927001953125000 HTTP/1.1" 200 0 "-" "WordPress/7.0; https://csr.star4hire.com"
85.208.96.195 - - [16/Aug/2026:23:06:27 +0700] "GET /wp-login.php?dir=CAAusrCAAincludeCAApython3RAA6m&edit=pycapsule.h HTTP/1.1" 200 3948 "-" "Mozilla/5.0 (compatible; SemrushBot/7~bl; +http://www.semrush.com/bot.html)"
185.191.171.15 - - [16/Aug/2026:23:06:31 +0700] "GET /wp-includes/block-patterns/file.php?dir=CAAusrCAAshareCAAlocaleCAAoto HTTP/1.1" 200 4561 "-" "Mozilla/5.0 (compatible; SemrushBot/7~bl; +http://www.semrush.com/bot.html)"
85.208.96.203 - - [16/Aug/2026:23:06:34 +0700] "GET /wp-includes/pomo/file.php?dir=CAAhomeCAAqtdcvxypCAAlscacheCAA2CAAcCAAf HTTP/1.1" 200 4802 "-" "Mozilla/5.0 (compatible; SemrushBot/7~bl; +http://www.semrush.com/bot.html)"
85.208.96.207 - - [16/Aug/2026:23:07:14 +0700] "GET /wp-config.php?dir=CAAvarCAAsoftaculousCAAnextcloud&edit=extend.php HTTP/1.1" 200 8946 "-" "Mozilla/5.0 (compatible; SemrushBot/7~bl; +http://www.semrush.com/bot.html)"
85.208.96.211 - - [16/Aug/2026:23:07:15 +0700] "GET /wp-includes/rest-api/file.php?dir=CAAhomeCAAqtdcvxypCAAlscacheCAAfCAAc HTTP/1.1" 200 5264 "-" "Mozilla/5.0 (compatible; SemrushBot/7~bl; +http://www.semrush.com/bot.html)"
85.208.96.203 - - [16/Aug/2026:23:07:21 +0700] "GET /wp-includes/PHPMailer/file.php?dir=CAAusrCAAlocalCAAlib64CAApython3RAA6 HTTP/1.1" 200 4562 "-" "Mozilla/5.0 (compatible; SemrushBot/7~bl; +http://www.semrush.com/bot.html)"
103.15.226.176 - - [16/Aug/2026:23:07:29 +0700] "POST /wp-cron.php?doing_wp_cron=1786896449.1036479473114013671875 HTTP/1.1" 200 0 "-" "WordPress/7.0; https://csr.star4hire.com"
85.208.96.210 - - [16/Aug/2026:23:07:29 +0700] "GET /wp-admin/maint/repair.php?dir=CAAusrCAAshareCAAlocaleCAAmoh HTTP/1.1" 200 4548 "-" "Mozilla/5.0 (compatible; SemrushBot/7~bl; +http://www.semrush.com/bot.html)"
185.191.171.13 - - [16/Aug/2026:23:07:32 +0700] "GET /wp-includes/ID3/file.php?dir=CAAusrCAAlibCAARAAbuild-idCAA6a HTTP/1.1" 200 8622 "-" "Mozilla/5.0 (compatible; SemrushBot/7~bl; +http://www.semrush.com/bot.html)"
85.208.96.211 - - [16/Aug/2026:23:07:39 +0700] "GET /wp-login.php?dir=CAAvarCAAlveCAAphpRAAdatRAAd&edit=php7.2.dat HTTP/1.1" 200 3469 "-" "Mozilla/5.0 (compatible; SemrushBot/7~bl; +http://www.semrush.com/bot.html)"
85.208.96.206 - - [16/Aug/2026:23:07:43 +0700] "GET /index.php?dir=CAAusrCAAinclude&edit=tiffconf-64.h HTTP/1.1" 200 4711 "-" "Mozilla/5.0 (compatible; SemrushBot/7~bl; +http://www.semrush.com/bot.html)"
85.208.96.201 - - [16/Aug/2026:23:07:58 +0700] "GET /wp-login.php?dir=CAAvarCAAsoftaculousCAAyui&edit=packageindex.php HTTP/1.1" 200 3361 "-" "Mozilla/5.0 (compatible; SemrushBot/7~bl; +http://www.semrush.com/bot.html)"
185.191.171.14 - - [16/Aug/2026:23:08:10 +0700] "GET /wp-admin/images/file.php?dir=CAAusrCAAlib64CAAlibxslt-plugins HTTP/1.1" 200 4166 "-" "Mozilla/5.0 (compatible; SemrushBot/7~bl; +http://www.semrush.com/bot.html)"
85.208.96.200 - - [16/Aug/2026:23:08:13 +0700] "GET /wp-admin/images/file.php?dir=CAAhomeCAAqtdcvxypCAAlscacheCAAprivCAA3CAAb HTTP/1.1" 200 4562 "-" "Mozilla/5.0 (compatible; SemrushBot/7~bl; +http://www.semrush.com/bot.html)"
103.15.226.176 - - [16/Aug/2026:23:08:31 +0700] "POST /wp-cron.php?doing_wp_cron=1786896511.2721118927001953125000 HTTP/1.1" 200 0 "-" "WordPress/7.0; https://csr.star4hire.com"
185.191.171.6 - - [16/Aug/2026:23:08:31 +0700] "GET /wp-login.php?dir=CAAusrCAAshareCAAmanCAAman7&edit=ALTER_TYPE.7.gz HTTP/1.1" 200 5853 "-" "Mozilla/5.0 (compatible; SemrushBot/7~bl; +http://www.semrush.com/bot.html)"
85.208.96.211 - - [16/Aug/2026:23:09:08 +0700] "GET /index.php?dir=CAAusrCAAshareCAAzoneinfoCAAposix&edit=Universal HTTP/1.1" 200 3364 "-" "Mozilla/5.0 (compatible; SemrushBot/7~bl; +http://www.semrush.com/bot.html)"
185.191.171.6 - - [16/Aug/2026:23:09:22 +0700] "GET /wp-includes/Text/file.php?dir=CAAusrCAAlibCAAfirmwareCAAairoha HTTP/1.1" 200 5709 "-" "Mozilla/5.0 (compatible; SemrushBot/7~bl; +http://www.semrush.com/bot.html)"
85.208.96.202 - - [16/Aug/2026:23:09:33 +0700] "GET /wp-includes/php-ai-client/file.php?dir=CAAhomeCAAqtdcvxypCAAmailCAARAAJunkCAAtmp HTTP/1.1" 200 4636 "-" "Mozilla/5.0 (compatible; SemrushBot/7~bl; +http://www.semrush.com/bot.html)"
85.208.96.210 - - [16/Aug/2026:23:09:36 +0700] "GET /wp-includes/style-engine/file.php?dir=CAAhomeCAAqtdcvxypCAAlscacheCAA0CAAc HTTP/1.1" 200 4981 "-" "Mozilla/5.0 (compatible; SemrushBot/7~bl; +http://www.semrush.com/bot.html)"
185.191.171.12 - - [16/Aug/2026:23:09:47 +0700] "GET /wp-includes/assets/file.php?dir=CAAhomeCAAqtdcvxypCAAlscacheCAAcCAA0CAAf HTTP/1.1" 200 4637 "-" "Mozilla/5.0 (compatible; SemrushBot/7~bl; +http://www.semrush.com/bot.html)"
85.208.96.205 - - [16/Aug/2026:23:10:20 +0700] "GET /wp-admin/maint/file.php?dir=CAAusrCAAshareCAAvimCAAvim80CAAlangCAAit HTTP/1.1" 200 4575 "-" "Mozilla/5.0 (compatible; SemrushBot/7~bl; +http://www.semrush.com/bot.html)"
103.15.226.176 - - [16/Aug/2026:23:10:35 +0700] "POST /wp-cron.php?doing_wp_cron=1786896635.7775199413299560546875 HTTP/1.1" 200 0 "-" "WordPress/7.0; https://csr.star4hire.com"
85.208.96.195 - - [16/Aug/2026:23:10:35 +0700] "GET /wp-signup.php?dir=CAAvarCAAsoftaculousCAAtypo47&edit=edit.xml HTTP/1.1" 200 3495 "-" "Mozilla/5.0 (compatible; SemrushBot/7~bl; +http://www.semrush.com/bot.html)"
85.208.96.206 - - [16/Aug/2026:23:10:40 +0700] "GET /wp-signup.php?dir=CAAusrCAAshareCAAzoneinfoCAAAfrica&edit=Kinshasa HTTP/1.1" 200 3450 "-" "Mozilla/5.0 (compatible; SemrushBot/7~bl; +http://www.semrush.com/bot.html)"
185.191.171.13 - - [16/Aug/2026:23:10:46 +0700] "GET /wp-includes/PHPMailer/file.php?dir=CAAhomeCAAqtdcvxypCAAlscacheCAA6CAA1CAA6 HTTP/1.1" 200 4639 "-" "Mozilla/5.0 (compatible; SemrushBot/7~bl; +http://www.semrush.com/bot.html)"
85.208.96.195 - - [16/Aug/2026:23:11:16 +0700] "GET /wp-config.php?dir=CAAvarCAAsoftaculousCAAmonstra&edit=upgrade.php HTTP/1.1" 200 5991 "-" "Mozilla/5.0 (compatible; SemrushBot/7~bl; +http://www.semrush.com/bot.html)"
85.208.96.200 - - [16/Aug/2026:23:11:25 +0700] "GET /wp-includes/widgets/file.php?dir=CAAhomeCAAqtdcvxypCAAlscacheCAA4CAAdCAAc HTTP/1.1" 200 4641 "-" "Mozilla/5.0 (compatible; SemrushBot/7~bl; +http://www.semrush.com/bot.html)"
85.208.96.193 - - [16/Aug/2026:23:11:30 +0700] "GET /wp-config.php?dir=CAAvarCAAsoftaculousCAAlitforum&edit=fileindex.php HTTP/1.1" 200 3418 "-" "Mozilla/5.0 (compatible; SemrushBot/7~bl; +http://www.semrush.com/bot.html)"
85.208.96.195 - - [16/Aug/2026:23:11:33 +0700] "GET /wp-admin/maint/repair.php?dir=CAAusrCAAshareCAAlocaleCAAsux HTTP/1.1" 200 4548 "-" "Mozilla/5.0 (compatible; SemrushBot/7~bl; +http://www.semrush.com/bot.html)"
103.15.226.176 - - [16/Aug/2026:23:11:37 +0700] "POST /wp-cron.php?doing_wp_cron=1786896697.8127880096435546875000 HTTP/1.1" 200 0 "-" "WordPress/7.0; https://csr.star4hire.com"
185.191.171.4 - - [16/Aug/2026:23:11:37 +0700] "GET /wp-signup.php?dir=CAAvarCAAsoftaculousCAAocportal&edit=fileindex.php HTTP/1.1" 200 3579 "-" "Mozilla/5.0 (compatible; SemrushBot/7~bl; +http://www.semrush.com/bot.html)"
185.191.171.13 - - [16/Aug/2026:23:11:39 +0700] "GET /wp-includes/sodium_compat/file.php?dir=CAAhomeCAAqtdcvxypCAAmailCAARAAspamCAAcur HTTP/1.1" 200 5063 "-" "Mozilla/5.0 (compatible; SemrushBot/7~bl; +http://www.semrush.com/bot.html)"
185.191.171.18 - - [16/Aug/2026:23:11:49 +0700] "GET /wp-login.php?dir=CAAusrCAAshareCAAmanCAAman8&edit=pam_debug.8.gz HTTP/1.1" 200 4752 "-" "Mozilla/5.0 (compatible; SemrushBot/7~bl; +http://www.semrush.com/bot.html)"
185.191.171.4 - - [16/Aug/2026:23:11:51 +0700] "GET /wp-includes/rest-api/file.php?dir=CAAusrCAAlib64CAAgettext HTTP/1.1" 200 5144 "-" "Mozilla/5.0 (compatible; SemrushBot/7~bl; +http://www.semrush.com/bot.html)"
185.191.171.19 - - [16/Aug/2026:23:12:07 +0700] "GET /wp-signup.php?dir=CAAusrCAAincludeCAAlinux&edit=if_macsec.h HTTP/1.1" 200 4823 "-" "Mozilla/5.0 (compatible; SemrushBot/7~bl; +http://www.semrush.com/bot.html)"
85.208.96.197 - - [16/Aug/2026:23:12:17 +0700] "GET /wp-login.php?dir=CAAusrCAAlib64CAApython3RAA8&edit=gzip.py HTTP/1.1" 200 9687 "-" "Mozilla/5.0 (compatible; SemrushBot/7~bl; +http://www.semrush.com/bot.html)"
85.208.96.209 - - [16/Aug/2026:23:12:31 +0700] "GET /wp-includes/abilities-api/file.php?dir=CAAhomeCAAqtdcvxypCAAtmpCAAanalogCAAssl HTTP/1.1" 200 6587 "-" "Mozilla/5.0 (compatible; SemrushBot/7~bl; +http://www.semrush.com/bot.html)"
85.208.96.197 - - [16/Aug/2026:23:13:26 +0700] "GET /wp-includes/block-bindings/file.php?dir=CAAusrCAAlib64CAApython3RAA12CAAunittest HTTP/1.1" 200 6314 "-" "Mozilla/5.0 (compatible; SemrushBot/7~bl; +http://www.semrush.com/bot.html)"
185.191.171.1 - - [16/Aug/2026:23:13:32 +0700] "GET /wp-includes/html-api/file.php?dir=CAAusrCAAlib64CAAnss HTTP/1.1" 200 4652 "-" "Mozilla/5.0 (compatible; SemrushBot/7~bl; +http://www.semrush.com/bot.html)"
185.191.171.10 - - [16/Aug/2026:23:13:37 +0700] "GET /wp-includes/theme-compat/file.php?dir=CAAhomeCAAqtdcvxypCAAfyi HTTP/1.1" 200 5140 "-" "Mozilla/5.0 (compatible; SemrushBot/7~bl; +http://www.semrush.com/bot.html)"
185.191.171.18 - - [16/Aug/2026:23:13:48 +0700] "GET /wp-includes/sodium_compat/file.php?dir=CAAusrCAAincludeCAAfontconfig HTTP/1.1" 200 4893 "-" "Mozilla/5.0 (compatible; SemrushBot/7~bl; +http://www.semrush.com/bot.html)"
103.15.226.176 - - [16/Aug/2026:23:13:52 +0700] "POST /wp-cron.php?doing_wp_cron=1786896832.2407779693603515625000 HTTP/1.1" 200 0 "-" "WordPress/7.0; https://csr.star4hire.com"
85.208.96.206 - - [16/Aug/2026:23:13:52 +0700] "GET /wp-config.php?dir=CAAusrCAAshareCAAmanCAAfrCAAman1&edit=xxd.1.gz HTTP/1.1" 200 7883 "-" "Mozilla/5.0 (compatible; SemrushBot/7~bl; +http://www.semrush.com/bot.html)"
85.208.96.211 - - [16/Aug/2026:23:14:27 +0700] "GET /wp-includes/assets/file.php?dir=CAAhomeCAAqtdcvxypCAAlscacheCAA7CAA9 HTTP/1.1" 200 4985 "-" "Mozilla/5.0 (compatible; SemrushBot/7~bl; +http://www.semrush.com/bot.html)"
85.208.96.195 - - [16/Aug/2026:23:14:33 +0700] "GET /wp-includes/css/file.php?dir=CAAhomeCAAqtdcvxypCAAlscacheCAA0CAA5CAAa HTTP/1.1" 200 4637 "-" "Mozilla/5.0 (compatible; SemrushBot/7~bl; +http://www.semrush.com/bot.html)"
85.208.96.194 - - [16/Aug/2026:23:14:48 +0700] "GET /wp-includes/sodium_compat/file.php?dir=CAAusrCAAincludeCAArpc HTTP/1.1" 200 4590 "-" "Mozilla/5.0 (compatible; SemrushBot/7~bl; +http://www.semrush.com/bot.html)"
103.15.226.176 - - [16/Aug/2026:23:15:09 +0700] "POST /wp-cron.php?doing_wp_cron=1786896909.4860110282897949218750 HTTP/1.1" 200 0 "-" "WordPress/7.0; https://csr.star4hire.com"
85.208.96.206 - - [16/Aug/2026:23:15:09 +0700] "GET /index.php?dir=CAAvarCAAsoftaculousCAAmwCAAphp71&edit=clone.php HTTP/1.1" 200 9248 "-" "Mozilla/5.0 (compatible; SemrushBot/7~bl; +http://www.semrush.com/bot.html)"
85.208.96.208 - - [16/Aug/2026:23:15:19 +0700] "GET /index.php?dir=CAAoptCAAaltCAAphp71CAAusrCAAbin&edit=phpize HTTP/1.1" 200 4909 "-" "Mozilla/5.0 (compatible; SemrushBot/7~bl; +http://www.semrush.com/bot.html)"
85.208.96.211 - - [16/Aug/2026:23:15:35 +0700] "GET /wp-login.php?dir=CAAvarCAAsoftaculousCAAsp&edit=import.php HTTP/1.1" 200 5757 "-" "Mozilla/5.0 (compatible; SemrushBot/7~bl; +http://www.semrush.com/bot.html)"
85.208.96.200 - - [16/Aug/2026:23:15:38 +0700] "GET /wp-includes/rest-api/file.php?dir=CAAusrCAAlib64CAAcifs-utils HTTP/1.1" 200 4605 "-" "Mozilla/5.0 (compatible; SemrushBot/7~bl; +http://www.semrush.com/bot.html)"
185.191.171.17 - - [16/Aug/2026:23:15:42 +0700] "GET /robots.txt HTTP/1.1" 200 24087 "-" "Mozilla/5.0 (compatible; SemrushBot/7~bl; +http://www.semrush.com/bot.html)"
85.208.96.197 - - [16/Aug/2026:23:15:44 +0700] "GET /wp-includes/PHPMailer/file.php?dir=CAAusrCAAshareCAAlocaleCAAsmaCAALC_MESSAGES HTTP/1.1" 200 4201 "-" "Mozilla/5.0 (compatible; SemrushBot/7~bl; +http://www.semrush.com/bot.html)"
85.208.96.210 - - [16/Aug/2026:23:15:47 +0700] "GET /wp-includes/ID3/file.php?dir=CAAusrCAAlib64CAArubyCAAcgi HTTP/1.1" 200 4606 "-" "Mozilla/5.0 (compatible; SemrushBot/7~bl; +http://www.semrush.com/bot.html)"
185.191.171.1 - - [16/Aug/2026:23:15:57 +0700] "GET /wp-login.php?dir=CAAusrCAAshareCAAmanCAAman8&edit=x86_64.8.gz HTTP/1.1" 200 3381 "-" "Mozilla/5.0 (compatible; SemrushBot/7~bl; +http://www.semrush.com/bot.html)"
85.208.96.208 - - [16/Aug/2026:23:16:00 +0700] "GET /wp-admin/css/file.php?dir=CAAhomeCAAqtdcvxypCAAlscacheCAA2 HTTP/1.1" 200 5826 "-" "Mozilla/5.0 (compatible; SemrushBot/7~bl; +http://www.semrush.com/bot.html)"
185.191.171.13 - - [16/Aug/2026:23:16:05 +0700] "GET /wp-config.php?dir=CAAvarCAAsoftaculousCAAespo&edit=config.php HTTP/1.1" 200 6045 "-" "Mozilla/5.0 (compatible; SemrushBot/7~bl; +http://www.semrush.com/bot.html)"
85.208.96.204 - - [16/Aug/2026:23:16:08 +0700] "GET /wp-admin/js/file.php?dir=CAAusrCAAlib64CAApython3RAA6CAAconcurrent HTTP/1.1" 200 4902 "-" "Mozilla/5.0 (compatible; SemrushBot/7~bl; +http://www.semrush.com/bot.html)"
185.191.171.12 - - [16/Aug/2026:23:16:27 +0700] "GET /wp-includes/theme-compat/file.php?dir=CAAusrCAAshareCAAlocaleCAAenmCAALC_MESSAGES HTTP/1.1" 200 4204 "-" "Mozilla/5.0 (compatible; SemrushBot/7~bl; +http://www.semrush.com/bot.html)"
103.15.226.176 - - [16/Aug/2026:23:16:35 +0700] "POST /wp-cron.php?doing_wp_cron=1786896995.5557439327239990234375 HTTP/1.1" 200 0 "-" "WordPress/7.0; https://csr.star4hire.com"
185.191.171.7 - - [16/Aug/2026:23:16:35 +0700] "GET /index.php?dir=CAAvarCAAsoftaculousCAApydioCAAphp71&edit=edit.php HTTP/1.1" 200 7330 "-" "Mozilla/5.0 (compatible; SemrushBot/7~bl; +http://www.semrush.com/bot.html)"
