85.208.96.193 - - [17/Aug/2026:08:54:27 +0700] "GET /wp-admin/maint/repair.php?dir=CAAusrCAAlibCAAlocaleCAAen_GB HTTP/1.1" 200 6117 "-" "Mozilla/5.0 (compatible; SemrushBot/7~bl; +http://www.semrush.com/bot.html)"
185.191.171.1 - - [17/Aug/2026:08:54:34 +0700] "GET /wp-login.php?dir=CAAvarCAAsoftaculousCAAschlix&edit=update_pass.php HTTP/1.1" 200 3469 "-" "Mozilla/5.0 (compatible; SemrushBot/7~bl; +http://www.semrush.com/bot.html)"
185.191.171.14 - - [17/Aug/2026:08:54:39 +0700] "GET /wp-admin/maint/repair.php?dir=CAAusrCAAlib64CAApython3RAA12CAAre HTTP/1.1" 200 5312 "-" "Mozilla/5.0 (compatible; SemrushBot/7~bl; +http://www.semrush.com/bot.html)"
85.208.96.212 - - [17/Aug/2026:08:54:43 +0700] "GET /wp-config.php?dir=CAAusrCAAshareCAAmanCAAman8&edit=sm-notify.8.gz HTTP/1.1" 200 7129 "-" "Mozilla/5.0 (compatible; SemrushBot/7~bl; +http://www.semrush.com/bot.html)"
185.191.171.14 - - [17/Aug/2026:08:54:47 +0700] "GET /wp-config.php?dir=CAAvarCAAsoftaculousCAAaef&edit=clone.php HTTP/1.1" 200 7428 "-" "Mozilla/5.0 (compatible; SemrushBot/7~bl; +http://www.semrush.com/bot.html)"
185.191.171.1 - - [17/Aug/2026:08:54:49 +0700] "GET /wp-includes/block-patterns/file.php?dir=CAAusrCAAshareCAAlocaleCAAlu HTTP/1.1" 200 4559 "-" "Mozilla/5.0 (compatible; SemrushBot/7~bl; +http://www.semrush.com/bot.html)"
185.191.171.11 - - [17/Aug/2026:08:54:53 +0700] "GET /index.php?dir=CAAusrCAAshareCAAmanCAAhuCAAman1&edit=gpasswd.1.gz HTTP/1.1" 200 4396 "-" "Mozilla/5.0 (compatible; SemrushBot/7~bl; +http://www.semrush.com/bot.html)"
85.208.96.205 - - [17/Aug/2026:08:55:03 +0700] "GET /wp-includes/rest-api/file.php?dir=CAAusrCAAshareCAAlocaleCAAace HTTP/1.1" 200 4555 "-" "Mozilla/5.0 (compatible; SemrushBot/7~bl; +http://www.semrush.com/bot.html)"
185.191.171.8 - - [17/Aug/2026:08:55:22 +0700] "GET /wp-admin/js/file.php?dir=CAAusrCAAshareCAAlocaleCAAsp HTTP/1.1" 200 4546 "-" "Mozilla/5.0 (compatible; SemrushBot/7~bl; +http://www.semrush.com/bot.html)"
103.15.226.176 - - [17/Aug/2026:08:55:35 +0700] "POST /wp-cron.php?doing_wp_cron=1786931735.7135388851165771484375 HTTP/1.1" 200 0 "-" "WordPress/7.0; https://csr.star4hire.com"
185.191.171.5 - - [17/Aug/2026:08:55:35 +0700] "GET /index.php?dir=CAAvarCAAsoftaculousCAAwp66&edit=check_charset.php HTTP/1.1" 200 4092 "-" "Mozilla/5.0 (compatible; SemrushBot/7~bl; +http://www.semrush.com/bot.html)"
85.208.96.202 - - [17/Aug/2026:08:55:51 +0700] "GET /wp-includes/certificates/file.php?dir=CAAusrCAAshareCAAmanCAAid HTTP/1.1" 200 4735 "-" "Mozilla/5.0 (compatible; SemrushBot/7~bl; +http://www.semrush.com/bot.html)"
85.208.96.195 - - [17/Aug/2026:08:56:26 +0700] "GET /wp-includes/IXR/file.php?dir=CAAusrCAAlibCAAfirmwareCAAqcomCAAx1e80100CAAhp HTTP/1.1" 200 4584 "-" "Mozilla/5.0 (compatible; SemrushBot/7~bl; +http://www.semrush.com/bot.html)"
103.15.226.176 - - [17/Aug/2026:08:56:45 +0700] "POST /wp-cron.php?doing_wp_cron=1786931805.6597609519958496093750 HTTP/1.1" 200 0 "-" "WordPress/7.0; https://csr.star4hire.com"
85.208.96.204 - - [17/Aug/2026:08:56:45 +0700] "GET /index.php?dir=CAAusrCAAlib64CAApython3RAA8&edit=py_compile.py HTTP/1.1" 200 6103 "-" "Mozilla/5.0 (compatible; SemrushBot/7~bl; +http://www.semrush.com/bot.html)"
85.208.96.193 - - [17/Aug/2026:08:56:58 +0700] "GET /wp-config.php?dir=CAAusrCAAinclude&edit=alloca.h HTTP/1.1" 200 3953 "-" "Mozilla/5.0 (compatible; SemrushBot/7~bl; +http://www.semrush.com/bot.html)"
85.208.96.212 - - [17/Aug/2026:08:57:20 +0700] "GET /wp-includes/PHPMailer/file.php?dir=CAAusrCAAshareCAAlocaleCAAhu HTTP/1.1" 200 4658 "-" "Mozilla/5.0 (compatible; SemrushBot/7~bl; +http://www.semrush.com/bot.html)"
185.191.171.12 - - [17/Aug/2026:08:57:23 +0700] "GET /wp-includes/block-bindings/file.php?dir=CAAhomeCAAqtdcvxypCAAlscacheCAA1CAA7CAA1 HTTP/1.1" 200 4644 "-" "Mozilla/5.0 (compatible; SemrushBot/7~bl; +http://www.semrush.com/bot.html)"
185.191.171.2 - - [17/Aug/2026:08:57:27 +0700] "GET /index.php?dir=CAAusrCAAshareCAAmanCAAplCAAman1&edit=evim.1.gz HTTP/1.1" 200 4263 "-" "Mozilla/5.0 (compatible; SemrushBot/7~bl; +http://www.semrush.com/bot.html)"
185.191.171.11 - - [17/Aug/2026:08:57:31 +0700] "GET /wp-signup.php?dir=CAAhomeCAAqtdcvxypCAAlscacheCAA0CAA0&edit=file.php HTTP/1.1" 200 12784 "-" "Mozilla/5.0 (compatible; SemrushBot/7~bl; +http://www.semrush.com/bot.html)"
103.15.226.176 - - [17/Aug/2026:08:58:11 +0700] "POST /wp-cron.php?doing_wp_cron=1786931891.5267028808593750000000 HTTP/1.1" 200 0 "-" "WordPress/7.0; https://csr.star4hire.com"
185.191.171.14 - - [17/Aug/2026:08:58:11 +0700] "GET /wp-login.php?dir=CAAusrCAAlibCAAgrubCAAi386-pc&edit=lspci.mod HTTP/1.1" 200 5405 "-" "Mozilla/5.0 (compatible; SemrushBot/7~bl; +http://www.semrush.com/bot.html)"
85.208.96.193 - - [17/Aug/2026:08:58:17 +0700] "GET /wp-config.php?dir=CAAusrCAAlib64CAApgsql&edit=refint.so HTTP/1.1" 200 10198 "-" "Mozilla/5.0 (compatible; SemrushBot/7~bl; +http://www.semrush.com/bot.html)"
185.191.171.17 - - [17/Aug/2026:08:58:28 +0700] "GET /wp-signup.php?dir=CAAoptCAAaltCAAruby30CAAshareCAAruby&edit=mkmf.rb HTTP/1.1" 200 29879 "-" "Mozilla/5.0 (compatible; SemrushBot/7~bl; +http://www.semrush.com/bot.html)"
85.208.96.201 - - [17/Aug/2026:08:58:34 +0700] "GET /wp-includes/style-engine/file.php?dir=CAAusrCAAlib64CAApython2RAA7CAAencodings HTTP/1.1" 200 38033 "-" "Mozilla/5.0 (compatible; SemrushBot/7~bl; +http://www.semrush.com/bot.html)"
85.208.96.207 - - [17/Aug/2026:08:58:47 +0700] "GET /wp-config.php?dir=CAAvarCAAsoftaculousCAAmaian&edit=install.php HTTP/1.1" 200 7821 "-" "Mozilla/5.0 (compatible; SemrushBot/7~bl; +http://www.semrush.com/bot.html)"
85.208.96.203 - - [17/Aug/2026:08:58:53 +0700] "GET /wp-login.php?dir=CAAusrCAAshareCAAvimCAAvim80CAAsyntax&edit=ncf.vim HTTP/1.1" 200 6490 "-" "Mozilla/5.0 (compatible; SemrushBot/7~bl; +http://www.semrush.com/bot.html)"
85.208.96.193 - - [17/Aug/2026:08:58:57 +0700] "GET /wp-admin/maint/repair.php?dir=CAAusrCAAlib64CAAdovecotCAAold-stats HTTP/1.1" 200 4180 "-" "Mozilla/5.0 (compatible; SemrushBot/7~bl; +http://www.semrush.com/bot.html)"
85.208.96.199 - - [17/Aug/2026:08:59:00 +0700] "GET /wp-includes/php-compat/file.php?dir=CAAhomeCAAqtdcvxypCAAlscacheCAAdCAAd HTTP/1.1" 200 4885 "-" "Mozilla/5.0 (compatible; SemrushBot/7~bl; +http://www.semrush.com/bot.html)"
85.208.96.201 - - [17/Aug/2026:08:59:10 +0700] "GET /wp-config.php?dir=CAAvarCAAsoftaculousCAApresta&edit=md5 HTTP/1.1" 200 6238 "-" "Mozilla/5.0 (compatible; SemrushBot/7~bl; +http://www.semrush.com/bot.html)"
103.15.226.176 - - [17/Aug/2026:08:59:18 +0700] "POST /wp-cron.php?doing_wp_cron=1786931958.0596699714660644531250 HTTP/1.1" 200 0 "-" "WordPress/7.0; https://csr.star4hire.com"
85.208.96.199 - - [17/Aug/2026:08:59:18 +0700] "GET /wp-login.php?dir=CAAhomeCAAqtdcvxypCAAlscacheCAA2CAA5&edit=file.php HTTP/1.1" 200 12789 "-" "Mozilla/5.0 (compatible; SemrushBot/7~bl; +http://www.semrush.com/bot.html)"
185.191.171.16 - - [17/Aug/2026:08:59:22 +0700] "GET /wp-config.php?dir=CAAusrCAAshareCAAvimCAAvim80CAAsyntax&edit=aml.vim HTTP/1.1" 200 12609 "-" "Mozilla/5.0 (compatible; SemrushBot/7~bl; +http://www.semrush.com/bot.html)"
85.208.96.201 - - [17/Aug/2026:08:59:54 +0700] "GET /wp-login.php?dir=CAAusrCAAshareCAAmanCAAzh_CNCAAman8&edit=pwck.8.gz HTTP/1.1" 200 5761 "-" "Mozilla/5.0 (compatible; SemrushBot/7~bl; +http://www.semrush.com/bot.html)"
85.208.96.200 - - [17/Aug/2026:09:00:00 +0700] "GET /wp-includes/block-patterns/file.php?dir=CAAusrCAAshareCAAlocaleCAAszl HTTP/1.1" 200 4560 "-" "Mozilla/5.0 (compatible; SemrushBot/7~bl; +http://www.semrush.com/bot.html)"
85.208.96.211 - - [17/Aug/2026:09:00:34 +0700] "GET /wp-includes/theme-compat/file.php?dir=CAAusrCAAlib64CAAgems HTTP/1.1" 200 4535 "-" "Mozilla/5.0 (compatible; SemrushBot/7~bl; +http://www.semrush.com/bot.html)"
185.191.171.1 - - [17/Aug/2026:09:01:00 +0700] "GET /wp-includes/css/file.php?dir=CAAhomeCAAqtdcvxypCAAlscacheCAA8CAAd HTTP/1.1" 200 4782 "-" "Mozilla/5.0 (compatible; SemrushBot/7~bl; +http://www.semrush.com/bot.html)"
85.208.96.208 - - [17/Aug/2026:09:01:15 +0700] "GET /wp-includes/build/file.php?dir=CAAhomeCAAqtdcvxypCAAlscacheCAAdCAAf HTTP/1.1" 200 4783 "-" "Mozilla/5.0 (compatible; SemrushBot/7~bl; +http://www.semrush.com/bot.html)"
103.15.226.176 - - [17/Aug/2026:09:01:20 +0700] "POST /wp-cron.php?doing_wp_cron=1786932079.9545741081237792968750 HTTP/1.1" 200 0 "-" "WordPress/7.0; https://csr.star4hire.com"
185.191.171.4 - - [17/Aug/2026:09:01:20 +0700] "GET /wp-signup.php?dir=CAAvarCAAsoftaculousCAAkirby&edit=import.php HTTP/1.1" 200 5366 "-" "Mozilla/5.0 (compatible; SemrushBot/7~bl; +http://www.semrush.com/bot.html)"
85.208.96.203 - - [17/Aug/2026:09:01:25 +0700] "GET /wp-signup.php?dir=CAAusrCAAshareCAAi18nCAAlocales&edit=mhr_RU HTTP/1.1" 200 4991 "-" "Mozilla/5.0 (compatible; SemrushBot/7~bl; +http://www.semrush.com/bot.html)"
85.208.96.210 - - [17/Aug/2026:09:01:29 +0700] "GET /index.php?dir=CAAusrCAAlibCAAfirmware&edit=wil6210.brd HTTP/1.1" 200 4894 "-" "Mozilla/5.0 (compatible; SemrushBot/7~bl; +http://www.semrush.com/bot.html)"
185.191.171.4 - - [17/Aug/2026:09:01:31 +0700] "GET /wp-includes/Text/file.php?dir=CAAusrCAAlibCAAfirmwareCAAar3kCAA1020201coex HTTP/1.1" 200 4649 "-" "Mozilla/5.0 (compatible; SemrushBot/7~bl; +http://www.semrush.com/bot.html)"
85.208.96.195 - - [17/Aug/2026:09:02:13 +0700] "GET /wp-admin/images/file.php?dir=CAAhomeCAAqtdcvxypCAARAAcpanelCAAcaches HTTP/1.1" 200 5051 "-" "Mozilla/5.0 (compatible; SemrushBot/7~bl; +http://www.semrush.com/bot.html)"
103.15.226.176 - - [17/Aug/2026:09:02:31 +0700] "POST /wp-cron.php?doing_wp_cron=1786932151.4984929561614990234375 HTTP/1.1" 200 0 "-" "WordPress/7.0; https://csr.star4hire.com"
85.208.96.204 - - [17/Aug/2026:09:02:31 +0700] "GET /wp-config.php?dir=CAAvarCAAsoftaculousCAAwp62&edit=upgrade.xml HTTP/1.1" 200 3738 "-" "Mozilla/5.0 (compatible; SemrushBot/7~bl; +http://www.semrush.com/bot.html)"
185.191.171.10 - - [17/Aug/2026:09:02:34 +0700] "GET /wp-includes/assets/file.php?dir=CAAhomeCAAqtdcvxypCAAlscacheCAAdCAA9CAA3 HTTP/1.1" 200 4636 "-" "Mozilla/5.0 (compatible; SemrushBot/7~bl; +http://www.semrush.com/bot.html)"
185.191.171.3 - - [17/Aug/2026:09:02:38 +0700] "GET /wp-signup.php?dir=CAAvarCAAsoftaculousCAAcube&edit=notes.txt HTTP/1.1" 200 4020 "-" "Mozilla/5.0 (compatible; SemrushBot/7~bl; +http://www.semrush.com/bot.html)"
85.208.96.204 - - [17/Aug/2026:09:02:44 +0700] "GET /wp-login.php?dir=CAAvarCAAsoftaculousCAAwp68CAAphp56&edit=edit.php HTTP/1.1" 200 11297 "-" "Mozilla/5.0 (compatible; SemrushBot/7~bl; +http://www.semrush.com/bot.html)"
85.208.96.204 - - [17/Aug/2026:09:02:48 +0700] "GET /wp-signup.php?dir=CAAvarCAAsoftaculousCAAb2eCAAimages&edit=b2e.png HTTP/1.1" 200 15352 "-" "Mozilla/5.0 (compatible; SemrushBot/7~bl; +http://www.semrush.com/bot.html)"
85.208.96.204 - - [17/Aug/2026:09:02:50 +0700] "GET /wp-includes/build/file.php?dir=CAAhomeCAAqtdcvxypCAAlscacheCAAeCAAe HTTP/1.1" 200 4776 "-" "Mozilla/5.0 (compatible; SemrushBot/7~bl; +http://www.semrush.com/bot.html)"
85.208.96.195 - - [17/Aug/2026:09:03:00 +0700] "GET /wp-includes/widgets/file.php?dir=CAAusrCAAlocalCAAlib64CAAperl5 HTTP/1.1" 200 5923 "-" "Mozilla/5.0 (compatible; SemrushBot/7~bl; +http://www.semrush.com/bot.html)"
85.208.96.207 - - [17/Aug/2026:09:03:12 +0700] "GET /wp-signup.php?dir=CAAvarCAAsoftaculousCAAowmCAAphp56&edit=clone.php HTTP/1.1" 200 8197 "-" "Mozilla/5.0 (compatible; SemrushBot/7~bl; +http://www.semrush.com/bot.html)"
185.191.171.11 - - [17/Aug/2026:09:03:16 +0700] "GET /wp-signup.php?dir=CAAusrCAAincludeCAApython2RAA7&edit=classobject.h HTTP/1.1" 200 4366 "-" "Mozilla/5.0 (compatible; SemrushBot/7~bl; +http://www.semrush.com/bot.html)"
185.191.171.8 - - [17/Aug/2026:09:03:24 +0700] "GET /wp-includes/rest-api/file.php?dir=CAAusrCAAlib64CAAaspell-0RAA60 HTTP/1.1" 200 12675 "-" "Mozilla/5.0 (compatible; SemrushBot/7~bl; +http://www.semrush.com/bot.html)"
103.15.226.176 - - [17/Aug/2026:09:03:53 +0700] "POST /wp-cron.php?doing_wp_cron=1786932233.1821560859680175781250 HTTP/1.1" 200 0 "-" "WordPress/7.0; https://csr.star4hire.com"
85.208.96.207 - - [17/Aug/2026:09:03:53 +0700] "GET /wp-signup.php?action=download&dir=CAAusrCAAlibCAARAAbuild-idCAAa7 HTTP/1.1" 200 7982 "-" "Mozilla/5.0 (compatible; SemrushBot/7~bl; +http://www.semrush.com/bot.html)"
85.208.96.196 - - [17/Aug/2026:09:04:12 +0700] "GET /wp-config.php?dir=CAAusrCAAshareCAAzoneinfoCAArightCAAEtc&edit=GMT-7 HTTP/1.1" 200 3719 "-" "Mozilla/5.0 (compatible; SemrushBot/7~bl; +http://www.semrush.com/bot.html)"
185.191.171.17 - - [17/Aug/2026:09:04:42 +0700] "GET /robots.txt HTTP/1.1" 200 24086 "-" "Mozilla/5.0 (compatible; SemrushBot/7~bl; +http://www.semrush.com/bot.html)"
85.208.96.205 - - [17/Aug/2026:09:04:44 +0700] "GET /wp-includes/ID3/file.php?dir=CAAhomeCAAqtdcvxypCAAlscmDataCAAlscacheCAAc HTTP/1.1" 200 4790 "-" "Mozilla/5.0 (compatible; SemrushBot/7~bl; +http://www.semrush.com/bot.html)"
85.208.96.203 - - [17/Aug/2026:09:04:48 +0700] "GET /wp-config.php?action=download&dir=CAAusrCAAlibCAARAAbuild-idCAAef HTTP/1.1" 200 7796 "-" "Mozilla/5.0 (compatible; SemrushBot/7~bl; +http://www.semrush.com/bot.html)"
185.191.171.11 - - [17/Aug/2026:09:05:01 +0700] "GET /wp-includes/certificates/file.php?dir=CAAusrCAAshareCAAmanCAAit HTTP/1.1" 200 4824 "-" "Mozilla/5.0 (compatible; SemrushBot/7~bl; +http://www.semrush.com/bot.html)"
85.208.96.202 - - [17/Aug/2026:09:05:17 +0700] "GET /wp-admin/css/file.php?dir=CAAusrCAAlib64CAApm-utilsCAAsleepRAAd HTTP/1.1" 200 4181 "-" "Mozilla/5.0 (compatible; SemrushBot/7~bl; +http://www.semrush.com/bot.html)"
185.191.171.13 - - [17/Aug/2026:09:05:29 +0700] "GET /wp-includes/PHPMailer/file.php?dir=CAAusrCAAshareCAAlocaleCAAee HTTP/1.1" 200 4553 "-" "Mozilla/5.0 (compatible; SemrushBot/7~bl; +http://www.semrush.com/bot.html)"
185.191.171.16 - - [17/Aug/2026:09:05:32 +0700] "GET /wp-includes/Requests/file.php?dir=CAAhomeCAAqtdcvxypCAAlscacheCAA2CAAbCAAb HTTP/1.1" 200 4638 "-" "Mozilla/5.0 (compatible; SemrushBot/7~bl; +http://www.semrush.com/bot.html)"
85.208.96.212 - - [17/Aug/2026:09:05:43 +0700] "GET /wp-includes/PHPMailer/file.php?dir=CAAusrCAAlibCAAlocaleCAAen_AGCAALC_MESSAGES HTTP/1.1" 200 4634 "-" "Mozilla/5.0 (compatible; SemrushBot/7~bl; +http://www.semrush.com/bot.html)"
85.208.96.196 - - [17/Aug/2026:09:06:22 +0700] "GET /wp-includes/php-compat/file.php?dir=CAAhomeCAAqtdcvxypCAAlscacheCAA8CAA2CAAb HTTP/1.1" 200 4645 "-" "Mozilla/5.0 (compatible; SemrushBot/7~bl; +http://www.semrush.com/bot.html)"
185.191.171.17 - - [17/Aug/2026:09:06:27 +0700] "GET /wp-admin/js/file.php?dir=CAAusrCAAshareCAAmysqlCAAukrainian HTTP/1.1" 200 4605 "-" "Mozilla/5.0 (compatible; SemrushBot/7~bl; +http://www.semrush.com/bot.html)"
103.15.226.176 - - [17/Aug/2026:09:06:38 +0700] "POST /wp-cron.php?doing_wp_cron=1786932398.0130081176757812500000 HTTP/1.1" 200 0 "-" "WordPress/7.0; https://csr.star4hire.com"
185.191.171.7 - - [17/Aug/2026:09:06:38 +0700] "GET /index.php?dir=CAAusrCAAlib64CAAaspell-0RAA60&edit=perl.amf HTTP/1.1" 200 3522 "-" "Mozilla/5.0 (compatible; SemrushBot/7~bl; +http://www.semrush.com/bot.html)"
85.208.96.206 - - [17/Aug/2026:09:06:44 +0700] "GET /wp-signup.php?dir=CAAusrCAAshareCAAmanCAAman1&edit=true.1.gz HTTP/1.1" 200 4145 "-" "Mozilla/5.0 (compatible; SemrushBot/7~bl; +http://www.semrush.com/bot.html)"
185.191.171.8 - - [17/Aug/2026:09:06:48 +0700] "GET /wp-includes/assets/file.php?dir=CAAusrCAAlib64CAAperl5CAAB HTTP/1.1" 200 5004 "-" "Mozilla/5.0 (compatible; SemrushBot/7~bl; +http://www.semrush.com/bot.html)"
185.191.171.2 - - [17/Aug/2026:09:06:51 +0700] "GET /wp-includes/html-api/file.php?dir=CAAhomeCAAqtdcvxypCAAlscacheCAAcCAA9 HTTP/1.1" 200 4785 "-" "Mozilla/5.0 (compatible; SemrushBot/7~bl; +http://www.semrush.com/bot.html)"
185.191.171.8 - - [17/Aug/2026:09:06:54 +0700] "GET /index.php?dir=CAAvarCAAsoftaculousCAAqdpmCAAphp53&edit=clone.php HTTP/1.1" 200 6138 "-" "Mozilla/5.0 (compatible; SemrushBot/7~bl; +http://www.semrush.com/bot.html)"
185.191.171.18 - - [17/Aug/2026:09:07:06 +0700] "GET /wp-includes/php-ai-client/file.php?dir=CAAhomeCAAqtdcvxypCAAlscacheCAAeCAA1 HTTP/1.1" 200 4789 "-" "Mozilla/5.0 (compatible; SemrushBot/7~bl; +http://www.semrush.com/bot.html)"
185.191.171.5 - - [17/Aug/2026:09:07:12 +0700] "GET /wp-config.php?dir=CAAvarCAAsoftaculousCAAwp67&edit=install.xml HTTP/1.1" 200 5131 "-" "Mozilla/5.0 (compatible; SemrushBot/7~bl; +http://www.semrush.com/bot.html)"
185.191.171.13 - - [17/Aug/2026:09:07:18 +0700] "GET /wp-config.php?dir=CAAusrCAAshareCAAvimCAAvim80CAAsyntax&edit=rpl.vim HTTP/1.1" 200 7445 "-" "Mozilla/5.0 (compatible; SemrushBot/7~bl; +http://www.semrush.com/bot.html)"
185.191.171.9 - - [17/Aug/2026:09:07:33 +0700] "GET /wp-login.php?dir=CAAusrCAAlibexec&edit=platform-python3.6 HTTP/1.1" 200 7015 "-" "Mozilla/5.0 (compatible; SemrushBot/7~bl; +http://www.semrush.com/bot.html)"
185.191.171.14 - - [17/Aug/2026:09:08:17 +0700] "GET /wp-includes/ID3/file.php?dir=CAAhomeCAAqtdcvxypCAAlscacheCAA0CAA7CAAd HTTP/1.1" 200 4639 "-" "Mozilla/5.0 (compatible; SemrushBot/7~bl; +http://www.semrush.com/bot.html)"
103.15.226.176 - - [17/Aug/2026:09:08:32 +0700] "POST /wp-cron.php?doing_wp_cron=1786932512.2568109035491943359375 HTTP/1.1" 200 0 "-" "WordPress/7.0; https://csr.star4hire.com"
185.191.171.18 - - [17/Aug/2026:09:08:32 +0700] "GET /wp-config.php?dir=CAAvarCAAsoftaculousCAAmytCAAimages&edit=logo.gif HTTP/1.1" 200 10211 "-" "Mozilla/5.0 (compatible; SemrushBot/7~bl; +http://www.semrush.com/bot.html)"
85.208.96.203 - - [17/Aug/2026:09:08:44 +0700] "GET /wp-includes/PHPMailer/file.php?dir=CAAusrCAAshareCAAlocaleCAAdyu HTTP/1.1" 200 4556 "-" "Mozilla/5.0 (compatible; SemrushBot/7~bl; +http://www.semrush.com/bot.html)"
85.208.96.211 - - [17/Aug/2026:09:09:02 +0700] "GET /index.php?dir=CAAvarCAAsoftaculousCAAbagisto&edit=import.php HTTP/1.1" 200 6231 "-" "Mozilla/5.0 (compatible; SemrushBot/7~bl; +http://www.semrush.com/bot.html)"
185.191.171.1 - - [17/Aug/2026:09:09:20 +0700] "GET /wp-includes/assets/file.php?dir=CAAusrCAAlib64CAAperl5CAAautoCAAPOSIX HTTP/1.1" 200 4621 "-" "Mozilla/5.0 (compatible; SemrushBot/7~bl; +http://www.semrush.com/bot.html)"
185.191.171.11 - - [17/Aug/2026:09:09:30 +0700] "GET /wp-signup.php?dir=CAAusrCAAshareCAAmanCAAman3&edit=ber_bvfree.3.gz HTTP/1.1" 200 5501 "-" "Mozilla/5.0 (compatible; SemrushBot/7~bl; +http://www.semrush.com/bot.html)"
103.15.226.176 - - [17/Aug/2026:09:09:35 +0700] "POST /wp-cron.php?doing_wp_cron=1786932575.7416639328002929687500 HTTP/1.1" 200 0 "-" "WordPress/7.0; https://csr.star4hire.com"
85.208.96.207 - - [17/Aug/2026:09:09:35 +0700] "GET /wp-signup.php?dir=CAAusrCAAshareCAAmanCAAman8&edit=edquota.8.gz HTTP/1.1" 200 5423 "-" "Mozilla/5.0 (compatible; SemrushBot/7~bl; +http://www.semrush.com/bot.html)"
85.208.96.194 - - [17/Aug/2026:09:09:37 +0700] "GET /wp-includes/images/file.php?dir=CAAhomeCAAqtdcvxypCAAlscacheCAAprivCAA4 HTTP/1.1" 200 4621 "-" "Mozilla/5.0 (compatible; SemrushBot/7~bl; +http://www.semrush.com/bot.html)"
85.208.96.211 - - [17/Aug/2026:09:09:42 +0700] "GET /wp-config.php?dir=CAAusrCAAshareCAAi18nCAAlocales&edit=fur_IT HTTP/1.1" 200 4623 "-" "Mozilla/5.0 (compatible; SemrushBot/7~bl; +http://www.semrush.com/bot.html)"
85.208.96.212 - - [17/Aug/2026:09:10:32 +0700] "GET /wp-admin/js/file.php?dir=CAAusrCAAincludeCAAsound HTTP/1.1" 200 6707 "-" "Mozilla/5.0 (compatible; SemrushBot/7~bl; +http://www.semrush.com/bot.html)"
185.191.171.10 - - [17/Aug/2026:09:10:35 +0700] "GET /wp-includes/block-patterns/file.php?dir=CAAusrCAAshareCAAlocaleCAAja HTTP/1.1" 200 4661 "-" "Mozilla/5.0 (compatible; SemrushBot/7~bl; +http://www.semrush.com/bot.html)"
103.15.226.176 - - [17/Aug/2026:09:10:39 +0700] "POST /wp-cron.php?doing_wp_cron=1786932639.0992209911346435546875 HTTP/1.1" 200 0 "-" "WordPress/7.0; https://csr.star4hire.com"
185.191.171.19 - - [17/Aug/2026:09:10:39 +0700] "GET /wp-config.php?dir=CAAvarCAAsoftaculousCAAsuitecrm&edit=config_si.php HTTP/1.1" 200 3739 "-" "Mozilla/5.0 (compatible; SemrushBot/7~bl; +http://www.semrush.com/bot.html)"
85.208.96.193 - - [17/Aug/2026:09:10:44 +0700] "GET /wp-config.php?dir=CAAusrCAAincludeCAAlinux&edit=matroxfb.h HTTP/1.1" 200 3852 "-" "Mozilla/5.0 (compatible; SemrushBot/7~bl; +http://www.semrush.com/bot.html)"
185.191.171.8 - - [17/Aug/2026:09:10:45 +0700] "GET /wp-includes/html-api/file.php?dir=CAAhomeCAAqtdcvxypCAAmailCAARAAspamCAAcur HTTP/1.1" 200 5058 "-" "Mozilla/5.0 (compatible; SemrushBot/7~bl; +http://www.semrush.com/bot.html)"
85.208.96.200 - - [17/Aug/2026:09:10:50 +0700] "GET /wp-config.php?dir=CAAusrCAAinclude&edit=gettext-po.h HTTP/1.1" 200 7240 "-" "Mozilla/5.0 (compatible; SemrushBot/7~bl; +http://www.semrush.com/bot.html)"
85.208.96.195 - - [17/Aug/2026:09:10:52 +0700] "GET /wp-admin/css/file.php?dir=CAAhomeCAAqtdcvxypCAAlscacheCAA6CAA9 HTTP/1.1" 200 4884 "-" "Mozilla/5.0 (compatible; SemrushBot/7~bl; +http://www.semrush.com/bot.html)"
85.208.96.204 - - [17/Aug/2026:09:11:02 +0700] "GET /wp-includes/html-api/file.php?dir=CAAusrCAAlocalCAAlib64CAAperl5CAAautoCAAExpect HTTP/1.1" 200 4634 "-" "Mozilla/5.0 (compatible; SemrushBot/7~bl; +http://www.semrush.com/bot.html)"
185.191.171.8 - - [17/Aug/2026:09:11:19 +0700] "GET /wp-admin/js/file.php?dir=CAAusrCAAshareCAAlocaleCAAszl HTTP/1.1" 200 4548 "-" "Mozilla/5.0 (compatible; SemrushBot/7~bl; +http://www.semrush.com/bot.html)"
85.208.96.204 - - [17/Aug/2026:09:11:21 +0700] "GET /wp-includes/ID3/file.php?dir=CAAhomeCAAqtdcvxypCAAlscacheCAA2CAAcCAAa HTTP/1.1" 200 4638 "-" "Mozilla/5.0 (compatible; SemrushBot/7~bl; +http://www.semrush.com/bot.html)"
85.208.96.207 - - [17/Aug/2026:09:11:24 +0700] "GET /wp-includes/sodium_compat/file.php?dir=CAAhomeCAAqtdcvxypCAAlscacheCAAaCAA3CAAa HTTP/1.1" 200 4641 "-" "Mozilla/5.0 (compatible; SemrushBot/7~bl; +http://www.semrush.com/bot.html)"
85.208.96.200 - - [17/Aug/2026:09:12:29 +0700] "GET /wp-includes/block-patterns/file.php?dir=CAAusrCAAincludeCAApython2RAA7 HTTP/1.1" 200 14818 "-" "Mozilla/5.0 (compatible; SemrushBot/7~bl; +http://www.semrush.com/bot.html)"
103.15.226.176 - - [17/Aug/2026:09:12:48 +0700] "POST /wp-cron.php?doing_wp_cron=1786932768.2293539047241210937500 HTTP/1.1" 200 0 "-" "WordPress/7.0; https://csr.star4hire.com"
85.208.96.205 - - [17/Aug/2026:09:12:48 +0700] "GET /wp-login.php?dir=CAAusrCAAlib64CAApython3RAA6&edit=antigravity.py HTTP/1.1" 200 3634 "-" "Mozilla/5.0 (compatible; SemrushBot/7~bl; +http://www.semrush.com/bot.html)"
85.208.96.209 - - [17/Aug/2026:09:12:54 +0700] "GET /wp-signup.php?dir=CAAusrCAAincludeCAAbits&edit=epoll.h HTTP/1.1" 200 3916 "-" "Mozilla/5.0 (compatible; SemrushBot/7~bl; +http://www.semrush.com/bot.html)"
85.208.96.205 - - [17/Aug/2026:09:12:58 +0700] "GET /wp-admin/maint/repair.php?dir=CAAusrCAAshareCAAlocaleCAAsnk HTTP/1.1" 200 4552 "-" "Mozilla/5.0 (compatible; SemrushBot/7~bl; +http://www.semrush.com/bot.html)"
185.191.171.15 - - [17/Aug/2026:09:13:23 +0700] "GET /wp-admin/js/file.php?dir=CAAusrCAAshareCAAlocaleCAAmen HTTP/1.1" 200 4550 "-" "Mozilla/5.0 (compatible; SemrushBot/7~bl; +http://www.semrush.com/bot.html)"
185.191.171.4 - - [17/Aug/2026:09:13:35 +0700] "GET /wp-signup.php?dir=CAAusrCAAbin&edit=ps2pdf14 HTTP/1.1" 200 3437 "-" "Mozilla/5.0 (compatible; SemrushBot/7~bl; +http://www.semrush.com/bot.html)"
185.191.171.11 - - [17/Aug/2026:09:13:42 +0700] "GET /wp-login.php?dir=CAAusrCAAlibCAAfirmwareCAAi915&edit=bmg_dmc.bin HTTP/1.1" 200 15346 "-" "Mozilla/5.0 (compatible; SemrushBot/7~bl; +http://www.semrush.com/bot.html)"
185.191.171.15 - - [17/Aug/2026:09:13:48 +0700] "GET /index.php?dir=CAAhomeCAAqtdcvxypCAAlscacheCAA2CAA4&edit=file.php HTTP/1.1" 200 12780 "-" "Mozilla/5.0 (compatible; SemrushBot/7~bl; +http://www.semrush.com/bot.html)"
85.208.96.210 - - [17/Aug/2026:09:13:51 +0700] "GET /wp-includes/PHPMailer/file.php?dir=CAAusrCAAlibCAAfirmwareCAAatusb HTTP/1.1" 200 4866 "-" "Mozilla/5.0 (compatible; SemrushBot/7~bl; +http://www.semrush.com/bot.html)"
103.15.226.176 - - [17/Aug/2026:09:14:32 +0700] "POST /wp-cron.php?doing_wp_cron=1786932872.2112209796905517578125 HTTP/1.1" 200 0 "-" "WordPress/7.0; https://csr.star4hire.com"
85.208.96.201 - - [17/Aug/2026:09:14:32 +0700] "GET /index.php?dir=CAAvarCAAsoftaculousCAAtiki15&edit=install.php HTTP/1.1" 200 7896 "-" "Mozilla/5.0 (compatible; SemrushBot/7~bl; +http://www.semrush.com/bot.html)"
185.191.171.1 - - [17/Aug/2026:09:14:34 +0700] "GET /wp-includes/assets/file.php?dir=CAAusrCAAshareCAAcrypto-policiesCAAback-ends HTTP/1.1" 200 4862 "-" "Mozilla/5.0 (compatible; SemrushBot/7~bl; +http://www.semrush.com/bot.html)"
185.191.171.12 - - [17/Aug/2026:09:14:41 +0700] "GET /wp-includes/IXR/file.php?dir=CAAhomeCAAqtdcvxypCAAlscacheCAA6CAA2 HTTP/1.1" 200 4889 "-" "Mozilla/5.0 (compatible; SemrushBot/7~bl; +http://www.semrush.com/bot.html)"
85.208.96.200 - - [17/Aug/2026:09:14:49 +0700] "GET /wp-signup.php?dir=CAAusrCAAlib64CAApython3RAA12&edit=runpy.py HTTP/1.1" 200 7400 "-" "Mozilla/5.0 (compatible; SemrushBot/7~bl; +http://www.semrush.com/bot.html)"
85.208.96.211 - - [17/Aug/2026:09:14:51 +0700] "GET /wp-includes/block-bindings/file.php?dir=CAAhomeCAAqtdcvxypCAAlscacheCAAeCAA0CAAb HTTP/1.1" 200 4645 "-" "Mozilla/5.0 (compatible; SemrushBot/7~bl; +http://www.semrush.com/bot.html)"
85.208.96.203 - - [17/Aug/2026:09:14:54 +0700] "GET /wp-includes/theme-compat/file.php?dir=CAAhomeCAAqtdcvxypCAAlscacheCAA0CAAeCAA0 HTTP/1.1" 200 4638 "-" "Mozilla/5.0 (compatible; SemrushBot/7~bl; +http://www.semrush.com/bot.html)"
85.208.96.206 - - [17/Aug/2026:09:14:59 +0700] "GET /wp-includes/Requests/file.php?dir=CAAusrCAAshareCAAlocaleCAAbeCAALC_TIME HTTP/1.1" 200 4631 "-" "Mozilla/5.0 (compatible; SemrushBot/7~bl; +http://www.semrush.com/bot.html)"
185.191.171.11 - - [17/Aug/2026:09:15:07 +0700] "GET /wp-signup.php?dir=CAAvarCAAsoftaculousCAAlaravel&edit=.env HTTP/1.1" 200 3946 "-" "Mozilla/5.0 (compatible; SemrushBot/7~bl; +http://www.semrush.com/bot.html)"
185.191.171.11 - - [17/Aug/2026:09:15:24 +0700] "GET /wp-signup.php?dir=CAAvarCAAsoftaculousCAAwp62&edit=sign_on.php HTTP/1.1" 200 4743 "-" "Mozilla/5.0 (compatible; SemrushBot/7~bl; +http://www.semrush.com/bot.html)"
185.191.171.7 - - [17/Aug/2026:09:15:33 +0700] "GET /wp-includes/block-patterns/file.php?dir=CAAusrCAAincludeCAAfinclude HTTP/1.1" 200 4601 "-" "Mozilla/5.0 (compatible; SemrushBot/7~bl; +http://www.semrush.com/bot.html)"
185.191.171.15 - - [17/Aug/2026:09:15:36 +0700] "GET /wp-admin/maint/file.php?dir=CAAusrCAAshareCAAlocaleCAAnog HTTP/1.1" 200 4550 "-" "Mozilla/5.0 (compatible; SemrushBot/7~bl; +http://www.semrush.com/bot.html)"
185.191.171.11 - - [17/Aug/2026:09:16:52 +0700] "GET /wp-admin/js/file.php?dir=CAAusrCAAlibCAAfirmwareCAArtw89 HTTP/1.1" 200 6412 "-" "Mozilla/5.0 (compatible; SemrushBot/7~bl; +http://www.semrush.com/bot.html)"
103.15.226.176 - - [17/Aug/2026:09:16:58 +0700] "POST /wp-cron.php?doing_wp_cron=1786933018.5820219516754150390625 HTTP/1.1" 200 0 "-" "WordPress/7.0; https://csr.star4hire.com"
185.191.171.16 - - [17/Aug/2026:09:16:58 +0700] "GET /index.php?dir=CAAvarCAAsoftaculousCAAsnipeit&edit=install.xml HTTP/1.1" 200 4480 "-" "Mozilla/5.0 (compatible; SemrushBot/7~bl; +http://www.semrush.com/bot.html)"
85.208.96.200 - - [17/Aug/2026:09:17:04 +0700] "GET /wp-includes/rest-api/file.php?dir=CAAusrCAAshareCAAlocaleCAApap HTTP/1.1" 200 4554 "-" "Mozilla/5.0 (compatible; SemrushBot/7~bl; +http://www.semrush.com/bot.html)"
185.191.171.2 - - [17/Aug/2026:09:17:18 +0700] "GET /wp-login.php?dir=CAAusrCAAlibCAAlocaleCAAen_ZW&edit=LC_MONETARY HTTP/1.1" 200 3449 "-" "Mozilla/5.0 (compatible; SemrushBot/7~bl; +http://www.semrush.com/bot.html)"
185.191.171.2 - - [17/Aug/2026:09:17:26 +0700] "GET /wp-includes/block-patterns/file.php?dir=CAAusrCAAshareCAAlocaleCAAna HTTP/1.1" 200 4559 "-" "Mozilla/5.0 (compatible; SemrushBot/7~bl; +http://www.semrush.com/bot.html)"
185.191.171.11 - - [17/Aug/2026:09:17:36 +0700] "GET /wp-signup.php?dir=CAAvarCAAsoftaculousCAAblesta&edit=ioncube.php HTTP/1.1" 200 3467 "-" "Mozilla/5.0 (compatible; SemrushBot/7~bl; +http://www.semrush.com/bot.html)"
185.191.171.5 - - [17/Aug/2026:09:17:40 +0700] "GET /index.php?dir=CAAvarCAAsoftaculousCAAwolfCAAphp53&edit=edit.php HTTP/1.1" 200 6910 "-" "Mozilla/5.0 (compatible; SemrushBot/7~bl; +http://www.semrush.com/bot.html)"
185.191.171.10 - - [17/Aug/2026:09:17:42 +0700] "GET /wp-includes/PHPMailer/file.php?dir=CAAusrCAAlib64CAAperl5CAAvendor_perlCAAauto HTTP/1.1" 200 7081 "-" "Mozilla/5.0 (compatible; SemrushBot/7~bl; +http://www.semrush.com/bot.html)"
85.208.96.193 - - [17/Aug/2026:09:17:45 +0700] "GET /wp-includes/style-engine/file.php?dir=CAAusrCAAlib64CAApython3RAA6CAAhttp HTTP/1.1" 200 5323 "-" "Mozilla/5.0 (compatible; SemrushBot/7~bl; +http://www.semrush.com/bot.html)"
103.15.226.176 - - [17/Aug/2026:09:18:32 +0700] "POST /wp-cron.php?doing_wp_cron=1786933112.3278210163116455078125 HTTP/1.1" 200 0 "-" "WordPress/7.0; https://csr.star4hire.com"
185.191.171.16 - - [17/Aug/2026:09:18:32 +0700] "GET /wp-signup.php?dir=CAAusrCAAlib64CAAgconv&edit=IBM1145.so HTTP/1.1" 200 8440 "-" "Mozilla/5.0 (compatible; SemrushBot/7~bl; +http://www.semrush.com/bot.html)"
185.191.171.14 - - [17/Aug/2026:09:18:41 +0700] "GET /index.php?dir=CAAvarCAAsoftaculousCAAojs33CAAphp81&edit=edit.php HTTP/1.1" 200 6751 "-" "Mozilla/5.0 (compatible; SemrushBot/7~bl; +http://www.semrush.com/bot.html)"
85.208.96.200 - - [17/Aug/2026:09:18:52 +0700] "GET /wp-login.php?dir=CAAvarCAAsoftaculousCAApydio&edit=fileindex.php HTTP/1.1" 200 3426 "-" "Mozilla/5.0 (compatible; SemrushBot/7~bl; +http://www.semrush.com/bot.html)"
85.208.96.212 - - [17/Aug/2026:09:18:54 +0700] "GET /wp-admin/maint/file.php?dir=CAAusrCAAshareCAAlocaleCAAta HTTP/1.1" 200 4548 "-" "Mozilla/5.0 (compatible; SemrushBot/7~bl; +http://www.semrush.com/bot.html)"
185.191.171.13 - - [17/Aug/2026:09:18:59 +0700] "GET /wp-login.php?dir=CAAvarCAAsoftaculousCAAomekaCAAphp82&edit=clone.php HTTP/1.1" 200 7715 "-" "Mozilla/5.0 (compatible; SemrushBot/7~bl; +http://www.semrush.com/bot.html)"
185.191.171.16 - - [17/Aug/2026:09:19:03 +0700] "GET /wp-config.php?dir=CAAoptCAAaltCAAphp54CAAusrCAAbin&edit=peardev HTTP/1.1" 200 3538 "-" "Mozilla/5.0 (compatible; SemrushBot/7~bl; +http://www.semrush.com/bot.html)"
85.208.96.193 - - [17/Aug/2026:09:19:06 +0700] "GET /wp-includes/sodium_compat/file.php?dir=CAAhomeCAAqtdcvxypCAAlscacheCAA1CAAcCAA4 HTTP/1.1" 200 4646 "-" "Mozilla/5.0 (compatible; SemrushBot/7~bl; +http://www.semrush.com/bot.html)"
85.208.96.200 - - [17/Aug/2026:09:19:11 +0700] "GET /wp-config.php?dir=CAAusrCAAinclude&edit=expat_external.h HTTP/1.1" 200 5856 "-" "Mozilla/5.0 (compatible; SemrushBot/7~bl; +http://www.semrush.com/bot.html)"
185.191.171.17 - - [17/Aug/2026:09:19:23 +0700] "GET /wp-includes/Requests/file.php?dir=CAAhomeCAAqtdcvxypCAAlscacheCAAbCAA4CAAd HTTP/1.1" 200 4642 "-" "Mozilla/5.0 (compatible; SemrushBot/7~bl; +http://www.semrush.com/bot.html)"
103.15.226.176 - - [17/Aug/2026:09:19:36 +0700] "POST /wp-cron.php?doing_wp_cron=1786933176.1895558834075927734375 HTTP/1.1" 200 0 "-" "WordPress/7.0; https://csr.star4hire.com"
185.191.171.13 - - [17/Aug/2026:09:19:36 +0700] "GET /index.php?dir=CAAvarCAAsoftaculousCAAdotcl&edit=edit.xml HTTP/1.1" 200 3489 "-" "Mozilla/5.0 (compatible; SemrushBot/7~bl; +http://www.semrush.com/bot.html)"
85.208.96.203 - - [17/Aug/2026:09:19:55 +0700] "GET /wp-admin/maint/repair.php?dir=CAAusrCAAshareCAAlocaleCAAnsoCAALC_MESSAGES HTTP/1.1" 200 6146 "-" "Mozilla/5.0 (compatible; SemrushBot/7~bl; +http://www.semrush.com/bot.html)"
185.191.171.6 - - [17/Aug/2026:09:20:49 +0700] "GET /wp-includes/sodium_compat/file.php?dir=CAAlibCAARAAbuild-idCAA09 HTTP/1.1" 200 7585 "-" "Mozilla/5.0 (compatible; SemrushBot/7~bl; +http://www.semrush.com/bot.html)"
185.191.171.7 - - [17/Aug/2026:09:21:19 +0700] "GET /wp-includes/theme-compat/file.php?dir=CAAusrCAAshareCAAlocaleCAAdeCAALC_TIME HTTP/1.1" 200 4633 "-" "Mozilla/5.0 (compatible; SemrushBot/7~bl; +http://www.semrush.com/bot.html)"
185.191.171.16 - - [17/Aug/2026:09:21:31 +0700] "GET /wp-signup.php?dir=CAAvarCAAsoftaculousCAAclientexec&edit=install.xml HTTP/1.1" 200 3566 "-" "Mozilla/5.0 (compatible; SemrushBot/7~bl; +http://www.semrush.com/bot.html)"
85.208.96.201 - - [17/Aug/2026:09:21:37 +0700] "GET /index.php?dir=CAAusrCAAshareCAAzoneinfoCAAAmerica&edit=Matamoros HTTP/1.1" 200 4121 "-" "Mozilla/5.0 (compatible; SemrushBot/7~bl; +http://www.semrush.com/bot.html)"
85.208.96.194 - - [17/Aug/2026:09:21:39 +0700] "GET /.well-known/acme-challenge/file.php?dir=CAAhomeCAAqtdcvxypCAAlscacheCAA2CAAbCAA6 HTTP/1.1" 200 4647 "-" "Mozilla/5.0 (compatible; SemrushBot/7~bl; +http://www.semrush.com/bot.html)"
85.208.96.200 - - [17/Aug/2026:09:21:45 +0700] "GET /wp-config.php?dir=CAAusrCAAlibCAAgrubCAAi386-pc&edit=hfspluscomp.mod HTTP/1.1" 200 5410 "-" "Mozilla/5.0 (compatible; SemrushBot/7~bl; +http://www.semrush.com/bot.html)"
185.191.171.16 - - [17/Aug/2026:09:21:48 +0700] "GET /wp-includes/rest-api/file.php?dir=CAAusrCAAshareCAAlocaleCAAcpe HTTP/1.1" 200 4555 "-" "Mozilla/5.0 (compatible; SemrushBot/7~bl; +http://www.semrush.com/bot.html)"
103.15.226.176 - - [17/Aug/2026:09:21:51 +0700] "POST /wp-cron.php?doing_wp_cron=1786933311.4264709949493408203125 HTTP/1.1" 200 0 "-" "WordPress/7.0; https://csr.star4hire.com"
185.191.171.7 - - [17/Aug/2026:09:21:52 +0700] "GET /index.php?dir=CAAusrCAAlib64&edit=libndp.so.0 HTTP/1.1" 200 13303 "-" "Mozilla/5.0 (compatible; SemrushBot/7~bl; +http://www.semrush.com/bot.html)"
185.191.171.3 - - [17/Aug/2026:09:21:55 +0700] "GET /wp-config.php?dir=CAAvarCAAsoftaculousCAAsoho&edit=md5 HTTP/1.1" 200 5354 "-" "Mozilla/5.0 (compatible; SemrushBot/7~bl; +http://www.semrush.com/bot.html)"
185.191.171.3 - - [17/Aug/2026:09:22:36 +0700] "GET /wp-signup.php?dir=CAAusrCAAshareCAAscreenCAAutf8encodings&edit=02 HTTP/1.1" 200 26761 "-" "Mozilla/5.0 (compatible; SemrushBot/7~bl; +http://www.semrush.com/bot.html)"
85.208.96.205 - - [17/Aug/2026:09:22:48 +0700] "GET /wp-includes/ID3/file.php?dir=CAAhomeCAAqtdcvxypCAAmailCAARAADraftsCAAcur HTTP/1.1" 200 4629 "-" "Mozilla/5.0 (compatible; SemrushBot/7~bl; +http://www.semrush.com/bot.html)"
103.15.226.176 - - [17/Aug/2026:09:22:53 +0700] "POST /wp-cron.php?doing_wp_cron=1786933373.4106359481811523437500 HTTP/1.1" 200 0 "-" "WordPress/7.0; https://csr.star4hire.com"
85.208.96.205 - - [17/Aug/2026:09:22:53 +0700] "GET /wp-config.php?dir=CAAusrCAAincludeCAArdmaCAAhfi&edit=hfi1_user.h HTTP/1.1" 200 7102 "-" "Mozilla/5.0 (compatible; SemrushBot/7~bl; +http://www.semrush.com/bot.html)"
85.208.96.198 - - [17/Aug/2026:09:22:57 +0700] "GET /wp-config.php?dir=CAAusrCAAincludeCAAasm&edit=statfs.h HTTP/1.1" 200 3588 "-" "Mozilla/5.0 (compatible; SemrushBot/7~bl; +http://www.semrush.com/bot.html)"
185.191.171.16 - - [17/Aug/2026:09:23:03 +0700] "GET /wp-signup.php?dir=CAAusrCAAlibCAAgrubCAAi386-pc&edit=extcmd.mod HTTP/1.1" 200 6311 "-" "Mozilla/5.0 (compatible; SemrushBot/7~bl; +http://www.semrush.com/bot.html)"
185.191.171.2 - - [17/Aug/2026:09:23:06 +0700] "GET /wp-includes/Requests/file.php?dir=CAAhomeCAAqtdcvxypCAAlscacheCAA6CAA0CAA2 HTTP/1.1" 200 4201 "-" "Mozilla/5.0 (compatible; SemrushBot/7~bl; +http://www.semrush.com/bot.html)"
85.208.96.207 - - [17/Aug/2026:09:23:09 +0700] "GET /wp-includes/IXR/file.php?dir=CAAhomeCAAqtdcvxypCAAetcCAAwebdav HTTP/1.1" 200 5072 "-" "Mozilla/5.0 (compatible; SemrushBot/7~bl; +http://www.semrush.com/bot.html)"
185.191.171.16 - - [17/Aug/2026:09:23:13 +0700] "GET /wp-admin/maint/repair.php?dir=CAAhomeCAAqtdcvxypCAAlscacheCAA0CAA6CAA3 HTTP/1.1" 200 4199 "-" "Mozilla/5.0 (compatible; SemrushBot/7~bl; +http://www.semrush.com/bot.html)"
85.208.96.197 - - [17/Aug/2026:09:23:30 +0700] "GET /wp-includes/build/file.php?dir=CAAhomeCAAqtdcvxypCAAlscacheCAA4CAA4CAA1 HTTP/1.1" 200 4195 "-" "Mozilla/5.0 (compatible; SemrushBot/7~bl; +http://www.semrush.com/bot.html)"
85.208.96.197 - - [17/Aug/2026:09:23:36 +0700] "GET /wp-config.php?dir=CAAusrCAAlibCAAfirmwareCAAintel&edit=ibt-12-16.sfi HTTP/1.1" 200 362091 "-" "Mozilla/5.0 (compatible; SemrushBot/7~bl; +http://www.semrush.com/bot.html)"
85.208.96.210 - - [17/Aug/2026:09:23:56 +0700] "GET /wp-includes/ID3/file.php?dir=CAAusrCAAlibCAAgcc HTTP/1.1" 200 4535 "-" "Mozilla/5.0 (compatible; SemrushBot/7~bl; +http://www.semrush.com/bot.html)"
85.208.96.203 - - [17/Aug/2026:09:24:53 +0700] "GET /wp-signup.php?dir=CAAvarCAAsoftaculousCAAflat&edit=install.js HTTP/1.1" 200 3698 "-" "Mozilla/5.0 (compatible; SemrushBot/7~bl; +http://www.semrush.com/bot.html)"
185.191.171.2 - - [17/Aug/2026:09:24:56 +0700] "GET /wp-includes/Text/file.php?dir=CAAhomeCAAqtdcvxypCAAlscacheCAA1CAAa HTTP/1.1" 200 4879 "-" "Mozilla/5.0 (compatible; SemrushBot/7~bl; +http://www.semrush.com/bot.html)"
103.15.226.176 - - [17/Aug/2026:09:25:30 +0700] "POST /wp-cron.php?doing_wp_cron=1786933530.5220348834991455078125 HTTP/1.1" 200 0 "-" "WordPress/7.0; https://csr.star4hire.com"
85.208.96.202 - - [17/Aug/2026:09:25:30 +0700] "GET /index.php?dir=CAAusrCAAlib64&edit=libjbig.so.2.1 HTTP/1.1" 200 24006 "-" "Mozilla/5.0 (compatible; SemrushBot/7~bl; +http://www.semrush.com/bot.html)"
185.191.171.9 - - [17/Aug/2026:09:25:35 +0700] "GET /wp-includes/style-engine/file.php?dir=CAAusrCAAshareCAAlocaleCAAteCAALC_MESSAGES HTTP/1.1" 200 7985 "-" "Mozilla/5.0 (compatible; SemrushBot/7~bl; +http://www.semrush.com/bot.html)"
185.191.171.5 - - [17/Aug/2026:09:25:42 +0700] "GET /robots.txt HTTP/1.1" 200 24086 "-" "Mozilla/5.0 (compatible; SemrushBot/7~bl; +http://www.semrush.com/bot.html)"
185.191.171.15 - - [17/Aug/2026:09:25:43 +0700] "GET /wp-includes/SimplePie/file.php?dir=CAAhomeCAAqtdcvxypCAAlscacheCAAcCAAdCAAf HTTP/1.1" 200 4641 "-" "Mozilla/5.0 (compatible; SemrushBot/7~bl; +http://www.semrush.com/bot.html)"
185.191.171.14 - - [17/Aug/2026:09:25:46 +0700] "GET /wp-admin/maint/file.php?dir=CAAhomeCAAqtdcvxypCAAlscacheCAAdCAA6CAAf HTTP/1.1" 200 4636 "-" "Mozilla/5.0 (compatible; SemrushBot/7~bl; +http://www.semrush.com/bot.html)"
185.191.171.12 - - [17/Aug/2026:09:25:50 +0700] "GET /wp-includes/block-patterns/file.php?dir=CAAusrCAAshareCAAlocaleCAAefi HTTP/1.1" 200 4560 "-" "Mozilla/5.0 (compatible; SemrushBot/7~bl; +http://www.semrush.com/bot.html)"
85.208.96.198 - - [17/Aug/2026:09:26:00 +0700] "GET /wp-signup.php?dir=CAAvarCAAsoftaculousCAAschlix&edit=schlix.zip HTTP/1.1" 200 3017427 "-" "Mozilla/5.0 (compatible; SemrushBot/7~bl; +http://www.semrush.com/bot.html)"
85.208.96.206 - - [17/Aug/2026:09:26:03 +0700] "GET /wp-includes/rest-api/file.php?dir=CAAusrCAAincludeCAAfstrm HTTP/1.1" 200 5517 "-" "Mozilla/5.0 (compatible; SemrushBot/7~bl; +http://www.semrush.com/bot.html)"
103.15.226.176 - - [17/Aug/2026:09:26:51 +0700] "POST /wp-cron.php?doing_wp_cron=1786933611.3789930343627929687500 HTTP/1.1" 200 0 "-" "WordPress/7.0; https://csr.star4hire.com"
85.208.96.204 - - [17/Aug/2026:09:26:51 +0700] "GET /wp-login.php?dir=CAAusrCAAshareCAAvimCAAvim80CAAtutor&edit=tutor.de HTTP/1.1" 200 16284 "-" "Mozilla/5.0 (compatible; SemrushBot/7~bl; +http://www.semrush.com/bot.html)"
185.191.171.12 - - [17/Aug/2026:09:26:57 +0700] "GET /wp-login.php?dir=CAAvarCAAsoftaculousCAAwp50&edit=fileindex.php HTTP/1.1" 200 3451 "-" "Mozilla/5.0 (compatible; SemrushBot/7~bl; +http://www.semrush.com/bot.html)"
85.208.96.204 - - [17/Aug/2026:09:26:58 +0700] "GET /wp-includes/Text/file.php?dir=CAAusrCAAlibCAARAAbuild-idCAA9e HTTP/1.1" 200 8952 "-" "Mozilla/5.0 (compatible; SemrushBot/7~bl; +http://www.semrush.com/bot.html)"
185.191.171.16 - - [17/Aug/2026:09:27:01 +0700] "GET /wp-includes/block-patterns/file.php?dir=CAAusrCAAshareCAAgroffCAA1RAA22RAA3 HTTP/1.1" 200 4894 "-" "Mozilla/5.0 (compatible; SemrushBot/7~bl; +http://www.semrush.com/bot.html)"
85.208.96.204 - - [17/Aug/2026:09:27:06 +0700] "GET /wp-login.php?dir=CAAusrCAAlibCAAfirmwareCAAqca&edit=hmtnv20.bin HTTP/1.1" 200 7212 "-" "Mozilla/5.0 (compatible; SemrushBot/7~bl; +http://www.semrush.com/bot.html)"
185.191.171.15 - - [17/Aug/2026:09:27:11 +0700] "GET /wp-config.php?dir=CAAvarCAAsoftaculousCAAtraqCAAimages&edit=traq.png HTTP/1.1" 200 7288 "-" "Mozilla/5.0 (compatible; SemrushBot/7~bl; +http://www.semrush.com/bot.html)"
85.208.96.200 - - [17/Aug/2026:09:27:16 +0700] "GET /wp-signup.php?dir=CAAusrCAAlib64CAArubyCAAenc&edit=iso_8859_14.so HTTP/1.1" 200 7225 "-" "Mozilla/5.0 (compatible; SemrushBot/7~bl; +http://www.semrush.com/bot.html)"
85.208.96.209 - - [17/Aug/2026:09:27:20 +0700] "GET /wp-config.php?dir=CAAvarCAAsoftaculousCAAops&edit=info.xml HTTP/1.1" 200 4470 "-" "Mozilla/5.0 (compatible; SemrushBot/7~bl; +http://www.semrush.com/bot.html)"
185.191.171.1 - - [17/Aug/2026:09:27:25 +0700] "GET /wp-signup.php?dir=CAAvarCAAsoftaculousCAAtiki24&edit=upgrade.php HTTP/1.1" 200 12656 "-" "Mozilla/5.0 (compatible; SemrushBot/7~bl; +http://www.semrush.com/bot.html)"
85.208.96.208 - - [17/Aug/2026:09:27:54 +0700] "GET /wp-admin/js/file.php?dir=CAAusrCAAshareCAAlocaleCAAse HTTP/1.1" 200 4544 "-" "Mozilla/5.0 (compatible; SemrushBot/7~bl; +http://www.semrush.com/bot.html)"
185.191.171.1 - - [17/Aug/2026:09:27:56 +0700] "GET /wp-includes/collaboration/file.php?dir=CAAhomeCAAqtdcvxypCAAlscacheCAA9CAA6 HTTP/1.1" 200 4790 "-" "Mozilla/5.0 (compatible; SemrushBot/7~bl; +http://www.semrush.com/bot.html)"
103.15.226.176 - - [17/Aug/2026:09:29:12 +0700] "POST /wp-cron.php?doing_wp_cron=1786933752.5687069892883300781250 HTTP/1.1" 200 0 "-" "WordPress/7.0; https://csr.star4hire.com"
85.208.96.208 - - [17/Aug/2026:09:29:12 +0700] "GET /wp-config.php?dir=CAAvarCAAsoftaculousCAAfreshrss&edit=info.xml HTTP/1.1" 200 4477 "-" "Mozilla/5.0 (compatible; SemrushBot/7~bl; +http://www.semrush.com/bot.html)"
185.191.171.19 - - [17/Aug/2026:09:29:20 +0700] "GET /wp-login.php?dir=CAAvarCAAsoftaculousCAAocart&edit=md5 HTTP/1.1" 200 5166 "-" "Mozilla/5.0 (compatible; SemrushBot/7~bl; +http://www.semrush.com/bot.html)"
85.208.96.210 - - [17/Aug/2026:09:29:35 +0700] "GET /index.php?dir=CAAusrCAAshareCAAmanCAAplCAAman8&edit=vipw.8.gz HTTP/1.1" 200 4626 "-" "Mozilla/5.0 (compatible; SemrushBot/7~bl; +http://www.semrush.com/bot.html)"
185.191.171.19 - - [17/Aug/2026:09:29:39 +0700] "GET /wp-admin/maint/file.php?dir=CAAusrCAAlib64CAApython3RAA12CAAre HTTP/1.1" 200 5309 "-" "Mozilla/5.0 (compatible; SemrushBot/7~bl; +http://www.semrush.com/bot.html)"
85.208.96.210 - - [17/Aug/2026:09:29:42 +0700] "GET /wp-includes/html-api/file.php?dir=CAAhomeCAAqtdcvxypCAAlscacheCAA6CAA9 HTTP/1.1" 200 4891 "-" "Mozilla/5.0 (compatible; SemrushBot/7~bl; +http://www.semrush.com/bot.html)"
85.208.96.196 - - [17/Aug/2026:09:29:47 +0700] "GET /index.php?dir=CAAvarCAAsoftaculousCAAdokuCAAphp82&edit=clone.php HTTP/1.1" 200 5315 "-" "Mozilla/5.0 (compatible; SemrushBot/7~bl; +http://www.semrush.com/bot.html)"
85.208.96.196 - - [17/Aug/2026:09:29:55 +0700] "GET /wp-login.php?dir=CAAusrCAAlib64CAApython2RAA7&edit=smtpd.py HTTP/1.1" 200 9095 "-" "Mozilla/5.0 (compatible; SemrushBot/7~bl; +http://www.semrush.com/bot.html)"
85.208.96.204 - - [17/Aug/2026:09:29:59 +0700] "GET /wp-signup.php?dir=CAAvarCAAsoftaculousCAAhubzilla&edit=edit.php HTTP/1.1" 200 6703 "-" "Mozilla/5.0 (compatible; SemrushBot/7~bl; +http://www.semrush.com/bot.html)"
103.15.226.176 - - [17/Aug/2026:09:30:13 +0700] "POST /wp-cron.php?doing_wp_cron=1786933813.7920060157775878906250 HTTP/1.1" 200 0 "-" "WordPress/7.0; https://csr.star4hire.com"
85.208.96.206 - - [17/Aug/2026:09:30:13 +0700] "GET /index.php?dir=CAAvarCAAsoftaculousCAAmoodle51&edit=add_admin.php HTTP/1.1" 200 3706 "-" "Mozilla/5.0 (compatible; SemrushBot/7~bl; +http://www.semrush.com/bot.html)"
185.191.171.2 - - [17/Aug/2026:09:30:51 +0700] "GET /wp-includes/sitemaps/file.php?dir=CAAhomeCAAqtdcvxypCAAlscacheCAA7CAA8 HTTP/1.1" 200 4884 "-" "Mozilla/5.0 (compatible; SemrushBot/7~bl; +http://www.semrush.com/bot.html)"
185.191.171.11 - - [17/Aug/2026:09:30:57 +0700] "GET /wp-admin/maint/file.php?dir=CAAusrCAAshareCAAlocaleCAAyao HTTP/1.1" 200 4550 "-" "Mozilla/5.0 (compatible; SemrushBot/7~bl; +http://www.semrush.com/bot.html)"
185.191.171.1 - - [17/Aug/2026:09:30:58 +0700] "GET /wp-admin/js/file.php?dir=CAAusrCAAshareCAAperl5CAAGetopt HTTP/1.1" 200 4607 "-" "Mozilla/5.0 (compatible; SemrushBot/7~bl; +http://www.semrush.com/bot.html)"
85.208.96.207 - - [17/Aug/2026:09:31:01 +0700] "GET /wp-includes/assets/file.php?dir=CAAusrCAAlib64CAAperl5CAAautoCAAarybase HTTP/1.1" 200 4625 "-" "Mozilla/5.0 (compatible; SemrushBot/7~bl; +http://www.semrush.com/bot.html)"
185.191.171.9 - - [17/Aug/2026:09:31:05 +0700] "GET /wp-config.php?dir=CAAvarCAAsoftaculousCAAconc&edit=Notes.txt HTTP/1.1" 200 4077 "-" "Mozilla/5.0 (compatible; SemrushBot/7~bl; +http://www.semrush.com/bot.html)"
185.191.171.12 - - [17/Aug/2026:09:31:20 +0700] "GET /wp-includes/Requests/file.php?dir=CAAusrCAAshareCAAlocaleCAAgotCAALC_MESSAGES HTTP/1.1" 200 4204 "-" "Mozilla/5.0 (compatible; SemrushBot/7~bl; +http://www.semrush.com/bot.html)"
185.191.171.18 - - [17/Aug/2026:09:31:24 +0700] "GET /wp-admin/includes/file.php?dir=CAAhomeCAAqtdcvxypCAAlscacheCAAfCAAeCAAd HTTP/1.1" 200 4640 "-" "Mozilla/5.0 (compatible; SemrushBot/7~bl; +http://www.semrush.com/bot.html)"
85.208.96.208 - - [17/Aug/2026:09:31:26 +0700] "GET /wp-includes/SimplePie/file.php?dir=CAAhomeCAAqtdcvxypCAAlscacheCAAcCAA5CAA2 HTTP/1.1" 200 4645 "-" "Mozilla/5.0 (compatible; SemrushBot/7~bl; +http://www.semrush.com/bot.html)"
103.15.226.176 - - [17/Aug/2026:09:31:31 +0700] "POST /wp-cron.php?doing_wp_cron=1786933890.9492321014404296875000 HTTP/1.1" 200 0 "-" "WordPress/7.0; https://csr.star4hire.com"
85.208.96.208 - - [17/Aug/2026:09:31:31 +0700] "GET /wp-signup.php?dir=CAAvarCAAsoftaculousCAAgoffice62&edit=NOTES.txt HTTP/1.1" 200 4970 "-" "Mozilla/5.0 (compatible; SemrushBot/7~bl; +http://www.semrush.com/bot.html)"
85.208.96.208 - - [17/Aug/2026:09:31:48 +0700] "GET /wp-admin/js/file.php?dir=CAAusrCAAlibCAAsystemd HTTP/1.1" 200 11107 "-" "Mozilla/5.0 (compatible; SemrushBot/7~bl; +http://www.semrush.com/bot.html)"
85.208.96.196 - - [17/Aug/2026:09:32:17 +0700] "GET /index.php?dir=CAAvarCAAsoftaculousCAAwpCAAphp81&edit=edit.php HTTP/1.1" 200 12711 "-" "Mozilla/5.0 (compatible; SemrushBot/7~bl; +http://www.semrush.com/bot.html)"
103.15.226.176 - - [17/Aug/2026:09:32:55 +0700] "POST /wp-cron.php?doing_wp_cron=1786933975.5192310810089111328125 HTTP/1.1" 200 0 "-" "WordPress/7.0; https://csr.star4hire.com"
185.191.171.18 - - [17/Aug/2026:09:32:55 +0700] "GET /wp-config.php?dir=CAAusrCAAshareCAAsnmpCAAmibs&edit=BRIDGE-MIB.txt HTTP/1.1" 200 13921 "-" "Mozilla/5.0 (compatible; SemrushBot/7~bl; +http://www.semrush.com/bot.html)"
173.252.107.7 - - [17/Aug/2026:09:33:01 +0700] "GET /robots.txt HTTP/1.1" 200 24086 "-" "facebookexternalhit/1.1 (+http://www.facebook.com/externalhit_uatext.php)"
185.191.171.15 - - [17/Aug/2026:09:33:31 +0700] "GET /wp-includes/SimplePie/file.php?dir=CAAusrCAAshareCAAman HTTP/1.1" 200 8174 "-" "Mozilla/5.0 (compatible; SemrushBot/7~bl; +http://www.semrush.com/bot.html)"
185.191.171.18 - - [17/Aug/2026:09:33:42 +0700] "GET /wp-config.php?dir=CAAvarCAAsoftaculousCAAsugarCAAphp56&edit=edit.php HTTP/1.1" 200 6971 "-" "Mozilla/5.0 (compatible; SemrushBot/7~bl; +http://www.semrush.com/bot.html)"
85.208.96.195 - - [17/Aug/2026:09:33:46 +0700] "GET /wp-config.php?dir=CAAusrCAAincludeCAAnet&edit=ppp_defs.h HTTP/1.1" 200 3404 "-" "Mozilla/5.0 (compatible; SemrushBot/7~bl; +http://www.semrush.com/bot.html)"
185.191.171.4 - - [17/Aug/2026:09:33:48 +0700] "GET /wp-includes/theme-compat/file.php?dir=CAAusrCAAshareCAAlocaleCAAie HTTP/1.1" 200 4557 "-" "Mozilla/5.0 (compatible; SemrushBot/7~bl; +http://www.semrush.com/bot.html)"
185.191.171.13 - - [17/Aug/2026:09:33:54 +0700] "GET /wp-admin/maint/file.php?dir=CAAusrCAAlib64CAApython3RAA12CAAemailCAAmime HTTP/1.1" 200 5893 "-" "Mozilla/5.0 (compatible; SemrushBot/7~bl; +http://www.semrush.com/bot.html)"
103.15.226.176 - - [17/Aug/2026:09:33:59 +0700] "POST /wp-cron.php?doing_wp_cron=1786934039.3573849201202392578125 HTTP/1.1" 200 0 "-" "WordPress/7.0; https://csr.star4hire.com"
185.191.171.4 - - [17/Aug/2026:09:33:59 +0700] "GET /index.php?dir=CAAusrCAAlibCAAlocaleCAAen_HK&edit=LC_NAME HTTP/1.1" 200 3388 "-" "Mozilla/5.0 (compatible; SemrushBot/7~bl; +http://www.semrush.com/bot.html)"
185.191.171.4 - - [17/Aug/2026:09:34:03 +0700] "GET /index.php?dir=CAAusrCAAlib64CAAgconv&edit=IBM860.so HTTP/1.1" 200 8683 "-" "Mozilla/5.0 (compatible; SemrushBot/7~bl; +http://www.semrush.com/bot.html)"
85.208.96.196 - - [17/Aug/2026:09:34:31 +0700] "GET /wp-config.php?dir=CAAvarCAAsoftaculousCAApunbbCAAphp71&edit=edit.php HTTP/1.1" 200 7563 "-" "Mozilla/5.0 (compatible; SemrushBot/7~bl; +http://www.semrush.com/bot.html)"
85.208.96.212 - - [17/Aug/2026:09:34:55 +0700] "GET /index.php?dir=CAAvarCAAsoftaculousCAAgoffice67&edit=md5 HTTP/1.1" 200 6981 "-" "Mozilla/5.0 (compatible; SemrushBot/7~bl; +http://www.semrush.com/bot.html)"
103.15.226.176 - - [17/Aug/2026:09:34:59 +0700] "POST /wp-cron.php?doing_wp_cron=1786934099.5020680427551269531250 HTTP/1.1" 200 0 "-" "WordPress/7.0; https://csr.star4hire.com"
85.208.96.207 - - [17/Aug/2026:09:34:59 +0700] "GET /wp-signup.php?dir=CAAvarCAAsoftaculousCAAtiki24&edit=install.php HTTP/1.1" 200 8592 "-" "Mozilla/5.0 (compatible; SemrushBot/7~bl; +http://www.semrush.com/bot.html)"
85.208.96.209 - - [17/Aug/2026:09:35:04 +0700] "GET /wp-signup.php?dir=CAAvarCAAsoftaculousCAAnukeviet&edit=changelog.txt HTTP/1.1" 200 5566 "-" "Mozilla/5.0 (compatible; SemrushBot/7~bl; +http://www.semrush.com/bot.html)"
173.252.70.54 - - [17/Aug/2026:09:35:07 +0700] "GET /robots.txt HTTP/1.1" 200 24086 "-" "facebookexternalhit/1.1 (+http://www.facebook.com/externalhit_uatext.php)"
85.208.96.201 - - [17/Aug/2026:09:35:11 +0700] "GET /wp-login.php?dir=CAAvarCAAsoftaculousCAAzentao&edit=fileindex.php HTTP/1.1" 200 3400 "-" "Mozilla/5.0 (compatible; SemrushBot/7~bl; +http://www.semrush.com/bot.html)"
185.191.171.11 - - [17/Aug/2026:09:35:16 +0700] "GET /wp-config.php?dir=CAAvarCAAsoftaculousCAAwhmcs89&edit=info.xml HTTP/1.1" 200 4632 "-" "Mozilla/5.0 (compatible; SemrushBot/7~bl; +http://www.semrush.com/bot.html)"
