85.208.96.212 - - [17/Aug/2026:02:43:28 +0700] "GET /wp-admin/css/file.php?dir=CAAhomeCAAqtdcvxypCAAlscacheCAA8CAA1 HTTP/1.1" 200 5160 "-" "Mozilla/5.0 (compatible; SemrushBot/7~bl; +http://www.semrush.com/bot.html)"
103.15.226.176 - - [17/Aug/2026:02:43:48 +0700] "POST /wp-cron.php?doing_wp_cron=1786909428.8303539752960205078125 HTTP/1.1" 200 0 "-" "WordPress/7.0; https://csr.star4hire.com"
185.191.171.3 - - [17/Aug/2026:02:43:48 +0700] "GET /wp-config.php?dir=CAAusrCAAlib64CAApkgconfig&edit=libpcre2-posix.pc HTTP/1.1" 200 3465 "-" "Mozilla/5.0 (compatible; SemrushBot/7~bl; +http://www.semrush.com/bot.html)"
85.208.96.208 - - [17/Aug/2026:02:44:24 +0700] "GET /wp-includes/rest-api/file.php?dir=CAAhomeCAAqtdcvxypCAAlscacheCAA0CAA5CAAd HTTP/1.1" 200 4638 "-" "Mozilla/5.0 (compatible; SemrushBot/7~bl; +http://www.semrush.com/bot.html)"
185.191.171.13 - - [17/Aug/2026:02:44:28 +0700] "GET /wp-admin/css/file.php?dir=CAAusrCAAlib64CAAperl5CAAvendor_perlCAAScalar HTTP/1.1" 200 4622 "-" "Mozilla/5.0 (compatible; SemrushBot/7~bl; +http://www.semrush.com/bot.html)"
85.208.96.195 - - [17/Aug/2026:02:44:59 +0700] "GET /wp-includes/assets/file.php?dir=CAAusrCAAshareCAAcrypto-policiesCAAFUTURE HTTP/1.1" 200 5918 "-" "Mozilla/5.0 (compatible; SemrushBot/7~bl; +http://www.semrush.com/bot.html)"
103.15.226.176 - - [17/Aug/2026:02:45:06 +0700] "POST /wp-cron.php?doing_wp_cron=1786909506.6837010383605957031250 HTTP/1.1" 200 0 "-" "WordPress/7.0; https://csr.star4hire.com"
85.208.96.212 - - [17/Aug/2026:02:45:06 +0700] "GET /wp-signup.php?dir=CAAvarCAAsoftaculousCAAwolfCAAphp56&edit=clone.php HTTP/1.1" 200 6470 "-" "Mozilla/5.0 (compatible; SemrushBot/7~bl; +http://www.semrush.com/bot.html)"
85.208.96.198 - - [17/Aug/2026:02:45:26 +0700] "GET /wp-signup.php?dir=CAAusrCAAincludeCAAasm-generic&edit=int-l64.h HTTP/1.1" 200 3674 "-" "Mozilla/5.0 (compatible; SemrushBot/7~bl; +http://www.semrush.com/bot.html)"
185.191.171.11 - - [17/Aug/2026:02:45:31 +0700] "GET /wp-includes/theme-compat/file.php?dir=CAAusrCAAlibCAAfirmwareCAAqcomCAAsm8250 HTTP/1.1" 200 5453 "-" "Mozilla/5.0 (compatible; SemrushBot/7~bl; +http://www.semrush.com/bot.html)"
185.191.171.7 - - [17/Aug/2026:02:45:34 +0700] "GET /wp-includes/style-engine/file.php?dir=CAAusrCAAlocalCAAshareCAAperl5CAAXMLCAASAX HTTP/1.1" 200 5998 "-" "Mozilla/5.0 (compatible; SemrushBot/7~bl; +http://www.semrush.com/bot.html)"
85.208.96.212 - - [17/Aug/2026:02:45:42 +0700] "GET /wp-signup.php?dir=CAAusrCAAshareCAAzoneinfoCAAEtc&edit=GMT%2B7 HTTP/1.1" 200 3385 "-" "Mozilla/5.0 (compatible; SemrushBot/7~bl; +http://www.semrush.com/bot.html)"
85.208.96.198 - - [17/Aug/2026:02:45:45 +0700] "GET /wp-signup.php?dir=CAAusrCAAshareCAAmanCAAman3&edit=newscr.3x.gz HTTP/1.1" 200 5646 "-" "Mozilla/5.0 (compatible; SemrushBot/7~bl; +http://www.semrush.com/bot.html)"
85.208.96.212 - - [17/Aug/2026:02:45:51 +0700] "GET /wp-admin/images/file.php?dir=CAAhomeCAAqtdcvxypCAAlscacheCAAprivCAA8 HTTP/1.1" 200 4622 "-" "Mozilla/5.0 (compatible; SemrushBot/7~bl; +http://www.semrush.com/bot.html)"
103.15.226.176 - - [17/Aug/2026:02:46:24 +0700] "POST /wp-cron.php?doing_wp_cron=1786909584.5670568943023681640625 HTTP/1.1" 200 0 "-" "WordPress/7.0; https://csr.star4hire.com"
85.208.96.193 - - [17/Aug/2026:02:46:24 +0700] "GET /wp-login.php?dir=CAAvarCAAsoftaculousCAAkimai&edit=.htaccess HTTP/1.1" 200 3349 "-" "Mozilla/5.0 (compatible; SemrushBot/7~bl; +http://www.semrush.com/bot.html)"
185.191.171.2 - - [17/Aug/2026:02:46:30 +0700] "GET /index.php?dir=CAAvarCAAsoftaculousCAApydioCAAphp53&edit=edit.php HTTP/1.1" 200 6684 "-" "Mozilla/5.0 (compatible; SemrushBot/7~bl; +http://www.semrush.com/bot.html)"
185.191.171.9 - - [17/Aug/2026:02:46:35 +0700] "GET /robots.txt HTTP/1.1" 200 24086 "-" "Mozilla/5.0 (compatible; SemrushBot/7~bl; +http://www.semrush.com/bot.html)"
85.208.96.209 - - [17/Aug/2026:02:46:39 +0700] "GET /wp-signup.php?dir=CAAusrCAAshareCAAzoneinfo&edit=GMT0 HTTP/1.1" 200 3350 "-" "Mozilla/5.0 (compatible; SemrushBot/7~bl; +http://www.semrush.com/bot.html)"
85.208.96.207 - - [17/Aug/2026:02:46:43 +0700] "GET /wp-signup.php?dir=CAAvarCAAsoftaculousCAAhtmlyCAAphp82&edit=edit.php HTTP/1.1" 200 6262 "-" "Mozilla/5.0 (compatible; SemrushBot/7~bl; +http://www.semrush.com/bot.html)"
185.191.171.7 - - [17/Aug/2026:02:47:05 +0700] "GET /wp-admin/css/file.php?dir=CAAusrCAAshareCAAmanCAAde HTTP/1.1" 200 4807 "-" "Mozilla/5.0 (compatible; SemrushBot/7~bl; +http://www.semrush.com/bot.html)"
185.191.171.13 - - [17/Aug/2026:02:47:12 +0700] "GET /wp-login.php?dir=CAAvarCAAsoftaculousCAAmw35&edit=edit.xml HTTP/1.1" 200 3491 "-" "Mozilla/5.0 (compatible; SemrushBot/7~bl; +http://www.semrush.com/bot.html)"
85.208.96.203 - - [17/Aug/2026:02:47:16 +0700] "GET /index.php?dir=CAAetcCAAenvironment-modules&edit=siteconfig.tcl HTTP/1.1" 200 3574 "-" "Mozilla/5.0 (compatible; SemrushBot/7~bl; +http://www.semrush.com/bot.html)"
85.208.96.207 - - [17/Aug/2026:02:47:20 +0700] "GET /wp-config.php?dir=CAAopt&edit=bot.sh HTTP/1.1" 200 4328 "-" "Mozilla/5.0 (compatible; SemrushBot/7~bl; +http://www.semrush.com/bot.html)"
103.15.226.176 - - [17/Aug/2026:02:47:54 +0700] "POST /wp-cron.php?doing_wp_cron=1786909674.0040440559387207031250 HTTP/1.1" 200 0 "-" "WordPress/7.0; https://csr.star4hire.com"
85.208.96.195 - - [17/Aug/2026:02:47:54 +0700] "GET /wp-admin/maint/repair.php?dir=CAAusrCAAshareCAAperl5CAApod HTTP/1.1" 200 23802 "-" "Mozilla/5.0 (compatible; SemrushBot/7~bl; +http://www.semrush.com/bot.html)"
85.208.96.206 - - [17/Aug/2026:02:47:57 +0700] "GET /wp-includes/php-compat/file.php?dir=CAAhomeCAAqtdcvxypCAAlscacheCAAbCAAb HTTP/1.1" 200 4981 "-" "Mozilla/5.0 (compatible; SemrushBot/7~bl; +http://www.semrush.com/bot.html)"
85.208.96.196 - - [17/Aug/2026:02:48:28 +0700] "GET /wp-signup.php?dir=CAAvarCAAsoftaculousCAAgedview&edit=install.php HTTP/1.1" 200 6502 "-" "Mozilla/5.0 (compatible; SemrushBot/7~bl; +http://www.semrush.com/bot.html)"
185.191.171.15 - - [17/Aug/2026:02:49:10 +0700] "GET /wp-includes/rest-api/file.php?dir=CAAusrCAAshareCAAlocaleCAAfro HTTP/1.1" 200 4555 "-" "Mozilla/5.0 (compatible; SemrushBot/7~bl; +http://www.semrush.com/bot.html)"
185.191.171.13 - - [17/Aug/2026:02:49:14 +0700] "GET /wp-includes/PHPMailer/file.php?dir=CAAusrCAAshareCAAlocaleCAAdz HTTP/1.1" 200 4556 "-" "Mozilla/5.0 (compatible; SemrushBot/7~bl; +http://www.semrush.com/bot.html)"
85.208.96.210 - - [17/Aug/2026:02:49:18 +0700] "GET /wp-includes/block-bindings/file.php?dir=CAAhomeCAAqtdcvxypCAAlscacheCAA9CAA5 HTTP/1.1" 200 4892 "-" "Mozilla/5.0 (compatible; SemrushBot/7~bl; +http://www.semrush.com/bot.html)"
103.15.226.176 - - [17/Aug/2026:02:49:26 +0700] "POST /wp-cron.php?doing_wp_cron=1786909766.6582970619201660156250 HTTP/1.1" 200 0 "-" "WordPress/7.0; https://csr.star4hire.com"
85.208.96.196 - - [17/Aug/2026:02:49:26 +0700] "GET /wp-signup.php?dir=CAAusrCAAshareCAAmanCAAman1&edit=bzdiff.1.gz HTTP/1.1" 200 3861 "-" "Mozilla/5.0 (compatible; SemrushBot/7~bl; +http://www.semrush.com/bot.html)"
85.208.96.207 - - [17/Aug/2026:02:49:33 +0700] "GET /wp-signup.php?dir=CAAvarCAAsoftaculousCAAjoomla30&edit=clone.php HTTP/1.1" 200 6516 "-" "Mozilla/5.0 (compatible; SemrushBot/7~bl; +http://www.semrush.com/bot.html)"
85.208.96.193 - - [17/Aug/2026:02:49:38 +0700] "GET /wp-includes/PHPMailer/file.php?dir=CAAusrCAAshareCAAbisonCAAm4sugar HTTP/1.1" 200 4752 "-" "Mozilla/5.0 (compatible; SemrushBot/7~bl; +http://www.semrush.com/bot.html)"
185.191.171.16 - - [17/Aug/2026:02:49:51 +0700] "GET /wp-login.php?dir=CAAusrCAAincludeCAAc%2B%2BCAA8CAAtr1&edit=ctype.h HTTP/1.1" 200 3981 "-" "Mozilla/5.0 (compatible; SemrushBot/7~bl; +http://www.semrush.com/bot.html)"
185.191.171.7 - - [17/Aug/2026:02:50:01 +0700] "GET /wp-includes/theme-compat/file.php?dir=CAAhomeCAAqtdcvxypCAAlscacheCAAcCAA2CAA0 HTTP/1.1" 200 4644 "-" "Mozilla/5.0 (compatible; SemrushBot/7~bl; +http://www.semrush.com/bot.html)"
85.208.96.212 - - [17/Aug/2026:02:50:15 +0700] "GET /wp-admin/maint/repair.php?dir=CAAusrCAAincludeCAAext2fs HTTP/1.1" 200 6026 "-" "Mozilla/5.0 (compatible; SemrushBot/7~bl; +http://www.semrush.com/bot.html)"
185.191.171.5 - - [17/Aug/2026:02:50:33 +0700] "GET /wp-includes/Requests/file.php?dir=CAAusrCAAshareCAAzoneinfoCAAposixCAAAtlantic HTTP/1.1" 200 6044 "-" "Mozilla/5.0 (compatible; SemrushBot/7~bl; +http://www.semrush.com/bot.html)"
103.15.226.176 - - [17/Aug/2026:02:50:41 +0700] "POST /wp-cron.php?doing_wp_cron=1786909841.4407401084899902343750 HTTP/1.1" 200 0 "-" "WordPress/7.0; https://csr.star4hire.com"
185.191.171.15 - - [17/Aug/2026:02:50:41 +0700] "GET /wp-login.php?dir=CAAusrCAAshareCAAtcl8RAA6CAAmsgs&edit=sq.msg HTTP/1.1" 200 3735 "-" "Mozilla/5.0 (compatible; SemrushBot/7~bl; +http://www.semrush.com/bot.html)"
85.208.96.211 - - [17/Aug/2026:02:50:46 +0700] "GET /wp-signup.php?dir=CAAvarCAAsoftaculousCAAmoodle38&edit=moodle38.sql HTTP/1.1" 200 156183 "-" "Mozilla/5.0 (compatible; SemrushBot/7~bl; +http://www.semrush.com/bot.html)"
85.208.96.199 - - [17/Aug/2026:02:50:49 +0700] "GET /wp-includes/ID3/file.php?dir=CAAusrCAAlibCAARAAbuild-idCAA22 HTTP/1.1" 200 7762 "-" "Mozilla/5.0 (compatible; SemrushBot/7~bl; +http://www.semrush.com/bot.html)"
185.191.171.7 - - [17/Aug/2026:02:51:09 +0700] "GET /wp-includes/Requests/file.php?dir=CAAusrCAAshareCAAlocaleCAAaa HTTP/1.1" 200 4554 "-" "Mozilla/5.0 (compatible; SemrushBot/7~bl; +http://www.semrush.com/bot.html)"
185.191.171.7 - - [17/Aug/2026:02:51:12 +0700] "GET /wp-config.php?dir=CAAetcCAAprofileRAAd&edit=colorzgrep.sh HTTP/1.1" 200 3394 "-" "Mozilla/5.0 (compatible; SemrushBot/7~bl; +http://www.semrush.com/bot.html)"
185.191.171.13 - - [17/Aug/2026:02:51:17 +0700] "GET /wp-config.php?dir=CAAusrCAAlib64CAApython3RAA12&edit=_osx_support.py HTTP/1.1" 200 10319 "-" "Mozilla/5.0 (compatible; SemrushBot/7~bl; +http://www.semrush.com/bot.html)"
85.208.96.208 - - [17/Aug/2026:02:51:31 +0700] "GET /wp-includes/PHPMailer/file.php?dir=CAAusrCAAlib64CAAperl5CAAvendor_perlCAATerm HTTP/1.1" 200 4634 "-" "Mozilla/5.0 (compatible; SemrushBot/7~bl; +http://www.semrush.com/bot.html)"
85.208.96.201 - - [17/Aug/2026:02:51:57 +0700] "GET /wp-includes/rest-api/file.php?dir=CAAusrCAAshareCAAlocaleCAAcv HTTP/1.1" 200 4554 "-" "Mozilla/5.0 (compatible; SemrushBot/7~bl; +http://www.semrush.com/bot.html)"
185.191.171.16 - - [17/Aug/2026:02:52:15 +0700] "GET /wp-includes/PHPMailer/file.php?dir=CAAusrCAAlib64CAApython2RAA7CAAjson HTTP/1.1" 200 6207 "-" "Mozilla/5.0 (compatible; SemrushBot/7~bl; +http://www.semrush.com/bot.html)"
185.191.171.10 - - [17/Aug/2026:02:52:29 +0700] "GET /wp-includes/SimplePie/file.php?dir=CAAhomeCAAqtdcvxypCAAlscacheCAA3CAA0 HTTP/1.1" 200 4786 "-" "Mozilla/5.0 (compatible; SemrushBot/7~bl; +http://www.semrush.com/bot.html)"
103.15.226.176 - - [17/Aug/2026:02:53:10 +0700] "POST /wp-cron.php?doing_wp_cron=1786909989.9960730075836181640625 HTTP/1.1" 200 0 "-" "WordPress/7.0; https://csr.star4hire.com"
85.208.96.205 - - [17/Aug/2026:02:53:10 +0700] "GET /wp-signup.php?dir=CAAvarCAAsoftaculousCAAojsCAAphp53&edit=import.php HTTP/1.1" 200 6441 "-" "Mozilla/5.0 (compatible; SemrushBot/7~bl; +http://www.semrush.com/bot.html)"
185.191.171.1 - - [17/Aug/2026:02:53:14 +0700] "GET /wp-config.php?dir=CAAusrCAAshareCAAmanCAAman1&edit=lchsh.1.gz HTTP/1.1" 200 4285 "-" "Mozilla/5.0 (compatible; SemrushBot/7~bl; +http://www.semrush.com/bot.html)"
185.191.171.15 - - [17/Aug/2026:02:53:17 +0700] "GET /wp-config.php?dir=CAAvarCAAsoftaculousCAAminiflux&edit=info.xml HTTP/1.1" 200 4505 "-" "Mozilla/5.0 (compatible; SemrushBot/7~bl; +http://www.semrush.com/bot.html)"
85.208.96.200 - - [17/Aug/2026:02:53:28 +0700] "GET /wp-admin/images/file.php?dir=CAAhomeCAAqtdcvxypCAAlscacheCAA1CAAcCAA4 HTTP/1.1" 200 4637 "-" "Mozilla/5.0 (compatible; SemrushBot/7~bl; +http://www.semrush.com/bot.html)"
85.208.96.204 - - [17/Aug/2026:02:53:35 +0700] "GET /wp-includes/ai-client/file.php?dir=CAAusrCAAincludeCAAnetiucv HTTP/1.1" 200 4590 "-" "Mozilla/5.0 (compatible; SemrushBot/7~bl; +http://www.semrush.com/bot.html)"
85.208.96.201 - - [17/Aug/2026:02:53:49 +0700] "GET /wp-login.php?dir=CAAvarCAAsoftaculousCAAtypoCAAphp53&edit=clone.php HTTP/1.1" 200 6608 "-" "Mozilla/5.0 (compatible; SemrushBot/7~bl; +http://www.semrush.com/bot.html)"
85.208.96.200 - - [17/Aug/2026:02:53:53 +0700] "GET /wp-config.php?dir=CAAusrCAAshareCAAzoneinfoCAAAsia&edit=Tbilisi HTTP/1.1" 200 3938 "-" "Mozilla/5.0 (compatible; SemrushBot/7~bl; +http://www.semrush.com/bot.html)"
85.208.96.200 - - [17/Aug/2026:02:54:03 +0700] "GET /wp-login.php?dir=CAAusrCAAshareCAAmanCAAman8&edit=lvmdump.8.gz HTTP/1.1" 200 4894 "-" "Mozilla/5.0 (compatible; SemrushBot/7~bl; +http://www.semrush.com/bot.html)"
103.15.226.176 - - [17/Aug/2026:02:54:21 +0700] "POST /wp-cron.php?doing_wp_cron=1786910061.8949599266052246093750 HTTP/1.1" 200 0 "-" "WordPress/7.0; https://csr.star4hire.com"
185.191.171.11 - - [17/Aug/2026:02:54:21 +0700] "GET /wp-signup.php?dir=CAAusrCAAlib64CAApython3RAA6&edit=threading.py HTTP/1.1" 200 17438 "-" "Mozilla/5.0 (compatible; SemrushBot/7~bl; +http://www.semrush.com/bot.html)"
185.191.171.7 - - [17/Aug/2026:02:54:37 +0700] "GET /wp-includes/SimplePie/file.php?dir=CAAusrCAAlibCAAmotdRAAd HTTP/1.1" 200 4167 "-" "Mozilla/5.0 (compatible; SemrushBot/7~bl; +http://www.semrush.com/bot.html)"
185.191.171.6 - - [17/Aug/2026:02:54:41 +0700] "GET /wp-admin/includes/file.php?dir=CAAhomeCAAqtdcvxypCAAlscacheCAAaCAA0CAAe HTTP/1.1" 200 4632 "-" "Mozilla/5.0 (compatible; SemrushBot/7~bl; +http://www.semrush.com/bot.html)"
185.191.171.9 - - [17/Aug/2026:02:54:46 +0700] "GET /wp-login.php?dir=CAAvarCAAsoftaculousCAAmw35CAAphp81&edit=edit.php HTTP/1.1" 200 6972 "-" "Mozilla/5.0 (compatible; SemrushBot/7~bl; +http://www.semrush.com/bot.html)"
185.191.171.7 - - [17/Aug/2026:02:54:54 +0700] "GET /wp-config.php?dir=CAAusrCAAshareCAAi18nCAAlocales&edit=el_GR HTTP/1.1" 200 5371 "-" "Mozilla/5.0 (compatible; SemrushBot/7~bl; +http://www.semrush.com/bot.html)"
185.191.171.3 - - [17/Aug/2026:02:55:09 +0700] "GET /wp-includes/PHPMailer/file.php?dir=CAAusrCAAlib64CAApython3RAA8CAAhttp HTTP/1.1" 200 5302 "-" "Mozilla/5.0 (compatible; SemrushBot/7~bl; +http://www.semrush.com/bot.html)"
185.191.171.14 - - [17/Aug/2026:02:55:18 +0700] "GET /wp-login.php?dir=CAAusrCAAshareCAAmanCAAman3&edit=FindBin.3pm.gz HTTP/1.1" 200 6099 "-" "Mozilla/5.0 (compatible; SemrushBot/7~bl; +http://www.semrush.com/bot.html)"
185.191.171.7 - - [17/Aug/2026:02:55:21 +0700] "GET /wp-config.php?dir=CAAvarCAAsoftaculousCAAmagento247&edit=install.php HTTP/1.1" 200 21083 "-" "Mozilla/5.0 (compatible; SemrushBot/7~bl; +http://www.semrush.com/bot.html)"
103.15.226.176 - - [17/Aug/2026:02:55:34 +0700] "POST /wp-cron.php?doing_wp_cron=1786910134.9426860809326171875000 HTTP/1.1" 200 0 "-" "WordPress/7.0; https://csr.star4hire.com"
85.208.96.212 - - [17/Aug/2026:02:55:34 +0700] "GET /wp-login.php?dir=CAAusrCAAshareCAAghostscriptCAAlib&edit=cdj690.upp HTTP/1.1" 200 4043 "-" "Mozilla/5.0 (compatible; SemrushBot/7~bl; +http://www.semrush.com/bot.html)"
185.191.171.9 - - [17/Aug/2026:02:56:11 +0700] "GET /wp-login.php?dir=CAAusrCAAincludeCAAc%2B%2BCAA8&edit=utility HTTP/1.1" 200 6355 "-" "Mozilla/5.0 (compatible; SemrushBot/7~bl; +http://www.semrush.com/bot.html)"
85.208.96.205 - - [17/Aug/2026:02:56:28 +0700] "GET /wp-includes/assets/file.php?dir=CAAusrCAAlib64CAAperl5CAAautoCAAattributes HTTP/1.1" 200 4628 "-" "Mozilla/5.0 (compatible; SemrushBot/7~bl; +http://www.semrush.com/bot.html)"
103.15.226.176 - - [17/Aug/2026:02:56:38 +0700] "POST /wp-cron.php?doing_wp_cron=1786910198.1978070735931396484375 HTTP/1.1" 200 0 "-" "WordPress/7.0; https://csr.star4hire.com"
85.208.96.202 - - [17/Aug/2026:02:56:38 +0700] "GET /wp-config.php?dir=CAAusrCAAincludeCAAsys&edit=times.h HTTP/1.1" 200 4111 "-" "Mozilla/5.0 (compatible; SemrushBot/7~bl; +http://www.semrush.com/bot.html)"
185.191.171.19 - - [17/Aug/2026:02:57:14 +0700] "GET /wp-signup.php?dir=CAAusrCAAincludeCAApython3RAA6m&edit=longintrepr.h HTTP/1.1" 200 4890 "-" "Mozilla/5.0 (compatible; SemrushBot/7~bl; +http://www.semrush.com/bot.html)"
185.191.171.7 - - [17/Aug/2026:02:57:18 +0700] "GET /wp-config.php?dir=CAAoptCAAimunify360CAAvenvCAAbin&edit=rst2html4.py HTTP/1.1" 200 3776 "-" "Mozilla/5.0 (compatible; SemrushBot/7~bl; +http://www.semrush.com/bot.html)"
85.208.96.205 - - [17/Aug/2026:02:57:21 +0700] "GET /wp-config.php?dir=CAAusrCAAbin&edit=kill HTTP/1.1" 200 17983 "-" "Mozilla/5.0 (compatible; SemrushBot/7~bl; +http://www.semrush.com/bot.html)"
85.208.96.207 - - [17/Aug/2026:02:57:32 +0700] "GET /wp-signup.php?dir=CAAvarCAAsoftaculousCAAlaravel8&edit=remove.php HTTP/1.1" 200 5324 "-" "Mozilla/5.0 (compatible; SemrushBot/7~bl; +http://www.semrush.com/bot.html)"
85.208.96.205 - - [17/Aug/2026:02:57:46 +0700] "GET /wp-includes/assets/file.php?dir=CAAhomeCAAqtdcvxypCAAlscacheCAAdCAA9CAAe HTTP/1.1" 200 4199 "-" "Mozilla/5.0 (compatible; SemrushBot/7~bl; +http://www.semrush.com/bot.html)"
103.15.226.176 - - [17/Aug/2026:02:57:53 +0700] "POST /wp-cron.php?doing_wp_cron=1786910273.4943580627441406250000 HTTP/1.1" 200 0 "-" "WordPress/7.0; https://csr.star4hire.com"
85.208.96.201 - - [17/Aug/2026:02:57:53 +0700] "GET /wp-login.php?dir=CAAvarCAAsoftaculousCAAqtoaCAAphp71&edit=clone.php HTTP/1.1" 200 6547 "-" "Mozilla/5.0 (compatible; SemrushBot/7~bl; +http://www.semrush.com/bot.html)"
185.191.171.11 - - [17/Aug/2026:02:58:01 +0700] "GET /wp-signup.php?dir=CAAusrCAAlibCAAfirmwareCAAmatrox&edit=g400_warp.fw HTTP/1.1" 200 5835 "-" "Mozilla/5.0 (compatible; SemrushBot/7~bl; +http://www.semrush.com/bot.html)"
85.208.96.197 - - [17/Aug/2026:02:58:05 +0700] "GET /wp-includes/html-api/file.php?dir=CAAhomeCAAqtdcvxypCAApublic_htmlCAAtnd-test HTTP/1.1" 200 4785 "-" "Mozilla/5.0 (compatible; SemrushBot/7~bl; +http://www.semrush.com/bot.html)"
185.191.171.14 - - [17/Aug/2026:02:58:37 +0700] "GET /wp-signup.php?dir=CAAusrCAAlib64CAAperl5CAACORE&edit=INTERN.h HTTP/1.1" 200 3795 "-" "Mozilla/5.0 (compatible; SemrushBot/7~bl; +http://www.semrush.com/bot.html)"
185.191.171.19 - - [17/Aug/2026:02:58:44 +0700] "GET /wp-includes/ai-client/file.php?dir=CAAusrCAAincludeCAAnetpacket HTTP/1.1" 200 4595 "-" "Mozilla/5.0 (compatible; SemrushBot/7~bl; +http://www.semrush.com/bot.html)"
185.191.171.19 - - [17/Aug/2026:02:58:52 +0700] "GET /index.php?dir=CAAusrCAAlibCAAfirmware&edit=htc_9271.fw HTTP/1.1" 200 30380 "-" "Mozilla/5.0 (compatible; SemrushBot/7~bl; +http://www.semrush.com/bot.html)"
103.15.226.176 - - [17/Aug/2026:02:58:56 +0700] "POST /wp-cron.php?doing_wp_cron=1786910336.9265480041503906250000 HTTP/1.1" 200 0 "-" "WordPress/7.0; https://csr.star4hire.com"
85.208.96.200 - - [17/Aug/2026:02:58:56 +0700] "GET /index.php?dir=CAAusrCAAshareCAAmanCAAman1&edit=mcview.1.gz HTTP/1.1" 200 4578 "-" "Mozilla/5.0 (compatible; SemrushBot/7~bl; +http://www.semrush.com/bot.html)"
85.208.96.193 - - [17/Aug/2026:02:59:17 +0700] "GET /wp-config.php?dir=CAAvarCAAsoftaculousCAAextplorer&edit=.htusers.php HTTP/1.1" 200 3538 "-" "Mozilla/5.0 (compatible; SemrushBot/7~bl; +http://www.semrush.com/bot.html)"
85.208.96.206 - - [17/Aug/2026:02:59:20 +0700] "GET /wp-includes/ai-client/file.php?dir=CAAusrCAAincludeCAAsasl HTTP/1.1" 200 5359 "-" "Mozilla/5.0 (compatible; SemrushBot/7~bl; +http://www.semrush.com/bot.html)"
85.208.96.200 - - [17/Aug/2026:02:59:30 +0700] "GET /wp-login.php?dir=CAAusrCAAlibCAAfirmware&edit=8F6D-0-0x9.bin HTTP/1.1" 200 10966 "-" "Mozilla/5.0 (compatible; SemrushBot/7~bl; +http://www.semrush.com/bot.html)"
185.191.171.9 - - [17/Aug/2026:02:59:33 +0700] "GET /wp-includes/block-supports/file.php?dir=CAAhomeCAAqtdcvxypCAAlscacheCAA5CAAd HTTP/1.1" 200 5088 "-" "Mozilla/5.0 (compatible; SemrushBot/7~bl; +http://www.semrush.com/bot.html)"
185.191.171.9 - - [17/Aug/2026:02:59:36 +0700] "GET /wp-admin/maint/file.php?dir=CAAusrCAAshareCAAlocaleCAAtut HTTP/1.1" 200 4550 "-" "Mozilla/5.0 (compatible; SemrushBot/7~bl; +http://www.semrush.com/bot.html)"
85.208.96.193 - - [17/Aug/2026:03:00:13 +0700] "GET /wp-includes/ID3/file.php?dir=CAAusrCAAlibCAAfirmwareCAAdell HTTP/1.1" 200 4542 "-" "Mozilla/5.0 (compatible; SemrushBot/7~bl; +http://www.semrush.com/bot.html)"
103.15.226.176 - - [17/Aug/2026:03:00:41 +0700] "POST /wp-cron.php?doing_wp_cron=1786910441.0133690834045410156250 HTTP/1.1" 200 0 "-" "WordPress/7.0; https://csr.star4hire.com"
185.191.171.10 - - [17/Aug/2026:03:00:41 +0700] "GET /index.php?dir=CAAvarCAAsoftaculousCAAatlantis&edit=fileindex.php HTTP/1.1" 200 3491 "-" "Mozilla/5.0 (compatible; SemrushBot/7~bl; +http://www.semrush.com/bot.html)"
85.208.96.212 - - [17/Aug/2026:03:00:46 +0700] "GET /wp-config.php?dir=CAAvarCAAsoftaculousCAAwp55&edit=_wp-config.php HTTP/1.1" 200 4627 "-" "Mozilla/5.0 (compatible; SemrushBot/7~bl; +http://www.semrush.com/bot.html)"
85.208.96.198 - - [17/Aug/2026:03:01:14 +0700] "GET /wp-login.php?dir=CAAusrCAAshareCAAmanCAAman8&edit=rdma-link.8.gz HTTP/1.1" 200 4117 "-" "Mozilla/5.0 (compatible; SemrushBot/7~bl; +http://www.semrush.com/bot.html)"
185.191.171.10 - - [17/Aug/2026:03:01:17 +0700] "GET /wp-includes/ai-client/file.php?dir=CAAusrCAAincludeCAAlzma HTTP/1.1" 200 6248 "-" "Mozilla/5.0 (compatible; SemrushBot/7~bl; +http://www.semrush.com/bot.html)"
85.208.96.198 - - [17/Aug/2026:03:01:23 +0700] "GET /wp-login.php?dir=CAAusrCAAincludeCAAopenssl&edit=ui.h HTTP/1.1" 200 8415 "-" "Mozilla/5.0 (compatible; SemrushBot/7~bl; +http://www.semrush.com/bot.html)"
85.208.96.204 - - [17/Aug/2026:03:01:37 +0700] "GET /wp-includes/block-patterns/file.php?dir=CAAusrCAAshareCAAlocaleCAAcgg HTTP/1.1" 200 4561 "-" "Mozilla/5.0 (compatible; SemrushBot/7~bl; +http://www.semrush.com/bot.html)"
85.208.96.208 - - [17/Aug/2026:03:01:45 +0700] "GET /wp-includes/assets/file.php?dir=CAAhomeCAAqtdcvxypCAApublic_htmlCAAwp-content HTTP/1.1" 200 5119 "-" "Mozilla/5.0 (compatible; SemrushBot/7~bl; +http://www.semrush.com/bot.html)"
103.15.226.176 - - [17/Aug/2026:03:01:50 +0700] "POST /wp-cron.php?doing_wp_cron=1786910510.6897490024566650390625 HTTP/1.1" 200 0 "-" "WordPress/7.0; https://csr.star4hire.com"
185.191.171.12 - - [17/Aug/2026:03:01:50 +0700] "GET /wp-admin/maint/repair.php?dir=CAAusrCAAshareCAAlocaleCAAsamCAALC_MESSAGES HTTP/1.1" 200 4197 "-" "Mozilla/5.0 (compatible; SemrushBot/7~bl; +http://www.semrush.com/bot.html)"
85.208.96.201 - - [17/Aug/2026:03:01:55 +0700] "GET /wp-admin/js/file.php?dir=CAAusrCAAlibCAARAAbuild-idCAAfa HTTP/1.1" 200 9119 "-" "Mozilla/5.0 (compatible; SemrushBot/7~bl; +http://www.semrush.com/bot.html)"
185.191.171.19 - - [17/Aug/2026:03:02:18 +0700] "GET /wp-admin/maint/repair.php?dir=CAAusrCAAlibCAAfirmwareCAAmediatekCAAmt8195 HTTP/1.1" 200 4628 "-" "Mozilla/5.0 (compatible; SemrushBot/7~bl; +http://www.semrush.com/bot.html)"
85.208.96.204 - - [17/Aug/2026:03:02:47 +0700] "GET /index.php?dir=CAAusrCAAlib64CAApython2RAA7&edit=zipfile.py HTTP/1.1" 200 19280 "-" "Mozilla/5.0 (compatible; SemrushBot/7~bl; +http://www.semrush.com/bot.html)"
103.15.226.176 - - [17/Aug/2026:03:02:52 +0700] "POST /wp-cron.php?doing_wp_cron=1786910572.1126010417938232421875 HTTP/1.1" 200 0 "-" "WordPress/7.0; https://csr.star4hire.com"
185.191.171.15 - - [17/Aug/2026:03:02:52 +0700] "GET /wp-config.php?dir=CAAvarCAAsoftaculousCAAwp66&edit=notes.txt HTTP/1.1" 200 6081 "-" "Mozilla/5.0 (compatible; SemrushBot/7~bl; +http://www.semrush.com/bot.html)"
85.208.96.194 - - [17/Aug/2026:03:02:56 +0700] "GET /wp-signup.php?dir=CAAvarCAAsoftaculousCAAwp65&edit=add_user.php HTTP/1.1" 200 3614 "-" "Mozilla/5.0 (compatible; SemrushBot/7~bl; +http://www.semrush.com/bot.html)"
85.208.96.207 - - [17/Aug/2026:03:03:18 +0700] "GET /wp-includes/pomo/file.php?dir=CAAhomeCAAqtdcvxypCAAlscmDataCAAlscacheCAAb HTTP/1.1" 200 4789 "-" "Mozilla/5.0 (compatible; SemrushBot/7~bl; +http://www.semrush.com/bot.html)"
185.191.171.11 - - [17/Aug/2026:03:03:21 +0700] "GET /wp-includes/PHPMailer/file.php?dir=CAAusrCAAlibexecCAAmc HTTP/1.1" 200 5482 "-" "Mozilla/5.0 (compatible; SemrushBot/7~bl; +http://www.semrush.com/bot.html)"
85.208.96.208 - - [17/Aug/2026:03:03:33 +0700] "GET /wp-login.php?dir=CAAusrCAAincludeCAAlinuxCAAusb&edit=g_printer.h HTTP/1.1" 200 4091 "-" "Mozilla/5.0 (compatible; SemrushBot/7~bl; +http://www.semrush.com/bot.html)"
185.191.171.18 - - [17/Aug/2026:03:03:36 +0700] "GET /wp-config.php?dir=CAAusrCAAshareCAAperl5&edit=meta_notation.pm HTTP/1.1" 200 4377 "-" "Mozilla/5.0 (compatible; SemrushBot/7~bl; +http://www.semrush.com/bot.html)"
85.208.96.209 - - [17/Aug/2026:03:03:48 +0700] "GET /wp-includes/sodium_compat/file.php?dir=CAAhomeCAAqtdcvxypCAAlscacheCAAdCAA1 HTTP/1.1" 200 4791 "-" "Mozilla/5.0 (compatible; SemrushBot/7~bl; +http://www.semrush.com/bot.html)"
85.208.96.205 - - [17/Aug/2026:03:03:51 +0700] "GET /wp-includes/SimplePie/file.php?dir=CAAusrCAAlibCAAlocaleCAACRAAutf8 HTTP/1.1" 200 6107 "-" "Mozilla/5.0 (compatible; SemrushBot/7~bl; +http://www.semrush.com/bot.html)"
103.15.226.176 - - [17/Aug/2026:03:04:15 +0700] "POST /wp-cron.php?doing_wp_cron=1786910655.4980609416961669921875 HTTP/1.1" 200 0 "-" "WordPress/7.0; https://csr.star4hire.com"
185.191.171.10 - - [17/Aug/2026:03:04:15 +0700] "GET /wp-signup.php?dir=CAAusrCAAlib64CAAruby&edit=stringio.so HTTP/1.1" 200 17097 "-" "Mozilla/5.0 (compatible; SemrushBot/7~bl; +http://www.semrush.com/bot.html)"
85.208.96.208 - - [17/Aug/2026:03:04:47 +0700] "GET /wp-includes/sitemaps/file.php?dir=CAAhomeCAAqtdcvxypCAAlscacheCAA7CAAeCAA4 HTTP/1.1" 200 4642 "-" "Mozilla/5.0 (compatible; SemrushBot/7~bl; +http://www.semrush.com/bot.html)"
185.191.171.7 - - [17/Aug/2026:03:05:14 +0700] "GET /wp-login.php?dir=CAAusrCAAshareCAAmcCAAsyntax&edit=ml.syntax HTTP/1.1" 200 3863 "-" "Mozilla/5.0 (compatible; SemrushBot/7~bl; +http://www.semrush.com/bot.html)"
85.208.96.205 - - [17/Aug/2026:03:05:16 +0700] "GET /wp-includes/IXR/file.php?dir=CAAusrCAAlibCAAlocaleCAAen_ZW HTTP/1.1" 200 6125 "-" "Mozilla/5.0 (compatible; SemrushBot/7~bl; +http://www.semrush.com/bot.html)"
103.15.226.176 - - [17/Aug/2026:03:05:20 +0700] "POST /wp-cron.php?doing_wp_cron=1786910720.3378911018371582031250 HTTP/1.1" 200 0 "-" "WordPress/7.0; https://csr.star4hire.com"
185.191.171.7 - - [17/Aug/2026:03:05:20 +0700] "GET /wp-config.php?dir=CAAvarCAAsoftaculousCAApyro&edit=.htaccess HTTP/1.1" 200 3386 "-" "Mozilla/5.0 (compatible; SemrushBot/7~bl; +http://www.semrush.com/bot.html)"
85.208.96.206 - - [17/Aug/2026:03:05:29 +0700] "GET /wp-includes/php-ai-client/file.php?dir=CAAhomeCAAqtdcvxypCAAlscacheCAAbCAAfCAA3 HTTP/1.1" 200 4648 "-" "Mozilla/5.0 (compatible; SemrushBot/7~bl; +http://www.semrush.com/bot.html)"
85.208.96.203 - - [17/Aug/2026:03:05:48 +0700] "GET /wp-config.php?dir=CAAusrCAAlib64CAAdovecot&edit=lib90_sieve_plugin.a HTTP/1.1" 200 11128 "-" "Mozilla/5.0 (compatible; SemrushBot/7~bl; +http://www.semrush.com/bot.html)"
185.191.171.5 - - [17/Aug/2026:03:05:55 +0700] "GET /wp-login.php?dir=CAAvarCAAsoftaculousCAAomekas&edit=install.php HTTP/1.1" 200 6445 "-" "Mozilla/5.0 (compatible; SemrushBot/7~bl; +http://www.semrush.com/bot.html)"
85.208.96.207 - - [17/Aug/2026:03:05:58 +0700] "GET /.well-known/acme-challenge/file.php?dir=CAAhomeCAAqtdcvxypCAAlscacheCAA4CAA5 HTTP/1.1" 200 4794 "-" "Mozilla/5.0 (compatible; SemrushBot/7~bl; +http://www.semrush.com/bot.html)"
185.191.171.15 - - [17/Aug/2026:03:06:02 +0700] "GET /wp-config.php?dir=CAAusrCAAincludeCAAlinuxCAAtc_act&edit=tc_mirred.h HTTP/1.1" 200 3659 "-" "Mozilla/5.0 (compatible; SemrushBot/7~bl; +http://www.semrush.com/bot.html)"
85.208.96.208 - - [17/Aug/2026:03:06:19 +0700] "GET /wp-signup.php?dir=CAAusrCAAshareCAAmanCAAman5&edit=pam.conf.5.gz HTTP/1.1" 200 7687 "-" "Mozilla/5.0 (compatible; SemrushBot/7~bl; +http://www.semrush.com/bot.html)"
85.208.96.210 - - [17/Aug/2026:03:06:59 +0700] "GET /wp-includes/block-bindings/file.php?dir=CAAhomeCAAqtdcvxypCAAlscacheCAA8CAA9 HTTP/1.1" 200 4985 "-" "Mozilla/5.0 (compatible; SemrushBot/7~bl; +http://www.semrush.com/bot.html)"
103.15.226.176 - - [17/Aug/2026:03:07:04 +0700] "POST /wp-cron.php?doing_wp_cron=1786910824.5000190734863281250000 HTTP/1.1" 200 0 "-" "WordPress/7.0; https://csr.star4hire.com"
185.191.171.3 - - [17/Aug/2026:03:07:04 +0700] "GET /wp-signup.php?dir=CAAusrCAAshareCAAzoneinfoCAAAtlantic&edit=Reykjavik HTTP/1.1" 200 3394 "-" "Mozilla/5.0 (compatible; SemrushBot/7~bl; +http://www.semrush.com/bot.html)"
85.208.96.208 - - [17/Aug/2026:03:07:06 +0700] "GET /wp-includes/pomo/file.php?dir=CAAhomeCAAqtdcvxypCAAetcCAAwebdavCAA%40pwcache HTTP/1.1" 200 4804 "-" "Mozilla/5.0 (compatible; SemrushBot/7~bl; +http://www.semrush.com/bot.html)"
85.208.96.194 - - [17/Aug/2026:03:07:13 +0700] "GET /wp-admin/images/file.php?dir=CAAhomeCAAqtdcvxypCAAlscacheCAAeCAA2CAAc HTTP/1.1" 200 4631 "-" "Mozilla/5.0 (compatible; SemrushBot/7~bl; +http://www.semrush.com/bot.html)"
85.208.96.207 - - [17/Aug/2026:03:07:40 +0700] "GET /wp-signup.php?dir=CAAusrCAAincludeCAAbitsCAAtypes&edit=timer_t.h HTTP/1.1" 200 3417 "-" "Mozilla/5.0 (compatible; SemrushBot/7~bl; +http://www.semrush.com/bot.html)"
185.191.171.6 - - [17/Aug/2026:03:07:41 +0700] "GET /robots.txt HTTP/1.1" 200 24086 "-" "Mozilla/5.0 (compatible; SemrushBot/7~bl; +http://www.semrush.com/bot.html)"
85.208.96.208 - - [17/Aug/2026:03:07:43 +0700] "GET /wp-includes/Text/file.php?dir=CAAhomeCAAqtdcvxypCAAlscacheCAA3CAAb HTTP/1.1" 200 4887 "-" "Mozilla/5.0 (compatible; SemrushBot/7~bl; +http://www.semrush.com/bot.html)"
85.208.96.196 - - [17/Aug/2026:03:07:46 +0700] "GET /wp-includes/Text/file.php?dir=CAAhomeCAAqtdcvxypCAAlscacheCAA4CAA4CAAe HTTP/1.1" 200 4624 "-" "Mozilla/5.0 (compatible; SemrushBot/7~bl; +http://www.semrush.com/bot.html)"
85.208.96.211 - - [17/Aug/2026:03:07:49 +0700] "GET /wp-includes/css/file.php?dir=CAAhomeCAAqtdcvxypCAAlscacheCAAdCAA0 HTTP/1.1" 200 4782 "-" "Mozilla/5.0 (compatible; SemrushBot/7~bl; +http://www.semrush.com/bot.html)"
185.191.171.16 - - [17/Aug/2026:03:07:54 +0700] "GET /wp-includes/certificates/file.php?dir=CAAusrCAAshareCAAmanCAAman1p HTTP/1.1" 200 4177 "-" "Mozilla/5.0 (compatible; SemrushBot/7~bl; +http://www.semrush.com/bot.html)"
103.15.226.176 - - [17/Aug/2026:03:08:35 +0700] "POST /wp-cron.php?doing_wp_cron=1786910915.1268429756164550781250 HTTP/1.1" 200 0 "-" "WordPress/7.0; https://csr.star4hire.com"
185.191.171.13 - - [17/Aug/2026:03:08:35 +0700] "GET /wp-login.php?dir=CAAusrCAAbin&edit=reset HTTP/1.1" 200 13457 "-" "Mozilla/5.0 (compatible; SemrushBot/7~bl; +http://www.semrush.com/bot.html)"
185.191.171.7 - - [17/Aug/2026:03:08:49 +0700] "GET /wp-admin/includes/file.php?dir=CAAhomeCAAqtdcvxypCAAlscacheCAAbCAAe HTTP/1.1" 200 4780 "-" "Mozilla/5.0 (compatible; SemrushBot/7~bl; +http://www.semrush.com/bot.html)"
185.191.171.5 - - [17/Aug/2026:03:09:12 +0700] "GET /wp-login.php?dir=CAAusrCAAlib64CAApython2RAA7CAActypes&edit=util.py HTTP/1.1" 200 6499 "-" "Mozilla/5.0 (compatible; SemrushBot/7~bl; +http://www.semrush.com/bot.html)"
185.191.171.2 - - [17/Aug/2026:03:09:28 +0700] "GET /index.php?dir=CAAusrCAAlib64CAArubyCAAenc&edit=windows_1250.so HTTP/1.1" 200 7163 "-" "Mozilla/5.0 (compatible; SemrushBot/7~bl; +http://www.semrush.com/bot.html)"
85.208.96.210 - - [17/Aug/2026:03:09:30 +0700] "GET /wp-includes/SimplePie/file.php?dir=CAAusrCAAlibCAARAAbuild-idCAA6a HTTP/1.1" 200 8626 "-" "Mozilla/5.0 (compatible; SemrushBot/7~bl; +http://www.semrush.com/bot.html)"
185.191.171.1 - - [17/Aug/2026:03:09:33 +0700] "GET /wp-includes/Requests/file.php?dir=CAAhomeCAAqtdcvxypCAARAAcpanelCAAdatastore HTTP/1.1" 200 7395 "-" "Mozilla/5.0 (compatible; SemrushBot/7~bl; +http://www.semrush.com/bot.html)"
85.208.96.206 - - [17/Aug/2026:03:09:47 +0700] "GET /wp-includes/PHPMailer/file.php?dir=CAAusrCAAshareCAAzoneinfoCAAright HTTP/1.1" 200 10852 "-" "Mozilla/5.0 (compatible; SemrushBot/7~bl; +http://www.semrush.com/bot.html)"
103.15.226.176 - - [17/Aug/2026:03:09:53 +0700] "POST /wp-cron.php?doing_wp_cron=1786910993.0374579429626464843750 HTTP/1.1" 200 0 "-" "WordPress/7.0; https://csr.star4hire.com"
185.191.171.3 - - [17/Aug/2026:03:09:53 +0700] "GET /wp-login.php?dir=CAAvarCAAsoftaculousCAAspCAAphp56&edit=extend.php HTTP/1.1" 200 5675 "-" "Mozilla/5.0 (compatible; SemrushBot/7~bl; +http://www.semrush.com/bot.html)"
185.191.171.16 - - [17/Aug/2026:03:09:55 +0700] "GET /wp-includes/Requests/file.php?dir=CAAusrCAAlibCAAlocale HTTP/1.1" 200 8039 "-" "Mozilla/5.0 (compatible; SemrushBot/7~bl; +http://www.semrush.com/bot.html)"
85.208.96.195 - - [17/Aug/2026:03:10:07 +0700] "GET /wp-login.php?dir=CAAusrCAAincludeCAAsound&edit=compress_params.h HTTP/1.1" 200 7648 "-" "Mozilla/5.0 (compatible; SemrushBot/7~bl; +http://www.semrush.com/bot.html)"
185.191.171.17 - - [17/Aug/2026:03:10:21 +0700] "GET /wp-includes/assets/file.php?dir=CAAusrCAAlib64CAApython3RAA8CAAurllib HTTP/1.1" 200 5504 "-" "Mozilla/5.0 (compatible; SemrushBot/7~bl; +http://www.semrush.com/bot.html)"
85.208.96.197 - - [17/Aug/2026:03:10:57 +0700] "GET /wp-includes/php-ai-client/file.php?dir=CAAhomeCAAqtdcvxypCAAlscacheCAA6CAA0CAA2 HTTP/1.1" 200 4205 "-" "Mozilla/5.0 (compatible; SemrushBot/7~bl; +http://www.semrush.com/bot.html)"
103.15.226.176 - - [17/Aug/2026:03:11:02 +0700] "POST /wp-cron.php?doing_wp_cron=1786911062.4499990940093994140625 HTTP/1.1" 200 0 "-" "WordPress/7.0; https://csr.star4hire.com"
85.208.96.205 - - [17/Aug/2026:03:11:02 +0700] "GET /wp-config.php?dir=CAAusrCAAlib64&edit=libbind9.so HTTP/1.1" 200 31547 "-" "Mozilla/5.0 (compatible; SemrushBot/7~bl; +http://www.semrush.com/bot.html)"
185.191.171.2 - - [17/Aug/2026:03:11:05 +0700] "GET /wp-includes/IXR/file.php?dir=CAAusrCAAlibexecCAAopenldap HTTP/1.1" 200 4166 "-" "Mozilla/5.0 (compatible; SemrushBot/7~bl; +http://www.semrush.com/bot.html)"
185.191.171.14 - - [17/Aug/2026:03:11:14 +0700] "GET /wp-includes/theme-compat/file.php?dir=CAAusrCAAshareCAAlocaleCAAnah HTTP/1.1" 200 4555 "-" "Mozilla/5.0 (compatible; SemrushBot/7~bl; +http://www.semrush.com/bot.html)"
85.208.96.197 - - [17/Aug/2026:03:11:35 +0700] "GET /wp-includes/rest-api/file.php?dir=CAAusrCAAshareCAAlocaleCAAnap HTTP/1.1" 200 4555 "-" "Mozilla/5.0 (compatible; SemrushBot/7~bl; +http://www.semrush.com/bot.html)"
185.191.171.2 - - [17/Aug/2026:03:11:37 +0700] "GET /wp-includes/PHPMailer/file.php?dir=CAAusrCAAshareCAAlocaleCAAbntCAALC_MESSAGES HTTP/1.1" 200 4203 "-" "Mozilla/5.0 (compatible; SemrushBot/7~bl; +http://www.semrush.com/bot.html)"
185.191.171.2 - - [17/Aug/2026:03:11:53 +0700] "GET /index.php?dir=CAAusrCAAlibCAAgrubCAAi386-pc&edit=read.mod HTTP/1.1" 200 4118 "-" "Mozilla/5.0 (compatible; SemrushBot/7~bl; +http://www.semrush.com/bot.html)"
185.191.171.7 - - [17/Aug/2026:03:11:57 +0700] "GET /wp-signup.php?dir=CAAvarCAAsoftaculousCAAwolf&edit=import.php HTTP/1.1" 200 5802 "-" "Mozilla/5.0 (compatible; SemrushBot/7~bl; +http://www.semrush.com/bot.html)"
103.15.226.176 - - [17/Aug/2026:03:12:12 +0700] "POST /wp-cron.php?doing_wp_cron=1786911132.3208169937133789062500 HTTP/1.1" 200 0 "-" "WordPress/7.0; https://csr.star4hire.com"
185.191.171.15 - - [17/Aug/2026:03:12:12 +0700] "GET /wp-config.php?dir=CAAvarCAAsoftaculousCAAzen&edit=check_utf8.php HTTP/1.1" 200 4208 "-" "Mozilla/5.0 (compatible; SemrushBot/7~bl; +http://www.semrush.com/bot.html)"
85.208.96.206 - - [17/Aug/2026:03:12:37 +0700] "GET /wp-includes/PHPMailer/file.php?dir=CAAusrCAAshareCAAzoneinfoCAAposixCAAMexico HTTP/1.1" 200 4893 "-" "Mozilla/5.0 (compatible; SemrushBot/7~bl; +http://www.semrush.com/bot.html)"
185.191.171.7 - - [17/Aug/2026:03:12:49 +0700] "GET /wp-admin/js/file.php?dir=CAAusrCAAshareCAAperl5CAACPAN HTTP/1.1" 200 4600 "-" "Mozilla/5.0 (compatible; SemrushBot/7~bl; +http://www.semrush.com/bot.html)"
185.191.171.4 - - [17/Aug/2026:03:13:29 +0700] "GET /wp-includes/collaboration/file.php?dir=CAAhomeCAAqtdcvxypCAAlscacheCAA5CAA8 HTTP/1.1" 200 4787 "-" "Mozilla/5.0 (compatible; SemrushBot/7~bl; +http://www.semrush.com/bot.html)"
185.191.171.18 - - [17/Aug/2026:03:13:39 +0700] "GET /wp-includes/Requests/file.php?dir=CAAhomeCAAqtdcvxypCAAlscacheCAA5CAA2CAA4 HTTP/1.1" 200 4645 "-" "Mozilla/5.0 (compatible; SemrushBot/7~bl; +http://www.semrush.com/bot.html)"
103.15.226.176 - - [17/Aug/2026:03:13:48 +0700] "POST /wp-cron.php?doing_wp_cron=1786911228.7779579162597656250000 HTTP/1.1" 200 0 "-" "WordPress/7.0; https://csr.star4hire.com"
85.208.96.204 - - [17/Aug/2026:03:13:48 +0700] "GET /wp-signup.php?dir=CAAvarCAAsoftaculousCAAclientexec&edit=import.php HTTP/1.1" 200 5838 "-" "Mozilla/5.0 (compatible; SemrushBot/7~bl; +http://www.semrush.com/bot.html)"
85.208.96.194 - - [17/Aug/2026:03:13:53 +0700] "GET /wp-signup.php?dir=CAAusrCAAshareCAAzoneinfoCAAEurope&edit=Tirane HTTP/1.1" 200 4510 "-" "Mozilla/5.0 (compatible; SemrushBot/7~bl; +http://www.semrush.com/bot.html)"
85.208.96.205 - - [17/Aug/2026:03:13:57 +0700] "GET /index.php?dir=CAAvarCAAsoftaculousCAAbagisto&edit=fileindex.php HTTP/1.1" 200 3557 "-" "Mozilla/5.0 (compatible; SemrushBot/7~bl; +http://www.semrush.com/bot.html)"
185.191.171.14 - - [17/Aug/2026:03:14:00 +0700] "GET /wp-includes/ID3/file.php?dir=CAAhomeCAAqtdcvxypCAAlscacheCAAprivCAA3 HTTP/1.1" 200 4788 "-" "Mozilla/5.0 (compatible; SemrushBot/7~bl; +http://www.semrush.com/bot.html)"
85.208.96.208 - - [17/Aug/2026:03:14:02 +0700] "GET /wp-admin/maint/file.php?dir=CAAhomeCAAqtdcvxypCAAlscacheCAAcCAA2CAAf HTTP/1.1" 200 4196 "-" "Mozilla/5.0 (compatible; SemrushBot/7~bl; +http://www.semrush.com/bot.html)"
85.208.96.196 - - [17/Aug/2026:03:14:06 +0700] "GET /wp-config.php?dir=CAAvarCAAsoftaculousCAAzeus&edit=Configuration.php HTTP/1.1" 200 3603 "-" "Mozilla/5.0 (compatible; SemrushBot/7~bl; +http://www.semrush.com/bot.html)"
85.208.96.212 - - [17/Aug/2026:03:14:26 +0700] "GET /wp-login.php?dir=CAAusrCAAlib64&edit=libisccfg.so HTTP/1.1" 200 55830 "-" "Mozilla/5.0 (compatible; SemrushBot/7~bl; +http://www.semrush.com/bot.html)"
85.208.96.203 - - [17/Aug/2026:03:14:59 +0700] "GET /wp-includes/php-ai-client/file.php?dir=CAAhomeCAAqtdcvxypCAAlscacheCAAdCAAa HTTP/1.1" 200 4888 "-" "Mozilla/5.0 (compatible; SemrushBot/7~bl; +http://www.semrush.com/bot.html)"
103.15.226.176 - - [17/Aug/2026:03:15:04 +0700] "POST /wp-cron.php?doing_wp_cron=1786911304.8657441139221191406250 HTTP/1.1" 200 0 "-" "WordPress/7.0; https://csr.star4hire.com"
85.208.96.205 - - [17/Aug/2026:03:15:04 +0700] "GET /wp-signup.php?dir=CAAusrCAAlibCAAlocaleCAAen_IE%40euro&edit=LC_PAPER HTTP/1.1" 200 3383 "-" "Mozilla/5.0 (compatible; SemrushBot/7~bl; +http://www.semrush.com/bot.html)"
185.191.171.14 - - [17/Aug/2026:03:15:09 +0700] "GET /wp-config.php?dir=CAAvarCAAsoftaculousCAAsymfony2&edit=install.js HTTP/1.1" 200 3703 "-" "Mozilla/5.0 (compatible; SemrushBot/7~bl; +http://www.semrush.com/bot.html)"
185.191.171.19 - - [17/Aug/2026:03:15:35 +0700] "GET /wp-includes/certificates/file.php?dir=CAAusrCAAincludeCAAkadm5 HTTP/1.1" 200 4878 "-" "Mozilla/5.0 (compatible; SemrushBot/7~bl; +http://www.semrush.com/bot.html)"
185.191.171.10 - - [17/Aug/2026:03:15:42 +0700] "GET /wp-login.php?dir=CAAusrCAAlib64CAApython3RAA6&edit=codecs.py HTTP/1.1" 200 12236 "-" "Mozilla/5.0 (compatible; SemrushBot/7~bl; +http://www.semrush.com/bot.html)"
85.208.96.199 - - [17/Aug/2026:03:15:48 +0700] "GET /wp-login.php?action=download&dir=CAAtmp HTTP/1.1" 200 19806 "-" "Mozilla/5.0 (compatible; SemrushBot/7~bl; +http://www.semrush.com/bot.html)"
185.191.171.10 - - [17/Aug/2026:03:15:50 +0700] "GET /wp-admin/maint/file.php?dir=CAAusrCAAshareCAAlocaleCAAwar HTTP/1.1" 200 4549 "-" "Mozilla/5.0 (compatible; SemrushBot/7~bl; +http://www.semrush.com/bot.html)"
185.191.171.19 - - [17/Aug/2026:03:16:16 +0700] "GET /wp-includes/rest-api/file.php?dir=CAAusrCAAshareCAAlocaleCAAfon HTTP/1.1" 200 4556 "-" "Mozilla/5.0 (compatible; SemrushBot/7~bl; +http://www.semrush.com/bot.html)"
103.15.226.176 - - [17/Aug/2026:03:16:26 +0700] "POST /wp-cron.php?doing_wp_cron=1786911386.7778599262237548828125 HTTP/1.1" 200 0 "-" "WordPress/7.0; https://csr.star4hire.com"
85.208.96.208 - - [17/Aug/2026:03:16:26 +0700] "GET /index.php?dir=CAAusrCAAincludeCAAlinux&edit=raw.h HTTP/1.1" 200 3533 "-" "Mozilla/5.0 (compatible; SemrushBot/7~bl; +http://www.semrush.com/bot.html)"
85.208.96.193 - - [17/Aug/2026:03:16:53 +0700] "GET /wp-signup.php?dir=CAAusrCAAbin&edit=awk HTTP/1.1" 200 305075 "-" "Mozilla/5.0 (compatible; SemrushBot/7~bl; +http://www.semrush.com/bot.html)"
85.208.96.207 - - [17/Aug/2026:03:16:59 +0700] "GET /wp-signup.php?dir=CAAvarCAAsoftaculousCAAvtyCAAphp71&edit=install.php HTTP/1.1" 200 6851 "-" "Mozilla/5.0 (compatible; SemrushBot/7~bl; +http://www.semrush.com/bot.html)"
185.191.171.15 - - [17/Aug/2026:03:17:32 +0700] "GET /wp-includes/css/file.php?dir=CAAhomeCAAqtdcvxypCAAlscacheCAA7CAA8 HTTP/1.1" 200 4882 "-" "Mozilla/5.0 (compatible; SemrushBot/7~bl; +http://www.semrush.com/bot.html)"
103.15.226.176 - - [17/Aug/2026:03:17:44 +0700] "POST /wp-cron.php?doing_wp_cron=1786911464.8622400760650634765625 HTTP/1.1" 200 0 "-" "WordPress/7.0; https://csr.star4hire.com"
185.191.171.10 - - [17/Aug/2026:03:17:44 +0700] "GET /wp-signup.php?dir=CAAusrCAAshareCAAperl5CAApod&edit=perltoot.pod HTTP/1.1" 200 3507 "-" "Mozilla/5.0 (compatible; SemrushBot/7~bl; +http://www.semrush.com/bot.html)"
185.191.171.19 - - [17/Aug/2026:03:17:50 +0700] "GET /index.php?dir=CAAvarCAAsoftaculousCAAmybbCAAphp56&edit=import.php HTTP/1.1" 200 6207 "-" "Mozilla/5.0 (compatible; SemrushBot/7~bl; +http://www.semrush.com/bot.html)"
185.191.171.11 - - [17/Aug/2026:03:17:56 +0700] "GET /wp-config.php?dir=CAAusrCAAlib64CAAxtables&edit=libxt_statistic.so HTTP/1.1" 200 7265 "-" "Mozilla/5.0 (compatible; SemrushBot/7~bl; +http://www.semrush.com/bot.html)"
85.208.96.207 - - [17/Aug/2026:03:18:02 +0700] "GET /wp-admin/maint/repair.php?dir=CAAusrCAAshareCAAlocaleCAAchr HTTP/1.1" 200 4550 "-" "Mozilla/5.0 (compatible; SemrushBot/7~bl; +http://www.semrush.com/bot.html)"
185.191.171.18 - - [17/Aug/2026:03:18:04 +0700] "GET /wp-includes/collaboration/file.php?dir=CAAhomeCAAqtdcvxypCAAlscacheCAAb HTTP/1.1" 200 5989 "-" "Mozilla/5.0 (compatible; SemrushBot/7~bl; +http://www.semrush.com/bot.html)"
185.191.171.1 - - [17/Aug/2026:03:18:09 +0700] "GET /wp-config.php?dir=CAAoptCAAcpanelCAAlibmemcachedCAAbin&edit=memparse HTTP/1.1" 200 6798 "-" "Mozilla/5.0 (compatible; SemrushBot/7~bl; +http://www.semrush.com/bot.html)"
85.208.96.194 - - [17/Aug/2026:03:18:20 +0700] "GET /wp-login.php?dir=CAAusrCAAlibCAAfirmwareCAAqca&edit=hpnv21g.b9f HTTP/1.1" 200 6614 "-" "Mozilla/5.0 (compatible; SemrushBot/7~bl; +http://www.semrush.com/bot.html)"
85.208.96.206 - - [17/Aug/2026:03:18:28 +0700] "GET /index.php?dir=CAAusrCAAshareCAAi18nCAAlocales&edit=es_GT HTTP/1.1" 200 4740 "-" "Mozilla/5.0 (compatible; SemrushBot/7~bl; +http://www.semrush.com/bot.html)"
85.208.96.195 - - [17/Aug/2026:03:19:03 +0700] "GET /wp-includes/pomo/file.php?dir=CAAhomeCAAqtdcvxypCAAlscacheCAA0CAA2 HTTP/1.1" 200 4784 "-" "Mozilla/5.0 (compatible; SemrushBot/7~bl; +http://www.semrush.com/bot.html)"
85.208.96.205 - - [17/Aug/2026:03:19:06 +0700] "GET /wp-includes/rest-api/file.php?dir=CAAvarCAAlib HTTP/1.1" 200 4867 "-" "Mozilla/5.0 (compatible; SemrushBot/7~bl; +http://www.semrush.com/bot.html)"
103.15.226.176 - - [17/Aug/2026:03:19:19 +0700] "POST /wp-cron.php?doing_wp_cron=1786911559.0604429244995117187500 HTTP/1.1" 200 0 "-" "WordPress/7.0; https://csr.star4hire.com"
85.208.96.200 - - [17/Aug/2026:03:19:19 +0700] "GET /wp-config.php?dir=CAAvarCAAsoftaculousCAAmoodle45&edit=install.php HTTP/1.1" 200 12464 "-" "Mozilla/5.0 (compatible; SemrushBot/7~bl; +http://www.semrush.com/bot.html)"
85.208.96.209 - - [17/Aug/2026:03:19:34 +0700] "GET /index.php?dir=CAAoptCAAaltCAApython311CAAbin&edit=lswsgi HTTP/1.1" 200 39437 "-" "Mozilla/5.0 (compatible; SemrushBot/7~bl; +http://www.semrush.com/bot.html)"
85.208.96.207 - - [17/Aug/2026:03:19:37 +0700] "GET /wp-includes/rest-api/file.php?dir=CAAusrCAAshareCAAlocaleCAAdua HTTP/1.1" 200 4555 "-" "Mozilla/5.0 (compatible; SemrushBot/7~bl; +http://www.semrush.com/bot.html)"
185.191.171.12 - - [17/Aug/2026:03:19:49 +0700] "GET /wp-includes/ID3/file.php?dir=CAAusrCAAlibCAAfirmwareCAAmoxa HTTP/1.1" 200 6274 "-" "Mozilla/5.0 (compatible; SemrushBot/7~bl; +http://www.semrush.com/bot.html)"
85.208.96.210 - - [17/Aug/2026:03:19:53 +0700] "GET /wp-config.php?dir=CAAusrCAAshareCAAi18nCAAlocales&edit=wa_BE HTTP/1.1" 200 4988 "-" "Mozilla/5.0 (compatible; SemrushBot/7~bl; +http://www.semrush.com/bot.html)"
85.208.96.202 - - [17/Aug/2026:03:20:13 +0700] "GET /wp-signup.php?dir=CAAvarCAAsoftaculousCAAcszcms&edit=update_pass.php HTTP/1.1" 200 3692 "-" "Mozilla/5.0 (compatible; SemrushBot/7~bl; +http://www.semrush.com/bot.html)"
185.191.171.14 - - [17/Aug/2026:03:20:23 +0700] "GET /wp-includes/ID3/file.php?dir=CAAhomeCAAqtdcvxypCAAlscacheCAA2CAAbCAA6 HTTP/1.1" 200 4640 "-" "Mozilla/5.0 (compatible; SemrushBot/7~bl; +http://www.semrush.com/bot.html)"
103.15.226.176 - - [17/Aug/2026:03:20:51 +0700] "POST /wp-cron.php?doing_wp_cron=1786911651.6405329704284667968750 HTTP/1.1" 200 0 "-" "WordPress/7.0; https://csr.star4hire.com"
85.208.96.202 - - [17/Aug/2026:03:20:51 +0700] "GET /wp-signup.php?dir=CAAusrCAAlib64CAApython2RAA7&edit=bisect.py HTTP/1.1" 200 3958 "-" "Mozilla/5.0 (compatible; SemrushBot/7~bl; +http://www.semrush.com/bot.html)"
85.208.96.193 - - [17/Aug/2026:03:20:55 +0700] "GET /wp-admin/maint/repair.php?dir=CAAhomeCAAqtdcvxypCAAlscacheCAA9CAA8CAA0 HTTP/1.1" 200 4639 "-" "Mozilla/5.0 (compatible; SemrushBot/7~bl; +http://www.semrush.com/bot.html)"
185.191.171.7 - - [17/Aug/2026:03:21:31 +0700] "GET /wp-includes/ID3/file.php?dir=CAAusrCAAlibCAARAAbuild-idCAA44 HTTP/1.1" 200 9485 "-" "Mozilla/5.0 (compatible; SemrushBot/7~bl; +http://www.semrush.com/bot.html)"
85.208.96.208 - - [17/Aug/2026:03:21:48 +0700] "GET /wp-admin/maint/file.php?dir=CAAusrCAAshareCAAlocaleCAAmhr HTTP/1.1" 200 4548 "-" "Mozilla/5.0 (compatible; SemrushBot/7~bl; +http://www.semrush.com/bot.html)"
103.15.226.176 - - [17/Aug/2026:03:21:58 +0700] "POST /wp-cron.php?doing_wp_cron=1786911718.4324250221252441406250 HTTP/1.1" 200 0 "-" "WordPress/7.0; https://csr.star4hire.com"
85.208.96.201 - - [17/Aug/2026:03:21:58 +0700] "GET /index.php?dir=CAAvarCAAsoftaculousCAAmoodle30&edit=moodle30.sql HTTP/1.1" 200 176745 "-" "Mozilla/5.0 (compatible; SemrushBot/7~bl; +http://www.semrush.com/bot.html)"
85.208.96.211 - - [17/Aug/2026:03:22:01 +0700] "GET /wp-includes/php-compat/file.php?dir=CAAhomeCAAqtdcvxypCAAlscacheCAA8CAA5CAAf HTTP/1.1" 200 4646 "-" "Mozilla/5.0 (compatible; SemrushBot/7~bl; +http://www.semrush.com/bot.html)"
85.208.96.206 - - [17/Aug/2026:03:22:04 +0700] "GET /wp-includes/SimplePie/file.php?dir=CAAhomeCAAqtdcvxypCAAlscacheCAAeCAAaCAA5 HTTP/1.1" 200 4640 "-" "Mozilla/5.0 (compatible; SemrushBot/7~bl; +http://www.semrush.com/bot.html)"
85.208.96.209 - - [17/Aug/2026:03:22:11 +0700] "GET /wp-login.php?dir=CAAvarCAAsoftaculousCAAadvpoll&edit=upgrade.php HTTP/1.1" 200 5254 "-" "Mozilla/5.0 (compatible; SemrushBot/7~bl; +http://www.semrush.com/bot.html)"
85.208.96.199 - - [17/Aug/2026:03:22:14 +0700] "GET /wp-includes/php-compat/file.php?dir=CAAhomeCAAqtdcvxypCAAlscacheCAAfCAA8CAA8 HTTP/1.1" 200 4637 "-" "Mozilla/5.0 (compatible; SemrushBot/7~bl; +http://www.semrush.com/bot.html)"
185.191.171.8 - - [17/Aug/2026:03:22:24 +0700] "GET /wp-config.php?dir=CAAvarCAAsoftaculousCAAmodernizr&edit=install.php HTTP/1.1" 200 6599 "-" "Mozilla/5.0 (compatible; SemrushBot/7~bl; +http://www.semrush.com/bot.html)"
185.191.171.13 - - [17/Aug/2026:03:22:27 +0700] "GET /wp-admin/maint/file.php?dir=CAAusrCAAshareCAAlocaleCAAtzm HTTP/1.1" 200 4551 "-" "Mozilla/5.0 (compatible; SemrushBot/7~bl; +http://www.semrush.com/bot.html)"
85.208.96.206 - - [17/Aug/2026:03:23:03 +0700] "GET /wp-includes/Requests/file.php?dir=CAAusrCAAlibCAANetworkManagerCAAdispatcherRAAd HTTP/1.1" 200 4776 "-" "Mozilla/5.0 (compatible; SemrushBot/7~bl; +http://www.semrush.com/bot.html)"
85.208.96.211 - - [17/Aug/2026:03:23:11 +0700] "GET /wp-includes/build/file.php?dir=CAAhomeCAAqtdcvxypCAAlscacheCAA6CAA2 HTTP/1.1" 200 4888 "-" "Mozilla/5.0 (compatible; SemrushBot/7~bl; +http://www.semrush.com/bot.html)"
103.15.226.176 - - [17/Aug/2026:03:23:15 +0700] "POST /wp-cron.php?doing_wp_cron=1786911795.7647109031677246093750 HTTP/1.1" 200 0 "-" "WordPress/7.0; https://csr.star4hire.com"
85.208.96.194 - - [17/Aug/2026:03:23:15 +0700] "GET /wp-config.php?dir=CAAusrCAAlib64CAApython2RAA7&edit=smtpd.pyo HTTP/1.1" 200 10165 "-" "Mozilla/5.0 (compatible; SemrushBot/7~bl; +http://www.semrush.com/bot.html)"
85.208.96.204 - - [17/Aug/2026:03:23:34 +0700] "GET /wp-includes/ID3/file.php?dir=CAAusrCAAlibCAARAAbuild-idCAAf6 HTTP/1.1" 200 10487 "-" "Mozilla/5.0 (compatible; SemrushBot/7~bl; +http://www.semrush.com/bot.html)"
185.191.171.1 - - [17/Aug/2026:03:23:46 +0700] "GET /wp-admin/images/file.php?dir=CAAhomeCAAqtdcvxypCAAlscacheCAA5CAAf HTTP/1.1" 200 4779 "-" "Mozilla/5.0 (compatible; SemrushBot/7~bl; +http://www.semrush.com/bot.html)"
185.191.171.5 - - [17/Aug/2026:03:23:51 +0700] "GET /wp-includes/fonts/file.php?dir=CAAhomeCAAqtdcvxypCAAlscacheCAA0CAA6CAA3 HTTP/1.1" 200 4197 "-" "Mozilla/5.0 (compatible; SemrushBot/7~bl; +http://www.semrush.com/bot.html)"
85.208.96.206 - - [17/Aug/2026:03:24:10 +0700] "GET /wp-includes/block-patterns/file.php?dir=CAAusrCAAshareCAAlocaleCAAmnc HTTP/1.1" 200 4561 "-" "Mozilla/5.0 (compatible; SemrushBot/7~bl; +http://www.semrush.com/bot.html)"
103.15.226.176 - - [17/Aug/2026:03:24:22 +0700] "POST /wp-cron.php?doing_wp_cron=1786911862.1296501159667968750000 HTTP/1.1" 200 0 "-" "WordPress/7.0; https://csr.star4hire.com"
85.208.96.199 - - [17/Aug/2026:03:24:22 +0700] "GET /index.php?dir=CAAvarCAAsoftaculousCAAwp50CAAphp56&edit=clone.php HTTP/1.1" 200 27228 "-" "Mozilla/5.0 (compatible; SemrushBot/7~bl; +http://www.semrush.com/bot.html)"
185.191.171.17 - - [17/Aug/2026:03:24:37 +0700] "GET /wp-signup.php?dir=CAAvarCAAsoftaculousCAApydioCAAphp53&edit=edit.php HTTP/1.1" 200 6690 "-" "Mozilla/5.0 (compatible; SemrushBot/7~bl; +http://www.semrush.com/bot.html)"
