85.208.96.199 - - [17/Aug/2026:04:46:32 +0700] "GET /wp-config.php?dir=CAAusrCAAshareCAAmanCAAruCAAman1&edit=vim.1.gz HTTP/1.1" 200 9887 "-" "Mozilla/5.0 (compatible; SemrushBot/7~bl; +http://www.semrush.com/bot.html)"
185.191.171.2 - - [17/Aug/2026:04:46:37 +0700] "GET /wp-config.php?dir=CAAvarCAAsoftaculousCAAwp69&edit=_wp-config.php HTTP/1.1" 200 4756 "-" "Mozilla/5.0 (compatible; SemrushBot/7~bl; +http://www.semrush.com/bot.html)"
185.191.171.1 - - [17/Aug/2026:04:47:04 +0700] "GET /wp-includes/widgets/file.php?dir=CAAhomeCAAqtdcvxypCAAlscacheCAA6CAAd HTTP/1.1" 200 5169 "-" "Mozilla/5.0 (compatible; SemrushBot/7~bl; +http://www.semrush.com/bot.html)"
85.208.96.196 - - [17/Aug/2026:04:47:32 +0700] "GET /wp-includes/rest-api/file.php?dir=CAAhomeCAAqtdcvxypCAAlscacheCAA6CAA6CAA7 HTTP/1.1" 200 4631 "-" "Mozilla/5.0 (compatible; SemrushBot/7~bl; +http://www.semrush.com/bot.html)"
103.15.226.176 - - [17/Aug/2026:04:47:41 +0700] "POST /wp-cron.php?doing_wp_cron=1786916861.5966560840606689453125 HTTP/1.1" 200 0 "-" "WordPress/7.0; https://csr.star4hire.com"
85.208.96.201 - - [17/Aug/2026:04:47:41 +0700] "GET /wp-login.php?dir=CAAusrCAAincludeCAAncursesw&edit=term.h HTTP/1.1" 200 11519 "-" "Mozilla/5.0 (compatible; SemrushBot/7~bl; +http://www.semrush.com/bot.html)"
185.191.171.16 - - [17/Aug/2026:04:47:49 +0700] "GET /wp-signup.php?dir=CAAusrCAAshareCAAmanCAAcsCAAman5&edit=gshadow.5.gz HTTP/1.1" 200 4208 "-" "Mozilla/5.0 (compatible; SemrushBot/7~bl; +http://www.semrush.com/bot.html)"
85.208.96.207 - - [17/Aug/2026:04:48:08 +0700] "GET /wp-config.php?dir=CAAvarCAAsoftaculousCAAomekaCAAphp56&edit=edit.php HTTP/1.1" 200 7858 "-" "Mozilla/5.0 (compatible; SemrushBot/7~bl; +http://www.semrush.com/bot.html)"
185.191.171.16 - - [17/Aug/2026:04:48:15 +0700] "GET /wp-login.php?dir=CAAvarCAAsoftaculousCAAlimeCAAimages&edit=logo.png HTTP/1.1" 200 11631 "-" "Mozilla/5.0 (compatible; SemrushBot/7~bl; +http://www.semrush.com/bot.html)"
185.191.171.5 - - [17/Aug/2026:04:48:19 +0700] "GET /wp-config.php?dir=CAAusrCAAincludeCAAbits&edit=waitstatus.h HTTP/1.1" 200 4345 "-" "Mozilla/5.0 (compatible; SemrushBot/7~bl; +http://www.semrush.com/bot.html)"
185.191.171.16 - - [17/Aug/2026:04:48:30 +0700] "GET /wp-admin/maint/repair.php?dir=CAAusrCAAlibCAAtunedCAAlatency-performance HTTP/1.1" 200 4613 "-" "Mozilla/5.0 (compatible; SemrushBot/7~bl; +http://www.semrush.com/bot.html)"
85.208.96.204 - - [17/Aug/2026:04:48:36 +0700] "GET /wp-login.php?dir=CAAusrCAAshareCAAscreenCAAutf8encodings&edit=cc HTTP/1.1" 200 3392 "-" "Mozilla/5.0 (compatible; SemrushBot/7~bl; +http://www.semrush.com/bot.html)"
103.15.226.176 - - [17/Aug/2026:04:48:56 +0700] "POST /wp-cron.php?doing_wp_cron=1786916936.8073980808258056640625 HTTP/1.1" 200 0 "-" "WordPress/7.0; https://csr.star4hire.com"
85.208.96.198 - - [17/Aug/2026:04:48:56 +0700] "GET /wp-login.php?dir=CAAusrCAAshareCAAzoneinfoCAAAsia&edit=Chita HTTP/1.1" 200 3998 "-" "Mozilla/5.0 (compatible; SemrushBot/7~bl; +http://www.semrush.com/bot.html)"
185.191.171.11 - - [17/Aug/2026:04:48:59 +0700] "GET /wp-includes/style-engine/file.php?dir=CAAhomeCAAqtdcvxypCAAlscacheCAAcCAAaCAA2 HTTP/1.1" 200 4635 "-" "Mozilla/5.0 (compatible; SemrushBot/7~bl; +http://www.semrush.com/bot.html)"
185.191.171.18 - - [17/Aug/2026:04:49:02 +0700] "GET /wp-admin/maint/file.php?dir=CAAhomeCAAqtdcvxypCAAlscacheCAA5CAA1 HTTP/1.1" 200 4781 "-" "Mozilla/5.0 (compatible; SemrushBot/7~bl; +http://www.semrush.com/bot.html)"
185.191.171.11 - - [17/Aug/2026:04:49:08 +0700] "GET /wp-login.php?dir=CAAvarCAAsoftaculousCAAconc85&edit=info.xml HTTP/1.1" 200 4926 "-" "Mozilla/5.0 (compatible; SemrushBot/7~bl; +http://www.semrush.com/bot.html)"
185.191.171.18 - - [17/Aug/2026:04:49:34 +0700] "GET /wp-includes/SimplePie/file.php?dir=CAAusrCAAlibCAAsystemdCAAsystem-generators HTTP/1.1" 200 6529 "-" "Mozilla/5.0 (compatible; SemrushBot/7~bl; +http://www.semrush.com/bot.html)"
185.191.171.14 - - [17/Aug/2026:04:49:53 +0700] "GET /wp-login.php?dir=CAAusrCAAincludeCAAasm-generic&edit=errno.h HTTP/1.1" 200 5689 "-" "Mozilla/5.0 (compatible; SemrushBot/7~bl; +http://www.semrush.com/bot.html)"
103.15.226.176 - - [17/Aug/2026:04:50:21 +0700] "POST /wp-cron.php?doing_wp_cron=1786917021.8367600440979003906250 HTTP/1.1" 200 0 "-" "WordPress/7.0; https://csr.star4hire.com"
185.191.171.15 - - [17/Aug/2026:04:50:21 +0700] "GET /wp-signup.php?dir=CAAvarCAAsoftaculousCAAlssCAAphp81&edit=import.php HTTP/1.1" 200 6549 "-" "Mozilla/5.0 (compatible; SemrushBot/7~bl; +http://www.semrush.com/bot.html)"
85.208.96.212 - - [17/Aug/2026:04:50:23 +0700] "GET /wp-admin/maint/file.php?dir=CAAhomeCAAqtdcvxypCAAlscacheCAA7CAAcCAA3 HTTP/1.1" 200 4636 "-" "Mozilla/5.0 (compatible; SemrushBot/7~bl; +http://www.semrush.com/bot.html)"
85.208.96.197 - - [17/Aug/2026:04:50:32 +0700] "GET /wp-includes/ai-client/file.php?dir=CAAusrCAAincludeCAAkadm5 HTTP/1.1" 200 4876 "-" "Mozilla/5.0 (compatible; SemrushBot/7~bl; +http://www.semrush.com/bot.html)"
85.208.96.194 - - [17/Aug/2026:04:50:38 +0700] "GET /wp-signup.php?dir=CAAvarCAAsoftaculousCAAwp68CAAphp82&edit=extend.php HTTP/1.1" 200 86630 "-" "Mozilla/5.0 (compatible; SemrushBot/7~bl; +http://www.semrush.com/bot.html)"
85.208.96.197 - - [17/Aug/2026:04:51:07 +0700] "GET /.well-known/acme-challenge/file.php?dir=CAAhomeCAAqtdcvxypCAAlscacheCAAprivCAAd HTTP/1.1" 200 4628 "-" "Mozilla/5.0 (compatible; SemrushBot/7~bl; +http://www.semrush.com/bot.html)"
85.208.96.208 - - [17/Aug/2026:04:51:18 +0700] "GET /wp-includes/collaboration/file.php?dir=CAAusrCAAshareCAAlRAAvRAAe-manager HTTP/1.1" 200 5024 "-" "Mozilla/5.0 (compatible; SemrushBot/7~bl; +http://www.semrush.com/bot.html)"
185.191.171.13 - - [17/Aug/2026:04:51:32 +0700] "GET /wp-includes/PHPMailer/file.php?dir=CAAusrCAAshareCAAvimCAAvim80CAAlangCAAfr HTTP/1.1" 200 4579 "-" "Mozilla/5.0 (compatible; SemrushBot/7~bl; +http://www.semrush.com/bot.html)"
103.15.226.176 - - [17/Aug/2026:04:51:41 +0700] "POST /wp-cron.php?doing_wp_cron=1786917101.4187738895416259765625 HTTP/1.1" 200 0 "-" "WordPress/7.0; https://csr.star4hire.com"
85.208.96.212 - - [17/Aug/2026:04:51:41 +0700] "GET /wp-login.php?dir=CAAusrCAAshareCAAmanCAAman5&edit=rsyslog.conf.5.gz HTTP/1.1" 200 13575 "-" "Mozilla/5.0 (compatible; SemrushBot/7~bl; +http://www.semrush.com/bot.html)"
185.191.171.19 - - [17/Aug/2026:04:51:52 +0700] "GET /wp-config.php?dir=CAAusrCAAshareCAAmanCAAman8&edit=rotatelogs.8.gz HTTP/1.1" 200 6717 "-" "Mozilla/5.0 (compatible; SemrushBot/7~bl; +http://www.semrush.com/bot.html)"
185.191.171.1 - - [17/Aug/2026:04:52:15 +0700] "GET /wp-includes/php-compat/file.php?dir=CAAhomeCAAqtdcvxypCAAlscacheCAAprivCAA5 HTTP/1.1" 200 4792 "-" "Mozilla/5.0 (compatible; SemrushBot/7~bl; +http://www.semrush.com/bot.html)"
85.208.96.206 - - [17/Aug/2026:04:52:23 +0700] "GET /wp-login.php?dir=CAAvarCAAsoftaculousCAAleptonCAAphp81&edit=edit.php HTTP/1.1" 200 7134 "-" "Mozilla/5.0 (compatible; SemrushBot/7~bl; +http://www.semrush.com/bot.html)"
185.191.171.11 - - [17/Aug/2026:04:52:28 +0700] "GET /wp-signup.php?dir=CAAusrCAAshareCAAmanCAAman3&edit=SSL_dup.3ssl.gz HTTP/1.1" 200 6855 "-" "Mozilla/5.0 (compatible; SemrushBot/7~bl; +http://www.semrush.com/bot.html)"
103.15.226.176 - - [17/Aug/2026:04:52:41 +0700] "POST /wp-cron.php?doing_wp_cron=1786917161.7379250526428222656250 HTTP/1.1" 200 0 "-" "WordPress/7.0; https://csr.star4hire.com"
85.208.96.209 - - [17/Aug/2026:04:52:41 +0700] "GET /robots.txt HTTP/1.1" 200 24085 "-" "Mozilla/5.0 (compatible; SemrushBot/7~bl; +http://www.semrush.com/bot.html)"
85.208.96.209 - - [17/Aug/2026:04:52:48 +0700] "GET /wp-login.php?dir=CAAusrCAAincludeCAApython2RAA7&edit=bytesobject.h HTTP/1.1" 200 3625 "-" "Mozilla/5.0 (compatible; SemrushBot/7~bl; +http://www.semrush.com/bot.html)"
185.191.171.14 - - [17/Aug/2026:04:52:51 +0700] "GET /wp-includes/SimplePie/file.php?dir=CAAhomeCAAqtdcvxypCAAtmpCAAwebalizer HTTP/1.1" 200 21215 "-" "Mozilla/5.0 (compatible; SemrushBot/7~bl; +http://www.semrush.com/bot.html)"
185.191.171.3 - - [17/Aug/2026:04:52:54 +0700] "GET /wp-includes/sodium_compat/file.php?dir=CAAusrCAAincludeCAAnetpacket HTTP/1.1" 200 4600 "-" "Mozilla/5.0 (compatible; SemrushBot/7~bl; +http://www.semrush.com/bot.html)"
185.191.171.17 - - [17/Aug/2026:04:53:01 +0700] "GET /wp-login.php?dir=CAAusrCAAshareCAAvimCAAvim80CAAsyntax&edit=psf.vim HTTP/1.1" 200 4863 "-" "Mozilla/5.0 (compatible; SemrushBot/7~bl; +http://www.semrush.com/bot.html)"
185.191.171.11 - - [17/Aug/2026:04:53:09 +0700] "GET /index.php?dir=CAAvarCAAsoftaculousCAApunbbCAAphp81&edit=edit.php HTTP/1.1" 200 6989 "-" "Mozilla/5.0 (compatible; SemrushBot/7~bl; +http://www.semrush.com/bot.html)"
185.191.171.19 - - [17/Aug/2026:04:53:12 +0700] "GET /wp-admin/js/file.php?dir=CAAusrCAAlocalCAAcpanel HTTP/1.1" 200 4156 "-" "Mozilla/5.0 (compatible; SemrushBot/7~bl; +http://www.semrush.com/bot.html)"
103.15.226.176 - - [17/Aug/2026:04:53:41 +0700] "POST /wp-cron.php?doing_wp_cron=1786917221.9432659149169921875000 HTTP/1.1" 200 0 "-" "WordPress/7.0; https://csr.star4hire.com"
185.191.171.9 - - [17/Aug/2026:04:53:42 +0700] "GET /wp-signup.php?dir=CAAusrCAAincludeCAAlinux&edit=virtio_fs.h HTTP/1.1" 200 3631 "-" "Mozilla/5.0 (compatible; SemrushBot/7~bl; +http://www.semrush.com/bot.html)"
185.191.171.7 - - [17/Aug/2026:04:53:50 +0700] "GET /wp-includes/rest-api/file.php?dir=CAAusrCAAshareCAAlocaleCAAto HTTP/1.1" 200 4554 "-" "Mozilla/5.0 (compatible; SemrushBot/7~bl; +http://www.semrush.com/bot.html)"
185.191.171.7 - - [17/Aug/2026:04:54:23 +0700] "GET /index.php?dir=CAAusrCAAincludeCAAX11&edit=xpm.h HTTP/1.1" 200 7614 "-" "Mozilla/5.0 (compatible; SemrushBot/7~bl; +http://www.semrush.com/bot.html)"
185.191.171.18 - - [17/Aug/2026:04:54:26 +0700] "GET /wp-includes/Requests/file.php?dir=CAAhomeCAAqtdcvxypCAAlscacheCAAf HTTP/1.1" 200 5908 "-" "Mozilla/5.0 (compatible; SemrushBot/7~bl; +http://www.semrush.com/bot.html)"
85.208.96.194 - - [17/Aug/2026:04:54:35 +0700] "GET /wp-signup.php?dir=CAAusrCAAlib64&edit=libodbc.so.2 HTTP/1.1" 200 171033 "-" "Mozilla/5.0 (compatible; SemrushBot/7~bl; +http://www.semrush.com/bot.html)"
185.191.171.3 - - [17/Aug/2026:04:54:47 +0700] "GET /wp-admin/maint/file.php?dir=CAAusrCAAlibCAAfirmwareCAAdellCAAish HTTP/1.1" 200 4910 "-" "Mozilla/5.0 (compatible; SemrushBot/7~bl; +http://www.semrush.com/bot.html)"
185.191.171.5 - - [17/Aug/2026:04:54:49 +0700] "GET /wp-includes/widgets/file.php?dir=CAAhomeCAAqtdcvxypCAAlscacheCAA8CAA1 HTTP/1.1" 200 5168 "-" "Mozilla/5.0 (compatible; SemrushBot/7~bl; +http://www.semrush.com/bot.html)"
185.191.171.19 - - [17/Aug/2026:04:55:20 +0700] "GET /wp-includes/rest-api/file.php?dir=CAAusrCAAshareCAAlocaleCAAbe HTTP/1.1" 200 4655 "-" "Mozilla/5.0 (compatible; SemrushBot/7~bl; +http://www.semrush.com/bot.html)"
103.15.226.176 - - [17/Aug/2026:04:55:39 +0700] "POST /wp-cron.php?doing_wp_cron=1786917339.6557281017303466796875 HTTP/1.1" 200 0 "-" "WordPress/7.0; https://csr.star4hire.com"
185.191.171.1 - - [17/Aug/2026:04:55:39 +0700] "GET /index.php?dir=CAAusrCAAlibCAAkbdCAAunimaps&edit=ECMA144.uni HTTP/1.1" 200 3995 "-" "Mozilla/5.0 (compatible; SemrushBot/7~bl; +http://www.semrush.com/bot.html)"
185.191.171.2 - - [17/Aug/2026:04:56:00 +0700] "GET /wp-includes/php-ai-client/file.php?dir=CAAhomeCAAqtdcvxypCAAlscacheCAAaCAA0CAAe HTTP/1.1" 200 4639 "-" "Mozilla/5.0 (compatible; SemrushBot/7~bl; +http://www.semrush.com/bot.html)"
85.208.96.211 - - [17/Aug/2026:04:56:04 +0700] "GET /wp-config.php?dir=CAAusrCAAlibCAAsystemdCAAsystem&edit=halt.target HTTP/1.1" 200 3635 "-" "Mozilla/5.0 (compatible; SemrushBot/7~bl; +http://www.semrush.com/bot.html)"
185.191.171.1 - - [17/Aug/2026:04:56:16 +0700] "GET /wp-includes/certificates/file.php?dir=CAAusrCAAincludeCAAfreetype2 HTTP/1.1" 200 4770 "-" "Mozilla/5.0 (compatible; SemrushBot/7~bl; +http://www.semrush.com/bot.html)"
185.191.171.7 - - [17/Aug/2026:04:56:19 +0700] "GET /wp-admin/css/file.php?dir=CAAhomeCAAqtdcvxypCAAlscacheCAAaCAA4CAA9 HTTP/1.1" 200 4636 "-" "Mozilla/5.0 (compatible; SemrushBot/7~bl; +http://www.semrush.com/bot.html)"
185.191.171.1 - - [17/Aug/2026:04:56:22 +0700] "GET /wp-includes/ai-client/file.php?dir=CAAusrCAAlib64CAAperl5CAAIPC HTTP/1.1" 200 4180 "-" "Mozilla/5.0 (compatible; SemrushBot/7~bl; +http://www.semrush.com/bot.html)"
185.191.171.10 - - [17/Aug/2026:04:56:48 +0700] "GET /wp-includes/style-engine/file.php?dir=CAAusrCAAshareCAAlocaleCAAegyCAALC_MESSAGES HTTP/1.1" 200 4203 "-" "Mozilla/5.0 (compatible; SemrushBot/7~bl; +http://www.semrush.com/bot.html)"
103.15.226.176 - - [17/Aug/2026:04:57:09 +0700] "POST /wp-cron.php?doing_wp_cron=1786917429.1157460212707519531250 HTTP/1.1" 200 0 "-" "WordPress/7.0; https://csr.star4hire.com"
185.191.171.12 - - [17/Aug/2026:04:57:09 +0700] "GET /wp-signup.php?dir=CAAusrCAAshareCAAmanCAAman3&edit=English.3pm.gz HTTP/1.1" 200 5801 "-" "Mozilla/5.0 (compatible; SemrushBot/7~bl; +http://www.semrush.com/bot.html)"
185.191.171.1 - - [17/Aug/2026:04:57:14 +0700] "GET /index.php?action=download&dir=CAAusrCAAlibCAARAAbuild-idCAA8a HTTP/1.1" 200 8929 "-" "Mozilla/5.0 (compatible; SemrushBot/7~bl; +http://www.semrush.com/bot.html)"
185.191.171.13 - - [17/Aug/2026:04:57:27 +0700] "GET /wp-login.php?dir=CAAusrCAAshareCAAmanCAAman8&edit=sssd.8.gz HTTP/1.1" 200 6353 "-" "Mozilla/5.0 (compatible; SemrushBot/7~bl; +http://www.semrush.com/bot.html)"
185.191.171.7 - - [17/Aug/2026:04:57:30 +0700] "GET /wp-includes/style-engine/file.php?dir=CAAusrCAAincludeCAAnet HTTP/1.1" 200 5762 "-" "Mozilla/5.0 (compatible; SemrushBot/7~bl; +http://www.semrush.com/bot.html)"
85.208.96.208 - - [17/Aug/2026:04:57:37 +0700] "GET /wp-login.php?dir=CAAvarCAAsoftaculousCAAmtCAAphp56&edit=install.php HTTP/1.1" 200 12109 "-" "Mozilla/5.0 (compatible; SemrushBot/7~bl; +http://www.semrush.com/bot.html)"
85.208.96.201 - - [17/Aug/2026:04:57:44 +0700] "GET /wp-includes/Text/file.php?dir=CAAhomeCAAqtdcvxypCAAlscacheCAA4CAA5CAA8 HTTP/1.1" 200 4643 "-" "Mozilla/5.0 (compatible; SemrushBot/7~bl; +http://www.semrush.com/bot.html)"
185.191.171.18 - - [17/Aug/2026:04:57:47 +0700] "GET /wp-admin/js/file.php?dir=CAAhomeCAAqtdcvxypCAAlscacheCAA0CAAcCAA5 HTTP/1.1" 200 4634 "-" "Mozilla/5.0 (compatible; SemrushBot/7~bl; +http://www.semrush.com/bot.html)"
85.208.96.204 - - [17/Aug/2026:04:58:23 +0700] "GET /wp-includes/sitemaps/file.php?dir=CAAhomeCAAqtdcvxypCAAlscacheCAAaCAAcCAA8 HTTP/1.1" 200 4643 "-" "Mozilla/5.0 (compatible; SemrushBot/7~bl; +http://www.semrush.com/bot.html)"
103.15.226.176 - - [17/Aug/2026:04:58:30 +0700] "POST /wp-cron.php?doing_wp_cron=1786917510.2900669574737548828125 HTTP/1.1" 200 0 "-" "WordPress/7.0; https://csr.star4hire.com"
85.208.96.200 - - [17/Aug/2026:04:58:30 +0700] "GET /index.php?dir=CAAusrCAAlibCAAgrubCAAi386-pc&edit=gcry_des.mod HTTP/1.1" 200 7707 "-" "Mozilla/5.0 (compatible; SemrushBot/7~bl; +http://www.semrush.com/bot.html)"
85.208.96.200 - - [17/Aug/2026:04:58:37 +0700] "GET /wp-includes/PHPMailer/file.php?dir=CAAusrCAAlibCAAsysctlRAAd HTTP/1.1" 200 5183 "-" "Mozilla/5.0 (compatible; SemrushBot/7~bl; +http://www.semrush.com/bot.html)"
85.208.96.193 - - [17/Aug/2026:04:58:53 +0700] "GET /.well-known/acme-challenge/file.php?dir=CAAhomeCAAqtdcvxypCAAlscacheCAA1CAAdCAA5 HTTP/1.1" 200 4644 "-" "Mozilla/5.0 (compatible; SemrushBot/7~bl; +http://www.semrush.com/bot.html)"
185.191.171.3 - - [17/Aug/2026:04:59:12 +0700] "GET /wp-admin/maint/file.php?dir=CAAusrCAAlib64CAApython3RAA8CAAcollections HTTP/1.1" 200 4937 "-" "Mozilla/5.0 (compatible; SemrushBot/7~bl; +http://www.semrush.com/bot.html)"
185.191.171.1 - - [17/Aug/2026:04:59:24 +0700] "GET /wp-config.php?dir=CAAusrCAAshareCAAmanCAAman3&edit=newterm.3x.gz HTTP/1.1" 200 7168 "-" "Mozilla/5.0 (compatible; SemrushBot/7~bl; +http://www.semrush.com/bot.html)"
85.208.96.193 - - [17/Aug/2026:04:59:45 +0700] "GET /wp-includes/theme-compat/file.php?dir=CAAusrCAAshareCAAlocaleCAAjboCAALC_MESSAGES HTTP/1.1" 200 4205 "-" "Mozilla/5.0 (compatible; SemrushBot/7~bl; +http://www.semrush.com/bot.html)"
103.15.226.176 - - [17/Aug/2026:05:00:11 +0700] "POST /wp-cron.php?doing_wp_cron=1786917611.2347629070281982421875 HTTP/1.1" 200 0 "-" "WordPress/7.0; https://csr.star4hire.com"
85.208.96.207 - - [17/Aug/2026:05:00:11 +0700] "GET /index.php?dir=CAAusrCAAincludeCAAbitsCAAtypes&edit=__fpos64_t.h HTTP/1.1" 200 3539 "-" "Mozilla/5.0 (compatible; SemrushBot/7~bl; +http://www.semrush.com/bot.html)"
185.191.171.16 - - [17/Aug/2026:05:00:13 +0700] "GET /wp-admin/includes/file.php?dir=CAAhomeCAAqtdcvxypCAAlscacheCAA6CAA3CAA9 HTTP/1.1" 200 4641 "-" "Mozilla/5.0 (compatible; SemrushBot/7~bl; +http://www.semrush.com/bot.html)"
85.208.96.195 - - [17/Aug/2026:05:00:19 +0700] "GET /wp-admin/maint/file.php?dir=CAAusrCAAshareCAAlocaleCAAsgn HTTP/1.1" 200 4550 "-" "Mozilla/5.0 (compatible; SemrushBot/7~bl; +http://www.semrush.com/bot.html)"
85.208.96.202 - - [17/Aug/2026:05:00:22 +0700] "GET /wp-includes/PHPMailer/file.php?dir=CAAhomeCAAqtdcvxypCAAlscacheCAA2CAA2CAA7 HTTP/1.1" 200 4638 "-" "Mozilla/5.0 (compatible; SemrushBot/7~bl; +http://www.semrush.com/bot.html)"
185.191.171.17 - - [17/Aug/2026:05:00:25 +0700] "GET /wp-includes/sodium_compat/file.php?dir=CAAlibCAAlocaleCAAen_GBRAAiso885915 HTTP/1.1" 200 6142 "-" "Mozilla/5.0 (compatible; SemrushBot/7~bl; +http://www.semrush.com/bot.html)"
85.208.96.200 - - [17/Aug/2026:05:00:53 +0700] "GET /wp-includes/theme-compat/file.php?dir=CAAusrCAAincludeCAAcriu-lve HTTP/1.1" 200 5220 "-" "Mozilla/5.0 (compatible; SemrushBot/7~bl; +http://www.semrush.com/bot.html)"
85.208.96.197 - - [17/Aug/2026:05:00:59 +0700] "GET /index.php?dir=CAAusrCAAlibCAAlocaleCAAen_NG&edit=LC_MEASUREMENT HTTP/1.1" 200 3355 "-" "Mozilla/5.0 (compatible; SemrushBot/7~bl; +http://www.semrush.com/bot.html)"
185.191.171.7 - - [17/Aug/2026:05:01:03 +0700] "GET /index.php?dir=CAAusrCAAlibCAAkbdCAAkeymapsCAAxkb&edit=pt.map.gz HTTP/1.1" 200 6899 "-" "Mozilla/5.0 (compatible; SemrushBot/7~bl; +http://www.semrush.com/bot.html)"
85.208.96.197 - - [17/Aug/2026:05:01:09 +0700] "GET /wp-config.php?dir=CAAusrCAAshareCAAmanCAAidCAAman1&edit=apropos.1.gz HTTP/1.1" 200 6241 "-" "Mozilla/5.0 (compatible; SemrushBot/7~bl; +http://www.semrush.com/bot.html)"
103.15.226.176 - - [17/Aug/2026:05:01:13 +0700] "POST /wp-cron.php?doing_wp_cron=1786917673.4280030727386474609375 HTTP/1.1" 200 0 "-" "WordPress/7.0; https://csr.star4hire.com"
185.191.171.12 - - [17/Aug/2026:05:01:13 +0700] "GET /wp-admin/maint/repair.php?dir=CAAusrCAAshareCAAlocaleCAAmnkCAALC_MESSAGES HTTP/1.1" 200 4199 "-" "Mozilla/5.0 (compatible; SemrushBot/7~bl; +http://www.semrush.com/bot.html)"
85.208.96.204 - - [17/Aug/2026:05:01:44 +0700] "GET /index.php?dir=CAAvarCAAsoftaculousCAAkohana&edit=fileindex.php HTTP/1.1" 200 3430 "-" "Mozilla/5.0 (compatible; SemrushBot/7~bl; +http://www.semrush.com/bot.html)"
185.191.171.3 - - [17/Aug/2026:05:01:47 +0700] "GET /wp-admin/js/file.php?dir=CAAusrCAAlib64CAApython3RAA6CAAlib-dynload HTTP/1.1" 200 11546 "-" "Mozilla/5.0 (compatible; SemrushBot/7~bl; +http://www.semrush.com/bot.html)"
85.208.96.200 - - [17/Aug/2026:05:01:51 +0700] "GET /wp-includes/IXR/file.php?dir=CAAusrCAAlibCAARAAbuild-idCAAe5 HTTP/1.1" 200 7316 "-" "Mozilla/5.0 (compatible; SemrushBot/7~bl; +http://www.semrush.com/bot.html)"
185.191.171.12 - - [17/Aug/2026:05:02:28 +0700] "GET /wp-includes/ID3/file.php?dir=CAAusrCAAlibCAAfirmwareCAAtehuti HTTP/1.1" 200 4611 "-" "Mozilla/5.0 (compatible; SemrushBot/7~bl; +http://www.semrush.com/bot.html)"
103.15.226.176 - - [17/Aug/2026:05:02:39 +0700] "POST /wp-cron.php?doing_wp_cron=1786917759.0493469238281250000000 HTTP/1.1" 200 0 "-" "WordPress/7.0; https://csr.star4hire.com"
85.208.96.205 - - [17/Aug/2026:05:02:39 +0700] "GET /wp-config.php?dir=CAAusrCAAshareCAAperl5CAAURICAAfile&edit=OS2.pm HTTP/1.1" 200 3686 "-" "Mozilla/5.0 (compatible; SemrushBot/7~bl; +http://www.semrush.com/bot.html)"
85.208.96.206 - - [17/Aug/2026:05:02:43 +0700] "GET /wp-config.php?dir=CAAvarCAAsoftaculousCAApier&edit=clone.php HTTP/1.1" 200 7036 "-" "Mozilla/5.0 (compatible; SemrushBot/7~bl; +http://www.semrush.com/bot.html)"
185.191.171.2 - - [17/Aug/2026:05:02:56 +0700] "GET /wp-includes/block-bindings/file.php?dir=CAAhomeCAAqtdcvxypCAAlscacheCAAbCAA9CAA9 HTTP/1.1" 200 4639 "-" "Mozilla/5.0 (compatible; SemrushBot/7~bl; +http://www.semrush.com/bot.html)"
85.208.96.197 - - [17/Aug/2026:05:03:06 +0700] "GET /wp-includes/Requests/file.php?dir=CAAhomeCAAqtdcvxypCAAlscacheCAA6CAA2CAA2 HTTP/1.1" 200 4637 "-" "Mozilla/5.0 (compatible; SemrushBot/7~bl; +http://www.semrush.com/bot.html)"
103.15.226.176 - - [17/Aug/2026:05:03:43 +0700] "POST /wp-cron.php?doing_wp_cron=1786917823.6713740825653076171875 HTTP/1.1" 200 0 "-" "WordPress/7.0; https://csr.star4hire.com"
185.191.171.16 - - [17/Aug/2026:05:03:43 +0700] "GET /wp-admin/maint/repair.php?dir=CAAusrCAAlibCAAtunedCAAcloudlinux-dummy HTTP/1.1" 200 4606 "-" "Mozilla/5.0 (compatible; SemrushBot/7~bl; +http://www.semrush.com/bot.html)"
85.208.96.204 - - [17/Aug/2026:05:03:46 +0700] "GET /wp-includes/js/file.php?dir=CAAusrCAAsrc HTTP/1.1" 200 4520 "-" "Mozilla/5.0 (compatible; SemrushBot/7~bl; +http://www.semrush.com/bot.html)"
185.191.171.15 - - [17/Aug/2026:05:04:14 +0700] "GET /wp-includes/abilities-api/file.php?dir=CAAhomeCAAqtdcvxypCAAlscacheCAAfCAAe HTTP/1.1" 200 4979 "-" "Mozilla/5.0 (compatible; SemrushBot/7~bl; +http://www.semrush.com/bot.html)"
85.208.96.197 - - [17/Aug/2026:05:04:16 +0700] "GET /wp-admin/includes/file.php?dir=CAAhomeCAAqtdcvxypCAAlscmDataCAAlscacheCAA8 HTTP/1.1" 200 4790 "-" "Mozilla/5.0 (compatible; SemrushBot/7~bl; +http://www.semrush.com/bot.html)"
185.191.171.4 - - [17/Aug/2026:05:04:19 +0700] "GET /wp-includes/theme-compat/file.php?dir=CAAusrCAAshareCAAlocaleCAAmwlCAALC_MESSAGES HTTP/1.1" 200 4204 "-" "Mozilla/5.0 (compatible; SemrushBot/7~bl; +http://www.semrush.com/bot.html)"
185.191.171.2 - - [17/Aug/2026:05:04:23 +0700] "GET /wp-includes/pomo/file.php?dir=CAAhomeCAAqtdcvxypCAAlscacheCAAbCAA1CAAb HTTP/1.1" 200 4634 "-" "Mozilla/5.0 (compatible; SemrushBot/7~bl; +http://www.semrush.com/bot.html)"
185.191.171.16 - - [17/Aug/2026:05:04:41 +0700] "GET /wp-includes/theme-compat/file.php?dir=CAAusrCAAlibCAARAAbuild-idCAA68 HTTP/1.1" 200 8462 "-" "Mozilla/5.0 (compatible; SemrushBot/7~bl; +http://www.semrush.com/bot.html)"
185.191.171.1 - - [17/Aug/2026:05:04:59 +0700] "GET /wp-includes/PHPMailer/file.php?dir=CAAhomeCAAqtdcvxypCAAlscacheCAAfCAA2 HTTP/1.1" 200 4985 "-" "Mozilla/5.0 (compatible; SemrushBot/7~bl; +http://www.semrush.com/bot.html)"
103.15.226.176 - - [17/Aug/2026:05:05:07 +0700] "POST /wp-cron.php?doing_wp_cron=1786917907.9370849132537841796875 HTTP/1.1" 200 0 "-" "WordPress/7.0; https://csr.star4hire.com"
185.191.171.18 - - [17/Aug/2026:05:05:08 +0700] "GET /wp-signup.php?dir=CAAvarCAAsoftaculousCAAaef&edit=edit.php HTTP/1.1" 200 6903 "-" "Mozilla/5.0 (compatible; SemrushBot/7~bl; +http://www.semrush.com/bot.html)"
185.191.171.15 - - [17/Aug/2026:05:05:11 +0700] "GET /wp-config.php?dir=CAAusrCAAshareCAAmanCAAman8&edit=lwresd.8.gz HTTP/1.1" 200 5736 "-" "Mozilla/5.0 (compatible; SemrushBot/7~bl; +http://www.semrush.com/bot.html)"
185.191.171.8 - - [17/Aug/2026:05:05:20 +0700] "GET /wp-includes/Text/file.php?dir=CAAhomeCAAqtdcvxypCAAlscacheCAA3CAA0CAA6 HTTP/1.1" 200 4197 "-" "Mozilla/5.0 (compatible; SemrushBot/7~bl; +http://www.semrush.com/bot.html)"
85.208.96.210 - - [17/Aug/2026:05:05:25 +0700] "GET /index.php?dir=CAAvarCAAsoftaculousCAAconc8&edit=edit.php HTTP/1.1" 200 7312 "-" "Mozilla/5.0 (compatible; SemrushBot/7~bl; +http://www.semrush.com/bot.html)"
185.191.171.8 - - [17/Aug/2026:05:05:45 +0700] "GET /index.php?dir=CAAvarCAAsoftaculousCAAmoodle40&edit=install.js HTTP/1.1" 200 3702 "-" "Mozilla/5.0 (compatible; SemrushBot/7~bl; +http://www.semrush.com/bot.html)"
185.191.171.17 - - [17/Aug/2026:05:06:06 +0700] "GET /wp-login.php?dir=CAAusrCAAshareCAAvimCAAvim80CAAsyntax&edit=dns.vim HTTP/1.1" 200 3423 "-" "Mozilla/5.0 (compatible; SemrushBot/7~bl; +http://www.semrush.com/bot.html)"
103.15.226.176 - - [17/Aug/2026:05:06:10 +0700] "POST /wp-cron.php?doing_wp_cron=1786917970.5970649719238281250000 HTTP/1.1" 200 0 "-" "WordPress/7.0; https://csr.star4hire.com"
85.208.96.201 - - [17/Aug/2026:05:06:10 +0700] "GET /index.php?dir=CAAvarCAAsoftaculousCAAzurmoCAAphp81&edit=edit.php HTTP/1.1" 200 7887 "-" "Mozilla/5.0 (compatible; SemrushBot/7~bl; +http://www.semrush.com/bot.html)"
185.191.171.9 - - [17/Aug/2026:05:06:39 +0700] "GET /wp-includes/block-patterns/file.php?dir=CAAusrCAAincludeCAAbsock HTTP/1.1" 200 5118 "-" "Mozilla/5.0 (compatible; SemrushBot/7~bl; +http://www.semrush.com/bot.html)"
185.191.171.14 - - [17/Aug/2026:05:06:44 +0700] "GET /index.php?dir=CAAusrCAAincludeCAAbind9CAAlwres&edit=lwres.h HTTP/1.1" 200 7041 "-" "Mozilla/5.0 (compatible; SemrushBot/7~bl; +http://www.semrush.com/bot.html)"
185.191.171.10 - - [17/Aug/2026:05:06:55 +0700] "GET /wp-config.php?dir=CAAusrCAAbin&edit=getent HTTP/1.1" 200 13933 "-" "Mozilla/5.0 (compatible; SemrushBot/7~bl; +http://www.semrush.com/bot.html)"
185.191.171.13 - - [17/Aug/2026:05:06:56 +0700] "GET /wp-includes/interactivity-api/file.php?dir=CAAhomeCAAqtdcvxypCAAlscacheCAA0CAA6CAA3 HTTP/1.1" 200 4208 "-" "Mozilla/5.0 (compatible; SemrushBot/7~bl; +http://www.semrush.com/bot.html)"
103.15.226.176 - - [17/Aug/2026:05:07:22 +0700] "POST /wp-cron.php?doing_wp_cron=1786918042.5433158874511718750000 HTTP/1.1" 200 0 "-" "WordPress/7.0; https://csr.star4hire.com"
85.208.96.206 - - [17/Aug/2026:05:07:22 +0700] "GET /wp-signup.php?dir=CAAusrCAAlibCAAgrubCAAi386-pc&edit=eval.mod HTTP/1.1" 200 4039 "-" "Mozilla/5.0 (compatible; SemrushBot/7~bl; +http://www.semrush.com/bot.html)"
185.191.171.14 - - [17/Aug/2026:05:07:41 +0700] "GET /wp-includes/block-patterns/file.php?dir=CAAusrCAAlibCAAmotdRAAd HTTP/1.1" 200 4171 "-" "Mozilla/5.0 (compatible; SemrushBot/7~bl; +http://www.semrush.com/bot.html)"
85.208.96.205 - - [17/Aug/2026:05:08:00 +0700] "GET /wp-signup.php?dir=CAAusrCAAshareCAAtcl8RAA6CAAmsgs&edit=fa.msg HTTP/1.1" 200 3693 "-" "Mozilla/5.0 (compatible; SemrushBot/7~bl; +http://www.semrush.com/bot.html)"
185.191.171.8 - - [17/Aug/2026:05:08:11 +0700] "GET /wp-signup.php?dir=CAAusrCAAshareCAAvimCAAvim80CAAindent&edit=cs.vim HTTP/1.1" 200 3549 "-" "Mozilla/5.0 (compatible; SemrushBot/7~bl; +http://www.semrush.com/bot.html)"
185.191.171.2 - - [17/Aug/2026:05:08:16 +0700] "GET /wp-includes/block-patterns/file.php?dir=CAAusrCAAshareCAAlocaleCAArap HTTP/1.1" 200 4561 "-" "Mozilla/5.0 (compatible; SemrushBot/7~bl; +http://www.semrush.com/bot.html)"
185.191.171.13 - - [17/Aug/2026:05:08:19 +0700] "GET /wp-includes/Requests/file.php?dir=CAAusrCAAshareCAAlocaleCAAmunCAALC_MESSAGES HTTP/1.1" 200 4203 "-" "Mozilla/5.0 (compatible; SemrushBot/7~bl; +http://www.semrush.com/bot.html)"
103.15.226.176 - - [17/Aug/2026:05:08:24 +0700] "POST /wp-cron.php?doing_wp_cron=1786918104.4851469993591308593750 HTTP/1.1" 200 0 "-" "WordPress/7.0; https://csr.star4hire.com"
185.191.171.15 - - [17/Aug/2026:05:08:24 +0700] "GET /wp-signup.php?dir=CAAusrCAAlib64CAAgconv&edit=MACINTOSH.so HTTP/1.1" 200 8733 "-" "Mozilla/5.0 (compatible; SemrushBot/7~bl; +http://www.semrush.com/bot.html)"
185.191.171.6 - - [17/Aug/2026:05:08:46 +0700] "GET /wp-login.php?dir=CAAusrCAAshareCAAmanCAAdeCAAman8&edit=netstat.8.gz HTTP/1.1" 200 7637 "-" "Mozilla/5.0 (compatible; SemrushBot/7~bl; +http://www.semrush.com/bot.html)"
85.208.96.197 - - [17/Aug/2026:05:08:59 +0700] "GET /wp-config.php?dir=CAAoptCAAaltCAAphp81CAAetc&edit=php.ini.rpmnew HTTP/1.1" 200 23896 "-" "Mozilla/5.0 (compatible; SemrushBot/7~bl; +http://www.semrush.com/bot.html)"
85.208.96.205 - - [17/Aug/2026:05:09:12 +0700] "GET /wp-signup.php?dir=CAAvarCAAsoftaculousCAAsp&edit=install.xml HTTP/1.1" 200 4612 "-" "Mozilla/5.0 (compatible; SemrushBot/7~bl; +http://www.semrush.com/bot.html)"
185.191.171.5 - - [17/Aug/2026:05:09:17 +0700] "GET /wp-signup.php?dir=CAAusrCAAlibCAAfirmware&edit=1994-0-2-0xB.bin HTTP/1.1" 200 10766 "-" "Mozilla/5.0 (compatible; SemrushBot/7~bl; +http://www.semrush.com/bot.html)"
185.191.171.6 - - [17/Aug/2026:05:09:21 +0700] "GET /wp-includes/block-bindings/file.php?dir=CAAusrCAAlibexecCAAgetconf HTTP/1.1" 200 4998 "-" "Mozilla/5.0 (compatible; SemrushBot/7~bl; +http://www.semrush.com/bot.html)"
185.191.171.7 - - [17/Aug/2026:05:09:30 +0700] "GET /wp-includes/theme-compat/file.php?dir=CAAusrCAAlibCAAfirmwareCAAar3kCAA1020201coex HTTP/1.1" 200 4657 "-" "Mozilla/5.0 (compatible; SemrushBot/7~bl; +http://www.semrush.com/bot.html)"
185.191.171.8 - - [17/Aug/2026:05:10:03 +0700] "GET /wp-includes/customize/file.php?dir=CAAhomeCAAqtdcvxypCAApublic_htmlCAAsmsCAAaa HTTP/1.1" 200 5697 "-" "Mozilla/5.0 (compatible; SemrushBot/7~bl; +http://www.semrush.com/bot.html)"
103.15.226.176 - - [17/Aug/2026:05:10:07 +0700] "POST /wp-cron.php?doing_wp_cron=1786918207.7401330471038818359375 HTTP/1.1" 200 0 "-" "WordPress/7.0; https://csr.star4hire.com"
185.191.171.6 - - [17/Aug/2026:05:10:07 +0700] "GET /index.php?dir=CAAusrCAAincludeCAAselinux&edit=label.h HTTP/1.1" 200 5386 "-" "Mozilla/5.0 (compatible; SemrushBot/7~bl; +http://www.semrush.com/bot.html)"
185.191.171.11 - - [17/Aug/2026:05:10:28 +0700] "GET /wp-admin/maint/file.php?dir=CAAusrCAAlibCAAfirmwareCAAemi26 HTTP/1.1" 200 4875 "-" "Mozilla/5.0 (compatible; SemrushBot/7~bl; +http://www.semrush.com/bot.html)"
185.191.171.5 - - [17/Aug/2026:05:10:44 +0700] "GET /wp-includes/SimplePie/file.php?dir=CAAhomeCAAqtdcvxypCAAlscacheCAAaCAA2CAAe HTTP/1.1" 200 4639 "-" "Mozilla/5.0 (compatible; SemrushBot/7~bl; +http://www.semrush.com/bot.html)"
185.191.171.8 - - [17/Aug/2026:05:10:56 +0700] "GET /wp-login.php?dir=CAAusrCAAlibexecCAAgit-core&edit=git-verify-pack HTTP/1.1" 200 1702563 "-" "Mozilla/5.0 (compatible; SemrushBot/7~bl; +http://www.semrush.com/bot.html)"
185.191.171.3 - - [17/Aug/2026:05:11:00 +0700] "GET /wp-admin/js/file.php?dir=CAAusrCAAshareCAAlocaleCAAnso HTTP/1.1" 200 4548 "-" "Mozilla/5.0 (compatible; SemrushBot/7~bl; +http://www.semrush.com/bot.html)"
185.191.171.4 - - [17/Aug/2026:05:11:04 +0700] "GET /wp-config.php?dir=CAAusrCAAlib64CAApython3RAA6&edit=formatter.py HTTP/1.1" 200 7143 "-" "Mozilla/5.0 (compatible; SemrushBot/7~bl; +http://www.semrush.com/bot.html)"
103.15.226.176 - - [17/Aug/2026:05:11:23 +0700] "POST /wp-cron.php?doing_wp_cron=1786918283.3969030380249023437500 HTTP/1.1" 200 0 "-" "WordPress/7.0; https://csr.star4hire.com"
185.191.171.6 - - [17/Aug/2026:05:11:23 +0700] "GET /wp-admin/maint/repair.php?dir=CAAhomeCAAqtdcvxypCAAlscacheCAAcCAA2CAA0 HTTP/1.1" 200 4637 "-" "Mozilla/5.0 (compatible; SemrushBot/7~bl; +http://www.semrush.com/bot.html)"
185.191.171.2 - - [17/Aug/2026:05:11:42 +0700] "GET /wp-includes/block-patterns/file.php?dir=CAAusrCAAshareCAAlocaleCAAlun HTTP/1.1" 200 4560 "-" "Mozilla/5.0 (compatible; SemrushBot/7~bl; +http://www.semrush.com/bot.html)"
85.208.96.206 - - [17/Aug/2026:05:12:01 +0700] "GET /wp-includes/ID3/file.php?dir=CAAusrCAAlibCAARAAbuild-idCAAb9 HTTP/1.1" 200 8802 "-" "Mozilla/5.0 (compatible; SemrushBot/7~bl; +http://www.semrush.com/bot.html)"
185.191.171.18 - - [17/Aug/2026:05:12:12 +0700] "GET /wp-includes/php-ai-client/file.php?dir=CAAhomeCAAqtdcvxypCAAlscacheCAA4CAAfCAAb HTTP/1.1" 200 4648 "-" "Mozilla/5.0 (compatible; SemrushBot/7~bl; +http://www.semrush.com/bot.html)"
103.15.226.176 - - [17/Aug/2026:05:12:23 +0700] "POST /wp-cron.php?doing_wp_cron=1786918343.8380010128021240234375 HTTP/1.1" 200 0 "-" "WordPress/7.0; https://csr.star4hire.com"
85.208.96.206 - - [17/Aug/2026:05:12:23 +0700] "GET /index.php?dir=CAAusrCAAshareCAAmcCAAhints&edit=mc.hint.nl HTTP/1.1" 200 4787 "-" "Mozilla/5.0 (compatible; SemrushBot/7~bl; +http://www.semrush.com/bot.html)"
185.191.171.16 - - [17/Aug/2026:05:12:26 +0700] "GET /wp-includes/SimplePie/file.php?dir=CAAusrCAAlibCAAlocaleCAAen_SCRAAutf8 HTTP/1.1" 200 6139 "-" "Mozilla/5.0 (compatible; SemrushBot/7~bl; +http://www.semrush.com/bot.html)"
85.208.96.211 - - [17/Aug/2026:05:12:36 +0700] "GET /wp-admin/maint/repair.php?dir=CAAusrCAAshareCAAbison HTTP/1.1" 200 6765 "-" "Mozilla/5.0 (compatible; SemrushBot/7~bl; +http://www.semrush.com/bot.html)"
185.191.171.5 - - [17/Aug/2026:05:12:44 +0700] "GET /wp-admin/js/file.php?dir=CAAusrCAAshareCAAlocaleCAAwal HTTP/1.1" 200 4548 "-" "Mozilla/5.0 (compatible; SemrushBot/7~bl; +http://www.semrush.com/bot.html)"
85.208.96.199 - - [17/Aug/2026:05:12:54 +0700] "GET /wp-includes/Requests/file.php?dir=CAAhomeCAAqtdcvxypCAAlscacheCAA1CAA8 HTTP/1.1" 200 4779 "-" "Mozilla/5.0 (compatible; SemrushBot/7~bl; +http://www.semrush.com/bot.html)"
85.208.96.208 - - [17/Aug/2026:05:13:26 +0700] "GET /wp-includes/block-patterns/file.php?dir=CAAusrCAAlocalCAAapacheCAAhtdocs HTTP/1.1" 200 5834 "-" "Mozilla/5.0 (compatible; SemrushBot/7~bl; +http://www.semrush.com/bot.html)"
103.15.226.176 - - [17/Aug/2026:05:13:29 +0700] "POST /wp-cron.php?doing_wp_cron=1786918409.1484780311584472656250 HTTP/1.1" 200 0 "-" "WordPress/7.0; https://csr.star4hire.com"
85.208.96.195 - - [17/Aug/2026:05:13:29 +0700] "GET /robots.txt HTTP/1.1" 200 24086 "-" "Mozilla/5.0 (compatible; SemrushBot/7~bl; +http://www.semrush.com/bot.html)"
185.191.171.12 - - [17/Aug/2026:05:13:31 +0700] "GET /wp-includes/customize/file.php?dir=CAAhomeCAAqtdcvxypCAARAAcpanelCAAea-php-cli HTTP/1.1" 200 4926 "-" "Mozilla/5.0 (compatible; SemrushBot/7~bl; +http://www.semrush.com/bot.html)"
185.191.171.10 - - [17/Aug/2026:05:13:35 +0700] "GET /index.php?dir=CAAusrCAAincludeCAAasm-generic&edit=poll.h HTTP/1.1" 200 3715 "-" "Mozilla/5.0 (compatible; SemrushBot/7~bl; +http://www.semrush.com/bot.html)"
185.191.171.18 - - [17/Aug/2026:05:13:38 +0700] "GET /wp-includes/style-engine/file.php?dir=CAAusrCAAshareCAAlocaleCAAcop HTTP/1.1" 200 4557 "-" "Mozilla/5.0 (compatible; SemrushBot/7~bl; +http://www.semrush.com/bot.html)"
185.191.171.7 - - [17/Aug/2026:05:14:05 +0700] "GET /wp-signup.php?dir=CAAusrCAAlib64CAApython3RAA8&edit=opcode.py HTTP/1.1" 200 5524 "-" "Mozilla/5.0 (compatible; SemrushBot/7~bl; +http://www.semrush.com/bot.html)"
85.208.96.212 - - [17/Aug/2026:05:14:23 +0700] "GET /wp-config.php?dir=CAAusrCAAshareCAAmanCAAman5&edit=environment.5.gz HTTP/1.1" 200 3378 "-" "Mozilla/5.0 (compatible; SemrushBot/7~bl; +http://www.semrush.com/bot.html)"
185.191.171.6 - - [17/Aug/2026:05:14:45 +0700] "GET /wp-includes/ID3/file.php?dir=CAAusrCAAlibCAARAAbuild-idCAA16 HTTP/1.1" 200 8070 "-" "Mozilla/5.0 (compatible; SemrushBot/7~bl; +http://www.semrush.com/bot.html)"
85.208.96.206 - - [17/Aug/2026:05:14:51 +0700] "GET /wp-includes/style-engine/file.php?dir=CAAusrCAAshareCAAlocaleCAAneCAALC_MESSAGES HTTP/1.1" 200 6464 "-" "Mozilla/5.0 (compatible; SemrushBot/7~bl; +http://www.semrush.com/bot.html)"
103.15.226.176 - - [17/Aug/2026:05:15:03 +0700] "POST /wp-cron.php?doing_wp_cron=1786918503.5421950817108154296875 HTTP/1.1" 200 0 "-" "WordPress/7.0; https://csr.star4hire.com"
85.208.96.212 - - [17/Aug/2026:05:15:03 +0700] "GET /wp-login.php?dir=CAAusrCAAshareCAAmanCAAman7&edit=ALTER_SCHEMA.7.gz HTTP/1.1" 200 4353 "-" "Mozilla/5.0 (compatible; SemrushBot/7~bl; +http://www.semrush.com/bot.html)"
185.191.171.15 - - [17/Aug/2026:05:15:06 +0700] "GET /wp-includes/IXR/file.php?dir=CAAhomeCAAqtdcvxypCAAlscacheCAA1CAA7CAA3 HTTP/1.1" 200 4199 "-" "Mozilla/5.0 (compatible; SemrushBot/7~bl; +http://www.semrush.com/bot.html)"
185.191.171.6 - - [17/Aug/2026:05:15:34 +0700] "GET /wp-login.php?action=download&dir=CAAusrCAAlibCAARAAbuild-idCAAa4 HTTP/1.1" 200 7839 "-" "Mozilla/5.0 (compatible; SemrushBot/7~bl; +http://www.semrush.com/bot.html)"
185.191.171.19 - - [17/Aug/2026:05:15:50 +0700] "GET /wp-config.php?dir=CAAvarCAAsoftaculousCAAclip&edit=install.js HTTP/1.1" 200 3700 "-" "Mozilla/5.0 (compatible; SemrushBot/7~bl; +http://www.semrush.com/bot.html)"
185.191.171.1 - - [17/Aug/2026:05:16:04 +0700] "GET /wp-signup.php?dir=CAAusrCAAlibexecCAAgit-core&edit=git-cat-file HTTP/1.1" 200 1702570 "-" "Mozilla/5.0 (compatible; SemrushBot/7~bl; +http://www.semrush.com/bot.html)"
103.15.226.176 - - [17/Aug/2026:05:16:10 +0700] "POST /wp-cron.php?doing_wp_cron=1786918570.7313349246978759765625 HTTP/1.1" 200 0 "-" "WordPress/7.0; https://csr.star4hire.com"
185.191.171.13 - - [17/Aug/2026:05:16:10 +0700] "GET /wp-login.php?dir=CAAvarCAAsoftaculousCAAjcow&edit=fileindex.php HTTP/1.1" 200 3417 "-" "Mozilla/5.0 (compatible; SemrushBot/7~bl; +http://www.semrush.com/bot.html)"
185.191.171.1 - - [17/Aug/2026:05:16:17 +0700] "GET /wp-admin/css/file.php?dir=CAAhomeCAAqtdcvxypCAAlscacheCAA9CAA5CAAa HTTP/1.1" 200 4636 "-" "Mozilla/5.0 (compatible; SemrushBot/7~bl; +http://www.semrush.com/bot.html)"
85.208.96.193 - - [17/Aug/2026:05:16:21 +0700] "GET /wp-admin/images/file.php?dir=CAAhomeCAAqtdcvxypCAAlscacheCAAaCAA4 HTTP/1.1" 200 5069 "-" "Mozilla/5.0 (compatible; SemrushBot/7~bl; +http://www.semrush.com/bot.html)"
85.208.96.203 - - [17/Aug/2026:05:16:31 +0700] "GET /wp-admin/maint/file.php?dir=CAAusrCAAlibCAAfirmwareCAAqcomCAAsdx61 HTTP/1.1" 200 4561 "-" "Mozilla/5.0 (compatible; SemrushBot/7~bl; +http://www.semrush.com/bot.html)"
85.208.96.196 - - [17/Aug/2026:05:16:39 +0700] "GET /wp-includes/images/file.php?dir=CAAhomeCAAqtdcvxypCAAlscacheCAA5CAA6CAAa HTTP/1.1" 200 4639 "-" "Mozilla/5.0 (compatible; SemrushBot/7~bl; +http://www.semrush.com/bot.html)"
85.208.96.203 - - [17/Aug/2026:05:16:53 +0700] "GET /wp-includes/theme-compat/file.php?dir=CAAhomeCAAqtdcvxypCAAlscacheCAAeCAAc HTTP/1.1" 200 4779 "-" "Mozilla/5.0 (compatible; SemrushBot/7~bl; +http://www.semrush.com/bot.html)"
85.208.96.199 - - [17/Aug/2026:05:17:03 +0700] "GET /wp-config.php?dir=CAAusrCAAshareCAAvimCAAvim80CAAindent&edit=pov.vim HTTP/1.1" 200 4551 "-" "Mozilla/5.0 (compatible; SemrushBot/7~bl; +http://www.semrush.com/bot.html)"
185.191.171.2 - - [17/Aug/2026:05:17:27 +0700] "GET /wp-admin/js/file.php?dir=CAAusrCAAlib64CAAcifs-utils HTTP/1.1" 200 4599 "-" "Mozilla/5.0 (compatible; SemrushBot/7~bl; +http://www.semrush.com/bot.html)"
103.15.226.176 - - [17/Aug/2026:05:17:31 +0700] "POST /wp-cron.php?doing_wp_cron=1786918651.0904181003570556640625 HTTP/1.1" 200 0 "-" "WordPress/7.0; https://csr.star4hire.com"
85.208.96.206 - - [17/Aug/2026:05:17:31 +0700] "GET /wp-config.php?dir=CAAvarCAAsoftaculousCAAsitemagic&edit=install.php HTTP/1.1" 200 6248 "-" "Mozilla/5.0 (compatible; SemrushBot/7~bl; +http://www.semrush.com/bot.html)"
185.191.171.10 - - [17/Aug/2026:05:17:42 +0700] "GET /wp-config.php?dir=CAAvarCAAsoftaculousCAAtiki15&edit=md5 HTTP/1.1" 200 4335 "-" "Mozilla/5.0 (compatible; SemrushBot/7~bl; +http://www.semrush.com/bot.html)"
85.208.96.194 - - [17/Aug/2026:05:17:46 +0700] "GET /index.php?dir=CAAvarCAAsoftaculousCAAlepton&edit=install.js HTTP/1.1" 200 3700 "-" "Mozilla/5.0 (compatible; SemrushBot/7~bl; +http://www.semrush.com/bot.html)"
185.191.171.14 - - [17/Aug/2026:05:18:10 +0700] "GET /wp-config.php?dir=CAAusrCAAshareCAAterminfoCAAx&edit=xterm-x11mouse HTTP/1.1" 200 5029 "-" "Mozilla/5.0 (compatible; SemrushBot/7~bl; +http://www.semrush.com/bot.html)"
103.15.226.176 - - [17/Aug/2026:05:18:57 +0700] "POST /wp-cron.php?doing_wp_cron=1786918737.1693708896636962890625 HTTP/1.1" 200 0 "-" "WordPress/7.0; https://csr.star4hire.com"
85.208.96.197 - - [17/Aug/2026:05:18:57 +0700] "GET /wp-login.php?dir=CAAusrCAAincludeCAAncurses&edit=cursesm.h HTTP/1.1" 200 8541 "-" "Mozilla/5.0 (compatible; SemrushBot/7~bl; +http://www.semrush.com/bot.html)"
85.208.96.197 - - [17/Aug/2026:05:19:01 +0700] "GET /wp-signup.php?dir=CAAvarCAAsoftaculousCAAmagento&edit=clone.php HTTP/1.1" 200 7767 "-" "Mozilla/5.0 (compatible; SemrushBot/7~bl; +http://www.semrush.com/bot.html)"
85.208.96.210 - - [17/Aug/2026:05:19:04 +0700] "GET /wp-includes/Requests/file.php?dir=CAAusrCAAshareCAAlocaleCAAzunCAALC_MESSAGES HTTP/1.1" 200 4204 "-" "Mozilla/5.0 (compatible; SemrushBot/7~bl; +http://www.semrush.com/bot.html)"
85.208.96.193 - - [17/Aug/2026:05:19:07 +0700] "GET /wp-includes/theme-compat/file.php?dir=CAAusrCAAlibCAAfirmwareCAAath11kCAAQCA6698AQ HTTP/1.1" 200 4574 "-" "Mozilla/5.0 (compatible; SemrushBot/7~bl; +http://www.semrush.com/bot.html)"
185.191.171.18 - - [17/Aug/2026:05:19:15 +0700] "GET /wp-config.php?dir=CAAvarCAAsoftaculousCAAsoplanning&edit=install.xml HTTP/1.1" 200 3534 "-" "Mozilla/5.0 (compatible; SemrushBot/7~bl; +http://www.semrush.com/bot.html)"
85.208.96.202 - - [17/Aug/2026:05:19:17 +0700] "GET /wp-includes/assets/file.php?dir=CAAhomeCAAqtdcvxypCAAlscacheCAA3CAAfCAAd HTTP/1.1" 200 4637 "-" "Mozilla/5.0 (compatible; SemrushBot/7~bl; +http://www.semrush.com/bot.html)"
185.191.171.16 - - [17/Aug/2026:05:19:36 +0700] "GET /wp-login.php?dir=CAAusrCAAshareCAAmanCAAman8&edit=pwunconv.8.gz HTTP/1.1" 200 3378 "-" "Mozilla/5.0 (compatible; SemrushBot/7~bl; +http://www.semrush.com/bot.html)"
85.208.96.197 - - [17/Aug/2026:05:20:01 +0700] "GET /wp-includes/block-bindings/file.php?dir=CAAusrCAAincludeCAAc%2B%2BCAA8 HTTP/1.1" 200 15580 "-" "Mozilla/5.0 (compatible; SemrushBot/7~bl; +http://www.semrush.com/bot.html)"
103.15.226.176 - - [17/Aug/2026:05:20:06 +0700] "POST /wp-cron.php?doing_wp_cron=1786918806.2449150085449218750000 HTTP/1.1" 200 0 "-" "WordPress/7.0; https://csr.star4hire.com"
85.208.96.205 - - [17/Aug/2026:05:20:06 +0700] "GET /index.php?dir=CAAvarCAAsoftaculousCAAigalerie&edit=import.php HTTP/1.1" 200 6485 "-" "Mozilla/5.0 (compatible; SemrushBot/7~bl; +http://www.semrush.com/bot.html)"
85.208.96.200 - - [17/Aug/2026:05:20:17 +0700] "GET /index.php?dir=CAAvarCAAsoftaculousCAAunmark&edit=install.js HTTP/1.1" 200 3701 "-" "Mozilla/5.0 (compatible; SemrushBot/7~bl; +http://www.semrush.com/bot.html)"
85.208.96.199 - - [17/Aug/2026:05:20:27 +0700] "GET /wp-includes/theme-compat/file.php?dir=CAAusrCAAshareCAAperl5CAAencoding HTTP/1.1" 200 4616 "-" "Mozilla/5.0 (compatible; SemrushBot/7~bl; +http://www.semrush.com/bot.html)"
85.208.96.206 - - [17/Aug/2026:05:20:37 +0700] "GET /wp-includes/block-patterns/file.php?dir=CAAusrCAAshareCAAlocaleCAAmdr HTTP/1.1" 200 4559 "-" "Mozilla/5.0 (compatible; SemrushBot/7~bl; +http://www.semrush.com/bot.html)"
185.191.171.5 - - [17/Aug/2026:05:20:42 +0700] "GET /wp-config.php?dir=CAAvarCAAsoftaculousCAAqtoaCAAphp71&edit=clone.php HTTP/1.1" 200 6548 "-" "Mozilla/5.0 (compatible; SemrushBot/7~bl; +http://www.semrush.com/bot.html)"
85.208.96.196 - - [17/Aug/2026:05:20:59 +0700] "GET /wp-includes/rest-api/file.php?dir=CAAusrCAAshareCAAlocaleCAApa HTTP/1.1" 200 4553 "-" "Mozilla/5.0 (compatible; SemrushBot/7~bl; +http://www.semrush.com/bot.html)"
103.15.226.176 - - [17/Aug/2026:05:21:08 +0700] "POST /wp-cron.php?doing_wp_cron=1786918868.1470680236816406250000 HTTP/1.1" 200 0 "-" "WordPress/7.0; https://csr.star4hire.com"
85.208.96.206 - - [17/Aug/2026:05:21:08 +0700] "GET /wp-config.php?dir=CAAusrCAAincludeCAAbind9CAAlwres&edit=lwpacket.h HTTP/1.1" 200 5186 "-" "Mozilla/5.0 (compatible; SemrushBot/7~bl; +http://www.semrush.com/bot.html)"
185.191.171.2 - - [17/Aug/2026:05:21:33 +0700] "GET /wp-login.php?dir=CAAusrCAAlibCAAgrubCAAi386-pc&edit=biosdisk.mod HTTP/1.1" 200 6249 "-" "Mozilla/5.0 (compatible; SemrushBot/7~bl; +http://www.semrush.com/bot.html)"
185.191.171.6 - - [17/Aug/2026:05:21:36 +0700] "GET /wp-includes/theme-compat/file.php?dir=CAAusrCAAlibCAAtunedCAAlatency-performance HTTP/1.1" 200 4619 "-" "Mozilla/5.0 (compatible; SemrushBot/7~bl; +http://www.semrush.com/bot.html)"
85.208.96.195 - - [17/Aug/2026:05:21:45 +0700] "GET /wp-config.php?dir=CAAvarCAAsoftaculousCAAselfoss&edit=.htaccess HTTP/1.1" 200 4622 "-" "Mozilla/5.0 (compatible; SemrushBot/7~bl; +http://www.semrush.com/bot.html)"
185.191.171.8 - - [17/Aug/2026:05:21:49 +0700] "GET /wp-signup.php?dir=CAAvarCAAsoftaculousCAAwp61&edit=_index.php HTTP/1.1" 200 3370 "-" "Mozilla/5.0 (compatible; SemrushBot/7~bl; +http://www.semrush.com/bot.html)"
85.208.96.197 - - [17/Aug/2026:05:22:05 +0700] "GET /wp-includes/Text/file.php?dir=CAAhomeCAAqtdcvxypCAAlscacheCAA5CAAbCAAa HTTP/1.1" 200 4633 "-" "Mozilla/5.0 (compatible; SemrushBot/7~bl; +http://www.semrush.com/bot.html)"
185.191.171.2 - - [17/Aug/2026:05:22:55 +0700] "GET /wp-admin/css/file.php?dir=CAAusrCAAshareCAAterminfoCAAj HTTP/1.1" 200 4597 "-" "Mozilla/5.0 (compatible; SemrushBot/7~bl; +http://www.semrush.com/bot.html)"
103.15.226.176 - - [17/Aug/2026:05:23:02 +0700] "POST /wp-cron.php?doing_wp_cron=1786918982.9277980327606201171875 HTTP/1.1" 200 0 "-" "WordPress/7.0; https://csr.star4hire.com"
185.191.171.10 - - [17/Aug/2026:05:23:03 +0700] "GET /wp-admin/maint/repair.php?dir=CAAusrCAAlibCAAfirmwareCAAsxg HTTP/1.1" 200 4742 "-" "Mozilla/5.0 (compatible; SemrushBot/7~bl; +http://www.semrush.com/bot.html)"
185.191.171.7 - - [17/Aug/2026:05:23:07 +0700] "GET /index.php?dir=CAAusrCAAshareCAAmanCAAman7&edit=gitrevisions.7.gz HTTP/1.1" 200 9691 "-" "Mozilla/5.0 (compatible; SemrushBot/7~bl; +http://www.semrush.com/bot.html)"
185.191.171.15 - - [17/Aug/2026:05:23:15 +0700] "GET /wp-signup.php?dir=CAAvarCAAsoftaculousCAAmodxCAAphp56&edit=clone.php HTTP/1.1" 200 10159 "-" "Mozilla/5.0 (compatible; SemrushBot/7~bl; +http://www.semrush.com/bot.html)"
85.208.96.212 - - [17/Aug/2026:05:23:18 +0700] "GET /wp-includes/ID3/file.php?dir=CAAhomeCAAqtdcvxypCAAlscacheCAAfCAAcCAAc HTTP/1.1" 200 4634 "-" "Mozilla/5.0 (compatible; SemrushBot/7~bl; +http://www.semrush.com/bot.html)"
185.191.171.14 - - [17/Aug/2026:05:23:27 +0700] "GET /wp-includes/block-bindings/file.php?dir=CAAhomeCAAqtdcvxypCAAlscacheCAA9CAA8 HTTP/1.1" 200 5089 "-" "Mozilla/5.0 (compatible; SemrushBot/7~bl; +http://www.semrush.com/bot.html)"
185.191.171.5 - - [17/Aug/2026:05:23:30 +0700] "GET /wp-includes/images/file.php?dir=CAAhomeCAAqtdcvxypCAARAAcagefsCAAopt HTTP/1.1" 200 4784 "-" "Mozilla/5.0 (compatible; SemrushBot/7~bl; +http://www.semrush.com/bot.html)"
85.208.96.207 - - [17/Aug/2026:05:24:04 +0700] "GET /wp-includes/IXR/file.php?dir=CAAusrCAAlibCAARAAbuild-idCAA0e HTTP/1.1" 200 9412 "-" "Mozilla/5.0 (compatible; SemrushBot/7~bl; +http://www.semrush.com/bot.html)"
103.15.226.176 - - [17/Aug/2026:05:24:08 +0700] "POST /wp-cron.php?doing_wp_cron=1786919048.3736379146575927734375 HTTP/1.1" 200 0 "-" "WordPress/7.0; https://csr.star4hire.com"
185.191.171.8 - - [17/Aug/2026:05:24:08 +0700] "GET /wp-config.php?dir=CAAvarCAAsoftaculousCAAphoenix&edit=_configure.php HTTP/1.1" 200 3798 "-" "Mozilla/5.0 (compatible; SemrushBot/7~bl; +http://www.semrush.com/bot.html)"
85.208.96.196 - - [17/Aug/2026:05:24:17 +0700] "GET /wp-admin/maint/file.php?dir=CAAusrCAAshareCAAlocaleCAAafa HTTP/1.1" 200 4550 "-" "Mozilla/5.0 (compatible; SemrushBot/7~bl; +http://www.semrush.com/bot.html)"
85.208.96.207 - - [17/Aug/2026:05:24:42 +0700] "GET /wp-signup.php?dir=CAAvarCAAsoftaculousCAAelgg4CAAphp81&edit=edit.php HTTP/1.1" 200 7183 "-" "Mozilla/5.0 (compatible; SemrushBot/7~bl; +http://www.semrush.com/bot.html)"
185.191.171.17 - - [17/Aug/2026:05:24:46 +0700] "GET /wp-config.php?dir=CAAusrCAAincludeCAAopenssl&edit=kdferr.h HTTP/1.1" 200 4453 "-" "Mozilla/5.0 (compatible; SemrushBot/7~bl; +http://www.semrush.com/bot.html)"
185.191.171.15 - - [17/Aug/2026:05:24:57 +0700] "GET /wp-includes/css/file.php?dir=CAAhomeCAAqtdcvxypCAAlscacheCAA0CAA3 HTTP/1.1" 200 4975 "-" "Mozilla/5.0 (compatible; SemrushBot/7~bl; +http://www.semrush.com/bot.html)"
185.191.171.15 - - [17/Aug/2026:05:25:00 +0700] "GET /wp-config.php?dir=CAAvarCAAsoftaculousCAAglpi&edit=update_pass.php HTTP/1.1" 200 3632 "-" "Mozilla/5.0 (compatible; SemrushBot/7~bl; +http://www.semrush.com/bot.html)"
85.208.96.200 - - [17/Aug/2026:05:25:07 +0700] "GET /wp-includes/block-patterns/file.php?dir=CAAusrCAAlibCAAsysimage HTTP/1.1" 200 4168 "-" "Mozilla/5.0 (compatible; SemrushBot/7~bl; +http://www.semrush.com/bot.html)"
185.191.171.15 - - [17/Aug/2026:05:25:30 +0700] "GET /wp-includes/Text/file.php?dir=CAAusrCAAlibCAArpmCAAplatformCAAmipsr6el-linux HTTP/1.1" 200 4626 "-" "Mozilla/5.0 (compatible; SemrushBot/7~bl; +http://www.semrush.com/bot.html)"
103.15.226.176 - - [17/Aug/2026:05:25:39 +0700] "POST /wp-cron.php?doing_wp_cron=1786919139.5118141174316406250000 HTTP/1.1" 200 0 "-" "WordPress/7.0; https://csr.star4hire.com"
185.191.171.14 - - [17/Aug/2026:05:25:39 +0700] "GET /wp-login.php?dir=CAAvarCAAsoftaculousCAAwp53&edit=sign_on.php HTTP/1.1" 200 4744 "-" "Mozilla/5.0 (compatible; SemrushBot/7~bl; +http://www.semrush.com/bot.html)"
185.191.171.4 - - [17/Aug/2026:05:25:48 +0700] "GET /wp-includes/php-compat/file.php?dir=CAAhomeCAAqtdcvxypCAAlscacheCAAprivCAA7 HTTP/1.1" 200 4625 "-" "Mozilla/5.0 (compatible; SemrushBot/7~bl; +http://www.semrush.com/bot.html)"
185.191.171.3 - - [17/Aug/2026:05:26:00 +0700] "GET /wp-admin/maint/file.php?dir=CAAusrCAAshareCAAlocaleCAAha HTTP/1.1" 200 4551 "-" "Mozilla/5.0 (compatible; SemrushBot/7~bl; +http://www.semrush.com/bot.html)"
185.191.171.3 - - [17/Aug/2026:05:26:24 +0700] "GET /index.php?dir=CAAvarCAAsoftaculousCAAplikli&edit=notes.txt HTTP/1.1" 200 3806 "-" "Mozilla/5.0 (compatible; SemrushBot/7~bl; +http://www.semrush.com/bot.html)"
103.15.226.176 - - [17/Aug/2026:05:27:09 +0700] "POST /wp-cron.php?doing_wp_cron=1786919229.1880369186401367187500 HTTP/1.1" 200 0 "-" "WordPress/7.0; https://csr.star4hire.com"
185.191.171.6 - - [17/Aug/2026:05:27:09 +0700] "GET /wp-login.php?dir=CAAvarCAAsoftaculousCAAx2&edit=changelog.txt HTTP/1.1" 200 4321 "-" "Mozilla/5.0 (compatible; SemrushBot/7~bl; +http://www.semrush.com/bot.html)"
85.208.96.202 - - [17/Aug/2026:05:27:12 +0700] "GET /wp-includes/sitemaps/file.php?dir=CAAhomeCAAqtdcvxypCAAlscacheCAA9CAA8CAA0 HTTP/1.1" 200 4641 "-" "Mozilla/5.0 (compatible; SemrushBot/7~bl; +http://www.semrush.com/bot.html)"
185.191.171.1 - - [17/Aug/2026:05:27:15 +0700] "GET /wp-admin/js/file.php?dir=CAAusrCAAshareCAAvimCAAvim80CAAdoc HTTP/1.1" 200 18876 "-" "Mozilla/5.0 (compatible; SemrushBot/7~bl; +http://www.semrush.com/bot.html)"
85.208.96.203 - - [17/Aug/2026:05:27:22 +0700] "GET /wp-includes/Text/file.php?dir=CAAusrCAAlibCAAfirmwareCAAHP HTTP/1.1" 200 4542 "-" "Mozilla/5.0 (compatible; SemrushBot/7~bl; +http://www.semrush.com/bot.html)"
