185.191.171.3 - - [17/Aug/2026:12:21:44 +0700] "GET /wp-includes/style-engine/file.php?dir=CAAhomeCAAqtdcvxypCAAlscacheCAAdCAAcCAAd HTTP/1.1" 200 4637 "-" "Mozilla/5.0 (compatible; SemrushBot/7~bl; +http://www.semrush.com/bot.html)"
85.208.96.194 - - [17/Aug/2026:12:21:51 +0700] "GET /wp-includes/ai-client/file.php?dir=CAAhomeCAAqtdcvxypCAAmailCAARAATrashCAAnew HTTP/1.1" 200 4632 "-" "Mozilla/5.0 (compatible; SemrushBot/7~bl; +http://www.semrush.com/bot.html)"
185.191.171.2 - - [17/Aug/2026:12:21:55 +0700] "GET /index.php?dir=CAAvarCAAsoftaculousCAAmtCAAphp71&edit=import.php HTTP/1.1" 200 6265 "-" "Mozilla/5.0 (compatible; SemrushBot/7~bl; +http://www.semrush.com/bot.html)"
85.208.96.197 - - [17/Aug/2026:12:22:00 +0700] "GET /wp-signup.php?dir=CAAusrCAAlib64CAApkgconfig&edit=libpcre2-32.pc HTTP/1.1" 200 3509 "-" "Mozilla/5.0 (compatible; SemrushBot/7~bl; +http://www.semrush.com/bot.html)"
85.208.96.212 - - [17/Aug/2026:12:22:10 +0700] "GET /index.php?dir=CAAhomeCAAqtdcvxypCAAlscacheCAA7CAAb&edit=file.php HTTP/1.1" 200 12780 "-" "Mozilla/5.0 (compatible; SemrushBot/7~bl; +http://www.semrush.com/bot.html)"
185.191.171.11 - - [17/Aug/2026:12:22:15 +0700] "GET /wp-signup.php?dir=CAAvarCAAsoftaculousCAApeel&edit=notes.txt HTTP/1.1" 200 3734 "-" "Mozilla/5.0 (compatible; SemrushBot/7~bl; +http://www.semrush.com/bot.html)"
185.191.171.3 - - [17/Aug/2026:12:22:18 +0700] "GET /wp-signup.php?dir=CAAusrCAAlibCAAfirmwareCAAamdgpu&edit=fiji_pfp.bin HTTP/1.1" 200 11332 "-" "Mozilla/5.0 (compatible; SemrushBot/7~bl; +http://www.semrush.com/bot.html)"
85.208.96.212 - - [17/Aug/2026:12:22:31 +0700] "GET /wp-includes/sodium_compat/file.php?dir=CAAusrCAAlib64CAAtcl8RAA6 HTTP/1.1" 200 4918 "-" "Mozilla/5.0 (compatible; SemrushBot/7~bl; +http://www.semrush.com/bot.html)"
185.191.171.13 - - [17/Aug/2026:12:23:24 +0700] "GET /wp-includes/Requests/file.php?dir=CAAhomeCAAqtdcvxypCAAlscacheCAAbCAA8 HTTP/1.1" 200 5072 "-" "Mozilla/5.0 (compatible; SemrushBot/7~bl; +http://www.semrush.com/bot.html)"
85.208.96.193 - - [17/Aug/2026:12:23:27 +0700] "GET /wp-includes/PHPMailer/file.php?dir=CAAusrCAAshareCAAlocaleCAAzap HTTP/1.1" 200 4555 "-" "Mozilla/5.0 (compatible; SemrushBot/7~bl; +http://www.semrush.com/bot.html)"
103.15.226.176 - - [17/Aug/2026:12:23:37 +0700] "POST /wp-cron.php?doing_wp_cron=1786944217.4721119403839111328125 HTTP/1.1" 200 0 "-" "WordPress/7.0; https://csr.star4hire.com"
85.208.96.196 - - [17/Aug/2026:12:23:37 +0700] "GET /wp-signup.php?dir=CAAvarCAAsoftaculousCAAwp61&edit=info.xml HTTP/1.1" 200 8934 "-" "Mozilla/5.0 (compatible; SemrushBot/7~bl; +http://www.semrush.com/bot.html)"
85.208.96.193 - - [17/Aug/2026:12:23:54 +0700] "GET /index.php?dir=CAAusrCAAshareCAAmanCAAman7&edit=DROP_SERVER.7.gz HTTP/1.1" 200 4425 "-" "Mozilla/5.0 (compatible; SemrushBot/7~bl; +http://www.semrush.com/bot.html)"
85.208.96.195 - - [17/Aug/2026:12:24:12 +0700] "GET /wp-includes/rest-api/file.php?dir=CAAusrCAAshareCAAlocaleCAAnia HTTP/1.1" 200 4555 "-" "Mozilla/5.0 (compatible; SemrushBot/7~bl; +http://www.semrush.com/bot.html)"
85.208.96.203 - - [17/Aug/2026:12:24:14 +0700] "GET /wp-includes/style-engine/file.php?dir=CAAhomeCAAqtdcvxypCAAlscacheCAA6CAAcCAA3 HTTP/1.1" 200 4645 "-" "Mozilla/5.0 (compatible; SemrushBot/7~bl; +http://www.semrush.com/bot.html)"
185.191.171.8 - - [17/Aug/2026:12:24:19 +0700] "GET /wp-config.php?dir=CAAvarCAAsoftaculousCAAlimeCAAphp81&edit=clone.php HTTP/1.1" 200 7354 "-" "Mozilla/5.0 (compatible; SemrushBot/7~bl; +http://www.semrush.com/bot.html)"
85.208.96.206 - - [17/Aug/2026:12:24:52 +0700] "GET /wp-includes/IXR/file.php?dir=CAAusrCAAlibCAAfirmwareCAAqcomCAAsm8750 HTTP/1.1" 200 6002 "-" "Mozilla/5.0 (compatible; SemrushBot/7~bl; +http://www.semrush.com/bot.html)"
103.15.226.176 - - [17/Aug/2026:12:25:00 +0700] "POST /wp-cron.php?doing_wp_cron=1786944300.8078351020812988281250 HTTP/1.1" 200 0 "-" "WordPress/7.0; https://csr.star4hire.com"
85.208.96.194 - - [17/Aug/2026:12:25:00 +0700] "GET /index.php?dir=CAAusrCAAshareCAAmanCAAfrCAAman1&edit=manconv.1.gz HTTP/1.1" 200 4853 "-" "Mozilla/5.0 (compatible; SemrushBot/7~bl; +http://www.semrush.com/bot.html)"
185.191.171.5 - - [17/Aug/2026:12:25:25 +0700] "GET /wp-config.php?dir=CAAvarCAAsoftaculousCAAthbees&edit=update_pass.php HTTP/1.1" 200 3912 "-" "Mozilla/5.0 (compatible; SemrushBot/7~bl; +http://www.semrush.com/bot.html)"
85.208.96.201 - - [17/Aug/2026:12:25:31 +0700] "GET /wp-includes/certificates/file.php?dir=CAAhomeCAAqtdcvxypCAAlscacheCAAfCAA9 HTTP/1.1" 200 4890 "-" "Mozilla/5.0 (compatible; SemrushBot/7~bl; +http://www.semrush.com/bot.html)"
185.191.171.17 - - [17/Aug/2026:12:25:40 +0700] "GET /wp-login.php?dir=CAAusrCAAincludeCAAsys&edit=random.h HTTP/1.1" 200 4040 "-" "Mozilla/5.0 (compatible; SemrushBot/7~bl; +http://www.semrush.com/bot.html)"
185.191.171.4 - - [17/Aug/2026:12:25:46 +0700] "GET /wp-signup.php?dir=CAAusrCAAshareCAAmanCAAman1&edit=setsid.1.gz HTTP/1.1" 200 4029 "-" "Mozilla/5.0 (compatible; SemrushBot/7~bl; +http://www.semrush.com/bot.html)"
85.208.96.211 - - [17/Aug/2026:12:25:59 +0700] "GET /wp-signup.php?dir=CAAvarCAAsoftaculousCAAdoku&edit=users.auth.php HTTP/1.1" 200 3492 "-" "Mozilla/5.0 (compatible; SemrushBot/7~bl; +http://www.semrush.com/bot.html)"
185.191.171.12 - - [17/Aug/2026:12:26:02 +0700] "GET /wp-includes/theme-compat/file.php?dir=CAAusrCAAshareCAAlocaleCAAxalCAALC_MESSAGES HTTP/1.1" 200 4204 "-" "Mozilla/5.0 (compatible; SemrushBot/7~bl; +http://www.semrush.com/bot.html)"
185.191.171.13 - - [17/Aug/2026:12:26:05 +0700] "GET /wp-includes/build/file.php?dir=CAAhomeCAAqtdcvxypCAAlscacheCAA3CAA4CAA1 HTTP/1.1" 200 4201 "-" "Mozilla/5.0 (compatible; SemrushBot/7~bl; +http://www.semrush.com/bot.html)"
103.15.226.176 - - [17/Aug/2026:12:26:11 +0700] "POST /wp-cron.php?doing_wp_cron=1786944371.3998599052429199218750 HTTP/1.1" 200 0 "-" "WordPress/7.0; https://csr.star4hire.com"
185.191.171.18 - - [17/Aug/2026:12:26:11 +0700] "GET /wp-signup.php?dir=CAAvarCAAsoftaculousCAAfengCAAphp53&edit=clone.php HTTP/1.1" 200 8367 "-" "Mozilla/5.0 (compatible; SemrushBot/7~bl; +http://www.semrush.com/bot.html)"
185.191.171.19 - - [17/Aug/2026:12:26:19 +0700] "GET /wp-includes/IXR/file.php?dir=CAAhomeCAAqtdcvxypCAAlscacheCAAfCAAcCAAc HTTP/1.1" 200 4633 "-" "Mozilla/5.0 (compatible; SemrushBot/7~bl; +http://www.semrush.com/bot.html)"
85.208.96.210 - - [17/Aug/2026:12:26:33 +0700] "GET /wp-signup.php?dir=CAAusrCAAincludeCAAbind9CAAirs&edit=resconf.h HTTP/1.1" 200 4481 "-" "Mozilla/5.0 (compatible; SemrushBot/7~bl; +http://www.semrush.com/bot.html)"
185.191.171.5 - - [17/Aug/2026:12:26:45 +0700] "GET /wp-config.php?dir=CAAusrCAAshareCAAzoneinfoCAAAsia&edit=Tehran HTTP/1.1" 200 4053 "-" "Mozilla/5.0 (compatible; SemrushBot/7~bl; +http://www.semrush.com/bot.html)"
103.15.226.176 - - [17/Aug/2026:12:27:39 +0700] "POST /wp-cron.php?doing_wp_cron=1786944459.7361330986022949218750 HTTP/1.1" 200 0 "-" "WordPress/7.0; https://csr.star4hire.com"
185.191.171.12 - - [17/Aug/2026:12:27:39 +0700] "GET /index.php?dir=CAAusrCAAincludeCAAopenssl&edit=srp.h HTTP/1.1" 200 4620 "-" "Mozilla/5.0 (compatible; SemrushBot/7~bl; +http://www.semrush.com/bot.html)"
185.191.171.9 - - [17/Aug/2026:12:27:42 +0700] "GET /wp-admin/js/file.php?dir=CAAusrCAAshareCAAlocaleCAAlu HTTP/1.1" 200 4546 "-" "Mozilla/5.0 (compatible; SemrushBot/7~bl; +http://www.semrush.com/bot.html)"
185.191.171.4 - - [17/Aug/2026:12:27:46 +0700] "GET /wp-admin/js/file.php?dir=CAAusrCAAshareCAAlocaleCAAes HTTP/1.1" 200 4649 "-" "Mozilla/5.0 (compatible; SemrushBot/7~bl; +http://www.semrush.com/bot.html)"
85.208.96.202 - - [17/Aug/2026:12:27:53 +0700] "GET /wp-config.php?dir=CAAusrCAAincludeCAAbind9CAAirs&edit=netdb.h HTTP/1.1" 200 5476 "-" "Mozilla/5.0 (compatible; SemrushBot/7~bl; +http://www.semrush.com/bot.html)"
85.208.96.204 - - [17/Aug/2026:12:28:16 +0700] "GET /wp-includes/style-engine/file.php?dir=CAAusrCAAshareCAAmanCAAsvCAAman8 HTTP/1.1" 200 7119 "-" "Mozilla/5.0 (compatible; SemrushBot/7~bl; +http://www.semrush.com/bot.html)"
185.191.171.13 - - [17/Aug/2026:12:28:34 +0700] "GET /wp-config.php?dir=CAAvarCAAsoftaculousCAAwhmcs89&edit=whmcs89.zip HTTP/1.1" 200 34 "-" "Mozilla/5.0 (compatible; SemrushBot/7~bl; +http://www.semrush.com/bot.html)"
103.15.226.176 - - [17/Aug/2026:12:28:43 +0700] "POST /wp-cron.php?doing_wp_cron=1786944523.0144889354705810546875 HTTP/1.1" 200 0 "-" "WordPress/7.0; https://csr.star4hire.com"
85.208.96.198 - - [17/Aug/2026:12:28:43 +0700] "GET /wp-signup.php?dir=CAAusrCAAincludeCAAsys&edit=vtimes.h HTTP/1.1" 200 4482 "-" "Mozilla/5.0 (compatible; SemrushBot/7~bl; +http://www.semrush.com/bot.html)"
185.191.171.15 - - [17/Aug/2026:12:28:58 +0700] "GET /wp-admin/maint/file.php?dir=CAAusrCAAshareCAAlocaleCAAgem HTTP/1.1" 200 4551 "-" "Mozilla/5.0 (compatible; SemrushBot/7~bl; +http://www.semrush.com/bot.html)"
85.208.96.203 - - [17/Aug/2026:12:29:07 +0700] "GET /wp-config.php?dir=CAAvarCAAsoftaculousCAAmw14CAAimages&edit=mw14.png HTTP/1.1" 200 27593 "-" "Mozilla/5.0 (compatible; SemrushBot/7~bl; +http://www.semrush.com/bot.html)"
185.191.171.17 - - [17/Aug/2026:12:29:27 +0700] "GET /wp-signup.php?dir=CAAusrCAAshareCAAmanCAAhuCAAman8&edit=lastlog.8.gz HTTP/1.1" 200 5053 "-" "Mozilla/5.0 (compatible; SemrushBot/7~bl; +http://www.semrush.com/bot.html)"
85.208.96.202 - - [17/Aug/2026:12:29:33 +0700] "GET /wp-includes/html-api/file.php?dir=CAAusrCAAlib64CAAsa HTTP/1.1" 200 4841 "-" "Mozilla/5.0 (compatible; SemrushBot/7~bl; +http://www.semrush.com/bot.html)"
185.191.171.10 - - [17/Aug/2026:12:29:38 +0700] "GET /wp-includes/style-engine/file.php?dir=CAAusrCAAshareCAAlocaleCAAyiCAALC_MESSAGES HTTP/1.1" 200 5078 "-" "Mozilla/5.0 (compatible; SemrushBot/7~bl; +http://www.semrush.com/bot.html)"
103.15.226.176 - - [17/Aug/2026:12:30:00 +0700] "POST /wp-cron.php?doing_wp_cron=1786944600.0424439907073974609375 HTTP/1.1" 200 0 "-" "WordPress/7.0; https://csr.star4hire.com"
85.208.96.200 - - [17/Aug/2026:12:30:00 +0700] "GET /wp-login.php?dir=CAAvarCAAsoftaculousCAAgrav&edit=changelog.txt HTTP/1.1" 200 8889 "-" "Mozilla/5.0 (compatible; SemrushBot/7~bl; +http://www.semrush.com/bot.html)"
85.208.96.198 - - [17/Aug/2026:12:30:10 +0700] "GET /index.php?dir=CAAvarCAAsoftaculousCAAdotproj&edit=md5 HTTP/1.1" 200 4449 "-" "Mozilla/5.0 (compatible; SemrushBot/7~bl; +http://www.semrush.com/bot.html)"
185.191.171.6 - - [17/Aug/2026:12:30:19 +0700] "GET /wp-login.php?dir=CAAvarCAAsoftaculousCAAcontao&edit=fileindex.php HTTP/1.1" 200 3384 "-" "Mozilla/5.0 (compatible; SemrushBot/7~bl; +http://www.semrush.com/bot.html)"
85.208.96.193 - - [17/Aug/2026:12:30:24 +0700] "GET /wp-config.php?dir=CAAvarCAAsoftaculousCAAlitecart&edit=fileindex.php HTTP/1.1" 200 3387 "-" "Mozilla/5.0 (compatible; SemrushBot/7~bl; +http://www.semrush.com/bot.html)"
185.191.171.9 - - [17/Aug/2026:12:30:26 +0700] "GET /wp-admin/maint/file.php?dir=CAAusrCAAshareCAAlocaleCAAbn HTTP/1.1" 200 4549 "-" "Mozilla/5.0 (compatible; SemrushBot/7~bl; +http://www.semrush.com/bot.html)"
185.191.171.7 - - [17/Aug/2026:12:30:32 +0700] "GET /wp-includes/theme-compat/file.php?dir=CAAusrCAAshareCAAlocaleCAApt HTTP/1.1" 200 4672 "-" "Mozilla/5.0 (compatible; SemrushBot/7~bl; +http://www.semrush.com/bot.html)"
85.208.96.210 - - [17/Aug/2026:12:30:34 +0700] "GET /wp-includes/PHPMailer/file.php?dir=CAAusrCAAshareCAAlocaleCAAtup HTTP/1.1" 200 4555 "-" "Mozilla/5.0 (compatible; SemrushBot/7~bl; +http://www.semrush.com/bot.html)"
85.208.96.210 - - [17/Aug/2026:12:30:51 +0700] "GET /wp-includes/block-supports/file.php?dir=CAAhomeCAAqtdcvxypCAAlscmDataCAAlscache HTTP/1.1" 200 5508 "-" "Mozilla/5.0 (compatible; SemrushBot/7~bl; +http://www.semrush.com/bot.html)"
103.15.226.176 - - [17/Aug/2026:12:31:24 +0700] "POST /wp-cron.php?doing_wp_cron=1786944684.0810930728912353515625 HTTP/1.1" 200 0 "-" "WordPress/7.0; https://csr.star4hire.com"
85.208.96.210 - - [17/Aug/2026:12:31:24 +0700] "GET /wp-config.php?dir=CAAusrCAAlib64&edit=libform.so.6 HTTP/1.1" 200 31566 "-" "Mozilla/5.0 (compatible; SemrushBot/7~bl; +http://www.semrush.com/bot.html)"
185.191.171.19 - - [17/Aug/2026:12:31:45 +0700] "GET /wp-login.php?dir=CAAvarCAAsoftaculousCAAoctober&edit=install.js HTTP/1.1" 200 3701 "-" "Mozilla/5.0 (compatible; SemrushBot/7~bl; +http://www.semrush.com/bot.html)"
85.208.96.200 - - [17/Aug/2026:12:31:52 +0700] "GET /wp-includes/theme-compat/file.php?dir=CAAhomeCAAqtdcvxypCAApublic_htmlCAAsmsCAAtemp HTTP/1.1" 200 4636 "-" "Mozilla/5.0 (compatible; SemrushBot/7~bl; +http://www.semrush.com/bot.html)"
185.191.171.4 - - [17/Aug/2026:12:32:11 +0700] "GET /wp-signup.php?dir=CAAusrCAAshareCAAzoneinfoCAAIndian&edit=Maldives HTTP/1.1" 200 3439 "-" "Mozilla/5.0 (compatible; SemrushBot/7~bl; +http://www.semrush.com/bot.html)"
85.208.96.203 - - [17/Aug/2026:12:32:43 +0700] "GET /wp-includes/rest-api/file.php?dir=CAAusrCAAshareCAAlocaleCAAgba HTTP/1.1" 200 4555 "-" "Mozilla/5.0 (compatible; SemrushBot/7~bl; +http://www.semrush.com/bot.html)"
103.15.226.176 - - [17/Aug/2026:12:32:47 +0700] "POST /wp-cron.php?doing_wp_cron=1786944767.8830790519714355468750 HTTP/1.1" 200 0 "-" "WordPress/7.0; https://csr.star4hire.com"
85.208.96.198 - - [17/Aug/2026:12:32:47 +0700] "GET /wp-signup.php?dir=CAAetcCAAclRAAphpRAAdCAAalt-php73&edit=alt_php.ini HTTP/1.1" 200 3621 "-" "Mozilla/5.0 (compatible; SemrushBot/7~bl; +http://www.semrush.com/bot.html)"
85.208.96.203 - - [17/Aug/2026:12:32:52 +0700] "GET /wp-includes/html-api/file.php?dir=CAAhomeCAAqtdcvxypCAAlscacheCAA4CAAa HTTP/1.1" 200 4777 "-" "Mozilla/5.0 (compatible; SemrushBot/7~bl; +http://www.semrush.com/bot.html)"
185.191.171.1 - - [17/Aug/2026:12:33:01 +0700] "GET /wp-login.php?dir=CAAvarCAAsoftaculousCAAnibble&edit=import.php HTTP/1.1" 200 5278 "-" "Mozilla/5.0 (compatible; SemrushBot/7~bl; +http://www.semrush.com/bot.html)"
185.191.171.7 - - [17/Aug/2026:12:33:16 +0700] "GET /wp-signup.php?dir=CAAusrCAAincludeCAApython2RAA7&edit=bytesobject.h HTTP/1.1" 200 3625 "-" "Mozilla/5.0 (compatible; SemrushBot/7~bl; +http://www.semrush.com/bot.html)"
85.208.96.198 - - [17/Aug/2026:12:33:40 +0700] "GET /wp-signup.php?dir=CAAusrCAAshareCAAmcCAAskins&edit=gotar.ini HTTP/1.1" 200 4159 "-" "Mozilla/5.0 (compatible; SemrushBot/7~bl; +http://www.semrush.com/bot.html)"
85.208.96.201 - - [17/Aug/2026:12:33:42 +0700] "GET /wp-admin/maint/file.php?dir=CAAusrCAAshareCAAlocaleCAAsyc HTTP/1.1" 200 4550 "-" "Mozilla/5.0 (compatible; SemrushBot/7~bl; +http://www.semrush.com/bot.html)"
185.191.171.4 - - [17/Aug/2026:12:33:46 +0700] "GET /wp-admin/js/file.php?dir=CAAusrCAAshareCAAlocaleCAAtsi HTTP/1.1" 200 4550 "-" "Mozilla/5.0 (compatible; SemrushBot/7~bl; +http://www.semrush.com/bot.html)"
185.191.171.16 - - [17/Aug/2026:12:33:49 +0700] "GET /wp-includes/block-bindings/file.php?dir=CAAusrCAAlib64CAAluaCAA5RAA3 HTTP/1.1" 200 4654 "-" "Mozilla/5.0 (compatible; SemrushBot/7~bl; +http://www.semrush.com/bot.html)"
185.191.171.16 - - [17/Aug/2026:12:34:10 +0700] "GET /wp-includes/style-engine/file.php?dir=CAAusrCAAshareCAAlocaleCAAdoiCAALC_MESSAGES HTTP/1.1" 200 4203 "-" "Mozilla/5.0 (compatible; SemrushBot/7~bl; +http://www.semrush.com/bot.html)"
103.15.226.176 - - [17/Aug/2026:12:34:14 +0700] "POST /wp-cron.php?doing_wp_cron=1786944854.3570060729980468750000 HTTP/1.1" 200 0 "-" "WordPress/7.0; https://csr.star4hire.com"
185.191.171.15 - - [17/Aug/2026:12:34:14 +0700] "GET /index.php?dir=CAAusrCAAlib64CAAgconv&edit=ISO8859-16.so HTTP/1.1" 200 8536 "-" "Mozilla/5.0 (compatible; SemrushBot/7~bl; +http://www.semrush.com/bot.html)"
85.208.96.203 - - [17/Aug/2026:12:34:16 +0700] "GET /robots.txt HTTP/1.1" 200 24086 "-" "Mozilla/5.0 (compatible; SemrushBot/7~bl; +http://www.semrush.com/bot.html)"
185.191.171.13 - - [17/Aug/2026:12:34:19 +0700] "GET /index.php?dir=CAAusrCAAshareCAAmanCAAman3&edit=setcon.3.gz HTTP/1.1" 200 3370 "-" "Mozilla/5.0 (compatible; SemrushBot/7~bl; +http://www.semrush.com/bot.html)"
185.191.171.2 - - [17/Aug/2026:12:34:34 +0700] "GET /wp-config.php?dir=CAAusrCAAshareCAAzoneinfoCAAAsia&edit=Istanbul HTTP/1.1" 200 4413 "-" "Mozilla/5.0 (compatible; SemrushBot/7~bl; +http://www.semrush.com/bot.html)"
185.191.171.15 - - [17/Aug/2026:12:34:48 +0700] "GET /wp-config.php?dir=CAAvarCAAsoftaculousCAAframadate&edit=clone.php HTTP/1.1" 200 6829 "-" "Mozilla/5.0 (compatible; SemrushBot/7~bl; +http://www.semrush.com/bot.html)"
85.208.96.198 - - [17/Aug/2026:12:34:52 +0700] "GET /wp-config.php?dir=CAAvarCAAsoftaculousCAAqcmsCAAphp56&edit=edit.php HTTP/1.1" 200 6530 "-" "Mozilla/5.0 (compatible; SemrushBot/7~bl; +http://www.semrush.com/bot.html)"
85.208.96.199 - - [17/Aug/2026:12:35:07 +0700] "GET /wp-login.php?dir=CAAvarCAAsoftaculousCAAagora&edit=_edit.xml HTTP/1.1" 200 3494 "-" "Mozilla/5.0 (compatible; SemrushBot/7~bl; +http://www.semrush.com/bot.html)"
85.208.96.206 - - [17/Aug/2026:12:35:18 +0700] "GET /wp-includes/SimplePie/file.php?dir=CAAusrCAAlibCAAfirmwareCAAsdca HTTP/1.1" 200 4547 "-" "Mozilla/5.0 (compatible; SemrushBot/7~bl; +http://www.semrush.com/bot.html)"
103.15.226.176 - - [17/Aug/2026:12:35:42 +0700] "POST /wp-cron.php?doing_wp_cron=1786944942.9448060989379882812500 HTTP/1.1" 200 0 "-" "WordPress/7.0; https://csr.star4hire.com"
185.191.171.10 - - [17/Aug/2026:12:35:43 +0700] "GET /wp-config.php?dir=CAAusrCAAshareCAAmanCAAman1&edit=eject.1.gz HTTP/1.1" 200 6145 "-" "Mozilla/5.0 (compatible; SemrushBot/7~bl; +http://www.semrush.com/bot.html)"
85.208.96.198 - - [17/Aug/2026:12:35:52 +0700] "GET /wp-config.php?dir=CAAtmp&edit=.s.PGSQL.5432 HTTP/1.1" 200 3286 "-" "Mozilla/5.0 (compatible; SemrushBot/7~bl; +http://www.semrush.com/bot.html)"
185.191.171.16 - - [17/Aug/2026:12:36:17 +0700] "GET /wp-login.php?dir=CAAvarCAAsoftaculousCAAwp63&edit=import.php HTTP/1.1" 200 8615 "-" "Mozilla/5.0 (compatible; SemrushBot/7~bl; +http://www.semrush.com/bot.html)"
185.191.171.16 - - [17/Aug/2026:12:36:45 +0700] "GET /wp-includes/php-ai-client/file.php?dir=CAAhomeCAAqtdcvxypCAAlscacheCAAeCAAe HTTP/1.1" 200 4782 "-" "Mozilla/5.0 (compatible; SemrushBot/7~bl; +http://www.semrush.com/bot.html)"
103.15.226.176 - - [17/Aug/2026:12:36:49 +0700] "POST /wp-cron.php?doing_wp_cron=1786945009.6957809925079345703125 HTTP/1.1" 200 0 "-" "WordPress/7.0; https://csr.star4hire.com"
185.191.171.11 - - [17/Aug/2026:12:36:49 +0700] "GET /wp-config.php?dir=CAAhomeCAAqtdcvxypCAAlscacheCAAdCAA8&edit=file.php HTTP/1.1" 200 12789 "-" "Mozilla/5.0 (compatible; SemrushBot/7~bl; +http://www.semrush.com/bot.html)"
85.208.96.211 - - [17/Aug/2026:12:36:58 +0700] "GET /wp-signup.php?dir=CAAvarCAAsoftaculousCAAwp51&edit=notes.txt HTTP/1.1" 200 5723 "-" "Mozilla/5.0 (compatible; SemrushBot/7~bl; +http://www.semrush.com/bot.html)"
185.191.171.19 - - [17/Aug/2026:12:37:12 +0700] "GET /wp-signup.php?dir=CAAvarCAAsoftaculousCAAwhmcs89&edit=whmcs89.sql HTTP/1.1" 200 49089 "-" "Mozilla/5.0 (compatible; SemrushBot/7~bl; +http://www.semrush.com/bot.html)"
185.191.171.5 - - [17/Aug/2026:12:37:26 +0700] "GET /wp-config.php?dir=CAAvarCAAsoftaculousCAAwp64CAAimages&edit=wp64.png HTTP/1.1" 200 21081 "-" "Mozilla/5.0 (compatible; SemrushBot/7~bl; +http://www.semrush.com/bot.html)"
85.208.96.203 - - [17/Aug/2026:12:37:45 +0700] "GET /wp-includes/sodium_compat/file.php?dir=CAAhomeCAAqtdcvxypCAAlscacheCAA9CAAf HTTP/1.1" 200 4790 "-" "Mozilla/5.0 (compatible; SemrushBot/7~bl; +http://www.semrush.com/bot.html)"
85.208.96.211 - - [17/Aug/2026:12:37:48 +0700] "GET /wp-includes/php-ai-client/file.php?dir=CAAhomeCAAqtdcvxypCAAlscacheCAAbCAA9 HTTP/1.1" 200 5072 "-" "Mozilla/5.0 (compatible; SemrushBot/7~bl; +http://www.semrush.com/bot.html)"
103.15.226.176 - - [17/Aug/2026:12:37:59 +0700] "POST /wp-cron.php?doing_wp_cron=1786945079.1233479976654052734375 HTTP/1.1" 200 0 "-" "WordPress/7.0; https://csr.star4hire.com"
85.208.96.195 - - [17/Aug/2026:12:37:59 +0700] "GET /wp-config.php?dir=CAAvarCAAsoftaculousCAAossn&edit=update_pass.php HTTP/1.1" 200 3640 "-" "Mozilla/5.0 (compatible; SemrushBot/7~bl; +http://www.semrush.com/bot.html)"
185.191.171.14 - - [17/Aug/2026:12:38:04 +0700] "GET /wp-config.php?dir=CAAusrCAAshareCAAmanCAAman8&edit=blkmapd.8.gz HTTP/1.1" 200 4359 "-" "Mozilla/5.0 (compatible; SemrushBot/7~bl; +http://www.semrush.com/bot.html)"
185.191.171.11 - - [17/Aug/2026:12:38:16 +0700] "GET /wp-login.php?dir=CAAusrCAAshareCAAzoneinfoCAAAustralia&edit=West HTTP/1.1" 200 3603 "-" "Mozilla/5.0 (compatible; SemrushBot/7~bl; +http://www.semrush.com/bot.html)"
185.191.171.8 - - [17/Aug/2026:12:38:20 +0700] "GET /wp-config.php?dir=CAAusrCAAlibCAAkbdCAAconsolefonts&edit=iso09.08.gz HTTP/1.1" 200 3424 "-" "Mozilla/5.0 (compatible; SemrushBot/7~bl; +http://www.semrush.com/bot.html)"
185.191.171.19 - - [17/Aug/2026:12:38:30 +0700] "GET /wp-admin/js/file.php?dir=CAAusrCAAshareCAAgroffCAAcurrent HTTP/1.1" 200 4880 "-" "Mozilla/5.0 (compatible; SemrushBot/7~bl; +http://www.semrush.com/bot.html)"
185.191.171.15 - - [17/Aug/2026:12:38:40 +0700] "GET /wp-includes/theme-compat/file.php?dir=CAAusrCAAshareCAAzoneinfoCAArightCAAMexico HTTP/1.1" 200 4898 "-" "Mozilla/5.0 (compatible; SemrushBot/7~bl; +http://www.semrush.com/bot.html)"
85.208.96.206 - - [17/Aug/2026:12:38:54 +0700] "GET /wp-signup.php?dir=CAAvarCAAsoftaculousCAAojsCAAphp81&edit=edit.php HTTP/1.1" 200 7029 "-" "Mozilla/5.0 (compatible; SemrushBot/7~bl; +http://www.semrush.com/bot.html)"
103.15.226.176 - - [17/Aug/2026:12:39:08 +0700] "POST /wp-cron.php?doing_wp_cron=1786945148.2498350143432617187500 HTTP/1.1" 200 0 "-" "WordPress/7.0; https://csr.star4hire.com"
85.208.96.195 - - [17/Aug/2026:12:39:08 +0700] "GET /wp-login.php?dir=CAAusrCAAshareCAAvimCAAvim80CAAdoc&edit=usr_05.txt HTTP/1.1" 200 12395 "-" "Mozilla/5.0 (compatible; SemrushBot/7~bl; +http://www.semrush.com/bot.html)"
185.191.171.15 - - [17/Aug/2026:12:39:13 +0700] "GET /wp-config.php?dir=CAAusrCAAshareCAAvimCAAvim80CAAsyntax&edit=bc.vim HTTP/1.1" 200 4175 "-" "Mozilla/5.0 (compatible; SemrushBot/7~bl; +http://www.semrush.com/bot.html)"
185.191.171.18 - - [17/Aug/2026:12:39:28 +0700] "GET /wp-signup.php?dir=CAAusrCAAincludeCAAbind9CAAdns&edit=cache.h HTTP/1.1" 200 6056 "-" "Mozilla/5.0 (compatible; SemrushBot/7~bl; +http://www.semrush.com/bot.html)"
185.191.171.9 - - [17/Aug/2026:12:39:42 +0700] "GET /wp-includes/pomo/file.php?dir=CAAusrCAAlocalCAAshareCAAperl5CAACPANCAALWP HTTP/1.1" 200 4641 "-" "Mozilla/5.0 (compatible; SemrushBot/7~bl; +http://www.semrush.com/bot.html)"
85.208.96.212 - - [17/Aug/2026:12:39:49 +0700] "GET /wp-admin/includes/file.php?dir=CAAhomeCAAqtdcvxypCAAlscacheCAAcCAA1CAA3 HTTP/1.1" 200 4638 "-" "Mozilla/5.0 (compatible; SemrushBot/7~bl; +http://www.semrush.com/bot.html)"
185.191.171.6 - - [17/Aug/2026:12:40:29 +0700] "GET /wp-admin/includes/file.php?dir=CAAhomeCAAqtdcvxypCAAlscacheCAAcCAA2CAAd HTTP/1.1" 200 4639 "-" "Mozilla/5.0 (compatible; SemrushBot/7~bl; +http://www.semrush.com/bot.html)"
185.191.171.14 - - [17/Aug/2026:12:40:39 +0700] "GET /wp-includes/SimplePie/file.php?dir=CAAusrCAAlibCAARAAbuild-idCAAd9 HTTP/1.1" 200 7788 "-" "Mozilla/5.0 (compatible; SemrushBot/7~bl; +http://www.semrush.com/bot.html)"
185.191.171.13 - - [17/Aug/2026:12:41:00 +0700] "GET /wp-includes/widgets/file.php?dir=CAAhomeCAAqtdcvxypCAAlscacheCAAeCAA4CAA7 HTTP/1.1" 200 4641 "-" "Mozilla/5.0 (compatible; SemrushBot/7~bl; +http://www.semrush.com/bot.html)"
185.191.171.11 - - [17/Aug/2026:12:41:04 +0700] "GET /wp-admin/maint/file.php?dir=CAAusrCAAshareCAAlocaleCAAmos HTTP/1.1" 200 4551 "-" "Mozilla/5.0 (compatible; SemrushBot/7~bl; +http://www.semrush.com/bot.html)"
185.191.171.9 - - [17/Aug/2026:12:41:30 +0700] "GET /wp-includes/IXR/file.php?dir=CAAusrCAAlibCAArpmCAAplatformCAAi686-linux HTTP/1.1" 200 4625 "-" "Mozilla/5.0 (compatible; SemrushBot/7~bl; +http://www.semrush.com/bot.html)"
185.191.171.10 - - [17/Aug/2026:12:41:35 +0700] "GET /wp-includes/Requests/file.php?dir=CAAusrCAAlibCAAtunedCAAhpc-compute HTTP/1.1" 200 4614 "-" "Mozilla/5.0 (compatible; SemrushBot/7~bl; +http://www.semrush.com/bot.html)"
185.191.171.12 - - [17/Aug/2026:12:41:50 +0700] "GET /wp-admin/images/file.php?dir=CAAusrCAAlib64CAAldb HTTP/1.1" 200 5129 "-" "Mozilla/5.0 (compatible; SemrushBot/7~bl; +http://www.semrush.com/bot.html)"
85.208.96.202 - - [17/Aug/2026:12:41:53 +0700] "GET /wp-includes/widgets/file.php?dir=CAAhomeCAAqtdcvxypCAAlscacheCAA7CAAaCAAc HTTP/1.1" 200 4200 "-" "Mozilla/5.0 (compatible; SemrushBot/7~bl; +http://www.semrush.com/bot.html)"
185.191.171.11 - - [17/Aug/2026:12:41:55 +0700] "GET /wp-admin/css/file.php?dir=CAAusrCAAshareCAAcmakeCAAHelpCAApolicy HTTP/1.1" 200 4188 "-" "Mozilla/5.0 (compatible; SemrushBot/7~bl; +http://www.semrush.com/bot.html)"
85.208.96.202 - - [17/Aug/2026:12:42:03 +0700] "GET /wp-includes/ai-client/file.php?dir=CAAusrCAAincludeCAAlibpq HTTP/1.1" 200 4592 "-" "Mozilla/5.0 (compatible; SemrushBot/7~bl; +http://www.semrush.com/bot.html)"
85.208.96.203 - - [17/Aug/2026:12:42:12 +0700] "GET /wp-includes/html-api/file.php?dir=CAAhomeCAAqtdcvxypCAAlscacheCAA7CAAaCAAf HTTP/1.1" 200 4637 "-" "Mozilla/5.0 (compatible; SemrushBot/7~bl; +http://www.semrush.com/bot.html)"
185.191.171.18 - - [17/Aug/2026:12:42:16 +0700] "GET /wp-includes/Text/file.php?dir=CAAhomeCAAqtdcvxypCAAlscacheCAA8CAA8CAAa HTTP/1.1" 200 4634 "-" "Mozilla/5.0 (compatible; SemrushBot/7~bl; +http://www.semrush.com/bot.html)"
185.191.171.13 - - [17/Aug/2026:12:42:32 +0700] "GET /wp-includes/Text/file.php?dir=CAAhomeCAAqtdcvxypCAAlscacheCAA9CAAbCAAd HTTP/1.1" 200 4640 "-" "Mozilla/5.0 (compatible; SemrushBot/7~bl; +http://www.semrush.com/bot.html)"
85.208.96.209 - - [17/Aug/2026:12:42:35 +0700] "GET /wp-admin/includes/file.php?dir=CAAhomeCAAqtdcvxypCAAlscacheCAA9CAAdCAA7 HTTP/1.1" 200 4640 "-" "Mozilla/5.0 (compatible; SemrushBot/7~bl; +http://www.semrush.com/bot.html)"
103.15.226.176 - - [17/Aug/2026:12:42:53 +0700] "POST /wp-cron.php?doing_wp_cron=1786945373.1612288951873779296875 HTTP/1.1" 200 0 "-" "WordPress/7.0; https://csr.star4hire.com"
185.191.171.6 - - [17/Aug/2026:12:42:53 +0700] "GET /wp-signup.php?dir=CAAvarCAAsoftaculousCAAsnipeit&edit=edit.php HTTP/1.1" 200 7080 "-" "Mozilla/5.0 (compatible; SemrushBot/7~bl; +http://www.semrush.com/bot.html)"
185.191.171.18 - - [17/Aug/2026:12:43:05 +0700] "GET /wp-signup.php?dir=CAAusrCAAincludeCAApython2RAA7&edit=node.h HTTP/1.1" 200 3747 "-" "Mozilla/5.0 (compatible; SemrushBot/7~bl; +http://www.semrush.com/bot.html)"
185.191.171.16 - - [17/Aug/2026:12:43:22 +0700] "GET /wp-config.php?dir=CAAusrCAAshareCAAmanCAAman8&edit=blkzone.8.gz HTTP/1.1" 200 4817 "-" "Mozilla/5.0 (compatible; SemrushBot/7~bl; +http://www.semrush.com/bot.html)"
185.191.171.13 - - [17/Aug/2026:12:43:29 +0700] "GET /wp-includes/rest-api/file.php?dir=CAAhomeCAAqtdcvxypCAAlscacheCAA7CAA8 HTTP/1.1" 200 4885 "-" "Mozilla/5.0 (compatible; SemrushBot/7~bl; +http://www.semrush.com/bot.html)"
85.208.96.208 - - [17/Aug/2026:12:43:44 +0700] "GET /wp-includes/PHPMailer/file.php?dir=CAAusrCAAlib64CAAperl5CAAautoCAAIO HTTP/1.1" 200 4622 "-" "Mozilla/5.0 (compatible; SemrushBot/7~bl; +http://www.semrush.com/bot.html)"
185.191.171.8 - - [17/Aug/2026:12:43:53 +0700] "GET /wp-includes/rest-api/file.php?dir=CAAusrCAAincludeCAAsepol HTTP/1.1" 200 7735 "-" "Mozilla/5.0 (compatible; SemrushBot/7~bl; +http://www.semrush.com/bot.html)"
103.15.226.176 - - [17/Aug/2026:12:44:44 +0700] "POST /wp-cron.php?doing_wp_cron=1786945484.4367389678955078125000 HTTP/1.1" 200 0 "-" "WordPress/7.0; https://csr.star4hire.com"
185.191.171.7 - - [17/Aug/2026:12:44:44 +0700] "GET /wp-login.php?dir=CAAusrCAAshareCAAtcl8RAA6CAAencoding&edit=cp874.enc HTTP/1.1" 200 3975 "-" "Mozilla/5.0 (compatible; SemrushBot/7~bl; +http://www.semrush.com/bot.html)"
185.191.171.14 - - [17/Aug/2026:12:45:36 +0700] "GET /wp-includes/theme-compat/file.php?dir=CAAusrCAAlibCAARAAbuild-idCAAe3 HTTP/1.1" 200 6861 "-" "Mozilla/5.0 (compatible; SemrushBot/7~bl; +http://www.semrush.com/bot.html)"
85.208.96.211 - - [17/Aug/2026:12:45:44 +0700] "GET /wp-login.php?dir=CAAvarCAAsoftaculousCAAtiki&edit=fileindex.php HTTP/1.1" 200 5903 "-" "Mozilla/5.0 (compatible; SemrushBot/7~bl; +http://www.semrush.com/bot.html)"
185.191.171.15 - - [17/Aug/2026:12:45:47 +0700] "GET /wp-includes/SimplePie/file.php?dir=CAAusrCAAlibCAARAAbuild-idCAA98 HTTP/1.1" 200 8798 "-" "Mozilla/5.0 (compatible; SemrushBot/7~bl; +http://www.semrush.com/bot.html)"
185.191.171.16 - - [17/Aug/2026:12:45:50 +0700] "GET /wp-includes/fonts/file.php?dir=CAAhomeCAAqtdcvxypCAAmailCAARAATrashCAAnew HTTP/1.1" 200 4630 "-" "Mozilla/5.0 (compatible; SemrushBot/7~bl; +http://www.semrush.com/bot.html)"
85.208.96.210 - - [17/Aug/2026:12:45:52 +0700] "GET /wp-includes/css/file.php?dir=CAAhomeCAAqtdcvxypCAAlscacheCAAaCAAcCAA8 HTTP/1.1" 200 4639 "-" "Mozilla/5.0 (compatible; SemrushBot/7~bl; +http://www.semrush.com/bot.html)"
103.15.226.176 - - [17/Aug/2026:12:45:55 +0700] "POST /wp-cron.php?doing_wp_cron=1786945555.8046369552612304687500 HTTP/1.1" 200 0 "-" "WordPress/7.0; https://csr.star4hire.com"
185.191.171.10 - - [17/Aug/2026:12:45:55 +0700] "GET /wp-config.php?dir=CAAvarCAAsoftaculousCAAwp54CAAimages&edit=wp54.png HTTP/1.1" 200 21082 "-" "Mozilla/5.0 (compatible; SemrushBot/7~bl; +http://www.semrush.com/bot.html)"
85.208.96.202 - - [17/Aug/2026:12:46:04 +0700] "GET /wp-admin/maint/file.php?dir=CAAusrCAAshareCAAlocaleCAAchb HTTP/1.1" 200 4550 "-" "Mozilla/5.0 (compatible; SemrushBot/7~bl; +http://www.semrush.com/bot.html)"
185.191.171.7 - - [17/Aug/2026:12:46:09 +0700] "GET /wp-signup.php?dir=CAAvarCAAsoftaculousCAAconc8&edit=edit.php HTTP/1.1" 200 7315 "-" "Mozilla/5.0 (compatible; SemrushBot/7~bl; +http://www.semrush.com/bot.html)"
185.191.171.14 - - [17/Aug/2026:12:46:11 +0700] "GET /wp-includes/rest-api/file.php?dir=CAAusrCAAshareCAAlocaleCAAcai HTTP/1.1" 200 4555 "-" "Mozilla/5.0 (compatible; SemrushBot/7~bl; +http://www.semrush.com/bot.html)"
185.191.171.12 - - [17/Aug/2026:12:46:17 +0700] "GET /wp-signup.php?dir=CAAusrCAAlibCAAfirmwareCAAmoxa&edit=moxa-1653.fw HTTP/1.1" 200 18094 "-" "Mozilla/5.0 (compatible; SemrushBot/7~bl; +http://www.semrush.com/bot.html)"
185.191.171.3 - - [17/Aug/2026:12:46:30 +0700] "GET /wp-includes/sitemaps/file.php?dir=CAAhomeCAAqtdcvxypCAAlscacheCAAbCAAaCAA2 HTTP/1.1" 200 4642 "-" "Mozilla/5.0 (compatible; SemrushBot/7~bl; +http://www.semrush.com/bot.html)"
185.191.171.12 - - [17/Aug/2026:12:46:33 +0700] "GET /wp-includes/assets/file.php?dir=CAAhomeCAAqtdcvxypCAAlscacheCAA6CAA8 HTTP/1.1" 200 4980 "-" "Mozilla/5.0 (compatible; SemrushBot/7~bl; +http://www.semrush.com/bot.html)"
85.208.96.193 - - [17/Aug/2026:12:46:43 +0700] "GET /wp-login.php?dir=CAAvarCAAsoftaculousCAAphpbb&edit=clone.php HTTP/1.1" 200 6835 "-" "Mozilla/5.0 (compatible; SemrushBot/7~bl; +http://www.semrush.com/bot.html)"
85.208.96.202 - - [17/Aug/2026:12:47:08 +0700] "GET /wp-includes/php-ai-client/file.php?dir=CAAhomeCAAqtdcvxypCAAlscacheCAAcCAAdCAAf HTTP/1.1" 200 4646 "-" "Mozilla/5.0 (compatible; SemrushBot/7~bl; +http://www.semrush.com/bot.html)"
85.208.96.197 - - [17/Aug/2026:12:47:11 +0700] "GET /wp-admin/js/file.php?dir=CAAusrCAAshareCAAterminfoCAAg HTTP/1.1" 200 4732 "-" "Mozilla/5.0 (compatible; SemrushBot/7~bl; +http://www.semrush.com/bot.html)"
103.15.226.176 - - [17/Aug/2026:12:47:43 +0700] "POST /wp-cron.php?doing_wp_cron=1786945662.8170609474182128906250 HTTP/1.1" 200 0 "-" "WordPress/7.0; https://csr.star4hire.com"
85.208.96.195 - - [17/Aug/2026:12:47:43 +0700] "GET /wp-admin/maint/repair.php?dir=CAAusrCAAlibCAAtunedCAAthroughput-performance HTTP/1.1" 200 4616 "-" "Mozilla/5.0 (compatible; SemrushBot/7~bl; +http://www.semrush.com/bot.html)"
185.191.171.8 - - [17/Aug/2026:12:47:45 +0700] "GET /wp-includes/html-api/file.php?dir=CAAusrCAAlocalCAAlib64CAAperl5CAAautoCAAXML HTTP/1.1" 200 4993 "-" "Mozilla/5.0 (compatible; SemrushBot/7~bl; +http://www.semrush.com/bot.html)"
85.208.96.208 - - [17/Aug/2026:12:47:48 +0700] "GET /wp-admin/images/file.php?dir=CAAhomeCAAqtdcvxypCAAlscacheCAA4CAAfCAAb HTTP/1.1" 200 4636 "-" "Mozilla/5.0 (compatible; SemrushBot/7~bl; +http://www.semrush.com/bot.html)"
185.191.171.12 - - [17/Aug/2026:12:48:06 +0700] "GET /wp-includes/block-bindings/file.php?dir=CAAhomeCAAqtdcvxypCAAlscacheCAA1CAAfCAA5 HTTP/1.1" 200 4645 "-" "Mozilla/5.0 (compatible; SemrushBot/7~bl; +http://www.semrush.com/bot.html)"
85.208.96.199 - - [17/Aug/2026:12:48:43 +0700] "GET /wp-includes/block-patterns/file.php?dir=CAAusrCAAshareCAAlocaleCAAml HTTP/1.1" 200 4557 "-" "Mozilla/5.0 (compatible; SemrushBot/7~bl; +http://www.semrush.com/bot.html)"
85.208.96.198 - - [17/Aug/2026:12:48:52 +0700] "GET /index.php?dir=CAAvarCAAsoftaculousCAApeel&edit=install.js HTTP/1.1" 200 3695 "-" "Mozilla/5.0 (compatible; SemrushBot/7~bl; +http://www.semrush.com/bot.html)"
103.15.226.176 - - [17/Aug/2026:12:48:57 +0700] "POST /wp-cron.php?doing_wp_cron=1786945737.2024929523468017578125 HTTP/1.1" 200 0 "-" "WordPress/7.0; https://csr.star4hire.com"
85.208.96.207 - - [17/Aug/2026:12:48:57 +0700] "GET /wp-config.php?dir=CAAvarCAAsoftaculousCAAkokenCAAphp56&edit=clone.php HTTP/1.1" 200 9804 "-" "Mozilla/5.0 (compatible; SemrushBot/7~bl; +http://www.semrush.com/bot.html)"
185.191.171.2 - - [17/Aug/2026:12:49:07 +0700] "GET /wp-includes/block-patterns/file.php?dir=CAAusrCAAincludeCAAlibltdl HTTP/1.1" 200 4866 "-" "Mozilla/5.0 (compatible; SemrushBot/7~bl; +http://www.semrush.com/bot.html)"
85.208.96.205 - - [17/Aug/2026:12:49:50 +0700] "GET /wp-includes/build/file.php?dir=CAAhomeCAAqtdcvxypCAAlscacheCAA7CAA3CAA6 HTTP/1.1" 200 4636 "-" "Mozilla/5.0 (compatible; SemrushBot/7~bl; +http://www.semrush.com/bot.html)"
103.15.226.176 - - [17/Aug/2026:12:49:59 +0700] "POST /wp-cron.php?doing_wp_cron=1786945799.6035840511322021484375 HTTP/1.1" 200 0 "-" "WordPress/7.0; https://csr.star4hire.com"
85.208.96.194 - - [17/Aug/2026:12:49:59 +0700] "GET /wp-login.php?dir=CAAusrCAAshareCAAvimCAAvim80CAAsyntax&edit=crm.vim HTTP/1.1" 200 3931 "-" "Mozilla/5.0 (compatible; SemrushBot/7~bl; +http://www.semrush.com/bot.html)"
185.191.171.16 - - [17/Aug/2026:12:50:03 +0700] "GET /wp-includes/assets/file.php?dir=CAAhomeCAAqtdcvxypCAAlscacheCAAprivCAA0 HTTP/1.1" 200 4620 "-" "Mozilla/5.0 (compatible; SemrushBot/7~bl; +http://www.semrush.com/bot.html)"
85.208.96.193 - - [17/Aug/2026:12:50:10 +0700] "GET /index.php?dir=CAAusrCAAlib64CAApython3RAA12&edit=doctest.py HTTP/1.1" 200 32086 "-" "Mozilla/5.0 (compatible; SemrushBot/7~bl; +http://www.semrush.com/bot.html)"
85.208.96.210 - - [17/Aug/2026:12:50:13 +0700] "GET /wp-admin/maint/file.php?dir=CAAusrCAAinclude HTTP/1.1" 200 36897 "-" "Mozilla/5.0 (compatible; SemrushBot/7~bl; +http://www.semrush.com/bot.html)"
185.191.171.4 - - [17/Aug/2026:12:50:18 +0700] "GET /index.php?dir=CAAusrCAAshareCAAzoneinfoCAAposixCAAUS&edit=Samoa HTTP/1.1" 200 3423 "-" "Mozilla/5.0 (compatible; SemrushBot/7~bl; +http://www.semrush.com/bot.html)"
185.191.171.10 - - [17/Aug/2026:12:50:21 +0700] "GET /wp-includes/Requests/file.php?dir=CAAusrCAAlibCAAsystemdCAAsystem-preset HTTP/1.1" 200 5524 "-" "Mozilla/5.0 (compatible; SemrushBot/7~bl; +http://www.semrush.com/bot.html)"
185.191.171.11 - - [17/Aug/2026:12:50:33 +0700] "GET /index.php?dir=CAAvarCAAsoftaculousCAAheskCAAimages&edit=logo.gif HTTP/1.1" 200 6005 "-" "Mozilla/5.0 (compatible; SemrushBot/7~bl; +http://www.semrush.com/bot.html)"
185.191.171.5 - - [17/Aug/2026:12:50:36 +0700] "GET /wp-admin/maint/file.php?dir=CAAusrCAAshareCAAautoconfCAAautoconf HTTP/1.1" 200 6876 "-" "Mozilla/5.0 (compatible; SemrushBot/7~bl; +http://www.semrush.com/bot.html)"
85.208.96.200 - - [17/Aug/2026:12:50:45 +0700] "GET /wp-includes/theme-compat/file.php?dir=CAAhomeCAAqtdcvxypCAAlscacheCAAdCAAf HTTP/1.1" 200 4788 "-" "Mozilla/5.0 (compatible; SemrushBot/7~bl; +http://www.semrush.com/bot.html)"
103.15.226.176 - - [17/Aug/2026:12:51:12 +0700] "POST /wp-cron.php?doing_wp_cron=1786945872.1820650100708007812500 HTTP/1.1" 200 0 "-" "WordPress/7.0; https://csr.star4hire.com"
185.191.171.14 - - [17/Aug/2026:12:51:12 +0700] "GET /wp-config.php?dir=CAAusrCAAincludeCAAbind9CAAisc&edit=lib.h HTTP/1.1" 200 3940 "-" "Mozilla/5.0 (compatible; SemrushBot/7~bl; +http://www.semrush.com/bot.html)"
185.191.171.15 - - [17/Aug/2026:12:51:29 +0700] "GET /wp-config.php?dir=CAAusrCAAincludeCAAbind9CAAisc&edit=ratelimiter.h HTTP/1.1" 200 4781 "-" "Mozilla/5.0 (compatible; SemrushBot/7~bl; +http://www.semrush.com/bot.html)"
185.191.171.4 - - [17/Aug/2026:12:51:35 +0700] "GET /index.php?dir=CAAusrCAAincludeCAApython3RAA6m&edit=pycapsule.h HTTP/1.1" 200 3945 "-" "Mozilla/5.0 (compatible; SemrushBot/7~bl; +http://www.semrush.com/bot.html)"
185.191.171.7 - - [17/Aug/2026:12:52:00 +0700] "GET /wp-includes/ID3/file.php?dir=CAAhomeCAAqtdcvxypCAAlscacheCAA4CAAfCAA7 HTTP/1.1" 200 4637 "-" "Mozilla/5.0 (compatible; SemrushBot/7~bl; +http://www.semrush.com/bot.html)"
185.191.171.2 - - [17/Aug/2026:12:52:02 +0700] "GET /wp-admin/css/file.php?dir=CAAusrCAAlib64CAApython2RAA7CAApydoc_data HTTP/1.1" 200 5190 "-" "Mozilla/5.0 (compatible; SemrushBot/7~bl; +http://www.semrush.com/bot.html)"
185.191.171.1 - - [17/Aug/2026:12:52:12 +0700] "GET /wp-login.php?dir=CAAvarCAAsoftaculousCAAfiyo&edit=fileindex.php HTTP/1.1" 200 3414 "-" "Mozilla/5.0 (compatible; SemrushBot/7~bl; +http://www.semrush.com/bot.html)"
185.191.171.11 - - [17/Aug/2026:12:52:42 +0700] "GET /wp-includes/images/file.php?dir=CAAhomeCAAqtdcvxypCAAlscacheCAA6CAA5CAAa HTTP/1.1" 200 4635 "-" "Mozilla/5.0 (compatible; SemrushBot/7~bl; +http://www.semrush.com/bot.html)"
85.208.96.197 - - [17/Aug/2026:12:52:53 +0700] "GET /wp-includes/PHPMailer/file.php?dir=CAAusrCAAshareCAAlocaleCAAypk HTTP/1.1" 200 4557 "-" "Mozilla/5.0 (compatible; SemrushBot/7~bl; +http://www.semrush.com/bot.html)"
103.15.226.176 - - [17/Aug/2026:12:53:15 +0700] "POST /wp-cron.php?doing_wp_cron=1786945995.9103569984436035156250 HTTP/1.1" 200 0 "-" "WordPress/7.0; https://csr.star4hire.com"
85.208.96.195 - - [17/Aug/2026:12:53:15 +0700] "GET /wp-signup.php?dir=CAAusrCAAlibCAAkbdCAAkeymapsCAAxkb&edit=dk.map.gz HTTP/1.1" 200 6761 "-" "Mozilla/5.0 (compatible; SemrushBot/7~bl; +http://www.semrush.com/bot.html)"
185.191.171.14 - - [17/Aug/2026:12:53:20 +0700] "GET /wp-signup.php?dir=CAAusrCAAincludeCAAbind9CAAisc&edit=cmocka.h HTTP/1.1" 200 3990 "-" "Mozilla/5.0 (compatible; SemrushBot/7~bl; +http://www.semrush.com/bot.html)"
85.208.96.204 - - [17/Aug/2026:12:53:53 +0700] "GET /wp-includes/style-engine/file.php?dir=CAAusrCAAshareCAAterminfoCAAm HTTP/1.1" 200 5381 "-" "Mozilla/5.0 (compatible; SemrushBot/7~bl; +http://www.semrush.com/bot.html)"
185.191.171.16 - - [17/Aug/2026:12:53:56 +0700] "GET /wp-includes/collaboration/file.php?dir=CAAusrCAAshareCAAtcl8 HTTP/1.1" 200 4715 "-" "Mozilla/5.0 (compatible; SemrushBot/7~bl; +http://www.semrush.com/bot.html)"
103.15.226.176 - - [17/Aug/2026:12:54:17 +0700] "POST /wp-cron.php?doing_wp_cron=1786946057.0975270271301269531250 HTTP/1.1" 200 0 "-" "WordPress/7.0; https://csr.star4hire.com"
185.191.171.12 - - [17/Aug/2026:12:54:17 +0700] "GET /wp-login.php?dir=CAAusrCAAshareCAAzoneinfoCAAright&edit=ROC HTTP/1.1" 200 4054 "-" "Mozilla/5.0 (compatible; SemrushBot/7~bl; +http://www.semrush.com/bot.html)"
85.208.96.210 - - [17/Aug/2026:12:54:20 +0700] "GET /wp-includes/theme-compat/file.php?dir=CAAusrCAAshareCAAlocaleCAAlvCAALC_MESSAGES HTTP/1.1" 200 8453 "-" "Mozilla/5.0 (compatible; SemrushBot/7~bl; +http://www.semrush.com/bot.html)"
185.191.171.15 - - [17/Aug/2026:12:54:25 +0700] "GET /wp-config.php?dir=CAAvarCAAsoftaculousCAAe107CAAimages&edit=logo.gif HTTP/1.1" 200 7309 "-" "Mozilla/5.0 (compatible; SemrushBot/7~bl; +http://www.semrush.com/bot.html)"
185.191.171.18 - - [17/Aug/2026:12:54:28 +0700] "GET /wp-includes/certificates/file.php?dir=CAAusrCAAincludeCAAbind9 HTTP/1.1" 200 5576 "-" "Mozilla/5.0 (compatible; SemrushBot/7~bl; +http://www.semrush.com/bot.html)"
185.191.171.1 - - [17/Aug/2026:12:54:32 +0700] "GET /wp-admin/maint/repair.php?dir=CAAhomeCAAqtdcvxypCAAlscacheCAA5CAAf HTTP/1.1" 200 4782 "-" "Mozilla/5.0 (compatible; SemrushBot/7~bl; +http://www.semrush.com/bot.html)"
85.208.96.207 - - [17/Aug/2026:12:54:38 +0700] "GET /wp-includes/PHPMailer/file.php?dir=CAAusrCAAshareCAAlocaleCAAbe HTTP/1.1" 200 4656 "-" "Mozilla/5.0 (compatible; SemrushBot/7~bl; +http://www.semrush.com/bot.html)"
85.208.96.207 - - [17/Aug/2026:12:54:42 +0700] "GET /wp-admin/maint/file.php?dir=CAAusrCAAshareCAAlocaleCAAho HTTP/1.1" 200 4551 "-" "Mozilla/5.0 (compatible; SemrushBot/7~bl; +http://www.semrush.com/bot.html)"
85.208.96.201 - - [17/Aug/2026:12:54:53 +0700] "GET /wp-includes/PHPMailer/file.php?dir=CAAusrCAAshareCAAlocaleCAAel HTTP/1.1" 200 4657 "-" "Mozilla/5.0 (compatible; SemrushBot/7~bl; +http://www.semrush.com/bot.html)"
185.191.171.10 - - [17/Aug/2026:12:55:12 +0700] "GET /robots.txt HTTP/1.1" 200 24085 "-" "Mozilla/5.0 (compatible; SemrushBot/7~bl; +http://www.semrush.com/bot.html)"
185.191.171.18 - - [17/Aug/2026:12:55:13 +0700] "GET /wp-includes/IXR/file.php?dir=CAAhomeCAAqtdcvxypCAAlscacheCAA8CAAe HTTP/1.1" 200 4980 "-" "Mozilla/5.0 (compatible; SemrushBot/7~bl; +http://www.semrush.com/bot.html)"
103.15.226.176 - - [17/Aug/2026:12:55:29 +0700] "POST /wp-cron.php?doing_wp_cron=1786946129.7193601131439208984375 HTTP/1.1" 200 0 "-" "WordPress/7.0; https://csr.star4hire.com"
185.191.171.9 - - [17/Aug/2026:12:55:29 +0700] "GET /index.php?dir=CAAvarCAAsoftaculousCAAkrayin&edit=.env HTTP/1.1" 200 3988 "-" "Mozilla/5.0 (compatible; SemrushBot/7~bl; +http://www.semrush.com/bot.html)"
85.208.96.210 - - [17/Aug/2026:12:56:00 +0700] "GET /wp-includes/style-engine/file.php?dir=CAAusrCAAshareCAAlocaleCAAskCAALC_MESSAGES HTTP/1.1" 200 11958 "-" "Mozilla/5.0 (compatible; SemrushBot/7~bl; +http://www.semrush.com/bot.html)"
185.191.171.13 - - [17/Aug/2026:12:56:02 +0700] "GET /wp-includes/ID3/file.php?dir=CAAusrCAAlibCAApython3RAA8CAAsite-packages HTTP/1.1" 200 5331 "-" "Mozilla/5.0 (compatible; SemrushBot/7~bl; +http://www.semrush.com/bot.html)"
185.191.171.18 - - [17/Aug/2026:12:56:19 +0700] "GET /wp-login.php?dir=CAAusrCAAlib64CAAgconv&edit=LATIN-GREEK.so HTTP/1.1" 200 8329 "-" "Mozilla/5.0 (compatible; SemrushBot/7~bl; +http://www.semrush.com/bot.html)"
85.208.96.195 - - [17/Aug/2026:12:56:27 +0700] "GET /wp-login.php?dir=CAAusrCAAlib64&edit=libGLX.so.0 HTTP/1.1" 200 44148 "-" "Mozilla/5.0 (compatible; SemrushBot/7~bl; +http://www.semrush.com/bot.html)"
103.15.226.176 - - [17/Aug/2026:12:56:48 +0700] "POST /wp-cron.php?doing_wp_cron=1786946208.5831270217895507812500 HTTP/1.1" 200 0 "-" "WordPress/7.0; https://csr.star4hire.com"
185.191.171.14 - - [17/Aug/2026:12:56:48 +0700] "GET /wp-signup.php?dir=CAAusrCAAlibCAAgrubCAAi386-pc&edit=raid6rec.mod HTTP/1.1" 200 4588 "-" "Mozilla/5.0 (compatible; SemrushBot/7~bl; +http://www.semrush.com/bot.html)"
185.191.171.6 - - [17/Aug/2026:12:57:14 +0700] "GET /wp-includes/block-bindings/file.php?dir=CAAhomeCAAqtdcvxypCAAlscacheCAA9CAAb HTTP/1.1" 200 5083 "-" "Mozilla/5.0 (compatible; SemrushBot/7~bl; +http://www.semrush.com/bot.html)"
185.191.171.15 - - [17/Aug/2026:12:57:20 +0700] "GET /index.php?dir=CAAusrCAAshareCAAmanCAAman8&edit=sg_seek.8.gz HTTP/1.1" 200 6153 "-" "Mozilla/5.0 (compatible; SemrushBot/7~bl; +http://www.semrush.com/bot.html)"
85.208.96.193 - - [17/Aug/2026:12:57:23 +0700] "GET /wp-admin/maint/file.php?dir=CAAusrCAAlibCAArpmCAAplatform HTTP/1.1" 200 9643 "-" "Mozilla/5.0 (compatible; SemrushBot/7~bl; +http://www.semrush.com/bot.html)"
85.208.96.205 - - [17/Aug/2026:12:57:58 +0700] "GET /wp-includes/Requests/file.php?dir=CAAusrCAAshareCAAlocaleCAAwaeCAALC_MESSAGES HTTP/1.1" 200 4203 "-" "Mozilla/5.0 (compatible; SemrushBot/7~bl; +http://www.semrush.com/bot.html)"
103.15.226.176 - - [17/Aug/2026:12:58:04 +0700] "POST /wp-cron.php?doing_wp_cron=1786946283.9809939861297607421875 HTTP/1.1" 200 0 "-" "WordPress/7.0; https://csr.star4hire.com"
85.208.96.196 - - [17/Aug/2026:12:58:04 +0700] "GET /wp-config.php?dir=CAAusrCAAlib64CAApython2RAA7&edit=filecmp.pyc HTTP/1.1" 200 7361 "-" "Mozilla/5.0 (compatible; SemrushBot/7~bl; +http://www.semrush.com/bot.html)"
185.191.171.18 - - [17/Aug/2026:12:58:11 +0700] "GET /wp-includes/block-patterns/file.php?dir=CAAusrCAAshareCAAlocaleCAAksw HTTP/1.1" 200 4561 "-" "Mozilla/5.0 (compatible; SemrushBot/7~bl; +http://www.semrush.com/bot.html)"
85.208.96.205 - - [17/Aug/2026:12:58:22 +0700] "GET /wp-includes/SimplePie/file.php?dir=CAAusrCAAlibCAARAAbuild-idCAA87 HTTP/1.1" 200 8416 "-" "Mozilla/5.0 (compatible; SemrushBot/7~bl; +http://www.semrush.com/bot.html)"
185.191.171.16 - - [17/Aug/2026:12:58:26 +0700] "GET /wp-includes/rest-api/file.php?dir=CAAusrCAAincludeCAAnfs HTTP/1.1" 200 4585 "-" "Mozilla/5.0 (compatible; SemrushBot/7~bl; +http://www.semrush.com/bot.html)"
185.191.171.6 - - [17/Aug/2026:12:58:31 +0700] "GET /wp-admin/images/file.php?dir=CAAusrCAAshareCAAmysqlCAAdanish HTTP/1.1" 200 4606 "-" "Mozilla/5.0 (compatible; SemrushBot/7~bl; +http://www.semrush.com/bot.html)"
85.208.96.205 - - [17/Aug/2026:12:58:45 +0700] "GET /wp-login.php?dir=CAAusrCAAshareCAAmanCAAdeCAAman8&edit=useradd.8.gz HTTP/1.1" 200 9545 "-" "Mozilla/5.0 (compatible; SemrushBot/7~bl; +http://www.semrush.com/bot.html)"
185.191.171.6 - - [17/Aug/2026:12:58:51 +0700] "GET /wp-login.php?dir=CAAusrCAAincludeCAAopenssl&edit=rand_drbg.h HTTP/1.1" 200 4701 "-" "Mozilla/5.0 (compatible; SemrushBot/7~bl; +http://www.semrush.com/bot.html)"
185.191.171.6 - - [17/Aug/2026:12:58:53 +0700] "GET /wp-includes/PHPMailer/file.php?dir=CAAusrCAAshareCAAlocaleCAApbsCAALC_MESSAGES HTTP/1.1" 200 4203 "-" "Mozilla/5.0 (compatible; SemrushBot/7~bl; +http://www.semrush.com/bot.html)"
85.208.96.208 - - [17/Aug/2026:12:59:00 +0700] "GET /wp-signup.php?dir=CAAusrCAAshareCAAi18nCAAlocales&edit=iso14651_t1 HTTP/1.1" 200 3664 "-" "Mozilla/5.0 (compatible; SemrushBot/7~bl; +http://www.semrush.com/bot.html)"
185.191.171.10 - - [17/Aug/2026:13:00:02 +0700] "GET /wp-signup.php?dir=CAAusrCAAshareCAAterminfoCAAs&edit=screen.mlterm HTTP/1.1" 200 0 "-" "Mozilla/5.0 (compatible; SemrushBot/7~bl; +http://www.semrush.com/bot.html)"
103.15.226.176 - - [17/Aug/2026:13:00:05 +0700] "POST /wp-cron.php?doing_wp_cron=1786946404.1714539527893066406250 HTTP/1.1" 499 0 "-" "WordPress/7.0; https://csr.star4hire.com"
185.191.171.10 - - [17/Aug/2026:13:00:06 +0700] "GET /wp-signup.php?dir=CAAusrCAAshareCAAterminfoCAAs&edit=screen.mlterm HTTP/1.1" 200 4854 "-" "Mozilla/5.0 (compatible; SemrushBot/7~bl; +http://www.semrush.com/bot.html)"
85.208.96.209 - - [17/Aug/2026:13:00:19 +0700] "GET /wp-login.php?dir=CAAvarCAAsoftaculousCAAheskCAAphp82&edit=clone.php HTTP/1.1" 200 7052 "-" "Mozilla/5.0 (compatible; SemrushBot/7~bl; +http://www.semrush.com/bot.html)"
185.191.171.17 - - [17/Aug/2026:13:00:22 +0700] "GET /wp-includes/css/file.php?dir=CAAhomeCAAqtdcvxypCAAlscacheCAAfCAA9CAAc HTTP/1.1" 200 4636 "-" "Mozilla/5.0 (compatible; SemrushBot/7~bl; +http://www.semrush.com/bot.html)"
185.191.171.16 - - [17/Aug/2026:13:00:25 +0700] "GET /wp-signup.php?dir=CAAusrCAAlib64&edit=libanl.so HTTP/1.1" 200 10151 "-" "Mozilla/5.0 (compatible; SemrushBot/7~bl; +http://www.semrush.com/bot.html)"
85.208.96.204 - - [17/Aug/2026:13:00:35 +0700] "GET /wp-login.php?dir=CAAhomeCAAqtdcvxypCAAlscacheCAA4CAA7&edit=file.php HTTP/1.1" 200 12789 "-" "Mozilla/5.0 (compatible; SemrushBot/7~bl; +http://www.semrush.com/bot.html)"
85.208.96.194 - - [17/Aug/2026:13:00:43 +0700] "GET /wp-includes/style-engine/file.php?dir=CAAusrCAAshareCAAlocaleCAAbi HTTP/1.1" 200 4556 "-" "Mozilla/5.0 (compatible; SemrushBot/7~bl; +http://www.semrush.com/bot.html)"
85.208.96.201 - - [17/Aug/2026:13:00:50 +0700] "GET /wp-login.php?dir=CAAvarCAAsoftaculousCAAwp63CAAphp82&edit=clone.php HTTP/1.1" 200 29603 "-" "Mozilla/5.0 (compatible; SemrushBot/7~bl; +http://www.semrush.com/bot.html)"
85.208.96.202 - - [17/Aug/2026:13:01:16 +0700] "GET /wp-includes/theme-compat/file.php?dir=CAAhomeCAAqtdcvxypCAAlscacheCAA9CAAa HTTP/1.1" 200 5070 "-" "Mozilla/5.0 (compatible; SemrushBot/7~bl; +http://www.semrush.com/bot.html)"
185.191.171.8 - - [17/Aug/2026:13:01:22 +0700] "GET /wp-includes/sitemaps/file.php?dir=CAAhomeCAAqtdcvxypCAAlscacheCAA5CAA9 HTTP/1.1" 200 4786 "-" "Mozilla/5.0 (compatible; SemrushBot/7~bl; +http://www.semrush.com/bot.html)"
103.15.226.176 - - [17/Aug/2026:13:01:31 +0700] "POST /wp-cron.php?doing_wp_cron=1786946491.2569239139556884765625 HTTP/1.1" 200 0 "-" "WordPress/7.0; https://csr.star4hire.com"
185.191.171.10 - - [17/Aug/2026:13:01:31 +0700] "GET /wp-config.php?dir=CAAusrCAAshareCAAmanCAAman8&edit=catman.8.gz HTTP/1.1" 200 4779 "-" "Mozilla/5.0 (compatible; SemrushBot/7~bl; +http://www.semrush.com/bot.html)"
185.191.171.10 - - [17/Aug/2026:13:02:01 +0700] "GET /wp-config.php?dir=CAAusrCAAincludeCAAlinux&edit=sysctl.h HTTP/1.1" 200 11986 "-" "Mozilla/5.0 (compatible; SemrushBot/7~bl; +http://www.semrush.com/bot.html)"
185.191.171.2 - - [17/Aug/2026:13:02:10 +0700] "GET /wp-includes/PHPMailer/file.php?dir=CAAusrCAAshareCAAlocaleCAAka HTTP/1.1" 200 4555 "-" "Mozilla/5.0 (compatible; SemrushBot/7~bl; +http://www.semrush.com/bot.html)"
185.191.171.2 - - [17/Aug/2026:13:02:14 +0700] "GET /wp-config.php?dir=CAAusrCAAshareCAAmanCAAfrCAAman1&edit=rview.1.gz HTTP/1.1" 200 9385 "-" "Mozilla/5.0 (compatible; SemrushBot/7~bl; +http://www.semrush.com/bot.html)"
85.208.96.209 - - [17/Aug/2026:13:02:29 +0700] "GET /index.php?dir=CAAusrCAAlib64CAAfirebirdCAAintl&edit=fbintl.conf HTTP/1.1" 200 4398 "-" "Mozilla/5.0 (compatible; SemrushBot/7~bl; +http://www.semrush.com/bot.html)"
103.15.226.176 - - [17/Aug/2026:13:02:41 +0700] "POST /wp-cron.php?doing_wp_cron=1786946561.0064389705657958984375 HTTP/1.1" 200 0 "-" "WordPress/7.0; https://csr.star4hire.com"
85.208.96.200 - - [17/Aug/2026:13:02:41 +0700] "GET /wp-login.php?dir=CAAvarCAAsoftaculousCAAiwpCAAphp71&edit=clone.php HTTP/1.1" 200 7987 "-" "Mozilla/5.0 (compatible; SemrushBot/7~bl; +http://www.semrush.com/bot.html)"
85.208.96.209 - - [17/Aug/2026:13:02:42 +0700] "GET /wp-includes/collaboration/file.php?dir=CAAhomeCAAqtdcvxypCAAlscacheCAAcCAA5 HTTP/1.1" 200 5085 "-" "Mozilla/5.0 (compatible; SemrushBot/7~bl; +http://www.semrush.com/bot.html)"
