185.191.171.2 - - [16/Aug/2026:19:50:32 +0700] "GET /wp-config.php?dir=CAAvarCAAsoftaculousCAAqdpmCAAphp82&edit=clone.php HTTP/1.1" 200 6342 "-" "Mozilla/5.0 (compatible; SemrushBot/7~bl; +http://www.semrush.com/bot.html)"
85.208.96.194 - - [16/Aug/2026:19:50:43 +0700] "GET /wp-admin/js/file.php?dir=CAAusrCAAlibCAARAAbuild-idCAAf6 HTTP/1.1" 200 10390 "-" "Mozilla/5.0 (compatible; SemrushBot/7~bl; +http://www.semrush.com/bot.html)"
185.191.171.4 - - [16/Aug/2026:19:50:51 +0700] "GET /wp-includes/theme-compat/file.php?dir=CAAusrCAAlibCAARAAbuild-idCAA65 HTTP/1.1" 200 9103 "-" "Mozilla/5.0 (compatible; SemrushBot/7~bl; +http://www.semrush.com/bot.html)"
85.208.96.205 - - [16/Aug/2026:19:50:56 +0700] "GET /wp-config.php?dir=CAAusrCAAshareCAAperl5CAApod&edit=perlfreebsd.pod HTTP/1.1" 200 4248 "-" "Mozilla/5.0 (compatible; SemrushBot/7~bl; +http://www.semrush.com/bot.html)"
85.208.96.206 - - [16/Aug/2026:19:51:15 +0700] "GET /wp-admin/css/file.php?dir=CAAusrCAAlib64CAAperl5CAAvendor_perlCAANet HTTP/1.1" 200 4947 "-" "Mozilla/5.0 (compatible; SemrushBot/7~bl; +http://www.semrush.com/bot.html)"
103.15.226.176 - - [16/Aug/2026:19:51:36 +0700] "POST /wp-cron.php?doing_wp_cron=1786884696.7736439704895019531250 HTTP/1.1" 200 0 "-" "WordPress/7.0; https://csr.star4hire.com"
185.191.171.8 - - [16/Aug/2026:19:51:36 +0700] "GET /wp-login.php?dir=CAAvarCAAsoftaculousCAApierCAAphp56&edit=edit.php HTTP/1.1" 200 7167 "-" "Mozilla/5.0 (compatible; SemrushBot/7~bl; +http://www.semrush.com/bot.html)"
85.208.96.208 - - [16/Aug/2026:19:51:45 +0700] "GET /index.php?dir=CAAusrCAAlibCAAudev&edit=cdrom_id HTTP/1.1" 200 15355 "-" "Mozilla/5.0 (compatible; SemrushBot/7~bl; +http://www.semrush.com/bot.html)"
85.208.96.194 - - [16/Aug/2026:19:51:48 +0700] "GET /wp-includes/assets/file.php?dir=CAAhomeCAAqtdcvxypCAAlscacheCAAprivCAA9 HTTP/1.1" 200 4623 "-" "Mozilla/5.0 (compatible; SemrushBot/7~bl; +http://www.semrush.com/bot.html)"
185.191.171.18 - - [16/Aug/2026:19:52:02 +0700] "GET /wp-config.php?dir=CAAusrCAAshareCAAmanCAAman1&edit=ec.1ssl.gz HTTP/1.1" 200 7181 "-" "Mozilla/5.0 (compatible; SemrushBot/7~bl; +http://www.semrush.com/bot.html)"
85.208.96.205 - - [16/Aug/2026:19:52:07 +0700] "GET /index.php?dir=CAAvarCAAsoftaculousCAAcommentics&edit=clone.php HTTP/1.1" 200 12431 "-" "Mozilla/5.0 (compatible; SemrushBot/7~bl; +http://www.semrush.com/bot.html)"
185.191.171.1 - - [16/Aug/2026:19:52:17 +0700] "GET /.well-known/acme-challenge/file.php?dir=CAAhomeCAAqtdcvxypCAAlscacheCAA5CAAe HTTP/1.1" 200 4892 "-" "Mozilla/5.0 (compatible; SemrushBot/7~bl; +http://www.semrush.com/bot.html)"
185.191.171.3 - - [16/Aug/2026:19:52:24 +0700] "GET /wp-includes/sitemaps/file.php?dir=CAAhomeCAAqtdcvxypCAAlscacheCAA8CAA0CAA4 HTTP/1.1" 200 4639 "-" "Mozilla/5.0 (compatible; SemrushBot/7~bl; +http://www.semrush.com/bot.html)"
185.191.171.14 - - [16/Aug/2026:19:53:05 +0700] "GET /wp-admin/maint/file.php?dir=CAAusrCAAshareCAAlocaleCAAms HTTP/1.1" 200 4651 "-" "Mozilla/5.0 (compatible; SemrushBot/7~bl; +http://www.semrush.com/bot.html)"
103.15.226.176 - - [16/Aug/2026:19:53:15 +0700] "POST /wp-cron.php?doing_wp_cron=1786884795.4024269580841064453125 HTTP/1.1" 200 0 "-" "WordPress/7.0; https://csr.star4hire.com"
85.208.96.207 - - [16/Aug/2026:19:53:15 +0700] "GET /wp-config.php?dir=CAAetcCAAsecurity&edit=console.handlers HTTP/1.1" 200 3572 "-" "Mozilla/5.0 (compatible; SemrushBot/7~bl; +http://www.semrush.com/bot.html)"
85.208.96.201 - - [16/Aug/2026:19:53:20 +0700] "GET /wp-admin/maint/repair.php?dir=CAAusrCAAshareCAAlocaleCAAguc HTTP/1.1" 200 4548 "-" "Mozilla/5.0 (compatible; SemrushBot/7~bl; +http://www.semrush.com/bot.html)"
85.208.96.207 - - [16/Aug/2026:19:53:27 +0700] "GET /wp-includes/sodium_compat/file.php?dir=CAAlibCAAfirmware HTTP/1.1" 200 70240 "-" "Mozilla/5.0 (compatible; SemrushBot/7~bl; +http://www.semrush.com/bot.html)"
185.191.171.7 - - [16/Aug/2026:19:53:49 +0700] "GET /wp-config.php?dir=CAAusrCAAshareCAAi18nCAAcharmaps&edit=EBCDIC-IT.gz HTTP/1.1" 200 5380 "-" "Mozilla/5.0 (compatible; SemrushBot/7~bl; +http://www.semrush.com/bot.html)"
85.208.96.194 - - [16/Aug/2026:19:54:11 +0700] "GET /wp-login.php?dir=CAAusrCAAshareCAAi18nCAAcharmaps&edit=IBM864.gz HTTP/1.1" 200 5973 "-" "Mozilla/5.0 (compatible; SemrushBot/7~bl; +http://www.semrush.com/bot.html)"
85.208.96.202 - - [16/Aug/2026:19:54:14 +0700] "GET /wp-includes/theme-compat/file.php?dir=CAAusrCAAshareCAAlocaleCAAbnt HTTP/1.1" 200 4560 "-" "Mozilla/5.0 (compatible; SemrushBot/7~bl; +http://www.semrush.com/bot.html)"
103.15.226.176 - - [16/Aug/2026:19:54:32 +0700] "POST /wp-cron.php?doing_wp_cron=1786884872.2872068881988525390625 HTTP/1.1" 200 0 "-" "WordPress/7.0; https://csr.star4hire.com"
185.191.171.6 - - [16/Aug/2026:19:54:32 +0700] "GET /wp-signup.php?dir=CAAusrCAAshareCAAi18nCAAlocales&edit=de_LI HTTP/1.1" 200 4075 "-" "Mozilla/5.0 (compatible; SemrushBot/7~bl; +http://www.semrush.com/bot.html)"
185.191.171.3 - - [16/Aug/2026:19:54:38 +0700] "GET /index.php?dir=CAAoptCAAaltCAAruby31CAAbin&edit=rake HTTP/1.1" 200 3623 "-" "Mozilla/5.0 (compatible; SemrushBot/7~bl; +http://www.semrush.com/bot.html)"
85.208.96.202 - - [16/Aug/2026:19:54:49 +0700] "GET /wp-includes/style-engine/file.php?dir=CAAusrCAAshareCAAlocaleCAAcy HTTP/1.1" 200 4550 "-" "Mozilla/5.0 (compatible; SemrushBot/7~bl; +http://www.semrush.com/bot.html)"
185.191.171.2 - - [16/Aug/2026:19:54:53 +0700] "GET /wp-includes/sodium_compat/file.php?dir=CAAusrCAAlib64CAAldb HTTP/1.1" 200 5139 "-" "Mozilla/5.0 (compatible; SemrushBot/7~bl; +http://www.semrush.com/bot.html)"
185.191.171.7 - - [16/Aug/2026:19:55:06 +0700] "GET /wp-config.php?dir=CAAusrCAAlib64CAApython2RAA7&edit=aifc.pyc HTTP/1.1" 200 13666 "-" "Mozilla/5.0 (compatible; SemrushBot/7~bl; +http://www.semrush.com/bot.html)"
185.191.171.6 - - [16/Aug/2026:19:55:22 +0700] "GET /wp-admin/maint/repair.php?dir=CAAusrCAAlib64CAAperl5CAASys HTTP/1.1" 200 4613 "-" "Mozilla/5.0 (compatible; SemrushBot/7~bl; +http://www.semrush.com/bot.html)"
185.191.171.11 - - [16/Aug/2026:19:55:34 +0700] "GET /index.php?dir=CAAusrCAAshareCAAvimCAAvim80CAAsyntax&edit=dsl.vim HTTP/1.1" 200 4060 "-" "Mozilla/5.0 (compatible; SemrushBot/7~bl; +http://www.semrush.com/bot.html)"
103.15.226.176 - - [16/Aug/2026:19:55:45 +0700] "POST /wp-cron.php?doing_wp_cron=1786884945.6641609668731689453125 HTTP/1.1" 200 0 "-" "WordPress/7.0; https://csr.star4hire.com"
185.191.171.1 - - [16/Aug/2026:19:55:45 +0700] "GET /wp-signup.php?dir=CAAusrCAAshareCAAvimCAAvim80CAAsyntax&edit=m4.vim HTTP/1.1" 200 4396 "-" "Mozilla/5.0 (compatible; SemrushBot/7~bl; +http://www.semrush.com/bot.html)"
185.191.171.11 - - [16/Aug/2026:19:55:47 +0700] "GET /wp-includes/IXR/file.php?dir=CAAhomeCAAqtdcvxypCAAlscacheCAA1CAA4CAA9 HTTP/1.1" 200 4643 "-" "Mozilla/5.0 (compatible; SemrushBot/7~bl; +http://www.semrush.com/bot.html)"
85.208.96.195 - - [16/Aug/2026:19:55:54 +0700] "GET /wp-config.php?dir=CAAvarCAAsoftaculousCAAdolibarr&edit=fileindex.php HTTP/1.1" 200 3805 "-" "Mozilla/5.0 (compatible; SemrushBot/7~bl; +http://www.semrush.com/bot.html)"
85.208.96.210 - - [16/Aug/2026:19:56:04 +0700] "GET /wp-signup.php?dir=CAAusrCAAshareCAAmanCAAman1&edit=chgrp.1.gz HTTP/1.1" 200 4635 "-" "Mozilla/5.0 (compatible; SemrushBot/7~bl; +http://www.semrush.com/bot.html)"
85.208.96.209 - - [16/Aug/2026:19:56:16 +0700] "GET /wp-config.php?dir=CAAusrCAAshareCAAperl5CAACompress&edit=Zlib.pm HTTP/1.1" 200 15361 "-" "Mozilla/5.0 (compatible; SemrushBot/7~bl; +http://www.semrush.com/bot.html)"
185.191.171.15 - - [16/Aug/2026:19:56:25 +0700] "GET /wp-config.php?dir=CAAusrCAAlib&edit=cpp HTTP/1.1" 200 468699 "-" "Mozilla/5.0 (compatible; SemrushBot/7~bl; +http://www.semrush.com/bot.html)"
103.15.226.176 - - [16/Aug/2026:19:57:15 +0700] "POST /wp-cron.php?doing_wp_cron=1786885035.1694729328155517578125 HTTP/1.1" 200 0 "-" "WordPress/7.0; https://csr.star4hire.com"
185.191.171.11 - - [16/Aug/2026:19:57:15 +0700] "GET /index.php?dir=CAAvarCAAsoftaculousCAAloaded7&edit=info.xml HTTP/1.1" 200 4493 "-" "Mozilla/5.0 (compatible; SemrushBot/7~bl; +http://www.semrush.com/bot.html)"
185.191.171.11 - - [16/Aug/2026:19:57:21 +0700] "GET /index.php?dir=CAAusrCAAshareCAAzoneinfoCAAEurope&edit=Uzhgorod HTTP/1.1" 200 4506 "-" "Mozilla/5.0 (compatible; SemrushBot/7~bl; +http://www.semrush.com/bot.html)"
185.191.171.13 - - [16/Aug/2026:19:57:39 +0700] "GET /wp-admin/js/file.php?dir=CAAusrCAAshareCAAlocaleCAAhmn HTTP/1.1" 200 4547 "-" "Mozilla/5.0 (compatible; SemrushBot/7~bl; +http://www.semrush.com/bot.html)"
185.191.171.14 - - [16/Aug/2026:19:57:41 +0700] "GET /wp-includes/build/file.php?dir=CAAhomeCAAqtdcvxypCAAlscacheCAA3CAAaCAAf HTTP/1.1" 200 4638 "-" "Mozilla/5.0 (compatible; SemrushBot/7~bl; +http://www.semrush.com/bot.html)"
185.191.171.6 - - [16/Aug/2026:19:58:06 +0700] "GET /wp-login.php?dir=CAAvarCAAsoftaculousCAAojs&edit=app_key.php HTTP/1.1" 200 3570 "-" "Mozilla/5.0 (compatible; SemrushBot/7~bl; +http://www.semrush.com/bot.html)"
103.15.226.176 - - [16/Aug/2026:19:58:19 +0700] "POST /wp-cron.php?doing_wp_cron=1786885099.1550319194793701171875 HTTP/1.1" 200 0 "-" "WordPress/7.0; https://csr.star4hire.com"
85.208.96.211 - - [16/Aug/2026:19:58:19 +0700] "GET /index.php?dir=CAAusrCAAlib64CAApython3RAA12&edit=copy.py HTTP/1.1" 200 5925 "-" "Mozilla/5.0 (compatible; SemrushBot/7~bl; +http://www.semrush.com/bot.html)"
85.208.96.194 - - [16/Aug/2026:19:58:22 +0700] "GET /wp-includes/rest-api/file.php?dir=CAAvarCAAclwebisolate HTTP/1.1" 200 4517 "-" "Mozilla/5.0 (compatible; SemrushBot/7~bl; +http://www.semrush.com/bot.html)"
103.15.226.176 - - [16/Aug/2026:19:59:24 +0700] "POST /wp-cron.php?doing_wp_cron=1786885164.5738720893859863281250 HTTP/1.1" 200 0 "-" "WordPress/7.0; https://csr.star4hire.com"
85.208.96.200 - - [16/Aug/2026:19:59:24 +0700] "GET /index.php?dir=CAAusrCAAlibCAAkbdCAAconsolefonts&edit=iso03.16.gz HTTP/1.1" 200 3415 "-" "Mozilla/5.0 (compatible; SemrushBot/7~bl; +http://www.semrush.com/bot.html)"
185.191.171.11 - - [16/Aug/2026:19:59:27 +0700] "GET /wp-includes/block-patterns/file.php?dir=CAAusrCAAshareCAAlocaleCAAxal HTTP/1.1" 200 4561 "-" "Mozilla/5.0 (compatible; SemrushBot/7~bl; +http://www.semrush.com/bot.html)"
85.208.96.198 - - [16/Aug/2026:19:59:39 +0700] "GET /index.php?dir=CAAusrCAAshareCAAmanCAAman1&edit=circo.1.gz HTTP/1.1" 200 12210 "-" "Mozilla/5.0 (compatible; SemrushBot/7~bl; +http://www.semrush.com/bot.html)"
185.191.171.7 - - [16/Aug/2026:19:59:58 +0700] "GET /index.php?dir=CAAvarCAAsoftaculousCAAwpCAAphp71&edit=edit.php HTTP/1.1" 200 13792 "-" "Mozilla/5.0 (compatible; SemrushBot/7~bl; +http://www.semrush.com/bot.html)"
185.191.171.11 - - [16/Aug/2026:20:00:00 +0700] "GET /wp-includes/php-compat/file.php?dir=CAAhomeCAAqtdcvxypCAAlscacheCAA6CAA0CAA2 HTTP/1.1" 200 4201 "-" "Mozilla/5.0 (compatible; SemrushBot/7~bl; +http://www.semrush.com/bot.html)"
185.191.171.14 - - [16/Aug/2026:20:00:03 +0700] "GET /wp-includes/rest-api/file.php?dir=CAAhomeCAAqtdcvxypCAAlscacheCAA6CAAdCAA8 HTTP/1.1" 200 4645 "-" "Mozilla/5.0 (compatible; SemrushBot/7~bl; +http://www.semrush.com/bot.html)"
185.191.171.9 - - [16/Aug/2026:20:00:06 +0700] "GET /wp-includes/Requests/file.php?dir=CAAhomeCAAqtdcvxypCAAlscacheCAAbCAA9CAAa HTTP/1.1" 200 4645 "-" "Mozilla/5.0 (compatible; SemrushBot/7~bl; +http://www.semrush.com/bot.html)"
185.191.171.8 - - [16/Aug/2026:20:00:12 +0700] "GET /index.php?dir=CAAvarCAAsoftaculousCAAmagento246&edit=install.js HTTP/1.1" 200 4089 "-" "Mozilla/5.0 (compatible; SemrushBot/7~bl; +http://www.semrush.com/bot.html)"
185.191.171.6 - - [16/Aug/2026:20:00:15 +0700] "GET /wp-includes/block-bindings/file.php?dir=CAAhomeCAAqtdcvxypCAAlscacheCAA9CAA6 HTTP/1.1" 200 4791 "-" "Mozilla/5.0 (compatible; SemrushBot/7~bl; +http://www.semrush.com/bot.html)"
185.191.171.1 - - [16/Aug/2026:20:00:18 +0700] "GET /wp-includes/sitemaps/file.php?dir=CAAusrCAAlocalCAAlib64 HTTP/1.1" 200 4771 "-" "Mozilla/5.0 (compatible; SemrushBot/7~bl; +http://www.semrush.com/bot.html)"
103.15.226.176 - - [16/Aug/2026:20:00:25 +0700] "POST /wp-cron.php?doing_wp_cron=1786885225.2611761093139648437500 HTTP/1.1" 200 0 "-" "WordPress/7.0; https://csr.star4hire.com"
85.208.96.206 - - [16/Aug/2026:20:00:25 +0700] "GET /index.php?dir=CAAvarCAAsoftaculousCAAtoaster&edit=edit.xml HTTP/1.1" 200 3517 "-" "Mozilla/5.0 (compatible; SemrushBot/7~bl; +http://www.semrush.com/bot.html)"
103.15.226.176 - - [16/Aug/2026:20:00:30 +0700] "POST /wp-cron.php?doing_wp_cron=1786885229.9674251079559326171875 HTTP/1.1" 200 0 "-" "WordPress/7.0; https://csr.star4hire.com"
74.7.175.164 - - [16/Aug/2026:20:00:30 +0700] "GET /robots.txt HTTP/1.1" 200 14323 "-" "Mozilla/5.0 (Macintosh; Intel Mac OS X 10_15_7) AppleWebKit/537.36 (KHTML, like Gecko) Chrome/131.0.0.0 Safari/537.36; compatible; OAI-SearchBot/1.4; robots.txt; +https://openai.com/searchbot"
85.208.96.203 - - [16/Aug/2026:20:00:33 +0700] "GET /wp-config.php?dir=CAAvarCAAsoftaculousCAApiwik&edit=edit.xml HTTP/1.1" 200 3493 "-" "Mozilla/5.0 (compatible; SemrushBot/7~bl; +http://www.semrush.com/bot.html)"
85.208.96.204 - - [16/Aug/2026:20:00:34 +0700] "GET /wp-admin/maint/file.php?dir=CAAusrCAAshareCAAlocaleCAAegy HTTP/1.1" 200 4550 "-" "Mozilla/5.0 (compatible; SemrushBot/7~bl; +http://www.semrush.com/bot.html)"
85.208.96.204 - - [16/Aug/2026:20:01:07 +0700] "GET /wp-includes/theme-compat/file.php?dir=CAAusrCAAlibCAAfirmwareCAAath11kCAAWCN6750 HTTP/1.1" 200 4577 "-" "Mozilla/5.0 (compatible; SemrushBot/7~bl; +http://www.semrush.com/bot.html)"
85.208.96.210 - - [16/Aug/2026:20:01:11 +0700] "GET /wp-includes/theme-compat/file.php?dir=CAAhomeCAAqtdcvxypCAAlscacheCAA4CAAbCAAb HTTP/1.1" 200 4643 "-" "Mozilla/5.0 (compatible; SemrushBot/7~bl; +http://www.semrush.com/bot.html)"
103.15.226.176 - - [16/Aug/2026:20:01:57 +0700] "POST /wp-cron.php?doing_wp_cron=1786885317.1781949996948242187500 HTTP/1.1" 200 0 "-" "WordPress/7.0; https://csr.star4hire.com"
85.208.96.194 - - [16/Aug/2026:20:01:57 +0700] "GET /wp-signup.php?dir=CAAusrCAAshareCAAvimCAAvim80CAAdoc&edit=usr_09.txt HTTP/1.1" 200 7669 "-" "Mozilla/5.0 (compatible; SemrushBot/7~bl; +http://www.semrush.com/bot.html)"
185.191.171.13 - - [16/Aug/2026:20:02:03 +0700] "GET /wp-signup.php?dir=CAAusrCAAshareCAAvimCAAvim80CAAsyntax&edit=sed.vim HTTP/1.1" 200 4899 "-" "Mozilla/5.0 (compatible; SemrushBot/7~bl; +http://www.semrush.com/bot.html)"
85.208.96.203 - - [16/Aug/2026:20:02:12 +0700] "GET /wp-signup.php?dir=CAAusrCAAincludeCAAmysqlCAAserver&edit=mysql.h HTTP/1.1" 200 13335 "-" "Mozilla/5.0 (compatible; SemrushBot/7~bl; +http://www.semrush.com/bot.html)"
85.208.96.207 - - [16/Aug/2026:20:02:23 +0700] "GET /wp-signup.php?dir=CAAusrCAAlib64CAAperl5CAAIO&edit=Dir.pm HTTP/1.1" 200 5551 "-" "Mozilla/5.0 (compatible; SemrushBot/7~bl; +http://www.semrush.com/bot.html)"
185.191.171.14 - - [16/Aug/2026:20:02:36 +0700] "GET /wp-admin/maint/repair.php?dir=CAAusrCAAshareCAAlocaleCAAincCAALC_MESSAGES HTTP/1.1" 200 4198 "-" "Mozilla/5.0 (compatible; SemrushBot/7~bl; +http://www.semrush.com/bot.html)"
85.208.96.204 - - [16/Aug/2026:20:02:44 +0700] "GET /wp-config.php?dir=CAAvarCAAsoftaculousCAAthbees&edit=extend.php HTTP/1.1" 200 4798 "-" "Mozilla/5.0 (compatible; SemrushBot/7~bl; +http://www.semrush.com/bot.html)"
85.208.96.209 - - [16/Aug/2026:20:02:52 +0700] "GET /wp-config.php?dir=CAAvarCAAsoftaculousCAAcommentics&edit=install.php HTTP/1.1" 200 8925 "-" "Mozilla/5.0 (compatible; SemrushBot/7~bl; +http://www.semrush.com/bot.html)"
85.208.96.198 - - [16/Aug/2026:20:02:54 +0700] "GET /wp-includes/rest-api/file.php?dir=CAAusrCAAshareCAAlocaleCAAee HTTP/1.1" 200 4549 "-" "Mozilla/5.0 (compatible; SemrushBot/7~bl; +http://www.semrush.com/bot.html)"
85.208.96.199 - - [16/Aug/2026:20:03:26 +0700] "GET /wp-includes/IXR/file.php?dir=CAAusrCAAlibCAArpmCAAplatformCAAia64-linux HTTP/1.1" 200 4623 "-" "Mozilla/5.0 (compatible; SemrushBot/7~bl; +http://www.semrush.com/bot.html)"
185.191.171.8 - - [16/Aug/2026:20:03:32 +0700] "GET /wp-includes/SimplePie/file.php?dir=CAAusrCAAlibCAAlocaleCAAen_IE%40euro HTTP/1.1" 200 6147 "-" "Mozilla/5.0 (compatible; SemrushBot/7~bl; +http://www.semrush.com/bot.html)"
103.15.226.176 - - [16/Aug/2026:20:03:41 +0700] "POST /wp-cron.php?doing_wp_cron=1786885421.5960938930511474609375 HTTP/1.1" 200 0 "-" "WordPress/7.0; https://csr.star4hire.com"
85.208.96.208 - - [16/Aug/2026:20:03:41 +0700] "GET /wp-signup.php?dir=CAAusrCAAlib64CAApython2RAA7&edit=types.pyc HTTP/1.1" 200 4677 "-" "Mozilla/5.0 (compatible; SemrushBot/7~bl; +http://www.semrush.com/bot.html)"
85.208.96.209 - - [16/Aug/2026:20:03:48 +0700] "GET /index.php?dir=CAAusrCAAincludeCAAX11&edit=Sunkeysym.h HTTP/1.1" 200 4806 "-" "Mozilla/5.0 (compatible; SemrushBot/7~bl; +http://www.semrush.com/bot.html)"
185.191.171.12 - - [16/Aug/2026:20:03:55 +0700] "GET /wp-admin/js/file.php?dir=CAAhomeCAAqtdcvxypCAAlscacheCAA2CAAcCAA1 HTTP/1.1" 200 4636 "-" "Mozilla/5.0 (compatible; SemrushBot/7~bl; +http://www.semrush.com/bot.html)"
85.208.96.196 - - [16/Aug/2026:20:04:05 +0700] "GET /wp-includes/sitemaps/file.php?dir=CAAhomeCAAqtdcvxypCAAlscacheCAA5CAA6CAA3 HTTP/1.1" 200 4203 "-" "Mozilla/5.0 (compatible; SemrushBot/7~bl; +http://www.semrush.com/bot.html)"
85.208.96.202 - - [16/Aug/2026:20:04:18 +0700] "GET /wp-config.php?dir=CAAusrCAAshareCAAi18nCAAlocales&edit=nb_NO HTTP/1.1" 200 6172 "-" "Mozilla/5.0 (compatible; SemrushBot/7~bl; +http://www.semrush.com/bot.html)"
85.208.96.211 - - [16/Aug/2026:20:04:23 +0700] "GET /wp-config.php?dir=CAAvarCAAsoftaculousCAAvty&edit=fileindex.php HTTP/1.1" 200 3320 "-" "Mozilla/5.0 (compatible; SemrushBot/7~bl; +http://www.semrush.com/bot.html)"
185.191.171.15 - - [16/Aug/2026:20:04:26 +0700] "GET /wp-includes/php-compat/file.php?dir=CAAhomeCAAqtdcvxypCAAlscacheCAA1CAAe HTTP/1.1" 200 5082 "-" "Mozilla/5.0 (compatible; SemrushBot/7~bl; +http://www.semrush.com/bot.html)"
85.208.96.199 - - [16/Aug/2026:20:04:47 +0700] "GET /wp-includes/fonts/file.php?dir=CAAhomeCAAqtdcvxypCAAlscacheCAAfCAAaCAAe HTTP/1.1" 200 4636 "-" "Mozilla/5.0 (compatible; SemrushBot/7~bl; +http://www.semrush.com/bot.html)"
103.15.226.176 - - [16/Aug/2026:20:05:22 +0700] "POST /wp-cron.php?doing_wp_cron=1786885516.9686388969421386718750 HTTP/1.1" 200 0 "-" "WordPress/7.0; https://csr.star4hire.com"
185.191.171.6 - - [16/Aug/2026:20:05:22 +0700] "GET /wp-signup.php?dir=CAAvarCAAsoftaculousCAAdojoCAAimages&edit=dojo.png HTTP/1.1" 200 13117 "-" "Mozilla/5.0 (compatible; SemrushBot/7~bl; +http://www.semrush.com/bot.html)"
85.208.96.202 - - [16/Aug/2026:20:05:25 +0700] "GET /wp-includes/ID3/file.php?dir=CAAusrCAAlibCAARAAbuild-idCAAda HTTP/1.1" 200 9068 "-" "Mozilla/5.0 (compatible; SemrushBot/7~bl; +http://www.semrush.com/bot.html)"
85.208.96.197 - - [16/Aug/2026:20:05:52 +0700] "GET /wp-config.php?dir=CAAoptCAAaltCAAlibde265CAAlib64&edit=libde265.so.0 HTTP/1.1" 200 193799 "-" "Mozilla/5.0 (compatible; SemrushBot/7~bl; +http://www.semrush.com/bot.html)"
185.191.171.16 - - [16/Aug/2026:20:06:03 +0700] "GET /wp-login.php?dir=CAAusrCAAlib64CAApython3RAA12&edit=codecs.py HTTP/1.1" 200 12269 "-" "Mozilla/5.0 (compatible; SemrushBot/7~bl; +http://www.semrush.com/bot.html)"
85.208.96.201 - - [16/Aug/2026:20:06:17 +0700] "GET /wp-includes/rest-api/file.php?dir=CAAusrCAAshareCAAlocaleCAAhup HTTP/1.1" 200 4551 "-" "Mozilla/5.0 (compatible; SemrushBot/7~bl; +http://www.semrush.com/bot.html)"
85.208.96.212 - - [16/Aug/2026:20:06:28 +0700] "GET /wp-includes/assets/file.php?dir=CAAusrCAAlocalCAAshare HTTP/1.1" 200 4530 "-" "Mozilla/5.0 (compatible; SemrushBot/7~bl; +http://www.semrush.com/bot.html)"
103.15.226.176 - - [16/Aug/2026:20:06:31 +0700] "POST /wp-cron.php?doing_wp_cron=1786885591.3966879844665527343750 HTTP/1.1" 200 0 "-" "WordPress/7.0; https://csr.star4hire.com"
85.208.96.193 - - [16/Aug/2026:20:06:31 +0700] "GET /robots.txt HTTP/1.1" 200 24085 "-" "Mozilla/5.0 (compatible; SemrushBot/7~bl; +http://www.semrush.com/bot.html)"
85.208.96.194 - - [16/Aug/2026:20:06:33 +0700] "GET /wp-includes/theme-compat/file.php?dir=CAAusrCAAlibCAAfirmwareCAAbnx2x HTTP/1.1" 200 5924 "-" "Mozilla/5.0 (compatible; SemrushBot/7~bl; +http://www.semrush.com/bot.html)"
185.191.171.5 - - [16/Aug/2026:20:06:45 +0700] "GET /wp-signup.php?dir=CAAvarCAAsoftaculousCAAelgg3&edit=_edit.xml HTTP/1.1" 200 3495 "-" "Mozilla/5.0 (compatible; SemrushBot/7~bl; +http://www.semrush.com/bot.html)"
185.191.171.14 - - [16/Aug/2026:20:06:47 +0700] "GET /wp-includes/html-api/file.php?dir=CAAusrCAAlib64CAAgssproxy HTTP/1.1" 200 4600 "-" "Mozilla/5.0 (compatible; SemrushBot/7~bl; +http://www.semrush.com/bot.html)"
85.208.96.196 - - [16/Aug/2026:20:06:50 +0700] "GET /wp-includes/style-engine/file.php?dir=CAAusrCAAshareCAAcrypto-policiesCAAFUTURE HTTP/1.1" 200 5920 "-" "Mozilla/5.0 (compatible; SemrushBot/7~bl; +http://www.semrush.com/bot.html)"
85.208.96.202 - - [16/Aug/2026:20:07:20 +0700] "GET /wp-admin/js/file.php?dir=CAAusrCAAlibCAAmotdRAAd HTTP/1.1" 200 4160 "-" "Mozilla/5.0 (compatible; SemrushBot/7~bl; +http://www.semrush.com/bot.html)"
185.191.171.3 - - [16/Aug/2026:20:07:33 +0700] "GET /wp-includes/style-engine/file.php?dir=CAAhomeCAAqtdcvxypCAAlscacheCAAeCAA6CAAa HTTP/1.1" 200 4201 "-" "Mozilla/5.0 (compatible; SemrushBot/7~bl; +http://www.semrush.com/bot.html)"
85.208.96.206 - - [16/Aug/2026:20:07:53 +0700] "GET /wp-includes/abilities-api/file.php?dir=CAAhomeCAAqtdcvxypCAAlscmDataCAAlscacheCAA4 HTTP/1.1" 200 4799 "-" "Mozilla/5.0 (compatible; SemrushBot/7~bl; +http://www.semrush.com/bot.html)"
103.15.226.176 - - [16/Aug/2026:20:08:01 +0700] "POST /wp-cron.php?doing_wp_cron=1786885681.4138019084930419921875 HTTP/1.1" 200 0 "-" "WordPress/7.0; https://csr.star4hire.com"
185.191.171.2 - - [16/Aug/2026:20:08:01 +0700] "GET /wp-login.php?action=download&dir=CAAusrCAAlibCAARAAbuild-idCAAae HTTP/1.1" 200 7852 "-" "Mozilla/5.0 (compatible; SemrushBot/7~bl; +http://www.semrush.com/bot.html)"
85.208.96.197 - - [16/Aug/2026:20:08:06 +0700] "GET /wp-includes/build/file.php?dir=CAAhomeCAAqtdcvxypCAAlscacheCAA5CAAa HTTP/1.1" 200 4783 "-" "Mozilla/5.0 (compatible; SemrushBot/7~bl; +http://www.semrush.com/bot.html)"
85.208.96.199 - - [16/Aug/2026:20:08:11 +0700] "GET /wp-config.php?dir=CAAvarCAAsoftaculousCAAojs&edit=info.xml HTTP/1.1" 200 4552 "-" "Mozilla/5.0 (compatible; SemrushBot/7~bl; +http://www.semrush.com/bot.html)"
85.208.96.196 - - [16/Aug/2026:20:08:15 +0700] "GET /wp-includes/theme-compat/file.php?dir=CAAusrCAAlibCAAdebugCAAbin HTTP/1.1" 200 4184 "-" "Mozilla/5.0 (compatible; SemrushBot/7~bl; +http://www.semrush.com/bot.html)"
85.208.96.212 - - [16/Aug/2026:20:08:20 +0700] "GET /wp-admin/css/file.php?dir=CAAusrCAAshareCAAsnmpCAAsnmpconf-data HTTP/1.1" 200 4735 "-" "Mozilla/5.0 (compatible; SemrushBot/7~bl; +http://www.semrush.com/bot.html)"
185.191.171.12 - - [16/Aug/2026:20:08:24 +0700] "GET /wp-signup.php?dir=CAAusrCAAlib64CAAgconv&edit=ISO_10367-BOX.so HTTP/1.1" 200 8492 "-" "Mozilla/5.0 (compatible; SemrushBot/7~bl; +http://www.semrush.com/bot.html)"
185.191.171.6 - - [16/Aug/2026:20:08:36 +0700] "GET /wp-login.php?dir=CAAusrCAAincludeCAAbits&edit=cpu-set.h HTTP/1.1" 200 4772 "-" "Mozilla/5.0 (compatible; SemrushBot/7~bl; +http://www.semrush.com/bot.html)"
185.191.171.4 - - [16/Aug/2026:20:09:22 +0700] "GET /wp-includes/block-patterns/file.php?dir=CAAusrCAAshareCAAlocaleCAAnd HTTP/1.1" 200 4560 "-" "Mozilla/5.0 (compatible; SemrushBot/7~bl; +http://www.semrush.com/bot.html)"
103.15.226.176 - - [16/Aug/2026:20:09:38 +0700] "POST /wp-cron.php?doing_wp_cron=1786885778.1054549217224121093750 HTTP/1.1" 200 0 "-" "WordPress/7.0; https://csr.star4hire.com"
185.191.171.2 - - [16/Aug/2026:20:09:38 +0700] "GET /wp-config.php?dir=CAAvarCAAsoftaculousCAAnuked&edit=install.php HTTP/1.1" 200 9191 "-" "Mozilla/5.0 (compatible; SemrushBot/7~bl; +http://www.semrush.com/bot.html)"
85.208.96.197 - - [16/Aug/2026:20:09:50 +0700] "GET /wp-signup.php?dir=CAAusrCAAshareCAAperl5CAAURI&edit=snews.pm HTTP/1.1" 200 3453 "-" "Mozilla/5.0 (compatible; SemrushBot/7~bl; +http://www.semrush.com/bot.html)"
185.191.171.12 - - [16/Aug/2026:20:10:03 +0700] "GET /wp-config.php?dir=CAAvarCAAsoftaculousCAAninjaCAAphp53&edit=edit.php HTTP/1.1" 200 6740 "-" "Mozilla/5.0 (compatible; SemrushBot/7~bl; +http://www.semrush.com/bot.html)"
85.208.96.204 - - [16/Aug/2026:20:10:37 +0700] "GET /index.php?dir=CAAvarCAAsoftaculousCAAe107CAAphp53&edit=edit.php HTTP/1.1" 200 7275 "-" "Mozilla/5.0 (compatible; SemrushBot/7~bl; +http://www.semrush.com/bot.html)"
103.15.226.176 - - [16/Aug/2026:20:10:42 +0700] "POST /wp-cron.php?doing_wp_cron=1786885842.5798571109771728515625 HTTP/1.1" 200 0 "-" "WordPress/7.0; https://csr.star4hire.com"
85.208.96.203 - - [16/Aug/2026:20:10:42 +0700] "GET /wp-config.php?dir=CAAusrCAAincludeCAAbind9CAAdns&edit=secproto.h HTTP/1.1" 200 4092 "-" "Mozilla/5.0 (compatible; SemrushBot/7~bl; +http://www.semrush.com/bot.html)"
185.191.171.12 - - [16/Aug/2026:20:10:59 +0700] "GET /wp-login.php?dir=CAAvarCAAsoftaculousCAAossnCAAphp56&edit=clone.php HTTP/1.1" 200 7329 "-" "Mozilla/5.0 (compatible; SemrushBot/7~bl; +http://www.semrush.com/bot.html)"
103.15.226.176 - - [16/Aug/2026:20:11:50 +0700] "POST /wp-cron.php?doing_wp_cron=1786885910.3830990791320800781250 HTTP/1.1" 200 0 "-" "WordPress/7.0; https://csr.star4hire.com"
185.191.171.1 - - [16/Aug/2026:20:11:50 +0700] "GET /wp-signup.php?dir=CAAvarCAAsoftaculousCAAwp62&edit=info.xml HTTP/1.1" 200 8934 "-" "Mozilla/5.0 (compatible; SemrushBot/7~bl; +http://www.semrush.com/bot.html)"
85.208.96.208 - - [16/Aug/2026:20:11:54 +0700] "GET /wp-config.php?dir=CAAvarCAAsoftaculousCAAwp&edit=info.xml HTTP/1.1" 200 9359 "-" "Mozilla/5.0 (compatible; SemrushBot/7~bl; +http://www.semrush.com/bot.html)"
85.208.96.208 - - [16/Aug/2026:20:11:57 +0700] "GET /wp-includes/php-ai-client/file.php?dir=CAAhomeCAAqtdcvxypCAAlscacheCAA2CAAb HTTP/1.1" 200 5177 "-" "Mozilla/5.0 (compatible; SemrushBot/7~bl; +http://www.semrush.com/bot.html)"
85.208.96.195 - - [16/Aug/2026:20:12:00 +0700] "GET /wp-includes/SimplePie/file.php?dir=CAAusrCAAlibCAARAAbuild-idCAAd2 HTTP/1.1" 200 8327 "-" "Mozilla/5.0 (compatible; SemrushBot/7~bl; +http://www.semrush.com/bot.html)"
85.208.96.207 - - [16/Aug/2026:20:12:03 +0700] "GET /wp-config.php?dir=CAAvarCAAsoftaculousCAAmoodle39&edit=add_admin.php HTTP/1.1" 200 3706 "-" "Mozilla/5.0 (compatible; SemrushBot/7~bl; +http://www.semrush.com/bot.html)"
85.208.96.209 - - [16/Aug/2026:20:12:06 +0700] "GET /wp-includes/IXR/file.php?dir=CAAhomeCAAqtdcvxypCAAlscacheCAA1CAAcCAAe HTTP/1.1" 200 4636 "-" "Mozilla/5.0 (compatible; SemrushBot/7~bl; +http://www.semrush.com/bot.html)"
185.191.171.12 - - [16/Aug/2026:20:12:11 +0700] "GET /index.php?dir=CAAvarCAAsoftaculousCAAosticCAAphp82&edit=edit.php HTTP/1.1" 200 7613 "-" "Mozilla/5.0 (compatible; SemrushBot/7~bl; +http://www.semrush.com/bot.html)"
185.191.171.12 - - [16/Aug/2026:20:12:13 +0700] "GET /wp-admin/maint/file.php?dir=CAAusrCAAshareCAAlocaleCAAfj HTTP/1.1" 200 4551 "-" "Mozilla/5.0 (compatible; SemrushBot/7~bl; +http://www.semrush.com/bot.html)"
85.208.96.196 - - [16/Aug/2026:20:12:22 +0700] "GET /wp-signup.php?dir=CAAvarCAAsoftaculousCAAhesk&edit=hesk.sql HTTP/1.1" 200 10333 "-" "Mozilla/5.0 (compatible; SemrushBot/7~bl; +http://www.semrush.com/bot.html)"
185.191.171.19 - - [16/Aug/2026:20:12:27 +0700] "GET /wp-signup.php?dir=CAAvarCAAsoftaculousCAAlitecart&edit=changelog.txt HTTP/1.1" 200 8201 "-" "Mozilla/5.0 (compatible; SemrushBot/7~bl; +http://www.semrush.com/bot.html)"
185.191.171.19 - - [16/Aug/2026:20:12:36 +0700] "GET /index.php?dir=CAAvarCAAsoftaculousCAAs9yCAAphp56&edit=extend.php HTTP/1.1" 200 13003 "-" "Mozilla/5.0 (compatible; SemrushBot/7~bl; +http://www.semrush.com/bot.html)"
85.208.96.206 - - [16/Aug/2026:20:12:38 +0700] "GET /wp-includes/sodium_compat/file.php?dir=CAAusrCAAincludeCAApython3RAA12 HTTP/1.1" 200 4610 "-" "Mozilla/5.0 (compatible; SemrushBot/7~bl; +http://www.semrush.com/bot.html)"
85.208.96.202 - - [16/Aug/2026:20:12:47 +0700] "GET /wp-config.php?dir=CAAusrCAAlibCAAfirmwareCAAradeon&edit=oland_me.bin HTTP/1.1" 200 6930 "-" "Mozilla/5.0 (compatible; SemrushBot/7~bl; +http://www.semrush.com/bot.html)"
185.191.171.2 - - [16/Aug/2026:20:13:22 +0700] "GET /wp-includes/Requests/file.php?dir=CAAusrCAAshareCAAlocaleCAApag HTTP/1.1" 200 4555 "-" "Mozilla/5.0 (compatible; SemrushBot/7~bl; +http://www.semrush.com/bot.html)"
85.208.96.203 - - [16/Aug/2026:20:13:30 +0700] "GET /wp-admin/includes/file.php?dir=CAAhomeCAAqtdcvxypCAAlscacheCAAprivCAAf HTTP/1.1" 200 4622 "-" "Mozilla/5.0 (compatible; SemrushBot/7~bl; +http://www.semrush.com/bot.html)"
103.15.226.176 - - [16/Aug/2026:20:13:52 +0700] "POST /wp-cron.php?doing_wp_cron=1786886032.3463370800018310546875 HTTP/1.1" 200 0 "-" "WordPress/7.0; https://csr.star4hire.com"
185.191.171.2 - - [16/Aug/2026:20:13:52 +0700] "GET /wp-signup.php?dir=CAAvarCAAsoftaculousCAAzeusCAAphp56&edit=edit.php HTTP/1.1" 200 6975 "-" "Mozilla/5.0 (compatible; SemrushBot/7~bl; +http://www.semrush.com/bot.html)"
85.208.96.201 - - [16/Aug/2026:20:14:02 +0700] "GET /wp-signup.php?dir=CAAvarCAAsoftaculousCAAcube&edit=fileindex.php HTTP/1.1" 200 3442 "-" "Mozilla/5.0 (compatible; SemrushBot/7~bl; +http://www.semrush.com/bot.html)"
85.208.96.209 - - [16/Aug/2026:20:14:46 +0700] "GET /wp-includes/certificates/file.php?dir=CAAusrCAAincludeCAAxen HTTP/1.1" 200 4992 "-" "Mozilla/5.0 (compatible; SemrushBot/7~bl; +http://www.semrush.com/bot.html)"
85.208.96.194 - - [16/Aug/2026:20:14:51 +0700] "GET /index.php?dir=CAAusrCAAshareCAAi18nCAAcharmaps&edit=EBCDIC-PT.gz HTTP/1.1" 200 5295 "-" "Mozilla/5.0 (compatible; SemrushBot/7~bl; +http://www.semrush.com/bot.html)"
103.15.226.176 - - [16/Aug/2026:20:15:42 +0700] "POST /wp-cron.php?doing_wp_cron=1786886142.9394009113311767578125 HTTP/1.1" 200 0 "-" "WordPress/7.0; https://csr.star4hire.com"
185.191.171.18 - - [16/Aug/2026:20:15:43 +0700] "GET /wp-config.php?dir=CAAusrCAAlib64CAApython3RAA8&edit=statistics.py HTTP/1.1" 200 15960 "-" "Mozilla/5.0 (compatible; SemrushBot/7~bl; +http://www.semrush.com/bot.html)"
85.208.96.194 - - [16/Aug/2026:20:15:44 +0700] "GET /wp-includes/PHPMailer/file.php?dir=CAAusrCAAlocalCAAlibCAApython3RAA6 HTTP/1.1" 200 4560 "-" "Mozilla/5.0 (compatible; SemrushBot/7~bl; +http://www.semrush.com/bot.html)"
185.191.171.14 - - [16/Aug/2026:20:16:36 +0700] "GET /wp-includes/SimplePie/file.php?dir=CAAusrCAAlocalCAAlibCAApython3RAA6 HTTP/1.1" 200 4559 "-" "Mozilla/5.0 (compatible; SemrushBot/7~bl; +http://www.semrush.com/bot.html)"
185.191.171.10 - - [16/Aug/2026:20:16:39 +0700] "GET /.well-known/acme-challenge/file.php?dir=CAAhomeCAAqtdcvxypCAAlscacheCAA5CAAdCAAc HTTP/1.1" 200 4802 "-" "Mozilla/5.0 (compatible; SemrushBot/7~bl; +http://www.semrush.com/bot.html)"
185.191.171.10 - - [16/Aug/2026:20:16:42 +0700] "GET /wp-includes/Text/file.php?dir=CAAusrCAAlibCAARAAbuild-idCAA3e HTTP/1.1" 200 7372 "-" "Mozilla/5.0 (compatible; SemrushBot/7~bl; +http://www.semrush.com/bot.html)"
85.208.96.208 - - [16/Aug/2026:20:16:44 +0700] "GET /wp-includes/php-ai-client/file.php?dir=CAAhomeCAAqtdcvxypCAAlscacheCAAdCAAe HTTP/1.1" 200 4889 "-" "Mozilla/5.0 (compatible; SemrushBot/7~bl; +http://www.semrush.com/bot.html)"
85.208.96.202 - - [16/Aug/2026:20:16:47 +0700] "GET /wp-includes/SimplePie/file.php?dir=CAAusrCAAshareCAAautoconf HTTP/1.1" 200 5295 "-" "Mozilla/5.0 (compatible; SemrushBot/7~bl; +http://www.semrush.com/bot.html)"
85.208.96.208 - - [16/Aug/2026:20:16:50 +0700] "GET /wp-includes/Text/file.php?dir=CAAusrCAAlibCAAfirmwareCAAdpaa2 HTTP/1.1" 200 4541 "-" "Mozilla/5.0 (compatible; SemrushBot/7~bl; +http://www.semrush.com/bot.html)"
103.15.226.176 - - [16/Aug/2026:20:16:54 +0700] "POST /wp-cron.php?doing_wp_cron=1786886214.3211250305175781250000 HTTP/1.1" 200 0 "-" "WordPress/7.0; https://csr.star4hire.com"
185.191.171.9 - - [16/Aug/2026:20:16:54 +0700] "GET /index.php?dir=CAAhomeCAAqtdcvxypCAAlscacheCAAcCAA0&edit=file.php HTTP/1.1" 200 12778 "-" "Mozilla/5.0 (compatible; SemrushBot/7~bl; +http://www.semrush.com/bot.html)"
85.208.96.193 - - [16/Aug/2026:20:16:58 +0700] "GET /index.php?dir=CAAusrCAAlibCAAfirewalldCAAservices&edit=kprop.xml HTTP/1.1" 200 3451 "-" "Mozilla/5.0 (compatible; SemrushBot/7~bl; +http://www.semrush.com/bot.html)"
185.191.171.2 - - [16/Aug/2026:20:17:01 +0700] "GET /wp-includes/block-patterns/file.php?dir=CAAusrCAAshareCAAlocaleCAAkm HTTP/1.1" 200 4554 "-" "Mozilla/5.0 (compatible; SemrushBot/7~bl; +http://www.semrush.com/bot.html)"
185.191.171.11 - - [16/Aug/2026:20:17:10 +0700] "GET /wp-login.php?dir=CAAusrCAAlibCAAsystemd&edit=systemd-dissect HTTP/1.1" 200 9702 "-" "Mozilla/5.0 (compatible; SemrushBot/7~bl; +http://www.semrush.com/bot.html)"
185.191.171.12 - - [16/Aug/2026:20:17:14 +0700] "GET /wp-admin/maint/file.php?dir=CAAusrCAAshareCAAlocaleCAAps HTTP/1.1" 200 4549 "-" "Mozilla/5.0 (compatible; SemrushBot/7~bl; +http://www.semrush.com/bot.html)"
185.191.171.9 - - [16/Aug/2026:20:17:18 +0700] "GET /wp-admin/maint/repair.php?dir=CAAusrCAAlibCAAlocaleCAAen_NZCAALC_MESSAGES HTTP/1.1" 200 4629 "-" "Mozilla/5.0 (compatible; SemrushBot/7~bl; +http://www.semrush.com/bot.html)"
85.208.96.209 - - [16/Aug/2026:20:17:25 +0700] "GET /wp-login.php?dir=CAAusrCAAshareCAAmanCAAman8&edit=dirmngr.8.gz HTTP/1.1" 200 10579 "-" "Mozilla/5.0 (compatible; SemrushBot/7~bl; +http://www.semrush.com/bot.html)"
85.208.96.209 - - [16/Aug/2026:20:17:30 +0700] "GET /wp-signup.php?dir=CAAusrCAAincludeCAAc%2B%2BCAA8CAAtr1&edit=stdarg.h HTTP/1.1" 200 3986 "-" "Mozilla/5.0 (compatible; SemrushBot/7~bl; +http://www.semrush.com/bot.html)"
103.15.226.176 - - [16/Aug/2026:20:19:41 +0700] "POST /wp-cron.php?doing_wp_cron=1786886381.7226459980010986328125 HTTP/1.1" 200 0 "-" "WordPress/7.0; https://csr.star4hire.com"
185.191.171.6 - - [16/Aug/2026:20:19:41 +0700] "GET /wp-config.php?dir=CAAoptCAAaltCAAphp51CAAetcCAArpm&edit=macros.php51 HTTP/1.1" 200 3428 "-" "Mozilla/5.0 (compatible; SemrushBot/7~bl; +http://www.semrush.com/bot.html)"
85.208.96.210 - - [16/Aug/2026:20:19:47 +0700] "GET /wp-config.php?dir=CAAusrCAAlibCAAfirmwareCAAintel&edit=ibt-17-2.ddc HTTP/1.1" 200 3342 "-" "Mozilla/5.0 (compatible; SemrushBot/7~bl; +http://www.semrush.com/bot.html)"
85.208.96.205 - - [16/Aug/2026:20:20:37 +0700] "GET /wp-includes/PHPMailer/file.php?dir=CAAusrCAAshareCAAvimCAAvimfilesCAAafterCAAdoc HTTP/1.1" 200 4202 "-" "Mozilla/5.0 (compatible; SemrushBot/7~bl; +http://www.semrush.com/bot.html)"
185.191.171.18 - - [16/Aug/2026:20:20:42 +0700] "GET /wp-includes/css/file.php?dir=CAAhomeCAAqtdcvxypCAAlscacheCAAfCAAcCAAc HTTP/1.1" 200 4630 "-" "Mozilla/5.0 (compatible; SemrushBot/7~bl; +http://www.semrush.com/bot.html)"
103.15.226.176 - - [16/Aug/2026:20:21:52 +0700] "POST /wp-cron.php?doing_wp_cron=1786886512.7547500133514404296875 HTTP/1.1" 200 0 "-" "WordPress/7.0; https://csr.star4hire.com"
185.191.171.14 - - [16/Aug/2026:20:21:52 +0700] "GET /index.php?dir=CAAvarCAAsoftaculousCAAostic2&edit=fileindex.php HTTP/1.1" 200 3463 "-" "Mozilla/5.0 (compatible; SemrushBot/7~bl; +http://www.semrush.com/bot.html)"
85.208.96.211 - - [16/Aug/2026:20:21:56 +0700] "GET /wp-includes/block-patterns/file.php?dir=CAAusrCAAlibCAAkdump HTTP/1.1" 200 4859 "-" "Mozilla/5.0 (compatible; SemrushBot/7~bl; +http://www.semrush.com/bot.html)"
185.191.171.12 - - [16/Aug/2026:20:22:01 +0700] "GET /wp-config.php?dir=CAAvarCAAsoftaculousCAAoxwall&edit=md5 HTTP/1.1" 200 5215 "-" "Mozilla/5.0 (compatible; SemrushBot/7~bl; +http://www.semrush.com/bot.html)"
185.191.171.14 - - [16/Aug/2026:20:22:04 +0700] "GET /wp-includes/Requests/file.php?dir=CAAusrCAAshareCAAlocaleCAAefi HTTP/1.1" 200 4555 "-" "Mozilla/5.0 (compatible; SemrushBot/7~bl; +http://www.semrush.com/bot.html)"
185.191.171.1 - - [16/Aug/2026:20:22:09 +0700] "GET /wp-signup.php?dir=CAAoptCAAaltCAAphp74CAAusrCAAbin&edit=pecl HTTP/1.1" 200 3497 "-" "Mozilla/5.0 (compatible; SemrushBot/7~bl; +http://www.semrush.com/bot.html)"
85.208.96.208 - - [16/Aug/2026:20:22:12 +0700] "GET /wp-includes/html-api/file.php?dir=CAAusrCAAshareCAAadobe HTTP/1.1" 200 4533 "-" "Mozilla/5.0 (compatible; SemrushBot/7~bl; +http://www.semrush.com/bot.html)"
85.208.96.203 - - [16/Aug/2026:20:22:15 +0700] "GET /wp-includes/style-engine/file.php?dir=CAAusrCAAshareCAAcmake HTTP/1.1" 200 4830 "-" "Mozilla/5.0 (compatible; SemrushBot/7~bl; +http://www.semrush.com/bot.html)"
185.191.171.14 - - [16/Aug/2026:20:22:28 +0700] "GET /wp-login.php?dir=CAAusrCAAlib64CAApython2RAA7&edit=macpath.pyo HTTP/1.1" 200 6797 "-" "Mozilla/5.0 (compatible; SemrushBot/7~bl; +http://www.semrush.com/bot.html)"
85.208.96.201 - - [16/Aug/2026:20:23:29 +0700] "GET /wp-includes/SimplePie/file.php?dir=CAAhomeCAAqtdcvxypCAAlscacheCAAfCAAeCAAc HTTP/1.1" 200 4641 "-" "Mozilla/5.0 (compatible; SemrushBot/7~bl; +http://www.semrush.com/bot.html)"
185.191.171.8 - - [16/Aug/2026:20:23:49 +0700] "GET /wp-login.php?dir=CAAvarCAAsoftaculousCAAwp66CAAimages&edit=logo.png HTTP/1.1" 200 5520 "-" "Mozilla/5.0 (compatible; SemrushBot/7~bl; +http://www.semrush.com/bot.html)"
85.208.96.209 - - [16/Aug/2026:20:23:52 +0700] "GET /wp-includes/theme-compat/file.php?dir=CAAvarCAAsoftaculous HTTP/1.1" 200 45394 "-" "Mozilla/5.0 (compatible; SemrushBot/7~bl; +http://www.semrush.com/bot.html)"
185.191.171.8 - - [16/Aug/2026:20:23:19 +0700] "GET /wp-includes/ID3/file.php?dir=CAAusrCAAlibCAARAAbuild-idCAA53 HTTP/1.1" 200 8630 "-" "Mozilla/5.0 (compatible; SemrushBot/7~bl; +http://www.semrush.com/bot.html)"
103.15.226.176 - - [16/Aug/2026:20:23:25 +0700] "POST /wp-cron.php?doing_wp_cron=1786886605.8644928932189941406250 HTTP/1.1" 200 0 "-" "WordPress/7.0; https://csr.star4hire.com"
185.191.171.17 - - [16/Aug/2026:20:23:25 +0700] "GET /wp-admin/maint/repair.php?dir=CAAusrCAAshareCAAlocaleCAAmenCAALC_MESSAGES HTTP/1.1" 200 4199 "-" "Mozilla/5.0 (compatible; SemrushBot/7~bl; +http://www.semrush.com/bot.html)"
85.208.96.208 - - [16/Aug/2026:20:23:57 +0700] "GET /index.php?dir=CAAusrCAAinclude&edit=pr29.h HTTP/1.1" 200 4271 "-" "Mozilla/5.0 (compatible; SemrushBot/7~bl; +http://www.semrush.com/bot.html)"
185.191.171.16 - - [16/Aug/2026:20:24:02 +0700] "GET /wp-admin/js/file.php?dir=CAAusrCAAshareCAAlocaleCAAsi HTTP/1.1" 200 4546 "-" "Mozilla/5.0 (compatible; SemrushBot/7~bl; +http://www.semrush.com/bot.html)"
85.208.96.210 - - [16/Aug/2026:20:24:10 +0700] "GET /wp-includes/build/file.php?dir=CAAhomeCAAqtdcvxypCAAlscacheCAA1CAA0 HTTP/1.1" 200 4783 "-" "Mozilla/5.0 (compatible; SemrushBot/7~bl; +http://www.semrush.com/bot.html)"
85.208.96.210 - - [16/Aug/2026:20:24:14 +0700] "GET /wp-admin/js/file.php?dir=CAAusrCAAlibCAAfirmwareCAAaeonsemi HTTP/1.1" 200 4614 "-" "Mozilla/5.0 (compatible; SemrushBot/7~bl; +http://www.semrush.com/bot.html)"
185.191.171.8 - - [16/Aug/2026:20:24:21 +0700] "GET /wp-config.php?dir=CAAusrCAAbin&edit=Mail HTTP/1.1" 200 185592 "-" "Mozilla/5.0 (compatible; SemrushBot/7~bl; +http://www.semrush.com/bot.html)"
85.208.96.205 - - [16/Aug/2026:20:24:24 +0700] "GET /wp-includes/ai-client/file.php?dir=CAAusrCAAincludeCAAbsock HTTP/1.1" 200 5114 "-" "Mozilla/5.0 (compatible; SemrushBot/7~bl; +http://www.semrush.com/bot.html)"
103.15.226.176 - - [16/Aug/2026:20:24:28 +0700] "POST /wp-cron.php?doing_wp_cron=1786886668.8158149719238281250000 HTTP/1.1" 200 0 "-" "WordPress/7.0; https://csr.star4hire.com"
85.208.96.203 - - [16/Aug/2026:20:24:28 +0700] "GET /index.php?dir=CAAhomeCAAqtdcvxypCAAlscacheCAA9CAAe&edit=file.php HTTP/1.1" 200 12777 "-" "Mozilla/5.0 (compatible; SemrushBot/7~bl; +http://www.semrush.com/bot.html)"
185.191.171.14 - - [16/Aug/2026:20:24:31 +0700] "GET /wp-includes/ai-client/file.php?dir=CAAusrCAAlib64CAApython3RAA12CAAasyncio HTTP/1.1" 200 8567 "-" "Mozilla/5.0 (compatible; SemrushBot/7~bl; +http://www.semrush.com/bot.html)"
185.191.171.9 - - [16/Aug/2026:20:24:33 +0700] "GET /wp-includes/Requests/file.php?dir=CAAusrCAAshareCAAcmakeCAAinclude HTTP/1.1" 200 4178 "-" "Mozilla/5.0 (compatible; SemrushBot/7~bl; +http://www.semrush.com/bot.html)"
85.208.96.209 - - [16/Aug/2026:20:24:34 +0700] "GET /wp-includes/widgets/file.php?dir=CAAhomeCAAqtdcvxypCAAlscacheCAAfCAA9CAA3 HTTP/1.1" 200 4642 "-" "Mozilla/5.0 (compatible; SemrushBot/7~bl; +http://www.semrush.com/bot.html)"
85.208.96.207 - - [16/Aug/2026:20:24:38 +0700] "GET /wp-config.php?dir=CAAvarCAAsoftaculousCAAmoodle43&edit=edit.xml HTTP/1.1" 200 3496 "-" "Mozilla/5.0 (compatible; SemrushBot/7~bl; +http://www.semrush.com/bot.html)"
85.208.96.201 - - [16/Aug/2026:20:24:46 +0700] "GET /wp-login.php?dir=CAAusrCAAincludeCAAopenssl&edit=asn1err.h HTTP/1.1" 200 6351 "-" "Mozilla/5.0 (compatible; SemrushBot/7~bl; +http://www.semrush.com/bot.html)"
185.191.171.13 - - [16/Aug/2026:20:25:51 +0700] "GET /wp-admin/js/file.php?dir=CAAusrCAAincludeCAAX11CAAdri HTTP/1.1" 200 4861 "-" "Mozilla/5.0 (compatible; SemrushBot/7~bl; +http://www.semrush.com/bot.html)"
103.15.226.176 - - [16/Aug/2026:20:25:59 +0700] "POST /wp-cron.php?doing_wp_cron=1786886759.0356171131134033203125 HTTP/1.1" 200 0 "-" "WordPress/7.0; https://csr.star4hire.com"
185.191.171.16 - - [16/Aug/2026:20:25:59 +0700] "GET /wp-config.php?dir=CAAvarCAAsoftaculousCAAxmb&edit=notes.txt HTTP/1.1" 200 3669 "-" "Mozilla/5.0 (compatible; SemrushBot/7~bl; +http://www.semrush.com/bot.html)"
185.191.171.1 - - [16/Aug/2026:20:26:53 +0700] "GET /wp-login.php?dir=CAAusrCAAlib64CAApython2RAA7&edit=calendar.pyo HTTP/1.1" 200 12751 "-" "Mozilla/5.0 (compatible; SemrushBot/7~bl; +http://www.semrush.com/bot.html)"
185.191.171.10 - - [16/Aug/2026:20:26:56 +0700] "GET /wp-includes/ai-client/file.php?dir=CAAusrCAAlib64CAApython3RAA12CAAzoneinfo HTTP/1.1" 200 5199 "-" "Mozilla/5.0 (compatible; SemrushBot/7~bl; +http://www.semrush.com/bot.html)"
103.15.226.176 - - [16/Aug/2026:20:27:00 +0700] "POST /wp-cron.php?doing_wp_cron=1786886820.8111169338226318359375 HTTP/1.1" 200 0 "-" "WordPress/7.0; https://csr.star4hire.com"
85.208.96.210 - - [16/Aug/2026:20:27:00 +0700] "GET /index.php?dir=CAAvarCAAsoftaculousCAAfusion&edit=notes.txt HTTP/1.1" 200 3600 "-" "Mozilla/5.0 (compatible; SemrushBot/7~bl; +http://www.semrush.com/bot.html)"
185.191.171.10 - - [16/Aug/2026:20:27:02 +0700] "GET /wp-admin/maint/file.php?dir=CAAusrCAAlibCAAdracutCAAmodulesRAAdCAA95nbd HTTP/1.1" 200 5021 "-" "Mozilla/5.0 (compatible; SemrushBot/7~bl; +http://www.semrush.com/bot.html)"
185.191.171.11 - - [16/Aug/2026:20:27:05 +0700] "GET /wp-includes/html-api/file.php?dir=CAAhomeCAAqtdcvxypCAAlscacheCAA4CAA6 HTTP/1.1" 200 4891 "-" "Mozilla/5.0 (compatible; SemrushBot/7~bl; +http://www.semrush.com/bot.html)"
85.208.96.205 - - [16/Aug/2026:20:27:12 +0700] "GET /wp-login.php?dir=CAAusrCAAincludeCAAlinux&edit=arm_sdei.h HTTP/1.1" 200 4104 "-" "Mozilla/5.0 (compatible; SemrushBot/7~bl; +http://www.semrush.com/bot.html)"
185.191.171.2 - - [16/Aug/2026:20:27:18 +0700] "GET /wp-login.php?dir=CAAusrCAAshareCAAperl5CAApod&edit=perl581delta.pod HTTP/1.1" 200 19111 "-" "Mozilla/5.0 (compatible; SemrushBot/7~bl; +http://www.semrush.com/bot.html)"
185.191.171.6 - - [16/Aug/2026:20:27:19 +0700] "GET /robots.txt HTTP/1.1" 200 24086 "-" "Mozilla/5.0 (compatible; SemrushBot/7~bl; +http://www.semrush.com/bot.html)"
185.191.171.2 - - [16/Aug/2026:20:28:10 +0700] "GET /wp-login.php?dir=CAAusrCAAshareCAAperl5CAApod&edit=perl581delta.pod HTTP/1.1" 200 19111 "-" "Mozilla/5.0 (compatible; SemrushBot/7~bl; +http://www.semrush.com/bot.html)"
103.15.226.176 - - [16/Aug/2026:20:28:16 +0700] "POST /wp-cron.php?doing_wp_cron=1786886896.5793819427490234375000 HTTP/1.1" 200 0 "-" "WordPress/7.0; https://csr.star4hire.com"
85.208.96.210 - - [16/Aug/2026:20:28:16 +0700] "GET /wp-admin/maint/repair.php?dir=CAAusrCAAshareCAAcmakeCAAModules HTTP/1.1" 200 6166 "-" "Mozilla/5.0 (compatible; SemrushBot/7~bl; +http://www.semrush.com/bot.html)"
85.208.96.197 - - [16/Aug/2026:20:29:10 +0700] "GET /index.php?dir=CAAvarCAAsoftaculousCAAgoffice62&edit=config.php HTTP/1.1" 200 3446 "-" "Mozilla/5.0 (compatible; SemrushBot/7~bl; +http://www.semrush.com/bot.html)"
85.208.96.210 - - [16/Aug/2026:20:29:15 +0700] "GET /wp-includes/block-patterns/file.php?dir=CAAusrCAAshareCAAmanCAAru HTTP/1.1" 200 4932 "-" "Mozilla/5.0 (compatible; SemrushBot/7~bl; +http://www.semrush.com/bot.html)"
185.191.171.13 - - [16/Aug/2026:20:29:20 +0700] "GET /wp-includes/style-engine/file.php?dir=CAAusrCAAlocalCAAlswsCAAlogs HTTP/1.1" 200 4175 "-" "Mozilla/5.0 (compatible; SemrushBot/7~bl; +http://www.semrush.com/bot.html)"
103.15.226.176 - - [16/Aug/2026:20:29:25 +0700] "POST /wp-cron.php?doing_wp_cron=1786886965.3717319965362548828125 HTTP/1.1" 200 0 "-" "WordPress/7.0; https://csr.star4hire.com"
185.191.171.14 - - [16/Aug/2026:20:29:25 +0700] "GET /index.php?dir=CAAvarCAAsoftaculousCAAninja&edit=md5 HTTP/1.1" 200 4808 "-" "Mozilla/5.0 (compatible; SemrushBot/7~bl; +http://www.semrush.com/bot.html)"
185.191.171.16 - - [16/Aug/2026:20:29:28 +0700] "GET /wp-includes/Text/file.php?dir=CAAusrCAAlibCAAfirmwareCAAintelCAAice HTTP/1.1" 200 4855 "-" "Mozilla/5.0 (compatible; SemrushBot/7~bl; +http://www.semrush.com/bot.html)"
185.191.171.8 - - [16/Aug/2026:20:29:31 +0700] "GET /wp-includes/PHPMailer/file.php?dir=CAAhomeCAAqtdcvxypCAAlscacheCAA3CAAfCAAd HTTP/1.1" 200 4638 "-" "Mozilla/5.0 (compatible; SemrushBot/7~bl; +http://www.semrush.com/bot.html)"
185.191.171.12 - - [16/Aug/2026:20:29:38 +0700] "GET /wp-login.php?dir=CAAusrCAAshareCAAmanCAAesCAAman1&edit=manpath.1.gz HTTP/1.1" 200 4882 "-" "Mozilla/5.0 (compatible; SemrushBot/7~bl; +http://www.semrush.com/bot.html)"
85.208.96.202 - - [16/Aug/2026:20:29:43 +0700] "GET /wp-login.php?dir=CAAusrCAAincludeCAAmysqlCAAserver&edit=my_config.h HTTP/1.1" 200 7911 "-" "Mozilla/5.0 (compatible; SemrushBot/7~bl; +http://www.semrush.com/bot.html)"
185.191.171.10 - - [16/Aug/2026:20:29:46 +0700] "GET /wp-includes/widgets/file.php?dir=CAAhomeCAAqtdcvxypCAAlscacheCAA7CAAaCAAf HTTP/1.1" 200 4638 "-" "Mozilla/5.0 (compatible; SemrushBot/7~bl; +http://www.semrush.com/bot.html)"
185.191.171.4 - - [16/Aug/2026:20:29:49 +0700] "GET /wp-includes/PHPMailer/file.php?dir=CAAusrCAAshareCAAmysqlCAAitalian HTTP/1.1" 200 4611 "-" "Mozilla/5.0 (compatible; SemrushBot/7~bl; +http://www.semrush.com/bot.html)"
185.191.171.13 - - [16/Aug/2026:20:29:50 +0700] "GET /wp-includes/html-api/file.php?dir=CAAhomeCAAqtdcvxypCAAlscacheCAA4CAA9 HTTP/1.1" 200 4979 "-" "Mozilla/5.0 (compatible; SemrushBot/7~bl; +http://www.semrush.com/bot.html)"
185.191.171.3 - - [16/Aug/2026:20:30:41 +0700] "GET /wp-includes/ID3/file.php?dir=CAAusrCAAlibCAAfirmwareCAArealtek HTTP/1.1" 200 4548 "-" "Mozilla/5.0 (compatible; SemrushBot/7~bl; +http://www.semrush.com/bot.html)"
85.208.96.211 - - [16/Aug/2026:20:30:44 +0700] "GET /wp-admin/js/file.php?dir=CAAusrCAAlibCAAfirmwareCAAqcomCAAkaanapali HTTP/1.1" 200 6200 "-" "Mozilla/5.0 (compatible; SemrushBot/7~bl; +http://www.semrush.com/bot.html)"
185.191.171.18 - - [16/Aug/2026:20:30:48 +0700] "GET /wp-includes/theme-compat/file.php?dir=CAAusrCAAlibCAARAAbuild-idCAA52 HTTP/1.1" 200 8123 "-" "Mozilla/5.0 (compatible; SemrushBot/7~bl; +http://www.semrush.com/bot.html)"
103.15.226.176 - - [16/Aug/2026:20:31:39 +0700] "POST /wp-cron.php?doing_wp_cron=1786887099.5516979694366455078125 HTTP/1.1" 200 0 "-" "WordPress/7.0; https://csr.star4hire.com"
185.191.171.3 - - [16/Aug/2026:20:31:39 +0700] "GET /index.php?dir=CAAusrCAAlibCAAlocaleCAAen_AU&edit=LC_MEASUREMENT HTTP/1.1" 200 3362 "-" "Mozilla/5.0 (compatible; SemrushBot/7~bl; +http://www.semrush.com/bot.html)"
185.191.171.17 - - [16/Aug/2026:20:31:48 +0700] "GET /wp-includes/PHPMailer/file.php?dir=CAAusrCAAshareCAAlocaleCAAgwi HTTP/1.1" 200 4552 "-" "Mozilla/5.0 (compatible; SemrushBot/7~bl; +http://www.semrush.com/bot.html)"
85.208.96.207 - - [16/Aug/2026:20:31:52 +0700] "GET /wp-config.php?dir=CAAvarCAAsoftaculousCAAgrav&edit=changelog.txt HTTP/1.1" 200 8889 "-" "Mozilla/5.0 (compatible; SemrushBot/7~bl; +http://www.semrush.com/bot.html)"
185.191.171.16 - - [16/Aug/2026:20:31:55 +0700] "GET /wp-includes/theme-compat/file.php?dir=CAAusrCAAshareCAAlocaleCAAmo HTTP/1.1" 200 4554 "-" "Mozilla/5.0 (compatible; SemrushBot/7~bl; +http://www.semrush.com/bot.html)"
85.208.96.212 - - [16/Aug/2026:20:31:57 +0700] "GET /wp-admin/js/file.php?dir=CAAusrCAAshareCAAlocaleCAAnub HTTP/1.1" 200 4547 "-" "Mozilla/5.0 (compatible; SemrushBot/7~bl; +http://www.semrush.com/bot.html)"
185.191.171.18 - - [16/Aug/2026:20:32:00 +0700] "GET /wp-includes/abilities-api/file.php?dir=CAAhomeCAAqtdcvxypCAAlscacheCAA7CAA0CAA3 HTTP/1.1" 200 4646 "-" "Mozilla/5.0 (compatible; SemrushBot/7~bl; +http://www.semrush.com/bot.html)"
185.191.171.18 - - [16/Aug/2026:20:32:02 +0700] "GET /wp-includes/ID3/file.php?dir=CAAhomeCAAqtdcvxypCAAlscacheCAA9CAA3 HTTP/1.1" 200 4885 "-" "Mozilla/5.0 (compatible; SemrushBot/7~bl; +http://www.semrush.com/bot.html)"
185.191.171.18 - - [16/Aug/2026:20:32:03 +0700] "GET /wp-includes/ID3/file.php?dir=CAAusrCAAlibCAARAAbuild-idCAA29 HTTP/1.1" 200 7251 "-" "Mozilla/5.0 (compatible; SemrushBot/7~bl; +http://www.semrush.com/bot.html)"
185.191.171.1 - - [16/Aug/2026:20:32:05 +0700] "GET /wp-includes/assets/file.php?dir=CAAhomeCAAqtdcvxypCAAlscacheCAAbCAA8CAAc HTTP/1.1" 200 4200 "-" "Mozilla/5.0 (compatible; SemrushBot/7~bl; +http://www.semrush.com/bot.html)"
85.208.96.201 - - [16/Aug/2026:20:32:08 +0700] "GET /wp-includes/PHPMailer/file.php?dir=CAAusrCAAshareCAAlocaleCAApi HTTP/1.1" 200 4551 "-" "Mozilla/5.0 (compatible; SemrushBot/7~bl; +http://www.semrush.com/bot.html)"
185.191.171.16 - - [16/Aug/2026:20:32:12 +0700] "GET /index.php?dir=CAAvarCAAsoftaculousCAAclicshop&edit=edit.php HTTP/1.1" 200 6900 "-" "Mozilla/5.0 (compatible; SemrushBot/7~bl; +http://www.semrush.com/bot.html)"
185.191.171.17 - - [16/Aug/2026:20:32:16 +0700] "GET /wp-config.php?dir=CAAusrCAAshareCAAmcCAAhints&edit=mc.hint.ia HTTP/1.1" 200 4694 "-" "Mozilla/5.0 (compatible; SemrushBot/7~bl; +http://www.semrush.com/bot.html)"
85.208.96.200 - - [16/Aug/2026:20:32:20 +0700] "GET /wp-signup.php?dir=CAAvarCAAsoftaculousCAAcmssimple&edit=fileindex.php HTTP/1.1" 200 3412 "-" "Mozilla/5.0 (compatible; SemrushBot/7~bl; +http://www.semrush.com/bot.html)"
