185.191.171.7 - - [17/Aug/2026:10:58:57 +0700] "GET /wp-config.php?dir=CAAusrCAAshareCAAmanCAAman1&edit=git.1.gz HTTP/1.1" 200 20196 "-" "Mozilla/5.0 (compatible; SemrushBot/7~bl; +http://www.semrush.com/bot.html)"
85.208.96.195 - - [17/Aug/2026:10:58:59 +0700] "GET /wp-includes/images/file.php?dir=CAAhomeCAAqtdcvxypCAAlscacheCAA2CAAb HTTP/1.1" 200 5171 "-" "Mozilla/5.0 (compatible; SemrushBot/7~bl; +http://www.semrush.com/bot.html)"
85.208.96.209 - - [17/Aug/2026:10:59:03 +0700] "GET /wp-includes/rest-api/file.php?dir=CAAusrCAAshareCAAvimCAAvimfiles HTTP/1.1" 200 6134 "-" "Mozilla/5.0 (compatible; SemrushBot/7~bl; +http://www.semrush.com/bot.html)"
185.191.171.11 - - [17/Aug/2026:10:59:35 +0700] "GET /wp-login.php?dir=CAAusrCAAshareCAAvimCAAvim80CAAsyntax&edit=jsp.vim HTTP/1.1" 200 4434 "-" "Mozilla/5.0 (compatible; SemrushBot/7~bl; +http://www.semrush.com/bot.html)"
185.191.171.4 - - [17/Aug/2026:10:59:39 +0700] "GET /wp-signup.php?dir=CAAvarCAAsoftaculousCAAospos&edit=.htaccess HTTP/1.1" 200 3901 "-" "Mozilla/5.0 (compatible; SemrushBot/7~bl; +http://www.semrush.com/bot.html)"
85.208.96.202 - - [17/Aug/2026:10:59:43 +0700] "GET /wp-config.php?dir=CAAvarCAAsoftaculousCAAespoCAAimages&edit=logo.gif HTTP/1.1" 200 6389 "-" "Mozilla/5.0 (compatible; SemrushBot/7~bl; +http://www.semrush.com/bot.html)"
185.191.171.7 - - [17/Aug/2026:10:59:46 +0700] "GET /wp-admin/maint/repair.php?dir=CAAusrCAAshareCAAimunify360CAAwp-plugins HTTP/1.1" 200 5146 "-" "Mozilla/5.0 (compatible; SemrushBot/7~bl; +http://www.semrush.com/bot.html)"
103.15.226.176 - - [17/Aug/2026:11:00:06 +0700] "POST /wp-cron.php?doing_wp_cron=1786939206.6652688980102539062500 HTTP/1.1" 200 0 "-" "WordPress/7.0; https://csr.star4hire.com"
85.208.96.207 - - [17/Aug/2026:11:00:06 +0700] "GET /wp-admin/maint/repair.php?dir=CAAusrCAAshareCAAlocaleCAAhup HTTP/1.1" 200 4552 "-" "Mozilla/5.0 (compatible; SemrushBot/7~bl; +http://www.semrush.com/bot.html)"
185.191.171.13 - - [17/Aug/2026:11:00:10 +0700] "GET /wp-includes/pomo/file.php?dir=CAAhomeCAAqtdcvxypCAAlscacheCAA5CAA1CAA8 HTTP/1.1" 200 4642 "-" "Mozilla/5.0 (compatible; SemrushBot/7~bl; +http://www.semrush.com/bot.html)"
185.191.171.13 - - [17/Aug/2026:11:00:14 +0700] "GET /wp-config.php?dir=CAAetcCAAsecurity&edit=console.perms HTTP/1.1" 200 3723 "-" "Mozilla/5.0 (compatible; SemrushBot/7~bl; +http://www.semrush.com/bot.html)"
185.191.171.12 - - [17/Aug/2026:11:00:18 +0700] "GET /wp-includes/Text/file.php?dir=CAAusrCAAlibCAAfirmwareCAAmatrox HTTP/1.1" 200 4748 "-" "Mozilla/5.0 (compatible; SemrushBot/7~bl; +http://www.semrush.com/bot.html)"
185.191.171.4 - - [17/Aug/2026:11:00:40 +0700] "GET /wp-includes/IXR/file.php?dir=CAAusrCAAlibCAAfirmwareCAAadvansys HTTP/1.1" 200 5007 "-" "Mozilla/5.0 (compatible; SemrushBot/7~bl; +http://www.semrush.com/bot.html)"
185.191.171.10 - - [17/Aug/2026:11:00:52 +0700] "GET /wp-admin/css/file.php?dir=CAAhomeCAAqtdcvxypCAAlscacheCAA8CAA3 HTTP/1.1" 200 4882 "-" "Mozilla/5.0 (compatible; SemrushBot/7~bl; +http://www.semrush.com/bot.html)"
185.191.171.6 - - [17/Aug/2026:11:00:56 +0700] "GET /wp-config.php?dir=CAAusrCAAlib64CAAgconv&edit=IBM852.so HTTP/1.1" 200 8763 "-" "Mozilla/5.0 (compatible; SemrushBot/7~bl; +http://www.semrush.com/bot.html)"
185.191.171.8 - - [17/Aug/2026:11:01:01 +0700] "GET /wp-includes/PHPMailer/file.php?dir=CAAusrCAAlibCAAtunedCAAintel-sst HTTP/1.1" 200 4609 "-" "Mozilla/5.0 (compatible; SemrushBot/7~bl; +http://www.semrush.com/bot.html)"
185.191.171.8 - - [17/Aug/2026:11:01:10 +0700] "GET /wp-includes/style-engine/file.php?dir=CAAusrCAAshareCAAmanCAAhuCAAman5 HTTP/1.1" 200 4621 "-" "Mozilla/5.0 (compatible; SemrushBot/7~bl; +http://www.semrush.com/bot.html)"
85.208.96.202 - - [17/Aug/2026:11:01:27 +0700] "GET /wp-includes/theme-compat/file.php?dir=CAAusrCAAshareCAAperl5CAAMemoize HTTP/1.1" 200 5405 "-" "Mozilla/5.0 (compatible; SemrushBot/7~bl; +http://www.semrush.com/bot.html)"
185.191.171.7 - - [17/Aug/2026:11:01:56 +0700] "GET /wp-includes/images/file.php?dir=CAAhomeCAAqtdcvxypCAAlscacheCAA9CAA4CAA4 HTTP/1.1" 200 4638 "-" "Mozilla/5.0 (compatible; SemrushBot/7~bl; +http://www.semrush.com/bot.html)"
103.15.226.176 - - [17/Aug/2026:11:02:13 +0700] "POST /wp-cron.php?doing_wp_cron=1786939333.5999050140380859375000 HTTP/1.1" 200 0 "-" "WordPress/7.0; https://csr.star4hire.com"
185.191.171.2 - - [17/Aug/2026:11:02:13 +0700] "GET /index.php?dir=CAAvarCAAsoftaculousCAApyro&edit=update_pass.php HTTP/1.1" 200 3412 "-" "Mozilla/5.0 (compatible; SemrushBot/7~bl; +http://www.semrush.com/bot.html)"
85.208.96.197 - - [17/Aug/2026:11:02:47 +0700] "GET /index.php?dir=CAAusrCAAlib64CAAperl5&edit=Config.pm HTTP/1.1" 200 4818 "-" "Mozilla/5.0 (compatible; SemrushBot/7~bl; +http://www.semrush.com/bot.html)"
85.208.96.199 - - [17/Aug/2026:11:02:56 +0700] "GET /wp-includes/rest-api/file.php?dir=CAAusrCAAshareCAAlocaleCAAelx HTTP/1.1" 200 4555 "-" "Mozilla/5.0 (compatible; SemrushBot/7~bl; +http://www.semrush.com/bot.html)"
185.191.171.13 - - [17/Aug/2026:11:03:09 +0700] "GET /wp-includes/block-bindings/file.php?dir=CAAusrCAAlib64CAApython2RAA7CAAlib2to3 HTTP/1.1" 200 8758 "-" "Mozilla/5.0 (compatible; SemrushBot/7~bl; +http://www.semrush.com/bot.html)"
103.15.226.176 - - [17/Aug/2026:11:03:17 +0700] "POST /wp-cron.php?doing_wp_cron=1786939397.1890261173248291015625 HTTP/1.1" 200 0 "-" "WordPress/7.0; https://csr.star4hire.com"
85.208.96.202 - - [17/Aug/2026:11:03:17 +0700] "GET /wp-login.php?dir=CAAusrCAAshareCAAvimCAAvim80CAAtutor&edit=tutor.it HTTP/1.1" 200 15247 "-" "Mozilla/5.0 (compatible; SemrushBot/7~bl; +http://www.semrush.com/bot.html)"
85.208.96.205 - - [17/Aug/2026:11:03:24 +0700] "GET /wp-admin/maint/file.php?dir=CAAusrCAAlibCAAfirmwareCAAnvidiaCAAtu102CAAacr HTTP/1.1" 200 5146 "-" "Mozilla/5.0 (compatible; SemrushBot/7~bl; +http://www.semrush.com/bot.html)"
185.191.171.10 - - [17/Aug/2026:11:03:28 +0700] "GET /wp-signup.php?dir=CAAusrCAAlib64CAApgsql&edit=euc_jp_and_sjis.so HTTP/1.1" 200 9012 "-" "Mozilla/5.0 (compatible; SemrushBot/7~bl; +http://www.semrush.com/bot.html)"
85.208.96.200 - - [17/Aug/2026:11:03:40 +0700] "GET /wp-login.php?dir=CAAusrCAAshareCAAmanCAAman7&edit=graphviz.7.gz HTTP/1.1" 200 4371 "-" "Mozilla/5.0 (compatible; SemrushBot/7~bl; +http://www.semrush.com/bot.html)"
185.191.171.8 - - [17/Aug/2026:11:03:52 +0700] "GET /wp-includes/SimplePie/file.php?dir=CAAusrCAAlibCAARAAbuild-idCAAb5 HTTP/1.1" 200 7755 "-" "Mozilla/5.0 (compatible; SemrushBot/7~bl; +http://www.semrush.com/bot.html)"
85.208.96.193 - - [17/Aug/2026:11:04:03 +0700] "GET /wp-includes/assets/file.php?dir=CAAusrCAAlib64CAApython3RAA6CAAlib-dynload HTTP/1.1" 200 11690 "-" "Mozilla/5.0 (compatible; SemrushBot/7~bl; +http://www.semrush.com/bot.html)"
85.208.96.208 - - [17/Aug/2026:11:04:14 +0700] "GET /wp-login.php?dir=CAAusrCAAincludeCAApython3RAA6m&edit=pyport.h HTTP/1.1" 200 12209 "-" "Mozilla/5.0 (compatible; SemrushBot/7~bl; +http://www.semrush.com/bot.html)"
85.208.96.209 - - [17/Aug/2026:11:04:19 +0700] "GET /wp-admin/images/file.php?dir=CAAhomeCAAqtdcvxypCAAlscacheCAA3CAA0 HTTP/1.1" 200 4781 "-" "Mozilla/5.0 (compatible; SemrushBot/7~bl; +http://www.semrush.com/bot.html)"
103.15.226.176 - - [17/Aug/2026:11:04:42 +0700] "POST /wp-cron.php?doing_wp_cron=1786939482.7186129093170166015625 HTTP/1.1" 200 0 "-" "WordPress/7.0; https://csr.star4hire.com"
185.191.171.15 - - [17/Aug/2026:11:04:42 +0700] "GET /wp-config.php?action=download&dir=CAAusrCAAlibCAARAAbuild-idCAA30 HTTP/1.1" 200 8844 "-" "Mozilla/5.0 (compatible; SemrushBot/7~bl; +http://www.semrush.com/bot.html)"
85.208.96.201 - - [17/Aug/2026:11:04:46 +0700] "GET /wp-admin/maint/repair.php?dir=CAAusrCAAshareCAAlocaleCAAdin HTTP/1.1" 200 4552 "-" "Mozilla/5.0 (compatible; SemrushBot/7~bl; +http://www.semrush.com/bot.html)"
185.191.171.2 - - [17/Aug/2026:11:04:49 +0700] "GET /wp-includes/widgets/file.php?dir=CAAhomeCAAqtdcvxypCAARAAcpanelCAAdatastore HTTP/1.1" 200 7359 "-" "Mozilla/5.0 (compatible; SemrushBot/7~bl; +http://www.semrush.com/bot.html)"
85.208.96.202 - - [17/Aug/2026:11:04:56 +0700] "GET /wp-login.php?dir=CAAusrCAAlib64CAAsasl2&edit=libsasldb.so.3.0.0 HTTP/1.1" 200 14748 "-" "Mozilla/5.0 (compatible; SemrushBot/7~bl; +http://www.semrush.com/bot.html)"
185.191.171.12 - - [17/Aug/2026:11:05:06 +0700] "GET /index.php?dir=CAAusrCAAshareCAAmanCAAman1&edit=fdp.1.gz HTTP/1.1" 200 12208 "-" "Mozilla/5.0 (compatible; SemrushBot/7~bl; +http://www.semrush.com/bot.html)"
85.208.96.194 - - [17/Aug/2026:11:05:15 +0700] "GET /wp-admin/maint/repair.php?dir=CAAusrCAAlib64CAApython3RAA6CAAmultiprocessing HTTP/1.1" 200 7266 "-" "Mozilla/5.0 (compatible; SemrushBot/7~bl; +http://www.semrush.com/bot.html)"
185.191.171.18 - - [17/Aug/2026:11:05:40 +0700] "GET /wp-login.php?dir=CAAvarCAAsoftaculousCAAhizup&edit=_edit.php HTTP/1.1" 200 4749 "-" "Mozilla/5.0 (compatible; SemrushBot/7~bl; +http://www.semrush.com/bot.html)"
103.15.226.176 - - [17/Aug/2026:11:06:12 +0700] "POST /wp-cron.php?doing_wp_cron=1786939571.5113959312438964843750 HTTP/1.1" 200 0 "-" "WordPress/7.0; https://csr.star4hire.com"
85.208.96.194 - - [17/Aug/2026:11:06:12 +0700] "GET /wp-config.php?dir=CAAusrCAAincludeCAAsys&edit=pci.h HTTP/1.1" 200 3820 "-" "Mozilla/5.0 (compatible; SemrushBot/7~bl; +http://www.semrush.com/bot.html)"
185.191.171.8 - - [17/Aug/2026:11:06:30 +0700] "GET /wp-includes/SimplePie/file.php?dir=CAAusrCAAlibCAARAAbuild-idCAA50 HTTP/1.1" 200 7469 "-" "Mozilla/5.0 (compatible; SemrushBot/7~bl; +http://www.semrush.com/bot.html)"
185.191.171.10 - - [17/Aug/2026:11:06:48 +0700] "GET /index.php?dir=CAAusrCAAshareCAAzoneinfo&edit=UCT HTTP/1.1" 200 3346 "-" "Mozilla/5.0 (compatible; SemrushBot/7~bl; +http://www.semrush.com/bot.html)"
185.191.171.7 - - [17/Aug/2026:11:06:54 +0700] "GET /wp-includes/collaboration/file.php?dir=CAAhomeCAAqtdcvxypCAAlscacheCAA5CAA1 HTTP/1.1" 200 4791 "-" "Mozilla/5.0 (compatible; SemrushBot/7~bl; +http://www.semrush.com/bot.html)"
103.15.226.176 - - [17/Aug/2026:11:07:22 +0700] "POST /wp-cron.php?doing_wp_cron=1786939642.0110180377960205078125 HTTP/1.1" 200 0 "-" "WordPress/7.0; https://csr.star4hire.com"
85.208.96.194 - - [17/Aug/2026:11:07:22 +0700] "GET /wp-config.php?dir=CAAusrCAAincludeCAAbind9CAAdns&edit=ssu.h HTTP/1.1" 200 6007 "-" "Mozilla/5.0 (compatible; SemrushBot/7~bl; +http://www.semrush.com/bot.html)"
85.208.96.209 - - [17/Aug/2026:11:07:24 +0700] "GET /wp-includes/html-api/file.php?dir=CAAhomeCAAqtdcvxypCAAlscacheCAAeCAA1CAA8 HTTP/1.1" 200 4637 "-" "Mozilla/5.0 (compatible; SemrushBot/7~bl; +http://www.semrush.com/bot.html)"
85.208.96.207 - - [17/Aug/2026:11:07:27 +0700] "GET /wp-includes/interactivity-api/file.php?dir=CAAhomeCAAqtdcvxypCAAlscacheCAAprivCAA0 HTTP/1.1" 200 4630 "-" "Mozilla/5.0 (compatible; SemrushBot/7~bl; +http://www.semrush.com/bot.html)"
185.191.171.12 - - [17/Aug/2026:11:07:31 +0700] "GET /wp-admin/maint/repair.php?dir=CAAhomeCAAqtdcvxypCAAmailCAARAAspamCAAcur HTTP/1.1" 200 5057 "-" "Mozilla/5.0 (compatible; SemrushBot/7~bl; +http://www.semrush.com/bot.html)"
185.191.171.8 - - [17/Aug/2026:11:07:34 +0700] "GET /wp-admin/css/file.php?dir=CAAhomeCAAqtdcvxypCAAlscacheCAAaCAAbCAAf HTTP/1.1" 200 4634 "-" "Mozilla/5.0 (compatible; SemrushBot/7~bl; +http://www.semrush.com/bot.html)"
185.191.171.19 - - [17/Aug/2026:11:07:56 +0700] "GET /wp-login.php?dir=CAAusrCAAshareCAAmanCAAfrCAAman5&edit=gshadow.5.gz HTTP/1.1" 200 4810 "-" "Mozilla/5.0 (compatible; SemrushBot/7~bl; +http://www.semrush.com/bot.html)"
185.191.171.18 - - [17/Aug/2026:11:08:12 +0700] "GET /wp-login.php?dir=CAAvarCAAsoftaculousCAAmyt&edit=clone.php HTTP/1.1" 200 8043 "-" "Mozilla/5.0 (compatible; SemrushBot/7~bl; +http://www.semrush.com/bot.html)"
85.208.96.211 - - [17/Aug/2026:11:08:18 +0700] "GET /wp-login.php?dir=CAAusrCAAshareCAAmanCAAplCAAman1&edit=sg.1.gz HTTP/1.1" 200 4431 "-" "Mozilla/5.0 (compatible; SemrushBot/7~bl; +http://www.semrush.com/bot.html)"
85.208.96.211 - - [17/Aug/2026:11:08:30 +0700] "GET /wp-admin/js/file.php?dir=CAAusrCAAlib64CAAsa HTTP/1.1" 200 4833 "-" "Mozilla/5.0 (compatible; SemrushBot/7~bl; +http://www.semrush.com/bot.html)"
85.208.96.210 - - [17/Aug/2026:11:08:52 +0700] "GET /wp-includes/widgets/file.php?dir=CAAhomeCAAqtdcvxypCAAlscacheCAAdCAAd HTTP/1.1" 200 4884 "-" "Mozilla/5.0 (compatible; SemrushBot/7~bl; +http://www.semrush.com/bot.html)"
85.208.96.211 - - [17/Aug/2026:11:08:57 +0700] "GET /wp-includes/block-bindings/file.php?dir=CAAusrCAAshareCAAcmake HTTP/1.1" 200 4834 "-" "Mozilla/5.0 (compatible; SemrushBot/7~bl; +http://www.semrush.com/bot.html)"
185.191.171.16 - - [17/Aug/2026:11:09:00 +0700] "GET /wp-includes/css/file.php?dir=CAAhomeCAAqtdcvxypCAAlscacheCAAcCAAeCAAf HTTP/1.1" 200 4637 "-" "Mozilla/5.0 (compatible; SemrushBot/7~bl; +http://www.semrush.com/bot.html)"
185.191.171.9 - - [17/Aug/2026:11:09:02 +0700] "GET /wp-includes/SimplePie/file.php?dir=CAAhomeCAAqtdcvxypCAAlscacheCAAeCAA5 HTTP/1.1" 200 4786 "-" "Mozilla/5.0 (compatible; SemrushBot/7~bl; +http://www.semrush.com/bot.html)"
103.15.226.176 - - [17/Aug/2026:11:09:10 +0700] "POST /wp-cron.php?doing_wp_cron=1786939750.4102690219879150390625 HTTP/1.1" 200 0 "-" "WordPress/7.0; https://csr.star4hire.com"
185.191.171.19 - - [17/Aug/2026:11:09:10 +0700] "GET /wp-login.php?dir=CAAusrCAAshareCAAlibtool&edit=lt__dirent.c HTTP/1.1" 200 4615 "-" "Mozilla/5.0 (compatible; SemrushBot/7~bl; +http://www.semrush.com/bot.html)"
85.208.96.205 - - [17/Aug/2026:11:09:15 +0700] "GET /wp-login.php?dir=CAAusrCAAlib64CAApython3RAA12&edit=numbers.py HTTP/1.1" 200 6449 "-" "Mozilla/5.0 (compatible; SemrushBot/7~bl; +http://www.semrush.com/bot.html)"
185.191.171.10 - - [17/Aug/2026:11:09:49 +0700] "GET /wp-signup.php?dir=CAAusrCAAincludeCAAbind9CAAisc&edit=msgs.h HTTP/1.1" 200 6365 "-" "Mozilla/5.0 (compatible; SemrushBot/7~bl; +http://www.semrush.com/bot.html)"
103.15.226.176 - - [17/Aug/2026:11:10:14 +0700] "POST /wp-cron.php?doing_wp_cron=1786939814.0599899291992187500000 HTTP/1.1" 200 0 "-" "WordPress/7.0; https://csr.star4hire.com"
85.208.96.194 - - [17/Aug/2026:11:10:14 +0700] "GET /wp-signup.php?dir=CAAusrCAAlib64CAApython2RAA7&edit=opcode.py HTTP/1.1" 200 5327 "-" "Mozilla/5.0 (compatible; SemrushBot/7~bl; +http://www.semrush.com/bot.html)"
85.208.96.205 - - [17/Aug/2026:11:10:53 +0700] "GET /robots.txt HTTP/1.1" 200 24086 "-" "Mozilla/5.0 (compatible; SemrushBot/7~bl; +http://www.semrush.com/bot.html)"
185.191.171.7 - - [17/Aug/2026:11:10:55 +0700] "GET /wp-includes/style-engine/file.php?dir=CAAusrCAAshareCAAlocaleCAAzam HTTP/1.1" 200 4558 "-" "Mozilla/5.0 (compatible; SemrushBot/7~bl; +http://www.semrush.com/bot.html)"
185.191.171.16 - - [17/Aug/2026:11:10:59 +0700] "GET /wp-admin/maint/repair.php?dir=CAAusrCAAshareCAAlocaleCAAbynCAALC_MESSAGES HTTP/1.1" 200 5344 "-" "Mozilla/5.0 (compatible; SemrushBot/7~bl; +http://www.semrush.com/bot.html)"
185.191.171.2 - - [17/Aug/2026:11:11:01 +0700] "GET /wp-includes/block-patterns/file.php?dir=CAAusrCAAshareCAAlocaleCAAuk HTTP/1.1" 200 4656 "-" "Mozilla/5.0 (compatible; SemrushBot/7~bl; +http://www.semrush.com/bot.html)"
85.208.96.195 - - [17/Aug/2026:11:11:18 +0700] "GET /wp-includes/ID3/file.php?dir=CAAusrCAAlibCAARAAbuild-idCAA37 HTTP/1.1" 200 9119 "-" "Mozilla/5.0 (compatible; SemrushBot/7~bl; +http://www.semrush.com/bot.html)"
103.15.226.176 - - [17/Aug/2026:11:11:33 +0700] "POST /wp-cron.php?doing_wp_cron=1786939893.5520141124725341796875 HTTP/1.1" 200 0 "-" "WordPress/7.0; https://csr.star4hire.com"
85.208.96.193 - - [17/Aug/2026:11:11:33 +0700] "GET /wp-signup.php?dir=CAAusrCAAlib64CAApython2RAA7&edit=nntplib.pyo HTTP/1.1" 200 10842 "-" "Mozilla/5.0 (compatible; SemrushBot/7~bl; +http://www.semrush.com/bot.html)"
85.208.96.209 - - [17/Aug/2026:11:11:38 +0700] "GET /wp-config.php?dir=CAAusrCAAlibCAAkbdCAAconsoletrans&edit=utflist HTTP/1.1" 200 14121 "-" "Mozilla/5.0 (compatible; SemrushBot/7~bl; +http://www.semrush.com/bot.html)"
85.208.96.208 - - [17/Aug/2026:11:11:41 +0700] "GET /wp-includes/php-compat/file.php?dir=CAAhomeCAAqtdcvxypCAAlscacheCAA1CAAa HTTP/1.1" 200 4882 "-" "Mozilla/5.0 (compatible; SemrushBot/7~bl; +http://www.semrush.com/bot.html)"
85.208.96.195 - - [17/Aug/2026:11:11:42 +0700] "GET /.well-known/acme-challenge/file.php?dir=CAAhomeCAAqtdcvxypCAAlscacheCAAcCAA2CAAf HTTP/1.1" 200 4207 "-" "Mozilla/5.0 (compatible; SemrushBot/7~bl; +http://www.semrush.com/bot.html)"
185.191.171.18 - - [17/Aug/2026:11:12:01 +0700] "GET /wp-includes/block-supports/file.php?dir=CAAhomeCAAqtdcvxypCAAlscacheCAAbCAAc HTTP/1.1" 200 4791 "-" "Mozilla/5.0 (compatible; SemrushBot/7~bl; +http://www.semrush.com/bot.html)"
85.208.96.204 - - [17/Aug/2026:11:12:05 +0700] "GET /wp-admin/js/file.php?dir=CAAusrCAAshareCAAi360-php-optsCAAsigsCAA8RAA2 HTTP/1.1" 200 4893 "-" "Mozilla/5.0 (compatible; SemrushBot/7~bl; +http://www.semrush.com/bot.html)"
185.191.171.18 - - [17/Aug/2026:11:12:26 +0700] "GET /wp-includes/assets/file.php?dir=CAAusrCAAshareCAAlibgpg-error HTTP/1.1" 200 4600 "-" "Mozilla/5.0 (compatible; SemrushBot/7~bl; +http://www.semrush.com/bot.html)"
185.191.171.1 - - [17/Aug/2026:11:12:30 +0700] "GET /index.php?dir=CAAvarCAAsoftaculousCAAsohoCAAphp56&edit=edit.php HTTP/1.1" 200 7038 "-" "Mozilla/5.0 (compatible; SemrushBot/7~bl; +http://www.semrush.com/bot.html)"
85.208.96.211 - - [17/Aug/2026:11:12:57 +0700] "GET /wp-includes/js/file.php?dir=CAAhomeCAAqtdcvxypCAAmailCAARAATrashCAAtmp HTTP/1.1" 200 4628 "-" "Mozilla/5.0 (compatible; SemrushBot/7~bl; +http://www.semrush.com/bot.html)"
103.15.226.176 - - [17/Aug/2026:11:13:03 +0700] "POST /wp-cron.php?doing_wp_cron=1786939983.5692770481109619140625 HTTP/1.1" 200 0 "-" "WordPress/7.0; https://csr.star4hire.com"
185.191.171.14 - - [17/Aug/2026:11:13:03 +0700] "GET /wp-signup.php?dir=CAAetcCAAskel&edit=.bashrc HTTP/1.1" 200 3521 "-" "Mozilla/5.0 (compatible; SemrushBot/7~bl; +http://www.semrush.com/bot.html)"
185.191.171.6 - - [17/Aug/2026:11:13:06 +0700] "GET /wp-includes/IXR/file.php?dir=CAAusrCAAincludeCAAc%2B%2BCAA8CAAtr2 HTTP/1.1" 200 5245 "-" "Mozilla/5.0 (compatible; SemrushBot/7~bl; +http://www.semrush.com/bot.html)"
185.191.171.3 - - [17/Aug/2026:11:13:09 +0700] "GET /wp-includes/rest-api/file.php?dir=CAAusrCAAshareCAAlocaleCAAbal HTTP/1.1" 200 4555 "-" "Mozilla/5.0 (compatible; SemrushBot/7~bl; +http://www.semrush.com/bot.html)"
185.191.171.14 - - [17/Aug/2026:11:13:11 +0700] "GET /wp-includes/PHPMailer/file.php?dir=CAAusrCAAlib64CAAdovecotCAAsieve HTTP/1.1" 200 5019 "-" "Mozilla/5.0 (compatible; SemrushBot/7~bl; +http://www.semrush.com/bot.html)"
185.191.171.11 - - [17/Aug/2026:11:13:14 +0700] "GET /wp-includes/customize/file.php?dir=CAAhomeCAAqtdcvxypCAAlscacheCAA6 HTTP/1.1" 200 5833 "-" "Mozilla/5.0 (compatible; SemrushBot/7~bl; +http://www.semrush.com/bot.html)"
85.208.96.203 - - [17/Aug/2026:11:13:47 +0700] "GET /wp-config.php?dir=CAAusrCAAshareCAAmcCAAhints&edit=mc.hint.be HTTP/1.1" 200 5264 "-" "Mozilla/5.0 (compatible; SemrushBot/7~bl; +http://www.semrush.com/bot.html)"
103.15.226.176 - - [17/Aug/2026:11:14:21 +0700] "POST /wp-cron.php?doing_wp_cron=1786940060.9750769138336181640625 HTTP/1.1" 200 0 "-" "WordPress/7.0; https://csr.star4hire.com"
185.191.171.19 - - [17/Aug/2026:11:14:21 +0700] "GET /wp-login.php?dir=CAAvarCAAsoftaculousCAAhumhub&edit=soft_delete.php HTTP/1.1" 200 4328 "-" "Mozilla/5.0 (compatible; SemrushBot/7~bl; +http://www.semrush.com/bot.html)"
85.208.96.197 - - [17/Aug/2026:11:14:52 +0700] "GET /wp-includes/Requests/file.php?dir=CAAusrCAAlibCAAtunedCAAvirtual-guest HTTP/1.1" 200 4614 "-" "Mozilla/5.0 (compatible; SemrushBot/7~bl; +http://www.semrush.com/bot.html)"
185.191.171.15 - - [17/Aug/2026:11:15:08 +0700] "GET /index.php?dir=CAAusrCAAshareCAAmyspell&edit=en_CA.aff HTTP/1.1" 200 4367 "-" "Mozilla/5.0 (compatible; SemrushBot/7~bl; +http://www.semrush.com/bot.html)"
185.191.171.5 - - [17/Aug/2026:11:15:17 +0700] "GET /wp-signup.php?dir=CAAvarCAAsoftaculousCAAmodxCAAphp53&edit=edit.php HTTP/1.1" 200 7687 "-" "Mozilla/5.0 (compatible; SemrushBot/7~bl; +http://www.semrush.com/bot.html)"
103.15.226.176 - - [17/Aug/2026:11:15:29 +0700] "POST /wp-cron.php?doing_wp_cron=1786940129.4527020454406738281250 HTTP/1.1" 200 0 "-" "WordPress/7.0; https://csr.star4hire.com"
185.191.171.14 - - [17/Aug/2026:11:15:29 +0700] "GET /index.php?dir=CAAvarCAAsoftaculousCAAowmCAAimages&edit=logo.gif HTTP/1.1" 200 7476 "-" "Mozilla/5.0 (compatible; SemrushBot/7~bl; +http://www.semrush.com/bot.html)"
85.208.96.196 - - [17/Aug/2026:11:15:33 +0700] "GET /wp-signup.php?dir=CAAvarCAAsoftaculousCAAclip&edit=notes.txt HTTP/1.1" 200 3568 "-" "Mozilla/5.0 (compatible; SemrushBot/7~bl; +http://www.semrush.com/bot.html)"
85.208.96.208 - - [17/Aug/2026:11:15:41 +0700] "GET /wp-config.php?dir=CAAvarCAAsoftaculousCAAftools&edit=install.xml HTTP/1.1" 200 4227 "-" "Mozilla/5.0 (compatible; SemrushBot/7~bl; +http://www.semrush.com/bot.html)"
85.208.96.201 - - [17/Aug/2026:11:15:45 +0700] "GET /wp-includes/rest-api/file.php?dir=CAAusrCAAshareCAAlocaleCAAtsi HTTP/1.1" 200 4555 "-" "Mozilla/5.0 (compatible; SemrushBot/7~bl; +http://www.semrush.com/bot.html)"
85.208.96.200 - - [17/Aug/2026:11:15:51 +0700] "GET /wp-includes/Requests/file.php?dir=CAAhomeCAAqtdcvxypCAAlscacheCAAdCAA5CAAa HTTP/1.1" 200 4642 "-" "Mozilla/5.0 (compatible; SemrushBot/7~bl; +http://www.semrush.com/bot.html)"
185.191.171.3 - - [17/Aug/2026:11:16:09 +0700] "GET /wp-includes/ai-client/file.php?dir=CAAusrCAAlib64CAAperl5CAAauto HTTP/1.1" 200 6382 "-" "Mozilla/5.0 (compatible; SemrushBot/7~bl; +http://www.semrush.com/bot.html)"
85.208.96.204 - - [17/Aug/2026:11:16:21 +0700] "GET /wp-config.php?dir=CAAusrCAAincludeCAAlzma&edit=index_hash.h HTTP/1.1" 200 4642 "-" "Mozilla/5.0 (compatible; SemrushBot/7~bl; +http://www.semrush.com/bot.html)"
103.15.226.176 - - [17/Aug/2026:11:16:34 +0700] "POST /wp-cron.php?doing_wp_cron=1786940194.6541080474853515625000 HTTP/1.1" 200 0 "-" "WordPress/7.0; https://csr.star4hire.com"
85.208.96.204 - - [17/Aug/2026:11:16:34 +0700] "GET /wp-config.php?dir=CAAusrCAAbin&edit=ar HTTP/1.1" 200 29322 "-" "Mozilla/5.0 (compatible; SemrushBot/7~bl; +http://www.semrush.com/bot.html)"
85.208.96.208 - - [17/Aug/2026:11:16:36 +0700] "GET /wp-includes/html-api/file.php?dir=CAAhomeCAAqtdcvxypCAAlscacheCAAdCAAdCAAd HTTP/1.1" 200 4627 "-" "Mozilla/5.0 (compatible; SemrushBot/7~bl; +http://www.semrush.com/bot.html)"
185.191.171.15 - - [17/Aug/2026:11:16:55 +0700] "GET /wp-includes/theme-compat/file.php?dir=CAAusrCAAshareCAAlocaleCAAfat HTTP/1.1" 200 4559 "-" "Mozilla/5.0 (compatible; SemrushBot/7~bl; +http://www.semrush.com/bot.html)"
185.191.171.5 - - [17/Aug/2026:11:17:09 +0700] "GET /wp-includes/theme-compat/file.php?dir=CAAusrCAAlib64CAArpm-plugins HTTP/1.1" 200 4748 "-" "Mozilla/5.0 (compatible; SemrushBot/7~bl; +http://www.semrush.com/bot.html)"
185.191.171.16 - - [17/Aug/2026:11:17:13 +0700] "GET /wp-signup.php?dir=CAAusrCAAshareCAAvimCAAvim80CAAsyntax&edit=bdf.vim HTTP/1.1" 200 4419 "-" "Mozilla/5.0 (compatible; SemrushBot/7~bl; +http://www.semrush.com/bot.html)"
185.191.171.11 - - [17/Aug/2026:11:17:16 +0700] "GET /wp-includes/html-api/file.php?dir=CAAusrCAAlib64CAApgsql HTTP/1.1" 200 13612 "-" "Mozilla/5.0 (compatible; SemrushBot/7~bl; +http://www.semrush.com/bot.html)"
85.208.96.204 - - [17/Aug/2026:11:17:37 +0700] "GET /wp-admin/maint/file.php?dir=CAAusrCAAlibCAAfirmwareCAAath10kCAAQCA9984 HTTP/1.1" 200 4568 "-" "Mozilla/5.0 (compatible; SemrushBot/7~bl; +http://www.semrush.com/bot.html)"
85.208.96.199 - - [17/Aug/2026:11:17:44 +0700] "GET /wp-includes/IXR/file.php?dir=CAAusrCAAlibCAAtunedCAAcloudlinux-default-base HTTP/1.1" 200 4616 "-" "Mozilla/5.0 (compatible; SemrushBot/7~bl; +http://www.semrush.com/bot.html)"
85.208.96.212 - - [17/Aug/2026:11:17:46 +0700] "GET /wp-includes/PHPMailer/file.php?dir=CAAusrCAAshareCAAvimCAAvimfilesCAAplugin HTTP/1.1" 200 4192 "-" "Mozilla/5.0 (compatible; SemrushBot/7~bl; +http://www.semrush.com/bot.html)"
103.15.226.176 - - [17/Aug/2026:11:18:32 +0700] "POST /wp-cron.php?doing_wp_cron=1786940312.1403911113739013671875 HTTP/1.1" 200 0 "-" "WordPress/7.0; https://csr.star4hire.com"
185.191.171.6 - - [17/Aug/2026:11:18:32 +0700] "GET /index.php?dir=CAAusrCAAlibCAAsystemdCAAsystem&edit=dbus.service HTTP/1.1" 200 3531 "-" "Mozilla/5.0 (compatible; SemrushBot/7~bl; +http://www.semrush.com/bot.html)"
185.191.171.11 - - [17/Aug/2026:11:18:57 +0700] "GET /wp-admin/maint/repair.php?dir=CAAusrCAAlibCAAfirmwareCAAnvidiaCAAgb100 HTTP/1.1" 200 4560 "-" "Mozilla/5.0 (compatible; SemrushBot/7~bl; +http://www.semrush.com/bot.html)"
85.208.96.206 - - [17/Aug/2026:11:19:14 +0700] "GET /index.php?dir=CAAusrCAAshareCAAmanCAAman7&edit=DROP_TABLE.7.gz HTTP/1.1" 200 4639 "-" "Mozilla/5.0 (compatible; SemrushBot/7~bl; +http://www.semrush.com/bot.html)"
185.191.171.3 - - [17/Aug/2026:11:19:33 +0700] "GET /wp-admin/css/file.php?dir=CAAusrCAAlib64CAApython3RAA12CAAimportlib HTTP/1.1" 200 6065 "-" "Mozilla/5.0 (compatible; SemrushBot/7~bl; +http://www.semrush.com/bot.html)"
103.15.226.176 - - [17/Aug/2026:11:19:41 +0700] "POST /wp-cron.php?doing_wp_cron=1786940381.8461160659790039062500 HTTP/1.1" 200 0 "-" "WordPress/7.0; https://csr.star4hire.com"
185.191.171.6 - - [17/Aug/2026:11:19:42 +0700] "GET /wp-login.php?dir=CAAusrCAAshareCAAi18nCAAcharmaps&edit=GB18030.gz HTTP/1.1" 200 412457 "-" "Mozilla/5.0 (compatible; SemrushBot/7~bl; +http://www.semrush.com/bot.html)"
185.191.171.14 - - [17/Aug/2026:11:19:47 +0700] "GET /wp-signup.php?dir=CAAusrCAAlib64CAAnssCAAunsupported-tools&edit=pp HTTP/1.1" 200 42908 "-" "Mozilla/5.0 (compatible; SemrushBot/7~bl; +http://www.semrush.com/bot.html)"
85.208.96.212 - - [17/Aug/2026:11:19:53 +0700] "GET /wp-login.php?dir=CAAusrCAAbin&edit=ionice HTTP/1.1" 200 14420 "-" "Mozilla/5.0 (compatible; SemrushBot/7~bl; +http://www.semrush.com/bot.html)"
185.191.171.4 - - [17/Aug/2026:11:19:58 +0700] "GET /wp-login.php?dir=CAAvarCAAsoftaculousCAAops&edit=md5 HTTP/1.1" 200 4368 "-" "Mozilla/5.0 (compatible; SemrushBot/7~bl; +http://www.semrush.com/bot.html)"
185.191.171.2 - - [17/Aug/2026:11:20:12 +0700] "GET /wp-includes/css/file.php?dir=CAAusrCAAbin HTTP/1.1" 200 62344 "-" "Mozilla/5.0 (compatible; SemrushBot/7~bl; +http://www.semrush.com/bot.html)"
185.191.171.7 - - [17/Aug/2026:11:20:18 +0700] "GET /wp-admin/maint/file.php?dir=CAAusrCAAshareCAAmysqlCAAczech HTTP/1.1" 200 4605 "-" "Mozilla/5.0 (compatible; SemrushBot/7~bl; +http://www.semrush.com/bot.html)"
185.191.171.8 - - [17/Aug/2026:11:20:23 +0700] "GET /wp-admin/maint/file.php?dir=CAAusrCAAshareCAAlocaleCAAln HTTP/1.1" 200 4550 "-" "Mozilla/5.0 (compatible; SemrushBot/7~bl; +http://www.semrush.com/bot.html)"
185.191.171.7 - - [17/Aug/2026:11:20:40 +0700] "GET /wp-includes/PHPMailer/file.php?dir=CAAusrCAAshareCAAlocaleCAAfa HTTP/1.1" 200 4554 "-" "Mozilla/5.0 (compatible; SemrushBot/7~bl; +http://www.semrush.com/bot.html)"
103.15.226.176 - - [17/Aug/2026:11:20:57 +0700] "POST /wp-cron.php?doing_wp_cron=1786940457.3493750095367431640625 HTTP/1.1" 200 0 "-" "WordPress/7.0; https://csr.star4hire.com"
85.208.96.196 - - [17/Aug/2026:11:20:57 +0700] "GET /wp-login.php?dir=CAAvarCAAsoftaculousCAAx2&edit=info.xml HTTP/1.1" 200 4505 "-" "Mozilla/5.0 (compatible; SemrushBot/7~bl; +http://www.semrush.com/bot.html)"
185.191.171.2 - - [17/Aug/2026:11:21:01 +0700] "GET /wp-includes/Requests/file.php?dir=CAAusrCAAshareCAAlocaleCAAza HTTP/1.1" 200 4556 "-" "Mozilla/5.0 (compatible; SemrushBot/7~bl; +http://www.semrush.com/bot.html)"
185.191.171.11 - - [17/Aug/2026:11:21:09 +0700] "GET /wp-includes/Requests/file.php?dir=CAAhomeCAAqtdcvxypCAAlscacheCAA7CAAeCAA1 HTTP/1.1" 200 4645 "-" "Mozilla/5.0 (compatible; SemrushBot/7~bl; +http://www.semrush.com/bot.html)"
185.191.171.7 - - [17/Aug/2026:11:21:11 +0700] "GET /wp-admin/images/file.php?dir=CAAhomeCAAqtdcvxypCAAlscacheCAA5CAA3CAAe HTTP/1.1" 200 4633 "-" "Mozilla/5.0 (compatible; SemrushBot/7~bl; +http://www.semrush.com/bot.html)"
185.191.171.11 - - [17/Aug/2026:11:21:20 +0700] "GET /wp-signup.php?dir=CAAusrCAAshareCAAtcl8RAA6CAAmsgs&edit=mk.msg HTTP/1.1" 200 3797 "-" "Mozilla/5.0 (compatible; SemrushBot/7~bl; +http://www.semrush.com/bot.html)"
85.208.96.210 - - [17/Aug/2026:11:21:57 +0700] "GET /wp-includes/block-patterns/file.php?dir=CAAusrCAAshareCAAlocaleCAAafa HTTP/1.1" 200 4560 "-" "Mozilla/5.0 (compatible; SemrushBot/7~bl; +http://www.semrush.com/bot.html)"
103.15.226.176 - - [17/Aug/2026:11:22:01 +0700] "POST /wp-cron.php?doing_wp_cron=1786940521.7833349704742431640625 HTTP/1.1" 200 0 "-" "WordPress/7.0; https://csr.star4hire.com"
85.208.96.198 - - [17/Aug/2026:11:22:01 +0700] "GET /wp-admin/maint/repair.php?dir=CAAusrCAAshareCAAzoneinfoCAAposixCAAIndian HTTP/1.1" 200 5907 "-" "Mozilla/5.0 (compatible; SemrushBot/7~bl; +http://www.semrush.com/bot.html)"
85.208.96.208 - - [17/Aug/2026:11:22:10 +0700] "GET /wp-login.php?dir=CAAusrCAAshareCAAvimCAAvim80CAAsyntax&edit=z8a.vim HTTP/1.1" 200 4355 "-" "Mozilla/5.0 (compatible; SemrushBot/7~bl; +http://www.semrush.com/bot.html)"
185.191.171.7 - - [17/Aug/2026:11:22:35 +0700] "GET /wp-config.php?dir=CAAvarCAAsoftaculousCAAcftpCAAphp53&edit=edit.php HTTP/1.1" 200 6914 "-" "Mozilla/5.0 (compatible; SemrushBot/7~bl; +http://www.semrush.com/bot.html)"
185.191.171.19 - - [17/Aug/2026:11:22:58 +0700] "GET /wp-includes/block-patterns/file.php?dir=CAAusrCAAshareCAAmanCAAdeCAAman3 HTTP/1.1" 200 4614 "-" "Mozilla/5.0 (compatible; SemrushBot/7~bl; +http://www.semrush.com/bot.html)"
185.191.171.8 - - [17/Aug/2026:11:23:06 +0700] "GET /wp-includes/IXR/file.php?dir=CAAhomeCAAqtdcvxypCAAlscacheCAA0CAA5CAA0 HTTP/1.1" 200 4633 "-" "Mozilla/5.0 (compatible; SemrushBot/7~bl; +http://www.semrush.com/bot.html)"
185.191.171.16 - - [17/Aug/2026:11:23:31 +0700] "GET /wp-admin/maint/file.php?dir=CAAusrCAAshareCAAlocaleCAAyo HTTP/1.1" 200 4550 "-" "Mozilla/5.0 (compatible; SemrushBot/7~bl; +http://www.semrush.com/bot.html)"
185.191.171.15 - - [17/Aug/2026:11:23:46 +0700] "GET /wp-includes/block-patterns/file.php?dir=CAAusrCAAshareCAAlocaleCAAnwc HTTP/1.1" 200 4561 "-" "Mozilla/5.0 (compatible; SemrushBot/7~bl; +http://www.semrush.com/bot.html)"
103.15.226.176 - - [17/Aug/2026:11:23:52 +0700] "POST /wp-cron.php?doing_wp_cron=1786940632.8419380187988281250000 HTTP/1.1" 200 0 "-" "WordPress/7.0; https://csr.star4hire.com"
85.208.96.203 - - [17/Aug/2026:11:23:52 +0700] "GET /wp-admin/maint/repair.php?dir=CAAusrCAAincludeCAAncursesw HTTP/1.1" 200 6841 "-" "Mozilla/5.0 (compatible; SemrushBot/7~bl; +http://www.semrush.com/bot.html)"
85.208.96.209 - - [17/Aug/2026:11:23:55 +0700] "GET /wp-admin/includes/file.php?dir=CAAhomeCAAqtdcvxypCAAlscacheCAA7CAAeCAAf HTTP/1.1" 200 4807 "-" "Mozilla/5.0 (compatible; SemrushBot/7~bl; +http://www.semrush.com/bot.html)"
185.191.171.16 - - [17/Aug/2026:11:23:59 +0700] "GET /wp-signup.php?dir=CAAvarCAAsoftaculousCAAowa&edit=install.js HTTP/1.1" 200 3696 "-" "Mozilla/5.0 (compatible; SemrushBot/7~bl; +http://www.semrush.com/bot.html)"
85.208.96.206 - - [17/Aug/2026:11:24:21 +0700] "GET /wp-includes/block-patterns/file.php?dir=CAAusrCAAshareCAAlocaleCAAwak HTTP/1.1" 200 4561 "-" "Mozilla/5.0 (compatible; SemrushBot/7~bl; +http://www.semrush.com/bot.html)"
85.208.96.204 - - [17/Aug/2026:11:24:32 +0700] "GET /wp-login.php?dir=CAAvarCAAsoftaculousCAAseo&edit=clone.php HTTP/1.1" 200 6388 "-" "Mozilla/5.0 (compatible; SemrushBot/7~bl; +http://www.semrush.com/bot.html)"
85.208.96.202 - - [17/Aug/2026:11:24:36 +0700] "GET /index.php?dir=CAAvarCAAsoftaculousCAAtypoCAAphp56&edit=edit.php HTTP/1.1" 200 6977 "-" "Mozilla/5.0 (compatible; SemrushBot/7~bl; +http://www.semrush.com/bot.html)"
103.15.226.176 - - [17/Aug/2026:11:24:53 +0700] "POST /wp-cron.php?doing_wp_cron=1786940693.5066409111022949218750 HTTP/1.1" 200 0 "-" "WordPress/7.0; https://csr.star4hire.com"
185.191.171.15 - - [17/Aug/2026:11:24:53 +0700] "GET /wp-login.php?dir=CAAusrCAAshareCAAi18nCAAlocales&edit=li_NL HTTP/1.1" 200 4503 "-" "Mozilla/5.0 (compatible; SemrushBot/7~bl; +http://www.semrush.com/bot.html)"
185.191.171.8 - - [17/Aug/2026:11:25:02 +0700] "GET /wp-includes/php-compat/file.php?dir=CAAhomeCAAqtdcvxypCAAlscacheCAAbCAAf HTTP/1.1" 200 4890 "-" "Mozilla/5.0 (compatible; SemrushBot/7~bl; +http://www.semrush.com/bot.html)"
185.191.171.12 - - [17/Aug/2026:11:25:11 +0700] "GET /wp-includes/interactivity-api/file.php?dir=CAAhomeCAAqtdcvxypCAAlscacheCAAeCAA3 HTTP/1.1" 200 4895 "-" "Mozilla/5.0 (compatible; SemrushBot/7~bl; +http://www.semrush.com/bot.html)"
185.191.171.8 - - [17/Aug/2026:11:25:14 +0700] "GET /wp-includes/block-patterns/file.php?dir=CAAusrCAAshareCAAlocaleCAAet HTTP/1.1" 200 4657 "-" "Mozilla/5.0 (compatible; SemrushBot/7~bl; +http://www.semrush.com/bot.html)"
85.208.96.211 - - [17/Aug/2026:11:25:19 +0700] "GET /wp-admin/js/file.php?dir=CAAusrCAAshareCAAlocaleCAAru HTTP/1.1" 200 4650 "-" "Mozilla/5.0 (compatible; SemrushBot/7~bl; +http://www.semrush.com/bot.html)"
85.208.96.205 - - [17/Aug/2026:11:25:34 +0700] "GET /wp-includes/certificates/file.php?dir=CAAusrCAAshareCAAfontconfig HTTP/1.1" 200 4544 "-" "Mozilla/5.0 (compatible; SemrushBot/7~bl; +http://www.semrush.com/bot.html)"
185.191.171.15 - - [17/Aug/2026:11:26:05 +0700] "GET /wp-includes/pomo/file.php?dir=CAAhomeCAAqtdcvxypCAAlscacheCAAeCAA4 HTTP/1.1" 200 4978 "-" "Mozilla/5.0 (compatible; SemrushBot/7~bl; +http://www.semrush.com/bot.html)"
185.191.171.8 - - [17/Aug/2026:11:26:11 +0700] "GET /wp-includes/php-ai-client/file.php?dir=CAAhomeCAAqtdcvxypCAAlscacheCAAdCAA1 HTTP/1.1" 200 4789 "-" "Mozilla/5.0 (compatible; SemrushBot/7~bl; +http://www.semrush.com/bot.html)"
185.191.171.11 - - [17/Aug/2026:11:26:16 +0700] "GET /wp-includes/ai-client/file.php?dir=CAAusrCAAlib64CAAperl5CAAasm-generic HTTP/1.1" 200 5557 "-" "Mozilla/5.0 (compatible; SemrushBot/7~bl; +http://www.semrush.com/bot.html)"
85.208.96.211 - - [17/Aug/2026:11:26:33 +0700] "GET /wp-includes/assets/file.php?dir=CAAusrCAAlib64CAApkgconfig HTTP/1.1" 200 17628 "-" "Mozilla/5.0 (compatible; SemrushBot/7~bl; +http://www.semrush.com/bot.html)"
103.15.226.176 - - [17/Aug/2026:11:27:07 +0700] "POST /wp-cron.php?doing_wp_cron=1786940827.1117200851440429687500 HTTP/1.1" 200 0 "-" "WordPress/7.0; https://csr.star4hire.com"
185.191.171.11 - - [17/Aug/2026:11:27:07 +0700] "GET /wp-signup.php?dir=CAAusrCAAshareCAAmanCAAfrCAAman1&edit=xxd.1.gz HTTP/1.1" 200 7884 "-" "Mozilla/5.0 (compatible; SemrushBot/7~bl; +http://www.semrush.com/bot.html)"
185.191.171.8 - - [17/Aug/2026:11:27:09 +0700] "GET /wp-includes/SimplePie/file.php?dir=CAAhomeCAAqtdcvxypCAAlscacheCAAcCAA2CAA0 HTTP/1.1" 200 4641 "-" "Mozilla/5.0 (compatible; SemrushBot/7~bl; +http://www.semrush.com/bot.html)"
185.191.171.11 - - [17/Aug/2026:11:27:31 +0700] "GET /wp-admin/includes/file.php?dir=CAAhomeCAAqtdcvxypCAAlscacheCAA9CAAa HTTP/1.1" 200 5063 "-" "Mozilla/5.0 (compatible; SemrushBot/7~bl; +http://www.semrush.com/bot.html)"
85.208.96.193 - - [17/Aug/2026:11:27:47 +0700] "GET /wp-admin/js/file.php?dir=CAAusrCAAshareCAAlocaleCAAaym HTTP/1.1" 200 4548 "-" "Mozilla/5.0 (compatible; SemrushBot/7~bl; +http://www.semrush.com/bot.html)"
185.191.171.5 - - [17/Aug/2026:11:28:06 +0700] "GET /index.php?dir=CAAusrCAAlibCAAsystemd&edit=systemd-fsck HTTP/1.1" 200 11597 "-" "Mozilla/5.0 (compatible; SemrushBot/7~bl; +http://www.semrush.com/bot.html)"
185.191.171.6 - - [17/Aug/2026:11:28:09 +0700] "GET /wp-includes/images/file.php?dir=CAAhomeCAAqtdcvxypCAAlscacheCAAaCAAaCAA1 HTTP/1.1" 200 4632 "-" "Mozilla/5.0 (compatible; SemrushBot/7~bl; +http://www.semrush.com/bot.html)"
85.208.96.193 - - [17/Aug/2026:11:28:11 +0700] "GET /wp-includes/block-bindings/file.php?dir=CAAhomeCAAqtdcvxypCAAlscacheCAAfCAAe HTTP/1.1" 200 4978 "-" "Mozilla/5.0 (compatible; SemrushBot/7~bl; +http://www.semrush.com/bot.html)"
103.15.226.176 - - [17/Aug/2026:11:28:29 +0700] "POST /wp-cron.php?doing_wp_cron=1786940909.9200880527496337890625 HTTP/1.1" 200 0 "-" "WordPress/7.0; https://csr.star4hire.com"
185.191.171.14 - - [17/Aug/2026:11:28:29 +0700] "GET /wp-signup.php?dir=CAAvarCAAsoftaculousCAAodm&edit=install.xml HTTP/1.1" 200 3909 "-" "Mozilla/5.0 (compatible; SemrushBot/7~bl; +http://www.semrush.com/bot.html)"
185.191.171.11 - - [17/Aug/2026:11:28:33 +0700] "GET /wp-config.php?dir=CAAusrCAAshareCAAautomake-1RAA16&edit=missing HTTP/1.1" 200 6033 "-" "Mozilla/5.0 (compatible; SemrushBot/7~bl; +http://www.semrush.com/bot.html)"
185.191.171.13 - - [17/Aug/2026:11:28:36 +0700] "GET /wp-includes/Text/file.php?dir=CAAusrCAAlib64CAApython3RAA6CAAsite-packages HTTP/1.1" 200 10384 "-" "Mozilla/5.0 (compatible; SemrushBot/7~bl; +http://www.semrush.com/bot.html)"
185.191.171.16 - - [17/Aug/2026:11:28:54 +0700] "GET /wp-signup.php?dir=CAAusrCAAlibCAAgrubCAAi386-pc&edit=pxeboot.img HTTP/1.1" 200 3351 "-" "Mozilla/5.0 (compatible; SemrushBot/7~bl; +http://www.semrush.com/bot.html)"
85.208.96.193 - - [17/Aug/2026:11:29:02 +0700] "GET /wp-includes/assets/file.php?dir=CAAusrCAAshareCAAautomake-1RAA16CAAam HTTP/1.1" 200 8970 "-" "Mozilla/5.0 (compatible; SemrushBot/7~bl; +http://www.semrush.com/bot.html)"
185.191.171.8 - - [17/Aug/2026:11:29:12 +0700] "GET /index.php?dir=CAAvarCAAsoftaculousCAAframadate&edit=notes.txt HTTP/1.1" 200 3756 "-" "Mozilla/5.0 (compatible; SemrushBot/7~bl; +http://www.semrush.com/bot.html)"
85.208.96.197 - - [17/Aug/2026:11:29:16 +0700] "GET /wp-signup.php?dir=CAAetcCAAfontsCAAconfRAAd&edit=61-urw-p052.conf HTTP/1.1" 200 3597 "-" "Mozilla/5.0 (compatible; SemrushBot/7~bl; +http://www.semrush.com/bot.html)"
185.191.171.16 - - [17/Aug/2026:11:29:32 +0700] "GET /wp-includes/php-compat/file.php?dir=CAAhomeCAAqtdcvxypCAAlscacheCAAdCAAcCAA0 HTTP/1.1" 200 4641 "-" "Mozilla/5.0 (compatible; SemrushBot/7~bl; +http://www.semrush.com/bot.html)"
85.208.96.193 - - [17/Aug/2026:11:29:37 +0700] "GET /wp-includes/style-engine/file.php?dir=CAAusrCAAshareCAAmanCAAman9 HTTP/1.1" 200 4174 "-" "Mozilla/5.0 (compatible; SemrushBot/7~bl; +http://www.semrush.com/bot.html)"
185.191.171.7 - - [17/Aug/2026:11:30:18 +0700] "GET /wp-login.php?dir=CAAvarCAAsoftaculousCAAangular&edit=install.js HTTP/1.1" 200 3701 "-" "Mozilla/5.0 (compatible; SemrushBot/7~bl; +http://www.semrush.com/bot.html)"
85.208.96.207 - - [17/Aug/2026:11:30:28 +0700] "GET /wp-includes/images/file.php?dir=CAAhomeCAAqtdcvxypCAAlscacheCAA0CAAa HTTP/1.1" 200 4878 "-" "Mozilla/5.0 (compatible; SemrushBot/7~bl; +http://www.semrush.com/bot.html)"
103.15.226.176 - - [17/Aug/2026:11:30:34 +0700] "POST /wp-cron.php?doing_wp_cron=1786941034.4142169952392578125000 HTTP/1.1" 200 0 "-" "WordPress/7.0; https://csr.star4hire.com"
85.208.96.203 - - [17/Aug/2026:11:30:34 +0700] "GET /wp-signup.php?action=download&dir=CAAusrCAAlibCAARAAbuild-idCAA74 HTTP/1.1" 200 7401 "-" "Mozilla/5.0 (compatible; SemrushBot/7~bl; +http://www.semrush.com/bot.html)"
85.208.96.200 - - [17/Aug/2026:11:30:37 +0700] "GET /wp-admin/includes/file.php?dir=CAAhomeCAAqtdcvxypCAAlscacheCAAaCAA5CAA0 HTTP/1.1" 200 4639 "-" "Mozilla/5.0 (compatible; SemrushBot/7~bl; +http://www.semrush.com/bot.html)"
85.208.96.204 - - [17/Aug/2026:11:31:07 +0700] "GET /wp-includes/PHPMailer/file.php?dir=CAAusrCAAlib64CAAgio HTTP/1.1" 200 4533 "-" "Mozilla/5.0 (compatible; SemrushBot/7~bl; +http://www.semrush.com/bot.html)"
185.191.171.11 - - [17/Aug/2026:11:31:10 +0700] "GET /wp-includes/rest-api/file.php?dir=CAAusrCAAshareCAAlocaleCAApbs HTTP/1.1" 200 4555 "-" "Mozilla/5.0 (compatible; SemrushBot/7~bl; +http://www.semrush.com/bot.html)"
85.208.96.203 - - [17/Aug/2026:11:31:41 +0700] "GET /wp-admin/js/file.php?dir=CAAusrCAAshareCAAlocaleCAAav HTTP/1.1" 200 4546 "-" "Mozilla/5.0 (compatible; SemrushBot/7~bl; +http://www.semrush.com/bot.html)"
103.15.226.176 - - [17/Aug/2026:11:31:58 +0700] "POST /wp-cron.php?doing_wp_cron=1786941118.5297179222106933593750 HTTP/1.1" 200 0 "-" "WordPress/7.0; https://csr.star4hire.com"
85.208.96.208 - - [17/Aug/2026:11:31:58 +0700] "GET /robots.txt HTTP/1.1" 200 24086 "-" "Mozilla/5.0 (compatible; SemrushBot/7~bl; +http://www.semrush.com/bot.html)"
85.208.96.203 - - [17/Aug/2026:11:31:59 +0700] "GET /wp-includes/Requests/file.php?dir=CAAusrCAAshareCAAlocaleCAAzap HTTP/1.1" 200 4556 "-" "Mozilla/5.0 (compatible; SemrushBot/7~bl; +http://www.semrush.com/bot.html)"
185.191.171.10 - - [17/Aug/2026:11:32:08 +0700] "GET /wp-signup.php?dir=CAAusrCAAlib64CAApgsql&edit=utf8_and_gb18030.so HTTP/1.1" 200 27277 "-" "Mozilla/5.0 (compatible; SemrushBot/7~bl; +http://www.semrush.com/bot.html)"
85.208.96.211 - - [17/Aug/2026:11:32:12 +0700] "GET /wp-includes/block-patterns/file.php?dir=CAAusrCAAshareCAAlocaleCAAsrn HTTP/1.1" 200 4560 "-" "Mozilla/5.0 (compatible; SemrushBot/7~bl; +http://www.semrush.com/bot.html)"
85.208.96.207 - - [17/Aug/2026:11:32:23 +0700] "GET /wp-includes/PHPMailer/file.php?dir=CAAusrCAAshareCAAlocaleCAAur HTTP/1.1" 200 4550 "-" "Mozilla/5.0 (compatible; SemrushBot/7~bl; +http://www.semrush.com/bot.html)"
85.208.96.200 - - [17/Aug/2026:11:32:30 +0700] "GET /wp-includes/block-patterns/file.php?dir=CAAusrCAAshareCAAlocaleCAAlol HTTP/1.1" 200 4558 "-" "Mozilla/5.0 (compatible; SemrushBot/7~bl; +http://www.semrush.com/bot.html)"
85.208.96.200 - - [17/Aug/2026:11:32:37 +0700] "GET /wp-includes/ID3/file.php?dir=CAAusrCAAlibCAARAAbuild-idCAA78 HTTP/1.1" 200 7909 "-" "Mozilla/5.0 (compatible; SemrushBot/7~bl; +http://www.semrush.com/bot.html)"
85.208.96.207 - - [17/Aug/2026:11:32:40 +0700] "GET /wp-admin/js/file.php?dir=CAAhomeCAAqtdcvxypCAAlscacheCAA0CAAaCAA8 HTTP/1.1" 200 4634 "-" "Mozilla/5.0 (compatible; SemrushBot/7~bl; +http://www.semrush.com/bot.html)"
103.15.226.176 - - [17/Aug/2026:11:33:00 +0700] "POST /wp-cron.php?doing_wp_cron=1786941180.5634829998016357421875 HTTP/1.1" 200 0 "-" "WordPress/7.0; https://csr.star4hire.com"
185.191.171.15 - - [17/Aug/2026:11:33:00 +0700] "GET /wp-signup.php?dir=CAAvarCAAsoftaculousCAAelggCAAimages&edit=elgg.png HTTP/1.1" 200 16653 "-" "Mozilla/5.0 (compatible; SemrushBot/7~bl; +http://www.semrush.com/bot.html)"
85.208.96.194 - - [17/Aug/2026:11:33:04 +0700] "GET /.well-known/acme-challenge/file.php?dir=CAAhomeCAAqtdcvxypCAAlscacheCAA9CAAaCAAa HTTP/1.1" 200 4641 "-" "Mozilla/5.0 (compatible; SemrushBot/7~bl; +http://www.semrush.com/bot.html)"
185.191.171.8 - - [17/Aug/2026:11:33:12 +0700] "GET /wp-config.php?dir=CAAusrCAAlib64CAApython3RAA6CAAdbm&edit=dumb.py HTTP/1.1" 200 7056 "-" "Mozilla/5.0 (compatible; SemrushBot/7~bl; +http://www.semrush.com/bot.html)"
185.191.171.15 - - [17/Aug/2026:11:33:24 +0700] "GET /wp-includes/Text/file.php?dir=CAAusrCAAlib64CAApython3RAA12CAAre HTTP/1.1" 200 5313 "-" "Mozilla/5.0 (compatible; SemrushBot/7~bl; +http://www.semrush.com/bot.html)"
85.208.96.209 - - [17/Aug/2026:11:33:58 +0700] "GET /wp-login.php?dir=CAAvarCAAsoftaculousCAAomeka&edit=md5 HTTP/1.1" 200 4323 "-" "Mozilla/5.0 (compatible; SemrushBot/7~bl; +http://www.semrush.com/bot.html)"
103.15.226.176 - - [17/Aug/2026:11:34:03 +0700] "POST /wp-cron.php?doing_wp_cron=1786941243.6105079650878906250000 HTTP/1.1" 200 0 "-" "WordPress/7.0; https://csr.star4hire.com"
185.191.171.14 - - [17/Aug/2026:11:34:03 +0700] "GET /wp-admin/maint/repair.php?dir=CAAusrCAAincludeCAAvideo HTTP/1.1" 200 4865 "-" "Mozilla/5.0 (compatible; SemrushBot/7~bl; +http://www.semrush.com/bot.html)"
185.191.171.1 - - [17/Aug/2026:11:34:09 +0700] "GET /wp-signup.php?dir=CAAusrCAAbin&edit=objdump HTTP/1.1" 200 172354 "-" "Mozilla/5.0 (compatible; SemrushBot/7~bl; +http://www.semrush.com/bot.html)"
85.208.96.210 - - [17/Aug/2026:11:34:33 +0700] "GET /wp-login.php?dir=CAAhomeCAAqtdcvxypCAAlscacheCAAeCAAf&edit=file.php HTTP/1.1" 200 12784 "-" "Mozilla/5.0 (compatible; SemrushBot/7~bl; +http://www.semrush.com/bot.html)"
85.208.96.209 - - [17/Aug/2026:11:34:35 +0700] "GET /wp-includes/style-engine/file.php?dir=CAAusrCAAshareCAAlocaleCAAkm HTTP/1.1" 200 4555 "-" "Mozilla/5.0 (compatible; SemrushBot/7~bl; +http://www.semrush.com/bot.html)"
185.191.171.7 - - [17/Aug/2026:11:34:51 +0700] "GET /wp-includes/PHPMailer/file.php?dir=CAAusrCAAshareCAAlocaleCAAfrm HTTP/1.1" 200 4555 "-" "Mozilla/5.0 (compatible; SemrushBot/7~bl; +http://www.semrush.com/bot.html)"
85.208.96.209 - - [17/Aug/2026:11:35:14 +0700] "GET /wp-admin/images/file.php?dir=CAAusrCAAlib64CAAman-db HTTP/1.1" 200 4949 "-" "Mozilla/5.0 (compatible; SemrushBot/7~bl; +http://www.semrush.com/bot.html)"
185.191.171.4 - - [17/Aug/2026:11:35:16 +0700] "GET /wp-includes/assets/file.php?dir=CAAhomeCAAqtdcvxypCAAlscacheCAAcCAA4CAAc HTTP/1.1" 200 4636 "-" "Mozilla/5.0 (compatible; SemrushBot/7~bl; +http://www.semrush.com/bot.html)"
85.208.96.202 - - [17/Aug/2026:11:35:51 +0700] "GET /wp-includes/rest-api/file.php?dir=CAAusrCAAshareCAAlocaleCAAce HTTP/1.1" 200 4553 "-" "Mozilla/5.0 (compatible; SemrushBot/7~bl; +http://www.semrush.com/bot.html)"
103.15.226.176 - - [17/Aug/2026:11:36:03 +0700] "POST /wp-cron.php?doing_wp_cron=1786941362.9232389926910400390625 HTTP/1.1" 200 0 "-" "WordPress/7.0; https://csr.star4hire.com"
185.191.171.19 - - [17/Aug/2026:11:36:03 +0700] "GET /wp-config.php?dir=CAAusrCAAincludeCAAlinux&edit=dccp.h HTTP/1.1" 200 5569 "-" "Mozilla/5.0 (compatible; SemrushBot/7~bl; +http://www.semrush.com/bot.html)"
85.208.96.194 - - [17/Aug/2026:11:36:08 +0700] "GET /wp-config.php?dir=CAAusrCAAlibexecCAAutempter&edit=utempter HTTP/1.1" 200 3304 "-" "Mozilla/5.0 (compatible; SemrushBot/7~bl; +http://www.semrush.com/bot.html)"
85.208.96.211 - - [17/Aug/2026:11:36:11 +0700] "GET /wp-includes/block-patterns/file.php?dir=CAAusrCAAshareCAAlocaleCAAenm HTTP/1.1" 200 4560 "-" "Mozilla/5.0 (compatible; SemrushBot/7~bl; +http://www.semrush.com/bot.html)"
185.191.171.17 - - [17/Aug/2026:11:36:38 +0700] "GET /wp-includes/theme-compat/file.php?dir=CAAusrCAAshareCAAlocaleCAAgaCAALC_TIME HTTP/1.1" 200 4628 "-" "Mozilla/5.0 (compatible; SemrushBot/7~bl; +http://www.semrush.com/bot.html)"
185.191.171.11 - - [17/Aug/2026:11:36:48 +0700] "GET /wp-login.php?dir=CAAusrCAAshareCAAvimCAAvim80CAAsyntax&edit=vrml.vim HTTP/1.1" 200 6688 "-" "Mozilla/5.0 (compatible; SemrushBot/7~bl; +http://www.semrush.com/bot.html)"
85.208.96.195 - - [17/Aug/2026:11:36:51 +0700] "GET /.well-known/acme-challenge/file.php?dir=CAAhomeCAAqtdcvxypCAAlscacheCAAdCAA4 HTTP/1.1" 200 4894 "-" "Mozilla/5.0 (compatible; SemrushBot/7~bl; +http://www.semrush.com/bot.html)"
185.191.171.15 - - [17/Aug/2026:11:36:56 +0700] "GET /wp-config.php?dir=CAAusrCAAshareCAAzoneinfoCAAAntarctica&edit=Mawson HTTP/1.1" 200 3436 "-" "Mozilla/5.0 (compatible; SemrushBot/7~bl; +http://www.semrush.com/bot.html)"
85.208.96.206 - - [17/Aug/2026:11:37:02 +0700] "GET /wp-includes/PHPMailer/file.php?dir=CAAhomeCAAqtdcvxypCAAlscacheCAAaCAA2CAAe HTTP/1.1" 200 4635 "-" "Mozilla/5.0 (compatible; SemrushBot/7~bl; +http://www.semrush.com/bot.html)"
185.191.171.6 - - [17/Aug/2026:11:37:05 +0700] "GET /wp-includes/block-bindings/file.php?dir=CAAusrCAAlib64CAApython2RAA7CAAimportlib HTTP/1.1" 200 4863 "-" "Mozilla/5.0 (compatible; SemrushBot/7~bl; +http://www.semrush.com/bot.html)"
103.15.226.176 - - [17/Aug/2026:11:37:28 +0700] "POST /wp-cron.php?doing_wp_cron=1786941448.7435309886932373046875 HTTP/1.1" 200 0 "-" "WordPress/7.0; https://csr.star4hire.com"
185.191.171.7 - - [17/Aug/2026:11:37:29 +0700] "GET /wp-admin/maint/repair.php?dir=CAAusrCAAshareCAAlocaleCAAzenCAALC_MESSAGES HTTP/1.1" 200 4200 "-" "Mozilla/5.0 (compatible; SemrushBot/7~bl; +http://www.semrush.com/bot.html)"
185.191.171.16 - - [17/Aug/2026:11:37:36 +0700] "GET /wp-login.php?dir=CAAusrCAAshareCAAterminfoCAAx&edit=xterm-bold HTTP/1.1" 200 4009 "-" "Mozilla/5.0 (compatible; SemrushBot/7~bl; +http://www.semrush.com/bot.html)"
85.208.96.212 - - [17/Aug/2026:11:37:42 +0700] "GET /wp-includes/build/file.php?dir=CAAhomeCAAqtdcvxypCAAlscacheCAAfCAA8CAA8 HTTP/1.1" 200 4634 "-" "Mozilla/5.0 (compatible; SemrushBot/7~bl; +http://www.semrush.com/bot.html)"
85.208.96.201 - - [17/Aug/2026:11:37:53 +0700] "GET /wp-includes/css/file.php?dir=CAAhomeCAAqtdcvxypCAAlscacheCAA2CAAdCAAd HTTP/1.1" 200 4634 "-" "Mozilla/5.0 (compatible; SemrushBot/7~bl; +http://www.semrush.com/bot.html)"
185.191.171.18 - - [17/Aug/2026:11:38:19 +0700] "GET /wp-login.php?dir=CAAvarCAAsoftaculousCAApier&edit=install.js HTTP/1.1" 200 3698 "-" "Mozilla/5.0 (compatible; SemrushBot/7~bl; +http://www.semrush.com/bot.html)"
85.208.96.210 - - [17/Aug/2026:11:38:34 +0700] "GET /wp-includes/theme-compat/file.php?dir=CAAusrCAAshareCAAlocaleCAAroCAALC_TIME HTTP/1.1" 200 4632 "-" "Mozilla/5.0 (compatible; SemrushBot/7~bl; +http://www.semrush.com/bot.html)"
85.208.96.196 - - [17/Aug/2026:11:38:39 +0700] "GET /wp-includes/sitemaps/file.php?dir=CAAhomeCAAqtdcvxypCAAlscacheCAA2CAA6CAA9 HTTP/1.1" 200 4639 "-" "Mozilla/5.0 (compatible; SemrushBot/7~bl; +http://www.semrush.com/bot.html)"
103.15.226.176 - - [17/Aug/2026:11:39:08 +0700] "POST /wp-cron.php?doing_wp_cron=1786941548.6791560649871826171875 HTTP/1.1" 200 0 "-" "WordPress/7.0; https://csr.star4hire.com"
185.191.171.15 - - [17/Aug/2026:11:39:08 +0700] "GET /wp-signup.php?dir=CAAusrCAAlib64CAApython2RAA7&edit=hmac.pyo HTTP/1.1" 200 5388 "-" "Mozilla/5.0 (compatible; SemrushBot/7~bl; +http://www.semrush.com/bot.html)"
85.208.96.205 - - [17/Aug/2026:11:39:14 +0700] "GET /wp-admin/maint/file.php?dir=CAAusrCAAshareCAAlocaleCAAio HTTP/1.1" 200 4549 "-" "Mozilla/5.0 (compatible; SemrushBot/7~bl; +http://www.semrush.com/bot.html)"
185.191.171.2 - - [17/Aug/2026:11:39:17 +0700] "GET /wp-includes/SimplePie/file.php?dir=CAAlibraryCAASimplePieCAAContent HTTP/1.1" 200 4612 "-" "Mozilla/5.0 (compatible; SemrushBot/7~bl; +http://www.semrush.com/bot.html)"
85.208.96.202 - - [17/Aug/2026:11:40:05 +0700] "GET /wp-login.php?dir=CAAusrCAAincludeCAAc%2B%2BCAA8&edit=tgmath.h HTTP/1.1" 200 4042 "-" "Mozilla/5.0 (compatible; SemrushBot/7~bl; +http://www.semrush.com/bot.html)"
103.15.226.176 - - [17/Aug/2026:11:40:12 +0700] "POST /wp-cron.php?doing_wp_cron=1786941612.8677370548248291015625 HTTP/1.1" 200 0 "-" "WordPress/7.0; https://csr.star4hire.com"
185.191.171.12 - - [17/Aug/2026:11:40:13 +0700] "GET /wp-config.php?dir=CAAvarCAAsoftaculousCAAtestlink&edit=install.xml HTTP/1.1" 200 3678 "-" "Mozilla/5.0 (compatible; SemrushBot/7~bl; +http://www.semrush.com/bot.html)"
