85.208.96.197 - - [16/Aug/2026:23:17:33 +0700] "GET /index.php?dir=CAAusrCAAlibCAArpmCAAredhat&edit=brp-ldconfig HTTP/1.1" 200 3494 "-" "Mozilla/5.0 (compatible; SemrushBot/7~bl; +http://www.semrush.com/bot.html)"
85.208.96.201 - - [16/Aug/2026:23:17:38 +0700] "GET /wp-admin/js/file.php?dir=CAAhomeCAAqtdcvxypCAAlscacheCAA6CAA9 HTTP/1.1" 200 4885 "-" "Mozilla/5.0 (compatible; SemrushBot/7~bl; +http://www.semrush.com/bot.html)"
85.208.96.209 - - [16/Aug/2026:23:17:44 +0700] "GET /wp-includes/rest-api/file.php?dir=CAAusrCAAlib64CAAgames HTTP/1.1" 200 4164 "-" "Mozilla/5.0 (compatible; SemrushBot/7~bl; +http://www.semrush.com/bot.html)"
85.208.96.204 - - [16/Aug/2026:23:17:47 +0700] "GET /wp-includes/interactivity-api/file.php?dir=CAAhomeCAAqtdcvxypCAAlscacheCAA0CAAa HTTP/1.1" 200 4886 "-" "Mozilla/5.0 (compatible; SemrushBot/7~bl; +http://www.semrush.com/bot.html)"
103.15.226.176 - - [16/Aug/2026:23:18:06 +0700] "POST /wp-cron.php?doing_wp_cron=1786897086.5381779670715332031250 HTTP/1.1" 200 0 "-" "WordPress/7.0; https://csr.star4hire.com"
85.208.96.204 - - [16/Aug/2026:23:18:06 +0700] "GET /wp-admin/maint/repair.php?dir=CAAusrCAAshareCAAlocaleCAAkaCAALC_MESSAGES HTTP/1.1" 200 7900 "-" "Mozilla/5.0 (compatible; SemrushBot/7~bl; +http://www.semrush.com/bot.html)"
185.191.171.19 - - [16/Aug/2026:23:18:36 +0700] "GET /wp-includes/style-engine/file.php?dir=CAAusrCAAshareCAAlocaleCAAfiuCAALC_MESSAGES HTTP/1.1" 200 4203 "-" "Mozilla/5.0 (compatible; SemrushBot/7~bl; +http://www.semrush.com/bot.html)"
185.191.171.5 - - [16/Aug/2026:23:18:41 +0700] "GET /wp-signup.php?dir=CAAvarCAAsoftaculousCAAelgg2&edit=changelog.txt HTTP/1.1" 200 3709 "-" "Mozilla/5.0 (compatible; SemrushBot/7~bl; +http://www.semrush.com/bot.html)"
185.191.171.2 - - [16/Aug/2026:23:18:45 +0700] "GET /index.php?dir=CAAusrCAAlib64CAAdovecot&edit=lib90_sieve_plugin.so HTTP/1.1" 200 13168 "-" "Mozilla/5.0 (compatible; SemrushBot/7~bl; +http://www.semrush.com/bot.html)"
103.15.226.176 - - [16/Aug/2026:23:19:10 +0700] "POST /wp-cron.php?doing_wp_cron=1786897150.2596650123596191406250 HTTP/1.1" 200 0 "-" "WordPress/7.0; https://csr.star4hire.com"
185.191.171.3 - - [16/Aug/2026:23:19:10 +0700] "GET /wp-config.php?dir=CAAusrCAAlib64CAApython2RAA7&edit=imghdr.pyc HTTP/1.1" 200 5232 "-" "Mozilla/5.0 (compatible; SemrushBot/7~bl; +http://www.semrush.com/bot.html)"
185.191.171.10 - - [16/Aug/2026:23:19:27 +0700] "GET /wp-login.php?dir=CAAvarCAAsoftaculousCAAe107&edit=import.php HTTP/1.1" 200 5627 "-" "Mozilla/5.0 (compatible; SemrushBot/7~bl; +http://www.semrush.com/bot.html)"
185.191.171.19 - - [16/Aug/2026:23:19:29 +0700] "GET /wp-includes/theme-compat/file.php?dir=CAAusrCAAshareCAAlocaleCAAiu HTTP/1.1" 200 4554 "-" "Mozilla/5.0 (compatible; SemrushBot/7~bl; +http://www.semrush.com/bot.html)"
85.208.96.209 - - [16/Aug/2026:23:19:35 +0700] "GET /wp-signup.php?dir=CAAusrCAAlib64CAApython2RAA7&edit=threading.pyc HTTP/1.1" 200 17274 "-" "Mozilla/5.0 (compatible; SemrushBot/7~bl; +http://www.semrush.com/bot.html)"
185.191.171.5 - - [16/Aug/2026:23:19:41 +0700] "GET /wp-includes/html-api/file.php?dir=CAAhomeCAAqtdcvxypCAAlscacheCAA1CAAb HTTP/1.1" 200 4981 "-" "Mozilla/5.0 (compatible; SemrushBot/7~bl; +http://www.semrush.com/bot.html)"
185.191.171.14 - - [16/Aug/2026:23:19:51 +0700] "GET /wp-includes/SimplePie/file.php?dir=CAAusrCAAlibCAARAAbuild-idCAA8b HTTP/1.1" 200 7895 "-" "Mozilla/5.0 (compatible; SemrushBot/7~bl; +http://www.semrush.com/bot.html)"
85.208.96.210 - - [16/Aug/2026:23:20:06 +0700] "GET /wp-includes/images/file.php?dir=CAAhomeCAAqtdcvxypCAAlscacheCAAcCAA2 HTTP/1.1" 200 4972 "-" "Mozilla/5.0 (compatible; SemrushBot/7~bl; +http://www.semrush.com/bot.html)"
103.15.226.176 - - [16/Aug/2026:23:20:11 +0700] "POST /wp-cron.php?doing_wp_cron=1786897211.6902730464935302734375 HTTP/1.1" 200 0 "-" "WordPress/7.0; https://csr.star4hire.com"
85.208.96.198 - - [16/Aug/2026:23:20:11 +0700] "GET /wp-config.php?action=download&dir=CAAusrCAAlibCAARAAbuild-idCAA5c HTTP/1.1" 200 7942 "-" "Mozilla/5.0 (compatible; SemrushBot/7~bl; +http://www.semrush.com/bot.html)"
185.191.171.16 - - [16/Aug/2026:23:20:15 +0700] "GET /index.php?dir=CAAvarCAAsoftaculousCAAblesta&edit=_blesta.php HTTP/1.1" 200 7329 "-" "Mozilla/5.0 (compatible; SemrushBot/7~bl; +http://www.semrush.com/bot.html)"
185.191.171.19 - - [16/Aug/2026:23:20:26 +0700] "GET /wp-config.php?dir=CAAvarCAAsoftaculousCAAspip&edit=install.xml HTTP/1.1" 200 4216 "-" "Mozilla/5.0 (compatible; SemrushBot/7~bl; +http://www.semrush.com/bot.html)"
185.191.171.8 - - [16/Aug/2026:23:20:34 +0700] "GET /wp-login.php?dir=CAAvarCAAsoftaculousCAAphpsch&edit=fileindex.php HTTP/1.1" 200 3466 "-" "Mozilla/5.0 (compatible; SemrushBot/7~bl; +http://www.semrush.com/bot.html)"
185.191.171.15 - - [16/Aug/2026:23:20:43 +0700] "GET /wp-includes/PHPMailer/file.php?dir=CAAusrCAAshareCAAvimCAAvimfilesCAAlang HTTP/1.1" 200 4190 "-" "Mozilla/5.0 (compatible; SemrushBot/7~bl; +http://www.semrush.com/bot.html)"
85.208.96.200 - - [16/Aug/2026:23:21:29 +0700] "GET /wp-includes/style-engine/file.php?dir=CAAusrCAAshareCAAzoneinfoCAAAmerica HTTP/1.1" 200 20700 "-" "Mozilla/5.0 (compatible; SemrushBot/7~bl; +http://www.semrush.com/bot.html)"
103.15.226.176 - - [16/Aug/2026:23:21:46 +0700] "POST /wp-cron.php?doing_wp_cron=1786897306.7365539073944091796875 HTTP/1.1" 200 0 "-" "WordPress/7.0; https://csr.star4hire.com"
85.208.96.201 - - [16/Aug/2026:23:21:46 +0700] "GET /index.php?dir=CAAvarCAAsoftaculousCAAphplist&edit=clone.php HTTP/1.1" 200 7431 "-" "Mozilla/5.0 (compatible; SemrushBot/7~bl; +http://www.semrush.com/bot.html)"
85.208.96.203 - - [16/Aug/2026:23:21:51 +0700] "GET /wp-admin/maint/repair.php?dir=CAAusrCAAshareCAAlocaleCAAbnt HTTP/1.1" 200 4548 "-" "Mozilla/5.0 (compatible; SemrushBot/7~bl; +http://www.semrush.com/bot.html)"
185.191.171.15 - - [16/Aug/2026:23:21:53 +0700] "GET /wp-admin/maint/file.php?dir=CAAusrCAAshareCAAemacsCAAsite-lispCAAlibidn HTTP/1.1" 200 4990 "-" "Mozilla/5.0 (compatible; SemrushBot/7~bl; +http://www.semrush.com/bot.html)"
185.191.171.10 - - [16/Aug/2026:23:22:23 +0700] "GET /wp-config.php?dir=CAAusrCAAshareCAAaclocal-1RAA16&edit=depend.m4 HTTP/1.1" 200 6392 "-" "Mozilla/5.0 (compatible; SemrushBot/7~bl; +http://www.semrush.com/bot.html)"
185.191.171.2 - - [16/Aug/2026:23:22:40 +0700] "GET /wp-config.php?dir=CAAvarCAAsoftaculousCAAlogicCAAphp82&edit=edit.php HTTP/1.1" 200 7765 "-" "Mozilla/5.0 (compatible; SemrushBot/7~bl; +http://www.semrush.com/bot.html)"
85.208.96.202 - - [16/Aug/2026:23:22:44 +0700] "GET /index.php?dir=CAAusrCAAlibCAAlocaleCAAen_USRAAutf8&edit=LC_CTYPE HTTP/1.1" 200 43530 "-" "Mozilla/5.0 (compatible; SemrushBot/7~bl; +http://www.semrush.com/bot.html)"
103.15.226.176 - - [16/Aug/2026:23:22:48 +0700] "POST /wp-cron.php?doing_wp_cron=1786897368.3711819648742675781250 HTTP/1.1" 200 0 "-" "WordPress/7.0; https://csr.star4hire.com"
185.191.171.18 - - [16/Aug/2026:23:22:48 +0700] "GET /wp-signup.php?dir=CAAusrCAAlib64CAApython2RAA7&edit=keyword.py HTTP/1.1" 200 4209 "-" "Mozilla/5.0 (compatible; SemrushBot/7~bl; +http://www.semrush.com/bot.html)"
85.208.96.199 - - [16/Aug/2026:23:23:11 +0700] "GET /wp-signup.php?dir=CAAusrCAAshareCAAperl5&edit=autouse.pm HTTP/1.1" 200 5229 "-" "Mozilla/5.0 (compatible; SemrushBot/7~bl; +http://www.semrush.com/bot.html)"
85.208.96.197 - - [16/Aug/2026:23:23:26 +0700] "GET /wp-admin/maint/file.php?dir=CAAusrCAAshareCAAvimCAAvim80CAAlangCAAde HTTP/1.1" 200 4574 "-" "Mozilla/5.0 (compatible; SemrushBot/7~bl; +http://www.semrush.com/bot.html)"
185.191.171.9 - - [16/Aug/2026:23:23:29 +0700] "GET /wp-includes/theme-compat/file.php?dir=CAAusrCAAshareCAAlocaleCAAxh HTTP/1.1" 200 4553 "-" "Mozilla/5.0 (compatible; SemrushBot/7~bl; +http://www.semrush.com/bot.html)"
85.208.96.203 - - [16/Aug/2026:23:23:40 +0700] "GET /wp-includes/Requests/file.php?dir=CAAhomeCAAqtdcvxypCAAlscacheCAAaCAA2CAAc HTTP/1.1" 200 4805 "-" "Mozilla/5.0 (compatible; SemrushBot/7~bl; +http://www.semrush.com/bot.html)"
185.191.171.9 - - [16/Aug/2026:23:23:45 +0700] "GET /wp-admin/maint/repair.php?dir=CAAusrCAAlibCAArpmCAAplatformCAAarmv7hnl-linux HTTP/1.1" 200 4625 "-" "Mozilla/5.0 (compatible; SemrushBot/7~bl; +http://www.semrush.com/bot.html)"
85.208.96.196 - - [16/Aug/2026:23:23:52 +0700] "GET /wp-includes/block-patterns/file.php?dir=CAAusrCAAshareCAAlocaleCAAshn HTTP/1.1" 200 4559 "-" "Mozilla/5.0 (compatible; SemrushBot/7~bl; +http://www.semrush.com/bot.html)"
103.15.226.176 - - [16/Aug/2026:23:24:11 +0700] "POST /wp-cron.php?doing_wp_cron=1786897451.5768659114837646484375 HTTP/1.1" 200 0 "-" "WordPress/7.0; https://csr.star4hire.com"
85.208.96.200 - - [16/Aug/2026:23:24:11 +0700] "GET /wp-signup.php?dir=CAAvarCAAsoftaculousCAAjqplot&edit=fileindex.php HTTP/1.1" 200 3440 "-" "Mozilla/5.0 (compatible; SemrushBot/7~bl; +http://www.semrush.com/bot.html)"
85.208.96.193 - - [16/Aug/2026:23:24:15 +0700] "GET /wp-signup.php?dir=CAAvarCAAsoftaculousCAAmytCAAphp71&edit=clone.php HTTP/1.1" 200 9075 "-" "Mozilla/5.0 (compatible; SemrushBot/7~bl; +http://www.semrush.com/bot.html)"
85.208.96.194 - - [16/Aug/2026:23:24:26 +0700] "GET /wp-includes/Text/file.php?dir=CAAusrCAAlibCAAtunedCAAcloudlinux-default-base HTTP/1.1" 200 4616 "-" "Mozilla/5.0 (compatible; SemrushBot/7~bl; +http://www.semrush.com/bot.html)"
85.208.96.206 - - [16/Aug/2026:23:24:39 +0700] "GET /wp-config.php?dir=CAAvarCAAsoftaculousCAAiwp&edit=edit.php HTTP/1.1" 200 6818 "-" "Mozilla/5.0 (compatible; SemrushBot/7~bl; +http://www.semrush.com/bot.html)"
185.191.171.13 - - [16/Aug/2026:23:25:00 +0700] "GET /wp-includes/PHPMailer/file.php?dir=CAAusrCAAshareCAAlocaleCAAsmCAALC_MESSAGES HTTP/1.1" 200 4199 "-" "Mozilla/5.0 (compatible; SemrushBot/7~bl; +http://www.semrush.com/bot.html)"
85.208.96.211 - - [16/Aug/2026:23:25:08 +0700] "GET /wp-login.php?dir=CAAvarCAAsoftaculousCAA4images&edit=md5 HTTP/1.1" 200 3903 "-" "Mozilla/5.0 (compatible; SemrushBot/7~bl; +http://www.semrush.com/bot.html)"
85.208.96.211 - - [16/Aug/2026:23:25:43 +0700] "GET /wp-includes/Requests/file.php?dir=CAAusrCAAshareCAAlocaleCAAsmnCAALC_MESSAGES HTTP/1.1" 200 4202 "-" "Mozilla/5.0 (compatible; SemrushBot/7~bl; +http://www.semrush.com/bot.html)"
103.15.226.176 - - [16/Aug/2026:23:25:48 +0700] "POST /wp-cron.php?doing_wp_cron=1786897548.0362730026245117187500 HTTP/1.1" 200 0 "-" "WordPress/7.0; https://csr.star4hire.com"
185.191.171.1 - - [16/Aug/2026:23:25:48 +0700] "GET /index.php?dir=CAAusrCAAlib64CAAperl5CAACORE&edit=thread.h HTTP/1.1" 200 6288 "-" "Mozilla/5.0 (compatible; SemrushBot/7~bl; +http://www.semrush.com/bot.html)"
85.208.96.194 - - [16/Aug/2026:23:25:52 +0700] "GET /wp-config.php?dir=CAAvarCAAsoftaculousCAAespo&edit=_config.php HTTP/1.1" 200 3359 "-" "Mozilla/5.0 (compatible; SemrushBot/7~bl; +http://www.semrush.com/bot.html)"
185.191.171.11 - - [16/Aug/2026:23:25:55 +0700] "GET /wp-admin/maint/file.php?dir=CAAusrCAAshareCAAmanCAAkoCAAman8 HTTP/1.1" 200 5172 "-" "Mozilla/5.0 (compatible; SemrushBot/7~bl; +http://www.semrush.com/bot.html)"
85.208.96.195 - - [16/Aug/2026:23:26:41 +0700] "GET /wp-signup.php?dir=CAAusrCAAlib64CAApkgconfig&edit=libpcre2-8.pc HTTP/1.1" 200 3510 "-" "Mozilla/5.0 (compatible; SemrushBot/7~bl; +http://www.semrush.com/bot.html)"
185.191.171.12 - - [16/Aug/2026:23:26:44 +0700] "GET /index.php?dir=CAAvarCAAsoftaculousCAAwp62&edit=sign_on.php HTTP/1.1" 200 4742 "-" "Mozilla/5.0 (compatible; SemrushBot/7~bl; +http://www.semrush.com/bot.html)"
103.15.226.176 - - [16/Aug/2026:23:26:57 +0700] "POST /wp-cron.php?doing_wp_cron=1786897617.4876999855041503906250 HTTP/1.1" 200 0 "-" "WordPress/7.0; https://csr.star4hire.com"
85.208.96.194 - - [16/Aug/2026:23:26:57 +0700] "GET /wp-login.php?dir=CAAusrCAAshareCAAmanCAAman5&edit=loader.conf.5.gz HTTP/1.1" 200 4926 "-" "Mozilla/5.0 (compatible; SemrushBot/7~bl; +http://www.semrush.com/bot.html)"
85.208.96.200 - - [16/Aug/2026:23:27:01 +0700] "GET /index.php?dir=CAAusrCAAincludeCAAbind9CAAisc&edit=msgs.h HTTP/1.1" 200 6361 "-" "Mozilla/5.0 (compatible; SemrushBot/7~bl; +http://www.semrush.com/bot.html)"
85.208.96.205 - - [16/Aug/2026:23:27:27 +0700] "GET /wp-includes/rest-api/file.php?dir=CAAhomeCAAqtdcvxypCAAlscacheCAA3CAA2CAAb HTTP/1.1" 200 4636 "-" "Mozilla/5.0 (compatible; SemrushBot/7~bl; +http://www.semrush.com/bot.html)"
85.208.96.206 - - [16/Aug/2026:23:27:31 +0700] "GET /wp-config.php?dir=CAAusrCAAshareCAAvimCAAvim80CAAsyntax&edit=xsd.vim HTTP/1.1" 200 3928 "-" "Mozilla/5.0 (compatible; SemrushBot/7~bl; +http://www.semrush.com/bot.html)"
85.208.96.200 - - [16/Aug/2026:23:27:39 +0700] "GET /wp-includes/block-patterns/file.php?dir=CAAusrCAAshareCAAlocaleCAAsv HTTP/1.1" 200 4655 "-" "Mozilla/5.0 (compatible; SemrushBot/7~bl; +http://www.semrush.com/bot.html)"
85.208.96.197 - - [16/Aug/2026:23:27:44 +0700] "GET /wp-admin/maint/file.php?dir=CAAusrCAAlib64CAApkgconfig HTTP/1.1" 200 17631 "-" "Mozilla/5.0 (compatible; SemrushBot/7~bl; +http://www.semrush.com/bot.html)"
185.191.171.14 - - [16/Aug/2026:23:27:50 +0700] "GET /index.php?dir=CAAvarCAAsoftaculousCAAjoomla310&edit=upgrade.php HTTP/1.1" 200 28103 "-" "Mozilla/5.0 (compatible; SemrushBot/7~bl; +http://www.semrush.com/bot.html)"
103.15.226.176 - - [16/Aug/2026:23:28:00 +0700] "POST /wp-cron.php?doing_wp_cron=1786897680.7354369163513183593750 HTTP/1.1" 200 0 "-" "WordPress/7.0; https://csr.star4hire.com"
85.208.96.211 - - [16/Aug/2026:23:28:00 +0700] "GET /wp-login.php?dir=CAAvarCAAsoftaculousCAAmwCAAphp82&edit=install.php HTTP/1.1" 200 9333 "-" "Mozilla/5.0 (compatible; SemrushBot/7~bl; +http://www.semrush.com/bot.html)"
185.191.171.13 - - [16/Aug/2026:23:28:16 +0700] "GET /wp-config.php?dir=CAAvarCAAsoftaculousCAAampache&edit=install.php HTTP/1.1" 200 11819 "-" "Mozilla/5.0 (compatible; SemrushBot/7~bl; +http://www.semrush.com/bot.html)"
185.191.171.19 - - [16/Aug/2026:23:28:26 +0700] "GET /wp-config.php?dir=CAAvarCAAsoftaculousCAAfusio&edit=changelog.txt HTTP/1.1" 200 4370 "-" "Mozilla/5.0 (compatible; SemrushBot/7~bl; +http://www.semrush.com/bot.html)"
85.208.96.194 - - [16/Aug/2026:23:28:33 +0700] "GET /wp-includes/sodium_compat/file.php?dir=CAAlibCAApython2RAA7CAAsite-packages HTTP/1.1" 200 6952 "-" "Mozilla/5.0 (compatible; SemrushBot/7~bl; +http://www.semrush.com/bot.html)"
85.208.96.206 - - [16/Aug/2026:23:28:36 +0700] "GET /wp-includes/html-api/file.php?dir=CAAhomeCAAqtdcvxypCAAlscacheCAAfCAA2CAA1 HTTP/1.1" 200 4641 "-" "Mozilla/5.0 (compatible; SemrushBot/7~bl; +http://www.semrush.com/bot.html)"
85.208.96.200 - - [16/Aug/2026:23:28:43 +0700] "GET /wp-includes/block-supports/file.php?dir=CAAhomeCAAqtdcvxypCAAlscacheCAA8 HTTP/1.1" 200 5848 "-" "Mozilla/5.0 (compatible; SemrushBot/7~bl; +http://www.semrush.com/bot.html)"
103.15.226.176 - - [16/Aug/2026:23:29:11 +0700] "POST /wp-cron.php?doing_wp_cron=1786897751.8869900703430175781250 HTTP/1.1" 200 0 "-" "WordPress/7.0; https://csr.star4hire.com"
85.208.96.201 - - [16/Aug/2026:23:29:11 +0700] "GET /index.php?dir=CAAvarCAAsoftaculousCAAmw28&edit=install.xml HTTP/1.1" 200 3907 "-" "Mozilla/5.0 (compatible; SemrushBot/7~bl; +http://www.semrush.com/bot.html)"
185.191.171.4 - - [16/Aug/2026:23:29:47 +0700] "GET /wp-includes/Requests/file.php?dir=CAAusrCAAshareCAAlocaleCAAmic HTTP/1.1" 200 4556 "-" "Mozilla/5.0 (compatible; SemrushBot/7~bl; +http://www.semrush.com/bot.html)"
185.191.171.4 - - [16/Aug/2026:23:29:50 +0700] "GET /wp-config.php?dir=CAAhomeCAAqtdcvxypCAAlscacheCAAeCAA0&edit=file.php HTTP/1.1" 200 12785 "-" "Mozilla/5.0 (compatible; SemrushBot/7~bl; +http://www.semrush.com/bot.html)"
185.191.171.11 - - [16/Aug/2026:23:29:53 +0700] "GET /wp-admin/css/file.php?dir=CAAhomeCAAqtdcvxypCAAlscacheCAA8CAAe HTTP/1.1" 200 4977 "-" "Mozilla/5.0 (compatible; SemrushBot/7~bl; +http://www.semrush.com/bot.html)"
85.208.96.194 - - [16/Aug/2026:23:29:58 +0700] "GET /wp-includes/ID3/file.php?dir=CAAusrCAAlibCAARAAbuild-idCAA9e HTTP/1.1" 200 8951 "-" "Mozilla/5.0 (compatible; SemrushBot/7~bl; +http://www.semrush.com/bot.html)"
103.15.226.176 - - [16/Aug/2026:23:30:42 +0700] "POST /wp-cron.php?doing_wp_cron=1786897842.1029911041259765625000 HTTP/1.1" 200 0 "-" "WordPress/7.0; https://csr.star4hire.com"
185.191.171.15 - - [16/Aug/2026:23:30:42 +0700] "GET /index.php?dir=CAAvarCAAsoftaculousCAAwebcollab&edit=install.php HTTP/1.1" 200 7129 "-" "Mozilla/5.0 (compatible; SemrushBot/7~bl; +http://www.semrush.com/bot.html)"
85.208.96.193 - - [16/Aug/2026:23:30:51 +0700] "GET /index.php?dir=CAAvarCAAsoftaculousCAAinvoice&edit=ipconfig.php HTTP/1.1" 200 5083 "-" "Mozilla/5.0 (compatible; SemrushBot/7~bl; +http://www.semrush.com/bot.html)"
185.191.171.6 - - [16/Aug/2026:23:30:57 +0700] "GET /wp-config.php?dir=CAAvarCAAsoftaculousCAAjorani&edit=import.php HTTP/1.1" 200 6771 "-" "Mozilla/5.0 (compatible; SemrushBot/7~bl; +http://www.semrush.com/bot.html)"
85.208.96.194 - - [16/Aug/2026:23:31:05 +0700] "GET /wp-includes/Text/file.php?dir=CAAusrCAAlib64CAApython3RAA12CAAemail HTTP/1.1" 200 7370 "-" "Mozilla/5.0 (compatible; SemrushBot/7~bl; +http://www.semrush.com/bot.html)"
185.191.171.8 - - [16/Aug/2026:23:31:32 +0700] "GET /wp-includes/Requests/file.php?dir=CAAusrCAAshareCAAlocaleCAAluCAALC_MESSAGES HTTP/1.1" 200 4200 "-" "Mozilla/5.0 (compatible; SemrushBot/7~bl; +http://www.semrush.com/bot.html)"
185.191.171.7 - - [16/Aug/2026:23:31:44 +0700] "GET /wp-admin/maint/file.php?dir=CAAusrCAAlib64CAAluaCAA5RAA1 HTTP/1.1" 200 4175 "-" "Mozilla/5.0 (compatible; SemrushBot/7~bl; +http://www.semrush.com/bot.html)"
103.15.226.176 - - [16/Aug/2026:23:31:47 +0700] "POST /wp-cron.php?doing_wp_cron=1786897907.6107039451599121093750 HTTP/1.1" 200 0 "-" "WordPress/7.0; https://csr.star4hire.com"
185.191.171.8 - - [16/Aug/2026:23:31:47 +0700] "GET /wp-signup.php?dir=CAAusrCAAlibCAAfirmware&edit=8F7B-1-0xA.bin HTTP/1.1" 200 10818 "-" "Mozilla/5.0 (compatible; SemrushBot/7~bl; +http://www.semrush.com/bot.html)"
85.208.96.212 - - [16/Aug/2026:23:31:50 +0700] "GET /wp-includes/ID3/file.php?dir=CAAhomeCAAqtdcvxypCAAlscacheCAAaCAA7 HTTP/1.1" 200 4979 "-" "Mozilla/5.0 (compatible; SemrushBot/7~bl; +http://www.semrush.com/bot.html)"
185.191.171.3 - - [16/Aug/2026:23:32:08 +0700] "GET /wp-config.php?dir=CAAusrCAAlibCAAsystemdCAAuser&edit=dirmngr.service HTTP/1.1" 200 3450 "-" "Mozilla/5.0 (compatible; SemrushBot/7~bl; +http://www.semrush.com/bot.html)"
85.208.96.202 - - [16/Aug/2026:23:32:13 +0700] "GET /index.php?dir=CAAvarCAAsoftaculousCAApresta178&edit=info.xml HTTP/1.1" 200 5156 "-" "Mozilla/5.0 (compatible; SemrushBot/7~bl; +http://www.semrush.com/bot.html)"
185.191.171.19 - - [16/Aug/2026:23:32:15 +0700] "GET /wp-includes/images/file.php?dir=CAAhomeCAAqtdcvxypCAAlscacheCAAaCAAf HTTP/1.1" 200 4884 "-" "Mozilla/5.0 (compatible; SemrushBot/7~bl; +http://www.semrush.com/bot.html)"
185.191.171.4 - - [16/Aug/2026:23:32:30 +0700] "GET /wp-includes/l10n/file.php?dir=CAAhomeCAAqtdcvxypCAAmailCAARAADraftsCAAcur HTTP/1.1" 200 4630 "-" "Mozilla/5.0 (compatible; SemrushBot/7~bl; +http://www.semrush.com/bot.html)"
185.191.171.2 - - [16/Aug/2026:23:32:38 +0700] "GET /wp-login.php?dir=CAAusrCAAshareCAAi18nCAAlocales&edit=hy_AM HTTP/1.1" 200 5591 "-" "Mozilla/5.0 (compatible; SemrushBot/7~bl; +http://www.semrush.com/bot.html)"
85.208.96.197 - - [16/Aug/2026:23:32:49 +0700] "GET /wp-includes/theme-compat/file.php?dir=CAAusrCAAlibCAAfirmwareCAAar3kCAA30101 HTTP/1.1" 200 4917 "-" "Mozilla/5.0 (compatible; SemrushBot/7~bl; +http://www.semrush.com/bot.html)"
103.15.226.176 - - [16/Aug/2026:23:33:04 +0700] "POST /wp-cron.php?doing_wp_cron=1786897984.4807209968566894531250 HTTP/1.1" 200 0 "-" "WordPress/7.0; https://csr.star4hire.com"
85.208.96.209 - - [16/Aug/2026:23:33:04 +0700] "GET /wp-login.php?dir=CAAusrCAAlib64CAAaspell-0RAA60&edit=cp1253.cmap HTTP/1.1" 200 12479 "-" "Mozilla/5.0 (compatible; SemrushBot/7~bl; +http://www.semrush.com/bot.html)"
185.191.171.1 - - [16/Aug/2026:23:33:12 +0700] "GET /wp-login.php?dir=CAAusrCAAlib64CAApython2RAA7&edit=httplib.pyo HTTP/1.1" 200 18508 "-" "Mozilla/5.0 (compatible; SemrushBot/7~bl; +http://www.semrush.com/bot.html)"
85.208.96.200 - - [16/Aug/2026:23:33:52 +0700] "GET /wp-includes/Requests/file.php?dir=CAAusrCAAshareCAAlocaleCAAbla HTTP/1.1" 200 4556 "-" "Mozilla/5.0 (compatible; SemrushBot/7~bl; +http://www.semrush.com/bot.html)"
185.191.171.15 - - [16/Aug/2026:23:33:58 +0700] "GET /wp-config.php?dir=CAAoptCAAaltCAAliblqr-1CAAlib64&edit=liblqr-1.so.0 HTTP/1.1" 200 28771 "-" "Mozilla/5.0 (compatible; SemrushBot/7~bl; +http://www.semrush.com/bot.html)"
85.208.96.199 - - [16/Aug/2026:23:34:03 +0700] "GET /wp-config.php?dir=CAAusrCAAlib64CAApkgconfig&edit=libcap.pc HTTP/1.1" 200 3426 "-" "Mozilla/5.0 (compatible; SemrushBot/7~bl; +http://www.semrush.com/bot.html)"
85.208.96.196 - - [16/Aug/2026:23:34:05 +0700] "GET /wp-admin/maint/file.php?dir=CAAusrCAAshareCAAmanCAAidCAAman1 HTTP/1.1" 200 5413 "-" "Mozilla/5.0 (compatible; SemrushBot/7~bl; +http://www.semrush.com/bot.html)"
85.208.96.207 - - [16/Aug/2026:23:34:39 +0700] "GET /wp-includes/pomo/file.php?dir=CAAhomeCAAqtdcvxypCAARAAcpanelCAAea-php-cli HTTP/1.1" 200 4923 "-" "Mozilla/5.0 (compatible; SemrushBot/7~bl; +http://www.semrush.com/bot.html)"
103.15.226.176 - - [16/Aug/2026:23:34:57 +0700] "POST /wp-cron.php?doing_wp_cron=1786898097.8289361000061035156250 HTTP/1.1" 200 0 "-" "WordPress/7.0; https://csr.star4hire.com"
85.208.96.209 - - [16/Aug/2026:23:34:57 +0700] "GET /wp-signup.php?dir=CAAusrCAAlib64CAApgsql&edit=ascii_and_mic.so HTTP/1.1" 200 6133 "-" "Mozilla/5.0 (compatible; SemrushBot/7~bl; +http://www.semrush.com/bot.html)"
85.208.96.204 - - [16/Aug/2026:23:35:02 +0700] "GET /wp-config.php?dir=CAAusrCAAshareCAAmanCAAman1&edit=fmt.1.gz HTTP/1.1" 200 4426 "-" "Mozilla/5.0 (compatible; SemrushBot/7~bl; +http://www.semrush.com/bot.html)"
85.208.96.212 - - [16/Aug/2026:23:35:32 +0700] "GET /wp-includes/theme-compat/file.php?dir=CAAusrCAAshareCAAlocaleCAAjaCAALC_MESSAGES HTTP/1.1" 200 17437 "-" "Mozilla/5.0 (compatible; SemrushBot/7~bl; +http://www.semrush.com/bot.html)"
185.191.171.3 - - [16/Aug/2026:23:35:47 +0700] "GET /wp-signup.php?dir=CAAusrCAAshareCAAmanCAAman7&edit=ct.7ssl.gz HTTP/1.1" 200 5817 "-" "Mozilla/5.0 (compatible; SemrushBot/7~bl; +http://www.semrush.com/bot.html)"
85.208.96.207 - - [16/Aug/2026:23:35:50 +0700] "GET /wp-includes/style-engine/file.php?dir=CAAhomeCAAqtdcvxypCAAlscacheCAA0CAA3CAA2 HTTP/1.1" 200 4641 "-" "Mozilla/5.0 (compatible; SemrushBot/7~bl; +http://www.semrush.com/bot.html)"
103.15.226.176 - - [16/Aug/2026:23:35:58 +0700] "POST /wp-cron.php?doing_wp_cron=1786898158.5234019756317138671875 HTTP/1.1" 200 0 "-" "WordPress/7.0; https://csr.star4hire.com"
185.191.171.16 - - [16/Aug/2026:23:35:58 +0700] "GET /wp-login.php?dir=CAAvarCAAsoftaculousCAAclipCAAphp53&edit=edit.php HTTP/1.1" 200 6839 "-" "Mozilla/5.0 (compatible; SemrushBot/7~bl; +http://www.semrush.com/bot.html)"
185.191.171.14 - - [16/Aug/2026:23:36:01 +0700] "GET /wp-includes/sodium_compat/file.php?dir=CAAhomeCAAqtdcvxypCAAlscacheCAAfCAA0CAA9 HTTP/1.1" 200 4645 "-" "Mozilla/5.0 (compatible; SemrushBot/7~bl; +http://www.semrush.com/bot.html)"
185.191.171.8 - - [16/Aug/2026:23:36:15 +0700] "GET /wp-login.php?dir=CAAvarCAAsoftaculousCAAphoenix&edit=edit.php HTTP/1.1" 200 7680 "-" "Mozilla/5.0 (compatible; SemrushBot/7~bl; +http://www.semrush.com/bot.html)"
85.208.96.199 - - [16/Aug/2026:23:36:20 +0700] "GET /wp-admin/maint/repair.php?dir=CAAusrCAAlibCAAdracutCAAmodulesRAAdCAA90lvm HTTP/1.1" 200 5072 "-" "Mozilla/5.0 (compatible; SemrushBot/7~bl; +http://www.semrush.com/bot.html)"
85.208.96.197 - - [16/Aug/2026:23:36:32 +0700] "GET /wp-config.php?dir=CAAvarCAAsoftaculousCAAwbceCAAimages&edit=wbce.png HTTP/1.1" 200 26497 "-" "Mozilla/5.0 (compatible; SemrushBot/7~bl; +http://www.semrush.com/bot.html)"
85.208.96.208 - - [16/Aug/2026:23:36:33 +0700] "GET /robots.txt HTTP/1.1" 200 24086 "-" "Mozilla/5.0 (compatible; SemrushBot/7~bl; +http://www.semrush.com/bot.html)"
85.208.96.205 - - [16/Aug/2026:23:36:35 +0700] "GET /wp-includes/PHPMailer/file.php?dir=CAAusrCAAshareCAAlocaleCAAeo HTTP/1.1" 200 4657 "-" "Mozilla/5.0 (compatible; SemrushBot/7~bl; +http://www.semrush.com/bot.html)"
85.208.96.194 - - [16/Aug/2026:23:36:42 +0700] "GET /wp-login.php?dir=CAAusrCAAshareCAAzoneinfoCAAPacific&edit=Pago_Pago HTTP/1.1" 200 3417 "-" "Mozilla/5.0 (compatible; SemrushBot/7~bl; +http://www.semrush.com/bot.html)"
85.208.96.193 - - [16/Aug/2026:23:37:01 +0700] "GET /wp-includes/sodium_compat/file.php?dir=CAAlibCAAlocaleCAAen_USRAAiso885915 HTTP/1.1" 200 6129 "-" "Mozilla/5.0 (compatible; SemrushBot/7~bl; +http://www.semrush.com/bot.html)"
185.191.171.17 - - [16/Aug/2026:23:37:13 +0700] "GET /wp-admin/js/file.php?dir=CAAusrCAAshareCAAvimCAAvim80CAAmacrosCAAhanoi HTTP/1.1" 200 4895 "-" "Mozilla/5.0 (compatible; SemrushBot/7~bl; +http://www.semrush.com/bot.html)"
85.208.96.203 - - [16/Aug/2026:23:37:21 +0700] "GET /wp-includes/theme-compat/file.php?dir=CAAusrCAAlibCAAfirmwareCAAedgeport HTTP/1.1" 200 5102 "-" "Mozilla/5.0 (compatible; SemrushBot/7~bl; +http://www.semrush.com/bot.html)"
185.191.171.4 - - [16/Aug/2026:23:37:38 +0700] "GET /wp-includes/certificates/file.php?dir=CAAusrCAAlib64CAApython3RAA6CAAhttp HTTP/1.1" 200 5324 "-" "Mozilla/5.0 (compatible; SemrushBot/7~bl; +http://www.semrush.com/bot.html)"
103.15.226.176 - - [16/Aug/2026:23:37:50 +0700] "POST /wp-cron.php?doing_wp_cron=1786898270.6053400039672851562500 HTTP/1.1" 200 0 "-" "WordPress/7.0; https://csr.star4hire.com"
185.191.171.16 - - [16/Aug/2026:23:37:50 +0700] "GET /index.php?dir=CAAusrCAAshareCAAmanCAAruCAAman1&edit=view.1.gz HTTP/1.1" 200 9883 "-" "Mozilla/5.0 (compatible; SemrushBot/7~bl; +http://www.semrush.com/bot.html)"
185.191.171.16 - - [16/Aug/2026:23:37:58 +0700] "GET /wp-config.php?dir=CAAusrCAAshareCAAzoneinfoCAAPacific&edit=Marquesas HTTP/1.1" 200 3421 "-" "Mozilla/5.0 (compatible; SemrushBot/7~bl; +http://www.semrush.com/bot.html)"
185.191.171.4 - - [16/Aug/2026:23:38:07 +0700] "GET /wp-includes/SimplePie/file.php?dir=CAAusrCAAlibCAAlocaleCAAen_HKCAALC_MESSAGES HTTP/1.1" 200 4632 "-" "Mozilla/5.0 (compatible; SemrushBot/7~bl; +http://www.semrush.com/bot.html)"
185.191.171.16 - - [16/Aug/2026:23:38:46 +0700] "GET /index.php?dir=CAAoptCAAimunify360CAAvenvCAAbin&edit=rst2s5.py HTTP/1.1" 200 3740 "-" "Mozilla/5.0 (compatible; SemrushBot/7~bl; +http://www.semrush.com/bot.html)"
103.15.226.176 - - [16/Aug/2026:23:39:02 +0700] "POST /wp-cron.php?doing_wp_cron=1786898342.7960669994354248046875 HTTP/1.1" 200 0 "-" "WordPress/7.0; https://csr.star4hire.com"
185.191.171.16 - - [16/Aug/2026:23:39:02 +0700] "GET /wp-login.php?dir=CAAusrCAAshareCAAzoneinfoCAArightCAAEtc&edit=GMT-1 HTTP/1.1" 200 3719 "-" "Mozilla/5.0 (compatible; SemrushBot/7~bl; +http://www.semrush.com/bot.html)"
185.191.171.10 - - [16/Aug/2026:23:39:04 +0700] "GET /wp-includes/PHPMailer/file.php?dir=CAAusrCAAlib64CAApython2RAA7CAAidlelib HTTP/1.1" 200 23852 "-" "Mozilla/5.0 (compatible; SemrushBot/7~bl; +http://www.semrush.com/bot.html)"
85.208.96.201 - - [16/Aug/2026:23:39:35 +0700] "GET /wp-includes/interactivity-api/file.php?dir=CAAhomeCAAqtdcvxypCAAlscacheCAAprivCAA1 HTTP/1.1" 200 4631 "-" "Mozilla/5.0 (compatible; SemrushBot/7~bl; +http://www.semrush.com/bot.html)"
185.191.171.10 - - [16/Aug/2026:23:39:50 +0700] "GET /wp-includes/block-patterns/file.php?dir=CAAusrCAAshareCAAlocaleCAAquy HTTP/1.1" 200 4562 "-" "Mozilla/5.0 (compatible; SemrushBot/7~bl; +http://www.semrush.com/bot.html)"
185.191.171.15 - - [16/Aug/2026:23:39:53 +0700] "GET /wp-admin/js/file.php?dir=CAAusrCAAlibCAAdracutCAAmodulesRAAdCAA98syslog HTTP/1.1" 200 5454 "-" "Mozilla/5.0 (compatible; SemrushBot/7~bl; +http://www.semrush.com/bot.html)"
85.208.96.210 - - [16/Aug/2026:23:39:56 +0700] "GET /wp-includes/pomo/file.php?dir=CAAusrCAAlocalCAAshareCAAperl5CAACPANCAAPlugin HTTP/1.1" 200 4643 "-" "Mozilla/5.0 (compatible; SemrushBot/7~bl; +http://www.semrush.com/bot.html)"
85.208.96.193 - - [16/Aug/2026:23:39:59 +0700] "GET /wp-includes/PHPMailer/file.php?dir=CAAhomeCAAqtdcvxypCAAlscacheCAAbCAA1CAA1 HTTP/1.1" 200 4640 "-" "Mozilla/5.0 (compatible; SemrushBot/7~bl; +http://www.semrush.com/bot.html)"
85.208.96.207 - - [16/Aug/2026:23:40:12 +0700] "GET /wp-includes/l10n/file.php?dir=CAAhomeCAAqtdcvxypCAAlscacheCAA3 HTTP/1.1" 200 5758 "-" "Mozilla/5.0 (compatible; SemrushBot/7~bl; +http://www.semrush.com/bot.html)"
85.208.96.193 - - [16/Aug/2026:23:40:21 +0700] "GET /wp-includes/SimplePie/file.php?dir=CAAusrCAAlibCAARAAbuild-idCAA3c HTTP/1.1" 200 8770 "-" "Mozilla/5.0 (compatible; SemrushBot/7~bl; +http://www.semrush.com/bot.html)"
103.15.226.176 - - [16/Aug/2026:23:40:40 +0700] "POST /wp-cron.php?doing_wp_cron=1786898440.3732650279998779296875 HTTP/1.1" 200 0 "-" "WordPress/7.0; https://csr.star4hire.com"
185.191.171.3 - - [16/Aug/2026:23:40:40 +0700] "GET /wp-login.php?dir=CAAusrCAAlib64CAAperl5CAACORE&edit=regcharclass.h HTTP/1.1" 200 18936 "-" "Mozilla/5.0 (compatible; SemrushBot/7~bl; +http://www.semrush.com/bot.html)"
85.208.96.199 - - [16/Aug/2026:23:40:48 +0700] "GET /wp-admin/maint/file.php?dir=CAAusrCAAshareCAAlocaleCAAang HTTP/1.1" 200 4550 "-" "Mozilla/5.0 (compatible; SemrushBot/7~bl; +http://www.semrush.com/bot.html)"
85.208.96.210 - - [16/Aug/2026:23:40:50 +0700] "GET /wp-includes/sodium_compat/file.php?dir=CAAusrCAAlib64CAANetworkManager HTTP/1.1" 200 4568 "-" "Mozilla/5.0 (compatible; SemrushBot/7~bl; +http://www.semrush.com/bot.html)"
85.208.96.210 - - [16/Aug/2026:23:41:09 +0700] "GET /index.php?dir=CAAvarCAAsoftaculousCAAbagisto&edit=md5 HTTP/1.1" 200 4489 "-" "Mozilla/5.0 (compatible; SemrushBot/7~bl; +http://www.semrush.com/bot.html)"
85.208.96.199 - - [16/Aug/2026:23:41:18 +0700] "GET /wp-signup.php?dir=CAAetc&edit=backupmxhosts HTTP/1.1" 200 3282 "-" "Mozilla/5.0 (compatible; SemrushBot/7~bl; +http://www.semrush.com/bot.html)"
85.208.96.193 - - [16/Aug/2026:23:41:53 +0700] "GET /wp-admin/images/file.php?dir=CAAhomeCAAqtdcvxypCAAlscacheCAA7CAA7 HTTP/1.1" 200 4874 "-" "Mozilla/5.0 (compatible; SemrushBot/7~bl; +http://www.semrush.com/bot.html)"
185.191.171.7 - - [16/Aug/2026:23:41:55 +0700] "GET /wp-includes/rest-api/file.php?dir=CAAusrCAAlib64CAAgalera-4 HTTP/1.1" 200 4601 "-" "Mozilla/5.0 (compatible; SemrushBot/7~bl; +http://www.semrush.com/bot.html)"
103.15.226.176 - - [16/Aug/2026:23:42:05 +0700] "POST /wp-cron.php?doing_wp_cron=1786898525.1261799335479736328125 HTTP/1.1" 200 0 "-" "WordPress/7.0; https://csr.star4hire.com"
85.208.96.205 - - [16/Aug/2026:23:42:05 +0700] "GET /wp-signup.php?dir=CAAusrCAAsbin&edit=faillock HTTP/1.1" 200 10462 "-" "Mozilla/5.0 (compatible; SemrushBot/7~bl; +http://www.semrush.com/bot.html)"
185.191.171.10 - - [16/Aug/2026:23:42:09 +0700] "GET /wp-config.php?dir=CAAusrCAAincludeCAAnet&edit=route.h HTTP/1.1" 200 5235 "-" "Mozilla/5.0 (compatible; SemrushBot/7~bl; +http://www.semrush.com/bot.html)"
185.191.171.7 - - [16/Aug/2026:23:42:14 +0700] "GET /wp-includes/php-compat/file.php?dir=CAAhomeCAAqtdcvxypCAAlscacheCAAaCAA4 HTTP/1.1" 200 5077 "-" "Mozilla/5.0 (compatible; SemrushBot/7~bl; +http://www.semrush.com/bot.html)"
85.208.96.195 - - [16/Aug/2026:23:42:59 +0700] "GET /wp-includes/PHPMailer/file.php?dir=CAAusrCAAshareCAAlocaleCAAkpeCAALC_MESSAGES HTTP/1.1" 200 4203 "-" "Mozilla/5.0 (compatible; SemrushBot/7~bl; +http://www.semrush.com/bot.html)"
185.191.171.16 - - [16/Aug/2026:23:43:04 +0700] "GET /wp-signup.php?dir=CAAvarCAAsoftaculousCAAclip&edit=install.xml HTTP/1.1" 200 3855 "-" "Mozilla/5.0 (compatible; SemrushBot/7~bl; +http://www.semrush.com/bot.html)"
103.15.226.176 - - [16/Aug/2026:23:43:09 +0700] "POST /wp-cron.php?doing_wp_cron=1786898589.0488150119781494140625 HTTP/1.1" 200 0 "-" "WordPress/7.0; https://csr.star4hire.com"
85.208.96.211 - - [16/Aug/2026:23:43:09 +0700] "GET /wp-signup.php?dir=CAAhomeCAAqtdcvxypCAAlscacheCAA9CAA2&edit=file.php HTTP/1.1" 200 12792 "-" "Mozilla/5.0 (compatible; SemrushBot/7~bl; +http://www.semrush.com/bot.html)"
85.208.96.211 - - [16/Aug/2026:23:43:48 +0700] "GET /wp-includes/IXR/file.php?dir=CAAusrCAAlibCAArpmCAAredhat HTTP/1.1" 200 6532 "-" "Mozilla/5.0 (compatible; SemrushBot/7~bl; +http://www.semrush.com/bot.html)"
85.208.96.195 - - [16/Aug/2026:23:43:58 +0700] "GET /wp-login.php?dir=CAAvarCAAsoftaculousCAAdojo&edit=packageindex.php HTTP/1.1" 200 3967 "-" "Mozilla/5.0 (compatible; SemrushBot/7~bl; +http://www.semrush.com/bot.html)"
85.208.96.211 - - [16/Aug/2026:23:44:03 +0700] "GET /wp-signup.php?dir=CAAhomeCAAqtdcvxypCAAlscacheCAA5CAA2&edit=file.php HTTP/1.1" 200 12792 "-" "Mozilla/5.0 (compatible; SemrushBot/7~bl; +http://www.semrush.com/bot.html)"
185.191.171.17 - - [16/Aug/2026:23:44:07 +0700] "GET /index.php?dir=CAAusrCAAlibCAAfirmware&edit=8FA5-0-0xC.bin HTTP/1.1" 200 10965 "-" "Mozilla/5.0 (compatible; SemrushBot/7~bl; +http://www.semrush.com/bot.html)"
103.15.226.176 - - [16/Aug/2026:23:44:11 +0700] "POST /wp-cron.php?doing_wp_cron=1786898651.9015231132507324218750 HTTP/1.1" 200 0 "-" "WordPress/7.0; https://csr.star4hire.com"
85.208.96.198 - - [16/Aug/2026:23:44:11 +0700] "GET /wp-signup.php?dir=CAAvarCAAsoftaculousCAAyii&edit=Application.php HTTP/1.1" 200 8904 "-" "Mozilla/5.0 (compatible; SemrushBot/7~bl; +http://www.semrush.com/bot.html)"
85.208.96.206 - - [16/Aug/2026:23:44:16 +0700] "GET /wp-config.php?dir=CAAusrCAAshareCAAtcl8RAA6CAAmsgs&edit=ms.msg HTTP/1.1" 200 3608 "-" "Mozilla/5.0 (compatible; SemrushBot/7~bl; +http://www.semrush.com/bot.html)"
85.208.96.198 - - [16/Aug/2026:23:44:34 +0700] "GET /wp-login.php?dir=CAAusrCAAshareCAAmanCAAjaCAAman8&edit=lastlog.8.gz HTTP/1.1" 200 5335 "-" "Mozilla/5.0 (compatible; SemrushBot/7~bl; +http://www.semrush.com/bot.html)"
185.191.171.7 - - [16/Aug/2026:23:44:38 +0700] "GET /index.php?dir=CAAvarCAAsoftaculousCAApiwigo&edit=mod_upgrade.php HTTP/1.1" 200 8043 "-" "Mozilla/5.0 (compatible; SemrushBot/7~bl; +http://www.semrush.com/bot.html)"
85.208.96.193 - - [16/Aug/2026:23:44:50 +0700] "GET /wp-signup.php?dir=CAAvarCAAsoftaculousCAAaef&edit=info.xml HTTP/1.1" 200 4509 "-" "Mozilla/5.0 (compatible; SemrushBot/7~bl; +http://www.semrush.com/bot.html)"
185.191.171.12 - - [16/Aug/2026:23:44:55 +0700] "GET /wp-includes/theme-compat/file.php?dir=CAAusrCAAlibCAARAAbuild-idCAA87 HTTP/1.1" 200 8426 "-" "Mozilla/5.0 (compatible; SemrushBot/7~bl; +http://www.semrush.com/bot.html)"
85.208.96.206 - - [16/Aug/2026:23:45:21 +0700] "GET /wp-includes/PHPMailer/file.php?dir=CAAusrCAAshareCAAModulesCAAmodulefiles HTTP/1.1" 200 5223 "-" "Mozilla/5.0 (compatible; SemrushBot/7~bl; +http://www.semrush.com/bot.html)"
103.15.226.176 - - [16/Aug/2026:23:45:25 +0700] "POST /wp-cron.php?doing_wp_cron=1786898725.8345251083374023437500 HTTP/1.1" 200 0 "-" "WordPress/7.0; https://csr.star4hire.com"
185.191.171.15 - - [16/Aug/2026:23:45:25 +0700] "GET /wp-config.php?dir=CAAusrCAAlibCAAfirmwareCAAradeon&edit=SUMO_me.bin HTTP/1.1" 200 6234 "-" "Mozilla/5.0 (compatible; SemrushBot/7~bl; +http://www.semrush.com/bot.html)"
85.208.96.195 - - [16/Aug/2026:23:45:44 +0700] "GET /wp-config.php?dir=CAAusrCAAshareCAAmanCAAman3&edit=pcresample.3.gz HTTP/1.1" 200 4815 "-" "Mozilla/5.0 (compatible; SemrushBot/7~bl; +http://www.semrush.com/bot.html)"
85.208.96.198 - - [16/Aug/2026:23:46:04 +0700] "GET /wp-includes/rest-api/file.php?dir=CAAusrCAAshareCAAterminfoCAAd HTTP/1.1" 200 4600 "-" "Mozilla/5.0 (compatible; SemrushBot/7~bl; +http://www.semrush.com/bot.html)"
185.191.171.18 - - [16/Aug/2026:23:46:14 +0700] "GET /wp-login.php?dir=CAAusrCAAlibCAAfirewalldCAAservices&edit=svn.xml HTTP/1.1" 200 3474 "-" "Mozilla/5.0 (compatible; SemrushBot/7~bl; +http://www.semrush.com/bot.html)"
185.191.171.12 - - [16/Aug/2026:23:46:20 +0700] "GET /wp-login.php?dir=CAAusrCAAshareCAAzoneinfoCAAposixCAAAsia&edit=Hovd HTTP/1.1" 200 3860 "-" "Mozilla/5.0 (compatible; SemrushBot/7~bl; +http://www.semrush.com/bot.html)"
85.208.96.197 - - [16/Aug/2026:23:46:22 +0700] "GET /.well-known/acme-challenge/file.php?dir=CAAhomeCAAqtdcvxypCAAlscacheCAAcCAA1CAA9 HTTP/1.1" 200 4646 "-" "Mozilla/5.0 (compatible; SemrushBot/7~bl; +http://www.semrush.com/bot.html)"
185.191.171.15 - - [16/Aug/2026:23:47:00 +0700] "GET /wp-includes/block-patterns/file.php?dir=CAAusrCAAshareCAAlocaleCAAfrs HTTP/1.1" 200 4561 "-" "Mozilla/5.0 (compatible; SemrushBot/7~bl; +http://www.semrush.com/bot.html)"
85.208.96.199 - - [16/Aug/2026:23:47:03 +0700] "GET /wp-includes/IXR/file.php?dir=CAAhomeCAAqtdcvxypCAAlscacheCAA5CAA3CAAe HTTP/1.1" 200 4636 "-" "Mozilla/5.0 (compatible; SemrushBot/7~bl; +http://www.semrush.com/bot.html)"
103.15.226.176 - - [16/Aug/2026:23:47:13 +0700] "POST /wp-cron.php?doing_wp_cron=1786898833.9299459457397460937500 HTTP/1.1" 200 0 "-" "WordPress/7.0; https://csr.star4hire.com"
185.191.171.3 - - [16/Aug/2026:23:47:13 +0700] "GET /wp-login.php?dir=CAAusrCAAlibCAAlocaleCAAen_HK&edit=LC_NAME HTTP/1.1" 200 3391 "-" "Mozilla/5.0 (compatible; SemrushBot/7~bl; +http://www.semrush.com/bot.html)"
85.208.96.202 - - [16/Aug/2026:23:47:51 +0700] "GET /wp-signup.php?dir=CAAusrCAAincludeCAAbitsCAAtypes&edit=struct_FILE.h HTTP/1.1" 200 5008 "-" "Mozilla/5.0 (compatible; SemrushBot/7~bl; +http://www.semrush.com/bot.html)"
85.208.96.201 - - [16/Aug/2026:23:47:53 +0700] "GET /wp-includes/style-engine/file.php?dir=CAAusrCAAshareCAAvimCAAvim80CAAdoc HTTP/1.1" 200 19094 "-" "Mozilla/5.0 (compatible; SemrushBot/7~bl; +http://www.semrush.com/bot.html)"
185.191.171.8 - - [16/Aug/2026:23:47:58 +0700] "GET /index.php?dir=CAAvarCAAsoftaculousCAAphpsch&edit=upgrade.php HTTP/1.1" 200 6957 "-" "Mozilla/5.0 (compatible; SemrushBot/7~bl; +http://www.semrush.com/bot.html)"
85.208.96.198 - - [16/Aug/2026:23:48:01 +0700] "GET /wp-includes/IXR/file.php?dir=CAAhomeCAAqtdcvxypCAAlscacheCAAeCAA9CAAe HTTP/1.1" 200 4632 "-" "Mozilla/5.0 (compatible; SemrushBot/7~bl; +http://www.semrush.com/bot.html)"
85.208.96.197 - - [16/Aug/2026:23:48:14 +0700] "GET /wp-includes/PHPMailer/file.php?dir=CAAusrCAAincludeCAAc%2B%2BCAA8CAAdebug HTTP/1.1" 200 8317 "-" "Mozilla/5.0 (compatible; SemrushBot/7~bl; +http://www.semrush.com/bot.html)"
103.15.226.176 - - [16/Aug/2026:23:48:18 +0700] "POST /wp-cron.php?doing_wp_cron=1786898898.6836380958557128906250 HTTP/1.1" 200 0 "-" "WordPress/7.0; https://csr.star4hire.com"
85.208.96.200 - - [16/Aug/2026:23:48:18 +0700] "GET /wp-signup.php?dir=CAAusrCAAlib64CAApython3RAA12&edit=genericpath.py HTTP/1.1" 200 5347 "-" "Mozilla/5.0 (compatible; SemrushBot/7~bl; +http://www.semrush.com/bot.html)"
85.208.96.199 - - [16/Aug/2026:23:48:32 +0700] "GET /wp-config.php?dir=CAAvarCAAsoftaculousCAAtiki22&edit=md5 HTTP/1.1" 200 4008 "-" "Mozilla/5.0 (compatible; SemrushBot/7~bl; +http://www.semrush.com/bot.html)"
185.191.171.3 - - [16/Aug/2026:23:48:35 +0700] "GET /wp-admin/maint/file.php?dir=CAAusrCAAshareCAAlocaleCAAhu HTTP/1.1" 200 4651 "-" "Mozilla/5.0 (compatible; SemrushBot/7~bl; +http://www.semrush.com/bot.html)"
85.208.96.211 - - [16/Aug/2026:23:48:50 +0700] "GET /wp-includes/Text/file.php?dir=CAAusrCAAlibCAARAAbuild-idCAAce HTTP/1.1" 200 8375 "-" "Mozilla/5.0 (compatible; SemrushBot/7~bl; +http://www.semrush.com/bot.html)"
185.191.171.14 - - [16/Aug/2026:23:48:59 +0700] "GET /wp-includes/widgets/file.php?dir=CAAhomeCAAqtdcvxypCAAlscacheCAAdCAAfCAAf HTTP/1.1" 200 4639 "-" "Mozilla/5.0 (compatible; SemrushBot/7~bl; +http://www.semrush.com/bot.html)"
185.191.171.11 - - [16/Aug/2026:23:49:21 +0700] "GET /wp-includes/build/file.php?dir=CAAhomeCAAqtdcvxypCAAlscacheCAA2CAA6 HTTP/1.1" 200 5074 "-" "Mozilla/5.0 (compatible; SemrushBot/7~bl; +http://www.semrush.com/bot.html)"
103.15.226.176 - - [16/Aug/2026:23:49:33 +0700] "POST /wp-cron.php?doing_wp_cron=1786898973.6246008872985839843750 HTTP/1.1" 200 0 "-" "WordPress/7.0; https://csr.star4hire.com"
185.191.171.3 - - [16/Aug/2026:23:49:33 +0700] "GET /wp-config.php?dir=CAAusrCAAshareCAAmanCAAman7&edit=WITH.7.gz HTTP/1.1" 200 3378 "-" "Mozilla/5.0 (compatible; SemrushBot/7~bl; +http://www.semrush.com/bot.html)"
85.208.96.195 - - [16/Aug/2026:23:49:58 +0700] "GET /wp-includes/collaboration/file.php?dir=CAAusrCAAshareCAAzoneinfo HTTP/1.1" 200 11879 "-" "Mozilla/5.0 (compatible; SemrushBot/7~bl; +http://www.semrush.com/bot.html)"
85.208.96.209 - - [16/Aug/2026:23:50:07 +0700] "GET /wp-signup.php?dir=CAAvarCAAsoftaculousCAAowm&edit=install.php HTTP/1.1" 200 10082 "-" "Mozilla/5.0 (compatible; SemrushBot/7~bl; +http://www.semrush.com/bot.html)"
185.191.171.13 - - [16/Aug/2026:23:50:10 +0700] "GET /wp-includes/css/file.php?dir=CAAhomeCAAqtdcvxypCAAlscacheCAA8CAA9CAAa HTTP/1.1" 200 4639 "-" "Mozilla/5.0 (compatible; SemrushBot/7~bl; +http://www.semrush.com/bot.html)"
185.191.171.1 - - [16/Aug/2026:23:50:13 +0700] "GET /wp-includes/build/file.php?dir=CAAhomeCAAqtdcvxypCAAlscacheCAA9CAA3 HTTP/1.1" 200 4886 "-" "Mozilla/5.0 (compatible; SemrushBot/7~bl; +http://www.semrush.com/bot.html)"
185.191.171.14 - - [16/Aug/2026:23:50:25 +0700] "GET /wp-login.php?dir=CAAvarCAAsoftaculousCAAwp51CAAphp71&edit=clone.php HTTP/1.1" 200 31981 "-" "Mozilla/5.0 (compatible; SemrushBot/7~bl; +http://www.semrush.com/bot.html)"
103.15.226.176 - - [16/Aug/2026:23:51:06 +0700] "POST /wp-cron.php?doing_wp_cron=1786899066.6326239109039306640625 HTTP/1.1" 200 0 "-" "WordPress/7.0; https://csr.star4hire.com"
185.191.171.10 - - [16/Aug/2026:23:51:11 +0700] "GET /wp-signup.php?dir=CAAusrCAAbin&edit=vimdiff HTTP/1.1" 200 1343187 "-" "Mozilla/5.0 (compatible; SemrushBot/7~bl; +http://www.semrush.com/bot.html)"
85.208.96.199 - - [16/Aug/2026:23:51:16 +0700] "GET /wp-signup.php?dir=CAAusrCAAshareCAAmanCAAman3&edit=cap_free.3.gz HTTP/1.1" 200 3373 "-" "Mozilla/5.0 (compatible; SemrushBot/7~bl; +http://www.semrush.com/bot.html)"
85.208.96.206 - - [16/Aug/2026:23:51:19 +0700] "GET /.well-known/acme-challenge/file.php?dir=CAAhomeCAAqtdcvxypCAAlscacheCAA8CAA3CAAa HTTP/1.1" 200 4645 "-" "Mozilla/5.0 (compatible; SemrushBot/7~bl; +http://www.semrush.com/bot.html)"
85.208.96.209 - - [16/Aug/2026:23:51:51 +0700] "GET /wp-includes/Requests/file.php?dir=CAAhomeCAAqtdcvxypCAAlscacheCAA3CAAeCAA8 HTTP/1.1" 200 4645 "-" "Mozilla/5.0 (compatible; SemrushBot/7~bl; +http://www.semrush.com/bot.html)"
85.208.96.197 - - [16/Aug/2026:23:52:01 +0700] "GET /wp-includes/PHPMailer/file.php?dir=CAAusrCAAlib64CAAperl5CAASys HTTP/1.1" 200 4608 "-" "Mozilla/5.0 (compatible; SemrushBot/7~bl; +http://www.semrush.com/bot.html)"
103.15.226.176 - - [16/Aug/2026:23:52:11 +0700] "POST /wp-cron.php?doing_wp_cron=1786899131.5990428924560546875000 HTTP/1.1" 200 0 "-" "WordPress/7.0; https://csr.star4hire.com"
185.191.171.19 - - [16/Aug/2026:23:52:11 +0700] "GET /wp-config.php?dir=CAAusrCAAshareCAAmanCAAdeCAAman8&edit=adduser.8.gz HTTP/1.1" 200 3394 "-" "Mozilla/5.0 (compatible; SemrushBot/7~bl; +http://www.semrush.com/bot.html)"
185.191.171.8 - - [16/Aug/2026:23:52:24 +0700] "GET /wp-includes/block-patterns/file.php?dir=CAAusrCAAshareCAAlocaleCAAsn HTTP/1.1" 200 4559 "-" "Mozilla/5.0 (compatible; SemrushBot/7~bl; +http://www.semrush.com/bot.html)"
185.191.171.11 - - [16/Aug/2026:23:52:35 +0700] "GET /wp-config.php?dir=CAAvarCAAsoftaculousCAAweberp&edit=_edit.php HTTP/1.1" 200 4486 "-" "Mozilla/5.0 (compatible; SemrushBot/7~bl; +http://www.semrush.com/bot.html)"
185.191.171.2 - - [16/Aug/2026:23:52:38 +0700] "GET /wp-includes/theme-compat/file.php?dir=CAAusrCAAlibCAARAAbuild-idCAAae HTTP/1.1" 200 7927 "-" "Mozilla/5.0 (compatible; SemrushBot/7~bl; +http://www.semrush.com/bot.html)"
185.191.171.8 - - [16/Aug/2026:23:52:45 +0700] "GET /wp-login.php?dir=CAAvarCAAsoftaculousCAAtwgCAAphp53&edit=import.php HTTP/1.1" 200 5118 "-" "Mozilla/5.0 (compatible; SemrushBot/7~bl; +http://www.semrush.com/bot.html)"
85.208.96.206 - - [16/Aug/2026:23:52:53 +0700] "GET /wp-includes/PHPMailer/file.php?dir=CAAhomeCAAqtdcvxypCAAlscacheCAA5CAA1CAA8 HTTP/1.1" 200 4645 "-" "Mozilla/5.0 (compatible; SemrushBot/7~bl; +http://www.semrush.com/bot.html)"
85.208.96.207 - - [16/Aug/2026:23:53:08 +0700] "GET /wp-includes/ID3/file.php?dir=CAAusrCAAlibCAARAAbuild-idCAAb0 HTTP/1.1" 200 9003 "-" "Mozilla/5.0 (compatible; SemrushBot/7~bl; +http://www.semrush.com/bot.html)"
103.15.226.176 - - [16/Aug/2026:23:53:27 +0700] "POST /wp-cron.php?doing_wp_cron=1786899207.5504789352416992187500 HTTP/1.1" 200 0 "-" "WordPress/7.0; https://csr.star4hire.com"
185.191.171.7 - - [16/Aug/2026:23:53:27 +0700] "GET /index.php?dir=CAAoptCAAimunify360CAAvenvCAAbin&edit=rst2xetex.py HTTP/1.1" 200 3836 "-" "Mozilla/5.0 (compatible; SemrushBot/7~bl; +http://www.semrush.com/bot.html)"
185.191.171.12 - - [16/Aug/2026:23:53:34 +0700] "GET /wp-includes/rest-api/file.php?dir=CAAusrCAAincludeCAArpc HTTP/1.1" 200 4586 "-" "Mozilla/5.0 (compatible; SemrushBot/7~bl; +http://www.semrush.com/bot.html)"
85.208.96.204 - - [16/Aug/2026:23:53:38 +0700] "GET /wp-includes/IXR/file.php?dir=CAAusrCAAlibCAAfirmwareCAAqcomCAAsm8450 HTTP/1.1" 200 4783 "-" "Mozilla/5.0 (compatible; SemrushBot/7~bl; +http://www.semrush.com/bot.html)"
185.191.171.17 - - [16/Aug/2026:23:53:59 +0700] "GET /wp-config.php?dir=CAAusrCAAlib64&edit=libpopt.so.0 HTTP/1.1" 200 26093 "-" "Mozilla/5.0 (compatible; SemrushBot/7~bl; +http://www.semrush.com/bot.html)"
185.191.171.6 - - [16/Aug/2026:23:54:06 +0700] "GET /wp-includes/PHPMailer/file.php?dir=CAAusrCAAlib64CAAperl5CAAvendor_perlCAAIO HTTP/1.1" 200 4929 "-" "Mozilla/5.0 (compatible; SemrushBot/7~bl; +http://www.semrush.com/bot.html)"
185.191.171.13 - - [16/Aug/2026:23:54:24 +0700] "GET /wp-includes/theme-compat/file.php?dir=CAAusrCAAshareCAAlocaleCAAmas HTTP/1.1" 200 4560 "-" "Mozilla/5.0 (compatible; SemrushBot/7~bl; +http://www.semrush.com/bot.html)"
103.15.226.176 - - [16/Aug/2026:23:54:30 +0700] "POST /wp-cron.php?doing_wp_cron=1786899270.1770029067993164062500 HTTP/1.1" 200 0 "-" "WordPress/7.0; https://csr.star4hire.com"
185.191.171.15 - - [16/Aug/2026:23:54:32 +0700] "GET /index.php?dir=CAAoptCAAaltCAAvipsCAAlib64&edit=libvips.so.42 HTTP/1.1" 200 1355333 "-" "Mozilla/5.0 (compatible; SemrushBot/7~bl; +http://www.semrush.com/bot.html)"
85.208.96.206 - - [16/Aug/2026:23:54:35 +0700] "GET /wp-includes/assets/file.php?dir=CAAhomeCAAqtdcvxypCAAlscacheCAA9CAAdCAA7 HTTP/1.1" 200 4643 "-" "Mozilla/5.0 (compatible; SemrushBot/7~bl; +http://www.semrush.com/bot.html)"
85.208.96.209 - - [16/Aug/2026:23:55:12 +0700] "GET /wp-config.php?dir=CAAoptCAAaltCAAphp81CAAusrCAAbin&edit=peardev HTTP/1.1" 200 3537 "-" "Mozilla/5.0 (compatible; SemrushBot/7~bl; +http://www.semrush.com/bot.html)"
185.191.171.15 - - [16/Aug/2026:23:55:16 +0700] "GET /wp-includes/widgets/file.php?dir=CAAhomeCAAqtdcvxypCAAlscacheCAAcCAA4CAAc HTTP/1.1" 200 4636 "-" "Mozilla/5.0 (compatible; SemrushBot/7~bl; +http://www.semrush.com/bot.html)"
185.191.171.10 - - [16/Aug/2026:23:55:20 +0700] "GET /wp-includes/sodium_compat/file.php?dir=CAAhomeCAAqtdcvxypCAAlscacheCAAcCAAbCAAf HTTP/1.1" 200 4644 "-" "Mozilla/5.0 (compatible; SemrushBot/7~bl; +http://www.semrush.com/bot.html)"
85.208.96.199 - - [16/Aug/2026:23:56:00 +0700] "GET /wp-includes/rest-api/file.php?dir=CAAhomeCAAqtdcvxypCAAlscacheCAA3CAA0 HTTP/1.1" 200 4786 "-" "Mozilla/5.0 (compatible; SemrushBot/7~bl; +http://www.semrush.com/bot.html)"
103.15.226.176 - - [16/Aug/2026:23:56:11 +0700] "POST /wp-cron.php?doing_wp_cron=1786899371.7573649883270263671875 HTTP/1.1" 200 0 "-" "WordPress/7.0; https://csr.star4hire.com"
185.191.171.2 - - [16/Aug/2026:23:56:11 +0700] "GET /wp-signup.php?dir=CAAusrCAAlibCAAfirmwareCAAi915&edit=mtl_dmc.bin HTTP/1.1" 200 17154 "-" "Mozilla/5.0 (compatible; SemrushBot/7~bl; +http://www.semrush.com/bot.html)"
185.191.171.1 - - [16/Aug/2026:23:56:15 +0700] "GET /wp-includes/PHPMailer/file.php?dir=CAAusrCAAshareCAAzoneinfoCAAMexico HTTP/1.1" 200 4879 "-" "Mozilla/5.0 (compatible; SemrushBot/7~bl; +http://www.semrush.com/bot.html)"
185.191.171.6 - - [16/Aug/2026:23:56:28 +0700] "GET /wp-includes/Requests/file.php?dir=CAAhomeCAAqtdcvxypCAAlscacheCAAdCAA5CAA4 HTTP/1.1" 200 4644 "-" "Mozilla/5.0 (compatible; SemrushBot/7~bl; +http://www.semrush.com/bot.html)"
85.208.96.201 - - [16/Aug/2026:23:56:34 +0700] "GET /wp-signup.php?dir=CAAusrCAAshareCAAmanCAAplCAAman8&edit=usermod.8.gz HTTP/1.1" 200 7333 "-" "Mozilla/5.0 (compatible; SemrushBot/7~bl; +http://www.semrush.com/bot.html)"
185.191.171.13 - - [16/Aug/2026:23:56:39 +0700] "GET /wp-includes/SimplePie/file.php?dir=CAAusrCAAlibCAAfirmwareCAAslicoss HTTP/1.1" 200 5101 "-" "Mozilla/5.0 (compatible; SemrushBot/7~bl; +http://www.semrush.com/bot.html)"
185.191.171.16 - - [16/Aug/2026:23:56:54 +0700] "GET /wp-config.php?dir=CAAusrCAAincludeCAAasm-generic&edit=mman.h HTTP/1.1" 200 3742 "-" "Mozilla/5.0 (compatible; SemrushBot/7~bl; +http://www.semrush.com/bot.html)"
185.191.171.4 - - [16/Aug/2026:23:56:56 +0700] "GET /wp-admin/maint/file.php?dir=CAAusrCAAshareCAAlocaleCAArom HTTP/1.1" 200 4551 "-" "Mozilla/5.0 (compatible; SemrushBot/7~bl; +http://www.semrush.com/bot.html)"
185.191.171.10 - - [16/Aug/2026:23:57:09 +0700] "GET /wp-includes/customize/file.php?dir=CAAhomeCAAqtdcvxypCAAlscacheCAA8 HTTP/1.1" 200 5838 "-" "Mozilla/5.0 (compatible; SemrushBot/7~bl; +http://www.semrush.com/bot.html)"
185.191.171.14 - - [16/Aug/2026:23:57:35 +0700] "GET /wp-includes/interactivity-api/file.php?dir=CAAhomeCAAqtdcvxypCAAlscacheCAAeCAA4 HTTP/1.1" 200 4987 "-" "Mozilla/5.0 (compatible; SemrushBot/7~bl; +http://www.semrush.com/bot.html)"
103.15.226.176 - - [16/Aug/2026:23:57:48 +0700] "POST /wp-cron.php?doing_wp_cron=1786899468.5855450630187988281250 HTTP/1.1" 200 0 "-" "WordPress/7.0; https://csr.star4hire.com"
85.208.96.207 - - [16/Aug/2026:23:57:48 +0700] "GET /robots.txt HTTP/1.1" 200 24086 "-" "Mozilla/5.0 (compatible; SemrushBot/7~bl; +http://www.semrush.com/bot.html)"
185.191.171.4 - - [16/Aug/2026:23:57:50 +0700] "GET /wp-includes/block-bindings/file.php?dir=CAAhomeCAAqtdcvxypCAAlscacheCAA6CAAcCAAc HTTP/1.1" 200 4201 "-" "Mozilla/5.0 (compatible; SemrushBot/7~bl; +http://www.semrush.com/bot.html)"
85.208.96.198 - - [16/Aug/2026:23:57:53 +0700] "GET /wp-includes/theme-compat/file.php?dir=CAAusrCAAlibCAAfirmwareCAAath10k HTTP/1.1" 200 5346 "-" "Mozilla/5.0 (compatible; SemrushBot/7~bl; +http://www.semrush.com/bot.html)"
