85.208.96.205 - - [16/Aug/2026:21:24:43 +0700] "GET /wp-includes/ai-client/file.php?dir=CAAusrCAAlib64CAAgssproxy HTTP/1.1" 200 4601 "-" "Mozilla/5.0 (compatible; SemrushBot/7~bl; +http://www.semrush.com/bot.html)"
185.191.171.2 - - [16/Aug/2026:21:24:45 +0700] "GET /wp-includes/IXR/file.php?dir=CAAhomeCAAqtdcvxypCAAlscmDataCAAlscacheCAAc HTTP/1.1" 200 4791 "-" "Mozilla/5.0 (compatible; SemrushBot/7~bl; +http://www.semrush.com/bot.html)"
185.191.171.15 - - [16/Aug/2026:21:24:49 +0700] "GET /index.php?dir=CAAusrCAAincludeCAAbits&edit=xopen_lim.h HTTP/1.1" 200 4855 "-" "Mozilla/5.0 (compatible; SemrushBot/7~bl; +http://www.semrush.com/bot.html)"
85.208.96.201 - - [16/Aug/2026:21:24:56 +0700] "GET /wp-login.php?dir=CAAusrCAAshareCAAmanCAAman5&edit=nanorc.5.gz HTTP/1.1" 200 11800 "-" "Mozilla/5.0 (compatible; SemrushBot/7~bl; +http://www.semrush.com/bot.html)"
85.208.96.205 - - [16/Aug/2026:21:25:01 +0700] "GET /wp-login.php?dir=CAAvarCAAsoftaculousCAAhumhubCAAphp53&edit=edit.php HTTP/1.1" 200 7511 "-" "Mozilla/5.0 (compatible; SemrushBot/7~bl; +http://www.semrush.com/bot.html)"
185.191.171.13 - - [16/Aug/2026:21:25:06 +0700] "GET /wp-signup.php?dir=CAAvarCAAsoftaculousCAAshopware&edit=info.xml HTTP/1.1" 200 4863 "-" "Mozilla/5.0 (compatible; SemrushBot/7~bl; +http://www.semrush.com/bot.html)"
185.191.171.4 - - [16/Aug/2026:21:25:10 +0700] "GET /index.php?dir=CAAusrCAAlibCAAfirmwareCAAamdgpu&edit=fiji_mc.bin HTTP/1.1" 200 9063 "-" "Mozilla/5.0 (compatible; SemrushBot/7~bl; +http://www.semrush.com/bot.html)"
185.191.171.8 - - [16/Aug/2026:21:25:13 +0700] "GET /wp-includes/PHPMailer/file.php?dir=CAAusrCAAshareCAAlocaleCAAkamCAALC_MESSAGES HTTP/1.1" 200 4202 "-" "Mozilla/5.0 (compatible; SemrushBot/7~bl; +http://www.semrush.com/bot.html)"
85.208.96.212 - - [16/Aug/2026:21:25:24 +0700] "GET /wp-signup.php?dir=CAAoptCAAaltCAAphp52CAAusrCAAbin&edit=lsphp HTTP/1.1" 200 1281233 "-" "Mozilla/5.0 (compatible; SemrushBot/7~bl; +http://www.semrush.com/bot.html)"
103.15.226.176 - - [16/Aug/2026:21:25:35 +0700] "POST /wp-cron.php?doing_wp_cron=1786890335.6193110942840576171875 HTTP/1.1" 200 0 "-" "WordPress/7.0; https://csr.star4hire.com"
185.191.171.10 - - [16/Aug/2026:21:25:35 +0700] "GET /wp-admin/maint/repair.php?dir=CAAusrCAAshareCAAperl5CAALocaleCAAMaketext HTTP/1.1" 200 4627 "-" "Mozilla/5.0 (compatible; SemrushBot/7~bl; +http://www.semrush.com/bot.html)"
85.208.96.212 - - [16/Aug/2026:21:25:38 +0700] "GET /wp-includes/assets/file.php?dir=CAAusrCAAlib64CAApython3RAA8CAAlib-dynload HTTP/1.1" 200 12319 "-" "Mozilla/5.0 (compatible; SemrushBot/7~bl; +http://www.semrush.com/bot.html)"
85.208.96.212 - - [16/Aug/2026:21:25:40 +0700] "GET /wp-includes/SimplePie/file.php?dir=CAAusrCAAlibCAARAAbuild-idCAA47 HTTP/1.1" 200 8968 "-" "Mozilla/5.0 (compatible; SemrushBot/7~bl; +http://www.semrush.com/bot.html)"
185.191.171.11 - - [16/Aug/2026:21:25:45 +0700] "GET /index.php?dir=CAAvarCAAsoftaculousCAApunbb&edit=md5 HTTP/1.1" 200 7004 "-" "Mozilla/5.0 (compatible; SemrushBot/7~bl; +http://www.semrush.com/bot.html)"
185.191.171.13 - - [16/Aug/2026:21:25:54 +0700] "GET /wp-login.php?dir=CAAusrCAAlib64CAApython3RAA8CAAhttp&edit=server.py HTTP/1.1" 200 18720 "-" "Mozilla/5.0 (compatible; SemrushBot/7~bl; +http://www.semrush.com/bot.html)"
185.191.171.18 - - [16/Aug/2026:21:25:57 +0700] "GET /wp-includes/ai-client/file.php?dir=CAAusrCAAlib64CAApython3RAA12CAAunittest HTTP/1.1" 200 6308 "-" "Mozilla/5.0 (compatible; SemrushBot/7~bl; +http://www.semrush.com/bot.html)"
85.208.96.206 - - [16/Aug/2026:21:26:00 +0700] "GET /wp-includes/theme-compat/file.php?dir=CAAusrCAAlibCAAfirmwareCAAnvidiaCAAgb206 HTTP/1.1" 200 4565 "-" "Mozilla/5.0 (compatible; SemrushBot/7~bl; +http://www.semrush.com/bot.html)"
85.208.96.208 - - [16/Aug/2026:21:26:06 +0700] "GET /wp-signup.php?dir=CAAvarCAAsoftaculousCAAowaCAAimages&edit=owa.png HTTP/1.1" 200 6986 "-" "Mozilla/5.0 (compatible; SemrushBot/7~bl; +http://www.semrush.com/bot.html)"
85.208.96.208 - - [16/Aug/2026:21:26:08 +0700] "GET /wp-includes/rest-api/file.php?dir=CAAusrCAAshareCAAlocaleCAAaln HTTP/1.1" 200 4555 "-" "Mozilla/5.0 (compatible; SemrushBot/7~bl; +http://www.semrush.com/bot.html)"
185.191.171.9 - - [16/Aug/2026:21:26:11 +0700] "GET /wp-includes/IXR/file.php?dir=CAAusrCAAlibCAArpmCAAplatformCAApentium4-linux HTTP/1.1" 200 4623 "-" "Mozilla/5.0 (compatible; SemrushBot/7~bl; +http://www.semrush.com/bot.html)"
185.191.171.17 - - [16/Aug/2026:21:26:15 +0700] "GET /wp-signup.php?action=download&dir=CAAusrCAAlibCAARAAbuild-idCAA70 HTTP/1.1" 200 7226 "-" "Mozilla/5.0 (compatible; SemrushBot/7~bl; +http://www.semrush.com/bot.html)"
85.208.96.211 - - [16/Aug/2026:21:26:18 +0700] "GET /wp-includes/Text/file.php?dir=CAAusrCAAlibCAARAAbuild-idCAAc4 HTTP/1.1" 200 9064 "-" "Mozilla/5.0 (compatible; SemrushBot/7~bl; +http://www.semrush.com/bot.html)"
85.208.96.212 - - [16/Aug/2026:21:26:21 +0700] "GET /wp-signup.php?dir=CAAvarCAAsoftaculousCAAglpi&edit=md5 HTTP/1.1" 200 4698 "-" "Mozilla/5.0 (compatible; SemrushBot/7~bl; +http://www.semrush.com/bot.html)"
185.191.171.16 - - [16/Aug/2026:21:26:24 +0700] "GET /wp-includes/sitemaps/file.php?dir=CAAhomeCAAqtdcvxypCAAlscacheCAA8CAA3CAA1 HTTP/1.1" 200 4798 "-" "Mozilla/5.0 (compatible; SemrushBot/7~bl; +http://www.semrush.com/bot.html)"
185.191.171.16 - - [16/Aug/2026:21:26:25 +0700] "GET /wp-includes/block-patterns/file.php?dir=CAAusrCAAshareCAAlocaleCAAmak HTTP/1.1" 200 4561 "-" "Mozilla/5.0 (compatible; SemrushBot/7~bl; +http://www.semrush.com/bot.html)"
85.208.96.210 - - [16/Aug/2026:21:26:28 +0700] "GET /wp-includes/sodium_compat/file.php?dir=CAAhomeCAAqtdcvxypCAAlscacheCAAfCAAeCAAd HTTP/1.1" 200 4647 "-" "Mozilla/5.0 (compatible; SemrushBot/7~bl; +http://www.semrush.com/bot.html)"
185.191.171.7 - - [16/Aug/2026:21:26:31 +0700] "GET /wp-admin/js/file.php?dir=CAAusrCAAshareCAAlocaleCAAgaa HTTP/1.1" 200 4547 "-" "Mozilla/5.0 (compatible; SemrushBot/7~bl; +http://www.semrush.com/bot.html)"
103.15.226.176 - - [16/Aug/2026:21:26:35 +0700] "POST /wp-cron.php?doing_wp_cron=1786890395.6214110851287841796875 HTTP/1.1" 200 0 "-" "WordPress/7.0; https://csr.star4hire.com"
85.208.96.208 - - [16/Aug/2026:21:26:35 +0700] "GET /wp-admin/maint/repair.php?dir=CAAusrCAAincludeCAAapache2 HTTP/1.1" 200 11947 "-" "Mozilla/5.0 (compatible; SemrushBot/7~bl; +http://www.semrush.com/bot.html)"
185.191.171.3 - - [16/Aug/2026:21:26:39 +0700] "GET /index.php?dir=CAAvarCAAsoftaculousCAAwp56&edit=add_user.php HTTP/1.1" 200 3610 "-" "Mozilla/5.0 (compatible; SemrushBot/7~bl; +http://www.semrush.com/bot.html)"
85.208.96.209 - - [16/Aug/2026:21:26:42 +0700] "GET /wp-admin/images/file.php?dir=CAAhomeCAAqtdcvxypCAAlscacheCAAbCAA3CAA3 HTTP/1.1" 200 4634 "-" "Mozilla/5.0 (compatible; SemrushBot/7~bl; +http://www.semrush.com/bot.html)"
185.191.171.16 - - [16/Aug/2026:21:26:44 +0700] "GET /wp-includes/block-patterns/file.php?dir=CAAusrCAAshareCAAlocaleCAAhaw HTTP/1.1" 200 4560 "-" "Mozilla/5.0 (compatible; SemrushBot/7~bl; +http://www.semrush.com/bot.html)"
185.191.171.13 - - [16/Aug/2026:21:26:48 +0700] "GET /wp-config.php?dir=CAAhomeCAAqtdcvxypCAAlscacheCAAeCAAf&edit=file.php HTTP/1.1" 200 12785 "-" "Mozilla/5.0 (compatible; SemrushBot/7~bl; +http://www.semrush.com/bot.html)"
185.191.171.13 - - [16/Aug/2026:21:26:52 +0700] "GET /wp-includes/style-engine/file.php?dir=CAAhomeCAAqtdcvxypCAAlscacheCAAdCAA8CAAa HTTP/1.1" 200 4641 "-" "Mozilla/5.0 (compatible; SemrushBot/7~bl; +http://www.semrush.com/bot.html)"
185.191.171.13 - - [16/Aug/2026:21:26:54 +0700] "GET /wp-admin/images/file.php?dir=CAAhomeCAAqtdcvxypCAAlscacheCAAcCAA1 HTTP/1.1" 200 5069 "-" "Mozilla/5.0 (compatible; SemrushBot/7~bl; +http://www.semrush.com/bot.html)"
185.191.171.3 - - [16/Aug/2026:21:26:56 +0700] "GET /wp-includes/block-patterns/file.php?dir=CAAusrCAAshareCAAlocaleCAAfo HTTP/1.1" 200 4553 "-" "Mozilla/5.0 (compatible; SemrushBot/7~bl; +http://www.semrush.com/bot.html)"
85.208.96.200 - - [16/Aug/2026:21:26:59 +0700] "GET /wp-includes/php-ai-client/file.php?dir=CAAhomeCAAqtdcvxypCAAlscacheCAAaCAA3CAAa HTTP/1.1" 200 4635 "-" "Mozilla/5.0 (compatible; SemrushBot/7~bl; +http://www.semrush.com/bot.html)"
185.191.171.17 - - [16/Aug/2026:21:27:04 +0700] "GET /wp-signup.php?dir=CAAusrCAAincludeCAAncurses&edit=curses.h HTTP/1.1" 200 23834 "-" "Mozilla/5.0 (compatible; SemrushBot/7~bl; +http://www.semrush.com/bot.html)"
85.208.96.211 - - [16/Aug/2026:21:27:08 +0700] "GET /wp-config.php?dir=CAAusrCAAshareCAAmanCAAman1&edit=colrm.1.gz HTTP/1.1" 200 4825 "-" "Mozilla/5.0 (compatible; SemrushBot/7~bl; +http://www.semrush.com/bot.html)"
85.208.96.205 - - [16/Aug/2026:21:27:11 +0700] "GET /wp-includes/rest-api/file.php?dir=CAAhomeCAAqtdcvxypCAAlscmDataCAAlscacheCAA9 HTTP/1.1" 200 4896 "-" "Mozilla/5.0 (compatible; SemrushBot/7~bl; +http://www.semrush.com/bot.html)"
85.208.96.200 - - [16/Aug/2026:21:27:15 +0700] "GET /index.php?dir=CAAvarCAAsoftaculousCAAopenbCAAimages&edit=logo.gif HTTP/1.1" 200 3925 "-" "Mozilla/5.0 (compatible; SemrushBot/7~bl; +http://www.semrush.com/bot.html)"
185.191.171.14 - - [16/Aug/2026:21:27:23 +0700] "GET /wp-config.php?dir=CAAusrCAAincludeCAAbind9CAAdns&edit=geoip.h HTTP/1.1" 200 4322 "-" "Mozilla/5.0 (compatible; SemrushBot/7~bl; +http://www.semrush.com/bot.html)"
85.208.96.210 - - [16/Aug/2026:21:27:27 +0700] "GET /wp-signup.php?dir=CAAvarCAAsoftaculousCAAcszcms&edit=clone.php HTTP/1.1" 200 8070 "-" "Mozilla/5.0 (compatible; SemrushBot/7~bl; +http://www.semrush.com/bot.html)"
85.208.96.200 - - [16/Aug/2026:21:27:30 +0700] "GET /wp-signup.php?dir=CAAusrCAAlibCAAkbdCAAconsolefonts&edit=iso04.08.gz HTTP/1.1" 200 3422 "-" "Mozilla/5.0 (compatible; SemrushBot/7~bl; +http://www.semrush.com/bot.html)"
185.191.171.11 - - [16/Aug/2026:21:27:33 +0700] "GET /wp-includes/block-patterns/file.php?dir=CAAusrCAAshareCAAlocaleCAAcad HTTP/1.1" 200 4561 "-" "Mozilla/5.0 (compatible; SemrushBot/7~bl; +http://www.semrush.com/bot.html)"
85.208.96.200 - - [16/Aug/2026:21:27:36 +0700] "GET /wp-includes/PHPMailer/file.php?dir=CAAusrCAAshareCAAlocaleCAAcau HTTP/1.1" 200 4551 "-" "Mozilla/5.0 (compatible; SemrushBot/7~bl; +http://www.semrush.com/bot.html)"
103.15.226.176 - - [16/Aug/2026:21:27:40 +0700] "POST /wp-cron.php?doing_wp_cron=1786890460.8130280971527099609375 HTTP/1.1" 200 0 "-" "WordPress/7.0; https://csr.star4hire.com"
185.191.171.13 - - [16/Aug/2026:21:27:40 +0700] "GET /wp-signup.php?dir=CAAusrCAAlibCAAgrubCAAi386-pc&edit=procfs.mod HTTP/1.1" 200 4417 "-" "Mozilla/5.0 (compatible; SemrushBot/7~bl; +http://www.semrush.com/bot.html)"
185.191.171.11 - - [16/Aug/2026:21:27:43 +0700] "GET /wp-admin/maint/file.php?dir=CAAusrCAAshareCAAlocaleCAAarw HTTP/1.1" 200 4550 "-" "Mozilla/5.0 (compatible; SemrushBot/7~bl; +http://www.semrush.com/bot.html)"
185.191.171.14 - - [16/Aug/2026:21:27:46 +0700] "GET /wp-includes/certificates/file.php?dir=CAAhomeCAAqtdcvxypCAAlscacheCAA0CAAe HTTP/1.1" 200 4887 "-" "Mozilla/5.0 (compatible; SemrushBot/7~bl; +http://www.semrush.com/bot.html)"
85.208.96.194 - - [16/Aug/2026:21:27:49 +0700] "GET /wp-includes/rest-api/file.php?dir=CAAusrCAAshareCAAlocaleCAAast HTTP/1.1" 200 4554 "-" "Mozilla/5.0 (compatible; SemrushBot/7~bl; +http://www.semrush.com/bot.html)"
85.208.96.207 - - [16/Aug/2026:21:27:52 +0700] "GET /wp-includes/ai-client/file.php?dir=CAAusrCAAlib64CAArubyCAAvendor_ruby HTTP/1.1" 200 4183 "-" "Mozilla/5.0 (compatible; SemrushBot/7~bl; +http://www.semrush.com/bot.html)"
85.208.96.209 - - [16/Aug/2026:21:27:54 +0700] "GET /wp-includes/SimplePie/file.php?dir=CAAusrCAAlibCAAfirmwareCAArtw88 HTTP/1.1" 200 5901 "-" "Mozilla/5.0 (compatible; SemrushBot/7~bl; +http://www.semrush.com/bot.html)"
185.191.171.15 - - [16/Aug/2026:21:27:58 +0700] "GET /index.php?dir=CAAvarCAAsoftaculousCAAdolph&edit=import.php HTTP/1.1" 200 5841 "-" "Mozilla/5.0 (compatible; SemrushBot/7~bl; +http://www.semrush.com/bot.html)"
185.191.171.11 - - [16/Aug/2026:21:28:01 +0700] "GET /wp-admin/maint/file.php?dir=CAAusrCAAshareCAAlocaleCAAgor HTTP/1.1" 200 4548 "-" "Mozilla/5.0 (compatible; SemrushBot/7~bl; +http://www.semrush.com/bot.html)"
85.208.96.200 - - [16/Aug/2026:21:28:03 +0700] "GET /wp-includes/sodium_compat/file.php?dir=CAAhomeCAAqtdcvxypCAAlscacheCAA9CAA8CAA0 HTTP/1.1" 200 4646 "-" "Mozilla/5.0 (compatible; SemrushBot/7~bl; +http://www.semrush.com/bot.html)"
85.208.96.198 - - [16/Aug/2026:21:28:09 +0700] "GET /wp-config.php?dir=CAAusrCAAshareCAAmanCAAman1&edit=disown.1.gz HTTP/1.1" 200 3376 "-" "Mozilla/5.0 (compatible; SemrushBot/7~bl; +http://www.semrush.com/bot.html)"
185.191.171.10 - - [16/Aug/2026:21:28:12 +0700] "GET /wp-includes/block-bindings/file.php?dir=CAAhomeCAAqtdcvxypCAAlscacheCAA1CAA4 HTTP/1.1" 200 4897 "-" "Mozilla/5.0 (compatible; SemrushBot/7~bl; +http://www.semrush.com/bot.html)"
185.191.171.2 - - [16/Aug/2026:21:28:20 +0700] "GET /wp-login.php?dir=CAAvarCAAsoftaculousCAAunaCAAphp56&edit=clone.php HTTP/1.1" 200 8759 "-" "Mozilla/5.0 (compatible; SemrushBot/7~bl; +http://www.semrush.com/bot.html)"
85.208.96.204 - - [16/Aug/2026:21:28:24 +0700] "GET /wp-signup.php?dir=CAAusrCAAlibCAAkbdCAAunimaps&edit=8859-5.a0-ff.uni HTTP/1.1" 200 4301 "-" "Mozilla/5.0 (compatible; SemrushBot/7~bl; +http://www.semrush.com/bot.html)"
185.191.171.11 - - [16/Aug/2026:21:28:29 +0700] "GET /wp-admin/maint/repair.php?dir=CAAusrCAAshareCAAterminfoCAAE HTTP/1.1" 200 4969 "-" "Mozilla/5.0 (compatible; SemrushBot/7~bl; +http://www.semrush.com/bot.html)"
185.191.171.14 - - [16/Aug/2026:21:28:35 +0700] "GET /wp-login.php?dir=CAAusrCAAshareCAAlibtoolCAAlibltdl&edit=lt__glibc.h HTTP/1.1" 200 4538 "-" "Mozilla/5.0 (compatible; SemrushBot/7~bl; +http://www.semrush.com/bot.html)"
85.208.96.200 - - [16/Aug/2026:21:28:38 +0700] "GET /wp-includes/theme-compat/file.php?dir=CAAusrCAAshareCAAlocaleCAAjam HTTP/1.1" 200 4555 "-" "Mozilla/5.0 (compatible; SemrushBot/7~bl; +http://www.semrush.com/bot.html)"
85.208.96.200 - - [16/Aug/2026:21:29:26 +0700] "GET /wp-includes/fonts/file.php?dir=CAAhomeCAAqtdcvxypCAAlscacheCAAeCAA7CAA3 HTTP/1.1" 200 4632 "-" "Mozilla/5.0 (compatible; SemrushBot/7~bl; +http://www.semrush.com/bot.html)"
103.15.226.176 - - [16/Aug/2026:21:29:31 +0700] "POST /wp-cron.php?doing_wp_cron=1786890571.0482571125030517578125 HTTP/1.1" 200 0 "-" "WordPress/7.0; https://csr.star4hire.com"
185.191.171.4 - - [16/Aug/2026:21:29:31 +0700] "GET /wp-admin/maint/repair.php?dir=CAAusrCAAincludeCAAprotocols HTTP/1.1" 200 4984 "-" "Mozilla/5.0 (compatible; SemrushBot/7~bl; +http://www.semrush.com/bot.html)"
85.208.96.195 - - [16/Aug/2026:21:29:34 +0700] "GET /wp-includes/assets/file.php?dir=CAAhomeCAAqtdcvxypCAAlscacheCAA9CAAdCAA0 HTTP/1.1" 200 4199 "-" "Mozilla/5.0 (compatible; SemrushBot/7~bl; +http://www.semrush.com/bot.html)"
185.191.171.13 - - [16/Aug/2026:21:29:38 +0700] "GET /index.php?dir=CAAvarCAAsoftaculousCAAzikula&edit=check_suphp.php HTTP/1.1" 200 3397 "-" "Mozilla/5.0 (compatible; SemrushBot/7~bl; +http://www.semrush.com/bot.html)"
85.208.96.210 - - [16/Aug/2026:21:29:46 +0700] "GET /wp-login.php?dir=CAAusrCAAbin&edit=od HTTP/1.1" 200 32849 "-" "Mozilla/5.0 (compatible; SemrushBot/7~bl; +http://www.semrush.com/bot.html)"
185.191.171.11 - - [16/Aug/2026:21:29:49 +0700] "GET /wp-includes/php-compat/file.php?dir=CAAhomeCAAqtdcvxypCAAlscacheCAA1CAA4 HTTP/1.1" 200 4893 "-" "Mozilla/5.0 (compatible; SemrushBot/7~bl; +http://www.semrush.com/bot.html)"
185.191.171.7 - - [16/Aug/2026:21:29:53 +0700] "GET /index.php?dir=CAAusrCAAshareCAAvimCAAvim80CAAsyntax&edit=wsh.vim HTTP/1.1" 200 3919 "-" "Mozilla/5.0 (compatible; SemrushBot/7~bl; +http://www.semrush.com/bot.html)"
85.208.96.206 - - [16/Aug/2026:21:29:55 +0700] "GET /wp-includes/IXR/file.php?dir=CAAusrCAAincludeCAAGLCAAinternal HTTP/1.1" 200 4606 "-" "Mozilla/5.0 (compatible; SemrushBot/7~bl; +http://www.semrush.com/bot.html)"
185.191.171.14 - - [16/Aug/2026:21:29:59 +0700] "GET /wp-config.php?dir=CAAusrCAAshareCAAi18nCAAlocales&edit=fr_LU HTTP/1.1" 200 4807 "-" "Mozilla/5.0 (compatible; SemrushBot/7~bl; +http://www.semrush.com/bot.html)"
185.191.171.16 - - [16/Aug/2026:21:30:03 +0700] "GET /wp-includes/collaboration/file.php?dir=CAAusrCAAshareCAAman HTTP/1.1" 200 8174 "-" "Mozilla/5.0 (compatible; SemrushBot/7~bl; +http://www.semrush.com/bot.html)"
85.208.96.200 - - [16/Aug/2026:21:30:08 +0700] "GET /wp-config.php?dir=CAAvarCAAsoftaculousCAAwp63&edit=notes.txt HTTP/1.1" 200 6045 "-" "Mozilla/5.0 (compatible; SemrushBot/7~bl; +http://www.semrush.com/bot.html)"
85.208.96.210 - - [16/Aug/2026:21:30:10 +0700] "GET /wp-includes/ai-client/file.php?dir=CAAusrCAAlib64CAApython3RAA6CAAlib-dynload HTTP/1.1" 200 11686 "-" "Mozilla/5.0 (compatible; SemrushBot/7~bl; +http://www.semrush.com/bot.html)"
85.208.96.197 - - [16/Aug/2026:21:30:12 +0700] "GET /wp-includes/Text/file.php?dir=CAAusrCAAlibCAAudevCAArulesRAAd HTTP/1.1" 200 11791 "-" "Mozilla/5.0 (compatible; SemrushBot/7~bl; +http://www.semrush.com/bot.html)"
185.191.171.15 - - [16/Aug/2026:21:30:14 +0700] "GET /robots.txt HTTP/1.1" 200 24085 "-" "Mozilla/5.0 (compatible; SemrushBot/7~bl; +http://www.semrush.com/bot.html)"
85.208.96.199 - - [16/Aug/2026:21:30:17 +0700] "GET /wp-config.php?dir=CAAusrCAAshareCAAvimCAAvim80CAAsyntax&edit=cdl.vim HTTP/1.1" 200 4509 "-" "Mozilla/5.0 (compatible; SemrushBot/7~bl; +http://www.semrush.com/bot.html)"
185.191.171.6 - - [16/Aug/2026:21:30:23 +0700] "GET /index.php?dir=CAAvarCAAsoftaculousCAApresta17&edit=changelog.txt HTTP/1.1" 200 5707 "-" "Mozilla/5.0 (compatible; SemrushBot/7~bl; +http://www.semrush.com/bot.html)"
185.191.171.1 - - [16/Aug/2026:21:30:27 +0700] "GET /wp-admin/maint/repair.php?dir=CAAusrCAAlibCAAlocaleCAAen_DK HTTP/1.1" 200 6130 "-" "Mozilla/5.0 (compatible; SemrushBot/7~bl; +http://www.semrush.com/bot.html)"
85.208.96.196 - - [16/Aug/2026:21:30:30 +0700] "GET /wp-admin/maint/file.php?dir=CAAhomeCAAqtdcvxypCAAlscacheCAA6CAAa HTTP/1.1" 200 4875 "-" "Mozilla/5.0 (compatible; SemrushBot/7~bl; +http://www.semrush.com/bot.html)"
103.15.226.176 - - [16/Aug/2026:21:30:35 +0700] "POST /wp-cron.php?doing_wp_cron=1786890635.7435419559478759765625 HTTP/1.1" 200 0 "-" "WordPress/7.0; https://csr.star4hire.com"
185.191.171.13 - - [16/Aug/2026:21:30:35 +0700] "GET /index.php?dir=CAAusrCAAshareCAAmanCAAman3&edit=getyx.3x.gz HTTP/1.1" 200 5151 "-" "Mozilla/5.0 (compatible; SemrushBot/7~bl; +http://www.semrush.com/bot.html)"
85.208.96.200 - - [16/Aug/2026:21:30:38 +0700] "GET /wp-includes/php-ai-client/file.php?dir=CAAhomeCAAqtdcvxypCAAlscacheCAA8CAA8CAAa HTTP/1.1" 200 4642 "-" "Mozilla/5.0 (compatible; SemrushBot/7~bl; +http://www.semrush.com/bot.html)"
185.191.171.4 - - [16/Aug/2026:21:30:41 +0700] "GET /wp-includes/block-bindings/file.php?dir=CAAhomeCAAqtdcvxypCAAlscacheCAA9CAA0 HTTP/1.1" 200 4791 "-" "Mozilla/5.0 (compatible; SemrushBot/7~bl; +http://www.semrush.com/bot.html)"
85.208.96.202 - - [16/Aug/2026:21:30:45 +0700] "GET /wp-config.php?dir=CAAusrCAAincludeCAAlinux&edit=gen_stats.h HTTP/1.1" 200 3883 "-" "Mozilla/5.0 (compatible; SemrushBot/7~bl; +http://www.semrush.com/bot.html)"
185.191.171.10 - - [16/Aug/2026:21:30:50 +0700] "GET /index.php?dir=CAAhomeCAAqtdcvxypCAAtmpCAAanalog&edit=browsum.png HTTP/1.1" 200 6616 "-" "Mozilla/5.0 (compatible; SemrushBot/7~bl; +http://www.semrush.com/bot.html)"
85.208.96.203 - - [16/Aug/2026:21:30:53 +0700] "GET /wp-includes/ai-client/file.php?dir=CAAusrCAAshareCAAmyspell HTTP/1.1" 200 9348 "-" "Mozilla/5.0 (compatible; SemrushBot/7~bl; +http://www.semrush.com/bot.html)"
85.208.96.206 - - [16/Aug/2026:21:30:56 +0700] "GET /index.php?dir=CAAvarCAAsoftaculousCAAlime&edit=fileindex.php HTTP/1.1" 200 3443 "-" "Mozilla/5.0 (compatible; SemrushBot/7~bl; +http://www.semrush.com/bot.html)"
85.208.96.193 - - [16/Aug/2026:21:31:01 +0700] "GET /index.php?dir=CAAvarCAAsoftaculousCAAbuggenie&edit=install.php HTTP/1.1" 200 9878 "-" "Mozilla/5.0 (compatible; SemrushBot/7~bl; +http://www.semrush.com/bot.html)"
85.208.96.206 - - [16/Aug/2026:21:31:04 +0700] "GET /wp-includes/block-patterns/file.php?dir=CAAusrCAAshareCAAlocaleCAAsrr HTTP/1.1" 200 4558 "-" "Mozilla/5.0 (compatible; SemrushBot/7~bl; +http://www.semrush.com/bot.html)"
185.191.171.7 - - [16/Aug/2026:21:31:06 +0700] "GET /wp-admin/maint/file.php?dir=CAAusrCAAshareCAAvimCAAvim80CAAlangCAAga HTTP/1.1" 200 4575 "-" "Mozilla/5.0 (compatible; SemrushBot/7~bl; +http://www.semrush.com/bot.html)"
185.191.171.11 - - [16/Aug/2026:21:31:09 +0700] "GET /wp-includes/theme-compat/file.php?dir=CAAusrCAAshareCAAlocaleCAAfa HTTP/1.1" 200 4552 "-" "Mozilla/5.0 (compatible; SemrushBot/7~bl; +http://www.semrush.com/bot.html)"
85.208.96.193 - - [16/Aug/2026:21:31:11 +0700] "GET /wp-includes/rest-api/file.php?dir=CAAusrCAAlocalCAAbin HTTP/1.1" 200 6389 "-" "Mozilla/5.0 (compatible; SemrushBot/7~bl; +http://www.semrush.com/bot.html)"
185.191.171.11 - - [16/Aug/2026:21:31:18 +0700] "GET /wp-login.php?dir=CAAusrCAAlib64CAApkgconfig&edit=libtiff-4.pc HTTP/1.1" 200 3452 "-" "Mozilla/5.0 (compatible; SemrushBot/7~bl; +http://www.semrush.com/bot.html)"
85.208.96.200 - - [16/Aug/2026:21:31:21 +0700] "GET /wp-includes/block-patterns/file.php?dir=CAAusrCAAshareCAAlocaleCAAlg HTTP/1.1" 200 4655 "-" "Mozilla/5.0 (compatible; SemrushBot/7~bl; +http://www.semrush.com/bot.html)"
85.208.96.200 - - [16/Aug/2026:21:31:23 +0700] "GET /wp-admin/js/file.php?dir=CAAusrCAAlib64CAAnssCAAunsupported-tools HTTP/1.1" 200 6889 "-" "Mozilla/5.0 (compatible; SemrushBot/7~bl; +http://www.semrush.com/bot.html)"
185.191.171.4 - - [16/Aug/2026:21:31:26 +0700] "GET /wp-admin/maint/repair.php?dir=CAAusrCAAshareCAAautomake-1RAA16 HTTP/1.1" 200 6774 "-" "Mozilla/5.0 (compatible; SemrushBot/7~bl; +http://www.semrush.com/bot.html)"
85.208.96.211 - - [16/Aug/2026:21:31:29 +0700] "GET /wp-includes/block-supports/file.php?dir=CAAhomeCAAqtdcvxypCAAlscacheCAA5CAA9 HTTP/1.1" 200 4791 "-" "Mozilla/5.0 (compatible; SemrushBot/7~bl; +http://www.semrush.com/bot.html)"
185.191.171.18 - - [16/Aug/2026:21:31:31 +0700] "GET /wp-includes/ID3/file.php?dir=CAAusrCAAlibCAARAAbuild-idCAAa5 HTTP/1.1" 200 8653 "-" "Mozilla/5.0 (compatible; SemrushBot/7~bl; +http://www.semrush.com/bot.html)"
103.15.226.176 - - [16/Aug/2026:21:31:49 +0700] "POST /wp-cron.php?doing_wp_cron=1786890709.9201209545135498046875 HTTP/1.1" 200 0 "-" "WordPress/7.0; https://csr.star4hire.com"
85.208.96.196 - - [16/Aug/2026:21:31:49 +0700] "GET /wp-signup.php?dir=CAAusrCAAshareCAAvimCAAvim80CAAindent&edit=jsp.vim HTTP/1.1" 200 3620 "-" "Mozilla/5.0 (compatible; SemrushBot/7~bl; +http://www.semrush.com/bot.html)"
85.208.96.206 - - [16/Aug/2026:21:32:04 +0700] "GET /wp-admin/images/file.php?dir=CAAusrCAAshareCAAcrypto-policies HTTP/1.1" 200 5569 "-" "Mozilla/5.0 (compatible; SemrushBot/7~bl; +http://www.semrush.com/bot.html)"
85.208.96.200 - - [16/Aug/2026:21:32:06 +0700] "GET /wp-includes/ID3/file.php?dir=CAAhomeCAAqtdcvxypCAAlscacheCAA3CAA0 HTTP/1.1" 200 4782 "-" "Mozilla/5.0 (compatible; SemrushBot/7~bl; +http://www.semrush.com/bot.html)"
185.191.171.13 - - [16/Aug/2026:21:32:08 +0700] "GET /wp-includes/html-api/file.php?dir=CAAhomeCAAqtdcvxypCAAlscacheCAA3CAA8 HTTP/1.1" 200 4884 "-" "Mozilla/5.0 (compatible; SemrushBot/7~bl; +http://www.semrush.com/bot.html)"
85.208.96.206 - - [16/Aug/2026:21:32:30 +0700] "GET /wp-includes/theme-compat/file.php?dir=CAAusrCAAshareCAAlocaleCAAkutCAALC_MESSAGES HTTP/1.1" 200 4204 "-" "Mozilla/5.0 (compatible; SemrushBot/7~bl; +http://www.semrush.com/bot.html)"
185.191.171.10 - - [16/Aug/2026:21:32:35 +0700] "GET /wp-admin/images/file.php?dir=CAAusrCAAshareCAAtcl8CAA8RAA6 HTTP/1.1" 200 4613 "-" "Mozilla/5.0 (compatible; SemrushBot/7~bl; +http://www.semrush.com/bot.html)"
185.191.171.16 - - [16/Aug/2026:21:32:40 +0700] "GET /wp-signup.php?dir=CAAvarCAAsoftaculousCAAmoodle44&edit=fileindex.php HTTP/1.1" 200 3868 "-" "Mozilla/5.0 (compatible; SemrushBot/7~bl; +http://www.semrush.com/bot.html)"
85.208.96.206 - - [16/Aug/2026:21:32:47 +0700] "GET /wp-login.php?action=download&dir=CAAusrCAAlibCAARAAbuild-idCAA71 HTTP/1.1" 200 8319 "-" "Mozilla/5.0 (compatible; SemrushBot/7~bl; +http://www.semrush.com/bot.html)"
103.15.226.176 - - [16/Aug/2026:21:32:57 +0700] "POST /wp-cron.php?doing_wp_cron=1786890777.3074350357055664062500 HTTP/1.1" 200 0 "-" "WordPress/7.0; https://csr.star4hire.com"
185.191.171.4 - - [16/Aug/2026:21:32:57 +0700] "GET /wp-admin/maint/repair.php?dir=CAAusrCAAlibCAAlocaleCAACRAAutf8 HTTP/1.1" 200 6105 "-" "Mozilla/5.0 (compatible; SemrushBot/7~bl; +http://www.semrush.com/bot.html)"
85.208.96.207 - - [16/Aug/2026:21:33:18 +0700] "GET /wp-includes/php-ai-client/file.php?dir=CAAhomeCAAqtdcvxypCAAlscacheCAAaCAA1CAA7 HTTP/1.1" 200 4809 "-" "Mozilla/5.0 (compatible; SemrushBot/7~bl; +http://www.semrush.com/bot.html)"
185.191.171.5 - - [16/Aug/2026:21:33:49 +0700] "GET /index.php?dir=CAAusrCAAincludeCAAbsock&edit=bsock_daemon.h HTTP/1.1" 200 4431 "-" "Mozilla/5.0 (compatible; SemrushBot/7~bl; +http://www.semrush.com/bot.html)"
103.15.226.176 - - [16/Aug/2026:21:34:02 +0700] "POST /wp-cron.php?doing_wp_cron=1786890842.7071180343627929687500 HTTP/1.1" 200 0 "-" "WordPress/7.0; https://csr.star4hire.com"
85.208.96.200 - - [16/Aug/2026:21:34:02 +0700] "GET /wp-signup.php?dir=CAAusrCAAshareCAAmanCAAman3&edit=FcDirScan.3.gz HTTP/1.1" 200 3852 "-" "Mozilla/5.0 (compatible; SemrushBot/7~bl; +http://www.semrush.com/bot.html)"
85.208.96.198 - - [16/Aug/2026:21:34:10 +0700] "GET /index.php?dir=CAAusrCAAshareCAAmanCAAman1&edit=tabs.1.gz HTTP/1.1" 200 5860 "-" "Mozilla/5.0 (compatible; SemrushBot/7~bl; +http://www.semrush.com/bot.html)"
185.191.171.5 - - [16/Aug/2026:21:34:13 +0700] "GET /wp-admin/maint/file.php?dir=CAAusrCAAshareCAAlocaleCAAarp HTTP/1.1" 200 4550 "-" "Mozilla/5.0 (compatible; SemrushBot/7~bl; +http://www.semrush.com/bot.html)"
85.208.96.207 - - [16/Aug/2026:21:34:15 +0700] "GET /wp-admin/images/file.php?dir=CAAhomeCAAqtdcvxypCAAlscacheCAA6CAA0CAAd HTTP/1.1" 200 4636 "-" "Mozilla/5.0 (compatible; SemrushBot/7~bl; +http://www.semrush.com/bot.html)"
85.208.96.209 - - [16/Aug/2026:21:34:29 +0700] "GET /wp-signup.php?dir=CAAvarCAAsoftaculousCAAmodxCAAphp71&edit=clone.php HTTP/1.1" 200 11218 "-" "Mozilla/5.0 (compatible; SemrushBot/7~bl; +http://www.semrush.com/bot.html)"
185.191.171.11 - - [16/Aug/2026:21:34:34 +0700] "GET /wp-admin/maint/repair.php?dir=CAAhomeCAAqtdcvxypCAAlscacheCAAbCAA9CAAf HTTP/1.1" 200 4641 "-" "Mozilla/5.0 (compatible; SemrushBot/7~bl; +http://www.semrush.com/bot.html)"
185.191.171.6 - - [16/Aug/2026:21:34:44 +0700] "GET /wp-login.php?dir=CAAvarCAAsoftaculousCAAwp64CAAlanguages&edit=uk.zip HTTP/1.1" 200 979033 "-" "Mozilla/5.0 (compatible; SemrushBot/7~bl; +http://www.semrush.com/bot.html)"
185.191.171.11 - - [16/Aug/2026:21:34:55 +0700] "GET /wp-config.php?dir=CAAusrCAAshareCAAmanCAAman3&edit=initscr.3x.gz HTTP/1.1" 200 7165 "-" "Mozilla/5.0 (compatible; SemrushBot/7~bl; +http://www.semrush.com/bot.html)"
185.191.171.2 - - [16/Aug/2026:21:35:10 +0700] "GET /wp-signup.php?dir=CAAvarCAAsoftaculousCAAagora&edit=install.js HTTP/1.1" 200 3703 "-" "Mozilla/5.0 (compatible; SemrushBot/7~bl; +http://www.semrush.com/bot.html)"
103.15.226.176 - - [16/Aug/2026:21:36:07 +0700] "POST /wp-cron.php?doing_wp_cron=1786890967.6311359405517578125000 HTTP/1.1" 200 0 "-" "WordPress/7.0; https://csr.star4hire.com"
185.191.171.16 - - [16/Aug/2026:21:36:07 +0700] "GET /wp-login.php?dir=CAAvarCAAsoftaculousCAAtcexam&edit=clone.php HTTP/1.1" 200 7742 "-" "Mozilla/5.0 (compatible; SemrushBot/7~bl; +http://www.semrush.com/bot.html)"
85.208.96.210 - - [16/Aug/2026:21:36:11 +0700] "GET /index.php?dir=CAAusrCAAincludeCAAlinuxCAAnetfilter&edit=nf_nat.h HTTP/1.1" 200 3764 "-" "Mozilla/5.0 (compatible; SemrushBot/7~bl; +http://www.semrush.com/bot.html)"
85.208.96.195 - - [16/Aug/2026:21:36:14 +0700] "GET /wp-includes/certificates/file.php?dir=CAAusrCAAlib64CAArubyCAAjson HTTP/1.1" 200 4588 "-" "Mozilla/5.0 (compatible; SemrushBot/7~bl; +http://www.semrush.com/bot.html)"
185.191.171.14 - - [16/Aug/2026:21:36:18 +0700] "GET /wp-config.php?dir=CAAvarCAAsoftaculousCAAmoodle30&edit=remove.php HTTP/1.1" 200 5794 "-" "Mozilla/5.0 (compatible; SemrushBot/7~bl; +http://www.semrush.com/bot.html)"
85.208.96.205 - - [16/Aug/2026:21:36:35 +0700] "GET /wp-signup.php?dir=CAAvarCAAsoftaculousCAAfusio&edit=.env HTTP/1.1" 200 3569 "-" "Mozilla/5.0 (compatible; SemrushBot/7~bl; +http://www.semrush.com/bot.html)"
185.191.171.15 - - [16/Aug/2026:21:36:37 +0700] "GET /wp-includes/block-patterns/file.php?dir=CAAusrCAAshareCAAlocaleCAAfy HTTP/1.1" 200 4560 "-" "Mozilla/5.0 (compatible; SemrushBot/7~bl; +http://www.semrush.com/bot.html)"
185.191.171.15 - - [16/Aug/2026:21:36:39 +0700] "GET /wp-includes/IXR/file.php?dir=CAAhomeCAAqtdcvxypCAAtmpCAAanalogCAAssl HTTP/1.1" 200 6577 "-" "Mozilla/5.0 (compatible; SemrushBot/7~bl; +http://www.semrush.com/bot.html)"
185.191.171.6 - - [16/Aug/2026:21:36:47 +0700] "GET /wp-config.php?dir=CAAusrCAAshareCAAtcl8RAA6CAAmsgs&edit=fa_in.msg HTTP/1.1" 200 3781 "-" "Mozilla/5.0 (compatible; SemrushBot/7~bl; +http://www.semrush.com/bot.html)"
185.191.171.17 - - [16/Aug/2026:21:36:59 +0700] "GET /wp-includes/sodium_compat/file.php?dir=CAAusrCAAincludeCAAnetrose HTTP/1.1" 200 4596 "-" "Mozilla/5.0 (compatible; SemrushBot/7~bl; +http://www.semrush.com/bot.html)"
185.191.171.4 - - [16/Aug/2026:21:37:17 +0700] "GET /wp-admin/maint/file.php?dir=CAAusrCAAshareCAAzoneinfoCAArightCAAEurope HTTP/1.1" 200 11780 "-" "Mozilla/5.0 (compatible; SemrushBot/7~bl; +http://www.semrush.com/bot.html)"
103.15.226.176 - - [16/Aug/2026:21:37:48 +0700] "POST /wp-cron.php?doing_wp_cron=1786891068.3184170722961425781250 HTTP/1.1" 200 0 "-" "WordPress/7.0; https://csr.star4hire.com"
85.208.96.207 - - [16/Aug/2026:21:37:48 +0700] "GET /wp-config.php?dir=CAAusrCAAlibCAAfirmware&edit=1954-0-0-0x8.bin HTTP/1.1" 200 10967 "-" "Mozilla/5.0 (compatible; SemrushBot/7~bl; +http://www.semrush.com/bot.html)"
85.208.96.203 - - [16/Aug/2026:21:38:05 +0700] "GET /wp-includes/Requests/file.php?dir=CAAhomeCAAqtdcvxypCAAlscacheCAA9CAAdCAA7 HTTP/1.1" 200 4644 "-" "Mozilla/5.0 (compatible; SemrushBot/7~bl; +http://www.semrush.com/bot.html)"
85.208.96.197 - - [16/Aug/2026:21:38:08 +0700] "GET /wp-admin/maint/file.php?dir=CAAusrCAAlibCAAfirmwareCAArtw88 HTTP/1.1" 200 5895 "-" "Mozilla/5.0 (compatible; SemrushBot/7~bl; +http://www.semrush.com/bot.html)"
185.191.171.7 - - [16/Aug/2026:21:38:15 +0700] "GET /index.php?dir=CAAusrCAAshareCAAmanCAAman3&edit=form_post.3x.gz HTTP/1.1" 200 4902 "-" "Mozilla/5.0 (compatible; SemrushBot/7~bl; +http://www.semrush.com/bot.html)"
85.208.96.211 - - [16/Aug/2026:21:38:17 +0700] "GET /wp-admin/js/file.php?dir=CAAusrCAAlibCAAfirmwareCAAqcomCAAvpu-2RAA0 HTTP/1.1" 200 4628 "-" "Mozilla/5.0 (compatible; SemrushBot/7~bl; +http://www.semrush.com/bot.html)"
185.191.171.6 - - [16/Aug/2026:21:38:37 +0700] "GET /wp-includes/IXR/file.php?dir=CAAusrCAAlibCAARAAbuild-idCAA03 HTTP/1.1" 200 8976 "-" "Mozilla/5.0 (compatible; SemrushBot/7~bl; +http://www.semrush.com/bot.html)"
185.191.171.17 - - [16/Aug/2026:21:38:42 +0700] "GET /wp-includes/certificates/file.php?dir=CAAhomeCAAqtdcvxypCAAlscacheCAAprivCAA2 HTTP/1.1" 200 4628 "-" "Mozilla/5.0 (compatible; SemrushBot/7~bl; +http://www.semrush.com/bot.html)"
85.208.96.208 - - [16/Aug/2026:21:38:47 +0700] "GET /index.php?dir=CAAusrCAAlibCAAfirmwareCAAradeon&edit=TURKS_mc.bin HTTP/1.1" 200 12036 "-" "Mozilla/5.0 (compatible; SemrushBot/7~bl; +http://www.semrush.com/bot.html)"
103.15.226.176 - - [16/Aug/2026:21:39:06 +0700] "POST /wp-cron.php?doing_wp_cron=1786891145.9705290794372558593750 HTTP/1.1" 200 0 "-" "WordPress/7.0; https://csr.star4hire.com"
85.208.96.207 - - [16/Aug/2026:21:39:06 +0700] "GET /wp-admin/maint/repair.php?dir=CAAusrCAAshareCAAlocaleCAAelCAALC_TIME HTTP/1.1" 200 4626 "-" "Mozilla/5.0 (compatible; SemrushBot/7~bl; +http://www.semrush.com/bot.html)"
185.191.171.18 - - [16/Aug/2026:21:39:13 +0700] "GET /wp-config.php?dir=CAAvarCAAsoftaculousCAAwp67&edit=_index.php HTTP/1.1" 200 3370 "-" "Mozilla/5.0 (compatible; SemrushBot/7~bl; +http://www.semrush.com/bot.html)"
85.208.96.206 - - [16/Aug/2026:21:40:03 +0700] "GET /wp-includes/SimplePie/file.php?dir=CAAhomeCAAqtdcvxypCAAlscacheCAAbCAA1 HTTP/1.1" 200 4980 "-" "Mozilla/5.0 (compatible; SemrushBot/7~bl; +http://www.semrush.com/bot.html)"
185.191.171.18 - - [16/Aug/2026:21:40:11 +0700] "GET /wp-includes/Text/file.php?dir=CAAhomeCAAqtdcvxypCAAlscacheCAAprivCAAa HTTP/1.1" 200 4621 "-" "Mozilla/5.0 (compatible; SemrushBot/7~bl; +http://www.semrush.com/bot.html)"
85.208.96.204 - - [16/Aug/2026:21:40:13 +0700] "GET /wp-includes/SimplePie/file.php?dir=CAAusrCAAlibCAAlocaleCAAen_NZCAALC_MESSAGES HTTP/1.1" 200 4632 "-" "Mozilla/5.0 (compatible; SemrushBot/7~bl; +http://www.semrush.com/bot.html)"
85.208.96.212 - - [16/Aug/2026:21:40:35 +0700] "GET /wp-includes/build/file.php?dir=CAAhomeCAAqtdcvxypCAAlscacheCAA9CAA2CAA7 HTTP/1.1" 200 4638 "-" "Mozilla/5.0 (compatible; SemrushBot/7~bl; +http://www.semrush.com/bot.html)"
185.191.171.1 - - [16/Aug/2026:21:40:42 +0700] "GET /wp-admin/js/file.php?dir=CAAusrCAAshareCAAmodulefiles HTTP/1.1" 200 4160 "-" "Mozilla/5.0 (compatible; SemrushBot/7~bl; +http://www.semrush.com/bot.html)"
103.15.226.176 - - [16/Aug/2026:21:40:51 +0700] "POST /wp-cron.php?doing_wp_cron=1786891251.6175129413604736328125 HTTP/1.1" 200 0 "-" "WordPress/7.0; https://csr.star4hire.com"
85.208.96.194 - - [16/Aug/2026:21:40:51 +0700] "GET /index.php?dir=CAAvarCAAsoftaculousCAAmw19CAAphp82&edit=clone.php HTTP/1.1" 200 9627 "-" "Mozilla/5.0 (compatible; SemrushBot/7~bl; +http://www.semrush.com/bot.html)"
185.191.171.14 - - [16/Aug/2026:21:40:54 +0700] "GET /wp-includes/PHPMailer/file.php?dir=CAAusrCAAshareCAAlocaleCAAkha HTTP/1.1" 200 4552 "-" "Mozilla/5.0 (compatible; SemrushBot/7~bl; +http://www.semrush.com/bot.html)"
185.191.171.5 - - [16/Aug/2026:21:41:02 +0700] "GET /wp-signup.php?dir=CAAvarCAAsoftaculousCAApagekit&edit=install.php HTTP/1.1" 200 7155 "-" "Mozilla/5.0 (compatible; SemrushBot/7~bl; +http://www.semrush.com/bot.html)"
85.208.96.210 - - [16/Aug/2026:21:41:05 +0700] "GET /wp-includes/PHPMailer/file.php?dir=CAAhomeCAAqtdcvxypCAAlscacheCAAdCAAd HTTP/1.1" 200 4884 "-" "Mozilla/5.0 (compatible; SemrushBot/7~bl; +http://www.semrush.com/bot.html)"
85.208.96.206 - - [16/Aug/2026:21:41:20 +0700] "GET /wp-includes/block-bindings/file.php?dir=CAAusrCAAshareCAAxml HTTP/1.1" 200 4538 "-" "Mozilla/5.0 (compatible; SemrushBot/7~bl; +http://www.semrush.com/bot.html)"
85.208.96.195 - - [16/Aug/2026:21:41:48 +0700] "GET /wp-signup.php?dir=CAAusrCAAshareCAAi18nCAAlocales&edit=ber_MA HTTP/1.1" 200 5521 "-" "Mozilla/5.0 (compatible; SemrushBot/7~bl; +http://www.semrush.com/bot.html)"
185.191.171.15 - - [16/Aug/2026:21:42:08 +0700] "GET /wp-includes/block-patterns/file.php?dir=CAAusrCAAshareCAAlocaleCAAmoh HTTP/1.1" 200 4561 "-" "Mozilla/5.0 (compatible; SemrushBot/7~bl; +http://www.semrush.com/bot.html)"
103.15.226.176 - - [16/Aug/2026:21:42:21 +0700] "POST /wp-cron.php?doing_wp_cron=1786891341.0566370487213134765625 HTTP/1.1" 200 0 "-" "WordPress/7.0; https://csr.star4hire.com"
85.208.96.204 - - [16/Aug/2026:21:42:21 +0700] "GET /wp-login.php?dir=CAAvarCAAsoftaculousCAAatutor&edit=config.inc.php HTTP/1.1" 200 4274 "-" "Mozilla/5.0 (compatible; SemrushBot/7~bl; +http://www.semrush.com/bot.html)"
185.191.171.15 - - [16/Aug/2026:21:42:23 +0700] "GET /wp-includes/style-engine/file.php?dir=CAAusrCAAshareCAAlocaleCAAelx HTTP/1.1" 200 4558 "-" "Mozilla/5.0 (compatible; SemrushBot/7~bl; +http://www.semrush.com/bot.html)"
85.208.96.204 - - [16/Aug/2026:21:42:25 +0700] "GET /wp-includes/assets/file.php?dir=CAAusrCAAlib64CAApython2RAA7CAAtestCAAsupport HTTP/1.1" 200 5221 "-" "Mozilla/5.0 (compatible; SemrushBot/7~bl; +http://www.semrush.com/bot.html)"
185.191.171.15 - - [16/Aug/2026:21:42:41 +0700] "GET /wp-login.php?action=download&dir=CAAusrCAAlibCAARAAbuild-idCAA5e HTTP/1.1" 200 8565 "-" "Mozilla/5.0 (compatible; SemrushBot/7~bl; +http://www.semrush.com/bot.html)"
185.191.171.11 - - [16/Aug/2026:21:42:49 +0700] "GET /wp-admin/js/file.php?dir=CAAusrCAAshareCAAlocaleCAAkn HTTP/1.1" 200 4548 "-" "Mozilla/5.0 (compatible; SemrushBot/7~bl; +http://www.semrush.com/bot.html)"
185.191.171.13 - - [16/Aug/2026:21:43:01 +0700] "GET /wp-login.php?dir=CAAusrCAAshareCAAperl5CAApod&edit=perlrun.pod HTTP/1.1" 200 24851 "-" "Mozilla/5.0 (compatible; SemrushBot/7~bl; +http://www.semrush.com/bot.html)"
185.191.171.11 - - [16/Aug/2026:21:43:05 +0700] "GET /wp-includes/interactivity-api/file.php?dir=CAAusrCAAlibexec HTTP/1.1" 200 6024 "-" "Mozilla/5.0 (compatible; SemrushBot/7~bl; +http://www.semrush.com/bot.html)"
103.15.226.176 - - [16/Aug/2026:21:43:38 +0700] "POST /wp-cron.php?doing_wp_cron=1786891417.9427149295806884765625 HTTP/1.1" 200 0 "-" "WordPress/7.0; https://csr.star4hire.com"
85.208.96.208 - - [16/Aug/2026:21:43:38 +0700] "GET /index.php?dir=CAAvarCAAsoftaculousCAAwp57CAAimages&edit=logo.png HTTP/1.1" 200 5517 "-" "Mozilla/5.0 (compatible; SemrushBot/7~bl; +http://www.semrush.com/bot.html)"
85.208.96.202 - - [16/Aug/2026:21:44:06 +0700] "GET /wp-includes/theme-compat/file.php?dir=CAAusrCAAshareCAAperl5CAAFile HTTP/1.1" 200 5273 "-" "Mozilla/5.0 (compatible; SemrushBot/7~bl; +http://www.semrush.com/bot.html)"
185.191.171.9 - - [16/Aug/2026:21:44:29 +0700] "GET /wp-login.php?dir=CAAusrCAAinclude&edit=aio.h HTTP/1.1" 200 5472 "-" "Mozilla/5.0 (compatible; SemrushBot/7~bl; +http://www.semrush.com/bot.html)"
103.15.226.176 - - [16/Aug/2026:21:44:38 +0700] "POST /wp-cron.php?doing_wp_cron=1786891478.3033978939056396484375 HTTP/1.1" 200 0 "-" "WordPress/7.0; https://csr.star4hire.com"
185.191.171.15 - - [16/Aug/2026:21:44:41 +0700] "GET /wp-login.php?dir=CAAusrCAAlibexecCAAgit-core&edit=git-annotate HTTP/1.1" 200 1702555 "-" "Mozilla/5.0 (compatible; SemrushBot/7~bl; +http://www.semrush.com/bot.html)"
185.191.171.19 - - [16/Aug/2026:21:44:45 +0700] "GET /wp-includes/php-ai-client/file.php?dir=CAAsrcCAAMessagesCAAEnums HTTP/1.1" 200 5100 "-" "Mozilla/5.0 (compatible; SemrushBot/7~bl; +http://www.semrush.com/bot.html)"
185.191.171.13 - - [16/Aug/2026:21:44:48 +0700] "GET /wp-includes/SimplePie/file.php?dir=CAAusrCAAlibCAARAAbuild-idCAAc1 HTTP/1.1" 200 7626 "-" "Mozilla/5.0 (compatible; SemrushBot/7~bl; +http://www.semrush.com/bot.html)"
85.208.96.193 - - [16/Aug/2026:21:44:54 +0700] "GET /wp-login.php?dir=CAAusrCAAlib64CAApkgconfig&edit=ext2fs.pc HTTP/1.1" 200 3432 "-" "Mozilla/5.0 (compatible; SemrushBot/7~bl; +http://www.semrush.com/bot.html)"
85.208.96.210 - - [16/Aug/2026:21:44:58 +0700] "GET /index.php?dir=CAAvarCAAsoftaculousCAAconc85&edit=app.php HTTP/1.1" 200 3329 "-" "Mozilla/5.0 (compatible; SemrushBot/7~bl; +http://www.semrush.com/bot.html)"
85.208.96.205 - - [16/Aug/2026:21:45:04 +0700] "GET /wp-login.php?dir=CAAusrCAAshareCAAmanCAAman3&edit=filter.3x.gz HTTP/1.1" 200 8416 "-" "Mozilla/5.0 (compatible; SemrushBot/7~bl; +http://www.semrush.com/bot.html)"
185.191.171.4 - - [16/Aug/2026:21:45:07 +0700] "GET /wp-includes/theme-compat/file.php?dir=CAAusrCAAshareCAAlocaleCAAkokCAALC_MESSAGES HTTP/1.1" 200 4984 "-" "Mozilla/5.0 (compatible; SemrushBot/7~bl; +http://www.semrush.com/bot.html)"
103.15.226.176 - - [16/Aug/2026:21:45:40 +0700] "POST /wp-cron.php?doing_wp_cron=1786891540.1955590248107910156250 HTTP/1.1" 200 0 "-" "WordPress/7.0; https://csr.star4hire.com"
185.191.171.3 - - [16/Aug/2026:21:45:40 +0700] "GET /wp-config.php?dir=CAAusrCAAincludeCAAsys&edit=reboot.h HTTP/1.1" 200 4159 "-" "Mozilla/5.0 (compatible; SemrushBot/7~bl; +http://www.semrush.com/bot.html)"
185.191.171.15 - - [16/Aug/2026:21:46:01 +0700] "GET /wp-includes/IXR/file.php?dir=CAAusrCAAincludeCAAxcb HTTP/1.1" 200 8181 "-" "Mozilla/5.0 (compatible; SemrushBot/7~bl; +http://www.semrush.com/bot.html)"
85.208.96.193 - - [16/Aug/2026:21:46:23 +0700] "GET /wp-login.php?dir=CAAvarCAAsoftaculousCAAkohana&edit=info.xml HTTP/1.1" 200 4174 "-" "Mozilla/5.0 (compatible; SemrushBot/7~bl; +http://www.semrush.com/bot.html)"
85.208.96.206 - - [16/Aug/2026:21:46:26 +0700] "GET /wp-includes/SimplePie/file.php?dir=CAAusrCAAlibCAARAAbuild-idCAAb6 HTTP/1.1" 200 8540 "-" "Mozilla/5.0 (compatible; SemrushBot/7~bl; +http://www.semrush.com/bot.html)"
185.191.171.16 - - [16/Aug/2026:21:46:32 +0700] "GET /wp-config.php?dir=CAAusrCAAincludeCAAasm&edit=prctl.h HTTP/1.1" 200 3543 "-" "Mozilla/5.0 (compatible; SemrushBot/7~bl; +http://www.semrush.com/bot.html)"
185.191.171.12 - - [16/Aug/2026:21:46:37 +0700] "GET /wp-signup.php?dir=CAAusrCAAshareCAAmanCAAman7&edit=DROP_POLICY.7.gz HTTP/1.1" 200 4468 "-" "Mozilla/5.0 (compatible; SemrushBot/7~bl; +http://www.semrush.com/bot.html)"
85.208.96.202 - - [16/Aug/2026:21:46:39 +0700] "GET /wp-includes/html-api/file.php?dir=CAAhomeCAAqtdcvxypCAApublic_htmlCAAsms HTTP/1.1" 200 5900 "-" "Mozilla/5.0 (compatible; SemrushBot/7~bl; +http://www.semrush.com/bot.html)"
185.191.171.10 - - [16/Aug/2026:21:46:49 +0700] "GET /wp-includes/style-engine/file.php?dir=CAAusrCAAshareCAAlocaleCAAkaa HTTP/1.1" 200 4558 "-" "Mozilla/5.0 (compatible; SemrushBot/7~bl; +http://www.semrush.com/bot.html)"
103.15.226.176 - - [16/Aug/2026:21:47:08 +0700] "POST /wp-cron.php?doing_wp_cron=1786891628.6065230369567871093750 HTTP/1.1" 200 0 "-" "WordPress/7.0; https://csr.star4hire.com"
185.191.171.14 - - [16/Aug/2026:21:47:22 +0700] "GET /wp-config.php?dir=CAAvarCAAsoftaculousCAAmyadmin&edit=myadmin.zip HTTP/1.1" 200 4355379 "-" "Mozilla/5.0 (compatible; SemrushBot/7~bl; +http://www.semrush.com/bot.html)"
185.191.171.8 - - [16/Aug/2026:21:47:26 +0700] "GET /wp-includes/IXR/file.php?dir=CAAusrCAAlibCAAtunedCAAhpc-compute HTTP/1.1" 200 4608 "-" "Mozilla/5.0 (compatible; SemrushBot/7~bl; +http://www.semrush.com/bot.html)"
185.191.171.8 - - [16/Aug/2026:21:47:50 +0700] "GET /wp-includes/ID3/file.php?dir=CAAusrCAAlibCAARAAbuild-idCAAfe HTTP/1.1" 200 9114 "-" "Mozilla/5.0 (compatible; SemrushBot/7~bl; +http://www.semrush.com/bot.html)"
185.191.171.9 - - [16/Aug/2026:21:48:08 +0700] "GET /wp-signup.php?dir=CAAusrCAAlib64CAApython2RAA7&edit=difflib.pyo HTTP/1.1" 200 25570 "-" "Mozilla/5.0 (compatible; SemrushBot/7~bl; +http://www.semrush.com/bot.html)"
103.15.226.176 - - [16/Aug/2026:21:48:29 +0700] "POST /wp-cron.php?doing_wp_cron=1786891709.5299110412597656250000 HTTP/1.1" 200 0 "-" "WordPress/7.0; https://csr.star4hire.com"
185.191.171.5 - - [16/Aug/2026:21:48:29 +0700] "GET /wp-config.php?dir=CAAusrCAAincludeCAAbind9CAAisc&edit=stdlib.h HTTP/1.1" 200 3751 "-" "Mozilla/5.0 (compatible; SemrushBot/7~bl; +http://www.semrush.com/bot.html)"
85.208.96.201 - - [16/Aug/2026:21:48:32 +0700] "GET /wp-includes/certificates/file.php?dir=CAAusrCAAlib64CAApython3RAA12CAAasyncio HTTP/1.1" 200 8572 "-" "Mozilla/5.0 (compatible; SemrushBot/7~bl; +http://www.semrush.com/bot.html)"
85.208.96.207 - - [16/Aug/2026:21:48:48 +0700] "GET /wp-signup.php?dir=CAAvarCAAsoftaculousCAAqcms&edit=import.php HTTP/1.1" 200 5380 "-" "Mozilla/5.0 (compatible; SemrushBot/7~bl; +http://www.semrush.com/bot.html)"
185.191.171.15 - - [16/Aug/2026:21:48:51 +0700] "GET /wp-includes/interactivity-api/file.php?dir=CAAhomeCAAqtdcvxypCAAlscacheCAA5CAA4CAA2 HTTP/1.1" 200 4649 "-" "Mozilla/5.0 (compatible; SemrushBot/7~bl; +http://www.semrush.com/bot.html)"
85.208.96.212 - - [16/Aug/2026:21:49:00 +0700] "GET /wp-config.php?dir=CAAusrCAAshareCAAmanCAAman3&edit=fields.3pm.gz HTTP/1.1" 200 6802 "-" "Mozilla/5.0 (compatible; SemrushBot/7~bl; +http://www.semrush.com/bot.html)"
85.208.96.212 - - [16/Aug/2026:21:49:03 +0700] "GET /wp-includes/theme-compat/file.php?dir=CAAhomeCAAqtdcvxypCAAlscacheCAA4CAA4CAA5 HTTP/1.1" 200 4642 "-" "Mozilla/5.0 (compatible; SemrushBot/7~bl; +http://www.semrush.com/bot.html)"
185.191.171.8 - - [16/Aug/2026:21:49:08 +0700] "GET /index.php?dir=CAAvarCAAsoftaculousCAAwp49&edit=wp-config.php HTTP/1.1" 200 4505 "-" "Mozilla/5.0 (compatible; SemrushBot/7~bl; +http://www.semrush.com/bot.html)"
85.208.96.206 - - [16/Aug/2026:21:49:13 +0700] "GET /index.php?dir=CAAusrCAAshareCAAmanCAAman1&edit=gsnd.1.gz HTTP/1.1" 200 3774 "-" "Mozilla/5.0 (compatible; SemrushBot/7~bl; +http://www.semrush.com/bot.html)"
185.191.171.8 - - [16/Aug/2026:21:49:38 +0700] "GET /wp-admin/maint/file.php?dir=CAAhomeCAAqtdcvxypCAAlscacheCAA0CAA0CAA5 HTTP/1.1" 200 4629 "-" "Mozilla/5.0 (compatible; SemrushBot/7~bl; +http://www.semrush.com/bot.html)"
85.208.96.196 - - [16/Aug/2026:21:50:02 +0700] "GET /wp-includes/sodium_compat/file.php?dir=CAAusrCAAlib64CAAgconv HTTP/1.1" 200 29443 "-" "Mozilla/5.0 (compatible; SemrushBot/7~bl; +http://www.semrush.com/bot.html)"
103.15.226.176 - - [16/Aug/2026:21:50:26 +0700] "POST /wp-cron.php?doing_wp_cron=1786891826.4898118972778320312500 HTTP/1.1" 200 0 "-" "WordPress/7.0; https://csr.star4hire.com"
85.208.96.206 - - [16/Aug/2026:21:50:26 +0700] "GET /wp-signup.php?dir=CAAvarCAAsoftaculousCAAzikula15&edit=install.php HTTP/1.1" 200 13628 "-" "Mozilla/5.0 (compatible; SemrushBot/7~bl; +http://www.semrush.com/bot.html)"
185.191.171.8 - - [16/Aug/2026:21:50:29 +0700] "GET /wp-includes/l10n/file.php?dir=CAAhomeCAAqtdcvxypCAAlscmDataCAAlscacheCAAc HTTP/1.1" 200 4789 "-" "Mozilla/5.0 (compatible; SemrushBot/7~bl; +http://www.semrush.com/bot.html)"
85.208.96.207 - - [16/Aug/2026:21:50:32 +0700] "GET /wp-includes/rest-api/file.php?dir=CAAusrCAAshareCAAlocaleCAAsrn HTTP/1.1" 200 4551 "-" "Mozilla/5.0 (compatible; SemrushBot/7~bl; +http://www.semrush.com/bot.html)"
185.191.171.16 - - [16/Aug/2026:21:50:43 +0700] "GET /wp-login.php?dir=CAAusrCAAlibCAAgrubCAAi386-pc&edit=pbkdf2_test.mod HTTP/1.1" 200 4328 "-" "Mozilla/5.0 (compatible; SemrushBot/7~bl; +http://www.semrush.com/bot.html)"
85.208.96.209 - - [16/Aug/2026:21:50:45 +0700] "GET /wp-includes/abilities-api/file.php?dir=CAAhomeCAAqtdcvxypCAAlscacheCAA6CAAa HTTP/1.1" 200 4886 "-" "Mozilla/5.0 (compatible; SemrushBot/7~bl; +http://www.semrush.com/bot.html)"
85.208.96.210 - - [16/Aug/2026:21:51:02 +0700] "GET /wp-config.php?dir=CAAusrCAAlib64CAApython2RAA7&edit=decimal.pyc HTTP/1.1" 200 52482 "-" "Mozilla/5.0 (compatible; SemrushBot/7~bl; +http://www.semrush.com/bot.html)"
85.208.96.207 - - [16/Aug/2026:21:51:11 +0700] "GET /wp-admin/js/file.php?dir=CAAusrCAAlibCAARAAbuild-idCAA75 HTTP/1.1" 200 8297 "-" "Mozilla/5.0 (compatible; SemrushBot/7~bl; +http://www.semrush.com/bot.html)"
103.15.226.176 - - [16/Aug/2026:21:51:51 +0700] "POST /wp-cron.php?doing_wp_cron=1786891910.9945170879364013671875 HTTP/1.1" 200 0 "-" "WordPress/7.0; https://csr.star4hire.com"
85.208.96.198 - - [16/Aug/2026:21:51:51 +0700] "GET /robots.txt HTTP/1.1" 200 24085 "-" "Mozilla/5.0 (compatible; SemrushBot/7~bl; +http://www.semrush.com/bot.html)"
185.191.171.12 - - [16/Aug/2026:21:51:54 +0700] "GET /index.php?dir=CAAvarCAAsoftaculousCAAopeneshop&edit=openeshop.sql HTTP/1.1" 200 8914 "-" "Mozilla/5.0 (compatible; SemrushBot/7~bl; +http://www.semrush.com/bot.html)"
185.191.171.9 - - [16/Aug/2026:21:51:57 +0700] "GET /wp-admin/maint/file.php?dir=CAAusrCAAshareCAAlocaleCAAgom HTTP/1.1" 200 4551 "-" "Mozilla/5.0 (compatible; SemrushBot/7~bl; +http://www.semrush.com/bot.html)"
85.208.96.203 - - [16/Aug/2026:21:52:09 +0700] "GET /index.php?dir=CAAvarCAAsoftaculousCAAcontao&edit=.env.local HTTP/1.1" 200 3457 "-" "Mozilla/5.0 (compatible; SemrushBot/7~bl; +http://www.semrush.com/bot.html)"
185.191.171.9 - - [16/Aug/2026:21:52:29 +0700] "GET /wp-signup.php?dir=CAAvarCAAsoftaculousCAAtypo47&edit=index.html HTTP/1.1" 200 3317 "-" "Mozilla/5.0 (compatible; SemrushBot/7~bl; +http://www.semrush.com/bot.html)"
185.191.171.15 - - [16/Aug/2026:21:52:33 +0700] "GET /index.php?dir=CAAvarCAAsoftaculousCAAhumogen&edit=clone.php HTTP/1.1" 200 6365 "-" "Mozilla/5.0 (compatible; SemrushBot/7~bl; +http://www.semrush.com/bot.html)"
103.15.226.176 - - [16/Aug/2026:21:52:54 +0700] "POST /wp-cron.php?doing_wp_cron=1786891974.7166330814361572265625 HTTP/1.1" 200 0 "-" "WordPress/7.0; https://csr.star4hire.com"
185.191.171.15 - - [16/Aug/2026:21:52:54 +0700] "GET /wp-admin/maint/repair.php?dir=CAAusrCAAshareCAAlocaleCAAarw HTTP/1.1" 200 4548 "-" "Mozilla/5.0 (compatible; SemrushBot/7~bl; +http://www.semrush.com/bot.html)"
185.191.171.10 - - [16/Aug/2026:21:52:57 +0700] "GET /wp-admin/images/file.php?dir=CAAhomeCAAqtdcvxypCAAlscacheCAA7CAAfCAAa HTTP/1.1" 200 4635 "-" "Mozilla/5.0 (compatible; SemrushBot/7~bl; +http://www.semrush.com/bot.html)"
185.191.171.15 - - [16/Aug/2026:21:52:59 +0700] "GET /wp-includes/rest-api/file.php?dir=CAAhomeCAAqtdcvxypCAAlscacheCAA9CAA2CAA3 HTTP/1.1" 200 4643 "-" "Mozilla/5.0 (compatible; SemrushBot/7~bl; +http://www.semrush.com/bot.html)"
85.208.96.197 - - [16/Aug/2026:21:53:15 +0700] "GET /wp-includes/build/file.php?dir=CAAhomeCAAqtdcvxypCAAlscacheCAA6CAA0 HTTP/1.1" 200 5078 "-" "Mozilla/5.0 (compatible; SemrushBot/7~bl; +http://www.semrush.com/bot.html)"
185.191.171.18 - - [16/Aug/2026:21:53:22 +0700] "GET /wp-includes/theme-compat/file.php?dir=CAAusrCAAshareCAAlocaleCAAcr HTTP/1.1" 200 4556 "-" "Mozilla/5.0 (compatible; SemrushBot/7~bl; +http://www.semrush.com/bot.html)"
185.191.171.7 - - [16/Aug/2026:21:53:26 +0700] "GET /wp-signup.php?dir=CAAoptCAAaltCAAruby22CAAbin&edit=erb HTTP/1.1" 200 5013 "-" "Mozilla/5.0 (compatible; SemrushBot/7~bl; +http://www.semrush.com/bot.html)"
85.208.96.202 - - [16/Aug/2026:21:53:44 +0700] "GET /wp-includes/block-patterns/file.php?dir=CAAusrCAAshareCAAlocaleCAAakk HTTP/1.1" 200 4561 "-" "Mozilla/5.0 (compatible; SemrushBot/7~bl; +http://www.semrush.com/bot.html)"
85.208.96.208 - - [16/Aug/2026:21:54:02 +0700] "GET /wp-includes/rest-api/file.php?dir=CAAusrCAAshareCAAlocaleCAArup HTTP/1.1" 200 4551 "-" "Mozilla/5.0 (compatible; SemrushBot/7~bl; +http://www.semrush.com/bot.html)"
185.191.171.5 - - [16/Aug/2026:21:54:27 +0700] "GET /wp-includes/rest-api/file.php?dir=CAAusrCAAshareCAAmcCAAhints HTTP/1.1" 200 9797 "-" "Mozilla/5.0 (compatible; SemrushBot/7~bl; +http://www.semrush.com/bot.html)"
185.191.171.3 - - [16/Aug/2026:21:54:29 +0700] "GET /wp-admin/images/file.php?dir=CAAhomeCAAqtdcvxypCAAlscacheCAA1CAA8 HTTP/1.1" 200 4773 "-" "Mozilla/5.0 (compatible; SemrushBot/7~bl; +http://www.semrush.com/bot.html)"
