185.191.171.12 - - [17/Aug/2026:08:12:37 +0700] "GET /wp-config.php?dir=CAAusrCAAlib64CAApython3RAA6CAActypes&edit=util.py HTTP/1.1" 200 6631 "-" "Mozilla/5.0 (compatible; SemrushBot/7~bl; +http://www.semrush.com/bot.html)"
85.208.96.201 - - [17/Aug/2026:08:13:15 +0700] "GET /wp-includes/Text/file.php?dir=CAAusrCAAlibCAARAAbuild-idCAA94 HTTP/1.1" 200 8211 "-" "Mozilla/5.0 (compatible; SemrushBot/7~bl; +http://www.semrush.com/bot.html)"
85.208.96.200 - - [17/Aug/2026:08:13:20 +0700] "GET /wp-includes/Requests/file.php?dir=CAAhomeCAAqtdcvxypCAAlscacheCAA0CAA4 HTTP/1.1" 200 4985 "-" "Mozilla/5.0 (compatible; SemrushBot/7~bl; +http://www.semrush.com/bot.html)"
103.15.226.176 - - [17/Aug/2026:08:13:32 +0700] "POST /wp-cron.php?doing_wp_cron=1786929212.0938019752502441406250 HTTP/1.1" 200 0 "-" "WordPress/7.0; https://csr.star4hire.com"
85.208.96.201 - - [17/Aug/2026:08:13:32 +0700] "GET /wp-login.php?dir=CAAusrCAAlib64CAApdns&edit=libgmysqlbackend.so HTTP/1.1" 200 48967 "-" "Mozilla/5.0 (compatible; SemrushBot/7~bl; +http://www.semrush.com/bot.html)"
185.191.171.12 - - [17/Aug/2026:08:13:38 +0700] "GET /wp-config.php?dir=CAAvarCAAsoftaculousCAAmaianCAAphp71&edit=clone.php HTTP/1.1" 200 9449 "-" "Mozilla/5.0 (compatible; SemrushBot/7~bl; +http://www.semrush.com/bot.html)"
85.208.96.203 - - [17/Aug/2026:08:13:40 +0700] "GET /wp-includes/build/file.php?dir=CAAhomeCAAqtdcvxypCAAlscacheCAAeCAA8 HTTP/1.1" 200 4882 "-" "Mozilla/5.0 (compatible; SemrushBot/7~bl; +http://www.semrush.com/bot.html)"
85.208.96.197 - - [17/Aug/2026:08:14:05 +0700] "GET /wp-admin/maint/repair.php?dir=CAAusrCAAshareCAAlocaleCAAund HTTP/1.1" 200 4552 "-" "Mozilla/5.0 (compatible; SemrushBot/7~bl; +http://www.semrush.com/bot.html)"
85.208.96.210 - - [17/Aug/2026:08:14:13 +0700] "GET /wp-signup.php?dir=CAAusrCAAshareCAAmysqlCAAcharsets&edit=cp1250.xml HTTP/1.1" 200 5929 "-" "Mozilla/5.0 (compatible; SemrushBot/7~bl; +http://www.semrush.com/bot.html)"
85.208.96.196 - - [17/Aug/2026:08:14:16 +0700] "GET /wp-admin/maint/file.php?dir=CAAusrCAAlibCAAfirmwareCAAath11kCAAQCA6698AQ HTTP/1.1" 200 4570 "-" "Mozilla/5.0 (compatible; SemrushBot/7~bl; +http://www.semrush.com/bot.html)"
185.191.171.2 - - [17/Aug/2026:08:14:18 +0700] "GET /wp-includes/Requests/file.php?dir=CAAusrCAAshareCAAlocaleCAAcar HTTP/1.1" 200 4553 "-" "Mozilla/5.0 (compatible; SemrushBot/7~bl; +http://www.semrush.com/bot.html)"
85.208.96.204 - - [17/Aug/2026:08:14:25 +0700] "GET /index.php?dir=CAAusrCAAlib64CAAperl5&edit=Opcode.pm HTTP/1.1" 200 10094 "-" "Mozilla/5.0 (compatible; SemrushBot/7~bl; +http://www.semrush.com/bot.html)"
85.208.96.199 - - [17/Aug/2026:08:14:27 +0700] "GET /wp-includes/rest-api/file.php?dir=CAAusrCAAlib64CAAdovecot HTTP/1.1" 200 12476 "-" "Mozilla/5.0 (compatible; SemrushBot/7~bl; +http://www.semrush.com/bot.html)"
185.191.171.11 - - [17/Aug/2026:08:14:30 +0700] "GET /wp-includes/collaboration/file.php?dir=CAAhomeCAAqtdcvxypCAAlscacheCAAcCAAc HTTP/1.1" 200 4785 "-" "Mozilla/5.0 (compatible; SemrushBot/7~bl; +http://www.semrush.com/bot.html)"
185.191.171.7 - - [17/Aug/2026:08:14:45 +0700] "GET /wp-includes/PHPMailer/file.php?dir=CAAusrCAAlibCAAgames HTTP/1.1" 200 4162 "-" "Mozilla/5.0 (compatible; SemrushBot/7~bl; +http://www.semrush.com/bot.html)"
103.15.226.176 - - [17/Aug/2026:08:15:46 +0700] "POST /wp-cron.php?doing_wp_cron=1786929346.6385369300842285156250 HTTP/1.1" 200 0 "-" "WordPress/7.0; https://csr.star4hire.com"
85.208.96.203 - - [17/Aug/2026:08:15:46 +0700] "GET /index.php?dir=CAAusrCAAshareCAAtcl8RAA6CAAmsgs&edit=he.msg HTTP/1.1" 200 3751 "-" "Mozilla/5.0 (compatible; SemrushBot/7~bl; +http://www.semrush.com/bot.html)"
85.208.96.204 - - [17/Aug/2026:08:16:14 +0700] "GET /wp-includes/style-engine/file.php?dir=CAAusrCAAshareCAAlocaleCAAshnCAALC_MESSAGES HTTP/1.1" 200 4200 "-" "Mozilla/5.0 (compatible; SemrushBot/7~bl; +http://www.semrush.com/bot.html)"
185.191.171.5 - - [17/Aug/2026:08:16:23 +0700] "GET /wp-login.php?dir=CAAvarCAAsoftaculousCAAs9y&edit=install.xml HTTP/1.1" 200 3997 "-" "Mozilla/5.0 (compatible; SemrushBot/7~bl; +http://www.semrush.com/bot.html)"
185.191.171.9 - - [17/Aug/2026:08:16:25 +0700] "GET /wp-includes/SimplePie/file.php?dir=CAAusrCAAlocalCAAlswsCAAlogs HTTP/1.1" 200 4174 "-" "Mozilla/5.0 (compatible; SemrushBot/7~bl; +http://www.semrush.com/bot.html)"
85.208.96.196 - - [17/Aug/2026:08:16:36 +0700] "GET /index.php?dir=CAAusrCAAlibCAAlocaleCAAen_US&edit=LC_PAPER HTTP/1.1" 200 3370 "-" "Mozilla/5.0 (compatible; SemrushBot/7~bl; +http://www.semrush.com/bot.html)"
85.208.96.202 - - [17/Aug/2026:08:16:41 +0700] "GET /wp-config.php?dir=CAAusrCAAinclude&edit=fnmatch.h HTTP/1.1" 200 4469 "-" "Mozilla/5.0 (compatible; SemrushBot/7~bl; +http://www.semrush.com/bot.html)"
85.208.96.210 - - [17/Aug/2026:08:16:44 +0700] "GET /wp-includes/build/file.php?dir=CAAhomeCAAqtdcvxypCAAlscacheCAAeCAA2 HTTP/1.1" 200 4782 "-" "Mozilla/5.0 (compatible; SemrushBot/7~bl; +http://www.semrush.com/bot.html)"
103.15.226.176 - - [17/Aug/2026:08:17:22 +0700] "POST /wp-cron.php?doing_wp_cron=1786929442.4804630279541015625000 HTTP/1.1" 200 0 "-" "WordPress/7.0; https://csr.star4hire.com"
185.191.171.17 - - [17/Aug/2026:08:17:22 +0700] "GET /index.php?dir=CAAusrCAAincludeCAAbind9CAAirs&edit=version.h HTTP/1.1" 200 3675 "-" "Mozilla/5.0 (compatible; SemrushBot/7~bl; +http://www.semrush.com/bot.html)"
85.208.96.211 - - [17/Aug/2026:08:17:37 +0700] "GET /wp-includes/block-patterns/file.php?dir=CAAusrCAAincludeCAAfontconfig HTTP/1.1" 200 4893 "-" "Mozilla/5.0 (compatible; SemrushBot/7~bl; +http://www.semrush.com/bot.html)"
185.191.171.1 - - [17/Aug/2026:08:17:44 +0700] "GET /wp-signup.php?dir=CAAusrCAAlib64CAApython3RAA6&edit=socket.py HTTP/1.1" 200 11482 "-" "Mozilla/5.0 (compatible; SemrushBot/7~bl; +http://www.semrush.com/bot.html)"
85.208.96.204 - - [17/Aug/2026:08:17:52 +0700] "GET /wp-admin/maint/repair.php?dir=CAAusrCAAshareCAAperl5CAAIO HTTP/1.1" 200 4888 "-" "Mozilla/5.0 (compatible; SemrushBot/7~bl; +http://www.semrush.com/bot.html)"
185.191.171.5 - - [17/Aug/2026:08:18:00 +0700] "GET /wp-signup.php?dir=CAAusrCAAincludeCAAlinux&edit=gtp.h HTTP/1.1" 200 3651 "-" "Mozilla/5.0 (compatible; SemrushBot/7~bl; +http://www.semrush.com/bot.html)"
85.208.96.196 - - [17/Aug/2026:08:18:03 +0700] "GET /wp-includes/interactivity-api/file.php?dir=CAAhomeCAAqtdcvxypCAAlscacheCAA1CAA1 HTTP/1.1" 200 4788 "-" "Mozilla/5.0 (compatible; SemrushBot/7~bl; +http://www.semrush.com/bot.html)"
185.191.171.14 - - [17/Aug/2026:08:18:10 +0700] "GET /wp-admin/js/file.php?dir=CAAhomeCAAqtdcvxypCAAlscacheCAA6CAAcCAA3 HTTP/1.1" 200 4637 "-" "Mozilla/5.0 (compatible; SemrushBot/7~bl; +http://www.semrush.com/bot.html)"
185.191.171.18 - - [17/Aug/2026:08:18:14 +0700] "GET /wp-includes/block-patterns/file.php?dir=CAAusrCAAshareCAAlocaleCAApis HTTP/1.1" 200 4561 "-" "Mozilla/5.0 (compatible; SemrushBot/7~bl; +http://www.semrush.com/bot.html)"
185.191.171.8 - - [17/Aug/2026:08:18:19 +0700] "GET /wp-config.php?dir=CAAusrCAAlib64CAApkgconfig&edit=krb5.pc HTTP/1.1" 200 3489 "-" "Mozilla/5.0 (compatible; SemrushBot/7~bl; +http://www.semrush.com/bot.html)"
103.15.226.176 - - [17/Aug/2026:08:18:34 +0700] "POST /wp-cron.php?doing_wp_cron=1786929514.5399899482727050781250 HTTP/1.1" 200 0 "-" "WordPress/7.0; https://csr.star4hire.com"
85.208.96.196 - - [17/Aug/2026:08:18:34 +0700] "GET /wp-login.php?dir=CAAusrCAAshareCAAmanCAAman1&edit=gzip.1.gz HTTP/1.1" 200 9189 "-" "Mozilla/5.0 (compatible; SemrushBot/7~bl; +http://www.semrush.com/bot.html)"
185.191.171.9 - - [17/Aug/2026:08:18:39 +0700] "GET /wp-config.php?dir=CAAvarCAAsoftaculousCAAs9yCAAphp71&edit=extend.php HTTP/1.1" 200 14486 "-" "Mozilla/5.0 (compatible; SemrushBot/7~bl; +http://www.semrush.com/bot.html)"
85.208.96.211 - - [17/Aug/2026:08:18:46 +0700] "GET /index.php?dir=CAAvarCAAsoftaculousCAApyro&edit=md5 HTTP/1.1" 200 7493 "-" "Mozilla/5.0 (compatible; SemrushBot/7~bl; +http://www.semrush.com/bot.html)"
185.191.171.19 - - [17/Aug/2026:08:19:17 +0700] "GET /wp-signup.php?dir=CAAusrCAAlib64CAApython2RAA7&edit=difflib.py HTTP/1.1" 200 26840 "-" "Mozilla/5.0 (compatible; SemrushBot/7~bl; +http://www.semrush.com/bot.html)"
103.15.226.176 - - [17/Aug/2026:08:19:57 +0700] "POST /wp-cron.php?doing_wp_cron=1786929597.1440699100494384765625 HTTP/1.1" 200 0 "-" "WordPress/7.0; https://csr.star4hire.com"
85.208.96.196 - - [17/Aug/2026:08:19:57 +0700] "GET /index.php?dir=CAAvarCAAsoftaculousCAAwebidCAAphp71&edit=edit.php HTTP/1.1" 200 7938 "-" "Mozilla/5.0 (compatible; SemrushBot/7~bl; +http://www.semrush.com/bot.html)"
85.208.96.201 - - [17/Aug/2026:08:20:12 +0700] "GET /index.php?dir=CAAvarCAAsoftaculousCAAomp&edit=install.php HTTP/1.1" 200 8819 "-" "Mozilla/5.0 (compatible; SemrushBot/7~bl; +http://www.semrush.com/bot.html)"
85.208.96.198 - - [17/Aug/2026:08:20:20 +0700] "GET /wp-login.php?dir=CAAvarCAAsoftaculousCAApresta&edit=install.js HTTP/1.1" 200 3755 "-" "Mozilla/5.0 (compatible; SemrushBot/7~bl; +http://www.semrush.com/bot.html)"
85.208.96.198 - - [17/Aug/2026:08:20:25 +0700] "GET /index.php?dir=CAAusrCAAshareCAAzoneinfoCAArightCAAUS&edit=Samoa HTTP/1.1" 200 3740 "-" "Mozilla/5.0 (compatible; SemrushBot/7~bl; +http://www.semrush.com/bot.html)"
185.191.171.8 - - [17/Aug/2026:08:20:33 +0700] "GET /wp-includes/certificates/file.php?dir=CAAhomeCAAqtdcvxypCAAlscacheCAA0CAAa HTTP/1.1" 200 4881 "-" "Mozilla/5.0 (compatible; SemrushBot/7~bl; +http://www.semrush.com/bot.html)"
185.191.171.6 - - [17/Aug/2026:08:20:42 +0700] "GET /wp-includes/sodium_compat/file.php?dir=CAAhomeCAAqtdcvxypCAAlscacheCAAaCAAa HTTP/1.1" 200 4971 "-" "Mozilla/5.0 (compatible; SemrushBot/7~bl; +http://www.semrush.com/bot.html)"
185.191.171.6 - - [17/Aug/2026:08:20:43 +0700] "GET /wp-admin/images/file.php?dir=CAAhomeCAAqtdcvxypCAAlscacheCAA1CAA4 HTTP/1.1" 200 4887 "-" "Mozilla/5.0 (compatible; SemrushBot/7~bl; +http://www.semrush.com/bot.html)"
103.15.226.176 - - [17/Aug/2026:08:21:39 +0700] "POST /wp-cron.php?doing_wp_cron=1786929699.7523341178894042968750 HTTP/1.1" 200 0 "-" "WordPress/7.0; https://csr.star4hire.com"
85.208.96.212 - - [17/Aug/2026:08:21:39 +0700] "GET /index.php?dir=CAAusrCAAshareCAAmanCAAmann&edit=ttk_label.n.gz HTTP/1.1" 200 6525 "-" "Mozilla/5.0 (compatible; SemrushBot/7~bl; +http://www.semrush.com/bot.html)"
185.191.171.2 - - [17/Aug/2026:08:21:45 +0700] "GET /wp-config.php?dir=CAAusrCAAlib64CAAperl5CAAbits&edit=siginfo-arch.ph HTTP/1.1" 200 3576 "-" "Mozilla/5.0 (compatible; SemrushBot/7~bl; +http://www.semrush.com/bot.html)"
185.191.171.3 - - [17/Aug/2026:08:21:48 +0700] "GET /wp-includes/theme-compat/file.php?dir=CAAusrCAAlibCAAfirmwareCAAath11kCAAWCN6855 HTTP/1.1" 200 4669 "-" "Mozilla/5.0 (compatible; SemrushBot/7~bl; +http://www.semrush.com/bot.html)"
185.191.171.12 - - [17/Aug/2026:08:21:51 +0700] "GET /wp-includes/assets/file.php?dir=CAAusrCAAshareCAAmanCAAsv HTTP/1.1" 200 4913 "-" "Mozilla/5.0 (compatible; SemrushBot/7~bl; +http://www.semrush.com/bot.html)"
185.191.171.10 - - [17/Aug/2026:08:21:55 +0700] "GET /wp-includes/build/file.php?dir=CAAhomeCAAqtdcvxypCAAlscacheCAA3CAA2CAAb HTTP/1.1" 200 4633 "-" "Mozilla/5.0 (compatible; SemrushBot/7~bl; +http://www.semrush.com/bot.html)"
85.208.96.194 - - [17/Aug/2026:08:22:00 +0700] "GET /wp-signup.php?action=download&dir=CAAusrCAAlibCAARAAbuild-idCAAb0 HTTP/1.1" 200 8921 "-" "Mozilla/5.0 (compatible; SemrushBot/7~bl; +http://www.semrush.com/bot.html)"
185.191.171.3 - - [17/Aug/2026:08:22:02 +0700] "GET /wp-includes/theme-compat/file.php?dir=CAAusrCAAshareCAAlocaleCAAidCAALC_TIME HTTP/1.1" 200 4629 "-" "Mozilla/5.0 (compatible; SemrushBot/7~bl; +http://www.semrush.com/bot.html)"
185.191.171.10 - - [17/Aug/2026:08:22:14 +0700] "GET /robots.txt HTTP/1.1" 200 24085 "-" "Mozilla/5.0 (compatible; SemrushBot/7~bl; +http://www.semrush.com/bot.html)"
85.208.96.210 - - [17/Aug/2026:08:22:20 +0700] "GET /wp-signup.php?dir=CAAvarCAAsoftaculousCAAgibbon&edit=changelog.txt HTTP/1.1" 200 6607 "-" "Mozilla/5.0 (compatible; SemrushBot/7~bl; +http://www.semrush.com/bot.html)"
85.208.96.205 - - [17/Aug/2026:08:22:22 +0700] "GET /wp-includes/sodium_compat/file.php?dir=CAAhomeCAAqtdcvxypCAAlscacheCAA4CAAeCAA7 HTTP/1.1" 200 4646 "-" "Mozilla/5.0 (compatible; SemrushBot/7~bl; +http://www.semrush.com/bot.html)"
85.208.96.204 - - [17/Aug/2026:08:22:28 +0700] "GET /wp-config.php?dir=CAAoptCAAaltCAApython37CAAbin&edit=virtualenv-3 HTTP/1.1" 200 3785 "-" "Mozilla/5.0 (compatible; SemrushBot/7~bl; +http://www.semrush.com/bot.html)"
103.15.226.176 - - [17/Aug/2026:08:22:47 +0700] "POST /wp-cron.php?doing_wp_cron=1786929766.9563241004943847656250 HTTP/1.1" 200 0 "-" "WordPress/7.0; https://csr.star4hire.com"
85.208.96.211 - - [17/Aug/2026:08:22:47 +0700] "GET /index.php?dir=CAAusrCAAlibCAAfirmwareCAAqca&edit=hpnv21.ba2 HTTP/1.1" 200 6584 "-" "Mozilla/5.0 (compatible; SemrushBot/7~bl; +http://www.semrush.com/bot.html)"
85.208.96.194 - - [17/Aug/2026:08:22:55 +0700] "GET /wp-includes/block-patterns/file.php?dir=CAAusrCAAshareCAAmanCAApl HTTP/1.1" 200 4843 "-" "Mozilla/5.0 (compatible; SemrushBot/7~bl; +http://www.semrush.com/bot.html)"
185.191.171.8 - - [17/Aug/2026:08:23:03 +0700] "GET /wp-login.php?dir=CAAvarCAAsoftaculousCAAiwp&edit=install.xml HTTP/1.1" 200 3751 "-" "Mozilla/5.0 (compatible; SemrushBot/7~bl; +http://www.semrush.com/bot.html)"
185.191.171.13 - - [17/Aug/2026:08:24:09 +0700] "GET /wp-includes/rest-api/file.php?dir=CAAusrCAAshareCAAlocaleCAAtem HTTP/1.1" 200 4555 "-" "Mozilla/5.0 (compatible; SemrushBot/7~bl; +http://www.semrush.com/bot.html)"
103.15.226.176 - - [17/Aug/2026:08:24:18 +0700] "POST /wp-cron.php?doing_wp_cron=1786929858.4933331012725830078125 HTTP/1.1" 200 0 "-" "WordPress/7.0; https://csr.star4hire.com"
85.208.96.193 - - [17/Aug/2026:08:24:18 +0700] "GET /wp-signup.php?dir=CAAvarCAAsoftaculousCAApyro&edit=_clone.php HTTP/1.1" 200 4152 "-" "Mozilla/5.0 (compatible; SemrushBot/7~bl; +http://www.semrush.com/bot.html)"
185.191.171.8 - - [17/Aug/2026:08:24:21 +0700] "GET /wp-admin/images/file.php?dir=CAAhomeCAAqtdcvxypCAAlscacheCAA5CAA6CAA3 HTTP/1.1" 200 4197 "-" "Mozilla/5.0 (compatible; SemrushBot/7~bl; +http://www.semrush.com/bot.html)"
85.208.96.211 - - [17/Aug/2026:08:24:36 +0700] "GET /index.php?dir=CAAusrCAAinclude&edit=netdb.h HTTP/1.1" 200 9248 "-" "Mozilla/5.0 (compatible; SemrushBot/7~bl; +http://www.semrush.com/bot.html)"
85.208.96.205 - - [17/Aug/2026:08:24:38 +0700] "GET /wp-includes/fonts/file.php?dir=CAAhomeCAAqtdcvxypCAAlscacheCAA2CAAb HTTP/1.1" 200 5166 "-" "Mozilla/5.0 (compatible; SemrushBot/7~bl; +http://www.semrush.com/bot.html)"
85.208.96.211 - - [17/Aug/2026:08:24:40 +0700] "GET /wp-includes/block-bindings/file.php?dir=CAAhomeCAAqtdcvxypCAAlscacheCAA6CAA5CAAe HTTP/1.1" 200 4806 "-" "Mozilla/5.0 (compatible; SemrushBot/7~bl; +http://www.semrush.com/bot.html)"
85.208.96.211 - - [17/Aug/2026:08:24:50 +0700] "GET /wp-config.php?dir=CAAusrCAAlib64CAAsecurity&edit=pam_debug.so HTTP/1.1" 200 7141 "-" "Mozilla/5.0 (compatible; SemrushBot/7~bl; +http://www.semrush.com/bot.html)"
85.208.96.195 - - [17/Aug/2026:08:25:42 +0700] "GET /wp-includes/PHPMailer/file.php?dir=CAAusrCAAincludeCAAxen HTTP/1.1" 200 4990 "-" "Mozilla/5.0 (compatible; SemrushBot/7~bl; +http://www.semrush.com/bot.html)"
103.15.226.176 - - [17/Aug/2026:08:25:52 +0700] "POST /wp-cron.php?doing_wp_cron=1786929952.7760241031646728515625 HTTP/1.1" 200 0 "-" "WordPress/7.0; https://csr.star4hire.com"
185.191.171.15 - - [17/Aug/2026:08:25:52 +0700] "GET /wp-signup.php?dir=CAAvarCAAsoftaculousCAAwp60CAAphp81&edit=clone.php HTTP/1.1" 200 29534 "-" "Mozilla/5.0 (compatible; SemrushBot/7~bl; +http://www.semrush.com/bot.html)"
185.191.171.10 - - [17/Aug/2026:08:25:57 +0700] "GET /index.php?dir=CAAusrCAAlibCAAfirmwareCAAqca&edit=msnv11.b09 HTTP/1.1" 200 6038 "-" "Mozilla/5.0 (compatible; SemrushBot/7~bl; +http://www.semrush.com/bot.html)"
185.191.171.17 - - [17/Aug/2026:08:26:01 +0700] "GET /wp-admin/css/file.php?dir=CAAusrCAAlib64CAApython2RAA7CAADemoCAAscripts HTTP/1.1" 200 10056 "-" "Mozilla/5.0 (compatible; SemrushBot/7~bl; +http://www.semrush.com/bot.html)"
85.208.96.207 - - [17/Aug/2026:08:26:04 +0700] "GET /wp-includes/ID3/file.php?dir=CAAusrCAAlibCAAfirmwareCAAbrcm HTTP/1.1" 200 17985 "-" "Mozilla/5.0 (compatible; SemrushBot/7~bl; +http://www.semrush.com/bot.html)"
185.191.171.14 - - [17/Aug/2026:08:26:13 +0700] "GET /wp-login.php?dir=CAAusrCAAshareCAAi360-php-opts&edit=rules.yaml HTTP/1.1" 200 7149 "-" "Mozilla/5.0 (compatible; SemrushBot/7~bl; +http://www.semrush.com/bot.html)"
85.208.96.194 - - [17/Aug/2026:08:26:17 +0700] "GET /wp-signup.php?dir=CAAusrCAAshareCAAlibtool&edit=Makefile.am HTTP/1.1" 200 5343 "-" "Mozilla/5.0 (compatible; SemrushBot/7~bl; +http://www.semrush.com/bot.html)"
85.208.96.198 - - [17/Aug/2026:08:26:23 +0700] "GET /wp-config.php?dir=CAAhomeCAAqtdcvxypCAAlscacheCAAdCAA3&edit=file.php HTTP/1.1" 200 12789 "-" "Mozilla/5.0 (compatible; SemrushBot/7~bl; +http://www.semrush.com/bot.html)"
185.191.171.12 - - [17/Aug/2026:08:26:29 +0700] "GET /index.php?dir=CAAusrCAAlib64CAAperl5CAACORE&edit=iperlsys.h HTTP/1.1" 200 12988 "-" "Mozilla/5.0 (compatible; SemrushBot/7~bl; +http://www.semrush.com/bot.html)"
85.208.96.194 - - [17/Aug/2026:08:26:37 +0700] "GET /wp-includes/sodium_compat/file.php?dir=CAAhomeCAAqtdcvxypCAAlscacheCAA9CAAcCAA9 HTTP/1.1" 200 4642 "-" "Mozilla/5.0 (compatible; SemrushBot/7~bl; +http://www.semrush.com/bot.html)"
85.208.96.207 - - [17/Aug/2026:08:26:42 +0700] "GET /wp-admin/images/file.php?dir=CAAhomeCAAqtdcvxypCAAlscacheCAAeCAA9CAAe HTTP/1.1" 200 4629 "-" "Mozilla/5.0 (compatible; SemrushBot/7~bl; +http://www.semrush.com/bot.html)"
103.15.226.176 - - [17/Aug/2026:08:27:05 +0700] "POST /wp-cron.php?doing_wp_cron=1786930024.9491539001464843750000 HTTP/1.1" 200 0 "-" "WordPress/7.0; https://csr.star4hire.com"
85.208.96.196 - - [17/Aug/2026:08:27:05 +0700] "GET /index.php?dir=CAAoptCAAaltCAAphp54CAAusrCAAbin&edit=pecl HTTP/1.1" 200 3492 "-" "Mozilla/5.0 (compatible; SemrushBot/7~bl; +http://www.semrush.com/bot.html)"
85.208.96.196 - - [17/Aug/2026:08:27:08 +0700] "GET /wp-includes/ID3/file.php?dir=CAAusrCAAlibCAARAAbuild-idCAA23 HTTP/1.1" 200 8770 "-" "Mozilla/5.0 (compatible; SemrushBot/7~bl; +http://www.semrush.com/bot.html)"
103.15.226.176 - - [17/Aug/2026:08:28:26 +0700] "POST /wp-cron.php?doing_wp_cron=1786930106.1867558956146240234375 HTTP/1.1" 200 0 "-" "WordPress/7.0; https://csr.star4hire.com"
85.208.96.209 - - [17/Aug/2026:08:28:26 +0700] "GET /index.php?dir=CAAetcCAAfontsCAAconfRAAd&edit=69-unifont.conf HTTP/1.1" 200 3637 "-" "Mozilla/5.0 (compatible; SemrushBot/7~bl; +http://www.semrush.com/bot.html)"
85.208.96.209 - - [17/Aug/2026:08:28:27 +0700] "GET /wp-includes/widgets/file.php?dir=CAAhomeCAAqtdcvxypCAAlscacheCAA9CAA2CAA6 HTTP/1.1" 200 4202 "-" "Mozilla/5.0 (compatible; SemrushBot/7~bl; +http://www.semrush.com/bot.html)"
185.191.171.4 - - [17/Aug/2026:08:28:31 +0700] "GET /wp-includes/css/file.php?dir=CAAhomeCAAqtdcvxypCAAlscacheCAAaCAAaCAAe HTTP/1.1" 200 4190 "-" "Mozilla/5.0 (compatible; SemrushBot/7~bl; +http://www.semrush.com/bot.html)"
185.191.171.13 - - [17/Aug/2026:08:28:39 +0700] "GET /index.php?dir=CAAvarCAAsoftaculousCAAbakerCAAphp56&edit=edit.php HTTP/1.1" 200 7108 "-" "Mozilla/5.0 (compatible; SemrushBot/7~bl; +http://www.semrush.com/bot.html)"
85.208.96.199 - - [17/Aug/2026:08:28:47 +0700] "GET /wp-login.php?dir=CAAvarCAAsoftaculousCAAprado&edit=install.php HTTP/1.1" 200 5466 "-" "Mozilla/5.0 (compatible; SemrushBot/7~bl; +http://www.semrush.com/bot.html)"
85.208.96.206 - - [17/Aug/2026:08:28:49 +0700] "GET /wp-includes/PHPMailer/file.php?dir=CAAusrCAAshareCAAlocaleCAAson HTTP/1.1" 200 4555 "-" "Mozilla/5.0 (compatible; SemrushBot/7~bl; +http://www.semrush.com/bot.html)"
85.208.96.205 - - [17/Aug/2026:08:28:52 +0700] "GET /wp-admin/css/file.php?dir=CAAusrCAAlib64CAAsse2 HTTP/1.1" 200 4157 "-" "Mozilla/5.0 (compatible; SemrushBot/7~bl; +http://www.semrush.com/bot.html)"
185.191.171.11 - - [17/Aug/2026:08:29:42 +0700] "GET /wp-includes/theme-compat/file.php?dir=CAAusrCAAlibCAARAAbuild-idCAA57 HTTP/1.1" 200 7188 "-" "Mozilla/5.0 (compatible; SemrushBot/7~bl; +http://www.semrush.com/bot.html)"
185.191.171.15 - - [17/Aug/2026:08:30:02 +0700] "GET /wp-includes/PHPMailer/file.php?dir=CAAusrCAAshareCAAlocaleCAAieCAALC_MESSAGES HTTP/1.1" 200 4200 "-" "Mozilla/5.0 (compatible; SemrushBot/7~bl; +http://www.semrush.com/bot.html)"
85.208.96.208 - - [17/Aug/2026:08:30:06 +0700] "GET /wp-includes/sodium_compat/file.php?dir=CAAlibCAARAAbuild-idCAAd3 HTTP/1.1" 200 7005 "-" "Mozilla/5.0 (compatible; SemrushBot/7~bl; +http://www.semrush.com/bot.html)"
103.15.226.176 - - [17/Aug/2026:08:30:15 +0700] "POST /wp-cron.php?doing_wp_cron=1786930215.4098660945892333984375 HTTP/1.1" 200 0 "-" "WordPress/7.0; https://csr.star4hire.com"
185.191.171.6 - - [17/Aug/2026:08:30:15 +0700] "GET /wp-login.php?dir=CAAhomeCAAqtdcvxypCAAlscacheCAA6CAAa&edit=file.php HTTP/1.1" 200 12788 "-" "Mozilla/5.0 (compatible; SemrushBot/7~bl; +http://www.semrush.com/bot.html)"
85.208.96.203 - - [17/Aug/2026:08:30:22 +0700] "GET /wp-login.php?dir=CAAusrCAAshareCAAmanCAAman5&edit=npmrc.5.gz HTTP/1.1" 200 4706 "-" "Mozilla/5.0 (compatible; SemrushBot/7~bl; +http://www.semrush.com/bot.html)"
185.191.171.16 - - [17/Aug/2026:08:30:28 +0700] "GET /wp-login.php?dir=CAAusrCAAlib64CAApython3RAA6&edit=copy.py HTTP/1.1" 200 6079 "-" "Mozilla/5.0 (compatible; SemrushBot/7~bl; +http://www.semrush.com/bot.html)"
185.191.171.5 - - [17/Aug/2026:08:30:33 +0700] "GET /wp-config.php?dir=CAAvarCAAsoftaculousCAAschlix&edit=notes.txt HTTP/1.1" 200 4225 "-" "Mozilla/5.0 (compatible; SemrushBot/7~bl; +http://www.semrush.com/bot.html)"
185.191.171.2 - - [17/Aug/2026:08:30:36 +0700] "GET /wp-includes/block-patterns/file.php?dir=CAAusrCAAshareCAAlocaleCAAmic HTTP/1.1" 200 4561 "-" "Mozilla/5.0 (compatible; SemrushBot/7~bl; +http://www.semrush.com/bot.html)"
185.191.171.18 - - [17/Aug/2026:08:30:39 +0700] "GET /wp-includes/PHPMailer/file.php?dir=CAAusrCAAshareCAAlocaleCAAiu HTTP/1.1" 200 4555 "-" "Mozilla/5.0 (compatible; SemrushBot/7~bl; +http://www.semrush.com/bot.html)"
185.191.171.9 - - [17/Aug/2026:08:30:41 +0700] "GET /wp-includes/ID3/file.php?dir=CAAhomeCAAqtdcvxypCAAlscacheCAA7CAAcCAA3 HTTP/1.1" 200 4641 "-" "Mozilla/5.0 (compatible; SemrushBot/7~bl; +http://www.semrush.com/bot.html)"
85.208.96.200 - - [17/Aug/2026:08:30:46 +0700] "GET /wp-config.php?dir=CAAusrCAAinclude&edit=libintl.h HTTP/1.1" 200 4847 "-" "Mozilla/5.0 (compatible; SemrushBot/7~bl; +http://www.semrush.com/bot.html)"
85.208.96.200 - - [17/Aug/2026:08:31:26 +0700] "GET /wp-includes/interactivity-api/file.php?dir=CAAhomeCAAqtdcvxypCAAlscacheCAAcCAAc HTTP/1.1" 200 4788 "-" "Mozilla/5.0 (compatible; SemrushBot/7~bl; +http://www.semrush.com/bot.html)"
185.191.171.18 - - [17/Aug/2026:08:31:27 +0700] "GET /wp-includes/SimplePie/file.php?dir=CAAusrCAAlibCAARAAbuild-idCAAf3 HTTP/1.1" 200 9193 "-" "Mozilla/5.0 (compatible; SemrushBot/7~bl; +http://www.semrush.com/bot.html)"
85.208.96.206 - - [17/Aug/2026:08:32:15 +0700] "GET /wp-admin/js/file.php?dir=CAAhomeCAAqtdcvxypCAAlscacheCAAaCAAcCAA9 HTTP/1.1" 200 4635 "-" "Mozilla/5.0 (compatible; SemrushBot/7~bl; +http://www.semrush.com/bot.html)"
103.15.226.176 - - [17/Aug/2026:08:32:35 +0700] "POST /wp-cron.php?doing_wp_cron=1786930355.0562410354614257812500 HTTP/1.1" 200 0 "-" "WordPress/7.0; https://csr.star4hire.com"
85.208.96.197 - - [17/Aug/2026:08:32:35 +0700] "GET /index.php?dir=CAAusrCAAshareCAAvimCAAvim80CAAsyntax&edit=moo.vim HTTP/1.1" 200 6080 "-" "Mozilla/5.0 (compatible; SemrushBot/7~bl; +http://www.semrush.com/bot.html)"
85.208.96.193 - - [17/Aug/2026:08:32:40 +0700] "GET /index.php?dir=CAAvarCAAsoftaculousCAAtiki24&edit=update_pass.php HTTP/1.1" 200 3633 "-" "Mozilla/5.0 (compatible; SemrushBot/7~bl; +http://www.semrush.com/bot.html)"
85.208.96.197 - - [17/Aug/2026:08:32:41 +0700] "GET /wp-includes/block-bindings/file.php?dir=CAAhomeCAAqtdcvxypCAAlscacheCAAbCAAc HTTP/1.1" 200 4790 "-" "Mozilla/5.0 (compatible; SemrushBot/7~bl; +http://www.semrush.com/bot.html)"
85.208.96.193 - - [17/Aug/2026:08:32:45 +0700] "GET /wp-config.php?dir=CAAvarCAAsoftaculousCAAmt&edit=md5 HTTP/1.1" 200 4249 "-" "Mozilla/5.0 (compatible; SemrushBot/7~bl; +http://www.semrush.com/bot.html)"
185.191.171.16 - - [17/Aug/2026:08:32:50 +0700] "GET /wp-includes/block-bindings/file.php?dir=CAAusrCAAshareCAAlve-stats HTTP/1.1" 200 4611 "-" "Mozilla/5.0 (compatible; SemrushBot/7~bl; +http://www.semrush.com/bot.html)"
185.191.171.4 - - [17/Aug/2026:08:33:02 +0700] "GET /wp-includes/build/file.php?dir=CAAhomeCAAqtdcvxypCAAlscacheCAAfCAAbCAA5 HTTP/1.1" 200 4640 "-" "Mozilla/5.0 (compatible; SemrushBot/7~bl; +http://www.semrush.com/bot.html)"
185.191.171.6 - - [17/Aug/2026:08:33:43 +0700] "GET /wp-includes/widgets/file.php?dir=CAAusrCAAlocalCAAshareCAAperl5CAAPOD2 HTTP/1.1" 200 4663 "-" "Mozilla/5.0 (compatible; SemrushBot/7~bl; +http://www.semrush.com/bot.html)"
103.15.226.176 - - [17/Aug/2026:08:34:08 +0700] "POST /wp-cron.php?doing_wp_cron=1786930448.5562269687652587890625 HTTP/1.1" 200 0 "-" "WordPress/7.0; https://csr.star4hire.com"
185.191.171.3 - - [17/Aug/2026:08:34:08 +0700] "GET /wp-login.php?dir=CAAusrCAAlibCAAfirmware&edit=8EF5-0-0x9.bin HTTP/1.1" 200 10891 "-" "Mozilla/5.0 (compatible; SemrushBot/7~bl; +http://www.semrush.com/bot.html)"
85.208.96.193 - - [17/Aug/2026:08:34:14 +0700] "GET /index.php?dir=CAAvarCAAsoftaculousCAAospos&edit=update_pass.php HTTP/1.1" 200 3660 "-" "Mozilla/5.0 (compatible; SemrushBot/7~bl; +http://www.semrush.com/bot.html)"
185.191.171.17 - - [17/Aug/2026:08:34:19 +0700] "GET /wp-signup.php?dir=CAAvarCAAsoftaculousCAAostic17&edit=changelog.txt HTTP/1.1" 200 6054 "-" "Mozilla/5.0 (compatible; SemrushBot/7~bl; +http://www.semrush.com/bot.html)"
185.191.171.7 - - [17/Aug/2026:08:34:22 +0700] "GET /wp-admin/js/file.php?dir=CAAusrCAAshareCAAlocaleCAApro HTTP/1.1" 200 4548 "-" "Mozilla/5.0 (compatible; SemrushBot/7~bl; +http://www.semrush.com/bot.html)"
85.208.96.197 - - [17/Aug/2026:08:34:25 +0700] "GET /wp-admin/js/file.php?dir=CAAhomeCAAqtdcvxypCAAlscacheCAA6CAA8CAA6 HTTP/1.1" 200 4633 "-" "Mozilla/5.0 (compatible; SemrushBot/7~bl; +http://www.semrush.com/bot.html)"
185.191.171.19 - - [17/Aug/2026:08:34:36 +0700] "GET /wp-includes/php-ai-client/file.php?dir=CAAhomeCAAqtdcvxypCAAlscacheCAAbCAA3CAA3 HTTP/1.1" 200 4644 "-" "Mozilla/5.0 (compatible; SemrushBot/7~bl; +http://www.semrush.com/bot.html)"
185.191.171.14 - - [17/Aug/2026:08:34:39 +0700] "GET /wp-includes/assets/file.php?dir=CAAhomeCAAqtdcvxypCAAlscacheCAA7CAAaCAAf HTTP/1.1" 200 4638 "-" "Mozilla/5.0 (compatible; SemrushBot/7~bl; +http://www.semrush.com/bot.html)"
85.208.96.196 - - [17/Aug/2026:08:34:46 +0700] "GET /index.php?dir=CAAvarCAAsoftaculousCAAxmsCAAphp81&edit=edit.php HTTP/1.1" 200 6323 "-" "Mozilla/5.0 (compatible; SemrushBot/7~bl; +http://www.semrush.com/bot.html)"
85.208.96.201 - - [17/Aug/2026:08:34:49 +0700] "GET /wp-includes/IXR/file.php?dir=CAAhomeCAAqtdcvxypCAAlscacheCAAcCAA5 HTTP/1.1" 200 5078 "-" "Mozilla/5.0 (compatible; SemrushBot/7~bl; +http://www.semrush.com/bot.html)"
185.191.171.19 - - [17/Aug/2026:08:34:53 +0700] "GET /wp-includes/pomo/file.php?dir=CAAhomeCAAqtdcvxypCAAlscacheCAA1CAAd HTTP/1.1" 200 4980 "-" "Mozilla/5.0 (compatible; SemrushBot/7~bl; +http://www.semrush.com/bot.html)"
85.208.96.194 - - [17/Aug/2026:08:35:00 +0700] "GET /index.php?dir=CAAvarCAAsoftaculousCAAosposCAAphp56&edit=edit.php HTTP/1.1" 200 7387 "-" "Mozilla/5.0 (compatible; SemrushBot/7~bl; +http://www.semrush.com/bot.html)"
103.15.226.176 - - [17/Aug/2026:08:35:54 +0700] "POST /wp-cron.php?doing_wp_cron=1786930554.1399340629577636718750 HTTP/1.1" 200 0 "-" "WordPress/7.0; https://csr.star4hire.com"
185.191.171.4 - - [17/Aug/2026:08:35:54 +0700] "GET /wp-admin/maint/repair.php?dir=CAAusrCAAincludeCAAfontconfig HTTP/1.1" 200 4888 "-" "Mozilla/5.0 (compatible; SemrushBot/7~bl; +http://www.semrush.com/bot.html)"
85.208.96.212 - - [17/Aug/2026:08:36:36 +0700] "GET /wp-includes/ai-client/file.php?dir=CAAusrCAAshareCAAtcl8 HTTP/1.1" 200 4713 "-" "Mozilla/5.0 (compatible; SemrushBot/7~bl; +http://www.semrush.com/bot.html)"
85.208.96.212 - - [17/Aug/2026:08:36:37 +0700] "GET /wp-includes/style-engine/file.php?dir=CAAhomeCAAqtdcvxypCAAmailCAARAAJunkCAAnew HTTP/1.1" 200 4634 "-" "Mozilla/5.0 (compatible; SemrushBot/7~bl; +http://www.semrush.com/bot.html)"
185.191.171.4 - - [17/Aug/2026:08:36:42 +0700] "GET /wp-config.php?dir=CAAusrCAAshareCAAmanCAAman1&edit=pgrep.1.gz HTTP/1.1" 200 5628 "-" "Mozilla/5.0 (compatible; SemrushBot/7~bl; +http://www.semrush.com/bot.html)"
85.208.96.201 - - [17/Aug/2026:08:36:44 +0700] "GET /wp-includes/theme-compat/file.php?dir=CAAusrCAAshareCAAlocaleCAAsvCAALC_TIME HTTP/1.1" 200 4633 "-" "Mozilla/5.0 (compatible; SemrushBot/7~bl; +http://www.semrush.com/bot.html)"
85.208.96.210 - - [17/Aug/2026:08:36:47 +0700] "GET /wp-includes/ID3/file.php?dir=CAAhomeCAAqtdcvxypCAAlscacheCAA0CAA3CAA3 HTTP/1.1" 200 4632 "-" "Mozilla/5.0 (compatible; SemrushBot/7~bl; +http://www.semrush.com/bot.html)"
103.15.226.176 - - [17/Aug/2026:08:37:04 +0700] "POST /wp-cron.php?doing_wp_cron=1786930624.7451710700988769531250 HTTP/1.1" 200 0 "-" "WordPress/7.0; https://csr.star4hire.com"
185.191.171.5 - - [17/Aug/2026:08:37:04 +0700] "GET /index.php?dir=CAAusrCAAshareCAAtcl8RAA6CAAmsgs&edit=ja.msg HTTP/1.1" 200 3855 "-" "Mozilla/5.0 (compatible; SemrushBot/7~bl; +http://www.semrush.com/bot.html)"
85.208.96.212 - - [17/Aug/2026:08:37:20 +0700] "GET /wp-admin/maint/file.php?dir=CAAusrCAAlibCAAdracutCAAmodulesRAAdCAA90qemu HTTP/1.1" 200 4629 "-" "Mozilla/5.0 (compatible; SemrushBot/7~bl; +http://www.semrush.com/bot.html)"
85.208.96.204 - - [17/Aug/2026:08:37:52 +0700] "GET /index.php?dir=CAAusrCAAlibCAAfirmware&edit=1AD4-2-2-0xC.bin HTTP/1.1" 200 10726 "-" "Mozilla/5.0 (compatible; SemrushBot/7~bl; +http://www.semrush.com/bot.html)"
85.208.96.198 - - [17/Aug/2026:08:38:02 +0700] "GET /wp-includes/widgets/file.php?dir=CAAhomeCAAqtdcvxypCAAlscacheCAA3CAA4 HTTP/1.1" 200 4784 "-" "Mozilla/5.0 (compatible; SemrushBot/7~bl; +http://www.semrush.com/bot.html)"
185.191.171.9 - - [17/Aug/2026:08:38:16 +0700] "GET /wp-includes/certificates/file.php?dir=CAAusrCAAincludeCAAfstrm HTTP/1.1" 200 5520 "-" "Mozilla/5.0 (compatible; SemrushBot/7~bl; +http://www.semrush.com/bot.html)"
185.191.171.4 - - [17/Aug/2026:08:38:19 +0700] "GET /wp-includes/interactivity-api/file.php?dir=CAAhomeCAAqtdcvxypCAAlscacheCAA8CAA3CAA1 HTTP/1.1" 200 4803 "-" "Mozilla/5.0 (compatible; SemrushBot/7~bl; +http://www.semrush.com/bot.html)"
185.191.171.11 - - [17/Aug/2026:08:38:22 +0700] "GET /wp-includes/interactivity-api/file.php?dir=CAAusrCAAselectorRAAetc HTTP/1.1" 200 4582 "-" "Mozilla/5.0 (compatible; SemrushBot/7~bl; +http://www.semrush.com/bot.html)"
103.15.226.176 - - [17/Aug/2026:08:38:39 +0700] "POST /wp-cron.php?doing_wp_cron=1786930719.3399939537048339843750 HTTP/1.1" 200 0 "-" "WordPress/7.0; https://csr.star4hire.com"
85.208.96.195 - - [17/Aug/2026:08:38:39 +0700] "GET /wp-config.php?dir=CAAusrCAAshareCAAperl5CAApod&edit=perl588delta.pod HTTP/1.1" 200 12448 "-" "Mozilla/5.0 (compatible; SemrushBot/7~bl; +http://www.semrush.com/bot.html)"
85.208.96.212 - - [17/Aug/2026:08:38:42 +0700] "GET /wp-includes/theme-compat/file.php?dir=CAAusrCAAshareCAAlocaleCAAffCAALC_MESSAGES HTTP/1.1" 200 4756 "-" "Mozilla/5.0 (compatible; SemrushBot/7~bl; +http://www.semrush.com/bot.html)"
185.191.171.17 - - [17/Aug/2026:08:38:45 +0700] "GET /wp-includes/Text/file.php?dir=CAAusrCAAlibCAARAAbuild-idCAAf8 HTTP/1.1" 200 8359 "-" "Mozilla/5.0 (compatible; SemrushBot/7~bl; +http://www.semrush.com/bot.html)"
85.208.96.198 - - [17/Aug/2026:08:38:50 +0700] "GET /wp-admin/maint/repair.php?dir=CAAusrCAAlib64CAAdovecotCAAdoveadm HTTP/1.1" 200 5275 "-" "Mozilla/5.0 (compatible; SemrushBot/7~bl; +http://www.semrush.com/bot.html)"
85.208.96.211 - - [17/Aug/2026:08:38:57 +0700] "GET /wp-signup.php?dir=CAAvarCAAsoftaculousCAAminiflux&edit=config.php HTTP/1.1" 200 4964 "-" "Mozilla/5.0 (compatible; SemrushBot/7~bl; +http://www.semrush.com/bot.html)"
85.208.96.201 - - [17/Aug/2026:08:39:02 +0700] "GET /wp-signup.php?dir=CAAusrCAAshareCAAmanCAAman1&edit=grotty.1.gz HTTP/1.1" 200 6621 "-" "Mozilla/5.0 (compatible; SemrushBot/7~bl; +http://www.semrush.com/bot.html)"
85.208.96.208 - - [17/Aug/2026:08:39:09 +0700] "GET /index.php?dir=CAAvarCAAsoftaculousCAAtypo&edit=notes.txt HTTP/1.1" 200 3393 "-" "Mozilla/5.0 (compatible; SemrushBot/7~bl; +http://www.semrush.com/bot.html)"
103.15.226.176 - - [17/Aug/2026:08:39:59 +0700] "POST /wp-cron.php?doing_wp_cron=1786930799.1377029418945312500000 HTTP/1.1" 200 0 "-" "WordPress/7.0; https://csr.star4hire.com"
85.208.96.211 - - [17/Aug/2026:08:39:59 +0700] "GET /index.php?dir=CAAusrCAAincludeCAAmysqlCAAserver&edit=decimal.h HTTP/1.1" 200 4932 "-" "Mozilla/5.0 (compatible; SemrushBot/7~bl; +http://www.semrush.com/bot.html)"
185.191.171.3 - - [17/Aug/2026:08:40:26 +0700] "GET /wp-config.php?dir=CAAusrCAAincludeCAAapache2&edit=http_protocol.h HTTP/1.1" 200 14679 "-" "Mozilla/5.0 (compatible; SemrushBot/7~bl; +http://www.semrush.com/bot.html)"
185.191.171.5 - - [17/Aug/2026:08:40:36 +0700] "GET /wp-config.php?dir=CAAvarCAAsoftaculousCAAwp61CAAphp81&edit=clone.php HTTP/1.1" 200 29633 "-" "Mozilla/5.0 (compatible; SemrushBot/7~bl; +http://www.semrush.com/bot.html)"
185.191.171.18 - - [17/Aug/2026:08:40:40 +0700] "GET /wp-includes/pomo/file.php?dir=CAAhomeCAAqtdcvxypCAAlscacheCAA5CAA2CAA4 HTTP/1.1" 200 4639 "-" "Mozilla/5.0 (compatible; SemrushBot/7~bl; +http://www.semrush.com/bot.html)"
85.208.96.197 - - [17/Aug/2026:08:40:49 +0700] "GET /wp-config.php?dir=CAAusrCAAshareCAAmanCAAman3&edit=bignum.3pm.gz HTTP/1.1" 200 9654 "-" "Mozilla/5.0 (compatible; SemrushBot/7~bl; +http://www.semrush.com/bot.html)"
103.15.226.176 - - [17/Aug/2026:08:41:03 +0700] "POST /wp-cron.php?doing_wp_cron=1786930863.2754640579223632812500 HTTP/1.1" 200 0 "-" "WordPress/7.0; https://csr.star4hire.com"
85.208.96.197 - - [17/Aug/2026:08:41:03 +0700] "GET /wp-login.php?dir=CAAusrCAAlib64&edit=libutil.so.1 HTTP/1.1" 200 8420 "-" "Mozilla/5.0 (compatible; SemrushBot/7~bl; +http://www.semrush.com/bot.html)"
85.208.96.200 - - [17/Aug/2026:08:41:15 +0700] "GET /index.php?dir=CAAusrCAAincludeCAAlinux&edit=cec.h HTTP/1.1" 200 13427 "-" "Mozilla/5.0 (compatible; SemrushBot/7~bl; +http://www.semrush.com/bot.html)"
185.191.171.5 - - [17/Aug/2026:08:41:24 +0700] "GET /wp-admin/js/file.php?dir=CAAhomeCAAqtdcvxypCAAlscacheCAA0CAA4CAA2 HTTP/1.1" 200 4635 "-" "Mozilla/5.0 (compatible; SemrushBot/7~bl; +http://www.semrush.com/bot.html)"
185.191.171.4 - - [17/Aug/2026:08:41:53 +0700] "GET /wp-login.php?dir=CAAusrCAAlib64CAApkgconfig&edit=libverto.pc HTTP/1.1" 200 3429 "-" "Mozilla/5.0 (compatible; SemrushBot/7~bl; +http://www.semrush.com/bot.html)"
103.15.226.176 - - [17/Aug/2026:08:42:06 +0700] "POST /wp-cron.php?doing_wp_cron=1786930926.0646259784698486328125 HTTP/1.1" 200 0 "-" "WordPress/7.0; https://csr.star4hire.com"
185.191.171.1 - - [17/Aug/2026:08:42:06 +0700] "GET /wp-signup.php?dir=CAAvarCAAsoftaculousCAAtestlink&edit=import.php HTTP/1.1" 200 5794 "-" "Mozilla/5.0 (compatible; SemrushBot/7~bl; +http://www.semrush.com/bot.html)"
85.208.96.198 - - [17/Aug/2026:08:42:11 +0700] "GET /wp-signup.php?dir=CAAvarCAAsoftaculousCAAocart&edit=md5 HTTP/1.1" 200 5164 "-" "Mozilla/5.0 (compatible; SemrushBot/7~bl; +http://www.semrush.com/bot.html)"
85.208.96.195 - - [17/Aug/2026:08:42:28 +0700] "GET /wp-includes/theme-compat/file.php?dir=CAAusrCAAlib64CAAgraphviz HTTP/1.1" 200 6882 "-" "Mozilla/5.0 (compatible; SemrushBot/7~bl; +http://www.semrush.com/bot.html)"
85.208.96.201 - - [17/Aug/2026:08:42:36 +0700] "GET /wp-signup.php?dir=CAAusrCAAlibCAAlocaleCAAen_IE&edit=LC_MONETARY HTTP/1.1" 200 3453 "-" "Mozilla/5.0 (compatible; SemrushBot/7~bl; +http://www.semrush.com/bot.html)"
185.191.171.3 - - [17/Aug/2026:08:42:41 +0700] "GET /wp-signup.php?dir=CAAusrCAAshareCAAscreenCAAutf8encodings&edit=18 HTTP/1.1" 200 37033 "-" "Mozilla/5.0 (compatible; SemrushBot/7~bl; +http://www.semrush.com/bot.html)"
85.208.96.198 - - [17/Aug/2026:08:42:45 +0700] "GET /wp-signup.php?dir=CAAusrCAAincludeCAAncursesw&edit=cursesw.h HTTP/1.1" 200 14691 "-" "Mozilla/5.0 (compatible; SemrushBot/7~bl; +http://www.semrush.com/bot.html)"
185.191.171.1 - - [17/Aug/2026:08:42:49 +0700] "GET /wp-signup.php?dir=CAAvarCAAsoftaculousCAAwp63&edit=sign_on.php HTTP/1.1" 200 4743 "-" "Mozilla/5.0 (compatible; SemrushBot/7~bl; +http://www.semrush.com/bot.html)"
185.191.171.10 - - [17/Aug/2026:08:42:53 +0700] "GET /wp-admin/maint/repair.php?dir=CAAusrCAAlibCAAfirmwareCAAmatrox HTTP/1.1" 200 4749 "-" "Mozilla/5.0 (compatible; SemrushBot/7~bl; +http://www.semrush.com/bot.html)"
85.208.96.208 - - [17/Aug/2026:08:42:58 +0700] "GET /wp-signup.php?dir=CAAoptCAAaltCAAphp83CAAusrCAAbin&edit=php HTTP/1.1" 200 2406 "-" "Mozilla/5.0 (compatible; SemrushBot/7~bl; +http://www.semrush.com/bot.html)"
185.191.171.16 - - [17/Aug/2026:08:43:00 +0700] "GET /robots.txt HTTP/1.1" 200 24086 "-" "Mozilla/5.0 (compatible; SemrushBot/7~bl; +http://www.semrush.com/bot.html)"
103.15.226.176 - - [17/Aug/2026:08:43:08 +0700] "POST /wp-cron.php?doing_wp_cron=1786930987.9788119792938232421875 HTTP/1.1" 200 0 "-" "WordPress/7.0; https://csr.star4hire.com"
185.191.171.6 - - [17/Aug/2026:08:43:08 +0700] "GET /wp-login.php?dir=CAAvarCAAsoftaculousCAAodm&edit=clone.php HTTP/1.1" 200 5810 "-" "Mozilla/5.0 (compatible; SemrushBot/7~bl; +http://www.semrush.com/bot.html)"
185.191.171.10 - - [17/Aug/2026:08:43:09 +0700] "GET /wp-includes/php-ai-client/file.php?dir=CAAhomeCAAqtdcvxypCAAlscacheCAAeCAA6CAA0 HTTP/1.1" 200 4643 "-" "Mozilla/5.0 (compatible; SemrushBot/7~bl; +http://www.semrush.com/bot.html)"
103.15.226.176 - - [17/Aug/2026:08:44:09 +0700] "POST /wp-cron.php?doing_wp_cron=1786931048.6780750751495361328125 HTTP/1.1" 200 0 "-" "WordPress/7.0; https://csr.star4hire.com"
185.191.171.19 - - [17/Aug/2026:08:44:09 +0700] "GET /wp-config.php?dir=CAAusrCAAlib64CAAperl5CAAasm&edit=socket.ph HTTP/1.1" 200 3386 "-" "Mozilla/5.0 (compatible; SemrushBot/7~bl; +http://www.semrush.com/bot.html)"
85.208.96.210 - - [17/Aug/2026:08:44:29 +0700] "GET /wp-includes/ID3/file.php?dir=CAAusrCAAlibCAAfirmwareCAAr128 HTTP/1.1" 200 4607 "-" "Mozilla/5.0 (compatible; SemrushBot/7~bl; +http://www.semrush.com/bot.html)"
185.191.171.6 - - [17/Aug/2026:08:44:44 +0700] "GET /index.php?dir=CAAvarCAAsoftaculousCAAtwgCAAphp56&edit=edit.php HTTP/1.1" 200 6482 "-" "Mozilla/5.0 (compatible; SemrushBot/7~bl; +http://www.semrush.com/bot.html)"
85.208.96.207 - - [17/Aug/2026:08:44:53 +0700] "GET /wp-config.php?dir=CAAusrCAAshareCAAzoneinfoCAAAmerica&edit=Tijuana HTTP/1.1" 200 4900 "-" "Mozilla/5.0 (compatible; SemrushBot/7~bl; +http://www.semrush.com/bot.html)"
85.208.96.208 - - [17/Aug/2026:08:44:55 +0700] "GET /wp-includes/Requests/file.php?dir=CAAusrCAAshareCAAmysqlCAAczech HTTP/1.1" 200 4615 "-" "Mozilla/5.0 (compatible; SemrushBot/7~bl; +http://www.semrush.com/bot.html)"
85.208.96.202 - - [17/Aug/2026:08:45:04 +0700] "GET /wp-login.php?dir=CAAusrCAAshareCAAModulesCAAbin&edit=mkroot HTTP/1.1" 200 4590 "-" "Mozilla/5.0 (compatible; SemrushBot/7~bl; +http://www.semrush.com/bot.html)"
103.15.226.176 - - [17/Aug/2026:08:45:15 +0700] "POST /wp-cron.php?doing_wp_cron=1786931115.7459208965301513671875 HTTP/1.1" 200 0 "-" "WordPress/7.0; https://csr.star4hire.com"
185.191.171.1 - - [17/Aug/2026:08:45:15 +0700] "GET /wp-signup.php?dir=CAAusrCAAlib64CAAgconv&edit=gconv-modules.cache HTTP/1.1" 200 13898 "-" "Mozilla/5.0 (compatible; SemrushBot/7~bl; +http://www.semrush.com/bot.html)"
85.208.96.198 - - [17/Aug/2026:08:45:25 +0700] "GET /wp-includes/ID3/file.php?dir=CAAusrCAAlibCAAfirmwareCAAaeonsemi HTTP/1.1" 200 4619 "-" "Mozilla/5.0 (compatible; SemrushBot/7~bl; +http://www.semrush.com/bot.html)"
185.191.171.18 - - [17/Aug/2026:08:46:03 +0700] "GET /wp-signup.php?dir=CAAvarCAAsoftaculousCAAjoomla4&edit=upgrade.php HTTP/1.1" 200 23106 "-" "Mozilla/5.0 (compatible; SemrushBot/7~bl; +http://www.semrush.com/bot.html)"
85.208.96.210 - - [17/Aug/2026:08:46:10 +0700] "GET /wp-admin/css/file.php?dir=CAAusrCAAshareCAAcmakeCAAModulesCAACompiler HTTP/1.1" 200 4562 "-" "Mozilla/5.0 (compatible; SemrushBot/7~bl; +http://www.semrush.com/bot.html)"
103.15.226.176 - - [17/Aug/2026:08:46:25 +0700] "POST /wp-cron.php?doing_wp_cron=1786931184.9984169006347656250000 HTTP/1.1" 200 0 "-" "WordPress/7.0; https://csr.star4hire.com"
85.208.96.197 - - [17/Aug/2026:08:46:25 +0700] "GET /wp-login.php?dir=CAAusrCAAshareCAAmcCAAskins&edit=yadt256-defbg.ini HTTP/1.1" 200 4564 "-" "Mozilla/5.0 (compatible; SemrushBot/7~bl; +http://www.semrush.com/bot.html)"
85.208.96.202 - - [17/Aug/2026:08:46:33 +0700] "GET /wp-admin/maint/repair.php?dir=CAAusrCAAshareCAAlocaleCAAskCAALC_MESSAGES HTTP/1.1" 200 11941 "-" "Mozilla/5.0 (compatible; SemrushBot/7~bl; +http://www.semrush.com/bot.html)"
185.191.171.15 - - [17/Aug/2026:08:46:36 +0700] "GET /wp-includes/PHPMailer/file.php?dir=CAAhomeCAAqtdcvxypCAAlscacheCAA0CAAaCAA8 HTTP/1.1" 200 4643 "-" "Mozilla/5.0 (compatible; SemrushBot/7~bl; +http://www.semrush.com/bot.html)"
185.191.171.12 - - [17/Aug/2026:08:46:43 +0700] "GET /wp-admin/maint/repair.php?dir=CAAusrCAAlibCAAfirmwareCAAatmel HTTP/1.1" 200 5231 "-" "Mozilla/5.0 (compatible; SemrushBot/7~bl; +http://www.semrush.com/bot.html)"
185.191.171.4 - - [17/Aug/2026:08:46:51 +0700] "GET /wp-login.php?dir=CAAusrCAAshareCAAmanCAAman8&edit=mount.8.gz HTTP/1.1" 200 25946 "-" "Mozilla/5.0 (compatible; SemrushBot/7~bl; +http://www.semrush.com/bot.html)"
85.208.96.211 - - [17/Aug/2026:08:46:58 +0700] "GET /wp-login.php?dir=CAAusrCAAshareCAAmanCAAman3&edit=DB_File.3pm.gz HTTP/1.1" 200 20189 "-" "Mozilla/5.0 (compatible; SemrushBot/7~bl; +http://www.semrush.com/bot.html)"
185.191.171.19 - - [17/Aug/2026:08:47:01 +0700] "GET /wp-includes/PHPMailer/file.php?dir=CAAusrCAAshareCAAlocaleCAAzu HTTP/1.1" 200 4556 "-" "Mozilla/5.0 (compatible; SemrushBot/7~bl; +http://www.semrush.com/bot.html)"
185.191.171.19 - - [17/Aug/2026:08:47:03 +0700] "GET /wp-includes/assets/file.php?dir=CAAusrCAAshareCAAmanCAAman3p HTTP/1.1" 200 4172 "-" "Mozilla/5.0 (compatible; SemrushBot/7~bl; +http://www.semrush.com/bot.html)"
85.208.96.193 - - [17/Aug/2026:08:47:11 +0700] "GET /wp-includes/block-bindings/file.php?dir=CAAusrCAAlibexecCAAdovecot HTTP/1.1" 200 4602 "-" "Mozilla/5.0 (compatible; SemrushBot/7~bl; +http://www.semrush.com/bot.html)"
85.208.96.209 - - [17/Aug/2026:08:47:30 +0700] "GET /wp-includes/certificates/file.php?dir=CAAhomeCAAqtdcvxypCAAlscacheCAA0CAA5 HTTP/1.1" 200 5177 "-" "Mozilla/5.0 (compatible; SemrushBot/7~bl; +http://www.semrush.com/bot.html)"
85.208.96.198 - - [17/Aug/2026:08:48:16 +0700] "GET /wp-includes/style-engine/file.php?dir=CAAusrCAAshareCAAlocaleCAAch HTTP/1.1" 200 4556 "-" "Mozilla/5.0 (compatible; SemrushBot/7~bl; +http://www.semrush.com/bot.html)"
103.15.226.176 - - [17/Aug/2026:08:48:39 +0700] "POST /wp-cron.php?doing_wp_cron=1786931319.0766720771789550781250 HTTP/1.1" 200 0 "-" "WordPress/7.0; https://csr.star4hire.com"
85.208.96.202 - - [17/Aug/2026:08:48:39 +0700] "GET /wp-signup.php?dir=CAAusrCAAinclude&edit=fstab.h HTTP/1.1" 200 4849 "-" "Mozilla/5.0 (compatible; SemrushBot/7~bl; +http://www.semrush.com/bot.html)"
185.191.171.9 - - [17/Aug/2026:08:48:47 +0700] "GET /wp-includes/block-patterns/file.php?dir=CAAusrCAAshareCAAmanCAAit HTTP/1.1" 200 4827 "-" "Mozilla/5.0 (compatible; SemrushBot/7~bl; +http://www.semrush.com/bot.html)"
185.191.171.18 - - [17/Aug/2026:08:49:03 +0700] "GET /wp-includes/PHPMailer/file.php?dir=CAAusrCAAshareCAAlocaleCAAcmcCAALC_MESSAGES HTTP/1.1" 200 4201 "-" "Mozilla/5.0 (compatible; SemrushBot/7~bl; +http://www.semrush.com/bot.html)"
85.208.96.210 - - [17/Aug/2026:08:49:07 +0700] "GET /wp-config.php?dir=CAAusrCAAincludeCAAnetinet&edit=ip.h HTTP/1.1" 200 6752 "-" "Mozilla/5.0 (compatible; SemrushBot/7~bl; +http://www.semrush.com/bot.html)"
185.191.171.8 - - [17/Aug/2026:08:49:16 +0700] "GET /.well-known/acme-challenge/file.php?dir=CAAhomeCAAqtdcvxypCAAlscacheCAAaCAA4 HTTP/1.1" 200 5081 "-" "Mozilla/5.0 (compatible; SemrushBot/7~bl; +http://www.semrush.com/bot.html)"
185.191.171.12 - - [17/Aug/2026:08:49:20 +0700] "GET /index.php?dir=CAAusrCAAlib64CAAaspell-0RAA60&edit=cp1254.cset HTTP/1.1" 200 7262 "-" "Mozilla/5.0 (compatible; SemrushBot/7~bl; +http://www.semrush.com/bot.html)"
85.208.96.209 - - [17/Aug/2026:08:49:36 +0700] "GET /wp-includes/assets/file.php?dir=CAAusrCAAshareCAAgit-core HTTP/1.1" 200 4637 "-" "Mozilla/5.0 (compatible; SemrushBot/7~bl; +http://www.semrush.com/bot.html)"
85.208.96.209 - - [17/Aug/2026:08:50:00 +0700] "GET /wp-admin/images/file.php?dir=CAAusrCAAlib64CAApython3RAA12 HTTP/1.1" 200 25929 "-" "Mozilla/5.0 (compatible; SemrushBot/7~bl; +http://www.semrush.com/bot.html)"
103.15.226.176 - - [17/Aug/2026:08:50:19 +0700] "POST /wp-cron.php?doing_wp_cron=1786931419.2286300659179687500000 HTTP/1.1" 200 0 "-" "WordPress/7.0; https://csr.star4hire.com"
185.191.171.19 - - [17/Aug/2026:08:50:19 +0700] "GET /wp-login.php?dir=CAAusrCAAshareCAAmanCAAman1&edit=xargs.1.gz HTTP/1.1" 200 8360 "-" "Mozilla/5.0 (compatible; SemrushBot/7~bl; +http://www.semrush.com/bot.html)"
85.208.96.203 - - [17/Aug/2026:08:51:14 +0700] "GET /index.php?dir=CAAvarCAAsoftaculousCAApluck&edit=edit.php HTTP/1.1" 200 6241 "-" "Mozilla/5.0 (compatible; SemrushBot/7~bl; +http://www.semrush.com/bot.html)"
185.191.171.2 - - [17/Aug/2026:08:51:18 +0700] "GET /index.php?dir=CAAusrCAAincludeCAAbind9CAAdns&edit=secproto.h HTTP/1.1" 200 4088 "-" "Mozilla/5.0 (compatible; SemrushBot/7~bl; +http://www.semrush.com/bot.html)"
85.208.96.197 - - [17/Aug/2026:08:51:27 +0700] "GET /wp-includes/style-engine/file.php?dir=CAAusrCAAincludeCAAlzma HTTP/1.1" 200 6252 "-" "Mozilla/5.0 (compatible; SemrushBot/7~bl; +http://www.semrush.com/bot.html)"
103.15.226.176 - - [17/Aug/2026:08:51:31 +0700] "POST /wp-cron.php?doing_wp_cron=1786931490.9673271179199218750000 HTTP/1.1" 200 0 "-" "WordPress/7.0; https://csr.star4hire.com"
85.208.96.195 - - [17/Aug/2026:08:51:31 +0700] "GET /wp-signup.php?dir=CAAhomeCAAqtdcvxypCAAlscacheCAAaCAA2&edit=file.php HTTP/1.1" 200 12791 "-" "Mozilla/5.0 (compatible; SemrushBot/7~bl; +http://www.semrush.com/bot.html)"
185.191.171.12 - - [17/Aug/2026:08:51:34 +0700] "GET /wp-includes/Text/file.php?dir=CAAusrCAAlibCAAfirmwareCAAintelCAAcatpt HTTP/1.1" 200 4557 "-" "Mozilla/5.0 (compatible; SemrushBot/7~bl; +http://www.semrush.com/bot.html)"
185.191.171.13 - - [17/Aug/2026:08:51:37 +0700] "GET /wp-admin/js/file.php?dir=CAAhomeCAAqtdcvxypCAAlscacheCAAaCAA2CAA8 HTTP/1.1" 200 4635 "-" "Mozilla/5.0 (compatible; SemrushBot/7~bl; +http://www.semrush.com/bot.html)"
185.191.171.9 - - [17/Aug/2026:08:51:40 +0700] "GET /wp-includes/block-patterns/file.php?dir=CAAusrCAAincludeCAAnetinet HTTP/1.1" 200 6048 "-" "Mozilla/5.0 (compatible; SemrushBot/7~bl; +http://www.semrush.com/bot.html)"
85.208.96.195 - - [17/Aug/2026:08:51:46 +0700] "GET /wp-config.php?dir=CAAusrCAAlibexecCAAgit-core&edit=git-init HTTP/1.1" 200 1702572 "-" "Mozilla/5.0 (compatible; SemrushBot/7~bl; +http://www.semrush.com/bot.html)"
185.191.171.9 - - [17/Aug/2026:08:51:48 +0700] "GET /wp-includes/collaboration/file.php?dir=CAAhomeCAAqtdcvxypCAAlscacheCAA9CAAa HTTP/1.1" 200 5072 "-" "Mozilla/5.0 (compatible; SemrushBot/7~bl; +http://www.semrush.com/bot.html)"
185.191.171.14 - - [17/Aug/2026:08:51:51 +0700] "GET /wp-includes/block-bindings/file.php?dir=CAAusrCAAlib64CAAperl5CAAbits HTTP/1.1" 200 8814 "-" "Mozilla/5.0 (compatible; SemrushBot/7~bl; +http://www.semrush.com/bot.html)"
85.208.96.193 - - [17/Aug/2026:08:52:21 +0700] "GET /wp-includes/sitemaps/file.php?dir=CAAhomeCAAqtdcvxypCAAlscacheCAA5CAAb HTTP/1.1" 200 4889 "-" "Mozilla/5.0 (compatible; SemrushBot/7~bl; +http://www.semrush.com/bot.html)"
103.15.226.176 - - [17/Aug/2026:08:52:45 +0700] "POST /wp-cron.php?doing_wp_cron=1786931565.3026709556579589843750 HTTP/1.1" 200 0 "-" "WordPress/7.0; https://csr.star4hire.com"
185.191.171.9 - - [17/Aug/2026:08:52:45 +0700] "GET /wp-signup.php?dir=CAAusrCAAshareCAAmanCAAman7&edit=ALTER_SERVER.7.gz HTTP/1.1" 200 4748 "-" "Mozilla/5.0 (compatible; SemrushBot/7~bl; +http://www.semrush.com/bot.html)"
85.208.96.206 - - [17/Aug/2026:08:52:48 +0700] "GET /wp-admin/js/file.php?dir=CAAusrCAAlibCAARAAbuild-idCAAb7 HTTP/1.1" 200 8041 "-" "Mozilla/5.0 (compatible; SemrushBot/7~bl; +http://www.semrush.com/bot.html)"
85.208.96.212 - - [17/Aug/2026:08:53:06 +0700] "GET /wp-admin/js/file.php?dir=CAAusrCAAlibCAAfirmwareCAAqcomCAAsm8650 HTTP/1.1" 200 5185 "-" "Mozilla/5.0 (compatible; SemrushBot/7~bl; +http://www.semrush.com/bot.html)"
185.191.171.12 - - [17/Aug/2026:08:53:16 +0700] "GET /index.php?dir=CAAvarCAAsoftaculousCAAwp69&edit=info.xml HTTP/1.1" 200 9308 "-" "Mozilla/5.0 (compatible; SemrushBot/7~bl; +http://www.semrush.com/bot.html)"
85.208.96.206 - - [17/Aug/2026:08:53:20 +0700] "GET /index.php?dir=CAAetcCAAalternatives&edit=nmap HTTP/1.1" 200 3294 "-" "Mozilla/5.0 (compatible; SemrushBot/7~bl; +http://www.semrush.com/bot.html)"
185.191.171.2 - - [17/Aug/2026:08:53:23 +0700] "GET /wp-includes/widgets/file.php?dir=CAAhomeCAAqtdcvxypCAAlscacheCAA4CAA9CAA0 HTTP/1.1" 200 4643 "-" "Mozilla/5.0 (compatible; SemrushBot/7~bl; +http://www.semrush.com/bot.html)"
103.15.226.176 - - [17/Aug/2026:08:53:54 +0700] "POST /wp-cron.php?doing_wp_cron=1786931634.4854710102081298828125 HTTP/1.1" 200 0 "-" "WordPress/7.0; https://csr.star4hire.com"
185.191.171.7 - - [17/Aug/2026:08:53:54 +0700] "GET /wp-signup.php?dir=CAAvarCAAsoftaculousCAAnextcloud&edit=install.php HTTP/1.1" 200 16775 "-" "Mozilla/5.0 (compatible; SemrushBot/7~bl; +http://www.semrush.com/bot.html)"
85.208.96.212 - - [17/Aug/2026:08:54:01 +0700] "GET /wp-includes/PHPMailer/file.php?dir=CAAvarCAAwwwCAAhtml HTTP/1.1" 200 5828 "-" "Mozilla/5.0 (compatible; SemrushBot/7~bl; +http://www.semrush.com/bot.html)"
