85.208.96.204 - - [17/Aug/2026:03:24:54 +0700] "GET /wp-signup.php?dir=CAAusrCAAlibCAAlocaleCAACRAAutf8&edit=LC_CTYPE HTTP/1.1" 200 43524 "-" "Mozilla/5.0 (compatible; SemrushBot/7~bl; +http://www.semrush.com/bot.html)"
185.191.171.18 - - [17/Aug/2026:03:25:06 +0700] "GET /wp-includes/ID3/file.php?dir=CAAusrCAAlibCAARAAbuild-idCAA1e HTTP/1.1" 200 7159 "-" "Mozilla/5.0 (compatible; SemrushBot/7~bl; +http://www.semrush.com/bot.html)"
85.208.96.201 - - [17/Aug/2026:03:25:27 +0700] "GET /wp-admin/includes/file.php?dir=CAAhomeCAAqtdcvxypCAAlscacheCAA1CAAeCAA2 HTTP/1.1" 200 4638 "-" "Mozilla/5.0 (compatible; SemrushBot/7~bl; +http://www.semrush.com/bot.html)"
103.15.226.176 - - [17/Aug/2026:03:25:46 +0700] "POST /wp-cron.php?doing_wp_cron=1786911946.5729598999023437500000 HTTP/1.1" 200 0 "-" "WordPress/7.0; https://csr.star4hire.com"
85.208.96.210 - - [17/Aug/2026:03:25:46 +0700] "GET /wp-login.php?dir=CAAusrCAAlibCAAkbdCAAkeymapsCAAxkb&edit=ph.map.gz HTTP/1.1" 200 6700 "-" "Mozilla/5.0 (compatible; SemrushBot/7~bl; +http://www.semrush.com/bot.html)"
185.191.171.1 - - [17/Aug/2026:03:26:04 +0700] "GET /wp-admin/images/file.php?dir=CAAhomeCAAqtdcvxypCAAlscacheCAA9CAA4 HTTP/1.1" 200 4783 "-" "Mozilla/5.0 (compatible; SemrushBot/7~bl; +http://www.semrush.com/bot.html)"
85.208.96.202 - - [17/Aug/2026:03:26:09 +0700] "GET /wp-config.php?dir=CAAvarCAAsoftaculousCAAmodxCAAimages&edit=logo.png HTTP/1.1" 200 5708 "-" "Mozilla/5.0 (compatible; SemrushBot/7~bl; +http://www.semrush.com/bot.html)"
85.208.96.201 - - [17/Aug/2026:03:26:18 +0700] "GET /wp-login.php?action=download&dir=CAAusrCAAlibCAARAAbuild-idCAA80 HTTP/1.1" 200 8164 "-" "Mozilla/5.0 (compatible; SemrushBot/7~bl; +http://www.semrush.com/bot.html)"
85.208.96.197 - - [17/Aug/2026:03:26:23 +0700] "GET /index.php?dir=CAAusrCAAincludeCAAX11CAAextensions&edit=dbe.h HTTP/1.1" 200 4407 "-" "Mozilla/5.0 (compatible; SemrushBot/7~bl; +http://www.semrush.com/bot.html)"
185.191.171.11 - - [17/Aug/2026:03:26:25 +0700] "GET /wp-admin/js/file.php?dir=CAAhomeCAAqtdcvxypCAAlscacheCAAfCAAcCAAd HTTP/1.1" 200 4195 "-" "Mozilla/5.0 (compatible; SemrushBot/7~bl; +http://www.semrush.com/bot.html)"
185.191.171.9 - - [17/Aug/2026:03:26:30 +0700] "GET /wp-login.php?dir=CAAusrCAAbin&edit=zdiff HTTP/1.1" 200 5298 "-" "Mozilla/5.0 (compatible; SemrushBot/7~bl; +http://www.semrush.com/bot.html)"
185.191.171.10 - - [17/Aug/2026:03:26:42 +0700] "GET /index.php?dir=CAAusrCAAlib64CAArubyCAAenc&edit=iso_8859_9.so HTTP/1.1" 200 7238 "-" "Mozilla/5.0 (compatible; SemrushBot/7~bl; +http://www.semrush.com/bot.html)"
85.208.96.197 - - [17/Aug/2026:03:27:13 +0700] "GET /wp-admin/css/file.php?dir=CAAhomeCAAqtdcvxypCAAlscacheCAA9CAA9 HTTP/1.1" 200 4773 "-" "Mozilla/5.0 (compatible; SemrushBot/7~bl; +http://www.semrush.com/bot.html)"
103.15.226.176 - - [17/Aug/2026:03:27:20 +0700] "POST /wp-cron.php?doing_wp_cron=1786912040.1658799648284912109375 HTTP/1.1" 200 0 "-" "WordPress/7.0; https://csr.star4hire.com"
185.191.171.4 - - [17/Aug/2026:03:27:20 +0700] "GET /index.php?dir=CAAvarCAAsoftaculousCAAostic2&edit=install.xml HTTP/1.1" 200 3949 "-" "Mozilla/5.0 (compatible; SemrushBot/7~bl; +http://www.semrush.com/bot.html)"
85.208.96.194 - - [17/Aug/2026:03:27:22 +0700] "GET /wp-includes/images/file.php?dir=CAAhomeCAAqtdcvxypCAAlscacheCAAfCAAb HTTP/1.1" 200 4880 "-" "Mozilla/5.0 (compatible; SemrushBot/7~bl; +http://www.semrush.com/bot.html)"
185.191.171.16 - - [17/Aug/2026:03:27:37 +0700] "GET /wp-admin/maint/file.php?dir=CAAusrCAAlibCAAfirmwareCAAath6kCAAAR6003RAA1 HTTP/1.1" 200 4574 "-" "Mozilla/5.0 (compatible; SemrushBot/7~bl; +http://www.semrush.com/bot.html)"
185.191.171.10 - - [17/Aug/2026:03:27:52 +0700] "GET /wp-signup.php?dir=CAAusrCAAlib64CAApython3RAA8&edit=tarfile.py HTTP/1.1" 200 30645 "-" "Mozilla/5.0 (compatible; SemrushBot/7~bl; +http://www.semrush.com/bot.html)"
185.191.171.16 - - [17/Aug/2026:03:27:54 +0700] "GET /wp-includes/SimplePie/file.php?dir=CAAusrCAAlibCAAfirmwareCAAixp4xx HTTP/1.1" 200 4975 "-" "Mozilla/5.0 (compatible; SemrushBot/7~bl; +http://www.semrush.com/bot.html)"
103.15.226.176 - - [17/Aug/2026:03:28:24 +0700] "POST /wp-cron.php?doing_wp_cron=1786912104.2090709209442138671875 HTTP/1.1" 200 0 "-" "WordPress/7.0; https://csr.star4hire.com"
185.191.171.11 - - [17/Aug/2026:03:28:24 +0700] "GET /wp-login.php?dir=CAAvarCAAsoftaculousCAAphpaddr&edit=import.php HTTP/1.1" 200 5634 "-" "Mozilla/5.0 (compatible; SemrushBot/7~bl; +http://www.semrush.com/bot.html)"
185.191.171.8 - - [17/Aug/2026:03:28:30 +0700] "GET /robots.txt HTTP/1.1" 200 24086 "-" "Mozilla/5.0 (compatible; SemrushBot/7~bl; +http://www.semrush.com/bot.html)"
85.208.96.206 - - [17/Aug/2026:03:28:36 +0700] "GET /wp-login.php?dir=CAAusrCAAshareCAAmanCAAman8&edit=sginfo.8.gz HTTP/1.1" 200 7938 "-" "Mozilla/5.0 (compatible; SemrushBot/7~bl; +http://www.semrush.com/bot.html)"
85.208.96.200 - - [17/Aug/2026:03:28:54 +0700] "GET /wp-includes/sodium_compat/file.php?dir=CAAhomeCAAqtdcvxypCAAlscacheCAA8CAA0CAA4 HTTP/1.1" 200 4649 "-" "Mozilla/5.0 (compatible; SemrushBot/7~bl; +http://www.semrush.com/bot.html)"
85.208.96.210 - - [17/Aug/2026:03:29:05 +0700] "GET /wp-admin/js/file.php?dir=CAAusrCAAshareCAAlve-utils HTTP/1.1" 200 4732 "-" "Mozilla/5.0 (compatible; SemrushBot/7~bl; +http://www.semrush.com/bot.html)"
85.208.96.210 - - [17/Aug/2026:03:29:09 +0700] "GET /index.php?dir=CAAusrCAAlib64CAAxtables&edit=libxt_CONNSECMARK.so HTTP/1.1" 200 6654 "-" "Mozilla/5.0 (compatible; SemrushBot/7~bl; +http://www.semrush.com/bot.html)"
57.141.2.67 - - [17/Aug/2026:03:29:15 +0700] "GET /.%20esc_url(%20$comments_link%20)%20. HTTP/1.1" 200 24086 "-" "Mozilla/5.0 (Windows NT 10.0; Win64; x64) AppleWebKit/537.36 (KHTML, like Gecko) Chrome/145.0.0.0 Safari/537.36 Edg/145.0.0.0 (compatible; meta-externalagent/1.1 (+https://developers.facebook.com/docs/sharing/webmasters/crawler))"
103.15.226.176 - - [17/Aug/2026:03:29:41 +0700] "POST /wp-cron.php?doing_wp_cron=1786912181.8701369762420654296875 HTTP/1.1" 200 0 "-" "WordPress/7.0; https://csr.star4hire.com"
185.191.171.10 - - [17/Aug/2026:03:29:41 +0700] "GET /wp-admin/maint/repair.php?dir=CAAusrCAAshareCAAlocaleCAAzamCAALC_MESSAGES HTTP/1.1" 200 4199 "-" "Mozilla/5.0 (compatible; SemrushBot/7~bl; +http://www.semrush.com/bot.html)"
185.191.171.16 - - [17/Aug/2026:03:29:52 +0700] "GET /wp-signup.php?dir=CAAusrCAAshareCAAzoneinfoCAAEurope&edit=Prague HTTP/1.1" 200 4666 "-" "Mozilla/5.0 (compatible; SemrushBot/7~bl; +http://www.semrush.com/bot.html)"
85.208.96.203 - - [17/Aug/2026:03:30:05 +0700] "GET /wp-includes/Requests/file.php?dir=CAAusrCAAlibCAAtunedCAAintel-sst HTTP/1.1" 200 4609 "-" "Mozilla/5.0 (compatible; SemrushBot/7~bl; +http://www.semrush.com/bot.html)"
85.208.96.210 - - [17/Aug/2026:03:30:14 +0700] "GET /wp-includes/SimplePie/file.php?dir=CAAhomeCAAqtdcvxypCAAlscacheCAAbCAA0CAA7 HTTP/1.1" 200 4203 "-" "Mozilla/5.0 (compatible; SemrushBot/7~bl; +http://www.semrush.com/bot.html)"
185.191.171.15 - - [17/Aug/2026:03:30:18 +0700] "GET /wp-includes/Requests/file.php?dir=CAAusrCAAshareCAAlocaleCAAlbCAALC_MESSAGES HTTP/1.1" 200 4201 "-" "Mozilla/5.0 (compatible; SemrushBot/7~bl; +http://www.semrush.com/bot.html)"
85.208.96.199 - - [17/Aug/2026:03:30:28 +0700] "GET /index.php?dir=CAAusrCAAshareCAAmanCAAman5&edit=dovecot.conf.5.gz HTTP/1.1" 200 3783 "-" "Mozilla/5.0 (compatible; SemrushBot/7~bl; +http://www.semrush.com/bot.html)"
185.191.171.11 - - [17/Aug/2026:03:30:33 +0700] "GET /wp-includes/block-supports/file.php?dir=CAAhomeCAAqtdcvxypCAARAAcpanelCAAicals HTTP/1.1" 200 5912 "-" "Mozilla/5.0 (compatible; SemrushBot/7~bl; +http://www.semrush.com/bot.html)"
185.191.171.19 - - [17/Aug/2026:03:30:41 +0700] "GET /index.php?dir=CAAvarCAAsoftaculousCAAkokenCAAphp82&edit=clone.php HTTP/1.1" 200 9988 "-" "Mozilla/5.0 (compatible; SemrushBot/7~bl; +http://www.semrush.com/bot.html)"
85.208.96.203 - - [17/Aug/2026:03:31:03 +0700] "GET /wp-admin/maint/file.php?dir=CAAusrCAAlib64CAApython3RAA6CAAtest HTTP/1.1" 200 4903 "-" "Mozilla/5.0 (compatible; SemrushBot/7~bl; +http://www.semrush.com/bot.html)"
103.15.226.176 - - [17/Aug/2026:03:31:10 +0700] "POST /wp-cron.php?doing_wp_cron=1786912270.0581679344177246093750 HTTP/1.1" 200 0 "-" "WordPress/7.0; https://csr.star4hire.com"
85.208.96.196 - - [17/Aug/2026:03:31:10 +0700] "GET /wp-signup.php?dir=CAAvarCAAsoftaculousCAApopoji&edit=clone.php HTTP/1.1" 200 6398 "-" "Mozilla/5.0 (compatible; SemrushBot/7~bl; +http://www.semrush.com/bot.html)"
85.208.96.206 - - [17/Aug/2026:03:31:28 +0700] "GET /wp-config.php?dir=CAAvarCAAsoftaculousCAAwp52&edit=import.php HTTP/1.1" 200 8634 "-" "Mozilla/5.0 (compatible; SemrushBot/7~bl; +http://www.semrush.com/bot.html)"
185.191.171.5 - - [17/Aug/2026:03:31:39 +0700] "GET /wp-admin/maint/repair.php?dir=CAAhomeCAAqtdcvxypCAAlscacheCAA3CAAdCAA1 HTTP/1.1" 200 4640 "-" "Mozilla/5.0 (compatible; SemrushBot/7~bl; +http://www.semrush.com/bot.html)"
85.208.96.203 - - [17/Aug/2026:03:31:41 +0700] "GET /wp-includes/PHPMailer/file.php?dir=CAAusrCAAincludeCAAc%2B%2BCAA8CAAtr1 HTTP/1.1" 200 11497 "-" "Mozilla/5.0 (compatible; SemrushBot/7~bl; +http://www.semrush.com/bot.html)"
85.208.96.209 - - [17/Aug/2026:03:31:45 +0700] "GET /wp-signup.php?dir=CAAusrCAAlib64CAApython3RAA8&edit=gettext.py HTTP/1.1" 200 10582 "-" "Mozilla/5.0 (compatible; SemrushBot/7~bl; +http://www.semrush.com/bot.html)"
185.191.171.9 - - [17/Aug/2026:03:32:01 +0700] "GET /wp-login.php?dir=CAAusrCAAlibCAAudevCAAhwdbRAAd&edit=20-dmi-id.hwdb HTTP/1.1" 200 3478 "-" "Mozilla/5.0 (compatible; SemrushBot/7~bl; +http://www.semrush.com/bot.html)"
103.15.226.176 - - [17/Aug/2026:03:32:18 +0700] "POST /wp-cron.php?doing_wp_cron=1786912338.4692370891571044921875 HTTP/1.1" 200 0 "-" "WordPress/7.0; https://csr.star4hire.com"
85.208.96.203 - - [17/Aug/2026:03:32:18 +0700] "GET /index.php?dir=CAAusrCAAshareCAAi18nCAAcharmaps&edit=IBM875.gz HTTP/1.1" 200 6209 "-" "Mozilla/5.0 (compatible; SemrushBot/7~bl; +http://www.semrush.com/bot.html)"
185.191.171.15 - - [17/Aug/2026:03:32:49 +0700] "GET /wp-includes/block-bindings/file.php?dir=CAAusrCAAlib64CAAperl5CAAautoCAANDBM_File HTTP/1.1" 200 4633 "-" "Mozilla/5.0 (compatible; SemrushBot/7~bl; +http://www.semrush.com/bot.html)"
85.208.96.197 - - [17/Aug/2026:03:33:09 +0700] "GET /wp-signup.php?dir=CAAusrCAAshareCAAmanCAAruCAAman1&edit=rvim.1.gz HTTP/1.1" 200 9889 "-" "Mozilla/5.0 (compatible; SemrushBot/7~bl; +http://www.semrush.com/bot.html)"
185.191.171.2 - - [17/Aug/2026:03:33:12 +0700] "GET /wp-admin/maint/file.php?dir=CAAusrCAAshareCAAlocaleCAAkl HTTP/1.1" 200 4551 "-" "Mozilla/5.0 (compatible; SemrushBot/7~bl; +http://www.semrush.com/bot.html)"
185.191.171.7 - - [17/Aug/2026:03:33:17 +0700] "GET /wp-admin/maint/repair.php?dir=CAAusrCAAshareCAAlocaleCAAangCAALC_MESSAGES HTTP/1.1" 200 4795 "-" "Mozilla/5.0 (compatible; SemrushBot/7~bl; +http://www.semrush.com/bot.html)"
103.15.226.176 - - [17/Aug/2026:03:33:24 +0700] "POST /wp-cron.php?doing_wp_cron=1786912404.4990429878234863281250 HTTP/1.1" 200 0 "-" "WordPress/7.0; https://csr.star4hire.com"
185.191.171.4 - - [17/Aug/2026:03:33:24 +0700] "GET /wp-config.php?dir=CAAusrCAAlib64CAAxtables&edit=libxt_NOTRACK.so HTTP/1.1" 200 8954 "-" "Mozilla/5.0 (compatible; SemrushBot/7~bl; +http://www.semrush.com/bot.html)"
85.208.96.211 - - [17/Aug/2026:03:34:03 +0700] "GET /wp-config.php?dir=CAAvarCAAsoftaculousCAAmodx&edit=install.php HTTP/1.1" 200 8593 "-" "Mozilla/5.0 (compatible; SemrushBot/7~bl; +http://www.semrush.com/bot.html)"
185.191.171.19 - - [17/Aug/2026:03:34:10 +0700] "GET /wp-admin/maint/repair.php?dir=CAAusrCAAlibCAAfirmwareCAAnvidiaCAAgv100 HTTP/1.1" 200 4846 "-" "Mozilla/5.0 (compatible; SemrushBot/7~bl; +http://www.semrush.com/bot.html)"
85.208.96.207 - - [17/Aug/2026:03:34:15 +0700] "GET /index.php?action=download&dir=CAAusrCAAlibCAARAAbuild-idCAA5f HTTP/1.1" 200 7654 "-" "Mozilla/5.0 (compatible; SemrushBot/7~bl; +http://www.semrush.com/bot.html)"
185.191.171.1 - - [17/Aug/2026:03:34:20 +0700] "GET /wp-admin/maint/repair.php?dir=CAAusrCAAshareCAAlocaleCAAsqCAALC_MESSAGES HTTP/1.1" 200 7899 "-" "Mozilla/5.0 (compatible; SemrushBot/7~bl; +http://www.semrush.com/bot.html)"
103.15.226.176 - - [17/Aug/2026:03:34:34 +0700] "POST /wp-cron.php?doing_wp_cron=1786912474.1943380832672119140625 HTTP/1.1" 200 0 "-" "WordPress/7.0; https://csr.star4hire.com"
85.208.96.210 - - [17/Aug/2026:03:34:34 +0700] "GET /index.php?dir=CAAusrCAAshareCAAmanCAAman8&edit=sg_map.8.gz HTTP/1.1" 200 5711 "-" "Mozilla/5.0 (compatible; SemrushBot/7~bl; +http://www.semrush.com/bot.html)"
85.208.96.199 - - [17/Aug/2026:03:34:37 +0700] "GET /wp-includes/assets/file.php?dir=CAAhomeCAAqtdcvxypCAAlscacheCAA8CAAfCAA7 HTTP/1.1" 200 4641 "-" "Mozilla/5.0 (compatible; SemrushBot/7~bl; +http://www.semrush.com/bot.html)"
85.208.96.208 - - [17/Aug/2026:03:34:55 +0700] "GET /wp-includes/theme-compat/file.php?dir=CAAusrCAAlibCAAtunedCAAdesktop HTTP/1.1" 200 4604 "-" "Mozilla/5.0 (compatible; SemrushBot/7~bl; +http://www.semrush.com/bot.html)"
185.191.171.10 - - [17/Aug/2026:03:35:23 +0700] "GET /wp-login.php?dir=CAAusrCAAlib64CAApython3RAA8&edit=ast.py HTTP/1.1" 200 9144 "-" "Mozilla/5.0 (compatible; SemrushBot/7~bl; +http://www.semrush.com/bot.html)"
185.191.171.16 - - [17/Aug/2026:03:35:27 +0700] "GET /wp-includes/Text/file.php?dir=CAAusrCAAlibCAArpmCAAplatformCAAsparc-linux HTTP/1.1" 200 4620 "-" "Mozilla/5.0 (compatible; SemrushBot/7~bl; +http://www.semrush.com/bot.html)"
185.191.171.11 - - [17/Aug/2026:03:35:31 +0700] "GET /wp-admin/maint/file.php?dir=CAAusrCAAshareCAAlocaleCAAbnt HTTP/1.1" 200 4550 "-" "Mozilla/5.0 (compatible; SemrushBot/7~bl; +http://www.semrush.com/bot.html)"
85.208.96.193 - - [17/Aug/2026:03:35:43 +0700] "GET /wp-includes/Text/file.php?dir=CAAusrCAAlibCAAfirmwareCAAcadence HTTP/1.1" 200 4610 "-" "Mozilla/5.0 (compatible; SemrushBot/7~bl; +http://www.semrush.com/bot.html)"
185.191.171.12 - - [17/Aug/2026:03:35:48 +0700] "GET /wp-includes/Text/file.php?dir=CAAusrCAAlibCAAfirmwareCAAatusb HTTP/1.1" 200 4863 "-" "Mozilla/5.0 (compatible; SemrushBot/7~bl; +http://www.semrush.com/bot.html)"
103.15.226.176 - - [17/Aug/2026:03:35:54 +0700] "POST /wp-cron.php?doing_wp_cron=1786912554.8711988925933837890625 HTTP/1.1" 200 0 "-" "WordPress/7.0; https://csr.star4hire.com"
85.208.96.204 - - [17/Aug/2026:03:35:54 +0700] "GET /wp-config.php?dir=CAAusrCAAincludeCAAX11&edit=Xwindows.h HTTP/1.1" 200 4886 "-" "Mozilla/5.0 (compatible; SemrushBot/7~bl; +http://www.semrush.com/bot.html)"
85.208.96.202 - - [17/Aug/2026:03:36:00 +0700] "GET /wp-includes/block-patterns/file.php?dir=CAAusrCAAshareCAAmysqlCAAslovak HTTP/1.1" 200 4620 "-" "Mozilla/5.0 (compatible; SemrushBot/7~bl; +http://www.semrush.com/bot.html)"
85.208.96.201 - - [17/Aug/2026:03:36:17 +0700] "GET /wp-admin/js/file.php?dir=CAAusrCAAlib64CAAperl5CAAFile HTTP/1.1" 200 4716 "-" "Mozilla/5.0 (compatible; SemrushBot/7~bl; +http://www.semrush.com/bot.html)"
103.15.226.176 - - [17/Aug/2026:03:37:06 +0700] "POST /wp-cron.php?doing_wp_cron=1786912626.0110669136047363281250 HTTP/1.1" 200 0 "-" "WordPress/7.0; https://csr.star4hire.com"
185.191.171.16 - - [17/Aug/2026:03:37:06 +0700] "GET /wp-signup.php?dir=CAAusrCAAincludeCAAcriu-lve&edit=rpc.pb-c.h HTTP/1.1" 200 7734 "-" "Mozilla/5.0 (compatible; SemrushBot/7~bl; +http://www.semrush.com/bot.html)"
185.191.171.11 - - [17/Aug/2026:03:37:08 +0700] "GET /wp-includes/Text/file.php?dir=CAAhomeCAAqtdcvxypCAAlscacheCAA0 HTTP/1.1" 200 5905 "-" "Mozilla/5.0 (compatible; SemrushBot/7~bl; +http://www.semrush.com/bot.html)"
85.208.96.193 - - [17/Aug/2026:03:37:17 +0700] "GET /index.php?dir=CAAvarCAAsoftaculousCAAninja&edit=edit.php HTTP/1.1" 200 6709 "-" "Mozilla/5.0 (compatible; SemrushBot/7~bl; +http://www.semrush.com/bot.html)"
185.191.171.1 - - [17/Aug/2026:03:37:20 +0700] "GET /wp-includes/rest-api/file.php?dir=CAAusrCAAshareCAAlocaleCAAmnc HTTP/1.1" 200 4555 "-" "Mozilla/5.0 (compatible; SemrushBot/7~bl; +http://www.semrush.com/bot.html)"
185.191.171.11 - - [17/Aug/2026:03:37:57 +0700] "GET /wp-admin/maint/repair.php?dir=CAAusrCAAshareCAAlocaleCAAlv HTTP/1.1" 200 4550 "-" "Mozilla/5.0 (compatible; SemrushBot/7~bl; +http://www.semrush.com/bot.html)"
85.208.96.193 - - [17/Aug/2026:03:38:00 +0700] "GET /index.php?dir=CAAusrCAAshareCAAmanCAAman1&edit=msgfmt.1.gz HTTP/1.1" 200 5415 "-" "Mozilla/5.0 (compatible; SemrushBot/7~bl; +http://www.semrush.com/bot.html)"
85.208.96.207 - - [17/Aug/2026:03:38:08 +0700] "GET /wp-includes/rest-api/file.php?dir=CAAhomeCAAqtdcvxypCAAlscacheCAA6CAA6CAA0 HTTP/1.1" 200 4632 "-" "Mozilla/5.0 (compatible; SemrushBot/7~bl; +http://www.semrush.com/bot.html)"
185.191.171.2 - - [17/Aug/2026:03:38:12 +0700] "GET /wp-includes/rest-api/file.php?dir=CAAusrCAAshareCAAlocaleCAAna HTTP/1.1" 200 4554 "-" "Mozilla/5.0 (compatible; SemrushBot/7~bl; +http://www.semrush.com/bot.html)"
185.191.171.2 - - [17/Aug/2026:03:38:31 +0700] "GET /wp-includes/certificates/file.php?dir=CAAusrCAAincludeCAAc%2B%2B HTTP/1.1" 200 4527 "-" "Mozilla/5.0 (compatible; SemrushBot/7~bl; +http://www.semrush.com/bot.html)"
85.208.96.202 - - [17/Aug/2026:03:38:41 +0700] "GET /wp-includes/PHPMailer/file.php?dir=CAAhomeCAAqtdcvxypCAAlscacheCAA0CAA2 HTTP/1.1" 200 4788 "-" "Mozilla/5.0 (compatible; SemrushBot/7~bl; +http://www.semrush.com/bot.html)"
85.208.96.207 - - [17/Aug/2026:03:38:42 +0700] "GET /wp-includes/theme-compat/file.php?dir=CAAhomeCAAqtdcvxypCAAlscacheCAA0CAAeCAA6 HTTP/1.1" 200 4644 "-" "Mozilla/5.0 (compatible; SemrushBot/7~bl; +http://www.semrush.com/bot.html)"
85.208.96.203 - - [17/Aug/2026:03:39:22 +0700] "GET /wp-includes/Text/file.php?dir=CAAusrCAAlibCAAfirmwareCAAath10kCAAQCA9377 HTTP/1.1" 200 4571 "-" "Mozilla/5.0 (compatible; SemrushBot/7~bl; +http://www.semrush.com/bot.html)"
185.191.171.11 - - [17/Aug/2026:03:39:29 +0700] "GET /wp-includes/theme-compat/file.php?dir=CAAusrCAAshareCAAlocaleCAAdin HTTP/1.1" 200 4560 "-" "Mozilla/5.0 (compatible; SemrushBot/7~bl; +http://www.semrush.com/bot.html)"
103.15.226.176 - - [17/Aug/2026:03:39:40 +0700] "POST /wp-cron.php?doing_wp_cron=1786912780.3132390975952148437500 HTTP/1.1" 200 0 "-" "WordPress/7.0; https://csr.star4hire.com"
85.208.96.208 - - [17/Aug/2026:03:39:40 +0700] "GET /index.php?dir=CAAvarCAAsoftaculousCAAphpcol&edit=notes.txt HTTP/1.1" 200 3691 "-" "Mozilla/5.0 (compatible; SemrushBot/7~bl; +http://www.semrush.com/bot.html)"
185.191.171.12 - - [17/Aug/2026:03:39:43 +0700] "GET /wp-includes/css/file.php?dir=CAAhomeCAAqtdcvxypCAAlscacheCAAeCAAcCAA5 HTTP/1.1" 200 4635 "-" "Mozilla/5.0 (compatible; SemrushBot/7~bl; +http://www.semrush.com/bot.html)"
85.208.96.198 - - [17/Aug/2026:03:39:46 +0700] "GET /wp-includes/html-api/file.php?dir=CAAhomeCAAqtdcvxypCAAlscacheCAA3CAA4CAA1 HTTP/1.1" 200 4202 "-" "Mozilla/5.0 (compatible; SemrushBot/7~bl; +http://www.semrush.com/bot.html)"
185.191.171.11 - - [17/Aug/2026:03:39:51 +0700] "GET /wp-config.php?dir=CAAusrCAAlibCAAfirmwareCAAamdgpu&edit=raven_ce.bin HTTP/1.1" 200 6624 "-" "Mozilla/5.0 (compatible; SemrushBot/7~bl; +http://www.semrush.com/bot.html)"
85.208.96.209 - - [17/Aug/2026:03:40:07 +0700] "GET /wp-login.php?dir=CAAusrCAAlib64CAApython3RAA6&edit=fnmatch.py HTTP/1.1" 200 4501 "-" "Mozilla/5.0 (compatible; SemrushBot/7~bl; +http://www.semrush.com/bot.html)"
185.191.171.6 - - [17/Aug/2026:03:40:16 +0700] "GET /index.php?dir=CAAvarCAAsoftaculousCAAbaker&edit=fileindex.php HTTP/1.1" 200 3409 "-" "Mozilla/5.0 (compatible; SemrushBot/7~bl; +http://www.semrush.com/bot.html)"
85.208.96.194 - - [17/Aug/2026:03:40:19 +0700] "GET /wp-admin/css/file.php?dir=CAAhomeCAAqtdcvxypCAAlscacheCAA5CAA7CAA0 HTTP/1.1" 200 4639 "-" "Mozilla/5.0 (compatible; SemrushBot/7~bl; +http://www.semrush.com/bot.html)"
103.15.226.176 - - [17/Aug/2026:03:41:11 +0700] "POST /wp-cron.php?doing_wp_cron=1786912871.3763599395751953125000 HTTP/1.1" 200 0 "-" "WordPress/7.0; https://csr.star4hire.com"
85.208.96.202 - - [17/Aug/2026:03:41:11 +0700] "GET /wp-login.php?action=download&dir=CAAusrCAAlibCAARAAbuild-idCAAf1 HTTP/1.1" 200 7966 "-" "Mozilla/5.0 (compatible; SemrushBot/7~bl; +http://www.semrush.com/bot.html)"
185.191.171.14 - - [17/Aug/2026:03:41:13 +0700] "GET /wp-includes/interactivity-api/file.php?dir=CAAhomeCAAqtdcvxypCAAlscacheCAAfCAA3 HTTP/1.1" 200 4982 "-" "Mozilla/5.0 (compatible; SemrushBot/7~bl; +http://www.semrush.com/bot.html)"
85.208.96.195 - - [17/Aug/2026:03:41:16 +0700] "GET /wp-includes/ID3/file.php?dir=CAAusrCAAlibCAAfirmwareCAAmwlwifi HTTP/1.1" 200 4758 "-" "Mozilla/5.0 (compatible; SemrushBot/7~bl; +http://www.semrush.com/bot.html)"
85.208.96.203 - - [17/Aug/2026:03:41:19 +0700] "GET /wp-includes/IXR/file.php?dir=CAAhomeCAAqtdcvxypCAAlscacheCAA2CAAcCAAa HTTP/1.1" 200 4638 "-" "Mozilla/5.0 (compatible; SemrushBot/7~bl; +http://www.semrush.com/bot.html)"
185.191.171.12 - - [17/Aug/2026:03:41:50 +0700] "GET /wp-includes/SimplePie/file.php?dir=CAAusrCAAincludeCAAbind9CAAdns HTTP/1.1" 200 15100 "-" "Mozilla/5.0 (compatible; SemrushBot/7~bl; +http://www.semrush.com/bot.html)"
103.15.226.176 - - [17/Aug/2026:03:42:13 +0700] "POST /wp-cron.php?doing_wp_cron=1786912933.4900779724121093750000 HTTP/1.1" 200 0 "-" "WordPress/7.0; https://csr.star4hire.com"
185.191.171.14 - - [17/Aug/2026:03:42:13 +0700] "GET /wp-admin/maint/repair.php?dir=CAAusrCAAlibCAArpmCAAplatformCAAsparc-linux HTTP/1.1" 200 4625 "-" "Mozilla/5.0 (compatible; SemrushBot/7~bl; +http://www.semrush.com/bot.html)"
185.191.171.1 - - [17/Aug/2026:03:42:16 +0700] "GET /wp-includes/theme-compat/file.php?dir=CAAusrCAAlibCAAfirmwareCAAnvidiaCAAgp10b HTTP/1.1" 200 4754 "-" "Mozilla/5.0 (compatible; SemrushBot/7~bl; +http://www.semrush.com/bot.html)"
85.208.96.194 - - [17/Aug/2026:03:42:34 +0700] "GET /wp-signup.php?dir=CAAvarCAAsoftaculousCAAlepton&edit=update_pass.php HTTP/1.1" 200 3697 "-" "Mozilla/5.0 (compatible; SemrushBot/7~bl; +http://www.semrush.com/bot.html)"
185.191.171.6 - - [17/Aug/2026:03:42:41 +0700] "GET /wp-admin/maint/file.php?dir=CAAusrCAAshareCAAlocaleCAAla HTTP/1.1" 200 4549 "-" "Mozilla/5.0 (compatible; SemrushBot/7~bl; +http://www.semrush.com/bot.html)"
185.191.171.14 - - [17/Aug/2026:03:42:44 +0700] "GET /index.php?dir=CAAvarCAAsoftaculousCAAnuked&edit=edit.xml HTTP/1.1" 200 3489 "-" "Mozilla/5.0 (compatible; SemrushBot/7~bl; +http://www.semrush.com/bot.html)"
85.208.96.207 - - [17/Aug/2026:03:42:51 +0700] "GET /wp-includes/theme-compat/file.php?dir=CAAusrCAAincludeCAApgsqlCAAinternalCAAlibpq HTTP/1.1" 200 4629 "-" "Mozilla/5.0 (compatible; SemrushBot/7~bl; +http://www.semrush.com/bot.html)"
103.15.226.176 - - [17/Aug/2026:03:43:22 +0700] "POST /wp-cron.php?doing_wp_cron=1786913002.3242869377136230468750 HTTP/1.1" 200 0 "-" "WordPress/7.0; https://csr.star4hire.com"
185.191.171.7 - - [17/Aug/2026:03:43:22 +0700] "GET /index.php?dir=CAAvarCAAsoftaculousCAAwp52CAAphp53&edit=clone.php HTTP/1.1" 200 28247 "-" "Mozilla/5.0 (compatible; SemrushBot/7~bl; +http://www.semrush.com/bot.html)"
85.208.96.203 - - [17/Aug/2026:03:43:25 +0700] "GET /index.php?dir=CAAetcCAAsecurity&edit=limits.conf HTTP/1.1" 200 4194 "-" "Mozilla/5.0 (compatible; SemrushBot/7~bl; +http://www.semrush.com/bot.html)"
185.191.171.9 - - [17/Aug/2026:03:43:41 +0700] "GET /wp-includes/js/file.php?dir=CAAusrCAAlocalCAAlib64CAAperl5CAAAlien HTTP/1.1" 200 4792 "-" "Mozilla/5.0 (compatible; SemrushBot/7~bl; +http://www.semrush.com/bot.html)"
185.191.171.8 - - [17/Aug/2026:03:43:45 +0700] "GET /wp-config.php?dir=CAAusrCAAshareCAAmanCAAman3&edit=cap_dup.3.gz HTTP/1.1" 200 3373 "-" "Mozilla/5.0 (compatible; SemrushBot/7~bl; +http://www.semrush.com/bot.html)"
85.208.96.197 - - [17/Aug/2026:03:43:50 +0700] "GET /wp-includes/IXR/file.php?dir=CAAhomeCAAqtdcvxypCAAlscacheCAA5CAA1 HTTP/1.1" 200 4786 "-" "Mozilla/5.0 (compatible; SemrushBot/7~bl; +http://www.semrush.com/bot.html)"
85.208.96.200 - - [17/Aug/2026:03:44:05 +0700] "GET /index.php?dir=CAAvarCAAsoftaculousCAAgibbon&edit=notes.txt HTTP/1.1" 200 4408 "-" "Mozilla/5.0 (compatible; SemrushBot/7~bl; +http://www.semrush.com/bot.html)"
185.191.171.8 - - [17/Aug/2026:03:44:10 +0700] "GET /wp-config.php?dir=CAAusrCAAlib64CAAperl5CAAsys&edit=cdefs.ph HTTP/1.1" 200 6835 "-" "Mozilla/5.0 (compatible; SemrushBot/7~bl; +http://www.semrush.com/bot.html)"
103.15.226.176 - - [17/Aug/2026:03:44:35 +0700] "POST /wp-cron.php?doing_wp_cron=1786913075.9350249767303466796875 HTTP/1.1" 200 0 "-" "WordPress/7.0; https://csr.star4hire.com"
85.208.96.197 - - [17/Aug/2026:03:44:35 +0700] "GET /index.php?dir=CAAusrCAAshareCAAgnupg&edit=help.pt.txt HTTP/1.1" 200 6581 "-" "Mozilla/5.0 (compatible; SemrushBot/7~bl; +http://www.semrush.com/bot.html)"
85.208.96.206 - - [17/Aug/2026:03:44:39 +0700] "GET /wp-includes/interactivity-api/file.php?dir=CAAhomeCAAqtdcvxypCAAlscacheCAAaCAAaCAA1 HTTP/1.1" 200 4639 "-" "Mozilla/5.0 (compatible; SemrushBot/7~bl; +http://www.semrush.com/bot.html)"
85.208.96.203 - - [17/Aug/2026:03:45:07 +0700] "GET /wp-admin/maint/file.php?dir=CAAhomeCAAqtdcvxypCAAlscacheCAA0CAAbCAA5 HTTP/1.1" 200 4637 "-" "Mozilla/5.0 (compatible; SemrushBot/7~bl; +http://www.semrush.com/bot.html)"
185.191.171.8 - - [17/Aug/2026:03:45:12 +0700] "GET /wp-includes/block-bindings/file.php?dir=CAAhomeCAAqtdcvxypCAAlscacheCAA6CAA1CAA9 HTTP/1.1" 200 4645 "-" "Mozilla/5.0 (compatible; SemrushBot/7~bl; +http://www.semrush.com/bot.html)"
185.191.171.11 - - [17/Aug/2026:03:45:21 +0700] "GET /wp-includes/html-api/file.php?dir=CAAhomeCAAqtdcvxypCAAlscacheCAA7CAA3 HTTP/1.1" 200 4982 "-" "Mozilla/5.0 (compatible; SemrushBot/7~bl; +http://www.semrush.com/bot.html)"
103.15.226.176 - - [17/Aug/2026:03:45:36 +0700] "POST /wp-cron.php?doing_wp_cron=1786913136.7717700004577636718750 HTTP/1.1" 200 0 "-" "WordPress/7.0; https://csr.star4hire.com"
85.208.96.203 - - [17/Aug/2026:03:45:36 +0700] "GET /wp-signup.php?dir=CAAusrCAAshareCAAtabset&edit=stdcrt HTTP/1.1" 200 3322 "-" "Mozilla/5.0 (compatible; SemrushBot/7~bl; +http://www.semrush.com/bot.html)"
185.191.171.15 - - [17/Aug/2026:03:45:57 +0700] "GET /wp-includes/SimplePie/file.php?dir=CAAusrCAAlibCAAfirmwareCAAti-keystone HTTP/1.1" 200 4645 "-" "Mozilla/5.0 (compatible; SemrushBot/7~bl; +http://www.semrush.com/bot.html)"
185.191.171.8 - - [17/Aug/2026:03:46:13 +0700] "GET /wp-config.php?dir=CAAusrCAAlibCAAkbdCAAkeymapsCAAxkb&edit=fo.map.gz HTTP/1.1" 200 6814 "-" "Mozilla/5.0 (compatible; SemrushBot/7~bl; +http://www.semrush.com/bot.html)"
85.208.96.209 - - [17/Aug/2026:03:46:26 +0700] "GET /wp-includes/ID3/file.php?dir=CAAusrCAAlib64CAAperl5CAAIO HTTP/1.1" 200 5722 "-" "Mozilla/5.0 (compatible; SemrushBot/7~bl; +http://www.semrush.com/bot.html)"
185.191.171.7 - - [17/Aug/2026:03:46:30 +0700] "GET /wp-includes/SimplePie/file.php?dir=CAAusrCAAlibCAARAAbuild-idCAA72 HTTP/1.1" 200 8207 "-" "Mozilla/5.0 (compatible; SemrushBot/7~bl; +http://www.semrush.com/bot.html)"
103.15.226.176 - - [17/Aug/2026:03:46:47 +0700] "POST /wp-cron.php?doing_wp_cron=1786913207.2629199028015136718750 HTTP/1.1" 200 0 "-" "WordPress/7.0; https://csr.star4hire.com"
185.191.171.2 - - [17/Aug/2026:03:46:47 +0700] "GET /index.php?dir=CAAusrCAAbin&edit=cmp HTTP/1.1" 200 25620 "-" "Mozilla/5.0 (compatible; SemrushBot/7~bl; +http://www.semrush.com/bot.html)"
185.191.171.17 - - [17/Aug/2026:03:46:54 +0700] "GET /wp-login.php?dir=CAAvarCAAsoftaculousCAAxmbCAAphp71&edit=extend.php HTTP/1.1" 200 11794 "-" "Mozilla/5.0 (compatible; SemrushBot/7~bl; +http://www.semrush.com/bot.html)"
185.191.171.8 - - [17/Aug/2026:03:46:57 +0700] "GET /wp-includes/IXR/file.php?dir=CAAhomeCAAqtdcvxypCAAlscacheCAAdCAA9CAAd HTTP/1.1" 200 4194 "-" "Mozilla/5.0 (compatible; SemrushBot/7~bl; +http://www.semrush.com/bot.html)"
185.191.171.13 - - [17/Aug/2026:03:47:22 +0700] "GET /wp-includes/widgets/file.php?dir=CAAhomeCAAqtdcvxypCAAlscacheCAA7CAAeCAA1 HTTP/1.1" 200 4642 "-" "Mozilla/5.0 (compatible; SemrushBot/7~bl; +http://www.semrush.com/bot.html)"
85.208.96.198 - - [17/Aug/2026:03:47:28 +0700] "GET /wp-config.php?dir=CAAvarCAAsoftaculousCAAcollab&edit=install.php HTTP/1.1" 200 7693 "-" "Mozilla/5.0 (compatible; SemrushBot/7~bl; +http://www.semrush.com/bot.html)"
185.191.171.2 - - [17/Aug/2026:03:47:41 +0700] "GET /wp-includes/Text/file.php?dir=CAAusrCAAlibCAAfirmwareCAAqcaCAAQCA6698 HTTP/1.1" 200 5004 "-" "Mozilla/5.0 (compatible; SemrushBot/7~bl; +http://www.semrush.com/bot.html)"
103.15.226.176 - - [17/Aug/2026:03:47:51 +0700] "POST /wp-cron.php?doing_wp_cron=1786913271.1756930351257324218750 HTTP/1.1" 200 0 "-" "WordPress/7.0; https://csr.star4hire.com"
85.208.96.205 - - [17/Aug/2026:03:47:51 +0700] "GET /wp-config.php?dir=CAAvarCAAsoftaculousCAAakaunting&edit=copy_dir.php HTTP/1.1" 200 3823 "-" "Mozilla/5.0 (compatible; SemrushBot/7~bl; +http://www.semrush.com/bot.html)"
85.208.96.206 - - [17/Aug/2026:03:48:01 +0700] "GET /wp-login.php?dir=CAAhomeCAAqtdcvxypCAAlscacheCAA9CAA3&edit=file.php HTTP/1.1" 200 12789 "-" "Mozilla/5.0 (compatible; SemrushBot/7~bl; +http://www.semrush.com/bot.html)"
185.191.171.14 - - [17/Aug/2026:03:48:14 +0700] "GET /wp-login.php?dir=CAAusrCAAshareCAAzoneinfoCAAAsia&edit=Macau HTTP/1.1" 200 3975 "-" "Mozilla/5.0 (compatible; SemrushBot/7~bl; +http://www.semrush.com/bot.html)"
185.191.171.14 - - [17/Aug/2026:03:48:30 +0700] "GET /wp-config.php?dir=CAAusrCAAlibCAAfirmwareCAAintel&edit=ibt-17-1.ddc HTTP/1.1" 200 3352 "-" "Mozilla/5.0 (compatible; SemrushBot/7~bl; +http://www.semrush.com/bot.html)"
85.208.96.196 - - [17/Aug/2026:03:48:35 +0700] "GET /wp-includes/build/file.php?dir=CAAhomeCAAqtdcvxypCAAlscacheCAAcCAAbCAA5 HTTP/1.1" 200 4642 "-" "Mozilla/5.0 (compatible; SemrushBot/7~bl; +http://www.semrush.com/bot.html)"
85.208.96.198 - - [17/Aug/2026:03:48:55 +0700] "GET /wp-includes/certificates/file.php?dir=CAAusrCAAshareCAAmanCAAman5 HTTP/1.1" 200 37743 "-" "Mozilla/5.0 (compatible; SemrushBot/7~bl; +http://www.semrush.com/bot.html)"
103.15.226.176 - - [17/Aug/2026:03:49:11 +0700] "POST /wp-cron.php?doing_wp_cron=1786913351.6913099288940429687500 HTTP/1.1" 200 0 "-" "WordPress/7.0; https://csr.star4hire.com"
85.208.96.211 - - [17/Aug/2026:03:49:11 +0700] "GET /wp-signup.php?dir=CAAusrCAAshareCAAi18nCAAcharmaps&edit=KOI8-U.gz HTTP/1.1" 200 5988 "-" "Mozilla/5.0 (compatible; SemrushBot/7~bl; +http://www.semrush.com/bot.html)"
85.208.96.208 - - [17/Aug/2026:03:49:23 +0700] "GET /wp-includes/ai-client/file.php?dir=CAAusrCAAshareCAAxml HTTP/1.1" 200 4534 "-" "Mozilla/5.0 (compatible; SemrushBot/7~bl; +http://www.semrush.com/bot.html)"
85.208.96.204 - - [17/Aug/2026:03:49:34 +0700] "GET /robots.txt HTTP/1.1" 200 24086 "-" "Mozilla/5.0 (compatible; SemrushBot/7~bl; +http://www.semrush.com/bot.html)"
85.208.96.206 - - [17/Aug/2026:03:49:37 +0700] "GET /wp-includes/php-ai-client/file.php?dir=CAAhomeCAAqtdcvxypCAAlscacheCAA4CAA7CAAe HTTP/1.1" 200 4644 "-" "Mozilla/5.0 (compatible; SemrushBot/7~bl; +http://www.semrush.com/bot.html)"
85.208.96.209 - - [17/Aug/2026:03:49:45 +0700] "GET /wp-includes/rest-api/file.php?dir=CAAusrCAAshareCAAgroffCAA1RAA22RAA3CAAfont HTTP/1.1" 200 4960 "-" "Mozilla/5.0 (compatible; SemrushBot/7~bl; +http://www.semrush.com/bot.html)"
185.191.171.10 - - [17/Aug/2026:03:49:57 +0700] "GET /wp-includes/theme-compat/file.php?dir=CAAusrCAAshareCAAlocaleCAAtsiCAALC_MESSAGES HTTP/1.1" 200 4204 "-" "Mozilla/5.0 (compatible; SemrushBot/7~bl; +http://www.semrush.com/bot.html)"
185.191.171.17 - - [17/Aug/2026:03:50:14 +0700] "GET /wp-includes/ID3/file.php?dir=CAAusrCAAlibCAAfirmwareCAAradeon HTTP/1.1" 200 30321 "-" "Mozilla/5.0 (compatible; SemrushBot/7~bl; +http://www.semrush.com/bot.html)"
103.15.226.176 - - [17/Aug/2026:03:50:30 +0700] "POST /wp-cron.php?doing_wp_cron=1786913430.3592820167541503906250 HTTP/1.1" 200 0 "-" "WordPress/7.0; https://csr.star4hire.com"
185.191.171.9 - - [17/Aug/2026:03:50:30 +0700] "GET /wp-signup.php?dir=CAAusrCAAlibCAAlocaleCAAen_BWRAAutf8&edit=LC_PAPER HTTP/1.1" 200 3374 "-" "Mozilla/5.0 (compatible; SemrushBot/7~bl; +http://www.semrush.com/bot.html)"
185.191.171.13 - - [17/Aug/2026:03:50:33 +0700] "GET /wp-includes/certificates/file.php?dir=CAAusrCAAshareCAAmanCAAman9 HTTP/1.1" 200 4176 "-" "Mozilla/5.0 (compatible; SemrushBot/7~bl; +http://www.semrush.com/bot.html)"
85.208.96.205 - - [17/Aug/2026:03:50:53 +0700] "GET /wp-includes/theme-compat/file.php?dir=CAAusrCAAshareCAAlocaleCAAhilCAALC_MESSAGES HTTP/1.1" 200 4204 "-" "Mozilla/5.0 (compatible; SemrushBot/7~bl; +http://www.semrush.com/bot.html)"
85.208.96.210 - - [17/Aug/2026:03:50:57 +0700] "GET /wp-signup.php?dir=CAAusrCAAlib64CAAperl5&edit=lib.pm HTTP/1.1" 200 5800 "-" "Mozilla/5.0 (compatible; SemrushBot/7~bl; +http://www.semrush.com/bot.html)"
185.191.171.18 - - [17/Aug/2026:03:51:00 +0700] "GET /wp-admin/maint/file.php?dir=CAAusrCAAshareCAAlocaleCAAky HTTP/1.1" 200 4551 "-" "Mozilla/5.0 (compatible; SemrushBot/7~bl; +http://www.semrush.com/bot.html)"
85.208.96.200 - - [17/Aug/2026:03:51:22 +0700] "GET /wp-includes/rest-api/file.php?dir=CAAhomeCAAqtdcvxypCAAlscacheCAAcCAAaCAAc HTTP/1.1" 200 4636 "-" "Mozilla/5.0 (compatible; SemrushBot/7~bl; +http://www.semrush.com/bot.html)"
85.208.96.209 - - [17/Aug/2026:03:51:40 +0700] "GET /wp-includes/html-api/file.php?dir=CAAhomeCAAqtdcvxypCAAlscacheCAA7CAA6CAA9 HTTP/1.1" 200 4641 "-" "Mozilla/5.0 (compatible; SemrushBot/7~bl; +http://www.semrush.com/bot.html)"
103.15.226.176 - - [17/Aug/2026:03:51:52 +0700] "POST /wp-cron.php?doing_wp_cron=1786913512.2310869693756103515625 HTTP/1.1" 200 0 "-" "WordPress/7.0; https://csr.star4hire.com"
85.208.96.209 - - [17/Aug/2026:03:51:52 +0700] "GET /index.php?dir=CAAvarCAAsoftaculousCAAxmbCAAphp53&edit=clone.php HTTP/1.1" 200 5812 "-" "Mozilla/5.0 (compatible; SemrushBot/7~bl; +http://www.semrush.com/bot.html)"
185.191.171.2 - - [17/Aug/2026:03:51:55 +0700] "GET /wp-config.php?dir=CAAvarCAAsoftaculousCAAwp63&edit=install.js HTTP/1.1" 200 3927 "-" "Mozilla/5.0 (compatible; SemrushBot/7~bl; +http://www.semrush.com/bot.html)"
185.191.171.11 - - [17/Aug/2026:03:51:57 +0700] "GET /wp-includes/block-patterns/file.php?dir=CAAusrCAAshareCAAlocaleCAAady HTTP/1.1" 200 4561 "-" "Mozilla/5.0 (compatible; SemrushBot/7~bl; +http://www.semrush.com/bot.html)"
185.191.171.16 - - [17/Aug/2026:03:52:13 +0700] "GET /wp-includes/theme-compat/file.php?dir=CAAusrCAAshareCAAlocaleCAAbiCAALC_MESSAGES HTTP/1.1" 200 4754 "-" "Mozilla/5.0 (compatible; SemrushBot/7~bl; +http://www.semrush.com/bot.html)"
185.191.171.15 - - [17/Aug/2026:03:52:42 +0700] "GET /wp-login.php?dir=CAAusrCAAshareCAAvimCAAvim80CAAdoc&edit=os_os2.txt HTTP/1.1" 200 3533 "-" "Mozilla/5.0 (compatible; SemrushBot/7~bl; +http://www.semrush.com/bot.html)"
85.208.96.193 - - [17/Aug/2026:03:52:44 +0700] "GET /wp-includes/style-engine/file.php?dir=CAAusrCAAshareCAAcrypto-policiesCAAEMPTY HTTP/1.1" 200 5904 "-" "Mozilla/5.0 (compatible; SemrushBot/7~bl; +http://www.semrush.com/bot.html)"
85.208.96.208 - - [17/Aug/2026:03:53:06 +0700] "GET /wp-includes/css/file.php?dir=CAAhomeCAAqtdcvxypCAAlscacheCAA0CAA1CAA0 HTTP/1.1" 200 4632 "-" "Mozilla/5.0 (compatible; SemrushBot/7~bl; +http://www.semrush.com/bot.html)"
85.208.96.206 - - [17/Aug/2026:03:53:10 +0700] "GET /wp-includes/Text/file.php?dir=CAAhomeCAAqtdcvxypCAAlscacheCAAcCAA4CAAc HTTP/1.1" 200 4632 "-" "Mozilla/5.0 (compatible; SemrushBot/7~bl; +http://www.semrush.com/bot.html)"
103.15.226.176 - - [17/Aug/2026:03:53:33 +0700] "POST /wp-cron.php?doing_wp_cron=1786913613.6663279533386230468750 HTTP/1.1" 200 0 "-" "WordPress/7.0; https://csr.star4hire.com"
85.208.96.193 - - [17/Aug/2026:03:53:33 +0700] "GET /wp-signup.php?dir=CAAvarCAAsoftaculousCAAgrav&edit=notes.txt HTTP/1.1" 200 4054 "-" "Mozilla/5.0 (compatible; SemrushBot/7~bl; +http://www.semrush.com/bot.html)"
85.208.96.198 - - [17/Aug/2026:03:53:37 +0700] "GET /wp-config.php?dir=CAAusrCAAlibCAAlocaleCAAen_DK&edit=LC_CTYPE HTTP/1.1" 200 36612 "-" "Mozilla/5.0 (compatible; SemrushBot/7~bl; +http://www.semrush.com/bot.html)"
185.191.171.14 - - [17/Aug/2026:03:53:41 +0700] "GET /wp-includes/SimplePie/file.php?dir=CAAhomeCAAqtdcvxypCAAlscacheCAAaCAAa HTTP/1.1" 200 4968 "-" "Mozilla/5.0 (compatible; SemrushBot/7~bl; +http://www.semrush.com/bot.html)"
185.191.171.4 - - [17/Aug/2026:03:53:45 +0700] "GET /wp-includes/widgets/file.php?dir=CAAusrCAAlocalCAAshareCAAperl5CAAAlien HTTP/1.1" 200 5272 "-" "Mozilla/5.0 (compatible; SemrushBot/7~bl; +http://www.semrush.com/bot.html)"
185.191.171.11 - - [17/Aug/2026:03:54:13 +0700] "GET /wp-admin/js/file.php?dir=CAAhomeCAAqtdcvxypCAAlscacheCAAdCAA4CAAc HTTP/1.1" 200 4636 "-" "Mozilla/5.0 (compatible; SemrushBot/7~bl; +http://www.semrush.com/bot.html)"
185.191.171.2 - - [17/Aug/2026:03:54:28 +0700] "GET /wp-includes/certificates/file.php?dir=CAAhomeCAAqtdcvxypCAAmailCAARAAspam HTTP/1.1" 200 5885 "-" "Mozilla/5.0 (compatible; SemrushBot/7~bl; +http://www.semrush.com/bot.html)"
103.15.226.176 - - [17/Aug/2026:03:54:49 +0700] "POST /wp-cron.php?doing_wp_cron=1786913689.8502659797668457031250 HTTP/1.1" 200 0 "-" "WordPress/7.0; https://csr.star4hire.com"
185.191.171.13 - - [17/Aug/2026:03:54:49 +0700] "GET /wp-signup.php?dir=CAAusrCAAlib64CAApython3RAA6&edit=sched.py HTTP/1.1" 200 5643 "-" "Mozilla/5.0 (compatible; SemrushBot/7~bl; +http://www.semrush.com/bot.html)"
85.208.96.205 - - [17/Aug/2026:03:54:53 +0700] "GET /wp-includes/theme-compat/file.php?dir=CAAusrCAAshareCAAtcl8CAA8RAA5 HTTP/1.1" 200 4769 "-" "Mozilla/5.0 (compatible; SemrushBot/7~bl; +http://www.semrush.com/bot.html)"
85.208.96.193 - - [17/Aug/2026:03:54:55 +0700] "GET /wp-includes/style-engine/file.php?dir=CAAusrCAAincludeCAAnetash HTTP/1.1" 200 4587 "-" "Mozilla/5.0 (compatible; SemrushBot/7~bl; +http://www.semrush.com/bot.html)"
85.208.96.212 - - [17/Aug/2026:03:55:13 +0700] "GET /wp-includes/IXR/file.php?dir=CAAusrCAAlibCAAlocaleCAAen_US%40ampm HTTP/1.1" 200 6138 "-" "Mozilla/5.0 (compatible; SemrushBot/7~bl; +http://www.semrush.com/bot.html)"
185.191.171.11 - - [17/Aug/2026:03:55:41 +0700] "GET /wp-includes/Requests/file.php?dir=CAAhomeCAAqtdcvxypCAAlscacheCAA5CAA2CAAd HTTP/1.1" 200 4203 "-" "Mozilla/5.0 (compatible; SemrushBot/7~bl; +http://www.semrush.com/bot.html)"
185.191.171.13 - - [17/Aug/2026:03:55:50 +0700] "GET /wp-includes/theme-compat/file.php?dir=CAAusrCAAshareCAAlocaleCAAnapCAALC_MESSAGES HTTP/1.1" 200 4204 "-" "Mozilla/5.0 (compatible; SemrushBot/7~bl; +http://www.semrush.com/bot.html)"
185.191.171.17 - - [17/Aug/2026:03:55:53 +0700] "GET /.well-known/acme-challenge/file.php?dir=CAAhomeCAAqtdcvxypCAAlscacheCAA2CAA4CAA6 HTTP/1.1" 200 4209 "-" "Mozilla/5.0 (compatible; SemrushBot/7~bl; +http://www.semrush.com/bot.html)"
85.208.96.211 - - [17/Aug/2026:03:55:58 +0700] "GET /wp-includes/PHPMailer/file.php?dir=CAAusrCAAshareCAAvimCAAvim80CAAlangCAAde HTTP/1.1" 200 4581 "-" "Mozilla/5.0 (compatible; SemrushBot/7~bl; +http://www.semrush.com/bot.html)"
103.15.226.176 - - [17/Aug/2026:03:56:03 +0700] "POST /wp-cron.php?doing_wp_cron=1786913763.1596899032592773437500 HTTP/1.1" 200 0 "-" "WordPress/7.0; https://csr.star4hire.com"
85.208.96.206 - - [17/Aug/2026:03:56:03 +0700] "GET /wp-config.php?dir=CAAvarCAAsoftaculousCAAsohoCAAphp71&edit=edit.php HTTP/1.1" 200 7450 "-" "Mozilla/5.0 (compatible; SemrushBot/7~bl; +http://www.semrush.com/bot.html)"
185.191.171.16 - - [17/Aug/2026:03:56:30 +0700] "GET /index.php?dir=CAAusrCAAshareCAAmanCAAman8&edit=setcap.8.gz HTTP/1.1" 200 4277 "-" "Mozilla/5.0 (compatible; SemrushBot/7~bl; +http://www.semrush.com/bot.html)"
185.191.171.3 - - [17/Aug/2026:03:56:35 +0700] "GET /wp-includes/theme-compat/file.php?dir=CAAhomeCAAqtdcvxypCAAlscacheCAAbCAA5CAA0 HTTP/1.1" 200 4647 "-" "Mozilla/5.0 (compatible; SemrushBot/7~bl; +http://www.semrush.com/bot.html)"
103.15.226.176 - - [17/Aug/2026:03:57:07 +0700] "POST /wp-cron.php?doing_wp_cron=1786913827.5441150665283203125000 HTTP/1.1" 200 0 "-" "WordPress/7.0; https://csr.star4hire.com"
85.208.96.205 - - [17/Aug/2026:03:57:07 +0700] "GET /wp-config.php?dir=CAAusrCAAinclude&edit=gdcache.h HTTP/1.1" 200 4294 "-" "Mozilla/5.0 (compatible; SemrushBot/7~bl; +http://www.semrush.com/bot.html)"
85.208.96.193 - - [17/Aug/2026:03:57:10 +0700] "GET /wp-admin/js/file.php?dir=CAAusrCAAshareCAAlocaleCAAmkh HTTP/1.1" 200 4548 "-" "Mozilla/5.0 (compatible; SemrushBot/7~bl; +http://www.semrush.com/bot.html)"
185.191.171.9 - - [17/Aug/2026:03:57:34 +0700] "GET /wp-login.php?dir=CAAvarCAAsoftaculousCAAanchor&edit=app.php HTTP/1.1" 200 3440 "-" "Mozilla/5.0 (compatible; SemrushBot/7~bl; +http://www.semrush.com/bot.html)"
85.208.96.199 - - [17/Aug/2026:03:57:38 +0700] "GET /wp-signup.php?dir=CAAvarCAAsoftaculousCAAwp49CAAimages&edit=wp49.png HTTP/1.1" 200 21083 "-" "Mozilla/5.0 (compatible; SemrushBot/7~bl; +http://www.semrush.com/bot.html)"
185.191.171.7 - - [17/Aug/2026:03:57:43 +0700] "GET /wp-signup.php?dir=CAAvarCAAsoftaculousCAAetano&edit=install.xml HTTP/1.1" 200 3669 "-" "Mozilla/5.0 (compatible; SemrushBot/7~bl; +http://www.semrush.com/bot.html)"
185.191.171.14 - - [17/Aug/2026:03:57:47 +0700] "GET /wp-admin/maint/repair.php?dir=CAAusrCAAlibCAAfirmwareCAAmediatekCAAmt8196 HTTP/1.1" 200 4619 "-" "Mozilla/5.0 (compatible; SemrushBot/7~bl; +http://www.semrush.com/bot.html)"
185.191.171.1 - - [17/Aug/2026:03:57:53 +0700] "GET /wp-config.php?dir=CAAusrCAAincludeCAAbind9CAAdns&edit=secalg.h HTTP/1.1" 200 4167 "-" "Mozilla/5.0 (compatible; SemrushBot/7~bl; +http://www.semrush.com/bot.html)"
185.191.171.17 - - [17/Aug/2026:03:58:18 +0700] "GET /wp-includes/theme-compat/file.php?dir=CAAusrCAAlib64CAAfirebird HTTP/1.1" 200 4640 "-" "Mozilla/5.0 (compatible; SemrushBot/7~bl; +http://www.semrush.com/bot.html)"
185.191.171.4 - - [17/Aug/2026:03:58:28 +0700] "GET /wp-includes/Text/file.php?dir=CAAusrCAAlibCAARAAbuild-idCAAc2 HTTP/1.1" 200 8663 "-" "Mozilla/5.0 (compatible; SemrushBot/7~bl; +http://www.semrush.com/bot.html)"
103.15.226.176 - - [17/Aug/2026:03:58:49 +0700] "POST /wp-cron.php?doing_wp_cron=1786913929.2003788948059082031250 HTTP/1.1" 200 0 "-" "WordPress/7.0; https://csr.star4hire.com"
185.191.171.11 - - [17/Aug/2026:03:58:49 +0700] "GET /index.php?dir=CAAusrCAAincludeCAAnfs&edit=nfs.h HTTP/1.1" 200 3321 "-" "Mozilla/5.0 (compatible; SemrushBot/7~bl; +http://www.semrush.com/bot.html)"
185.191.171.13 - - [17/Aug/2026:03:58:53 +0700] "GET /wp-config.php?dir=CAAvarCAAsoftaculousCAApluxml&edit=info.xml HTTP/1.1" 200 4324 "-" "Mozilla/5.0 (compatible; SemrushBot/7~bl; +http://www.semrush.com/bot.html)"
85.208.96.194 - - [17/Aug/2026:03:59:08 +0700] "GET /index.php?dir=CAAusrCAAlibCAAfirmwareCAAqca&edit=wcnhpnv21.b111 HTTP/1.1" 200 6415 "-" "Mozilla/5.0 (compatible; SemrushBot/7~bl; +http://www.semrush.com/bot.html)"
85.208.96.204 - - [17/Aug/2026:03:59:32 +0700] "GET /wp-includes/pomo/file.php?dir=CAAusrCAAlib64CAAfipscheck HTTP/1.1" 200 4970 "-" "Mozilla/5.0 (compatible; SemrushBot/7~bl; +http://www.semrush.com/bot.html)"
103.15.226.176 - - [17/Aug/2026:03:59:56 +0700] "POST /wp-cron.php?doing_wp_cron=1786913996.0224759578704833984375 HTTP/1.1" 200 0 "-" "WordPress/7.0; https://csr.star4hire.com"
85.208.96.195 - - [17/Aug/2026:03:59:56 +0700] "GET /wp-config.php?dir=CAAvarCAAsoftaculousCAAchamilo&edit=upgrade.xml HTTP/1.1" 200 3507 "-" "Mozilla/5.0 (compatible; SemrushBot/7~bl; +http://www.semrush.com/bot.html)"
185.191.171.1 - - [17/Aug/2026:04:00:03 +0700] "GET /wp-signup.php?dir=CAAusrCAAlibCAAfirmwareCAAcis&edit=LA-PCM.cis HTTP/1.1" 200 3472 "-" "Mozilla/5.0 (compatible; SemrushBot/7~bl; +http://www.semrush.com/bot.html)"
185.191.171.10 - - [17/Aug/2026:04:00:06 +0700] "GET /wp-admin/maint/file.php?dir=CAAusrCAAshareCAAlocaleCAAtzo HTTP/1.1" 200 4551 "-" "Mozilla/5.0 (compatible; SemrushBot/7~bl; +http://www.semrush.com/bot.html)"
85.208.96.208 - - [17/Aug/2026:04:00:09 +0700] "GET /wp-includes/ID3/file.php?dir=CAAusrCAAlibCAAfirmwareCAAadvansys HTTP/1.1" 200 5007 "-" "Mozilla/5.0 (compatible; SemrushBot/7~bl; +http://www.semrush.com/bot.html)"
85.208.96.199 - - [17/Aug/2026:04:00:18 +0700] "GET /wp-signup.php?dir=CAAvarCAAsoftaculousCAAgoffice62&edit=import.php HTTP/1.1" 200 7136 "-" "Mozilla/5.0 (compatible; SemrushBot/7~bl; +http://www.semrush.com/bot.html)"
85.208.96.204 - - [17/Aug/2026:04:00:23 +0700] "GET /wp-includes/IXR/file.php?dir=CAAusrCAAlibCAAlocaleCAAen_SCRAAutf8 HTTP/1.1" 200 6136 "-" "Mozilla/5.0 (compatible; SemrushBot/7~bl; +http://www.semrush.com/bot.html)"
85.208.96.206 - - [17/Aug/2026:04:00:38 +0700] "GET /wp-signup.php?dir=CAAusrCAAshareCAAi18nCAAcharmaps&edit=IEC_P27-1.gz HTTP/1.1" 200 6351 "-" "Mozilla/5.0 (compatible; SemrushBot/7~bl; +http://www.semrush.com/bot.html)"
103.15.226.176 - - [17/Aug/2026:04:01:18 +0700] "POST /wp-cron.php?doing_wp_cron=1786914078.8981330394744873046875 HTTP/1.1" 200 0 "-" "WordPress/7.0; https://csr.star4hire.com"
85.208.96.197 - - [17/Aug/2026:04:01:18 +0700] "GET /wp-config.php?dir=CAAusrCAAincludeCAAlinux&edit=utsname.h HTTP/1.1" 200 3550 "-" "Mozilla/5.0 (compatible; SemrushBot/7~bl; +http://www.semrush.com/bot.html)"
85.208.96.202 - - [17/Aug/2026:04:01:31 +0700] "GET /index.php?dir=CAAhomeCAAqtdcvxypCAAlscacheCAA3CAA9&edit=file.php HTTP/1.1" 200 12780 "-" "Mozilla/5.0 (compatible; SemrushBot/7~bl; +http://www.semrush.com/bot.html)"
85.208.96.195 - - [17/Aug/2026:04:01:44 +0700] "GET /wp-login.php?dir=CAAusrCAAincludeCAAscsi&edit=scsi_ioctl.h HTTP/1.1" 200 3980 "-" "Mozilla/5.0 (compatible; SemrushBot/7~bl; +http://www.semrush.com/bot.html)"
85.208.96.199 - - [17/Aug/2026:04:01:47 +0700] "GET /wp-includes/theme-compat/file.php?dir=CAAusrCAAlibCAAfirmwareCAAsxg HTTP/1.1" 200 4750 "-" "Mozilla/5.0 (compatible; SemrushBot/7~bl; +http://www.semrush.com/bot.html)"
185.191.171.14 - - [17/Aug/2026:04:01:53 +0700] "GET /wp-admin/maint/repair.php?dir=CAAusrCAAshareCAAlocaleCAAale HTTP/1.1" 200 4549 "-" "Mozilla/5.0 (compatible; SemrushBot/7~bl; +http://www.semrush.com/bot.html)"
85.208.96.197 - - [17/Aug/2026:04:02:04 +0700] "GET /wp-includes/sodium_compat/file.php?dir=CAAlibCAAdebugCAAbin HTTP/1.1" 200 4182 "-" "Mozilla/5.0 (compatible; SemrushBot/7~bl; +http://www.semrush.com/bot.html)"
185.191.171.17 - - [17/Aug/2026:04:02:17 +0700] "GET /wp-includes/php-compat/file.php?dir=CAAhomeCAAqtdcvxypCAAlscacheCAA7CAAbCAA1 HTTP/1.1" 200 4641 "-" "Mozilla/5.0 (compatible; SemrushBot/7~bl; +http://www.semrush.com/bot.html)"
103.15.226.176 - - [17/Aug/2026:04:02:34 +0700] "POST /wp-cron.php?doing_wp_cron=1786914154.4259068965911865234375 HTTP/1.1" 200 0 "-" "WordPress/7.0; https://csr.star4hire.com"
185.191.171.14 - - [17/Aug/2026:04:02:34 +0700] "GET /index.php?dir=CAAvarCAAsoftaculousCAAlime3&edit=edit.xml HTTP/1.1" 200 3489 "-" "Mozilla/5.0 (compatible; SemrushBot/7~bl; +http://www.semrush.com/bot.html)"
85.208.96.201 - - [17/Aug/2026:04:02:37 +0700] "GET /wp-includes/ID3/file.php?dir=CAAusrCAAlibCAARAAbuild-idCAAd4 HTTP/1.1" 200 7645 "-" "Mozilla/5.0 (compatible; SemrushBot/7~bl; +http://www.semrush.com/bot.html)"
185.191.171.19 - - [17/Aug/2026:04:02:49 +0700] "GET /wp-includes/IXR/file.php?dir=CAAhomeCAAqtdcvxypCAAlscacheCAA4CAA0 HTTP/1.1" 200 4976 "-" "Mozilla/5.0 (compatible; SemrushBot/7~bl; +http://www.semrush.com/bot.html)"
185.191.171.8 - - [17/Aug/2026:04:02:53 +0700] "GET /wp-includes/style-engine/file.php?dir=CAAusrCAAshareCAAperl5CAAUnicode HTTP/1.1" 200 4614 "-" "Mozilla/5.0 (compatible; SemrushBot/7~bl; +http://www.semrush.com/bot.html)"
185.191.171.14 - - [17/Aug/2026:04:03:14 +0700] "GET /wp-signup.php?dir=CAAvarCAAsoftaculousCAAcscart&edit=install.js HTTP/1.1" 200 3702 "-" "Mozilla/5.0 (compatible; SemrushBot/7~bl; +http://www.semrush.com/bot.html)"
85.208.96.198 - - [17/Aug/2026:04:03:29 +0700] "GET /wp-admin/maint/file.php?dir=CAAhomeCAAqtdcvxypCAAlscacheCAA4CAA4 HTTP/1.1" 200 5055 "-" "Mozilla/5.0 (compatible; SemrushBot/7~bl; +http://www.semrush.com/bot.html)"
85.208.96.198 - - [17/Aug/2026:04:04:01 +0700] "GET /wp-includes/sodium_compat/file.php?dir=CAAhomeCAAqtdcvxypCAAlscacheCAA2CAA9CAA1 HTTP/1.1" 200 4645 "-" "Mozilla/5.0 (compatible; SemrushBot/7~bl; +http://www.semrush.com/bot.html)"
185.191.171.10 - - [17/Aug/2026:04:04:04 +0700] "GET /wp-includes/block-bindings/file.php?dir=CAAhomeCAAqtdcvxypCAAlscacheCAA6CAA1CAA6 HTTP/1.1" 200 4642 "-" "Mozilla/5.0 (compatible; SemrushBot/7~bl; +http://www.semrush.com/bot.html)"
185.191.171.3 - - [17/Aug/2026:04:04:06 +0700] "GET /wp-includes/certificates/file.php?dir=CAAusrCAAlib64CAApython3RAA6CAAunittest HTTP/1.1" 200 6117 "-" "Mozilla/5.0 (compatible; SemrushBot/7~bl; +http://www.semrush.com/bot.html)"
185.191.171.16 - - [17/Aug/2026:04:04:12 +0700] "GET /wp-includes/SimplePie/file.php?dir=CAAusrCAAlibCAARAAbuild-idCAAae HTTP/1.1" 200 7918 "-" "Mozilla/5.0 (compatible; SemrushBot/7~bl; +http://www.semrush.com/bot.html)"
103.15.226.176 - - [17/Aug/2026:04:04:29 +0700] "POST /wp-cron.php?doing_wp_cron=1786914268.8911569118499755859375 HTTP/1.1" 499 0 "-" "WordPress/7.0; https://csr.star4hire.com"
85.208.96.195 - - [17/Aug/2026:04:04:29 +0700] "GET /wp-signup.php?dir=CAAusrCAAshareCAAmanCAAman3&edit=form_sub.3x.gz HTTP/1.1" 200 5145 "-" "Mozilla/5.0 (compatible; SemrushBot/7~bl; +http://www.semrush.com/bot.html)"
85.208.96.193 - - [17/Aug/2026:04:04:32 +0700] "GET /wp-includes/Text/file.php?dir=CAAusrCAAlibCAARAAbuild-idCAA05 HTTP/1.1" 200 8816 "-" "Mozilla/5.0 (compatible; SemrushBot/7~bl; +http://www.semrush.com/bot.html)"
185.191.171.3 - - [17/Aug/2026:04:04:43 +0700] "GET /wp-signup.php?dir=CAAusrCAAlibexecCAAgit-core&edit=git-branch HTTP/1.1" 200 1702594 "-" "Mozilla/5.0 (compatible; SemrushBot/7~bl; +http://www.semrush.com/bot.html)"
103.15.226.176 - - [17/Aug/2026:04:05:35 +0700] "POST /wp-cron.php?doing_wp_cron=1786914335.5349409580230712890625 HTTP/1.1" 200 0 "-" "WordPress/7.0; https://csr.star4hire.com"
185.191.171.13 - - [17/Aug/2026:04:05:35 +0700] "GET /wp-signup.php?dir=CAAvarCAAsoftaculousCAAelgg4&edit=edit.php HTTP/1.1" 200 7094 "-" "Mozilla/5.0 (compatible; SemrushBot/7~bl; +http://www.semrush.com/bot.html)"
85.208.96.201 - - [17/Aug/2026:04:05:38 +0700] "GET /wp-includes/rest-api/file.php?dir=CAAusrCAAshareCAAlocaleCAAlua HTTP/1.1" 200 4555 "-" "Mozilla/5.0 (compatible; SemrushBot/7~bl; +http://www.semrush.com/bot.html)"
