85.208.96.203 - - [17/Aug/2026:15:08:07 +0700] "GET /wp-includes/style-engine/file.php?dir=CAAusrCAAlib64CAAenchant-2 HTTP/1.1" 200 4606 "-" "Mozilla/5.0 (compatible; SemrushBot/7~bl; +http://www.semrush.com/bot.html)"
185.191.171.2 - - [17/Aug/2026:15:08:19 +0700] "GET /wp-includes/theme-compat/file.php?dir=CAAusrCAAshareCAAlocaleCAAausCAALC_MESSAGES HTTP/1.1" 200 4204 "-" "Mozilla/5.0 (compatible; SemrushBot/7~bl; +http://www.semrush.com/bot.html)"
103.15.226.176 - - [17/Aug/2026:15:08:36 +0700] "POST /wp-cron.php?doing_wp_cron=1786954115.9856290817260742187500 HTTP/1.1" 200 0 "-" "WordPress/7.0; https://csr.star4hire.com"
85.208.96.203 - - [17/Aug/2026:15:08:36 +0700] "GET /wp-login.php?dir=CAAvarCAAsoftaculousCAAfcms&edit=import.php HTTP/1.1" 200 5998 "-" "Mozilla/5.0 (compatible; SemrushBot/7~bl; +http://www.semrush.com/bot.html)"
185.191.171.5 - - [17/Aug/2026:15:08:38 +0700] "GET /wp-includes/SimplePie/file.php?dir=CAAusrCAAlibCAAfirmwareCAAbrcm HTTP/1.1" 200 17981 "-" "Mozilla/5.0 (compatible; SemrushBot/7~bl; +http://www.semrush.com/bot.html)"
85.208.96.206 - - [17/Aug/2026:15:08:43 +0700] "GET /index.php?dir=CAAusrCAAshareCAAmanCAAman1&edit=head.1.gz HTTP/1.1" 200 4421 "-" "Mozilla/5.0 (compatible; SemrushBot/7~bl; +http://www.semrush.com/bot.html)"
185.191.171.15 - - [17/Aug/2026:15:09:02 +0700] "GET /wp-includes/SimplePie/file.php?dir=CAAhomeCAAqtdcvxypCAAlscacheCAAeCAAaCAA1 HTTP/1.1" 200 4638 "-" "Mozilla/5.0 (compatible; SemrushBot/7~bl; +http://www.semrush.com/bot.html)"
185.191.171.7 - - [17/Aug/2026:15:09:12 +0700] "GET /wp-includes/Text/file.php?dir=CAAusrCAAlibCAArpmCAAplatformCAAppc32dy4-linux HTTP/1.1" 200 4627 "-" "Mozilla/5.0 (compatible; SemrushBot/7~bl; +http://www.semrush.com/bot.html)"
85.208.96.210 - - [17/Aug/2026:15:09:14 +0700] "GET /wp-includes/PHPMailer/file.php?dir=CAAusrCAAshareCAAlocaleCAAlu HTTP/1.1" 200 4550 "-" "Mozilla/5.0 (compatible; SemrushBot/7~bl; +http://www.semrush.com/bot.html)"
185.191.171.1 - - [17/Aug/2026:15:09:18 +0700] "GET /index.php?dir=CAAvarCAAsoftaculousCAAbludit&edit=upgrade.xml HTTP/1.1" 200 3490 "-" "Mozilla/5.0 (compatible; SemrushBot/7~bl; +http://www.semrush.com/bot.html)"
185.191.171.15 - - [17/Aug/2026:15:09:22 +0700] "GET /wp-includes/PHPMailer/file.php?dir=CAAusrCAAshareCAAlocaleCAAid HTTP/1.1" 200 4657 "-" "Mozilla/5.0 (compatible; SemrushBot/7~bl; +http://www.semrush.com/bot.html)"
103.15.226.176 - - [17/Aug/2026:15:09:46 +0700] "POST /wp-cron.php?doing_wp_cron=1786954186.2953960895538330078125 HTTP/1.1" 200 0 "-" "WordPress/7.0; https://csr.star4hire.com"
185.191.171.19 - - [17/Aug/2026:15:09:46 +0700] "GET /index.php?dir=CAAusrCAAlib64&edit=libltdl.so.7 HTTP/1.1" 200 20515 "-" "Mozilla/5.0 (compatible; SemrushBot/7~bl; +http://www.semrush.com/bot.html)"
185.191.171.1 - - [17/Aug/2026:15:09:58 +0700] "GET /wp-signup.php?dir=CAAusrCAAlib64CAAperl5CAAasm&edit=unistd_x32.ph HTTP/1.1" 200 7625 "-" "Mozilla/5.0 (compatible; SemrushBot/7~bl; +http://www.semrush.com/bot.html)"
185.191.171.2 - - [17/Aug/2026:15:10:16 +0700] "GET /wp-login.php?dir=CAAusrCAAshareCAAawk&edit=libintl.awk HTTP/1.1" 200 3403 "-" "Mozilla/5.0 (compatible; SemrushBot/7~bl; +http://www.semrush.com/bot.html)"
85.208.96.203 - - [17/Aug/2026:15:10:19 +0700] "GET /wp-includes/theme-compat/file.php?dir=CAAusrCAAlibCAAfirmwareCAAnvidiaCAAtegra124 HTTP/1.1" 200 4895 "-" "Mozilla/5.0 (compatible; SemrushBot/7~bl; +http://www.semrush.com/bot.html)"
85.208.96.194 - - [17/Aug/2026:15:10:21 +0700] "GET /wp-includes/IXR/file.php?dir=CAAusrCAAlibCAArpmCAAplatformCAApentium3-linux HTTP/1.1" 200 4623 "-" "Mozilla/5.0 (compatible; SemrushBot/7~bl; +http://www.semrush.com/bot.html)"
85.208.96.201 - - [17/Aug/2026:15:10:24 +0700] "GET /wp-includes/PHPMailer/file.php?dir=CAAhomeCAAqtdcvxypCAAlscacheCAAaCAA8CAA5 HTTP/1.1" 200 4803 "-" "Mozilla/5.0 (compatible; SemrushBot/7~bl; +http://www.semrush.com/bot.html)"
103.15.226.176 - - [17/Aug/2026:15:11:06 +0700] "POST /wp-cron.php?doing_wp_cron=1786954266.5579988956451416015625 HTTP/1.1" 200 0 "-" "WordPress/7.0; https://csr.star4hire.com"
185.191.171.10 - - [17/Aug/2026:15:11:06 +0700] "GET /wp-login.php?dir=CAAusrCAAlocalCAAshareCAAperl5&edit=AppConfig.pm HTTP/1.1" 200 14106 "-" "Mozilla/5.0 (compatible; SemrushBot/7~bl; +http://www.semrush.com/bot.html)"
185.191.171.6 - - [17/Aug/2026:15:11:10 +0700] "GET /wp-config.php?dir=CAAusrCAAincludeCAAlinux&edit=omapfb.h HTTP/1.1" 200 5293 "-" "Mozilla/5.0 (compatible; SemrushBot/7~bl; +http://www.semrush.com/bot.html)"
85.208.96.196 - - [17/Aug/2026:15:11:33 +0700] "GET /wp-config.php?dir=CAAvarCAAsoftaculousCAApimcore&edit=pimcore.sql HTTP/1.1" 200 10794 "-" "Mozilla/5.0 (compatible; SemrushBot/7~bl; +http://www.semrush.com/bot.html)"
85.208.96.207 - - [17/Aug/2026:15:12:07 +0700] "GET /wp-includes/block-bindings/file.php?dir=CAAhomeCAAqtdcvxypCAAlscacheCAA1CAA9 HTTP/1.1" 200 4789 "-" "Mozilla/5.0 (compatible; SemrushBot/7~bl; +http://www.semrush.com/bot.html)"
85.208.96.199 - - [17/Aug/2026:15:12:10 +0700] "GET /wp-includes/php-compat/file.php?dir=CAAhomeCAAqtdcvxypCAARAAcagefsCAAvarCAAlog HTTP/1.1" 200 6268 "-" "Mozilla/5.0 (compatible; SemrushBot/7~bl; +http://www.semrush.com/bot.html)"
185.191.171.5 - - [17/Aug/2026:15:12:25 +0700] "GET /wp-includes/theme-compat/file.php?dir=CAAusrCAAincludeCAAX11CAAextensions HTTP/1.1" 200 13896 "-" "Mozilla/5.0 (compatible; SemrushBot/7~bl; +http://www.semrush.com/bot.html)"
103.15.226.176 - - [17/Aug/2026:15:12:33 +0700] "POST /wp-cron.php?doing_wp_cron=1786954352.9414219856262207031250 HTTP/1.1" 200 0 "-" "WordPress/7.0; https://csr.star4hire.com"
185.191.171.6 - - [17/Aug/2026:15:12:33 +0700] "GET /wp-login.php?dir=CAAusrCAAlibCAAfirmwareCAAmoxa&edit=moxa-1410.fw HTTP/1.1" 200 18089 "-" "Mozilla/5.0 (compatible; SemrushBot/7~bl; +http://www.semrush.com/bot.html)"
185.191.171.3 - - [17/Aug/2026:15:12:36 +0700] "GET /wp-includes/IXR/file.php?dir=CAAusrCAAlibCAArpmCAAplatformCAAarmv4b-linux HTTP/1.1" 200 4621 "-" "Mozilla/5.0 (compatible; SemrushBot/7~bl; +http://www.semrush.com/bot.html)"
185.191.171.8 - - [17/Aug/2026:15:12:51 +0700] "GET /wp-config.php?dir=CAAhomeCAAqtdcvxypCAAlscacheCAAbCAA4&edit=file.php HTTP/1.1" 200 12789 "-" "Mozilla/5.0 (compatible; SemrushBot/7~bl; +http://www.semrush.com/bot.html)"
185.191.171.15 - - [17/Aug/2026:15:13:05 +0700] "GET /wp-config.php?dir=CAAvarCAAsoftaculousCAAwhmcs&edit=info.xml HTTP/1.1" 200 4662 "-" "Mozilla/5.0 (compatible; SemrushBot/7~bl; +http://www.semrush.com/bot.html)"
185.191.171.19 - - [17/Aug/2026:15:13:12 +0700] "GET /index.php?dir=CAAusrCAAshareCAAmanCAAman8&edit=yum.8.gz HTTP/1.1" 200 23233 "-" "Mozilla/5.0 (compatible; SemrushBot/7~bl; +http://www.semrush.com/bot.html)"
85.208.96.203 - - [17/Aug/2026:15:13:15 +0700] "GET /index.php?dir=CAAusrCAAshareCAAtcl8RAA6CAAmsgs&edit=sv.msg HTTP/1.1" 200 3687 "-" "Mozilla/5.0 (compatible; SemrushBot/7~bl; +http://www.semrush.com/bot.html)"
185.191.171.8 - - [17/Aug/2026:15:13:19 +0700] "GET /wp-includes/ai-client/file.php?dir=CAAusrCAAlib64CAAsasl2 HTTP/1.1" 200 5178 "-" "Mozilla/5.0 (compatible; SemrushBot/7~bl; +http://www.semrush.com/bot.html)"
85.208.96.197 - - [17/Aug/2026:15:13:24 +0700] "GET /wp-includes/PHPMailer/file.php?dir=CAAhomeCAAqtdcvxypCAAlscacheCAA6CAA2CAA2 HTTP/1.1" 200 4639 "-" "Mozilla/5.0 (compatible; SemrushBot/7~bl; +http://www.semrush.com/bot.html)"
185.191.171.10 - - [17/Aug/2026:15:13:55 +0700] "GET /wp-includes/images/file.php?dir=CAAhomeCAAqtdcvxypCAAlscacheCAAfCAA8 HTTP/1.1" 200 4787 "-" "Mozilla/5.0 (compatible; SemrushBot/7~bl; +http://www.semrush.com/bot.html)"
185.191.171.17 - - [17/Aug/2026:15:14:00 +0700] "GET /wp-includes/theme-compat/file.php?dir=CAAusrCAAlibCAARAAbuild-idCAAb0 HTTP/1.1" 200 9016 "-" "Mozilla/5.0 (compatible; SemrushBot/7~bl; +http://www.semrush.com/bot.html)"
103.15.226.176 - - [17/Aug/2026:15:14:19 +0700] "POST /wp-cron.php?doing_wp_cron=1786954459.8812530040740966796875 HTTP/1.1" 200 0 "-" "WordPress/7.0; https://csr.star4hire.com"
185.191.171.18 - - [17/Aug/2026:15:14:19 +0700] "GET /index.php?dir=CAAvarCAAsoftaculousCAAmaian&edit=info.xml HTTP/1.1" 200 4818 "-" "Mozilla/5.0 (compatible; SemrushBot/7~bl; +http://www.semrush.com/bot.html)"
185.191.171.4 - - [17/Aug/2026:15:14:27 +0700] "GET /wp-signup.php?dir=CAAusrCAAshareCAAnano&edit=sh.nanorc HTTP/1.1" 200 4149 "-" "Mozilla/5.0 (compatible; SemrushBot/7~bl; +http://www.semrush.com/bot.html)"
185.191.171.19 - - [17/Aug/2026:15:14:39 +0700] "GET /wp-includes/php-compat/file.php?dir=CAAhomeCAAqtdcvxypCAAlscacheCAA8CAA5CAA0 HTTP/1.1" 200 4646 "-" "Mozilla/5.0 (compatible; SemrushBot/7~bl; +http://www.semrush.com/bot.html)"
85.208.96.200 - - [17/Aug/2026:15:14:44 +0700] "GET /index.php?dir=CAAusrCAAinclude&edit=termios.h HTTP/1.1" 200 4723 "-" "Mozilla/5.0 (compatible; SemrushBot/7~bl; +http://www.semrush.com/bot.html)"
85.208.96.211 - - [17/Aug/2026:15:15:06 +0700] "GET /wp-admin/maint/repair.php?dir=CAAusrCAAshareCAAgnupg HTTP/1.1" 200 7823 "-" "Mozilla/5.0 (compatible; SemrushBot/7~bl; +http://www.semrush.com/bot.html)"
85.208.96.203 - - [17/Aug/2026:15:15:21 +0700] "GET /wp-includes/interactivity-api/file.php?dir=CAAhomeCAAqtdcvxypCAAlscacheCAA1CAAbCAAa HTTP/1.1" 200 4649 "-" "Mozilla/5.0 (compatible; SemrushBot/7~bl; +http://www.semrush.com/bot.html)"
185.191.171.16 - - [17/Aug/2026:15:15:51 +0700] "GET /wp-includes/collaboration/file.php?dir=CAAusrCAAshareCAAbash-completion HTTP/1.1" 200 4539 "-" "Mozilla/5.0 (compatible; SemrushBot/7~bl; +http://www.semrush.com/bot.html)"
185.191.171.7 - - [17/Aug/2026:15:16:15 +0700] "GET /wp-includes/rest-api/file.php?dir=CAAusrCAAshareCAAlocaleCAAfrm HTTP/1.1" 200 4551 "-" "Mozilla/5.0 (compatible; SemrushBot/7~bl; +http://www.semrush.com/bot.html)"
103.15.226.176 - - [17/Aug/2026:15:16:37 +0700] "POST /wp-cron.php?doing_wp_cron=1786954597.0888390541076660156250 HTTP/1.1" 200 0 "-" "WordPress/7.0; https://csr.star4hire.com"
85.208.96.202 - - [17/Aug/2026:15:16:42 +0700] "GET /wp-admin/maint/repair.php?dir=CAAusrCAAlibCAAlocaleCAAen_ZA HTTP/1.1" 200 6116 "-" "Mozilla/5.0 (compatible; SemrushBot/7~bl; +http://www.semrush.com/bot.html)"
185.191.171.14 - - [17/Aug/2026:15:16:49 +0700] "GET /index.php?dir=CAAusrCAAlib64CAArsyslog&edit=imtcp.so HTTP/1.1" 200 12510 "-" "Mozilla/5.0 (compatible; SemrushBot/7~bl; +http://www.semrush.com/bot.html)"
185.191.171.17 - - [17/Aug/2026:15:16:54 +0700] "GET /index.php?dir=CAAusrCAAlib64CAApython2RAA7&edit=ast.pyc HTTP/1.1" 200 8851 "-" "Mozilla/5.0 (compatible; SemrushBot/7~bl; +http://www.semrush.com/bot.html)"
185.191.171.19 - - [17/Aug/2026:15:16:56 +0700] "GET /wp-includes/SimplePie/file.php?dir=CAAusrCAAshareCAAimunify360 HTTP/1.1" 200 4542 "-" "Mozilla/5.0 (compatible; SemrushBot/7~bl; +http://www.semrush.com/bot.html)"
185.191.171.18 - - [17/Aug/2026:15:16:59 +0700] "GET /wp-admin/js/file.php?dir=CAAhomeCAAqtdcvxypCAAlscacheCAAfCAAcCAAc HTTP/1.1" 200 4629 "-" "Mozilla/5.0 (compatible; SemrushBot/7~bl; +http://www.semrush.com/bot.html)"
185.191.171.11 - - [17/Aug/2026:15:17:04 +0700] "GET /wp-includes/block-patterns/file.php?dir=CAAusrCAAshareCAAlocaleCAAsal HTTP/1.1" 200 4560 "-" "Mozilla/5.0 (compatible; SemrushBot/7~bl; +http://www.semrush.com/bot.html)"
185.191.171.12 - - [17/Aug/2026:15:17:16 +0700] "GET /wp-includes/IXR/file.php?dir=CAAusrCAAshareCAAmisc HTTP/1.1" 200 4736 "-" "Mozilla/5.0 (compatible; SemrushBot/7~bl; +http://www.semrush.com/bot.html)"
85.208.96.199 - - [17/Aug/2026:15:17:23 +0700] "GET /wp-signup.php?dir=CAAusrCAAlib64CAApython3RAA8&edit=mailcap.py HTTP/1.1" 200 6300 "-" "Mozilla/5.0 (compatible; SemrushBot/7~bl; +http://www.semrush.com/bot.html)"
185.191.171.18 - - [17/Aug/2026:15:17:26 +0700] "GET /wp-admin/maint/repair.php?dir=CAAhomeCAAqtdcvxypCAAlscacheCAA3CAAeCAA1 HTTP/1.1" 200 4641 "-" "Mozilla/5.0 (compatible; SemrushBot/7~bl; +http://www.semrush.com/bot.html)"
85.208.96.193 - - [17/Aug/2026:15:18:27 +0700] "GET /wp-includes/ID3/file.php?dir=CAAusrCAAlocalCAAshareCAAperl5CAAXML HTTP/1.1" 200 0 "-" "Mozilla/5.0 (compatible; SemrushBot/7~bl; +http://www.semrush.com/bot.html)"
85.208.96.193 - - [17/Aug/2026:15:18:27 +0700] "GET /wp-includes/ID3/file.php?dir=CAAusrCAAlocalCAAshareCAAperl5CAAXML HTTP/1.1" 200 5220 "-" "Mozilla/5.0 (compatible; SemrushBot/7~bl; +http://www.semrush.com/bot.html)"
103.15.226.176 - - [17/Aug/2026:15:18:32 +0700] "POST /wp-cron.php?doing_wp_cron=1786954712.6711790561676025390625 HTTP/1.1" 200 0 "-" "WordPress/7.0; https://csr.star4hire.com"
185.191.171.1 - - [17/Aug/2026:15:18:32 +0700] "GET /wp-signup.php?dir=CAAvarCAAsoftaculousCAAredax&edit=edit.php HTTP/1.1" 200 7718 "-" "Mozilla/5.0 (compatible; SemrushBot/7~bl; +http://www.semrush.com/bot.html)"
85.208.96.211 - - [17/Aug/2026:15:18:35 +0700] "GET /wp-includes/build/file.php?dir=CAAhomeCAAqtdcvxypCAAlscacheCAAcCAA7 HTTP/1.1" 200 4888 "-" "Mozilla/5.0 (compatible; SemrushBot/7~bl; +http://www.semrush.com/bot.html)"
185.191.171.11 - - [17/Aug/2026:15:18:38 +0700] "GET /wp-admin/maint/file.php?dir=CAAusrCAAshareCAAlocaleCAAalg HTTP/1.1" 200 4550 "-" "Mozilla/5.0 (compatible; SemrushBot/7~bl; +http://www.semrush.com/bot.html)"
85.208.96.209 - - [17/Aug/2026:15:18:41 +0700] "GET /wp-includes/widgets/file.php?dir=CAAhomeCAAqtdcvxypCAAlscacheCAA7CAAeCAAd HTTP/1.1" 200 4200 "-" "Mozilla/5.0 (compatible; SemrushBot/7~bl; +http://www.semrush.com/bot.html)"
85.208.96.207 - - [17/Aug/2026:15:18:48 +0700] "GET /wp-login.php?dir=CAAusrCAAincludeCAAbind9CAAdns&edit=rcode.h HTTP/1.1" 200 4107 "-" "Mozilla/5.0 (compatible; SemrushBot/7~bl; +http://www.semrush.com/bot.html)"
185.191.171.8 - - [17/Aug/2026:15:18:53 +0700] "GET /wp-admin/js/file.php?dir=CAAusrCAAlibCAAfirmwareCAAbnx2x HTTP/1.1" 200 5910 "-" "Mozilla/5.0 (compatible; SemrushBot/7~bl; +http://www.semrush.com/bot.html)"
185.191.171.1 - - [17/Aug/2026:15:19:09 +0700] "GET /wp-admin/js/file.php?dir=CAAusrCAAshareCAAlocaleCAAbej HTTP/1.1" 200 4548 "-" "Mozilla/5.0 (compatible; SemrushBot/7~bl; +http://www.semrush.com/bot.html)"
85.208.96.194 - - [17/Aug/2026:15:19:22 +0700] "GET /wp-includes/SimplePie/file.php?dir=CAAusrCAAincludeCAAfreetype2 HTTP/1.1" 200 4770 "-" "Mozilla/5.0 (compatible; SemrushBot/7~bl; +http://www.semrush.com/bot.html)"
85.208.96.195 - - [17/Aug/2026:15:19:49 +0700] "GET /wp-admin/js/file.php?dir=CAAusrCAAshareCAAlocaleCAAchn HTTP/1.1" 200 4547 "-" "Mozilla/5.0 (compatible; SemrushBot/7~bl; +http://www.semrush.com/bot.html)"
103.15.226.176 - - [17/Aug/2026:15:20:14 +0700] "POST /wp-cron.php?doing_wp_cron=1786954814.5362579822540283203125 HTTP/1.1" 200 0 "-" "WordPress/7.0; https://csr.star4hire.com"
185.191.171.16 - - [17/Aug/2026:15:20:14 +0700] "GET /wp-config.php?dir=CAAusrCAAlib64CAApython2RAA7&edit=mutex.pyc HTTP/1.1" 200 4489 "-" "Mozilla/5.0 (compatible; SemrushBot/7~bl; +http://www.semrush.com/bot.html)"
85.208.96.202 - - [17/Aug/2026:15:20:37 +0700] "GET /wp-login.php?dir=CAAvarCAAsoftaculousCAAadmidio&edit=update_pass.php HTTP/1.1" 200 3934 "-" "Mozilla/5.0 (compatible; SemrushBot/7~bl; +http://www.semrush.com/bot.html)"
185.191.171.1 - - [17/Aug/2026:15:20:43 +0700] "GET /wp-login.php?dir=CAAusrCAAshareCAAi18nCAAlocales&edit=es_PR HTTP/1.1" 200 4616 "-" "Mozilla/5.0 (compatible; SemrushBot/7~bl; +http://www.semrush.com/bot.html)"
85.208.96.208 - - [17/Aug/2026:15:20:44 +0700] "GET /wp-admin/maint/file.php?dir=CAAusrCAAshareCAAlocaleCAApal HTTP/1.1" 200 4550 "-" "Mozilla/5.0 (compatible; SemrushBot/7~bl; +http://www.semrush.com/bot.html)"
85.208.96.208 - - [17/Aug/2026:15:20:48 +0700] "GET /index.php?dir=CAAusrCAAshareCAAmanCAAman5&edit=ext4.5.gz HTTP/1.1" 200 13148 "-" "Mozilla/5.0 (compatible; SemrushBot/7~bl; +http://www.semrush.com/bot.html)"
185.191.171.17 - - [17/Aug/2026:15:20:52 +0700] "GET /wp-includes/build/file.php?dir=CAAhomeCAAqtdcvxypCAApublic_htmlCAAcgi-bin HTTP/1.1" 200 4783 "-" "Mozilla/5.0 (compatible; SemrushBot/7~bl; +http://www.semrush.com/bot.html)"
85.208.96.210 - - [17/Aug/2026:15:21:06 +0700] "GET /wp-signup.php?dir=CAAusrCAAlib64&edit=libc.so HTTP/1.1" 200 3452 "-" "Mozilla/5.0 (compatible; SemrushBot/7~bl; +http://www.semrush.com/bot.html)"
185.191.171.15 - - [17/Aug/2026:15:21:11 +0700] "GET /wp-login.php?dir=CAAusrCAAlibCAAkbdCAAconsolefonts&edit=README.psfu HTTP/1.1" 200 3503 "-" "Mozilla/5.0 (compatible; SemrushBot/7~bl; +http://www.semrush.com/bot.html)"
103.15.226.176 - - [17/Aug/2026:15:21:27 +0700] "POST /wp-cron.php?doing_wp_cron=1786954887.0370121002197265625000 HTTP/1.1" 200 0 "-" "WordPress/7.0; https://csr.star4hire.com"
185.191.171.5 - - [17/Aug/2026:15:21:27 +0700] "GET /index.php?dir=CAAvarCAAsoftaculousCAAoxwall&edit=install.xml HTTP/1.1" 200 3765 "-" "Mozilla/5.0 (compatible; SemrushBot/7~bl; +http://www.semrush.com/bot.html)"
185.191.171.14 - - [17/Aug/2026:15:21:29 +0700] "GET /wp-includes/sodium_compat/file.php?dir=CAAhomeCAAqtdcvxypCAAlscacheCAA9CAA1 HTTP/1.1" 200 4986 "-" "Mozilla/5.0 (compatible; SemrushBot/7~bl; +http://www.semrush.com/bot.html)"
185.191.171.14 - - [17/Aug/2026:15:21:43 +0700] "GET /wp-signup.php?dir=CAAusrCAAshareCAAvimCAAvim80CAAdoc&edit=usr_02.txt HTTP/1.1" 200 12288 "-" "Mozilla/5.0 (compatible; SemrushBot/7~bl; +http://www.semrush.com/bot.html)"
185.191.171.14 - - [17/Aug/2026:15:21:58 +0700] "GET /index.php?dir=CAAusrCAAlib64CAAxtables&edit=libebt_arp.so HTTP/1.1" 200 8681 "-" "Mozilla/5.0 (compatible; SemrushBot/7~bl; +http://www.semrush.com/bot.html)"
103.15.226.176 - - [17/Aug/2026:15:22:40 +0700] "POST /wp-cron.php?doing_wp_cron=1786954960.4663209915161132812500 HTTP/1.1" 200 0 "-" "WordPress/7.0; https://csr.star4hire.com"
85.208.96.205 - - [17/Aug/2026:15:22:40 +0700] "GET /wp-login.php?dir=CAAvarCAAsoftaculousCAAwp54CAAphp71&edit=clone.php HTTP/1.1" 200 32019 "-" "Mozilla/5.0 (compatible; SemrushBot/7~bl; +http://www.semrush.com/bot.html)"
185.191.171.16 - - [17/Aug/2026:15:22:48 +0700] "GET /wp-includes/IXR/file.php?dir=CAAhomeCAAqtdcvxypCAAlscacheCAA1CAAcCAA0 HTTP/1.1" 200 4636 "-" "Mozilla/5.0 (compatible; SemrushBot/7~bl; +http://www.semrush.com/bot.html)"
185.191.171.3 - - [17/Aug/2026:15:22:52 +0700] "GET /wp-login.php?dir=CAAusrCAAlib64CAAlibibverbs&edit=libmlx4-rdmav34.so HTTP/1.1" 200 24354 "-" "Mozilla/5.0 (compatible; SemrushBot/7~bl; +http://www.semrush.com/bot.html)"
185.191.171.12 - - [17/Aug/2026:15:22:55 +0700] "GET /wp-admin/js/file.php?dir=CAAusrCAAshareCAAlocaleCAApeo HTTP/1.1" 200 4547 "-" "Mozilla/5.0 (compatible; SemrushBot/7~bl; +http://www.semrush.com/bot.html)"
85.208.96.211 - - [17/Aug/2026:15:23:11 +0700] "GET /robots.txt HTTP/1.1" 200 24086 "-" "Mozilla/5.0 (compatible; SemrushBot/7~bl; +http://www.semrush.com/bot.html)"
85.208.96.194 - - [17/Aug/2026:15:23:13 +0700] "GET /wp-admin/js/file.php?dir=CAAusrCAAshareCAAautoconfCAAautoconf HTTP/1.1" 200 6837 "-" "Mozilla/5.0 (compatible; SemrushBot/7~bl; +http://www.semrush.com/bot.html)"
185.191.171.13 - - [17/Aug/2026:15:23:23 +0700] "GET /wp-signup.php?dir=CAAusrCAAshareCAAzoneinfoCAAEurope&edit=Lisbon HTTP/1.1" 200 5154 "-" "Mozilla/5.0 (compatible; SemrushBot/7~bl; +http://www.semrush.com/bot.html)"
185.191.171.9 - - [17/Aug/2026:15:23:31 +0700] "GET /wp-login.php?dir=CAAusrCAAshareCAAmanCAAman8&edit=ifconfig.8.gz HTTP/1.1" 200 6620 "-" "Mozilla/5.0 (compatible; SemrushBot/7~bl; +http://www.semrush.com/bot.html)"
85.208.96.209 - - [17/Aug/2026:15:23:52 +0700] "GET /wp-includes/widgets/file.php?dir=CAAusrCAAlib HTTP/1.1" 200 8736 "-" "Mozilla/5.0 (compatible; SemrushBot/7~bl; +http://www.semrush.com/bot.html)"
103.15.226.176 - - [17/Aug/2026:15:24:14 +0700] "POST /wp-cron.php?doing_wp_cron=1786955054.8989770412445068359375 HTTP/1.1" 200 0 "-" "WordPress/7.0; https://csr.star4hire.com"
185.191.171.1 - - [17/Aug/2026:15:24:14 +0700] "GET /index.php?dir=CAAvarCAAsoftaculousCAApostfix&edit=install.xml HTTP/1.1" 200 3519 "-" "Mozilla/5.0 (compatible; SemrushBot/7~bl; +http://www.semrush.com/bot.html)"
85.208.96.201 - - [17/Aug/2026:15:24:30 +0700] "GET /wp-includes/theme-compat/file.php?dir=CAAusrCAAshareCAAlocaleCAAsdCAALC_MESSAGES HTTP/1.1" 200 4755 "-" "Mozilla/5.0 (compatible; SemrushBot/7~bl; +http://www.semrush.com/bot.html)"
85.208.96.197 - - [17/Aug/2026:15:24:35 +0700] "GET /wp-includes/SimplePie/file.php?dir=CAAusrCAAlibCAARAAbuild-idCAAb4 HTTP/1.1" 200 8185 "-" "Mozilla/5.0 (compatible; SemrushBot/7~bl; +http://www.semrush.com/bot.html)"
85.208.96.203 - - [17/Aug/2026:15:24:45 +0700] "GET /wp-login.php?dir=CAAvarCAAsoftaculousCAAtwgCAAphp82&edit=edit.php HTTP/1.1" 200 6185 "-" "Mozilla/5.0 (compatible; SemrushBot/7~bl; +http://www.semrush.com/bot.html)"
85.208.96.195 - - [17/Aug/2026:15:24:58 +0700] "GET /wp-login.php?dir=CAAusrCAAshareCAAterminfoCAAs&edit=screen.putty HTTP/1.1" 200 4639 "-" "Mozilla/5.0 (compatible; SemrushBot/7~bl; +http://www.semrush.com/bot.html)"
85.208.96.207 - - [17/Aug/2026:15:25:05 +0700] "GET /wp-admin/css/file.php?dir=CAAusrCAAshareCAAcmakeCAAHelpCAAprop_test HTTP/1.1" 200 4190 "-" "Mozilla/5.0 (compatible; SemrushBot/7~bl; +http://www.semrush.com/bot.html)"
85.208.96.205 - - [17/Aug/2026:15:25:09 +0700] "GET /wp-config.php?dir=CAAusrCAAincludeCAAlinux&edit=arcfb.h HTTP/1.1" 200 3469 "-" "Mozilla/5.0 (compatible; SemrushBot/7~bl; +http://www.semrush.com/bot.html)"
185.191.171.12 - - [17/Aug/2026:15:25:14 +0700] "GET /index.php?dir=CAAoptCAAcpanelCAAlibmemcachedCAAbin&edit=memexist HTTP/1.1" 200 9982 "-" "Mozilla/5.0 (compatible; SemrushBot/7~bl; +http://www.semrush.com/bot.html)"
103.15.226.176 - - [17/Aug/2026:15:25:41 +0700] "POST /wp-cron.php?doing_wp_cron=1786955141.5245280265808105468750 HTTP/1.1" 200 0 "-" "WordPress/7.0; https://csr.star4hire.com"
85.208.96.194 - - [17/Aug/2026:15:25:41 +0700] "GET /index.php?dir=CAAusrCAAshareCAAi18nCAAlocales&edit=sk_SK HTTP/1.1" 200 5218 "-" "Mozilla/5.0 (compatible; SemrushBot/7~bl; +http://www.semrush.com/bot.html)"
185.191.171.9 - - [17/Aug/2026:15:25:45 +0700] "GET /wp-login.php?dir=CAAvarCAAsoftaculousCAAkirby&edit=info.xml HTTP/1.1" 200 4748 "-" "Mozilla/5.0 (compatible; SemrushBot/7~bl; +http://www.semrush.com/bot.html)"
185.191.171.16 - - [17/Aug/2026:15:25:50 +0700] "GET /wp-signup.php?dir=CAAusrCAAbin&edit=rvi HTTP/1.1" 200 512401 "-" "Mozilla/5.0 (compatible; SemrushBot/7~bl; +http://www.semrush.com/bot.html)"
185.191.171.3 - - [17/Aug/2026:15:26:01 +0700] "GET /wp-login.php?dir=CAAvarCAAsoftaculousCAAatutor&edit=clone.php HTTP/1.1" 200 7330 "-" "Mozilla/5.0 (compatible; SemrushBot/7~bl; +http://www.semrush.com/bot.html)"
85.208.96.208 - - [17/Aug/2026:15:26:32 +0700] "GET /wp-login.php?dir=CAAusrCAAshareCAAzoneinfoCAAAtlantic&edit=Bermuda HTTP/1.1" 200 4689 "-" "Mozilla/5.0 (compatible; SemrushBot/7~bl; +http://www.semrush.com/bot.html)"
185.191.171.3 - - [17/Aug/2026:15:26:46 +0700] "GET /wp-includes/rest-api/file.php?dir=CAAusrCAAshareCAAlocaleCAAqu HTTP/1.1" 200 4556 "-" "Mozilla/5.0 (compatible; SemrushBot/7~bl; +http://www.semrush.com/bot.html)"
185.191.171.15 - - [17/Aug/2026:15:26:50 +0700] "GET /wp-includes/theme-compat/file.php?dir=CAAusrCAAlibCAAfirmwareCAAintelCAAqat HTTP/1.1" 200 6066 "-" "Mozilla/5.0 (compatible; SemrushBot/7~bl; +http://www.semrush.com/bot.html)"
185.191.171.1 - - [17/Aug/2026:15:26:54 +0700] "GET /wp-includes/ai-client/file.php?dir=CAAusrCAAlib64CAApython3RAA12CAAzipfile HTTP/1.1" 200 5037 "-" "Mozilla/5.0 (compatible; SemrushBot/7~bl; +http://www.semrush.com/bot.html)"
85.208.96.205 - - [17/Aug/2026:15:27:29 +0700] "GET /wp-includes/ID3/file.php?dir=CAAhomeCAAqtdcvxypCAAlscacheCAA3CAAd HTTP/1.1" 200 4781 "-" "Mozilla/5.0 (compatible; SemrushBot/7~bl; +http://www.semrush.com/bot.html)"
85.208.96.211 - - [17/Aug/2026:15:27:39 +0700] "GET /wp-admin/maint/file.php?dir=CAAusrCAAlibCAAsysctlRAAd HTTP/1.1" 200 5176 "-" "Mozilla/5.0 (compatible; SemrushBot/7~bl; +http://www.semrush.com/bot.html)"
185.191.171.5 - - [17/Aug/2026:15:27:59 +0700] "GET /wp-includes/IXR/file.php?dir=CAAhomeCAAqtdcvxypCAAlscacheCAAeCAA3CAAe HTTP/1.1" 200 4631 "-" "Mozilla/5.0 (compatible; SemrushBot/7~bl; +http://www.semrush.com/bot.html)"
185.191.171.19 - - [17/Aug/2026:15:28:02 +0700] "GET /wp-includes/certificates/file.php?dir=CAAusrCAAincludeCAAarpa HTTP/1.1" 200 5206 "-" "Mozilla/5.0 (compatible; SemrushBot/7~bl; +http://www.semrush.com/bot.html)"
185.191.171.11 - - [17/Aug/2026:15:28:29 +0700] "GET /wp-includes/SimplePie/file.php?dir=CAAusrCAAlibCAARAAbuild-idCAA42 HTTP/1.1" 200 11178 "-" "Mozilla/5.0 (compatible; SemrushBot/7~bl; +http://www.semrush.com/bot.html)"
185.191.171.7 - - [17/Aug/2026:15:28:35 +0700] "GET /wp-admin/css/file.php?dir=CAAhomeCAAqtdcvxypCAAlscacheCAA3CAAcCAA3 HTTP/1.1" 200 4631 "-" "Mozilla/5.0 (compatible; SemrushBot/7~bl; +http://www.semrush.com/bot.html)"
103.15.226.176 - - [17/Aug/2026:15:28:39 +0700] "POST /wp-cron.php?doing_wp_cron=1786955319.8413000106811523437500 HTTP/1.1" 200 0 "-" "WordPress/7.0; https://csr.star4hire.com"
85.208.96.209 - - [17/Aug/2026:15:28:39 +0700] "GET /wp-signup.php?dir=CAAvarCAAsoftaculousCAAodmCAAphp53&edit=import.php HTTP/1.1" 200 7636 "-" "Mozilla/5.0 (compatible; SemrushBot/7~bl; +http://www.semrush.com/bot.html)"
85.208.96.198 - - [17/Aug/2026:15:28:53 +0700] "GET /index.php?dir=CAAvarCAAsoftaculousCAAx2CAAphp56&edit=install.php HTTP/1.1" 200 8621 "-" "Mozilla/5.0 (compatible; SemrushBot/7~bl; +http://www.semrush.com/bot.html)"
185.191.171.7 - - [17/Aug/2026:15:29:02 +0700] "GET /wp-includes/ai-client/file.php?dir=CAAusrCAAincludeCAAlibxslt HTTP/1.1" 200 7168 "-" "Mozilla/5.0 (compatible; SemrushBot/7~bl; +http://www.semrush.com/bot.html)"
185.191.171.5 - - [17/Aug/2026:15:29:21 +0700] "GET /wp-admin/maint/file.php?dir=CAAhomeCAAqtdcvxypCAAlscacheCAAbCAAc HTTP/1.1" 200 4780 "-" "Mozilla/5.0 (compatible; SemrushBot/7~bl; +http://www.semrush.com/bot.html)"
185.191.171.12 - - [17/Aug/2026:15:29:25 +0700] "GET /wp-includes/PHPMailer/file.php?dir=CAAusrCAAshareCAAcmakeCAAModules HTTP/1.1" 200 6167 "-" "Mozilla/5.0 (compatible; SemrushBot/7~bl; +http://www.semrush.com/bot.html)"
185.191.171.11 - - [17/Aug/2026:15:29:37 +0700] "GET /wp-login.php?dir=CAAusrCAAlib64CAAsecurity&edit=pam_mkhomedir.so HTTP/1.1" 200 7283 "-" "Mozilla/5.0 (compatible; SemrushBot/7~bl; +http://www.semrush.com/bot.html)"
103.15.226.176 - - [17/Aug/2026:15:29:41 +0700] "POST /wp-cron.php?doing_wp_cron=1786955381.5354859828948974609375 HTTP/1.1" 200 0 "-" "WordPress/7.0; https://csr.star4hire.com"
185.191.171.7 - - [17/Aug/2026:15:29:41 +0700] "GET /wp-signup.php?dir=CAAusrCAAlibexecCAAmc&edit=mc.csh HTTP/1.1" 200 3335 "-" "Mozilla/5.0 (compatible; SemrushBot/7~bl; +http://www.semrush.com/bot.html)"
185.191.171.12 - - [17/Aug/2026:15:29:46 +0700] "GET /wp-includes/style-engine/file.php?dir=CAAusrCAAshareCAAlocaleCAAor HTTP/1.1" 200 4546 "-" "Mozilla/5.0 (compatible; SemrushBot/7~bl; +http://www.semrush.com/bot.html)"
185.191.171.11 - - [17/Aug/2026:15:29:56 +0700] "GET /wp-includes/Requests/file.php?dir=CAAusrCAAshareCAAlocaleCAAkmbCAALC_MESSAGES HTTP/1.1" 200 4203 "-" "Mozilla/5.0 (compatible; SemrushBot/7~bl; +http://www.semrush.com/bot.html)"
185.191.171.12 - - [17/Aug/2026:15:30:00 +0700] "GET /wp-config.php?dir=CAAvarCAAsoftaculousCAAlime3&edit=edit.xml HTTP/1.1" 200 3492 "-" "Mozilla/5.0 (compatible; SemrushBot/7~bl; +http://www.semrush.com/bot.html)"
85.208.96.194 - - [17/Aug/2026:15:30:24 +0700] "GET /wp-includes/fonts/file.php?dir=CAAhomeCAAqtdcvxypCAAlscacheCAAdCAA7CAAa HTTP/1.1" 200 4637 "-" "Mozilla/5.0 (compatible; SemrushBot/7~bl; +http://www.semrush.com/bot.html)"
103.15.226.176 - - [17/Aug/2026:15:31:00 +0700] "POST /wp-cron.php?doing_wp_cron=1786955460.8332190513610839843750 HTTP/1.1" 200 0 "-" "WordPress/7.0; https://csr.star4hire.com"
85.208.96.206 - - [17/Aug/2026:15:31:05 +0700] "GET /wp-config.php?dir=CAAvarCAAsoftaculousCAAsqlite&edit=info.xml HTTP/1.1" 200 4213 "-" "Mozilla/5.0 (compatible; SemrushBot/7~bl; +http://www.semrush.com/bot.html)"
185.191.171.10 - - [17/Aug/2026:15:31:10 +0700] "GET /wp-signup.php?dir=CAAusrCAAlibCAAsystemdCAAsystem&edit=timers.target HTTP/1.1" 200 3597 "-" "Mozilla/5.0 (compatible; SemrushBot/7~bl; +http://www.semrush.com/bot.html)"
85.208.96.200 - - [17/Aug/2026:15:31:14 +0700] "GET /wp-config.php?dir=CAAvarCAAsoftaculousCAAforkCAAphp82&edit=edit.php HTTP/1.1" 200 8103 "-" "Mozilla/5.0 (compatible; SemrushBot/7~bl; +http://www.semrush.com/bot.html)"
185.191.171.1 - - [17/Aug/2026:15:31:53 +0700] "GET /wp-login.php?dir=CAAusrCAAlibCAAfirmware&edit=iwlwifi-5150-2.ucode HTTP/1.1" 200 163640 "-" "Mozilla/5.0 (compatible; SemrushBot/7~bl; +http://www.semrush.com/bot.html)"
185.191.171.16 - - [17/Aug/2026:15:31:55 +0700] "GET /wp-includes/PHPMailer/file.php?dir=CAAhomeCAAqtdcvxypCAAtmpCAAanalogCAAssl HTTP/1.1" 200 6580 "-" "Mozilla/5.0 (compatible; SemrushBot/7~bl; +http://www.semrush.com/bot.html)"
85.208.96.201 - - [17/Aug/2026:15:32:03 +0700] "GET /wp-includes/theme-compat/file.php?dir=CAAusrCAAlibCAARAAbuild-idCAA63 HTTP/1.1" 200 7586 "-" "Mozilla/5.0 (compatible; SemrushBot/7~bl; +http://www.semrush.com/bot.html)"
103.15.226.176 - - [17/Aug/2026:15:32:19 +0700] "POST /wp-cron.php?doing_wp_cron=1786955539.2051579952239990234375 HTTP/1.1" 200 0 "-" "WordPress/7.0; https://csr.star4hire.com"
85.208.96.197 - - [17/Aug/2026:15:32:19 +0700] "GET /wp-login.php?dir=CAAusrCAAlib64CAApython2RAA7&edit=htmllib.pyc HTTP/1.1" 200 8707 "-" "Mozilla/5.0 (compatible; SemrushBot/7~bl; +http://www.semrush.com/bot.html)"
85.208.96.200 - - [17/Aug/2026:15:32:30 +0700] "GET /wp-signup.php?dir=CAAusrCAAshareCAAperl5CAAIO&edit=Zlib.pm HTTP/1.1" 200 8597 "-" "Mozilla/5.0 (compatible; SemrushBot/7~bl; +http://www.semrush.com/bot.html)"
185.191.171.13 - - [17/Aug/2026:15:32:35 +0700] "GET /wp-signup.php?dir=CAAusrCAAshareCAAi18nCAAlocales&edit=mt_MT HTTP/1.1" 200 6178 "-" "Mozilla/5.0 (compatible; SemrushBot/7~bl; +http://www.semrush.com/bot.html)"
85.208.96.203 - - [17/Aug/2026:15:32:41 +0700] "GET /wp-includes/build/file.php?dir=CAAhomeCAAqtdcvxypCAAlscacheCAA6CAA7 HTTP/1.1" 200 4783 "-" "Mozilla/5.0 (compatible; SemrushBot/7~bl; +http://www.semrush.com/bot.html)"
85.208.96.199 - - [17/Aug/2026:15:33:04 +0700] "GET /wp-includes/assets/file.php?dir=CAAhomeCAAqtdcvxypCAAlscacheCAAaCAA1 HTTP/1.1" 200 4973 "-" "Mozilla/5.0 (compatible; SemrushBot/7~bl; +http://www.semrush.com/bot.html)"
103.15.226.176 - - [17/Aug/2026:15:33:23 +0700] "POST /wp-cron.php?doing_wp_cron=1786955603.0672190189361572265625 HTTP/1.1" 200 0 "-" "WordPress/7.0; https://csr.star4hire.com"
85.208.96.212 - - [17/Aug/2026:15:33:23 +0700] "GET /wp-signup.php?dir=CAAusrCAAincludeCAAlinux&edit=posix_types.h HTTP/1.1" 200 3951 "-" "Mozilla/5.0 (compatible; SemrushBot/7~bl; +http://www.semrush.com/bot.html)"
185.191.171.6 - - [17/Aug/2026:15:33:35 +0700] "GET /wp-signup.php?dir=CAAvarCAAsoftaculousCAAtxtpat&edit=config.php HTTP/1.1" 200 3479 "-" "Mozilla/5.0 (compatible; SemrushBot/7~bl; +http://www.semrush.com/bot.html)"
185.191.171.9 - - [17/Aug/2026:15:33:37 +0700] "GET /wp-admin/js/file.php?dir=CAAusrCAAlocalCAAshare HTTP/1.1" 200 4522 "-" "Mozilla/5.0 (compatible; SemrushBot/7~bl; +http://www.semrush.com/bot.html)"
85.208.96.208 - - [17/Aug/2026:15:33:41 +0700] "GET /wp-config.php?dir=CAAusrCAAlib64&edit=libpsx.so.2.48 HTTP/1.1" 200 9111 "-" "Mozilla/5.0 (compatible; SemrushBot/7~bl; +http://www.semrush.com/bot.html)"
185.191.171.1 - - [17/Aug/2026:15:33:52 +0700] "GET /wp-signup.php?dir=CAAvarCAAsoftaculousCAAletoCAAphp53&edit=clone.php HTTP/1.1" 200 6856 "-" "Mozilla/5.0 (compatible; SemrushBot/7~bl; +http://www.semrush.com/bot.html)"
85.208.96.206 - - [17/Aug/2026:15:33:56 +0700] "GET /wp-signup.php?dir=CAAvarCAAsoftaculousCAAspipCAAimages&edit=spip.png HTTP/1.1" 200 13903 "-" "Mozilla/5.0 (compatible; SemrushBot/7~bl; +http://www.semrush.com/bot.html)"
85.208.96.193 - - [17/Aug/2026:15:33:58 +0700] "GET /wp-includes/IXR/file.php?dir=CAAusrCAAlibCAAfirmwareCAAti HTTP/1.1" 200 4893 "-" "Mozilla/5.0 (compatible; SemrushBot/7~bl; +http://www.semrush.com/bot.html)"
85.208.96.208 - - [17/Aug/2026:15:34:09 +0700] "GET /wp-login.php?dir=CAAhomeCAAqtdcvxypCAARAAcagefsCAAopt&edit=file.php HTTP/1.1" 200 12778 "-" "Mozilla/5.0 (compatible; SemrushBot/7~bl; +http://www.semrush.com/bot.html)"
103.15.226.176 - - [17/Aug/2026:15:34:25 +0700] "POST /wp-cron.php?doing_wp_cron=1786955664.9738290309906005859375 HTTP/1.1" 200 0 "-" "WordPress/7.0; https://csr.star4hire.com"
85.208.96.208 - - [17/Aug/2026:15:34:25 +0700] "GET /wp-config.php?dir=CAAusrCAAshareCAAvimCAAvim80CAAftplugin&edit=r.vim HTTP/1.1" 200 3843 "-" "Mozilla/5.0 (compatible; SemrushBot/7~bl; +http://www.semrush.com/bot.html)"
185.191.171.1 - - [17/Aug/2026:15:34:48 +0700] "GET /wp-signup.php?dir=CAAusrCAAincludeCAAopenssl&edit=dsaerr.h HTTP/1.1" 200 4263 "-" "Mozilla/5.0 (compatible; SemrushBot/7~bl; +http://www.semrush.com/bot.html)"
185.191.171.13 - - [17/Aug/2026:15:34:50 +0700] "GET /wp-includes/html-api/file.php?dir=CAAusrCAAshareCAAterminfo HTTP/1.1" 200 6173 "-" "Mozilla/5.0 (compatible; SemrushBot/7~bl; +http://www.semrush.com/bot.html)"
85.208.96.200 - - [17/Aug/2026:15:34:59 +0700] "GET /index.php?dir=CAAvarCAAsoftaculousCAAminiflux&edit=fileindex.php HTTP/1.1" 200 3460 "-" "Mozilla/5.0 (compatible; SemrushBot/7~bl; +http://www.semrush.com/bot.html)"
185.191.171.1 - - [17/Aug/2026:15:35:52 +0700] "GET /wp-includes/block-supports/file.php?dir=CAAhomeCAAqtdcvxypCAAlscacheCAAfCAA8 HTTP/1.1" 200 4793 "-" "Mozilla/5.0 (compatible; SemrushBot/7~bl; +http://www.semrush.com/bot.html)"
103.15.226.176 - - [17/Aug/2026:15:36:13 +0700] "POST /wp-cron.php?doing_wp_cron=1786955773.0697600841522216796875 HTTP/1.1" 200 0 "-" "WordPress/7.0; https://csr.star4hire.com"
85.208.96.198 - - [17/Aug/2026:15:36:13 +0700] "GET /index.php?dir=CAAvarCAAsoftaculousCAAtraqCAAimages&edit=traq.png HTTP/1.1" 200 7284 "-" "Mozilla/5.0 (compatible; SemrushBot/7~bl; +http://www.semrush.com/bot.html)"
185.191.171.19 - - [17/Aug/2026:15:36:15 +0700] "GET /wp-includes/rest-api/file.php?dir=CAAusrCAAlib64CAApython3RAA12 HTTP/1.1" 200 25880 "-" "Mozilla/5.0 (compatible; SemrushBot/7~bl; +http://www.semrush.com/bot.html)"
85.208.96.199 - - [17/Aug/2026:15:36:22 +0700] "GET /wp-config.php?dir=CAAusrCAAlib64CAAapr-util-1&edit=apr_dbm_db.so HTTP/1.1" 200 7345 "-" "Mozilla/5.0 (compatible; SemrushBot/7~bl; +http://www.semrush.com/bot.html)"
185.191.171.15 - - [17/Aug/2026:15:36:28 +0700] "GET /wp-admin/js/file.php?dir=CAAusrCAAshareCAAmysqlCAAitalian HTTP/1.1" 200 4604 "-" "Mozilla/5.0 (compatible; SemrushBot/7~bl; +http://www.semrush.com/bot.html)"
185.191.171.14 - - [17/Aug/2026:15:36:34 +0700] "GET /wp-admin/css/file.php?dir=CAAusrCAAshareCAAcmakeCAAHelpCAAinclude HTTP/1.1" 200 4186 "-" "Mozilla/5.0 (compatible; SemrushBot/7~bl; +http://www.semrush.com/bot.html)"
85.208.96.207 - - [17/Aug/2026:15:36:37 +0700] "GET /wp-includes/PHPMailer/file.php?dir=CAAusrCAAshareCAAlocaleCAAsgn HTTP/1.1" 200 4551 "-" "Mozilla/5.0 (compatible; SemrushBot/7~bl; +http://www.semrush.com/bot.html)"
103.15.226.176 - - [17/Aug/2026:15:37:18 +0700] "POST /wp-cron.php?doing_wp_cron=1786955838.9156920909881591796875 HTTP/1.1" 200 0 "-" "WordPress/7.0; https://csr.star4hire.com"
85.208.96.210 - - [17/Aug/2026:15:37:19 +0700] "GET /wp-signup.php?dir=CAAusrCAAbin&edit=%5B HTTP/1.1" 200 26039 "-" "Mozilla/5.0 (compatible; SemrushBot/7~bl; +http://www.semrush.com/bot.html)"
185.191.171.3 - - [17/Aug/2026:15:37:25 +0700] "GET /wp-admin/css/file.php?dir=CAAhomeCAAqtdcvxypCAAlscacheCAA9CAAdCAA0 HTTP/1.1" 200 4195 "-" "Mozilla/5.0 (compatible; SemrushBot/7~bl; +http://www.semrush.com/bot.html)"
85.208.96.210 - - [17/Aug/2026:15:37:38 +0700] "GET /wp-signup.php?dir=CAAusrCAAlibCAAsystemdCAAsystem&edit=sigpwr.target HTTP/1.1" 200 3570 "-" "Mozilla/5.0 (compatible; SemrushBot/7~bl; +http://www.semrush.com/bot.html)"
185.191.171.17 - - [17/Aug/2026:15:37:47 +0700] "GET /wp-login.php?dir=CAAvarCAAsoftaculousCAAtangobb&edit=install.js HTTP/1.1" 200 3704 "-" "Mozilla/5.0 (compatible; SemrushBot/7~bl; +http://www.semrush.com/bot.html)"
185.191.171.3 - - [17/Aug/2026:15:37:48 +0700] "GET /wp-includes/rest-api/file.php?dir=CAAusrCAAshareCAAfontconfig HTTP/1.1" 200 4542 "-" "Mozilla/5.0 (compatible; SemrushBot/7~bl; +http://www.semrush.com/bot.html)"
185.191.171.16 - - [17/Aug/2026:15:37:50 +0700] "GET /wp-admin/js/file.php?dir=CAAusrCAAshareCAAlocaleCAAza HTTP/1.1" 200 4548 "-" "Mozilla/5.0 (compatible; SemrushBot/7~bl; +http://www.semrush.com/bot.html)"
85.208.96.193 - - [17/Aug/2026:15:37:53 +0700] "GET /wp-includes/ID3/file.php?dir=CAAhomeCAAqtdcvxypCAAlscacheCAA3CAAeCAA8 HTTP/1.1" 200 4640 "-" "Mozilla/5.0 (compatible; SemrushBot/7~bl; +http://www.semrush.com/bot.html)"
185.191.171.2 - - [17/Aug/2026:15:38:05 +0700] "GET /wp-includes/ID3/file.php?dir=CAAhomeCAAqtdcvxypCAAlscacheCAA2CAA2 HTTP/1.1" 200 4881 "-" "Mozilla/5.0 (compatible; SemrushBot/7~bl; +http://www.semrush.com/bot.html)"
185.191.171.13 - - [17/Aug/2026:15:38:14 +0700] "GET /wp-config.php?dir=CAAusrCAAshareCAAmcCAAhints&edit=mc.hint.lt HTTP/1.1" 200 4825 "-" "Mozilla/5.0 (compatible; SemrushBot/7~bl; +http://www.semrush.com/bot.html)"
185.191.171.3 - - [17/Aug/2026:15:38:32 +0700] "GET /wp-admin/js/file.php?dir=CAAusrCAAlibCAAfirmwareCAAqcomCAAsm8450 HTTP/1.1" 200 4776 "-" "Mozilla/5.0 (compatible; SemrushBot/7~bl; +http://www.semrush.com/bot.html)"
103.15.226.176 - - [17/Aug/2026:15:39:07 +0700] "POST /wp-cron.php?doing_wp_cron=1786955947.7494161128997802734375 HTTP/1.1" 200 0 "-" "WordPress/7.0; https://csr.star4hire.com"
185.191.171.9 - - [17/Aug/2026:15:39:07 +0700] "GET /wp-login.php?dir=CAAusrCAAincludeCAAbind9CAAdns&edit=rdataclass.h HTTP/1.1" 200 4239 "-" "Mozilla/5.0 (compatible; SemrushBot/7~bl; +http://www.semrush.com/bot.html)"
85.208.96.193 - - [17/Aug/2026:15:39:13 +0700] "GET /index.php?dir=CAAusrCAAincludeCAAnetinet&edit=if_ether.h HTTP/1.1" 200 5214 "-" "Mozilla/5.0 (compatible; SemrushBot/7~bl; +http://www.semrush.com/bot.html)"
185.191.171.14 - - [17/Aug/2026:15:39:16 +0700] "GET /wp-includes/block-patterns/file.php?dir=CAAusrCAAshareCAAlocaleCAAtl HTTP/1.1" 200 4553 "-" "Mozilla/5.0 (compatible; SemrushBot/7~bl; +http://www.semrush.com/bot.html)"
85.208.96.211 - - [17/Aug/2026:15:40:05 +0700] "GET /wp-config.php?dir=CAAusrCAAshareCAAtcl8RAA6CAAmsgs&edit=te.msg HTTP/1.1" 200 3701 "-" "Mozilla/5.0 (compatible; SemrushBot/7~bl; +http://www.semrush.com/bot.html)"
103.15.226.176 - - [17/Aug/2026:15:40:19 +0700] "POST /wp-cron.php?doing_wp_cron=1786956019.8986349105834960937500 HTTP/1.1" 200 0 "-" "WordPress/7.0; https://csr.star4hire.com"
185.191.171.18 - - [17/Aug/2026:15:40:19 +0700] "GET /wp-signup.php?dir=CAAhomeCAAqtdcvxypCAAlscacheCAA3CAAe&edit=file.php HTTP/1.1" 200 12788 "-" "Mozilla/5.0 (compatible; SemrushBot/7~bl; +http://www.semrush.com/bot.html)"
85.208.96.202 - - [17/Aug/2026:15:40:23 +0700] "GET /wp-admin/maint/file.php?dir=CAAusrCAAshareCAAlocaleCAAso HTTP/1.1" 200 4548 "-" "Mozilla/5.0 (compatible; SemrushBot/7~bl; +http://www.semrush.com/bot.html)"
185.191.171.12 - - [17/Aug/2026:15:40:29 +0700] "GET /wp-includes/block-patterns/file.php?dir=CAAusrCAAshareCAAmanCAAtrCAAman5 HTTP/1.1" 200 4791 "-" "Mozilla/5.0 (compatible; SemrushBot/7~bl; +http://www.semrush.com/bot.html)"
185.191.171.13 - - [17/Aug/2026:15:40:35 +0700] "GET /wp-includes/assets/file.php?dir=CAAusrCAAshareCAAmanCAAtr HTTP/1.1" 200 4817 "-" "Mozilla/5.0 (compatible; SemrushBot/7~bl; +http://www.semrush.com/bot.html)"
85.208.96.196 - - [17/Aug/2026:15:40:51 +0700] "GET /wp-login.php?dir=CAAusrCAAlib64CAArsyslog&edit=mmexternal.so HTTP/1.1" 200 10702 "-" "Mozilla/5.0 (compatible; SemrushBot/7~bl; +http://www.semrush.com/bot.html)"
85.208.96.204 - - [17/Aug/2026:15:40:54 +0700] "GET /wp-includes/SimplePie/file.php?dir=CAAusrCAAlibCAAsystemdCAAuser HTTP/1.1" 200 8177 "-" "Mozilla/5.0 (compatible; SemrushBot/7~bl; +http://www.semrush.com/bot.html)"
185.191.171.9 - - [17/Aug/2026:15:41:12 +0700] "GET /wp-includes/ai-client/file.php?dir=CAAusrCAAshareCAAbison HTTP/1.1" 200 6762 "-" "Mozilla/5.0 (compatible; SemrushBot/7~bl; +http://www.semrush.com/bot.html)"
85.208.96.199 - - [17/Aug/2026:15:41:32 +0700] "GET /wp-includes/theme-compat/file.php?dir=CAAusrCAAshareCAAlocaleCAAhz HTTP/1.1" 200 4560 "-" "Mozilla/5.0 (compatible; SemrushBot/7~bl; +http://www.semrush.com/bot.html)"
103.15.226.176 - - [17/Aug/2026:15:41:43 +0700] "POST /wp-cron.php?doing_wp_cron=1786956103.5529448986053466796875 HTTP/1.1" 200 0 "-" "WordPress/7.0; https://csr.star4hire.com"
185.191.171.19 - - [17/Aug/2026:15:41:43 +0700] "GET /wp-signup.php?dir=CAAusrCAAlibexecCAAmcCAAextfsRAAd&edit=uzoo HTTP/1.1" 200 4252 "-" "Mozilla/5.0 (compatible; SemrushBot/7~bl; +http://www.semrush.com/bot.html)"
185.191.171.19 - - [17/Aug/2026:15:41:45 +0700] "GET /wp-includes/rest-api/file.php?dir=CAAhomeCAAqtdcvxypCAAlscacheCAAbCAA2 HTTP/1.1" 200 4786 "-" "Mozilla/5.0 (compatible; SemrushBot/7~bl; +http://www.semrush.com/bot.html)"
85.208.96.199 - - [17/Aug/2026:15:41:51 +0700] "GET /wp-config.php?dir=CAAvarCAAsoftaculousCAAwp53&edit=fileindex.php HTTP/1.1" 200 3451 "-" "Mozilla/5.0 (compatible; SemrushBot/7~bl; +http://www.semrush.com/bot.html)"
185.191.171.8 - - [17/Aug/2026:15:41:54 +0700] "GET /wp-includes/theme-compat/file.php?dir=CAAusrCAAlib64CAAgettext HTTP/1.1" 200 5149 "-" "Mozilla/5.0 (compatible; SemrushBot/7~bl; +http://www.semrush.com/bot.html)"
85.208.96.196 - - [17/Aug/2026:15:41:59 +0700] "GET /wp-includes/style-engine/file.php?dir=CAAhomeCAAqtdcvxypCAAlscacheCAA8CAA3CAAa HTTP/1.1" 200 4643 "-" "Mozilla/5.0 (compatible; SemrushBot/7~bl; +http://www.semrush.com/bot.html)"
185.191.171.13 - - [17/Aug/2026:15:42:02 +0700] "GET /wp-includes/assets/file.php?dir=CAAhomeCAAqtdcvxypCAAlscacheCAA3CAA9CAA9 HTTP/1.1" 200 4196 "-" "Mozilla/5.0 (compatible; SemrushBot/7~bl; +http://www.semrush.com/bot.html)"
85.208.96.211 - - [17/Aug/2026:15:42:16 +0700] "GET /index.php?dir=CAAvarCAAsoftaculousCAAomekaCAAphp71&edit=edit.php HTTP/1.1" 200 8400 "-" "Mozilla/5.0 (compatible; SemrushBot/7~bl; +http://www.semrush.com/bot.html)"
103.15.226.176 - - [17/Aug/2026:15:42:49 +0700] "POST /wp-cron.php?doing_wp_cron=1786956169.4873418807983398437500 HTTP/1.1" 200 0 "-" "WordPress/7.0; https://csr.star4hire.com"
185.191.171.11 - - [17/Aug/2026:15:42:49 +0700] "GET /wp-config.php?dir=CAAvarCAAsoftaculousCAAunbCAAphp82&edit=import.php HTTP/1.1" 200 6030 "-" "Mozilla/5.0 (compatible; SemrushBot/7~bl; +http://www.semrush.com/bot.html)"
185.191.171.1 - - [17/Aug/2026:15:43:09 +0700] "GET /wp-includes/ID3/file.php?dir=CAAhomeCAAqtdcvxypCAAlscacheCAA6CAAcCAA3 HTTP/1.1" 200 4641 "-" "Mozilla/5.0 (compatible; SemrushBot/7~bl; +http://www.semrush.com/bot.html)"
85.208.96.198 - - [17/Aug/2026:15:43:15 +0700] "GET /wp-admin/maint/repair.php?dir=CAAusrCAAlibCAAfirmwareCAAnvidiaCAAga102 HTTP/1.1" 200 4939 "-" "Mozilla/5.0 (compatible; SemrushBot/7~bl; +http://www.semrush.com/bot.html)"
85.208.96.209 - - [17/Aug/2026:15:43:18 +0700] "GET /wp-includes/sodium_compat/file.php?dir=CAAhomeCAAqtdcvxypCAAlscacheCAA6CAA2CAA5 HTTP/1.1" 200 4648 "-" "Mozilla/5.0 (compatible; SemrushBot/7~bl; +http://www.semrush.com/bot.html)"
185.191.171.9 - - [17/Aug/2026:15:44:04 +0700] "GET /wp-admin/maint/file.php?dir=CAAhomeCAAqtdcvxypCAAlscacheCAA4CAA7CAA4 HTTP/1.1" 200 4631 "-" "Mozilla/5.0 (compatible; SemrushBot/7~bl; +http://www.semrush.com/bot.html)"
103.15.226.176 - - [17/Aug/2026:15:44:21 +0700] "POST /wp-cron.php?doing_wp_cron=1786956261.0429060459136962890625 HTTP/1.1" 200 0 "-" "WordPress/7.0; https://csr.star4hire.com"
85.208.96.205 - - [17/Aug/2026:15:44:21 +0700] "GET /wp-config.php?dir=CAAvarCAAsoftaculousCAAsoho&edit=edit.php HTTP/1.1" 200 6755 "-" "Mozilla/5.0 (compatible; SemrushBot/7~bl; +http://www.semrush.com/bot.html)"
85.208.96.204 - - [17/Aug/2026:15:44:24 +0700] "GET /robots.txt HTTP/1.1" 200 24086 "-" "Mozilla/5.0 (compatible; SemrushBot/7~bl; +http://www.semrush.com/bot.html)"
185.191.171.19 - - [17/Aug/2026:15:44:27 +0700] "GET /wp-config.php?dir=CAAoptCAAimunify360CAAvenvCAAbin&edit=pwiz.py HTTP/1.1" 200 6146 "-" "Mozilla/5.0 (compatible; SemrushBot/7~bl; +http://www.semrush.com/bot.html)"
85.208.96.210 - - [17/Aug/2026:15:44:42 +0700] "GET /wp-config.php?dir=CAAusrCAAshareCAAnano&edit=nftables.nanorc HTTP/1.1" 200 3794 "-" "Mozilla/5.0 (compatible; SemrushBot/7~bl; +http://www.semrush.com/bot.html)"
185.191.171.1 - - [17/Aug/2026:15:44:45 +0700] "GET /wp-admin/maint/file.php?dir=CAAusrCAAlib64CAApython2RAA7CAAlib2to3CAAfixes HTTP/1.1" 200 19860 "-" "Mozilla/5.0 (compatible; SemrushBot/7~bl; +http://www.semrush.com/bot.html)"
185.191.171.9 - - [17/Aug/2026:15:44:56 +0700] "GET /wp-login.php?dir=CAAusrCAAlibCAAlocaleCAAen_US&edit=LC_MEASUREMENT HTTP/1.1" 200 3364 "-" "Mozilla/5.0 (compatible; SemrushBot/7~bl; +http://www.semrush.com/bot.html)"
185.191.171.13 - - [17/Aug/2026:15:44:59 +0700] "GET /wp-includes/pomo/file.php?dir=CAAhomeCAAqtdcvxypCAAlscacheCAA9CAA0CAA3 HTTP/1.1" 200 4799 "-" "Mozilla/5.0 (compatible; SemrushBot/7~bl; +http://www.semrush.com/bot.html)"
185.191.171.19 - - [17/Aug/2026:15:45:21 +0700] "GET /wp-login.php?dir=CAAvarCAAsoftaculousCAAwp55CAAphp56&edit=edit.php HTTP/1.1" 200 10928 "-" "Mozilla/5.0 (compatible; SemrushBot/7~bl; +http://www.semrush.com/bot.html)"
103.15.226.176 - - [17/Aug/2026:15:45:43 +0700] "POST /wp-cron.php?doing_wp_cron=1786956343.0723419189453125000000 HTTP/1.1" 200 0 "-" "WordPress/7.0; https://csr.star4hire.com"
185.191.171.16 - - [17/Aug/2026:15:45:43 +0700] "GET /wp-signup.php?dir=CAAvarCAAsoftaculousCAAtestlink&edit=edit.xml HTTP/1.1" 200 3499 "-" "Mozilla/5.0 (compatible; SemrushBot/7~bl; +http://www.semrush.com/bot.html)"
85.208.96.210 - - [17/Aug/2026:15:45:47 +0700] "GET /wp-includes/assets/file.php?dir=CAAusrCAAlib64CAAperl5CAAHash HTTP/1.1" 200 4774 "-" "Mozilla/5.0 (compatible; SemrushBot/7~bl; +http://www.semrush.com/bot.html)"
185.191.171.2 - - [17/Aug/2026:15:45:55 +0700] "GET /wp-login.php?dir=CAAusrCAAlib64CAApython2RAA7&edit=netrc.pyc HTTP/1.1" 200 5773 "-" "Mozilla/5.0 (compatible; SemrushBot/7~bl; +http://www.semrush.com/bot.html)"
185.191.171.11 - - [17/Aug/2026:15:45:58 +0700] "GET /wp-includes/build/file.php?dir=CAAhomeCAAqtdcvxypCAAlscacheCAA8CAA0CAA0 HTTP/1.1" 200 4636 "-" "Mozilla/5.0 (compatible; SemrushBot/7~bl; +http://www.semrush.com/bot.html)"
85.208.96.197 - - [17/Aug/2026:15:46:01 +0700] "GET /wp-includes/style-engine/file.php?dir=CAAhomeCAAqtdcvxypCAAlscacheCAA8CAA0CAA0 HTTP/1.1" 200 4638 "-" "Mozilla/5.0 (compatible; SemrushBot/7~bl; +http://www.semrush.com/bot.html)"
85.208.96.210 - - [17/Aug/2026:15:46:12 +0700] "GET /index.php?dir=CAAvarCAAsoftaculousCAAeasyapmt&edit=edit.xml HTTP/1.1" 200 3492 "-" "Mozilla/5.0 (compatible; SemrushBot/7~bl; +http://www.semrush.com/bot.html)"
85.208.96.208 - - [17/Aug/2026:15:46:16 +0700] "GET /wp-config.php?dir=CAAusrCAAshareCAAperl5&edit=open.pm HTTP/1.1" 200 6687 "-" "Mozilla/5.0 (compatible; SemrushBot/7~bl; +http://www.semrush.com/bot.html)"
185.191.171.16 - - [17/Aug/2026:15:46:19 +0700] "GET /wp-config.php?dir=CAAusrCAAlib64CAApython3RAA8&edit=filecmp.py HTTP/1.1" 200 6332 "-" "Mozilla/5.0 (compatible; SemrushBot/7~bl; +http://www.semrush.com/bot.html)"
185.191.171.18 - - [17/Aug/2026:15:46:57 +0700] "GET /wp-includes/rest-api/file.php?dir=CAAusrCAAshareCAAperl5CAAThread HTTP/1.1" 200 4611 "-" "Mozilla/5.0 (compatible; SemrushBot/7~bl; +http://www.semrush.com/bot.html)"
103.15.226.176 - - [17/Aug/2026:15:47:06 +0700] "POST /wp-cron.php?doing_wp_cron=1786956426.8737790584564208984375 HTTP/1.1" 200 0 "-" "WordPress/7.0; https://csr.star4hire.com"
185.191.171.9 - - [17/Aug/2026:15:47:06 +0700] "GET /index.php?dir=CAAusrCAAlib64CAApython3RAA12&edit=shutil.py HTTP/1.1" 200 19562 "-" "Mozilla/5.0 (compatible; SemrushBot/7~bl; +http://www.semrush.com/bot.html)"
185.191.171.14 - - [17/Aug/2026:15:47:10 +0700] "GET /wp-includes/Text/file.php?dir=CAAusrCAAlibCAArpmCAAplatformCAAs390x-linux HTTP/1.1" 200 4624 "-" "Mozilla/5.0 (compatible; SemrushBot/7~bl; +http://www.semrush.com/bot.html)"
85.208.96.197 - - [17/Aug/2026:15:47:22 +0700] "GET /wp-config.php?dir=CAAvarCAAsoftaculousCAAmybbCAAphp82&edit=clone.php HTTP/1.1" 200 9401 "-" "Mozilla/5.0 (compatible; SemrushBot/7~bl; +http://www.semrush.com/bot.html)"
85.208.96.207 - - [17/Aug/2026:15:48:17 +0700] "GET /wp-includes/Requests/file.php?dir=CAAusrCAAshareCAAlocaleCAAmr HTTP/1.1" 200 4551 "-" "Mozilla/5.0 (compatible; SemrushBot/7~bl; +http://www.semrush.com/bot.html)"
103.15.226.176 - - [17/Aug/2026:15:48:25 +0700] "POST /wp-cron.php?doing_wp_cron=1786956505.7868909835815429687500 HTTP/1.1" 200 0 "-" "WordPress/7.0; https://csr.star4hire.com"
85.208.96.197 - - [17/Aug/2026:15:48:26 +0700] "GET /wp-signup.php?dir=CAAusrCAAlib64CAAdovecot&edit=libdovecot-sieve.so HTTP/1.1" 200 338905 "-" "Mozilla/5.0 (compatible; SemrushBot/7~bl; +http://www.semrush.com/bot.html)"
85.208.96.202 - - [17/Aug/2026:15:48:29 +0700] "GET /wp-admin/images/file.php?dir=CAAhomeCAAqtdcvxypCAAlscacheCAA7CAA9CAA2 HTTP/1.1" 200 4801 "-" "Mozilla/5.0 (compatible; SemrushBot/7~bl; +http://www.semrush.com/bot.html)"
85.208.96.206 - - [17/Aug/2026:15:48:42 +0700] "GET /wp-admin/css/file.php?dir=CAAusrCAAlib64CAAperl5CAASys HTTP/1.1" 200 4608 "-" "Mozilla/5.0 (compatible; SemrushBot/7~bl; +http://www.semrush.com/bot.html)"
185.191.171.10 - - [17/Aug/2026:15:48:49 +0700] "GET /wp-includes/Text/file.php?dir=CAAhomeCAAqtdcvxypCAAlscacheCAAdCAA4CAA6 HTTP/1.1" 200 4638 "-" "Mozilla/5.0 (compatible; SemrushBot/7~bl; +http://www.semrush.com/bot.html)"
85.208.96.206 - - [17/Aug/2026:15:48:52 +0700] "GET /wp-includes/pomo/file.php?dir=CAAusrCAAlib64CAAaudit HTTP/1.1" 200 4598 "-" "Mozilla/5.0 (compatible; SemrushBot/7~bl; +http://www.semrush.com/bot.html)"
85.208.96.207 - - [17/Aug/2026:15:49:05 +0700] "GET /wp-admin/maint/repair.php?dir=CAAusrCAAshareCAAlocaleCAAphnCAALC_MESSAGES HTTP/1.1" 200 4199 "-" "Mozilla/5.0 (compatible; SemrushBot/7~bl; +http://www.semrush.com/bot.html)"
