103.15.226.176 - - [17/Aug/2026:10:16:49 +0700] "POST /wp-cron.php?doing_wp_cron=1786936609.5355310440063476562500 HTTP/1.1" 200 0 "-" "WordPress/7.0; https://csr.star4hire.com"
85.208.96.194 - - [17/Aug/2026:10:16:49 +0700] "GET /wp-signup.php?dir=CAAvarCAAsoftaculousCAAburden&edit=edit.php HTTP/1.1" 200 6806 "-" "Mozilla/5.0 (compatible; SemrushBot/7~bl; +http://www.semrush.com/bot.html)"
185.191.171.5 - - [17/Aug/2026:10:17:12 +0700] "GET /wp-includes/Text/file.php?dir=CAAusrCAAlibCAARAAbuild-idCAAdb HTTP/1.1" 200 9896 "-" "Mozilla/5.0 (compatible; SemrushBot/7~bl; +http://www.semrush.com/bot.html)"
103.15.226.176 - - [17/Aug/2026:10:18:02 +0700] "POST /wp-cron.php?doing_wp_cron=1786936682.5228700637817382812500 HTTP/1.1" 200 0 "-" "WordPress/7.0; https://csr.star4hire.com"
185.191.171.3 - - [17/Aug/2026:10:18:02 +0700] "GET /index.php?dir=CAAusrCAAshareCAAperl5CAAURI&edit=_userpass.pm HTTP/1.1" 200 3673 "-" "Mozilla/5.0 (compatible; SemrushBot/7~bl; +http://www.semrush.com/bot.html)"
85.208.96.199 - - [17/Aug/2026:10:18:06 +0700] "GET /wp-includes/PHPMailer/file.php?dir=CAAhomeCAAqtdcvxypCAAlscacheCAA9CAA8CAAa HTTP/1.1" 200 4645 "-" "Mozilla/5.0 (compatible; SemrushBot/7~bl; +http://www.semrush.com/bot.html)"
85.208.96.203 - - [17/Aug/2026:10:18:20 +0700] "GET /index.php?dir=CAAusrCAAlib64CAAxtables&edit=libebt_ip.so HTTP/1.1" 200 10939 "-" "Mozilla/5.0 (compatible; SemrushBot/7~bl; +http://www.semrush.com/bot.html)"
185.191.171.11 - - [17/Aug/2026:10:18:23 +0700] "GET /wp-includes/block-bindings/file.php?dir=CAAusrCAAincludeCAAgssrpc HTTP/1.1" 200 6446 "-" "Mozilla/5.0 (compatible; SemrushBot/7~bl; +http://www.semrush.com/bot.html)"
185.191.171.14 - - [17/Aug/2026:10:18:27 +0700] "GET /wp-includes/abilities-api/file.php?dir=CAAhomeCAAqtdcvxypCAApublic_htmlCAAtnd-test HTTP/1.1" 200 4794 "-" "Mozilla/5.0 (compatible; SemrushBot/7~bl; +http://www.semrush.com/bot.html)"
185.191.171.6 - - [17/Aug/2026:10:18:32 +0700] "GET /wp-signup.php?dir=CAAvarCAAsoftaculousCAAcastopod&edit=import.php HTTP/1.1" 200 5773 "-" "Mozilla/5.0 (compatible; SemrushBot/7~bl; +http://www.semrush.com/bot.html)"
103.15.226.176 - - [17/Aug/2026:10:19:08 +0700] "POST /wp-cron.php?doing_wp_cron=1786936747.9410560131072998046875 HTTP/1.1" 200 0 "-" "WordPress/7.0; https://csr.star4hire.com"
185.191.171.10 - - [17/Aug/2026:10:19:08 +0700] "GET /wp-login.php?dir=CAAusrCAAincludeCAAlinux&edit=filter.h HTTP/1.1" 200 4340 "-" "Mozilla/5.0 (compatible; SemrushBot/7~bl; +http://www.semrush.com/bot.html)"
85.208.96.199 - - [17/Aug/2026:10:19:11 +0700] "GET /wp-signup.php?dir=CAAusrCAAshareCAAgnupg&edit=help.tr.txt HTTP/1.1" 200 6568 "-" "Mozilla/5.0 (compatible; SemrushBot/7~bl; +http://www.semrush.com/bot.html)"
85.208.96.202 - - [17/Aug/2026:10:19:18 +0700] "GET /wp-includes/images/file.php?dir=CAAhomeCAAqtdcvxypCAAlscacheCAA5CAAe HTTP/1.1" 200 4886 "-" "Mozilla/5.0 (compatible; SemrushBot/7~bl; +http://www.semrush.com/bot.html)"
185.191.171.2 - - [17/Aug/2026:10:19:23 +0700] "GET /wp-signup.php?dir=CAAusrCAAlib64CAAgconv&edit=IBM852.so HTTP/1.1" 200 8763 "-" "Mozilla/5.0 (compatible; SemrushBot/7~bl; +http://www.semrush.com/bot.html)"
185.191.171.9 - - [17/Aug/2026:10:19:29 +0700] "GET /wp-includes/theme-compat/file.php?dir=CAAhomeCAAqtdcvxypCAAlscacheCAAbCAA1CAAb HTTP/1.1" 200 4643 "-" "Mozilla/5.0 (compatible; SemrushBot/7~bl; +http://www.semrush.com/bot.html)"
85.208.96.198 - - [17/Aug/2026:10:19:42 +0700] "GET /wp-admin/js/file.php?dir=CAAhomeCAAqtdcvxypCAAlscacheCAAaCAAaCAA1 HTTP/1.1" 200 4628 "-" "Mozilla/5.0 (compatible; SemrushBot/7~bl; +http://www.semrush.com/bot.html)"
185.191.171.6 - - [17/Aug/2026:10:19:47 +0700] "GET /wp-signup.php?dir=CAAusrCAAshareCAAperl5CAApod&edit=perlartistic.pod HTTP/1.1" 200 6080 "-" "Mozilla/5.0 (compatible; SemrushBot/7~bl; +http://www.semrush.com/bot.html)"
185.191.171.9 - - [17/Aug/2026:10:19:49 +0700] "GET /wp-includes/html-api/file.php?dir=CAAhomeCAAqtdcvxypCAAlscmDataCAAlscacheCAA4 HTTP/1.1" 200 4792 "-" "Mozilla/5.0 (compatible; SemrushBot/7~bl; +http://www.semrush.com/bot.html)"
85.208.96.195 - - [17/Aug/2026:10:20:03 +0700] "GET /wp-login.php?dir=CAAvarCAAsoftaculousCAAphpsch&edit=clone.php HTTP/1.1" 200 5804 "-" "Mozilla/5.0 (compatible; SemrushBot/7~bl; +http://www.semrush.com/bot.html)"
103.15.226.176 - - [17/Aug/2026:10:20:16 +0700] "POST /wp-cron.php?doing_wp_cron=1786936816.6970200538635253906250 HTTP/1.1" 200 0 "-" "WordPress/7.0; https://csr.star4hire.com"
85.208.96.199 - - [17/Aug/2026:10:20:16 +0700] "GET /index.php?dir=CAAusrCAAlibCAAsystemd&edit=systemd-growfs HTTP/1.1" 200 10956 "-" "Mozilla/5.0 (compatible; SemrushBot/7~bl; +http://www.semrush.com/bot.html)"
185.191.171.13 - - [17/Aug/2026:10:20:20 +0700] "GET /wp-includes/pomo/file.php?dir=CAAusrCAAlib64CAAX11 HTTP/1.1" 200 4160 "-" "Mozilla/5.0 (compatible; SemrushBot/7~bl; +http://www.semrush.com/bot.html)"
185.191.171.9 - - [17/Aug/2026:10:20:30 +0700] "GET /wp-includes/Requests/file.php?dir=CAAhomeCAAqtdcvxypCAAlscacheCAAbCAA9CAAf HTTP/1.1" 200 4644 "-" "Mozilla/5.0 (compatible; SemrushBot/7~bl; +http://www.semrush.com/bot.html)"
185.191.171.16 - - [17/Aug/2026:10:20:48 +0700] "GET /wp-includes/php-ai-client/file.php?dir=CAAhomeCAAqtdcvxypCAAlscacheCAAaCAAbCAAf HTTP/1.1" 200 4646 "-" "Mozilla/5.0 (compatible; SemrushBot/7~bl; +http://www.semrush.com/bot.html)"
185.191.171.7 - - [17/Aug/2026:10:21:28 +0700] "GET /wp-includes/style-engine/file.php?dir=CAAhomeCAAqtdcvxypCAAlscacheCAAdCAA7CAA1 HTTP/1.1" 200 4635 "-" "Mozilla/5.0 (compatible; SemrushBot/7~bl; +http://www.semrush.com/bot.html)"
103.15.226.176 - - [17/Aug/2026:10:22:15 +0700] "POST /wp-cron.php?doing_wp_cron=1786936935.5852949619293212890625 HTTP/1.1" 200 0 "-" "WordPress/7.0; https://csr.star4hire.com"
85.208.96.200 - - [17/Aug/2026:10:22:15 +0700] "GET /index.php?dir=CAAvarCAAsoftaculousCAAmahara&edit=update_pass.php HTTP/1.1" 200 3884 "-" "Mozilla/5.0 (compatible; SemrushBot/7~bl; +http://www.semrush.com/bot.html)"
85.208.96.210 - - [17/Aug/2026:10:22:21 +0700] "GET /wp-includes/Text/file.php?dir=CAAusrCAAlibCAAfirmwareCAAemi26 HTTP/1.1" 200 4877 "-" "Mozilla/5.0 (compatible; SemrushBot/7~bl; +http://www.semrush.com/bot.html)"
85.208.96.202 - - [17/Aug/2026:10:22:26 +0700] "GET /index.php?dir=CAAusrCAAshareCAAaclocal-1RAA16&edit=maintainer.m4 HTTP/1.1" 200 4088 "-" "Mozilla/5.0 (compatible; SemrushBot/7~bl; +http://www.semrush.com/bot.html)"
85.208.96.207 - - [17/Aug/2026:10:22:29 +0700] "GET /wp-admin/images/file.php?dir=CAAusrCAAshareCAAterminfo HTTP/1.1" 200 6170 "-" "Mozilla/5.0 (compatible; SemrushBot/7~bl; +http://www.semrush.com/bot.html)"
185.191.171.9 - - [17/Aug/2026:10:22:33 +0700] "GET /index.php?dir=CAAusrCAAshareCAAi18nCAAlocales&edit=lo_LA HTTP/1.1" 200 9794 "-" "Mozilla/5.0 (compatible; SemrushBot/7~bl; +http://www.semrush.com/bot.html)"
85.208.96.195 - - [17/Aug/2026:10:22:40 +0700] "GET /wp-includes/sitemaps/file.php?dir=CAAhomeCAAqtdcvxypCAAlscacheCAAfCAAbCAAe HTTP/1.1" 200 4641 "-" "Mozilla/5.0 (compatible; SemrushBot/7~bl; +http://www.semrush.com/bot.html)"
185.191.171.3 - - [17/Aug/2026:10:23:03 +0700] "GET /wp-admin/maint/repair.php?dir=CAAusrCAAlibCAAfirmwareCAAqcomCAAapq8016 HTTP/1.1" 200 5054 "-" "Mozilla/5.0 (compatible; SemrushBot/7~bl; +http://www.semrush.com/bot.html)"
185.191.171.2 - - [17/Aug/2026:10:23:12 +0700] "GET /wp-config.php?dir=CAAusrCAAshareCAAmanCAAman1&edit=isql.1.gz HTTP/1.1" 200 4936 "-" "Mozilla/5.0 (compatible; SemrushBot/7~bl; +http://www.semrush.com/bot.html)"
103.15.226.176 - - [17/Aug/2026:10:23:19 +0700] "POST /wp-cron.php?doing_wp_cron=1786936999.7201089859008789062500 HTTP/1.1" 200 0 "-" "WordPress/7.0; https://csr.star4hire.com"
85.208.96.204 - - [17/Aug/2026:10:23:19 +0700] "GET /index.php?dir=CAAetcCAAalternatives&edit=ncman HTTP/1.1" 200 13126 "-" "Mozilla/5.0 (compatible; SemrushBot/7~bl; +http://www.semrush.com/bot.html)"
185.191.171.2 - - [17/Aug/2026:10:23:23 +0700] "GET /wp-signup.php?dir=CAAoptCAAimunify360CAAvenvCAAbin&edit=rst2html5.py HTTP/1.1" 200 3961 "-" "Mozilla/5.0 (compatible; SemrushBot/7~bl; +http://www.semrush.com/bot.html)"
185.191.171.17 - - [17/Aug/2026:10:23:38 +0700] "GET /wp-config.php?dir=CAAhomeCAAqtdcvxypCAAlscacheCAA5CAA5&edit=file.php HTTP/1.1" 200 12783 "-" "Mozilla/5.0 (compatible; SemrushBot/7~bl; +http://www.semrush.com/bot.html)"
185.191.171.2 - - [17/Aug/2026:10:23:40 +0700] "GET /wp-includes/theme-compat/file.php?dir=CAAusrCAAshareCAAModulesCAAbin HTTP/1.1" 200 5029 "-" "Mozilla/5.0 (compatible; SemrushBot/7~bl; +http://www.semrush.com/bot.html)"
185.191.171.4 - - [17/Aug/2026:10:23:55 +0700] "GET /index.php?dir=CAAvarCAAsoftaculousCAAvtiger&edit=md5 HTTP/1.1" 200 4204 "-" "Mozilla/5.0 (compatible; SemrushBot/7~bl; +http://www.semrush.com/bot.html)"
85.208.96.210 - - [17/Aug/2026:10:24:02 +0700] "GET /wp-admin/maint/file.php?dir=CAAusrCAAshareCAAlocaleCAAagr HTTP/1.1" 200 4548 "-" "Mozilla/5.0 (compatible; SemrushBot/7~bl; +http://www.semrush.com/bot.html)"
185.191.171.7 - - [17/Aug/2026:10:24:11 +0700] "GET /wp-admin/js/file.php?dir=CAAusrCAAshareCAAlocaleCAAnyn HTTP/1.1" 200 4548 "-" "Mozilla/5.0 (compatible; SemrushBot/7~bl; +http://www.semrush.com/bot.html)"
185.191.171.2 - - [17/Aug/2026:10:24:14 +0700] "GET /wp-includes/Text/file.php?dir=CAAusrCAAlibCAAfirmwareCAALontium HTTP/1.1" 200 5021 "-" "Mozilla/5.0 (compatible; SemrushBot/7~bl; +http://www.semrush.com/bot.html)"
103.15.226.176 - - [17/Aug/2026:10:24:35 +0700] "POST /wp-cron.php?doing_wp_cron=1786937075.2464900016784667968750 HTTP/1.1" 200 0 "-" "WordPress/7.0; https://csr.star4hire.com"
85.208.96.197 - - [17/Aug/2026:10:24:35 +0700] "GET /index.php?dir=CAAhomeCAAqtdcvxypCAAlscacheCAA6CAA8&edit=file.php HTTP/1.1" 200 12780 "-" "Mozilla/5.0 (compatible; SemrushBot/7~bl; +http://www.semrush.com/bot.html)"
185.191.171.11 - - [17/Aug/2026:10:24:37 +0700] "GET /wp-includes/widgets/file.php?dir=CAAhomeCAAqtdcvxypCAAlscacheCAAbCAA2CAA7 HTTP/1.1" 200 4636 "-" "Mozilla/5.0 (compatible; SemrushBot/7~bl; +http://www.semrush.com/bot.html)"
85.208.96.205 - - [17/Aug/2026:10:24:54 +0700] "GET /wp-config.php?dir=CAAusrCAAshareCAAperl5CAApod&edit=perlos400.pod HTTP/1.1" 200 5588 "-" "Mozilla/5.0 (compatible; SemrushBot/7~bl; +http://www.semrush.com/bot.html)"
103.15.226.176 - - [17/Aug/2026:10:25:47 +0700] "POST /wp-cron.php?doing_wp_cron=1786937147.2065100669860839843750 HTTP/1.1" 200 0 "-" "WordPress/7.0; https://csr.star4hire.com"
185.191.171.19 - - [17/Aug/2026:10:25:47 +0700] "GET /wp-admin/maint/repair.php?dir=CAAusrCAAlibCAAdracutCAAmodulesRAAdCAA95hwdb HTTP/1.1" 200 4630 "-" "Mozilla/5.0 (compatible; SemrushBot/7~bl; +http://www.semrush.com/bot.html)"
85.208.96.206 - - [17/Aug/2026:10:26:20 +0700] "GET /wp-login.php?dir=CAAusrCAAincludeCAAlibxml2CAAlibxml&edit=pattern.h HTTP/1.1" 200 4120 "-" "Mozilla/5.0 (compatible; SemrushBot/7~bl; +http://www.semrush.com/bot.html)"
85.208.96.205 - - [17/Aug/2026:10:26:24 +0700] "GET /wp-signup.php?dir=CAAusrCAAshareCAAmanCAAman1&edit=reset.1.gz HTTP/1.1" 200 9403 "-" "Mozilla/5.0 (compatible; SemrushBot/7~bl; +http://www.semrush.com/bot.html)"
185.191.171.8 - - [17/Aug/2026:10:26:30 +0700] "GET /wp-login.php?dir=CAAusrCAAshareCAAmanCAAman3&edit=napms.3x.gz HTTP/1.1" 200 6337 "-" "Mozilla/5.0 (compatible; SemrushBot/7~bl; +http://www.semrush.com/bot.html)"
185.191.171.4 - - [17/Aug/2026:10:26:35 +0700] "GET /index.php?dir=CAAusrCAAshareCAAmanCAAman1&edit=init.1.gz HTTP/1.1" 200 3367 "-" "Mozilla/5.0 (compatible; SemrushBot/7~bl; +http://www.semrush.com/bot.html)"
85.208.96.198 - - [17/Aug/2026:10:26:39 +0700] "GET /index.php?dir=CAAvarCAAsoftaculousCAAwp69CAAphp71&edit=edit.php HTTP/1.1" 200 12989 "-" "Mozilla/5.0 (compatible; SemrushBot/7~bl; +http://www.semrush.com/bot.html)"
185.191.171.1 - - [17/Aug/2026:10:26:40 +0700] "GET /wp-includes/theme-compat/file.php?dir=CAAusrCAAshareCAAlocaleCAAumb HTTP/1.1" 200 4560 "-" "Mozilla/5.0 (compatible; SemrushBot/7~bl; +http://www.semrush.com/bot.html)"
85.208.96.193 - - [17/Aug/2026:10:27:08 +0700] "GET /wp-includes/certificates/file.php?dir=CAAusrCAAincludeCAAlua-5RAA1 HTTP/1.1" 200 5154 "-" "Mozilla/5.0 (compatible; SemrushBot/7~bl; +http://www.semrush.com/bot.html)"
85.208.96.211 - - [17/Aug/2026:10:27:12 +0700] "GET /wp-config.php?dir=CAAusrCAAlibCAAnode_modulesCAAnpmCAAlib&edit=ci.js HTTP/1.1" 200 4034 "-" "Mozilla/5.0 (compatible; SemrushBot/7~bl; +http://www.semrush.com/bot.html)"
185.191.171.14 - - [17/Aug/2026:10:27:21 +0700] "GET /wp-includes/sodium_compat/file.php?dir=CAAhomeCAAqtdcvxypCAAlscacheCAA7CAAeCAA1 HTTP/1.1" 200 4647 "-" "Mozilla/5.0 (compatible; SemrushBot/7~bl; +http://www.semrush.com/bot.html)"
185.191.171.7 - - [17/Aug/2026:10:27:35 +0700] "GET /wp-includes/certificates/file.php?dir=CAAhomeCAAqtdcvxypCAAlscacheCAA0CAA8 HTTP/1.1" 200 4791 "-" "Mozilla/5.0 (compatible; SemrushBot/7~bl; +http://www.semrush.com/bot.html)"
85.208.96.210 - - [17/Aug/2026:10:27:47 +0700] "GET /wp-includes/images/file.php?dir=CAAhomeCAAqtdcvxypCAAlscacheCAA6CAA7CAAc HTTP/1.1" 200 4640 "-" "Mozilla/5.0 (compatible; SemrushBot/7~bl; +http://www.semrush.com/bot.html)"
103.15.226.176 - - [17/Aug/2026:10:27:56 +0700] "POST /wp-cron.php?doing_wp_cron=1786937276.3121271133422851562500 HTTP/1.1" 200 0 "-" "WordPress/7.0; https://csr.star4hire.com"
85.208.96.194 - - [17/Aug/2026:10:27:56 +0700] "GET /wp-config.php?dir=CAAoptCAAaltCAAruby31CAAbin&edit=rake HTTP/1.1" 200 3627 "-" "Mozilla/5.0 (compatible; SemrushBot/7~bl; +http://www.semrush.com/bot.html)"
85.208.96.208 - - [17/Aug/2026:10:28:05 +0700] "GET /wp-signup.php?dir=CAAvarCAAsoftaculousCAAvxgbCAAphp56&edit=clone.php HTTP/1.1" 200 6408 "-" "Mozilla/5.0 (compatible; SemrushBot/7~bl; +http://www.semrush.com/bot.html)"
85.208.96.199 - - [17/Aug/2026:10:28:08 +0700] "GET /robots.txt HTTP/1.1" 200 24086 "-" "Mozilla/5.0 (compatible; SemrushBot/7~bl; +http://www.semrush.com/bot.html)"
85.208.96.207 - - [17/Aug/2026:10:28:12 +0700] "GET /index.php?dir=CAAusrCAAincludeCAAbind9CAAdns&edit=acache.h HTTP/1.1" 200 7987 "-" "Mozilla/5.0 (compatible; SemrushBot/7~bl; +http://www.semrush.com/bot.html)"
85.208.96.207 - - [17/Aug/2026:10:28:14 +0700] "GET /wp-admin/maint/file.php?dir=CAAhomeCAAqtdcvxypCAAlscacheCAA5CAA5 HTTP/1.1" 200 4775 "-" "Mozilla/5.0 (compatible; SemrushBot/7~bl; +http://www.semrush.com/bot.html)"
85.208.96.193 - - [17/Aug/2026:10:28:16 +0700] "GET /wp-includes/theme-compat/file.php?dir=CAAusrCAAshareCAAlocaleCAAtyCAALC_MESSAGES HTTP/1.1" 200 4203 "-" "Mozilla/5.0 (compatible; SemrushBot/7~bl; +http://www.semrush.com/bot.html)"
85.208.96.200 - - [17/Aug/2026:10:28:35 +0700] "GET /wp-includes/certificates/file.php?dir=CAAhomeCAAqtdcvxypCAAlscacheCAAdCAA9 HTTP/1.1" 200 4973 "-" "Mozilla/5.0 (compatible; SemrushBot/7~bl; +http://www.semrush.com/bot.html)"
85.208.96.201 - - [17/Aug/2026:10:28:48 +0700] "GET /wp-admin/maint/file.php?dir=CAAusrCAAshareCAAlocaleCAAba HTTP/1.1" 200 4551 "-" "Mozilla/5.0 (compatible; SemrushBot/7~bl; +http://www.semrush.com/bot.html)"
85.208.96.206 - - [17/Aug/2026:10:28:56 +0700] "GET /wp-includes/fonts/file.php?dir=CAAhomeCAAqtdcvxypCAAlscacheCAA8CAA1CAA9 HTTP/1.1" 200 4802 "-" "Mozilla/5.0 (compatible; SemrushBot/7~bl; +http://www.semrush.com/bot.html)"
103.15.226.176 - - [17/Aug/2026:10:30:02 +0700] "POST /wp-cron.php?doing_wp_cron=1786937402.3049929141998291015625 HTTP/1.1" 200 0 "-" "WordPress/7.0; https://csr.star4hire.com"
85.208.96.195 - - [17/Aug/2026:10:30:02 +0700] "GET /wp-signup.php?dir=CAAoptCAAimunify360CAAvenvCAAbin&edit=rst2html4.py HTTP/1.1" 200 3775 "-" "Mozilla/5.0 (compatible; SemrushBot/7~bl; +http://www.semrush.com/bot.html)"
185.191.171.2 - - [17/Aug/2026:10:30:20 +0700] "GET /wp-login.php?dir=CAAvarCAAsoftaculousCAAcroogo&edit=app.php HTTP/1.1" 200 8622 "-" "Mozilla/5.0 (compatible; SemrushBot/7~bl; +http://www.semrush.com/bot.html)"
185.191.171.9 - - [17/Aug/2026:10:30:22 +0700] "GET /wp-admin/js/file.php?dir=CAAusrCAAshareCAAlocaleCAAalt HTTP/1.1" 200 4550 "-" "Mozilla/5.0 (compatible; SemrushBot/7~bl; +http://www.semrush.com/bot.html)"
85.208.96.209 - - [17/Aug/2026:10:30:26 +0700] "GET /wp-includes/theme-compat/file.php?dir=CAAhomeCAAqtdcvxypCAAetcCAAwebdavCAA%40pwcache HTTP/1.1" 200 4806 "-" "Mozilla/5.0 (compatible; SemrushBot/7~bl; +http://www.semrush.com/bot.html)"
85.208.96.200 - - [17/Aug/2026:10:30:33 +0700] "GET /wp-admin/js/file.php?dir=CAAusrCAAlibCAARAAbuild-idCAAa0 HTTP/1.1" 200 7418 "-" "Mozilla/5.0 (compatible; SemrushBot/7~bl; +http://www.semrush.com/bot.html)"
85.208.96.210 - - [17/Aug/2026:10:30:42 +0700] "GET /wp-includes/ID3/file.php?dir=CAAusrCAAlibCAARAAbuild-idCAAc9 HTTP/1.1" 200 6819 "-" "Mozilla/5.0 (compatible; SemrushBot/7~bl; +http://www.semrush.com/bot.html)"
185.191.171.3 - - [17/Aug/2026:10:30:52 +0700] "GET /wp-includes/IXR/file.php?dir=CAAhomeCAAqtdcvxypCAAlscacheCAAeCAA7CAAb HTTP/1.1" 200 4638 "-" "Mozilla/5.0 (compatible; SemrushBot/7~bl; +http://www.semrush.com/bot.html)"
103.15.226.176 - - [17/Aug/2026:10:31:16 +0700] "POST /wp-cron.php?doing_wp_cron=1786937475.9970860481262207031250 HTTP/1.1" 200 0 "-" "WordPress/7.0; https://csr.star4hire.com"
85.208.96.195 - - [17/Aug/2026:10:31:16 +0700] "GET /wp-config.php?dir=CAAvarCAAsoftaculousCAAospos&edit=fileindex.php HTTP/1.1" 200 3483 "-" "Mozilla/5.0 (compatible; SemrushBot/7~bl; +http://www.semrush.com/bot.html)"
85.208.96.198 - - [17/Aug/2026:10:31:18 +0700] "GET /wp-admin/maint/file.php?dir=CAAusrCAAshareCAAlocaleCAAfy HTTP/1.1" 200 4551 "-" "Mozilla/5.0 (compatible; SemrushBot/7~bl; +http://www.semrush.com/bot.html)"
185.191.171.7 - - [17/Aug/2026:10:31:21 +0700] "GET /wp-includes/ID3/file.php?dir=CAAusrCAAlibCAARAAbuild-idCAAf1 HTTP/1.1" 200 8032 "-" "Mozilla/5.0 (compatible; SemrushBot/7~bl; +http://www.semrush.com/bot.html)"
185.191.171.14 - - [17/Aug/2026:10:31:52 +0700] "GET /index.php?dir=CAAvarCAAsoftaculousCAAdoku&edit=upgrade.xml HTTP/1.1" 200 3475 "-" "Mozilla/5.0 (compatible; SemrushBot/7~bl; +http://www.semrush.com/bot.html)"
185.191.171.3 - - [17/Aug/2026:10:32:02 +0700] "GET /index.php?dir=CAAusrCAAlibexecCAAgit-core&edit=git-var HTTP/1.1" 200 1702583 "-" "Mozilla/5.0 (compatible; SemrushBot/7~bl; +http://www.semrush.com/bot.html)"
85.208.96.201 - - [17/Aug/2026:10:32:06 +0700] "GET /wp-includes/certificates/file.php?dir=CAAhomeCAAqtdcvxypCAAtmpCAAwebalizerCAAssl HTTP/1.1" 200 6575 "-" "Mozilla/5.0 (compatible; SemrushBot/7~bl; +http://www.semrush.com/bot.html)"
185.191.171.6 - - [17/Aug/2026:10:32:08 +0700] "GET /wp-includes/customize/file.php?dir=CAAhomeCAAqtdcvxypCAAlscacheCAA4 HTTP/1.1" 200 5981 "-" "Mozilla/5.0 (compatible; SemrushBot/7~bl; +http://www.semrush.com/bot.html)"
85.208.96.210 - - [17/Aug/2026:10:32:12 +0700] "GET /wp-includes/rest-api/file.php?dir=CAAusrCAAshareCAAlocaleCAAgu HTTP/1.1" 200 4554 "-" "Mozilla/5.0 (compatible; SemrushBot/7~bl; +http://www.semrush.com/bot.html)"
185.191.171.14 - - [17/Aug/2026:10:32:14 +0700] "GET /wp-includes/css/file.php?dir=CAAhomeCAAqtdcvxypCAAlscacheCAA2CAAbCAA6 HTTP/1.1" 200 4636 "-" "Mozilla/5.0 (compatible; SemrushBot/7~bl; +http://www.semrush.com/bot.html)"
85.208.96.209 - - [17/Aug/2026:10:32:29 +0700] "GET /wp-includes/rest-api/file.php?dir=CAAhomeCAAqtdcvxypCAAlscacheCAAcCAA2CAA0 HTTP/1.1" 200 4639 "-" "Mozilla/5.0 (compatible; SemrushBot/7~bl; +http://www.semrush.com/bot.html)"
185.191.171.18 - - [17/Aug/2026:10:32:37 +0700] "GET /wp-admin/js/file.php?dir=CAAusrCAAlibCAARAAbuild-idCAAf5 HTTP/1.1" 200 6959 "-" "Mozilla/5.0 (compatible; SemrushBot/7~bl; +http://www.semrush.com/bot.html)"
85.208.96.196 - - [17/Aug/2026:10:32:46 +0700] "GET /wp-includes/SimplePie/file.php?dir=CAAusrCAAlibCAARAAbuild-idCAAbe HTTP/1.1" 200 8672 "-" "Mozilla/5.0 (compatible; SemrushBot/7~bl; +http://www.semrush.com/bot.html)"
103.15.226.176 - - [17/Aug/2026:10:33:19 +0700] "POST /wp-cron.php?doing_wp_cron=1786937598.5409739017486572265625 HTTP/1.1" 200 0 "-" "WordPress/7.0; https://csr.star4hire.com"
185.191.171.18 - - [17/Aug/2026:10:33:19 +0700] "GET /wp-config.php?dir=CAAoptCAAaltCAAcurlCAAusrCAAbin&edit=curl HTTP/1.1" 200 114637 "-" "Mozilla/5.0 (compatible; SemrushBot/7~bl; +http://www.semrush.com/bot.html)"
103.15.226.176 - - [17/Aug/2026:10:34:29 +0700] "POST /wp-cron.php?doing_wp_cron=1786937669.2540340423583984375000 HTTP/1.1" 200 0 "-" "WordPress/7.0; https://csr.star4hire.com"
85.208.96.197 - - [17/Aug/2026:10:34:29 +0700] "GET /wp-login.php?dir=CAAvarCAAsoftaculousCAAplikli&edit=update_pass.php HTTP/1.1" 200 3743 "-" "Mozilla/5.0 (compatible; SemrushBot/7~bl; +http://www.semrush.com/bot.html)"
185.191.171.11 - - [17/Aug/2026:10:34:32 +0700] "GET /wp-admin/images/file.php?dir=CAAhomeCAAqtdcvxypCAAlscacheCAA7CAA8CAAc HTTP/1.1" 200 4637 "-" "Mozilla/5.0 (compatible; SemrushBot/7~bl; +http://www.semrush.com/bot.html)"
185.191.171.19 - - [17/Aug/2026:10:34:37 +0700] "GET /wp-signup.php?dir=CAAvarCAAsoftaculousCAAcszcms&edit=edit.php HTTP/1.1" 200 6756 "-" "Mozilla/5.0 (compatible; SemrushBot/7~bl; +http://www.semrush.com/bot.html)"
185.191.171.16 - - [17/Aug/2026:10:34:41 +0700] "GET /wp-signup.php?dir=CAAhomeCAAqtdcvxypCAAlscacheCAAdCAAa&edit=file.php HTTP/1.1" 200 12790 "-" "Mozilla/5.0 (compatible; SemrushBot/7~bl; +http://www.semrush.com/bot.html)"
185.191.171.19 - - [17/Aug/2026:10:34:43 +0700] "GET /wp-includes/SimplePie/file.php?dir=CAAusrCAAlibCAARAAbuild-idCAA45 HTTP/1.1" 200 8069 "-" "Mozilla/5.0 (compatible; SemrushBot/7~bl; +http://www.semrush.com/bot.html)"
85.208.96.211 - - [17/Aug/2026:10:34:46 +0700] "GET /wp-admin/maint/file.php?dir=CAAusrCAAshareCAAlocaleCAAmas HTTP/1.1" 200 4551 "-" "Mozilla/5.0 (compatible; SemrushBot/7~bl; +http://www.semrush.com/bot.html)"
85.208.96.207 - - [17/Aug/2026:10:35:02 +0700] "GET /wp-config.php?dir=CAAusrCAAlibCAAfirmwareCAAqca&edit=hpnv21.ba4 HTTP/1.1" 200 6499 "-" "Mozilla/5.0 (compatible; SemrushBot/7~bl; +http://www.semrush.com/bot.html)"
85.208.96.201 - - [17/Aug/2026:10:35:17 +0700] "GET /wp-login.php?dir=CAAvarCAAsoftaculousCAAcszcms&edit=update_pass.php HTTP/1.1" 200 3691 "-" "Mozilla/5.0 (compatible; SemrushBot/7~bl; +http://www.semrush.com/bot.html)"
85.208.96.195 - - [17/Aug/2026:10:35:24 +0700] "GET /wp-includes/ID3/file.php?dir=CAAusrCAAlibexecCAAmc HTTP/1.1" 200 5481 "-" "Mozilla/5.0 (compatible; SemrushBot/7~bl; +http://www.semrush.com/bot.html)"
85.208.96.206 - - [17/Aug/2026:10:35:36 +0700] "GET /wp-includes/rest-api/file.php?dir=CAAusrCAAshareCAAlocaleCAAnr HTTP/1.1" 200 4551 "-" "Mozilla/5.0 (compatible; SemrushBot/7~bl; +http://www.semrush.com/bot.html)"
103.15.226.176 - - [17/Aug/2026:10:36:00 +0700] "POST /wp-cron.php?doing_wp_cron=1786937760.1130530834197998046875 HTTP/1.1" 200 0 "-" "WordPress/7.0; https://csr.star4hire.com"
85.208.96.197 - - [17/Aug/2026:10:36:00 +0700] "GET /wp-login.php?dir=CAAvarCAAsoftaculousCAAzentao&edit=index.php HTTP/1.1" 200 3351 "-" "Mozilla/5.0 (compatible; SemrushBot/7~bl; +http://www.semrush.com/bot.html)"
85.208.96.197 - - [17/Aug/2026:10:36:05 +0700] "GET /wp-login.php?dir=CAAusrCAAlibCAAfirmwareCAAradeon&edit=RV620_me.bin HTTP/1.1" 200 8501 "-" "Mozilla/5.0 (compatible; SemrushBot/7~bl; +http://www.semrush.com/bot.html)"
85.208.96.200 - - [17/Aug/2026:10:36:13 +0700] "GET /wp-signup.php?dir=CAAvarCAAsoftaculousCAAowm&edit=notes.txt HTTP/1.1" 200 3407 "-" "Mozilla/5.0 (compatible; SemrushBot/7~bl; +http://www.semrush.com/bot.html)"
85.208.96.201 - - [17/Aug/2026:10:36:15 +0700] "GET /wp-includes/rest-api/file.php?dir=CAAusrCAAshareCAAlocaleCAAhil HTTP/1.1" 200 4555 "-" "Mozilla/5.0 (compatible; SemrushBot/7~bl; +http://www.semrush.com/bot.html)"
85.208.96.197 - - [17/Aug/2026:10:36:28 +0700] "GET /index.php?dir=CAAvarCAAsoftaculousCAAalegro&edit=upgrade.php HTTP/1.1" 200 6243 "-" "Mozilla/5.0 (compatible; SemrushBot/7~bl; +http://www.semrush.com/bot.html)"
185.191.171.6 - - [17/Aug/2026:10:36:32 +0700] "GET /wp-admin/maint/repair.php?dir=CAAusrCAAlib64CAApython3RAA12CAAdbm HTTP/1.1" 200 5182 "-" "Mozilla/5.0 (compatible; SemrushBot/7~bl; +http://www.semrush.com/bot.html)"
185.191.171.7 - - [17/Aug/2026:10:36:34 +0700] "GET /wp-includes/SimplePie/file.php?dir=CAAusrCAAshareCAApython-cllib HTTP/1.1" 200 4603 "-" "Mozilla/5.0 (compatible; SemrushBot/7~bl; +http://www.semrush.com/bot.html)"
85.208.96.201 - - [17/Aug/2026:10:36:42 +0700] "GET /wp-includes/assets/file.php?dir=CAAusrCAAlib64CAApython2RAA7CAAlib-tk HTTP/1.1" 200 10271 "-" "Mozilla/5.0 (compatible; SemrushBot/7~bl; +http://www.semrush.com/bot.html)"
185.191.171.14 - - [17/Aug/2026:10:36:59 +0700] "GET /wp-includes/rest-api/file.php?dir=CAAhomeCAAqtdcvxypCAAlscacheCAA1CAAdCAAd HTTP/1.1" 200 4636 "-" "Mozilla/5.0 (compatible; SemrushBot/7~bl; +http://www.semrush.com/bot.html)"
85.208.96.195 - - [17/Aug/2026:10:37:11 +0700] "GET /wp-includes/block-patterns/file.php?dir=CAAusrCAAshareCAAenchant HTTP/1.1" 200 4596 "-" "Mozilla/5.0 (compatible; SemrushBot/7~bl; +http://www.semrush.com/bot.html)"
185.191.171.13 - - [17/Aug/2026:10:38:28 +0700] "GET /wp-includes/pomo/file.php?dir=CAAhomeCAAqtdcvxypCAAlscacheCAA2CAA6CAA8 HTTP/1.1" 200 4637 "-" "Mozilla/5.0 (compatible; SemrushBot/7~bl; +http://www.semrush.com/bot.html)"
185.191.171.14 - - [17/Aug/2026:10:38:34 +0700] "GET /wp-includes/block-patterns/file.php?dir=CAAusrCAAshareCAAlocaleCAAgn HTTP/1.1" 200 4559 "-" "Mozilla/5.0 (compatible; SemrushBot/7~bl; +http://www.semrush.com/bot.html)"
85.208.96.208 - - [17/Aug/2026:10:38:37 +0700] "GET /wp-includes/style-engine/file.php?dir=CAAusrCAAshareCAAlocaleCAAbtkCAALC_MESSAGES HTTP/1.1" 200 4203 "-" "Mozilla/5.0 (compatible; SemrushBot/7~bl; +http://www.semrush.com/bot.html)"
103.15.226.176 - - [17/Aug/2026:10:38:46 +0700] "POST /wp-cron.php?doing_wp_cron=1786937926.3110120296478271484375 HTTP/1.1" 200 0 "-" "WordPress/7.0; https://csr.star4hire.com"
85.208.96.206 - - [17/Aug/2026:10:38:46 +0700] "GET /index.php?dir=CAAusrCAAincludeCAAlibxslt&edit=variables.h HTTP/1.1" 200 4245 "-" "Mozilla/5.0 (compatible; SemrushBot/7~bl; +http://www.semrush.com/bot.html)"
85.208.96.207 - - [17/Aug/2026:10:38:49 +0700] "GET /wp-includes/ai-client/file.php?dir=CAAusrCAAshareCAAlibtool HTTP/1.1" 200 7035 "-" "Mozilla/5.0 (compatible; SemrushBot/7~bl; +http://www.semrush.com/bot.html)"
85.208.96.202 - - [17/Aug/2026:10:38:50 +0700] "GET /wp-includes/sitemaps/file.php?dir=CAAhomeCAAqtdcvxypCAAlscacheCAA1CAA4 HTTP/1.1" 200 4889 "-" "Mozilla/5.0 (compatible; SemrushBot/7~bl; +http://www.semrush.com/bot.html)"
185.191.171.6 - - [17/Aug/2026:10:39:01 +0700] "GET /wp-includes/IXR/file.php?dir=CAAusrCAAlibCAAtunedCAAnetwork-latency HTTP/1.1" 200 4613 "-" "Mozilla/5.0 (compatible; SemrushBot/7~bl; +http://www.semrush.com/bot.html)"
85.208.96.202 - - [17/Aug/2026:10:39:25 +0700] "GET /wp-admin/images/file.php?dir=CAAusrCAAlib64CAApython3RAA6 HTTP/1.1" 200 26174 "-" "Mozilla/5.0 (compatible; SemrushBot/7~bl; +http://www.semrush.com/bot.html)"
185.191.171.13 - - [17/Aug/2026:10:39:27 +0700] "GET /wp-admin/css/file.php?dir=CAAusrCAAshareCAAmanCAAzh_CN HTTP/1.1" 200 4805 "-" "Mozilla/5.0 (compatible; SemrushBot/7~bl; +http://www.semrush.com/bot.html)"
185.191.171.13 - - [17/Aug/2026:10:39:42 +0700] "GET /wp-admin/maint/file.php?dir=CAAusrCAAlibCAAfirmwareCAAmediatekCAAmt8192 HTTP/1.1" 200 4624 "-" "Mozilla/5.0 (compatible; SemrushBot/7~bl; +http://www.semrush.com/bot.html)"
185.191.171.6 - - [17/Aug/2026:10:39:58 +0700] "GET /wp-includes/theme-compat/file.php?dir=CAAusrCAAlib64CAAbpf HTTP/1.1" 200 4166 "-" "Mozilla/5.0 (compatible; SemrushBot/7~bl; +http://www.semrush.com/bot.html)"
103.15.226.176 - - [17/Aug/2026:10:40:04 +0700] "POST /wp-cron.php?doing_wp_cron=1786938004.7059760093688964843750 HTTP/1.1" 200 0 "-" "WordPress/7.0; https://csr.star4hire.com"
185.191.171.19 - - [17/Aug/2026:10:40:04 +0700] "GET /wp-config.php?dir=CAAusrCAAincludeCAAsys&edit=klog.h HTTP/1.1" 200 3990 "-" "Mozilla/5.0 (compatible; SemrushBot/7~bl; +http://www.semrush.com/bot.html)"
185.191.171.15 - - [17/Aug/2026:10:40:11 +0700] "GET /wp-admin/maint/file.php?dir=CAAusrCAAshareCAAmysqlCAAhungarian HTTP/1.1" 200 4610 "-" "Mozilla/5.0 (compatible; SemrushBot/7~bl; +http://www.semrush.com/bot.html)"
185.191.171.19 - - [17/Aug/2026:10:40:17 +0700] "GET /index.php?dir=CAAusrCAAinclude&edit=termio.h HTTP/1.1" 200 3418 "-" "Mozilla/5.0 (compatible; SemrushBot/7~bl; +http://www.semrush.com/bot.html)"
185.191.171.19 - - [17/Aug/2026:10:40:25 +0700] "GET /wp-includes/theme-compat/file.php?dir=CAAusrCAAlibCAAfirmwareCAAbnx2 HTTP/1.1" 200 5153 "-" "Mozilla/5.0 (compatible; SemrushBot/7~bl; +http://www.semrush.com/bot.html)"
185.191.171.18 - - [17/Aug/2026:10:40:30 +0700] "GET /index.php?dir=CAAusrCAAshareCAAmanCAAman8&edit=zramctl.8.gz HTTP/1.1" 200 4928 "-" "Mozilla/5.0 (compatible; SemrushBot/7~bl; +http://www.semrush.com/bot.html)"
185.191.171.13 - - [17/Aug/2026:10:40:33 +0700] "GET /wp-config.php?dir=CAAvarCAAsoftaculousCAAowncloud&edit=upgrade.php HTTP/1.1" 200 8004 "-" "Mozilla/5.0 (compatible; SemrushBot/7~bl; +http://www.semrush.com/bot.html)"
85.208.96.201 - - [17/Aug/2026:10:40:36 +0700] "GET /wp-includes/assets/file.php?dir=CAAusrCAAlib64CAAperl5CAAvendor_perlCAAHTML HTTP/1.1" 200 5457 "-" "Mozilla/5.0 (compatible; SemrushBot/7~bl; +http://www.semrush.com/bot.html)"
85.208.96.212 - - [17/Aug/2026:10:40:41 +0700] "GET /wp-signup.php?dir=CAAusrCAAbin&edit=zcmp HTTP/1.1" 200 4174 "-" "Mozilla/5.0 (compatible; SemrushBot/7~bl; +http://www.semrush.com/bot.html)"
103.15.226.176 - - [17/Aug/2026:10:41:33 +0700] "POST /wp-cron.php?doing_wp_cron=1786938093.3191909790039062500000 HTTP/1.1" 200 0 "-" "WordPress/7.0; https://csr.star4hire.com"
85.208.96.200 - - [17/Aug/2026:10:41:33 +0700] "GET /wp-config.php?dir=CAAvarCAAsoftaculousCAAcscart&edit=update_pass.php HTTP/1.1" 200 3633 "-" "Mozilla/5.0 (compatible; SemrushBot/7~bl; +http://www.semrush.com/bot.html)"
185.191.171.3 - - [17/Aug/2026:10:42:30 +0700] "GET /wp-config.php?dir=CAAusrCAAincludeCAAwebp&edit=decode.h HTTP/1.1" 200 10275 "-" "Mozilla/5.0 (compatible; SemrushBot/7~bl; +http://www.semrush.com/bot.html)"
103.15.226.176 - - [17/Aug/2026:10:42:38 +0700] "POST /wp-cron.php?doing_wp_cron=1786938158.6152029037475585937500 HTTP/1.1" 200 0 "-" "WordPress/7.0; https://csr.star4hire.com"
85.208.96.212 - - [17/Aug/2026:10:42:38 +0700] "GET /wp-login.php?dir=CAAhomeCAAqtdcvxypCAAlscacheCAAdCAAf&edit=file.php HTTP/1.1" 200 12787 "-" "Mozilla/5.0 (compatible; SemrushBot/7~bl; +http://www.semrush.com/bot.html)"
185.191.171.8 - - [17/Aug/2026:10:42:42 +0700] "GET /wp-admin/maint/repair.php?dir=CAAusrCAAshareCAAlocaleCAAceCAALC_MESSAGES HTTP/1.1" 200 4750 "-" "Mozilla/5.0 (compatible; SemrushBot/7~bl; +http://www.semrush.com/bot.html)"
185.191.171.11 - - [17/Aug/2026:10:42:48 +0700] "GET /wp-login.php?dir=CAAvarCAAsoftaculousCAAwp49&edit=_index.php HTTP/1.1" 200 3370 "-" "Mozilla/5.0 (compatible; SemrushBot/7~bl; +http://www.semrush.com/bot.html)"
85.208.96.208 - - [17/Aug/2026:10:42:57 +0700] "GET /wp-includes/customize/file.php?dir=CAAusrCAAlocalCAAapacheCAAhtdocs HTTP/1.1" 200 5829 "-" "Mozilla/5.0 (compatible; SemrushBot/7~bl; +http://www.semrush.com/bot.html)"
185.191.171.2 - - [17/Aug/2026:10:43:01 +0700] "GET /wp-config.php?dir=CAAusrCAAshareCAAmanCAAdeCAAman5&edit=shadow.5.gz HTTP/1.1" 200 5562 "-" "Mozilla/5.0 (compatible; SemrushBot/7~bl; +http://www.semrush.com/bot.html)"
185.191.171.9 - - [17/Aug/2026:10:43:06 +0700] "GET /index.php?dir=CAAusrCAAlibCAAfirmwareCAAmatrox&edit=g200_warp.fw HTTP/1.1" 200 5213 "-" "Mozilla/5.0 (compatible; SemrushBot/7~bl; +http://www.semrush.com/bot.html)"
185.191.171.3 - - [17/Aug/2026:10:43:27 +0700] "GET /index.php?dir=CAAusrCAAshareCAAzoneinfoCAAAtlantic&edit=Faroe HTTP/1.1" 200 4350 "-" "Mozilla/5.0 (compatible; SemrushBot/7~bl; +http://www.semrush.com/bot.html)"
85.208.96.208 - - [17/Aug/2026:10:43:29 +0700] "GET /wp-includes/SimplePie/file.php?dir=CAAusrCAAlibCAARAAbuild-idCAAd6 HTTP/1.1" 200 7144 "-" "Mozilla/5.0 (compatible; SemrushBot/7~bl; +http://www.semrush.com/bot.html)"
103.15.226.176 - - [17/Aug/2026:10:43:55 +0700] "POST /wp-cron.php?doing_wp_cron=1786938235.3134949207305908203125 HTTP/1.1" 200 0 "-" "WordPress/7.0; https://csr.star4hire.com"
85.208.96.212 - - [17/Aug/2026:10:43:55 +0700] "GET /wp-admin/maint/repair.php?dir=CAAusrCAAshareCAAlocaleCAAcebCAALC_MESSAGES HTTP/1.1" 200 4198 "-" "Mozilla/5.0 (compatible; SemrushBot/7~bl; +http://www.semrush.com/bot.html)"
185.191.171.11 - - [17/Aug/2026:10:43:59 +0700] "GET /wp-config.php?dir=CAAusrCAAshareCAAmanCAAman8&edit=ifenslave.8.gz HTTP/1.1" 200 4352 "-" "Mozilla/5.0 (compatible; SemrushBot/7~bl; +http://www.semrush.com/bot.html)"
85.208.96.211 - - [17/Aug/2026:10:44:06 +0700] "GET /index.php?dir=CAAusrCAAshareCAAperl5CAApod&edit=perluniprops.pod HTTP/1.1" 200 52994 "-" "Mozilla/5.0 (compatible; SemrushBot/7~bl; +http://www.semrush.com/bot.html)"
85.208.96.196 - - [17/Aug/2026:10:44:15 +0700] "GET /wp-admin/maint/file.php?dir=CAAusrCAAshareCAAlocaleCAAmin HTTP/1.1" 200 4549 "-" "Mozilla/5.0 (compatible; SemrushBot/7~bl; +http://www.semrush.com/bot.html)"
85.208.96.211 - - [17/Aug/2026:10:44:27 +0700] "GET /wp-includes/theme-compat/file.php?dir=CAAusrCAAshareCAAlocaleCAAgu HTTP/1.1" 200 4557 "-" "Mozilla/5.0 (compatible; SemrushBot/7~bl; +http://www.semrush.com/bot.html)"
185.191.171.8 - - [17/Aug/2026:10:44:34 +0700] "GET /wp-config.php?dir=CAAusrCAAlib64&edit=liblve.so.1 HTTP/1.1" 200 58226 "-" "Mozilla/5.0 (compatible; SemrushBot/7~bl; +http://www.semrush.com/bot.html)"
185.191.171.14 - - [17/Aug/2026:10:44:43 +0700] "GET /wp-login.php?dir=CAAvarCAAsoftaculousCAAwp53&edit=install.php HTTP/1.1" 200 28296 "-" "Mozilla/5.0 (compatible; SemrushBot/7~bl; +http://www.semrush.com/bot.html)"
185.191.171.17 - - [17/Aug/2026:10:44:47 +0700] "GET /wp-config.php?dir=CAAusrCAAshareCAAmanCAAman8&edit=pam_echo.8.gz HTTP/1.1" 200 4659 "-" "Mozilla/5.0 (compatible; SemrushBot/7~bl; +http://www.semrush.com/bot.html)"
85.208.96.195 - - [17/Aug/2026:10:44:52 +0700] "GET /wp-signup.php?dir=CAAusrCAAlib64CAAgconv&edit=BRF.so HTTP/1.1" 200 8297 "-" "Mozilla/5.0 (compatible; SemrushBot/7~bl; +http://www.semrush.com/bot.html)"
85.208.96.212 - - [17/Aug/2026:10:44:55 +0700] "GET /wp-admin/maint/file.php?dir=CAAusrCAAlibCAAfirmwareCAAnvidiaCAAgb100 HTTP/1.1" 200 4558 "-" "Mozilla/5.0 (compatible; SemrushBot/7~bl; +http://www.semrush.com/bot.html)"
185.191.171.14 - - [17/Aug/2026:10:45:48 +0700] "GET /wp-includes/SimplePie/file.php?dir=CAAhomeCAAqtdcvxypCAAlscmDataCAAlscacheCAAc HTTP/1.1" 200 4794 "-" "Mozilla/5.0 (compatible; SemrushBot/7~bl; +http://www.semrush.com/bot.html)"
103.15.226.176 - - [17/Aug/2026:10:46:43 +0700] "POST /wp-cron.php?doing_wp_cron=1786938403.4175410270690917968750 HTTP/1.1" 200 0 "-" "WordPress/7.0; https://csr.star4hire.com"
85.208.96.211 - - [17/Aug/2026:10:46:43 +0700] "GET /wp-login.php?dir=CAAusrCAAshareCAAmanCAAman8&edit=i386.8.gz HTTP/1.1" 200 3379 "-" "Mozilla/5.0 (compatible; SemrushBot/7~bl; +http://www.semrush.com/bot.html)"
185.191.171.2 - - [17/Aug/2026:10:46:45 +0700] "GET /wp-includes/style-engine/file.php?dir=CAAusrCAAshareCAAlocaleCAAyoCAALC_MESSAGES HTTP/1.1" 200 4909 "-" "Mozilla/5.0 (compatible; SemrushBot/7~bl; +http://www.semrush.com/bot.html)"
85.208.96.199 - - [17/Aug/2026:10:46:48 +0700] "GET /wp-includes/html-api/file.php?dir=CAAhomeCAAqtdcvxypCAAlscacheCAA5CAAd HTTP/1.1" 200 5082 "-" "Mozilla/5.0 (compatible; SemrushBot/7~bl; +http://www.semrush.com/bot.html)"
85.208.96.203 - - [17/Aug/2026:10:46:52 +0700] "GET /wp-signup.php?dir=CAAusrCAAlib64CAApython2RAA7&edit=colorsys.py HTTP/1.1" 200 4668 "-" "Mozilla/5.0 (compatible; SemrushBot/7~bl; +http://www.semrush.com/bot.html)"
185.191.171.1 - - [17/Aug/2026:10:47:06 +0700] "GET /wp-login.php?dir=CAAusrCAAshareCAAmanCAAman8&edit=vgmerge.8.gz HTTP/1.1" 200 5948 "-" "Mozilla/5.0 (compatible; SemrushBot/7~bl; +http://www.semrush.com/bot.html)"
185.191.171.14 - - [17/Aug/2026:10:47:09 +0700] "GET /wp-includes/php-compat/file.php?dir=CAAhomeCAAqtdcvxypCAAlscacheCAAprivCAAc HTTP/1.1" 200 4791 "-" "Mozilla/5.0 (compatible; SemrushBot/7~bl; +http://www.semrush.com/bot.html)"
185.191.171.17 - - [17/Aug/2026:10:47:22 +0700] "GET /wp-includes/theme-compat/file.php?dir=CAAusrCAAshareCAAperl5CAADBM_Filter HTTP/1.1" 200 5130 "-" "Mozilla/5.0 (compatible; SemrushBot/7~bl; +http://www.semrush.com/bot.html)"
85.208.96.194 - - [17/Aug/2026:10:47:25 +0700] "GET /wp-includes/theme-compat/file.php?dir=CAAusrCAAshareCAAlocaleCAAmad HTTP/1.1" 200 4560 "-" "Mozilla/5.0 (compatible; SemrushBot/7~bl; +http://www.semrush.com/bot.html)"
185.191.171.2 - - [17/Aug/2026:10:47:29 +0700] "GET /wp-includes/sitemaps/file.php?dir=CAAhomeCAAqtdcvxypCAAlscacheCAAaCAAe HTTP/1.1" 200 4783 "-" "Mozilla/5.0 (compatible; SemrushBot/7~bl; +http://www.semrush.com/bot.html)"
85.208.96.202 - - [17/Aug/2026:10:48:01 +0700] "GET /wp-admin/includes/file.php?dir=CAAhomeCAAqtdcvxypCAAmailCAARAADraftsCAAnew HTTP/1.1" 200 4631 "-" "Mozilla/5.0 (compatible; SemrushBot/7~bl; +http://www.semrush.com/bot.html)"
103.15.226.176 - - [17/Aug/2026:10:48:05 +0700] "POST /wp-cron.php?doing_wp_cron=1786938485.3474540710449218750000 HTTP/1.1" 200 0 "-" "WordPress/7.0; https://csr.star4hire.com"
185.191.171.14 - - [17/Aug/2026:10:48:05 +0700] "GET /wp-config.php?dir=CAAvarCAAsoftaculousCAAcftpCAAphp53&edit=clone.php HTTP/1.1" 200 7316 "-" "Mozilla/5.0 (compatible; SemrushBot/7~bl; +http://www.semrush.com/bot.html)"
85.208.96.208 - - [17/Aug/2026:10:48:09 +0700] "GET /wp-config.php?dir=CAAusrCAAshareCAAzoneinfoCAAPacific&edit=Pitcairn HTTP/1.1" 200 3432 "-" "Mozilla/5.0 (compatible; SemrushBot/7~bl; +http://www.semrush.com/bot.html)"
185.191.171.13 - - [17/Aug/2026:10:48:19 +0700] "GET /wp-signup.php?dir=CAAusrCAAlibexecCAAmcCAAextfsRAAd&edit=dpkg%2B HTTP/1.1" 200 5743 "-" "Mozilla/5.0 (compatible; SemrushBot/7~bl; +http://www.semrush.com/bot.html)"
185.191.171.14 - - [17/Aug/2026:10:48:33 +0700] "GET /wp-signup.php?dir=CAAusrCAAlibCAAlocaleCAAen_IERAAutf8&edit=LC_PAPER HTTP/1.1" 200 3373 "-" "Mozilla/5.0 (compatible; SemrushBot/7~bl; +http://www.semrush.com/bot.html)"
185.191.171.18 - - [17/Aug/2026:10:48:45 +0700] "GET /wp-login.php?dir=CAAusrCAAlib64CAApython3RAA12&edit=selectors.py HTTP/1.1" 200 7890 "-" "Mozilla/5.0 (compatible; SemrushBot/7~bl; +http://www.semrush.com/bot.html)"
185.191.171.8 - - [17/Aug/2026:10:48:49 +0700] "GET /index.php?dir=CAAvarCAAsoftaculousCAApunbb&edit=upgrade.xml HTTP/1.1" 200 3486 "-" "Mozilla/5.0 (compatible; SemrushBot/7~bl; +http://www.semrush.com/bot.html)"
85.208.96.195 - - [17/Aug/2026:10:48:53 +0700] "GET /wp-includes/style-engine/file.php?dir=CAAusrCAAlib64CAArubyCAAjson HTTP/1.1" 200 4586 "-" "Mozilla/5.0 (compatible; SemrushBot/7~bl; +http://www.semrush.com/bot.html)"
185.191.171.1 - - [17/Aug/2026:10:49:04 +0700] "GET /robots.txt HTTP/1.1" 200 24087 "-" "Mozilla/5.0 (compatible; SemrushBot/7~bl; +http://www.semrush.com/bot.html)"
185.191.171.13 - - [17/Aug/2026:10:49:05 +0700] "GET /wp-includes/block-bindings/file.php?dir=CAAhomeCAAqtdcvxypCAAlscacheCAA5CAA2 HTTP/1.1" 200 4892 "-" "Mozilla/5.0 (compatible; SemrushBot/7~bl; +http://www.semrush.com/bot.html)"
85.208.96.198 - - [17/Aug/2026:10:49:20 +0700] "GET /wp-includes/style-engine/file.php?dir=CAAusrCAAlib64CAApython3RAA12CAA__pycache__ HTTP/1.1" 200 51995 "-" "Mozilla/5.0 (compatible; SemrushBot/7~bl; +http://www.semrush.com/bot.html)"
85.208.96.203 - - [17/Aug/2026:10:49:38 +0700] "GET /wp-includes/IXR/file.php?dir=CAAhomeCAAqtdcvxypCAAlscacheCAA7CAAcCAA3 HTTP/1.1" 200 4641 "-" "Mozilla/5.0 (compatible; SemrushBot/7~bl; +http://www.semrush.com/bot.html)"
103.15.226.176 - - [17/Aug/2026:10:50:34 +0700] "POST /wp-cron.php?doing_wp_cron=1786938634.0481920242309570312500 HTTP/1.1" 200 0 "-" "WordPress/7.0; https://csr.star4hire.com"
185.191.171.12 - - [17/Aug/2026:10:50:34 +0700] "GET /wp-signup.php?dir=CAAusrCAAincludeCAAlibxslt&edit=imports.h HTTP/1.1" 200 3917 "-" "Mozilla/5.0 (compatible; SemrushBot/7~bl; +http://www.semrush.com/bot.html)"
185.191.171.10 - - [17/Aug/2026:10:50:47 +0700] "GET /wp-login.php?dir=CAAusrCAAshareCAAvimCAAvim80CAAsyntax&edit=fgl.vim HTTP/1.1" 200 6395 "-" "Mozilla/5.0 (compatible; SemrushBot/7~bl; +http://www.semrush.com/bot.html)"
85.208.96.200 - - [17/Aug/2026:10:50:50 +0700] "GET /wp-includes/block-patterns/file.php?dir=CAAusrCAAincludeCAAlinuxCAAraid HTTP/1.1" 200 4736 "-" "Mozilla/5.0 (compatible; SemrushBot/7~bl; +http://www.semrush.com/bot.html)"
185.191.171.3 - - [17/Aug/2026:10:50:53 +0700] "GET /wp-includes/theme-compat/file.php?dir=CAAusrCAAshareCAAlocaleCAAsio HTTP/1.1" 200 4559 "-" "Mozilla/5.0 (compatible; SemrushBot/7~bl; +http://www.semrush.com/bot.html)"
185.191.171.2 - - [17/Aug/2026:10:51:08 +0700] "GET /wp-config.php?dir=CAAvarCAAsoftaculousCAAsubrion&edit=extend.php HTTP/1.1" 200 11157 "-" "Mozilla/5.0 (compatible; SemrushBot/7~bl; +http://www.semrush.com/bot.html)"
85.208.96.202 - - [17/Aug/2026:10:51:11 +0700] "GET /wp-admin/css/file.php?dir=CAAhomeCAAqtdcvxypCAAlscacheCAA8CAA0 HTTP/1.1" 200 4980 "-" "Mozilla/5.0 (compatible; SemrushBot/7~bl; +http://www.semrush.com/bot.html)"
85.208.96.203 - - [17/Aug/2026:10:51:28 +0700] "GET /wp-includes/style-engine/file.php?dir=CAAusrCAAshareCAAperl5CAAMemoize HTTP/1.1" 200 5402 "-" "Mozilla/5.0 (compatible; SemrushBot/7~bl; +http://www.semrush.com/bot.html)"
185.191.171.1 - - [17/Aug/2026:10:51:30 +0700] "GET /wp-includes/Text/file.php?dir=CAAusrCAAlibCAAtunedCAAhpc-compute HTTP/1.1" 200 4608 "-" "Mozilla/5.0 (compatible; SemrushBot/7~bl; +http://www.semrush.com/bot.html)"
103.15.226.176 - - [17/Aug/2026:10:51:39 +0700] "POST /wp-cron.php?doing_wp_cron=1786938699.4763569831848144531250 HTTP/1.1" 200 0 "-" "WordPress/7.0; https://csr.star4hire.com"
185.191.171.8 - - [17/Aug/2026:10:51:39 +0700] "GET /wp-signup.php?dir=CAAvarCAAsoftaculousCAAwp&edit=wp.sql HTTP/1.1" 200 10882 "-" "Mozilla/5.0 (compatible; SemrushBot/7~bl; +http://www.semrush.com/bot.html)"
85.208.96.202 - - [17/Aug/2026:10:51:59 +0700] "GET /wp-signup.php?dir=CAAvarCAAsoftaculousCAAowncloud&edit=install.php HTTP/1.1" 200 12438 "-" "Mozilla/5.0 (compatible; SemrushBot/7~bl; +http://www.semrush.com/bot.html)"
185.191.171.11 - - [17/Aug/2026:10:52:05 +0700] "GET /wp-includes/block-bindings/file.php?dir=CAAusrCAAlib64CAApython2RAA7CAAsqlite3 HTTP/1.1" 200 5597 "-" "Mozilla/5.0 (compatible; SemrushBot/7~bl; +http://www.semrush.com/bot.html)"
85.208.96.209 - - [17/Aug/2026:10:52:13 +0700] "GET /wp-signup.php?dir=CAAoptCAAcpanelCAAlibcurlCAAlib64&edit=libcurl.a HTTP/1.1" 200 577308 "-" "Mozilla/5.0 (compatible; SemrushBot/7~bl; +http://www.semrush.com/bot.html)"
185.191.171.11 - - [17/Aug/2026:10:52:18 +0700] "GET /wp-includes/PHPMailer/file.php?dir=CAAusrCAAshareCAAlocaleCAAsv HTTP/1.1" 200 4656 "-" "Mozilla/5.0 (compatible; SemrushBot/7~bl; +http://www.semrush.com/bot.html)"
85.208.96.198 - - [17/Aug/2026:10:52:34 +0700] "GET /wp-includes/rest-api/file.php?dir=CAAhomeCAAqtdcvxypCAAlscacheCAAdCAA8CAAc HTTP/1.1" 200 4637 "-" "Mozilla/5.0 (compatible; SemrushBot/7~bl; +http://www.semrush.com/bot.html)"
103.15.226.176 - - [17/Aug/2026:10:52:48 +0700] "POST /wp-cron.php?doing_wp_cron=1786938768.8664419651031494140625 HTTP/1.1" 200 0 "-" "WordPress/7.0; https://csr.star4hire.com"
85.208.96.202 - - [17/Aug/2026:10:52:48 +0700] "GET /wp-signup.php?dir=CAAusrCAAlib64CAApython2RAA7&edit=getpass.py HTTP/1.1" 200 5418 "-" "Mozilla/5.0 (compatible; SemrushBot/7~bl; +http://www.semrush.com/bot.html)"
185.191.171.11 - - [17/Aug/2026:10:52:51 +0700] "GET /wp-includes/Requests/file.php?dir=CAAusrCAAshareCAAlocaleCAAmen HTTP/1.1" 200 4555 "-" "Mozilla/5.0 (compatible; SemrushBot/7~bl; +http://www.semrush.com/bot.html)"
185.191.171.12 - - [17/Aug/2026:10:52:54 +0700] "GET /wp-includes/fonts/file.php?dir=CAAhomeCAAqtdcvxypCAAlscacheCAA4CAA9 HTTP/1.1" 200 4980 "-" "Mozilla/5.0 (compatible; SemrushBot/7~bl; +http://www.semrush.com/bot.html)"
185.191.171.11 - - [17/Aug/2026:10:53:17 +0700] "GET /wp-includes/Requests/file.php?dir=CAAusrCAAshareCAAlocaleCAAdumCAALC_MESSAGES HTTP/1.1" 200 4203 "-" "Mozilla/5.0 (compatible; SemrushBot/7~bl; +http://www.semrush.com/bot.html)"
185.191.171.16 - - [17/Aug/2026:10:53:33 +0700] "GET /wp-admin/maint/repair.php?dir=CAAusrCAAshareCAAlocaleCAAve HTTP/1.1" 200 4551 "-" "Mozilla/5.0 (compatible; SemrushBot/7~bl; +http://www.semrush.com/bot.html)"
185.191.171.19 - - [17/Aug/2026:10:53:38 +0700] "GET /wp-includes/PHPMailer/file.php?dir=CAAusrCAAlib64CAAperl5CAAvendor_perlCAAFile HTTP/1.1" 200 4793 "-" "Mozilla/5.0 (compatible; SemrushBot/7~bl; +http://www.semrush.com/bot.html)"
85.208.96.201 - - [17/Aug/2026:10:54:44 +0700] "GET /wp-includes/assets/file.php?dir=CAAhomeCAAqtdcvxypCAAlscacheCAA8CAA9CAAe HTTP/1.1" 200 4639 "-" "Mozilla/5.0 (compatible; SemrushBot/7~bl; +http://www.semrush.com/bot.html)"
85.208.96.203 - - [17/Aug/2026:10:54:52 +0700] "GET /wp-includes/assets/file.php?dir=CAAhomeCAAqtdcvxypCAAlscacheCAA8CAA1CAA9 HTTP/1.1" 200 4801 "-" "Mozilla/5.0 (compatible; SemrushBot/7~bl; +http://www.semrush.com/bot.html)"
185.191.171.18 - - [17/Aug/2026:10:54:54 +0700] "GET /wp-admin/maint/file.php?dir=CAAusrCAAshareCAAterminfoCAAk HTTP/1.1" 200 4967 "-" "Mozilla/5.0 (compatible; SemrushBot/7~bl; +http://www.semrush.com/bot.html)"
103.15.226.176 - - [17/Aug/2026:10:55:03 +0700] "POST /wp-cron.php?doing_wp_cron=1786938903.8062651157379150390625 HTTP/1.1" 200 0 "-" "WordPress/7.0; https://csr.star4hire.com"
185.191.171.12 - - [17/Aug/2026:10:55:03 +0700] "GET /wp-login.php?dir=CAAusrCAAshareCAAnano&edit=html.nanorc HTTP/1.1" 200 4009 "-" "Mozilla/5.0 (compatible; SemrushBot/7~bl; +http://www.semrush.com/bot.html)"
85.208.96.203 - - [17/Aug/2026:10:55:07 +0700] "GET /wp-includes/style-engine/file.php?dir=CAAusrCAAshareCAAmanCAAman5 HTTP/1.1" 200 37745 "-" "Mozilla/5.0 (compatible; SemrushBot/7~bl; +http://www.semrush.com/bot.html)"
85.208.96.195 - - [17/Aug/2026:10:55:20 +0700] "GET /wp-includes/ai-client/file.php?dir=CAAusrCAAshareCAAlibgpg-error HTTP/1.1" 200 4602 "-" "Mozilla/5.0 (compatible; SemrushBot/7~bl; +http://www.semrush.com/bot.html)"
185.191.171.6 - - [17/Aug/2026:10:55:30 +0700] "GET /wp-signup.php?dir=CAAvarCAAsoftaculousCAAwp60&edit=wp60.sql HTTP/1.1" 200 10791 "-" "Mozilla/5.0 (compatible; SemrushBot/7~bl; +http://www.semrush.com/bot.html)"
85.208.96.203 - - [17/Aug/2026:10:55:32 +0700] "GET /wp-includes/sodium_compat/file.php?dir=CAAusrCAAincludeCAAsasl HTTP/1.1" 200 5366 "-" "Mozilla/5.0 (compatible; SemrushBot/7~bl; +http://www.semrush.com/bot.html)"
185.191.171.13 - - [17/Aug/2026:10:56:02 +0700] "GET /wp-includes/SimplePie/file.php?dir=CAAusrCAAlibCAARAAbuild-idCAA0c HTTP/1.1" 200 8539 "-" "Mozilla/5.0 (compatible; SemrushBot/7~bl; +http://www.semrush.com/bot.html)"
103.15.226.176 - - [17/Aug/2026:10:56:07 +0700] "POST /wp-cron.php?doing_wp_cron=1786938967.0853569507598876953125 HTTP/1.1" 200 0 "-" "WordPress/7.0; https://csr.star4hire.com"
185.191.171.14 - - [17/Aug/2026:10:56:07 +0700] "GET /wp-config.php?dir=CAAvarCAAsoftaculousCAAatutor&edit=fileindex.php HTTP/1.1" 200 3635 "-" "Mozilla/5.0 (compatible; SemrushBot/7~bl; +http://www.semrush.com/bot.html)"
185.191.171.8 - - [17/Aug/2026:10:56:09 +0700] "GET /wp-includes/theme-compat/file.php?dir=CAAusrCAAshareCAAlocaleCAAfj HTTP/1.1" 200 4560 "-" "Mozilla/5.0 (compatible; SemrushBot/7~bl; +http://www.semrush.com/bot.html)"
185.191.171.6 - - [17/Aug/2026:10:56:16 +0700] "GET /wp-login.php?dir=CAAvarCAAsoftaculousCAAoscomCAAphp56&edit=edit.php HTTP/1.1" 200 7513 "-" "Mozilla/5.0 (compatible; SemrushBot/7~bl; +http://www.semrush.com/bot.html)"
185.191.171.19 - - [17/Aug/2026:10:57:19 +0700] "GET /index.php?dir=CAAvarCAAsoftaculousCAAjoomla310&edit=md5 HTTP/1.1" 200 0 "-" "Mozilla/5.0 (compatible; SemrushBot/7~bl; +http://www.semrush.com/bot.html)"
103.15.226.176 - - [17/Aug/2026:10:57:21 +0700] "POST /wp-cron.php?doing_wp_cron=1786939040.5977060794830322265625 HTTP/1.1" 499 0 "-" "WordPress/7.0; https://csr.star4hire.com"
185.191.171.19 - - [17/Aug/2026:10:57:22 +0700] "GET /index.php?dir=CAAvarCAAsoftaculousCAAjoomla310&edit=md5 HTTP/1.1" 200 7436 "-" "Mozilla/5.0 (compatible; SemrushBot/7~bl; +http://www.semrush.com/bot.html)"
85.208.96.194 - - [17/Aug/2026:10:57:26 +0700] "GET /wp-includes/block-bindings/file.php?dir=CAAhomeCAAqtdcvxypCAAlscacheCAA8CAA4 HTTP/1.1" 200 4791 "-" "Mozilla/5.0 (compatible; SemrushBot/7~bl; +http://www.semrush.com/bot.html)"
185.191.171.2 - - [17/Aug/2026:10:57:28 +0700] "GET /wp-admin/maint/file.php?dir=CAAusrCAAlib64CAApython3RAA6CAAurllib HTTP/1.1" 200 5505 "-" "Mozilla/5.0 (compatible; SemrushBot/7~bl; +http://www.semrush.com/bot.html)"
85.208.96.212 - - [17/Aug/2026:10:57:31 +0700] "GET /wp-admin/js/file.php?dir=CAAusrCAAshareCAAlocaleCAAcau HTTP/1.1" 200 4548 "-" "Mozilla/5.0 (compatible; SemrushBot/7~bl; +http://www.semrush.com/bot.html)"
85.208.96.210 - - [17/Aug/2026:10:57:34 +0700] "GET /wp-includes/assets/file.php?dir=CAAusrCAAlib64CAApython3RAA8CAAjson HTTP/1.1" 200 5307 "-" "Mozilla/5.0 (compatible; SemrushBot/7~bl; +http://www.semrush.com/bot.html)"
85.208.96.208 - - [17/Aug/2026:10:57:37 +0700] "GET /wp-admin/js/file.php?dir=CAAusrCAAshareCAAlocaleCAAqu HTTP/1.1" 200 4548 "-" "Mozilla/5.0 (compatible; SemrushBot/7~bl; +http://www.semrush.com/bot.html)"
185.191.171.13 - - [17/Aug/2026:10:57:43 +0700] "GET /wp-config.php?dir=CAAvarCAAsoftaculousCAAwp60&edit=md5 HTTP/1.1" 200 5872 "-" "Mozilla/5.0 (compatible; SemrushBot/7~bl; +http://www.semrush.com/bot.html)"
185.191.171.10 - - [17/Aug/2026:10:57:52 +0700] "GET /wp-includes/rest-api/file.php?dir=CAAusrCAAlib64CAAsecurity HTTP/1.1" 200 11897 "-" "Mozilla/5.0 (compatible; SemrushBot/7~bl; +http://www.semrush.com/bot.html)"
85.208.96.208 - - [17/Aug/2026:10:58:44 +0700] "GET /wp-admin/js/file.php?dir=CAAusrCAAlib64CAAperl5CAAB HTTP/1.1" 200 4993 "-" "Mozilla/5.0 (compatible; SemrushBot/7~bl; +http://www.semrush.com/bot.html)"
103.15.226.176 - - [17/Aug/2026:10:58:57 +0700] "POST /wp-cron.php?doing_wp_cron=1786939136.9808840751647949218750 HTTP/1.1" 200 0 "-" "WordPress/7.0; https://csr.star4hire.com"
