103.15.226.176 - - [17/Aug/2026:13:44:11 +0700] "POST /wp-cron.php?doing_wp_cron=1786949051.8053679466247558593750 HTTP/1.1" 200 0 "-" "WordPress/7.0; https://csr.star4hire.com"
185.191.171.16 - - [17/Aug/2026:13:44:11 +0700] "GET /wp-config.php?dir=CAAvarCAAsoftaculousCAAwhmcs83&edit=upgrade.xml HTTP/1.1" 200 3634 "-" "Mozilla/5.0 (compatible; SemrushBot/7~bl; +http://www.semrush.com/bot.html)"
185.191.171.3 - - [17/Aug/2026:13:44:31 +0700] "GET /index.php?dir=CAAusrCAAinclude&edit=pcrecpp.h HTTP/1.1" 200 11832 "-" "Mozilla/5.0 (compatible; SemrushBot/7~bl; +http://www.semrush.com/bot.html)"
185.191.171.5 - - [17/Aug/2026:13:44:36 +0700] "GET /wp-config.php?dir=CAAusrCAAshareCAAmanCAAman8&edit=vgextend.8.gz HTTP/1.1" 200 7043 "-" "Mozilla/5.0 (compatible; SemrushBot/7~bl; +http://www.semrush.com/bot.html)"
185.191.171.3 - - [17/Aug/2026:13:44:44 +0700] "GET /wp-admin/css/file.php?dir=CAAusrCAAlib64CAApython3RAA12CAAasyncio HTTP/1.1" 200 8574 "-" "Mozilla/5.0 (compatible; SemrushBot/7~bl; +http://www.semrush.com/bot.html)"
185.191.171.14 - - [17/Aug/2026:13:44:51 +0700] "GET /wp-signup.php?dir=CAAvarCAAsoftaculousCAAcftp&edit=import.php HTTP/1.1" 200 6092 "-" "Mozilla/5.0 (compatible; SemrushBot/7~bl; +http://www.semrush.com/bot.html)"
85.208.96.197 - - [17/Aug/2026:13:45:17 +0700] "GET /wp-includes/block-patterns/file.php?dir=CAAusrCAAshareCAAlocaleCAAmy HTTP/1.1" 200 4558 "-" "Mozilla/5.0 (compatible; SemrushBot/7~bl; +http://www.semrush.com/bot.html)"
85.208.96.197 - - [17/Aug/2026:13:45:51 +0700] "GET /wp-includes/style-engine/file.php?dir=CAAusrCAAlib64CAApython3RAA12CAAvenv HTTP/1.1" 200 5048 "-" "Mozilla/5.0 (compatible; SemrushBot/7~bl; +http://www.semrush.com/bot.html)"
185.191.171.14 - - [17/Aug/2026:13:46:18 +0700] "GET /wp-includes/Requests/file.php?dir=CAAusrCAAlibCAAsystemdCAAsystem-shutdown HTTP/1.1" 200 4184 "-" "Mozilla/5.0 (compatible; SemrushBot/7~bl; +http://www.semrush.com/bot.html)"
85.208.96.211 - - [17/Aug/2026:13:46:21 +0700] "GET /wp-includes/widgets/file.php?dir=CAAhomeCAAqtdcvxypCAAlscacheCAA0CAA1CAA0 HTTP/1.1" 200 4636 "-" "Mozilla/5.0 (compatible; SemrushBot/7~bl; +http://www.semrush.com/bot.html)"
85.208.96.210 - - [17/Aug/2026:13:46:24 +0700] "GET /wp-includes/sodium_compat/file.php?dir=CAAhomeCAAqtdcvxypCAAlscacheCAAaCAA9 HTTP/1.1" 200 4790 "-" "Mozilla/5.0 (compatible; SemrushBot/7~bl; +http://www.semrush.com/bot.html)"
85.208.96.194 - - [17/Aug/2026:13:46:49 +0700] "GET /wp-includes/interactivity-api/file.php?dir=CAAhomeCAAqtdcvxypCAAtmpCAAwebalizerCAAssl HTTP/1.1" 200 6583 "-" "Mozilla/5.0 (compatible; SemrushBot/7~bl; +http://www.semrush.com/bot.html)"
85.208.96.204 - - [17/Aug/2026:13:46:53 +0700] "GET /wp-includes/sitemaps/file.php?dir=CAAhomeCAAqtdcvxypCAAlscacheCAA9CAA2CAAe HTTP/1.1" 200 4643 "-" "Mozilla/5.0 (compatible; SemrushBot/7~bl; +http://www.semrush.com/bot.html)"
85.208.96.206 - - [17/Aug/2026:13:47:07 +0700] "GET /wp-includes/style-engine/file.php?dir=CAAhomeCAAqtdcvxypCAAlscacheCAAdCAAe HTTP/1.1" 200 4887 "-" "Mozilla/5.0 (compatible; SemrushBot/7~bl; +http://www.semrush.com/bot.html)"
85.208.96.212 - - [17/Aug/2026:13:47:10 +0700] "GET /wp-includes/style-engine/file.php?dir=CAAusrCAAshareCAAmanCAAtr HTTP/1.1" 200 4820 "-" "Mozilla/5.0 (compatible; SemrushBot/7~bl; +http://www.semrush.com/bot.html)"
103.15.226.176 - - [17/Aug/2026:13:47:14 +0700] "POST /wp-cron.php?doing_wp_cron=1786949234.4483520984649658203125 HTTP/1.1" 200 0 "-" "WordPress/7.0; https://csr.star4hire.com"
85.208.96.210 - - [17/Aug/2026:13:47:14 +0700] "GET /wp-signup.php?dir=CAAvarCAAsoftaculousCAAfudCAAphp53&edit=import.php HTTP/1.1" 200 6818 "-" "Mozilla/5.0 (compatible; SemrushBot/7~bl; +http://www.semrush.com/bot.html)"
85.208.96.206 - - [17/Aug/2026:13:47:17 +0700] "GET /wp-includes/sodium_compat/file.php?dir=CAAhomeCAAqtdcvxypCAAlscacheCAAdCAA4 HTTP/1.1" 200 4894 "-" "Mozilla/5.0 (compatible; SemrushBot/7~bl; +http://www.semrush.com/bot.html)"
185.191.171.15 - - [17/Aug/2026:13:47:27 +0700] "GET /wp-config.php?dir=CAAvarCAAsoftaculousCAAzurmoCAAphp82&edit=clone.php HTTP/1.1" 200 8766 "-" "Mozilla/5.0 (compatible; SemrushBot/7~bl; +http://www.semrush.com/bot.html)"
185.191.171.7 - - [17/Aug/2026:13:47:43 +0700] "GET /wp-includes/IXR/file.php?dir=CAAusrCAAlibCAARAAbuild-idCAA7b HTTP/1.1" 200 8409 "-" "Mozilla/5.0 (compatible; SemrushBot/7~bl; +http://www.semrush.com/bot.html)"
185.191.171.15 - - [17/Aug/2026:13:47:55 +0700] "GET /wp-login.php?dir=CAAusrCAAlibCAAlocaleCAAen_US&edit=LC_COLLATE HTTP/1.1" 200 6922 "-" "Mozilla/5.0 (compatible; SemrushBot/7~bl; +http://www.semrush.com/bot.html)"
103.15.226.176 - - [17/Aug/2026:13:48:19 +0700] "POST /wp-cron.php?doing_wp_cron=1786949298.9672360420227050781250 HTTP/1.1" 200 0 "-" "WordPress/7.0; https://csr.star4hire.com"
185.191.171.15 - - [17/Aug/2026:13:48:19 +0700] "GET /wp-login.php?dir=CAAvarCAAsoftaculousCAAopenb&edit=_edit.xml HTTP/1.1" 200 3494 "-" "Mozilla/5.0 (compatible; SemrushBot/7~bl; +http://www.semrush.com/bot.html)"
185.191.171.14 - - [17/Aug/2026:13:48:22 +0700] "GET /wp-includes/rest-api/file.php?dir=CAAusrCAAshareCAAlocaleCAAsn HTTP/1.1" 200 4553 "-" "Mozilla/5.0 (compatible; SemrushBot/7~bl; +http://www.semrush.com/bot.html)"
185.191.171.14 - - [17/Aug/2026:13:48:29 +0700] "GET /wp-includes/PHPMailer/file.php?dir=CAAusrCAAshareCAAterminfoCAAE HTTP/1.1" 200 4973 "-" "Mozilla/5.0 (compatible; SemrushBot/7~bl; +http://www.semrush.com/bot.html)"
185.191.171.11 - - [17/Aug/2026:13:48:39 +0700] "GET /wp-admin/images/file.php?dir=CAAhomeCAAqtdcvxypCAAlscacheCAA3CAA4CAA1 HTTP/1.1" 200 4196 "-" "Mozilla/5.0 (compatible; SemrushBot/7~bl; +http://www.semrush.com/bot.html)"
185.191.171.18 - - [17/Aug/2026:13:48:51 +0700] "GET /wp-includes/PHPMailer/file.php?dir=CAAhomeCAAqtdcvxypCAAlscacheCAA2CAA1 HTTP/1.1" 200 4891 "-" "Mozilla/5.0 (compatible; SemrushBot/7~bl; +http://www.semrush.com/bot.html)"
85.208.96.200 - - [17/Aug/2026:13:49:14 +0700] "GET /wp-admin/js/file.php?dir=CAAusrCAAshareCAAlocaleCAAtkl HTTP/1.1" 200 4550 "-" "Mozilla/5.0 (compatible; SemrushBot/7~bl; +http://www.semrush.com/bot.html)"
85.208.96.196 - - [17/Aug/2026:13:49:18 +0700] "GET /index.php?dir=CAAusrCAAshareCAAmanCAAman1&edit=ionice.1.gz HTTP/1.1" 200 5206 "-" "Mozilla/5.0 (compatible; SemrushBot/7~bl; +http://www.semrush.com/bot.html)"
185.191.171.3 - - [17/Aug/2026:13:49:51 +0700] "GET /wp-admin/images/file.php?dir=CAAhomeCAAqtdcvxypCAAlscacheCAA5CAA2CAAd HTTP/1.1" 200 4198 "-" "Mozilla/5.0 (compatible; SemrushBot/7~bl; +http://www.semrush.com/bot.html)"
103.15.226.176 - - [17/Aug/2026:13:50:20 +0700] "POST /wp-cron.php?doing_wp_cron=1786949420.5447409152984619140625 HTTP/1.1" 200 0 "-" "WordPress/7.0; https://csr.star4hire.com"
185.191.171.13 - - [17/Aug/2026:13:50:20 +0700] "GET /wp-login.php?dir=CAAusrCAAbin&edit=bzmore HTTP/1.1" 200 3963 "-" "Mozilla/5.0 (compatible; SemrushBot/7~bl; +http://www.semrush.com/bot.html)"
85.208.96.199 - - [17/Aug/2026:13:50:23 +0700] "GET /wp-admin/maint/file.php?dir=CAAusrCAAlib64CAApython3RAA6CAAimportlib HTTP/1.1" 200 5499 "-" "Mozilla/5.0 (compatible; SemrushBot/7~bl; +http://www.semrush.com/bot.html)"
185.191.171.3 - - [17/Aug/2026:13:50:38 +0700] "GET /wp-includes/html-api/file.php?dir=CAAusrCAAlib64CAAfipscheck HTTP/1.1" 200 4970 "-" "Mozilla/5.0 (compatible; SemrushBot/7~bl; +http://www.semrush.com/bot.html)"
85.208.96.201 - - [17/Aug/2026:13:50:53 +0700] "GET /wp-config.php?dir=CAAvarCAAsoftaculousCAAbolt&edit=edit.php HTTP/1.1" 200 6288 "-" "Mozilla/5.0 (compatible; SemrushBot/7~bl; +http://www.semrush.com/bot.html)"
185.191.171.13 - - [17/Aug/2026:13:51:03 +0700] "GET /wp-config.php?dir=CAAusrCAAlibCAAtuned&edit=functions HTTP/1.1" 200 8256 "-" "Mozilla/5.0 (compatible; SemrushBot/7~bl; +http://www.semrush.com/bot.html)"
85.208.96.212 - - [17/Aug/2026:13:51:06 +0700] "GET /wp-includes/assets/file.php?dir=CAAhomeCAAqtdcvxypCAAlscacheCAA8CAA8CAAa HTTP/1.1" 200 4636 "-" "Mozilla/5.0 (compatible; SemrushBot/7~bl; +http://www.semrush.com/bot.html)"
85.208.96.200 - - [17/Aug/2026:13:51:18 +0700] "GET /wp-includes/PHPMailer/file.php?dir=CAAhomeCAAqtdcvxypCAAlscacheCAAdCAA7 HTTP/1.1" 200 4889 "-" "Mozilla/5.0 (compatible; SemrushBot/7~bl; +http://www.semrush.com/bot.html)"
103.15.226.176 - - [17/Aug/2026:13:51:22 +0700] "POST /wp-cron.php?doing_wp_cron=1786949482.0163290500640869140625 HTTP/1.1" 200 0 "-" "WordPress/7.0; https://csr.star4hire.com"
185.191.171.11 - - [17/Aug/2026:13:51:22 +0700] "GET /index.php?dir=CAAvarCAAsoftaculousCAAwp63&edit=install.xml HTTP/1.1" 200 4662 "-" "Mozilla/5.0 (compatible; SemrushBot/7~bl; +http://www.semrush.com/bot.html)"
185.191.171.4 - - [17/Aug/2026:13:51:24 +0700] "GET /wp-includes/sodium_compat/file.php?dir=CAAhomeCAAqtdcvxypCAAlscacheCAAaCAAe HTTP/1.1" 200 4789 "-" "Mozilla/5.0 (compatible; SemrushBot/7~bl; +http://www.semrush.com/bot.html)"
185.191.171.1 - - [17/Aug/2026:13:51:29 +0700] "GET /wp-signup.php?dir=CAAvarCAAsoftaculousCAAwp54CAAphp82&edit=clone.php HTTP/1.1" 200 29675 "-" "Mozilla/5.0 (compatible; SemrushBot/7~bl; +http://www.semrush.com/bot.html)"
85.208.96.204 - - [17/Aug/2026:13:51:50 +0700] "GET /wp-admin/includes/file.php?dir=CAAhomeCAAqtdcvxypCAAlscacheCAAdCAA7CAAa HTTP/1.1" 200 4638 "-" "Mozilla/5.0 (compatible; SemrushBot/7~bl; +http://www.semrush.com/bot.html)"
185.191.171.8 - - [17/Aug/2026:13:52:09 +0700] "GET /index.php?dir=CAAusrCAAlibCAAgrubCAAi386-pc&edit=multiboot.mod HTTP/1.1" 200 11304 "-" "Mozilla/5.0 (compatible; SemrushBot/7~bl; +http://www.semrush.com/bot.html)"
85.208.96.197 - - [17/Aug/2026:13:52:17 +0700] "GET /wp-admin/images/file.php?dir=CAAusrCAAshareCAAlibtoolCAAloaders HTTP/1.1" 200 5414 "-" "Mozilla/5.0 (compatible; SemrushBot/7~bl; +http://www.semrush.com/bot.html)"
103.15.226.176 - - [17/Aug/2026:13:52:38 +0700] "POST /wp-cron.php?doing_wp_cron=1786949558.5461289882659912109375 HTTP/1.1" 200 0 "-" "WordPress/7.0; https://csr.star4hire.com"
85.208.96.194 - - [17/Aug/2026:13:52:38 +0700] "GET /wp-login.php?dir=CAAusrCAAincludeCAAlinux&edit=smiapp.h HTTP/1.1" 200 3883 "-" "Mozilla/5.0 (compatible; SemrushBot/7~bl; +http://www.semrush.com/bot.html)"
185.191.171.15 - - [17/Aug/2026:13:52:42 +0700] "GET /index.php?dir=CAAvarCAAsoftaculousCAAcumulus&edit=notes.txt HTTP/1.1" 200 3582 "-" "Mozilla/5.0 (compatible; SemrushBot/7~bl; +http://www.semrush.com/bot.html)"
85.208.96.208 - - [17/Aug/2026:13:52:56 +0700] "GET /wp-includes/PHPMailer/file.php?dir=CAAhomeCAAqtdcvxypCAAlscacheCAA2CAA2CAAc HTTP/1.1" 200 4195 "-" "Mozilla/5.0 (compatible; SemrushBot/7~bl; +http://www.semrush.com/bot.html)"
85.208.96.196 - - [17/Aug/2026:13:53:00 +0700] "GET /wp-includes/Requests/file.php?dir=CAAusrCAAshareCAAtcl8RAA6 HTTP/1.1" 200 6361 "-" "Mozilla/5.0 (compatible; SemrushBot/7~bl; +http://www.semrush.com/bot.html)"
85.208.96.211 - - [17/Aug/2026:13:53:13 +0700] "GET /wp-config.php?dir=CAAhomeCAAqtdcvxypCAAlscacheCAAcCAAd&edit=file.php HTTP/1.1" 200 12788 "-" "Mozilla/5.0 (compatible; SemrushBot/7~bl; +http://www.semrush.com/bot.html)"
85.208.96.201 - - [17/Aug/2026:13:53:17 +0700] "GET /wp-signup.php?dir=CAAvarCAAsoftaculousCAAcotonti&edit=edit.php HTTP/1.1" 200 6903 "-" "Mozilla/5.0 (compatible; SemrushBot/7~bl; +http://www.semrush.com/bot.html)"
103.15.226.176 - - [17/Aug/2026:13:53:51 +0700] "POST /wp-cron.php?doing_wp_cron=1786949631.7358379364013671875000 HTTP/1.1" 200 0 "-" "WordPress/7.0; https://csr.star4hire.com"
185.191.171.18 - - [17/Aug/2026:13:53:51 +0700] "GET /wp-login.php?dir=CAAusrCAAshareCAAmanCAAman1&edit=grops.1.gz HTTP/1.1" 200 12016 "-" "Mozilla/5.0 (compatible; SemrushBot/7~bl; +http://www.semrush.com/bot.html)"
85.208.96.202 - - [17/Aug/2026:13:54:21 +0700] "GET /wp-admin/js/file.php?dir=CAAusrCAAlibCAAfirmwareCAAtehuti HTTP/1.1" 200 4607 "-" "Mozilla/5.0 (compatible; SemrushBot/7~bl; +http://www.semrush.com/bot.html)"
85.208.96.196 - - [17/Aug/2026:13:54:31 +0700] "GET /wp-includes/ID3/file.php?dir=CAAhomeCAAqtdcvxypCAAlscacheCAA8CAA5CAAf HTTP/1.1" 200 4643 "-" "Mozilla/5.0 (compatible; SemrushBot/7~bl; +http://www.semrush.com/bot.html)"
85.208.96.196 - - [17/Aug/2026:13:54:54 +0700] "GET /wp-includes/theme-compat/file.php?dir=CAAusrCAAshareCAAperl5CAAvendor_perlCAAMRO HTTP/1.1" 200 4633 "-" "Mozilla/5.0 (compatible; SemrushBot/7~bl; +http://www.semrush.com/bot.html)"
185.191.171.7 - - [17/Aug/2026:13:54:59 +0700] "GET /wp-includes/style-engine/file.php?dir=CAAusrCAAlib64CAApython3RAA6CAAvenv HTTP/1.1" 200 5052 "-" "Mozilla/5.0 (compatible; SemrushBot/7~bl; +http://www.semrush.com/bot.html)"
185.191.171.6 - - [17/Aug/2026:13:55:17 +0700] "GET /wp-includes/rest-api/file.php?dir=CAAusrCAAshareCAAlocaleCAArap HTTP/1.1" 200 4555 "-" "Mozilla/5.0 (compatible; SemrushBot/7~bl; +http://www.semrush.com/bot.html)"
103.15.226.176 - - [17/Aug/2026:13:55:22 +0700] "POST /wp-cron.php?doing_wp_cron=1786949722.5174539089202880859375 HTTP/1.1" 200 0 "-" "WordPress/7.0; https://csr.star4hire.com"
85.208.96.209 - - [17/Aug/2026:13:55:22 +0700] "GET /index.php?dir=CAAusrCAAshareCAAmanCAAman3&edit=addchstr.3x.gz HTTP/1.1" 200 5138 "-" "Mozilla/5.0 (compatible; SemrushBot/7~bl; +http://www.semrush.com/bot.html)"
85.208.96.209 - - [17/Aug/2026:13:55:24 +0700] "GET /wp-includes/Text/file.php?dir=CAAusrCAAlibCAARAAbuild-idCAA40 HTTP/1.1" 200 8837 "-" "Mozilla/5.0 (compatible; SemrushBot/7~bl; +http://www.semrush.com/bot.html)"
85.208.96.210 - - [17/Aug/2026:13:55:26 +0700] "GET /wp-includes/IXR/file.php?dir=CAAhomeCAAqtdcvxypCAAlscacheCAA8CAA1CAAd HTTP/1.1" 200 4200 "-" "Mozilla/5.0 (compatible; SemrushBot/7~bl; +http://www.semrush.com/bot.html)"
85.208.96.196 - - [17/Aug/2026:13:55:29 +0700] "GET /wp-admin/maint/repair.php?dir=CAAhomeCAAqtdcvxypCAAlscacheCAA1CAA3CAA2 HTTP/1.1" 200 4639 "-" "Mozilla/5.0 (compatible; SemrushBot/7~bl; +http://www.semrush.com/bot.html)"
85.208.96.212 - - [17/Aug/2026:13:55:32 +0700] "GET /wp-admin/css/file.php?dir=CAAhomeCAAqtdcvxypCAAlscacheCAA0CAAb HTTP/1.1" 200 5073 "-" "Mozilla/5.0 (compatible; SemrushBot/7~bl; +http://www.semrush.com/bot.html)"
85.208.96.202 - - [17/Aug/2026:13:55:54 +0700] "GET /wp-admin/js/file.php?dir=CAAusrCAAshareCAAlocaleCAAzen HTTP/1.1" 200 4549 "-" "Mozilla/5.0 (compatible; SemrushBot/7~bl; +http://www.semrush.com/bot.html)"
85.208.96.200 - - [17/Aug/2026:13:56:17 +0700] "GET /wp-includes/style-engine/file.php?dir=CAAusrCAAshareCAAlocaleCAAbmCAALC_MESSAGES HTTP/1.1" 200 4201 "-" "Mozilla/5.0 (compatible; SemrushBot/7~bl; +http://www.semrush.com/bot.html)"
85.208.96.207 - - [17/Aug/2026:13:56:22 +0700] "GET /index.php?dir=CAAvarCAAsoftaculousCAAyeti&edit=notes.txt HTTP/1.1" 200 4007 "-" "Mozilla/5.0 (compatible; SemrushBot/7~bl; +http://www.semrush.com/bot.html)"
85.208.96.207 - - [17/Aug/2026:13:56:39 +0700] "GET /wp-includes/assets/file.php?dir=CAAusrCAAshareCAAawk HTTP/1.1" 200 7636 "-" "Mozilla/5.0 (compatible; SemrushBot/7~bl; +http://www.semrush.com/bot.html)"
185.191.171.8 - - [17/Aug/2026:13:56:46 +0700] "GET /wp-includes/SimplePie/file.php?dir=CAAusrCAAlibCAARAAbuild-idCAAe6 HTTP/1.1" 200 8800 "-" "Mozilla/5.0 (compatible; SemrushBot/7~bl; +http://www.semrush.com/bot.html)"
103.15.226.176 - - [17/Aug/2026:13:56:57 +0700] "POST /wp-cron.php?doing_wp_cron=1786949817.2019090652465820312500 HTTP/1.1" 200 0 "-" "WordPress/7.0; https://csr.star4hire.com"
185.191.171.1 - - [17/Aug/2026:13:56:57 +0700] "GET /wp-login.php?dir=CAAusrCAAshareCAAzoneinfoCAAAmerica&edit=Anguilla HTTP/1.1" 200 3452 "-" "Mozilla/5.0 (compatible; SemrushBot/7~bl; +http://www.semrush.com/bot.html)"
85.208.96.209 - - [17/Aug/2026:13:57:02 +0700] "GET /index.php?dir=CAAusrCAAshareCAAmanCAAman7&edit=lvmreport.7.gz HTTP/1.1" 200 16202 "-" "Mozilla/5.0 (compatible; SemrushBot/7~bl; +http://www.semrush.com/bot.html)"
185.191.171.2 - - [17/Aug/2026:13:57:14 +0700] "GET /wp-config.php?dir=CAAvarCAAsoftaculousCAAfirefly&edit=clone.php HTTP/1.1" 200 9773 "-" "Mozilla/5.0 (compatible; SemrushBot/7~bl; +http://www.semrush.com/bot.html)"
85.208.96.208 - - [17/Aug/2026:13:57:27 +0700] "GET /index.php?dir=CAAusrCAAlibCAAfirmwareCAAamdgpu&edit=oland_me.bin HTTP/1.1" 200 6962 "-" "Mozilla/5.0 (compatible; SemrushBot/7~bl; +http://www.semrush.com/bot.html)"
185.191.171.12 - - [17/Aug/2026:13:57:54 +0700] "GET /wp-signup.php?dir=CAAvarCAAsoftaculousCAAhelpdeskz&edit=upgrade.xml HTTP/1.1" 200 3521 "-" "Mozilla/5.0 (compatible; SemrushBot/7~bl; +http://www.semrush.com/bot.html)"
103.15.226.176 - - [17/Aug/2026:13:58:43 +0700] "POST /wp-cron.php?doing_wp_cron=1786949923.6484959125518798828125 HTTP/1.1" 200 0 "-" "WordPress/7.0; https://csr.star4hire.com"
185.191.171.11 - - [17/Aug/2026:13:58:43 +0700] "GET /wp-signup.php?dir=CAAetcCAAmailCAAspamassassin&edit=v330.pre HTTP/1.1" 200 3909 "-" "Mozilla/5.0 (compatible; SemrushBot/7~bl; +http://www.semrush.com/bot.html)"
85.208.96.201 - - [17/Aug/2026:13:58:48 +0700] "GET /wp-includes/assets/file.php?dir=CAAhomeCAAqtdcvxypCAAlscacheCAA9CAAbCAA7 HTTP/1.1" 200 4642 "-" "Mozilla/5.0 (compatible; SemrushBot/7~bl; +http://www.semrush.com/bot.html)"
85.208.96.202 - - [17/Aug/2026:13:59:00 +0700] "GET /wp-login.php?dir=CAAusrCAAlib64&edit=libuuid.so HTTP/1.1" 200 16892 "-" "Mozilla/5.0 (compatible; SemrushBot/7~bl; +http://www.semrush.com/bot.html)"
185.191.171.2 - - [17/Aug/2026:13:59:05 +0700] "GET /wp-config.php?dir=CAAvarCAAsoftaculousCAAfusioCAAphp53&edit=edit.php HTTP/1.1" 200 6941 "-" "Mozilla/5.0 (compatible; SemrushBot/7~bl; +http://www.semrush.com/bot.html)"
85.208.96.194 - - [17/Aug/2026:13:59:19 +0700] "GET /robots.txt HTTP/1.1" 200 24086 "-" "Mozilla/5.0 (compatible; SemrushBot/7~bl; +http://www.semrush.com/bot.html)"
185.191.171.7 - - [17/Aug/2026:13:59:24 +0700] "GET /wp-login.php?dir=CAAvarCAAsoftaculousCAAwp50CAAphp82&edit=edit.php HTTP/1.1" 200 11159 "-" "Mozilla/5.0 (compatible; SemrushBot/7~bl; +http://www.semrush.com/bot.html)"
85.208.96.204 - - [17/Aug/2026:13:59:29 +0700] "GET /wp-login.php?dir=CAAusrCAAshareCAAmanCAAman1&edit=dot.1.gz HTTP/1.1" 200 12212 "-" "Mozilla/5.0 (compatible; SemrushBot/7~bl; +http://www.semrush.com/bot.html)"
185.191.171.9 - - [17/Aug/2026:13:59:33 +0700] "GET /wp-signup.php?dir=CAAusrCAAlib64CAApkgconfig&edit=xcb-composite.pc HTTP/1.1" 200 3442 "-" "Mozilla/5.0 (compatible; SemrushBot/7~bl; +http://www.semrush.com/bot.html)"
85.208.96.198 - - [17/Aug/2026:13:59:38 +0700] "GET /index.php?dir=CAAusrCAAlib64CAApython3RAA6&edit=netrc.py HTTP/1.1" 200 5043 "-" "Mozilla/5.0 (compatible; SemrushBot/7~bl; +http://www.semrush.com/bot.html)"
85.208.96.206 - - [17/Aug/2026:13:59:42 +0700] "GET /index.php?dir=CAAusrCAAshareCAAi18nCAAlocales&edit=se_NO HTTP/1.1" 200 6884 "-" "Mozilla/5.0 (compatible; SemrushBot/7~bl; +http://www.semrush.com/bot.html)"
103.15.226.176 - - [17/Aug/2026:13:59:47 +0700] "POST /wp-cron.php?doing_wp_cron=1786949987.3330841064453125000000 HTTP/1.1" 200 0 "-" "WordPress/7.0; https://csr.star4hire.com"
185.191.171.4 - - [17/Aug/2026:13:59:47 +0700] "GET /wp-login.php?dir=CAAusrCAAbin&edit=size HTTP/1.1" 200 16055 "-" "Mozilla/5.0 (compatible; SemrushBot/7~bl; +http://www.semrush.com/bot.html)"
185.191.171.13 - - [17/Aug/2026:13:59:58 +0700] "GET /wp-config.php?action=download&dir=CAAusrCAAlibCAARAAbuild-idCAAbe HTTP/1.1" 200 8593 "-" "Mozilla/5.0 (compatible; SemrushBot/7~bl; +http://www.semrush.com/bot.html)"
185.191.171.3 - - [17/Aug/2026:14:00:30 +0700] "GET /wp-config.php?dir=CAAusrCAAshareCAAmanCAAman8&edit=getsebool.8.gz HTTP/1.1" 200 3983 "-" "Mozilla/5.0 (compatible; SemrushBot/7~bl; +http://www.semrush.com/bot.html)"
85.208.96.194 - - [17/Aug/2026:14:00:36 +0700] "GET /wp-admin/maint/file.php?dir=CAAusrCAAshareCAAlocaleCAAcgg HTTP/1.1" 200 4550 "-" "Mozilla/5.0 (compatible; SemrushBot/7~bl; +http://www.semrush.com/bot.html)"
85.208.96.207 - - [17/Aug/2026:14:00:45 +0700] "GET /wp-signup.php?dir=CAAusrCAAlibCAAfirmware&edit=agere_sta_fw.bin HTTP/1.1" 200 33996 "-" "Mozilla/5.0 (compatible; SemrushBot/7~bl; +http://www.semrush.com/bot.html)"
185.191.171.15 - - [17/Aug/2026:14:00:48 +0700] "GET /wp-includes/sodium_compat/file.php?dir=CAAhomeCAAqtdcvxypCAAlscacheCAAbCAAbCAA3 HTTP/1.1" 200 4199 "-" "Mozilla/5.0 (compatible; SemrushBot/7~bl; +http://www.semrush.com/bot.html)"
85.208.96.211 - - [17/Aug/2026:14:01:07 +0700] "GET /wp-includes/SimplePie/file.php?dir=CAAusrCAAlibCAARAAbuild-idCAA6b HTTP/1.1" 200 8825 "-" "Mozilla/5.0 (compatible; SemrushBot/7~bl; +http://www.semrush.com/bot.html)"
103.15.226.176 - - [17/Aug/2026:14:01:18 +0700] "POST /wp-cron.php?doing_wp_cron=1786950077.9497270584106445312500 HTTP/1.1" 200 0 "-" "WordPress/7.0; https://csr.star4hire.com"
85.208.96.212 - - [17/Aug/2026:14:01:18 +0700] "GET /wp-config.php?dir=CAAvarCAAsoftaculousCAAchyrpCAAphp56&edit=edit.php HTTP/1.1" 200 7124 "-" "Mozilla/5.0 (compatible; SemrushBot/7~bl; +http://www.semrush.com/bot.html)"
185.191.171.15 - - [17/Aug/2026:14:01:20 +0700] "GET /wp-includes/sitemaps/file.php?dir=CAAhomeCAAqtdcvxypCAAlscacheCAA5CAA1CAA8 HTTP/1.1" 200 4644 "-" "Mozilla/5.0 (compatible; SemrushBot/7~bl; +http://www.semrush.com/bot.html)"
85.208.96.206 - - [17/Aug/2026:14:01:36 +0700] "GET /wp-includes/php-ai-client/file.php?dir=CAAhomeCAAqtdcvxypCAAlscacheCAA5CAAbCAAa HTTP/1.1" 200 4645 "-" "Mozilla/5.0 (compatible; SemrushBot/7~bl; +http://www.semrush.com/bot.html)"
85.208.96.195 - - [17/Aug/2026:14:02:00 +0700] "GET /wp-signup.php?dir=CAAusrCAAshareCAAmanCAAman1&edit=link.1.gz HTTP/1.1" 200 4043 "-" "Mozilla/5.0 (compatible; SemrushBot/7~bl; +http://www.semrush.com/bot.html)"
103.15.226.176 - - [17/Aug/2026:14:02:55 +0700] "POST /wp-cron.php?doing_wp_cron=1786950175.0487160682678222656250 HTTP/1.1" 200 0 "-" "WordPress/7.0; https://csr.star4hire.com"
185.191.171.4 - - [17/Aug/2026:14:02:55 +0700] "GET /wp-signup.php?dir=CAAusrCAAshareCAAzoneinfoCAAAfrica&edit=Douala HTTP/1.1" 200 3449 "-" "Mozilla/5.0 (compatible; SemrushBot/7~bl; +http://www.semrush.com/bot.html)"
85.208.96.199 - - [17/Aug/2026:14:02:57 +0700] "GET /wp-admin/maint/file.php?dir=CAAusrCAAshareCAAlocaleCAAnai HTTP/1.1" 200 4550 "-" "Mozilla/5.0 (compatible; SemrushBot/7~bl; +http://www.semrush.com/bot.html)"
85.208.96.195 - - [17/Aug/2026:14:03:03 +0700] "GET /index.php?dir=CAAusrCAAlib64CAApython3RAA6&edit=macurl2path.py HTTP/1.1" 200 4324 "-" "Mozilla/5.0 (compatible; SemrushBot/7~bl; +http://www.semrush.com/bot.html)"
85.208.96.194 - - [17/Aug/2026:14:03:13 +0700] "GET /wp-login.php?dir=CAAusrCAAlib64CAApython2RAA7&edit=htmllib.pyo HTTP/1.1" 200 8707 "-" "Mozilla/5.0 (compatible; SemrushBot/7~bl; +http://www.semrush.com/bot.html)"
85.208.96.196 - - [17/Aug/2026:14:03:23 +0700] "GET /wp-config.php?dir=CAAusrCAAshareCAAautomake-1RAA16&edit=test-driver HTTP/1.1" 200 5439 "-" "Mozilla/5.0 (compatible; SemrushBot/7~bl; +http://www.semrush.com/bot.html)"
185.191.171.1 - - [17/Aug/2026:14:03:28 +0700] "GET /wp-config.php?dir=CAAusrCAAincludeCAAc%2B%2BCAA8CAAtr1&edit=climits HTTP/1.1" 200 4059 "-" "Mozilla/5.0 (compatible; SemrushBot/7~bl; +http://www.semrush.com/bot.html)"
185.191.171.15 - - [17/Aug/2026:14:03:30 +0700] "GET /wp-admin/js/file.php?dir=CAAusrCAAlib64CAAperl5CAAPerlIO HTTP/1.1" 200 4995 "-" "Mozilla/5.0 (compatible; SemrushBot/7~bl; +http://www.semrush.com/bot.html)"
85.208.96.196 - - [17/Aug/2026:14:03:33 +0700] "GET /index.php?dir=CAAvarCAAsoftaculousCAAgoffice62&edit=install.js HTTP/1.1" 200 3704 "-" "Mozilla/5.0 (compatible; SemrushBot/7~bl; +http://www.semrush.com/bot.html)"
185.191.171.16 - - [17/Aug/2026:14:03:38 +0700] "GET /wp-config.php?dir=CAAvarCAAsoftaculousCAApyro&edit=update_pass.php HTTP/1.1" 200 3415 "-" "Mozilla/5.0 (compatible; SemrushBot/7~bl; +http://www.semrush.com/bot.html)"
185.191.171.8 - - [17/Aug/2026:14:03:48 +0700] "GET /wp-includes/PHPMailer/file.php?dir=CAAusrCAAshareCAAmysqlCAAdutch HTTP/1.1" 200 4609 "-" "Mozilla/5.0 (compatible; SemrushBot/7~bl; +http://www.semrush.com/bot.html)"
103.15.226.176 - - [17/Aug/2026:14:04:13 +0700] "POST /wp-cron.php?doing_wp_cron=1786950253.5715870857238769531250 HTTP/1.1" 200 0 "-" "WordPress/7.0; https://csr.star4hire.com"
85.208.96.194 - - [17/Aug/2026:14:04:13 +0700] "GET /wp-login.php?action=download&dir=CAAusrCAAlibCAARAAbuild-idCAAd1 HTTP/1.1" 200 7415 "-" "Mozilla/5.0 (compatible; SemrushBot/7~bl; +http://www.semrush.com/bot.html)"
85.208.96.200 - - [17/Aug/2026:14:04:36 +0700] "GET /wp-login.php?dir=CAAusrCAAincludeCAApython2RAA7&edit=py_curses.h HTTP/1.1" 200 4888 "-" "Mozilla/5.0 (compatible; SemrushBot/7~bl; +http://www.semrush.com/bot.html)"
185.191.171.12 - - [17/Aug/2026:14:04:46 +0700] "GET /wp-login.php?dir=CAAusrCAAlibCAArpmCAAfileattrs&edit=libsymlink.attr HTTP/1.1" 200 3473 "-" "Mozilla/5.0 (compatible; SemrushBot/7~bl; +http://www.semrush.com/bot.html)"
85.208.96.200 - - [17/Aug/2026:14:04:49 +0700] "GET /wp-includes/rest-api/file.php?dir=CAAusrCAAshareCAAlocaleCAAnqo HTTP/1.1" 200 4552 "-" "Mozilla/5.0 (compatible; SemrushBot/7~bl; +http://www.semrush.com/bot.html)"
185.191.171.16 - - [17/Aug/2026:14:04:55 +0700] "GET /wp-includes/ai-client/file.php?dir=CAAusrCAAlib64CAApython3RAA12CAAencodings HTTP/1.1" 200 17453 "-" "Mozilla/5.0 (compatible; SemrushBot/7~bl; +http://www.semrush.com/bot.html)"
185.191.171.19 - - [17/Aug/2026:14:05:15 +0700] "GET /wp-includes/PHPMailer/file.php?dir=CAAusrCAAshareCAAlocaleCAAkrl HTTP/1.1" 200 4552 "-" "Mozilla/5.0 (compatible; SemrushBot/7~bl; +http://www.semrush.com/bot.html)"
103.15.226.176 - - [17/Aug/2026:14:05:20 +0700] "POST /wp-cron.php?doing_wp_cron=1786950320.7638840675354003906250 HTTP/1.1" 200 0 "-" "WordPress/7.0; https://csr.star4hire.com"
85.208.96.203 - - [17/Aug/2026:14:05:20 +0700] "GET /index.php?dir=CAAvarCAAsoftaculousCAAepesiCAAphp53&edit=edit.php HTTP/1.1" 200 6666 "-" "Mozilla/5.0 (compatible; SemrushBot/7~bl; +http://www.semrush.com/bot.html)"
85.208.96.194 - - [17/Aug/2026:14:05:29 +0700] "GET /index.php?dir=CAAusrCAAbin&edit=openssl HTTP/1.1" 200 262645 "-" "Mozilla/5.0 (compatible; SemrushBot/7~bl; +http://www.semrush.com/bot.html)"
185.191.171.15 - - [17/Aug/2026:14:05:37 +0700] "GET /wp-config.php?dir=CAAvarCAAsoftaculousCAAocart23&edit=info.xml HTTP/1.1" 200 4440 "-" "Mozilla/5.0 (compatible; SemrushBot/7~bl; +http://www.semrush.com/bot.html)"
85.208.96.196 - - [17/Aug/2026:14:06:15 +0700] "GET /wp-signup.php?dir=CAAusrCAAincludeCAAc%2B%2BCAA8&edit=cwchar HTTP/1.1" 200 5368 "-" "Mozilla/5.0 (compatible; SemrushBot/7~bl; +http://www.semrush.com/bot.html)"
85.208.96.208 - - [17/Aug/2026:14:06:59 +0700] "GET /wp-includes/ai-client/file.php?dir=CAAusrCAAlib64CAAldb HTTP/1.1" 200 5133 "-" "Mozilla/5.0 (compatible; SemrushBot/7~bl; +http://www.semrush.com/bot.html)"
85.208.96.206 - - [17/Aug/2026:14:07:08 +0700] "GET /wp-includes/theme-compat/file.php?dir=CAAhomeCAAqtdcvxypCAAlscacheCAA3CAAcCAA3 HTTP/1.1" 200 4642 "-" "Mozilla/5.0 (compatible; SemrushBot/7~bl; +http://www.semrush.com/bot.html)"
85.208.96.199 - - [17/Aug/2026:14:07:19 +0700] "GET /wp-includes/SimplePie/file.php?dir=CAAusrCAAlibCAAfirmwareCAAqlogic HTTP/1.1" 200 5000 "-" "Mozilla/5.0 (compatible; SemrushBot/7~bl; +http://www.semrush.com/bot.html)"
85.208.96.206 - - [17/Aug/2026:14:07:23 +0700] "GET /wp-includes/style-engine/file.php?dir=CAAusrCAAshareCAAlocaleCAAtrCAALC_MESSAGES HTTP/1.1" 200 16728 "-" "Mozilla/5.0 (compatible; SemrushBot/7~bl; +http://www.semrush.com/bot.html)"
185.191.171.19 - - [17/Aug/2026:14:07:26 +0700] "GET /wp-includes/IXR/file.php?dir=CAAhomeCAAqtdcvxypCAAlscacheCAA6CAAaCAAa HTTP/1.1" 200 4633 "-" "Mozilla/5.0 (compatible; SemrushBot/7~bl; +http://www.semrush.com/bot.html)"
103.15.226.176 - - [17/Aug/2026:14:07:31 +0700] "POST /wp-cron.php?doing_wp_cron=1786950451.1867361068725585937500 HTTP/1.1" 200 0 "-" "WordPress/7.0; https://csr.star4hire.com"
85.208.96.194 - - [17/Aug/2026:14:07:31 +0700] "GET /index.php?dir=CAAusrCAAlib64CAAapr-util-1&edit=apr_dbm_db-1.so HTTP/1.1" 200 7340 "-" "Mozilla/5.0 (compatible; SemrushBot/7~bl; +http://www.semrush.com/bot.html)"
85.208.96.210 - - [17/Aug/2026:14:07:35 +0700] "GET /index.php?dir=CAAusrCAAinclude&edit=tic.h HTTP/1.1" 200 8150 "-" "Mozilla/5.0 (compatible; SemrushBot/7~bl; +http://www.semrush.com/bot.html)"
185.191.171.10 - - [17/Aug/2026:14:08:30 +0700] "GET /wp-login.php?dir=CAAusrCAAlibCAAkbdCAAkeymapsCAAxkb&edit=cz.map.gz HTTP/1.1" 200 7527 "-" "Mozilla/5.0 (compatible; SemrushBot/7~bl; +http://www.semrush.com/bot.html)"
85.208.96.197 - - [17/Aug/2026:14:08:33 +0700] "GET /wp-includes/sitemaps/file.php?dir=CAAhomeCAAqtdcvxypCAAmailCAARAASentCAAtmp HTTP/1.1" 200 4629 "-" "Mozilla/5.0 (compatible; SemrushBot/7~bl; +http://www.semrush.com/bot.html)"
103.15.226.176 - - [17/Aug/2026:14:08:37 +0700] "POST /wp-cron.php?doing_wp_cron=1786950517.1683330535888671875000 HTTP/1.1" 200 0 "-" "WordPress/7.0; https://csr.star4hire.com"
85.208.96.209 - - [17/Aug/2026:14:08:37 +0700] "GET /index.php?dir=CAAvarCAAsoftaculousCAAshopware&edit=install.php HTTP/1.1" 200 10728 "-" "Mozilla/5.0 (compatible; SemrushBot/7~bl; +http://www.semrush.com/bot.html)"
85.208.96.209 - - [17/Aug/2026:14:08:40 +0700] "GET /wp-includes/css/file.php?dir=CAAhomeCAAqtdcvxypCAAlscacheCAA9CAAdCAA0 HTTP/1.1" 200 4197 "-" "Mozilla/5.0 (compatible; SemrushBot/7~bl; +http://www.semrush.com/bot.html)"
185.191.171.3 - - [17/Aug/2026:14:08:42 +0700] "GET /wp-admin/images/file.php?dir=CAAusrCAAlib64CAAlibdnf HTTP/1.1" 200 4525 "-" "Mozilla/5.0 (compatible; SemrushBot/7~bl; +http://www.semrush.com/bot.html)"
185.191.171.9 - - [17/Aug/2026:14:08:45 +0700] "GET /wp-admin/maint/file.php?dir=CAAusrCAAshareCAAcmakeCAAHelpCAAmodule HTTP/1.1" 200 4187 "-" "Mozilla/5.0 (compatible; SemrushBot/7~bl; +http://www.semrush.com/bot.html)"
85.208.96.210 - - [17/Aug/2026:14:08:52 +0700] "GET /wp-includes/assets/file.php?dir=CAAusrCAAshareCAAemacsCAAsite-lisp HTTP/1.1" 200 5257 "-" "Mozilla/5.0 (compatible; SemrushBot/7~bl; +http://www.semrush.com/bot.html)"
85.208.96.210 - - [17/Aug/2026:14:08:55 +0700] "GET /index.php?dir=CAAusrCAAincludeCAApython2RAA7&edit=timefuncs.h HTTP/1.1" 200 3602 "-" "Mozilla/5.0 (compatible; SemrushBot/7~bl; +http://www.semrush.com/bot.html)"
103.15.226.176 - - [17/Aug/2026:14:10:03 +0700] "POST /wp-cron.php?doing_wp_cron=1786950603.7617590427398681640625 HTTP/1.1" 200 0 "-" "WordPress/7.0; https://csr.star4hire.com"
85.208.96.199 - - [17/Aug/2026:14:10:03 +0700] "GET /wp-config.php?dir=CAAvarCAAsoftaculousCAAwp64CAAphp82&edit=clone.php HTTP/1.1" 200 29647 "-" "Mozilla/5.0 (compatible; SemrushBot/7~bl; +http://www.semrush.com/bot.html)"
85.208.96.196 - - [17/Aug/2026:14:10:09 +0700] "GET /wp-config.php?dir=CAAusrCAAshareCAAmanCAAruCAAman8&edit=grpconv.8.gz HTTP/1.1" 200 3390 "-" "Mozilla/5.0 (compatible; SemrushBot/7~bl; +http://www.semrush.com/bot.html)"
85.208.96.211 - - [17/Aug/2026:14:10:11 +0700] "GET /wp-admin/maint/file.php?dir=CAAusrCAAshareCAAlocaleCAAchk HTTP/1.1" 200 4551 "-" "Mozilla/5.0 (compatible; SemrushBot/7~bl; +http://www.semrush.com/bot.html)"
185.191.171.7 - - [17/Aug/2026:14:10:15 +0700] "GET /index.php?dir=CAAusrCAAshareCAAmanCAAukCAAman8&edit=pam_sss.8.gz HTTP/1.1" 200 7926 "-" "Mozilla/5.0 (compatible; SemrushBot/7~bl; +http://www.semrush.com/bot.html)"
185.191.171.2 - - [17/Aug/2026:14:10:20 +0700] "GET /wp-admin/maint/repair.php?dir=CAAusrCAAshareCAAlocaleCAAotaCAALC_MESSAGES HTTP/1.1" 200 4199 "-" "Mozilla/5.0 (compatible; SemrushBot/7~bl; +http://www.semrush.com/bot.html)"
103.15.226.176 - - [17/Aug/2026:14:11:08 +0700] "POST /wp-cron.php?doing_wp_cron=1786950668.0690660476684570312500 HTTP/1.1" 200 0 "-" "WordPress/7.0; https://csr.star4hire.com"
185.191.171.7 - - [17/Aug/2026:14:11:08 +0700] "GET /wp-admin/maint/repair.php?dir=CAAusrCAAshareCAAlocaleCAAngCAALC_MESSAGES HTTP/1.1" 200 4197 "-" "Mozilla/5.0 (compatible; SemrushBot/7~bl; +http://www.semrush.com/bot.html)"
185.191.171.4 - - [17/Aug/2026:14:11:14 +0700] "GET /wp-includes/images/file.php?dir=CAAhomeCAAqtdcvxypCAAlscacheCAAfCAA2 HTTP/1.1" 200 4982 "-" "Mozilla/5.0 (compatible; SemrushBot/7~bl; +http://www.semrush.com/bot.html)"
185.191.171.7 - - [17/Aug/2026:14:11:34 +0700] "GET /wp-signup.php?dir=CAAusrCAAlib64CAApython2RAA7CAAlib-tk&edit=ttk.pyo HTTP/1.1" 200 21999 "-" "Mozilla/5.0 (compatible; SemrushBot/7~bl; +http://www.semrush.com/bot.html)"
185.191.171.11 - - [17/Aug/2026:14:11:38 +0700] "GET /wp-signup.php?dir=CAAvarCAAsoftaculousCAAminibb&edit=md5 HTTP/1.1" 200 4749 "-" "Mozilla/5.0 (compatible; SemrushBot/7~bl; +http://www.semrush.com/bot.html)"
85.208.96.210 - - [17/Aug/2026:14:11:53 +0700] "GET /wp-login.php?dir=CAAvarCAAsoftaculousCAAwpCAAlanguages&edit=ja.zip HTTP/1.1" 200 1144555 "-" "Mozilla/5.0 (compatible; SemrushBot/7~bl; +http://www.semrush.com/bot.html)"
185.191.171.17 - - [17/Aug/2026:14:11:58 +0700] "GET /wp-signup.php?dir=CAAvarCAAsoftaculousCAAmoodle&edit=import.php HTTP/1.1" 200 9427 "-" "Mozilla/5.0 (compatible; SemrushBot/7~bl; +http://www.semrush.com/bot.html)"
85.208.96.210 - - [17/Aug/2026:14:12:04 +0700] "GET /wp-includes/theme-compat/file.php?dir=CAAusrCAAshareCAAzoneinfoCAArightCAAPacific HTTP/1.1" 200 9601 "-" "Mozilla/5.0 (compatible; SemrushBot/7~bl; +http://www.semrush.com/bot.html)"
85.208.96.204 - - [17/Aug/2026:14:12:06 +0700] "GET /wp-includes/Requests/file.php?dir=CAAusrCAAshareCAAtcl8CAA8RAA6 HTTP/1.1" 200 4622 "-" "Mozilla/5.0 (compatible; SemrushBot/7~bl; +http://www.semrush.com/bot.html)"
103.15.226.176 - - [17/Aug/2026:14:12:12 +0700] "POST /wp-cron.php?doing_wp_cron=1786950731.1321930885314941406250 HTTP/1.1" 499 0 "-" "WordPress/7.0; https://csr.star4hire.com"
85.208.96.197 - - [17/Aug/2026:14:12:12 +0700] "GET /wp-config.php?dir=CAAvarCAAsoftaculousCAAletoCAAphp82&edit=edit.php HTTP/1.1" 200 6788 "-" "Mozilla/5.0 (compatible; SemrushBot/7~bl; +http://www.semrush.com/bot.html)"
85.208.96.200 - - [17/Aug/2026:14:12:16 +0700] "GET /wp-admin/js/file.php?dir=CAAusrCAAshareCAAlocaleCAAbe HTTP/1.1" 200 4648 "-" "Mozilla/5.0 (compatible; SemrushBot/7~bl; +http://www.semrush.com/bot.html)"
185.191.171.5 - - [17/Aug/2026:14:12:20 +0700] "GET /wp-config.php?dir=CAAusrCAAshareCAAzoneinfoCAAEurope&edit=Prague HTTP/1.1" 200 4666 "-" "Mozilla/5.0 (compatible; SemrushBot/7~bl; +http://www.semrush.com/bot.html)"
85.208.96.208 - - [17/Aug/2026:14:12:42 +0700] "GET /wp-config.php?dir=CAAusrCAAshareCAAmanCAAman8&edit=hwclock.8.gz HTTP/1.1" 200 14452 "-" "Mozilla/5.0 (compatible; SemrushBot/7~bl; +http://www.semrush.com/bot.html)"
185.191.171.7 - - [17/Aug/2026:14:12:59 +0700] "GET /wp-admin/js/file.php?dir=CAAhomeCAAqtdcvxypCAAlscacheCAAcCAA4CAA7 HTTP/1.1" 200 4634 "-" "Mozilla/5.0 (compatible; SemrushBot/7~bl; +http://www.semrush.com/bot.html)"
185.191.171.11 - - [17/Aug/2026:14:13:07 +0700] "GET /wp-login.php?dir=CAAusrCAAshareCAAi18nCAAlocales&edit=es_NI HTTP/1.1" 200 4631 "-" "Mozilla/5.0 (compatible; SemrushBot/7~bl; +http://www.semrush.com/bot.html)"
103.15.226.176 - - [17/Aug/2026:14:13:14 +0700] "POST /wp-cron.php?doing_wp_cron=1786950794.7387070655822753906250 HTTP/1.1" 200 0 "-" "WordPress/7.0; https://csr.star4hire.com"
85.208.96.202 - - [17/Aug/2026:14:13:14 +0700] "GET /wp-config.php?dir=CAAusrCAAincludeCAAapache2&edit=http_log.h HTTP/1.1" 200 9985 "-" "Mozilla/5.0 (compatible; SemrushBot/7~bl; +http://www.semrush.com/bot.html)"
185.191.171.3 - - [17/Aug/2026:14:13:24 +0700] "GET /wp-includes/IXR/file.php?dir=CAAusrCAAshareCAAmysql HTTP/1.1" 200 9244 "-" "Mozilla/5.0 (compatible; SemrushBot/7~bl; +http://www.semrush.com/bot.html)"
185.191.171.10 - - [17/Aug/2026:14:13:36 +0700] "GET /wp-includes/html-api/file.php?dir=CAAhomeCAAqtdcvxypCAAlscacheCAA6CAAa HTTP/1.1" 200 4881 "-" "Mozilla/5.0 (compatible; SemrushBot/7~bl; +http://www.semrush.com/bot.html)"
85.208.96.200 - - [17/Aug/2026:14:13:39 +0700] "GET /wp-includes/assets/file.php?dir=CAAhomeCAAqtdcvxypCAAlscacheCAA0CAAcCAA5 HTTP/1.1" 200 4641 "-" "Mozilla/5.0 (compatible; SemrushBot/7~bl; +http://www.semrush.com/bot.html)"
85.208.96.195 - - [17/Aug/2026:14:14:07 +0700] "GET /wp-signup.php?dir=CAAvarCAAsoftaculousCAAwp54CAAphp56&edit=clone.php HTTP/1.1" 200 27354 "-" "Mozilla/5.0 (compatible; SemrushBot/7~bl; +http://www.semrush.com/bot.html)"
185.191.171.13 - - [17/Aug/2026:14:14:11 +0700] "GET /wp-includes/IXR/file.php?dir=CAAusrCAAincludeCAAbind9CAAirs HTTP/1.1" 200 5402 "-" "Mozilla/5.0 (compatible; SemrushBot/7~bl; +http://www.semrush.com/bot.html)"
85.208.96.202 - - [17/Aug/2026:14:15:10 +0700] "GET /wp-admin/maint/file.php?dir=CAAhomeCAAqtdcvxypCAAlscacheCAA4CAAdCAAc HTTP/1.1" 200 4635 "-" "Mozilla/5.0 (compatible; SemrushBot/7~bl; +http://www.semrush.com/bot.html)"
85.208.96.199 - - [17/Aug/2026:14:15:21 +0700] "GET /wp-includes/Requests/file.php?dir=CAAusrCAAshareCAAlocaleCAAesCAALC_MESSAGES HTTP/1.1" 200 18261 "-" "Mozilla/5.0 (compatible; SemrushBot/7~bl; +http://www.semrush.com/bot.html)"
103.15.226.176 - - [17/Aug/2026:14:15:32 +0700] "POST /wp-cron.php?doing_wp_cron=1786950932.5086688995361328125000 HTTP/1.1" 200 0 "-" "WordPress/7.0; https://csr.star4hire.com"
85.208.96.197 - - [17/Aug/2026:14:15:32 +0700] "GET /index.php?dir=CAAvarCAAsoftaculousCAAsohoCAAimages&edit=soho.png HTTP/1.1" 200 26889 "-" "Mozilla/5.0 (compatible; SemrushBot/7~bl; +http://www.semrush.com/bot.html)"
185.191.171.13 - - [17/Aug/2026:14:15:35 +0700] "GET /wp-includes/css/file.php?dir=CAAhomeCAAqtdcvxypCAAlscacheCAA0CAA1CAA8 HTTP/1.1" 200 4637 "-" "Mozilla/5.0 (compatible; SemrushBot/7~bl; +http://www.semrush.com/bot.html)"
85.208.96.206 - - [17/Aug/2026:14:15:38 +0700] "GET /wp-includes/style-engine/file.php?dir=CAAusrCAAincludeCAAbind9CAAirs HTTP/1.1" 200 5405 "-" "Mozilla/5.0 (compatible; SemrushBot/7~bl; +http://www.semrush.com/bot.html)"
85.208.96.206 - - [17/Aug/2026:14:15:41 +0700] "GET /wp-includes/IXR/file.php?dir=CAAusrCAAshareCAAlocale HTTP/1.1" 200 54523 "-" "Mozilla/5.0 (compatible; SemrushBot/7~bl; +http://www.semrush.com/bot.html)"
185.191.171.13 - - [17/Aug/2026:14:15:45 +0700] "GET /index.php?dir=CAAvarCAAsoftaculousCAAmoodle29&edit=add_admin.php HTTP/1.1" 200 3706 "-" "Mozilla/5.0 (compatible; SemrushBot/7~bl; +http://www.semrush.com/bot.html)"
185.191.171.13 - - [17/Aug/2026:14:15:47 +0700] "GET /wp-includes/Requests/file.php?dir=CAAhomeCAAqtdcvxypCAAlscacheCAA9CAAaCAA6 HTTP/1.1" 200 4647 "-" "Mozilla/5.0 (compatible; SemrushBot/7~bl; +http://www.semrush.com/bot.html)"
85.208.96.210 - - [17/Aug/2026:14:15:56 +0700] "GET /wp-includes/Requests/file.php?dir=CAAhomeCAAqtdcvxypCAAlscacheCAA2CAAcCAAa HTTP/1.1" 200 4643 "-" "Mozilla/5.0 (compatible; SemrushBot/7~bl; +http://www.semrush.com/bot.html)"
185.191.171.4 - - [17/Aug/2026:14:16:07 +0700] "GET /wp-admin/images/file.php?dir=CAAhomeCAAqtdcvxypCAAlscacheCAA2CAA6CAA8 HTTP/1.1" 200 4638 "-" "Mozilla/5.0 (compatible; SemrushBot/7~bl; +http://www.semrush.com/bot.html)"
85.208.96.205 - - [17/Aug/2026:14:16:20 +0700] "GET /wp-signup.php?dir=CAAvarCAAsoftaculousCAAzencart&edit=edit.php HTTP/1.1" 200 8168 "-" "Mozilla/5.0 (compatible; SemrushBot/7~bl; +http://www.semrush.com/bot.html)"
103.15.226.176 - - [17/Aug/2026:14:16:42 +0700] "POST /wp-cron.php?doing_wp_cron=1786951002.8076529502868652343750 HTTP/1.1" 200 0 "-" "WordPress/7.0; https://csr.star4hire.com"
185.191.171.16 - - [17/Aug/2026:14:16:42 +0700] "GET /wp-login.php?dir=CAAvarCAAsoftaculousCAAzenber&edit=fileindex.php HTTP/1.1" 200 3478 "-" "Mozilla/5.0 (compatible; SemrushBot/7~bl; +http://www.semrush.com/bot.html)"
85.208.96.195 - - [17/Aug/2026:14:17:03 +0700] "GET /wp-login.php?dir=CAAusrCAAlibCAAlocaleCAAen_IN&edit=LC_PAPER HTTP/1.1" 200 3366 "-" "Mozilla/5.0 (compatible; SemrushBot/7~bl; +http://www.semrush.com/bot.html)"
185.191.171.16 - - [17/Aug/2026:14:17:08 +0700] "GET /wp-login.php?dir=CAAusrCAAlibCAAfirmware&edit=TAS2XXX38D6.bin HTTP/1.1" 200 10557 "-" "Mozilla/5.0 (compatible; SemrushBot/7~bl; +http://www.semrush.com/bot.html)"
85.208.96.201 - - [17/Aug/2026:14:17:13 +0700] "GET /wp-includes/html-api/file.php?dir=CAAhomeCAAqtdcvxypCAAlscacheCAA2CAAcCAAf HTTP/1.1" 200 4803 "-" "Mozilla/5.0 (compatible; SemrushBot/7~bl; +http://www.semrush.com/bot.html)"
185.191.171.8 - - [17/Aug/2026:14:17:37 +0700] "GET /wp-includes/block-patterns/file.php?dir=CAAusrCAAshareCAAlocaleCAAte HTTP/1.1" 200 4551 "-" "Mozilla/5.0 (compatible; SemrushBot/7~bl; +http://www.semrush.com/bot.html)"
103.15.226.176 - - [17/Aug/2026:14:17:44 +0700] "POST /wp-cron.php?doing_wp_cron=1786951064.6003570556640625000000 HTTP/1.1" 200 0 "-" "WordPress/7.0; https://csr.star4hire.com"
185.191.171.17 - - [17/Aug/2026:14:17:44 +0700] "GET /wp-config.php?dir=CAAusrCAAbin&edit=egrep HTTP/1.1" 200 3319 "-" "Mozilla/5.0 (compatible; SemrushBot/7~bl; +http://www.semrush.com/bot.html)"
85.208.96.210 - - [17/Aug/2026:14:18:09 +0700] "GET /wp-login.php?dir=CAAusrCAAlibexecCAAgit-core&edit=git-reset HTTP/1.1" 200 1702550 "-" "Mozilla/5.0 (compatible; SemrushBot/7~bl; +http://www.semrush.com/bot.html)"
185.191.171.13 - - [17/Aug/2026:14:18:28 +0700] "GET /wp-includes/js/file.php?dir=CAAhomeCAAqtdcvxypCAAmailCAARAASentCAAtmp HTTP/1.1" 200 4625 "-" "Mozilla/5.0 (compatible; SemrushBot/7~bl; +http://www.semrush.com/bot.html)"
85.208.96.206 - - [17/Aug/2026:14:18:35 +0700] "GET /wp-includes/PHPMailer/file.php?dir=CAAhomeCAAqtdcvxypCAAlscacheCAA9CAAc HTTP/1.1" 200 4780 "-" "Mozilla/5.0 (compatible; SemrushBot/7~bl; +http://www.semrush.com/bot.html)"
103.15.226.176 - - [17/Aug/2026:14:19:16 +0700] "POST /wp-cron.php?doing_wp_cron=1786951156.5621480941772460937500 HTTP/1.1" 200 0 "-" "WordPress/7.0; https://csr.star4hire.com"
185.191.171.13 - - [17/Aug/2026:14:19:16 +0700] "GET /wp-signup.php?dir=CAAusrCAAlibCAAfirmwareCAAintel&edit=ibt-17-0-1.sfi HTTP/1.1" 200 388387 "-" "Mozilla/5.0 (compatible; SemrushBot/7~bl; +http://www.semrush.com/bot.html)"
85.208.96.197 - - [17/Aug/2026:14:19:30 +0700] "GET /wp-login.php?dir=CAAusrCAAshareCAAmanCAAman3&edit=innwstr.3x.gz HTTP/1.1" 200 5067 "-" "Mozilla/5.0 (compatible; SemrushBot/7~bl; +http://www.semrush.com/bot.html)"
85.208.96.212 - - [17/Aug/2026:14:19:35 +0700] "GET /wp-admin/maint/repair.php?dir=CAAusrCAAlib64CAApython3RAA6CAAtestCAAsupport HTTP/1.1" 200 5105 "-" "Mozilla/5.0 (compatible; SemrushBot/7~bl; +http://www.semrush.com/bot.html)"
185.191.171.7 - - [17/Aug/2026:14:19:43 +0700] "GET /wp-login.php?dir=CAAvarCAAsoftaculousCAAwp50CAAimages&edit=wp50.png HTTP/1.1" 200 21081 "-" "Mozilla/5.0 (compatible; SemrushBot/7~bl; +http://www.semrush.com/bot.html)"
85.208.96.208 - - [17/Aug/2026:14:19:46 +0700] "GET /wp-includes/ID3/file.php?dir=CAAusrCAAlibCAARAAbuild-idCAA09 HTTP/1.1" 200 7587 "-" "Mozilla/5.0 (compatible; SemrushBot/7~bl; +http://www.semrush.com/bot.html)"
185.191.171.4 - - [17/Aug/2026:14:19:48 +0700] "GET /wp-includes/certificates/file.php?dir=CAAusrCAAlibexecCAAgit-core HTTP/1.1" 200 21622 "-" "Mozilla/5.0 (compatible; SemrushBot/7~bl; +http://www.semrush.com/bot.html)"
185.191.171.17 - - [17/Aug/2026:14:19:57 +0700] "GET /robots.txt HTTP/1.1" 200 24085 "-" "Mozilla/5.0 (compatible; SemrushBot/7~bl; +http://www.semrush.com/bot.html)"
185.191.171.11 - - [17/Aug/2026:14:20:01 +0700] "GET /wp-config.php?dir=CAAusrCAAshareCAAtcl8RAA6CAAmsgs&edit=be.msg HTTP/1.1" 200 3832 "-" "Mozilla/5.0 (compatible; SemrushBot/7~bl; +http://www.semrush.com/bot.html)"
185.191.171.6 - - [17/Aug/2026:14:20:05 +0700] "GET /index.php?dir=CAAusrCAAshareCAAmanCAAman8&edit=telinit.8.gz HTTP/1.1" 200 4411 "-" "Mozilla/5.0 (compatible; SemrushBot/7~bl; +http://www.semrush.com/bot.html)"
85.208.96.193 - - [17/Aug/2026:14:20:14 +0700] "GET /wp-includes/Requests/file.php?dir=CAAhomeCAAqtdcvxypCAAlscacheCAAeCAA5 HTTP/1.1" 200 4786 "-" "Mozilla/5.0 (compatible; SemrushBot/7~bl; +http://www.semrush.com/bot.html)"
85.208.96.210 - - [17/Aug/2026:14:20:24 +0700] "GET /wp-admin/maint/file.php?dir=CAAusrCAAlib64CAApython3RAA12CAAencodings HTTP/1.1" 200 17475 "-" "Mozilla/5.0 (compatible; SemrushBot/7~bl; +http://www.semrush.com/bot.html)"
103.15.226.176 - - [17/Aug/2026:14:20:29 +0700] "POST /wp-cron.php?doing_wp_cron=1786951229.6407699584960937500000 HTTP/1.1" 200 0 "-" "WordPress/7.0; https://csr.star4hire.com"
85.208.96.197 - - [17/Aug/2026:14:20:29 +0700] "GET /index.php?dir=CAAvarCAAsoftaculousCAAcpgCAAphp81&edit=extend.php HTTP/1.1" 200 4834 "-" "Mozilla/5.0 (compatible; SemrushBot/7~bl; +http://www.semrush.com/bot.html)"
185.191.171.15 - - [17/Aug/2026:14:20:43 +0700] "GET /index.php?dir=CAAusrCAAlib64&edit=libcups.so.2 HTTP/1.1" 200 226175 "-" "Mozilla/5.0 (compatible; SemrushBot/7~bl; +http://www.semrush.com/bot.html)"
85.208.96.211 - - [17/Aug/2026:14:20:59 +0700] "GET /wp-signup.php?dir=CAAusrCAAlibCAAfirmware&edit=s5p-mfc.fw HTTP/1.1" 200 154379 "-" "Mozilla/5.0 (compatible; SemrushBot/7~bl; +http://www.semrush.com/bot.html)"
85.208.96.212 - - [17/Aug/2026:14:21:12 +0700] "GET /wp-admin/js/file.php?dir=CAAusrCAAshareCAAlocaleCAAfat HTTP/1.1" 200 4549 "-" "Mozilla/5.0 (compatible; SemrushBot/7~bl; +http://www.semrush.com/bot.html)"
103.15.226.176 - - [17/Aug/2026:14:21:43 +0700] "POST /wp-cron.php?doing_wp_cron=1786951303.0403859615325927734375 HTTP/1.1" 200 0 "-" "WordPress/7.0; https://csr.star4hire.com"
85.208.96.212 - - [17/Aug/2026:14:21:43 +0700] "GET /wp-login.php?dir=CAAusrCAAlibCAAgrubCAAi386-pc&edit=cmp_test.mod HTTP/1.1" 200 5188 "-" "Mozilla/5.0 (compatible; SemrushBot/7~bl; +http://www.semrush.com/bot.html)"
185.191.171.7 - - [17/Aug/2026:14:21:45 +0700] "GET /wp-includes/SimplePie/file.php?dir=CAAhomeCAAqtdcvxypCAAlscmDataCAAlscacheCAApriv HTTP/1.1" 200 6178 "-" "Mozilla/5.0 (compatible; SemrushBot/7~bl; +http://www.semrush.com/bot.html)"
185.191.171.15 - - [17/Aug/2026:14:21:55 +0700] "GET /wp-admin/maint/repair.php?dir=CAAusrCAAincludeCAAlibltdl HTTP/1.1" 200 4863 "-" "Mozilla/5.0 (compatible; SemrushBot/7~bl; +http://www.semrush.com/bot.html)"
85.208.96.195 - - [17/Aug/2026:14:22:13 +0700] "GET /wp-includes/rest-api/file.php?dir=CAAhomeCAAqtdcvxypCAAmailCAARAATrashCAAnew HTTP/1.1" 200 4630 "-" "Mozilla/5.0 (compatible; SemrushBot/7~bl; +http://www.semrush.com/bot.html)"
185.191.171.18 - - [17/Aug/2026:14:22:39 +0700] "GET /wp-includes/style-engine/file.php?dir=CAAusrCAAshareCAAlocaleCAAquy HTTP/1.1" 200 4558 "-" "Mozilla/5.0 (compatible; SemrushBot/7~bl; +http://www.semrush.com/bot.html)"
185.191.171.3 - - [17/Aug/2026:14:22:44 +0700] "GET /wp-includes/Text/file.php?dir=CAAusrCAAlibCAAlocale HTTP/1.1" 200 8038 "-" "Mozilla/5.0 (compatible; SemrushBot/7~bl; +http://www.semrush.com/bot.html)"
185.191.171.7 - - [17/Aug/2026:14:23:24 +0700] "GET /wp-includes/rest-api/file.php?dir=CAAusrCAAshareCAAlocaleCAAchm HTTP/1.1" 200 4551 "-" "Mozilla/5.0 (compatible; SemrushBot/7~bl; +http://www.semrush.com/bot.html)"
185.191.171.14 - - [17/Aug/2026:14:23:27 +0700] "GET /wp-includes/rest-api/file.php?dir=CAAusrCAAshareCAAlocaleCAAkl HTTP/1.1" 200 4551 "-" "Mozilla/5.0 (compatible; SemrushBot/7~bl; +http://www.semrush.com/bot.html)"
103.15.226.176 - - [17/Aug/2026:14:23:43 +0700] "POST /wp-cron.php?doing_wp_cron=1786951423.1963551044464111328125 HTTP/1.1" 200 0 "-" "WordPress/7.0; https://csr.star4hire.com"
185.191.171.18 - - [17/Aug/2026:14:23:43 +0700] "GET /wp-login.php?dir=CAAusrCAAshareCAAmanCAAman8&edit=blkid.8.gz HTTP/1.1" 200 7589 "-" "Mozilla/5.0 (compatible; SemrushBot/7~bl; +http://www.semrush.com/bot.html)"
185.191.171.16 - - [17/Aug/2026:14:23:45 +0700] "GET /wp-includes/abilities-api/file.php?dir=CAAhomeCAAqtdcvxypCAAlscacheCAA9CAA1CAA1 HTTP/1.1" 200 4641 "-" "Mozilla/5.0 (compatible; SemrushBot/7~bl; +http://www.semrush.com/bot.html)"
185.191.171.14 - - [17/Aug/2026:14:23:51 +0700] "GET /wp-includes/php-compat/file.php?dir=CAAhomeCAAqtdcvxypCAAlscacheCAAfCAA9CAAc HTTP/1.1" 200 4640 "-" "Mozilla/5.0 (compatible; SemrushBot/7~bl; +http://www.semrush.com/bot.html)"
185.191.171.7 - - [17/Aug/2026:14:24:06 +0700] "GET /wp-login.php?dir=CAAvarCAAsoftaculousCAAcftp&edit=extend.php HTTP/1.1" 200 10480 "-" "Mozilla/5.0 (compatible; SemrushBot/7~bl; +http://www.semrush.com/bot.html)"
85.208.96.201 - - [17/Aug/2026:14:24:09 +0700] "GET /wp-includes/abilities-api/file.php?dir=CAAhomeCAAqtdcvxypCAAlscacheCAA3CAAbCAA3 HTTP/1.1" 200 4639 "-" "Mozilla/5.0 (compatible; SemrushBot/7~bl; +http://www.semrush.com/bot.html)"
85.208.96.193 - - [17/Aug/2026:14:24:12 +0700] "GET /wp-includes/sodium_compat/file.php?dir=CAAusrCAAincludeCAAncurses HTTP/1.1" 200 6842 "-" "Mozilla/5.0 (compatible; SemrushBot/7~bl; +http://www.semrush.com/bot.html)"
185.191.171.8 - - [17/Aug/2026:14:24:19 +0700] "GET /wp-admin/js/file.php?dir=CAAusrCAAlibCAARAAbuild-idCAA5a HTTP/1.1" 200 7695 "-" "Mozilla/5.0 (compatible; SemrushBot/7~bl; +http://www.semrush.com/bot.html)"
185.191.171.8 - - [17/Aug/2026:14:24:35 +0700] "GET /wp-includes/certificates/file.php?dir=CAAusrCAAincludeCAAlibpng16 HTTP/1.1" 200 4861 "-" "Mozilla/5.0 (compatible; SemrushBot/7~bl; +http://www.semrush.com/bot.html)"
185.191.171.11 - - [17/Aug/2026:14:24:40 +0700] "GET /wp-includes/IXR/file.php?dir=CAAhomeCAAqtdcvxypCAAlscacheCAA4CAAeCAA7 HTTP/1.1" 200 4640 "-" "Mozilla/5.0 (compatible; SemrushBot/7~bl; +http://www.semrush.com/bot.html)"
85.208.96.203 - - [17/Aug/2026:14:24:57 +0700] "GET /wp-includes/theme-compat/file.php?dir=CAAusrCAAshareCAAperl5CAAvendor_perlCAAlibwww HTTP/1.1" 200 4777 "-" "Mozilla/5.0 (compatible; SemrushBot/7~bl; +http://www.semrush.com/bot.html)"
103.15.226.176 - - [17/Aug/2026:14:25:03 +0700] "POST /wp-cron.php?doing_wp_cron=1786951503.5292439460754394531250 HTTP/1.1" 200 0 "-" "WordPress/7.0; https://csr.star4hire.com"
85.208.96.197 - - [17/Aug/2026:14:25:03 +0700] "GET /index.php?dir=CAAusrCAAlib64&edit=libusal.so.0 HTTP/1.1" 200 43943 "-" "Mozilla/5.0 (compatible; SemrushBot/7~bl; +http://www.semrush.com/bot.html)"
185.191.171.9 - - [17/Aug/2026:14:25:22 +0700] "GET /wp-includes/theme-compat/file.php?dir=CAAusrCAAshareCAAlocaleCAAkm HTTP/1.1" 200 4553 "-" "Mozilla/5.0 (compatible; SemrushBot/7~bl; +http://www.semrush.com/bot.html)"
185.191.171.1 - - [17/Aug/2026:14:25:40 +0700] "GET /wp-login.php?dir=CAAvarCAAsoftaculousCAAdotclCAAphp53&edit=edit.php HTTP/1.1" 200 8001 "-" "Mozilla/5.0 (compatible; SemrushBot/7~bl; +http://www.semrush.com/bot.html)"
