185.191.171.19 - - [17/Aug/2026:05:27:27 +0700] "GET /wp-includes/style-engine/file.php?dir=CAAusrCAAshareCAAlocaleCAAartCAALC_MESSAGES HTTP/1.1" 200 4203 "-" "Mozilla/5.0 (compatible; SemrushBot/7~bl; +http://www.semrush.com/bot.html)"
85.208.96.211 - - [17/Aug/2026:05:27:37 +0700] "GET /wp-signup.php?dir=CAAusrCAAlibCAAfirmware&edit=TAS2XXX8ED9.bin HTTP/1.1" 200 11701 "-" "Mozilla/5.0 (compatible; SemrushBot/7~bl; +http://www.semrush.com/bot.html)"
85.208.96.208 - - [17/Aug/2026:05:27:39 +0700] "GET /wp-includes/rest-api/file.php?dir=CAAusrCAAshareCAAlocaleCAAfr HTTP/1.1" 200 4666 "-" "Mozilla/5.0 (compatible; SemrushBot/7~bl; +http://www.semrush.com/bot.html)"
85.208.96.203 - - [17/Aug/2026:05:28:01 +0700] "GET /wp-admin/maint/repair.php?dir=CAAusrCAAlibCAAfirmwareCAAnvidiaCAAgp104 HTTP/1.1" 200 4846 "-" "Mozilla/5.0 (compatible; SemrushBot/7~bl; +http://www.semrush.com/bot.html)"
85.208.96.203 - - [17/Aug/2026:05:28:16 +0700] "GET /wp-admin/js/file.php?dir=CAAusrCAAlibCAARAAbuild-idCAA29 HTTP/1.1" 200 7207 "-" "Mozilla/5.0 (compatible; SemrushBot/7~bl; +http://www.semrush.com/bot.html)"
103.15.226.176 - - [17/Aug/2026:05:28:37 +0700] "POST /wp-cron.php?doing_wp_cron=1786919317.7430899143218994140625 HTTP/1.1" 200 0 "-" "WordPress/7.0; https://csr.star4hire.com"
185.191.171.7 - - [17/Aug/2026:05:28:37 +0700] "GET /wp-config.php?dir=CAAvarCAAsoftaculousCAAwp51CAAphp71&edit=clone.php HTTP/1.1" 200 31982 "-" "Mozilla/5.0 (compatible; SemrushBot/7~bl; +http://www.semrush.com/bot.html)"
185.191.171.10 - - [17/Aug/2026:05:28:47 +0700] "GET /wp-includes/block-bindings/file.php?dir=CAAhomeCAAqtdcvxypCAAlscacheCAAeCAA0CAA3 HTTP/1.1" 200 4202 "-" "Mozilla/5.0 (compatible; SemrushBot/7~bl; +http://www.semrush.com/bot.html)"
185.191.171.16 - - [17/Aug/2026:05:28:59 +0700] "GET /wp-config.php?dir=CAAvarCAAsoftaculousCAAx2CAAphp56&edit=install.php HTTP/1.1" 200 8625 "-" "Mozilla/5.0 (compatible; SemrushBot/7~bl; +http://www.semrush.com/bot.html)"
85.208.96.205 - - [17/Aug/2026:05:29:04 +0700] "GET /wp-includes/theme-compat/file.php?dir=CAAhomeCAAqtdcvxypCAAlscacheCAAcCAAbCAA4 HTTP/1.1" 200 4810 "-" "Mozilla/5.0 (compatible; SemrushBot/7~bl; +http://www.semrush.com/bot.html)"
85.208.96.207 - - [17/Aug/2026:05:29:15 +0700] "GET /wp-login.php?dir=CAAusrCAAlib64CAApython3RAA8&edit=hmac.py HTTP/1.1" 200 5661 "-" "Mozilla/5.0 (compatible; SemrushBot/7~bl; +http://www.semrush.com/bot.html)"
85.208.96.201 - - [17/Aug/2026:05:29:26 +0700] "GET /wp-signup.php?dir=CAAusrCAAlib64CAApython2RAA7&edit=fileinput.py HTTP/1.1" 200 7149 "-" "Mozilla/5.0 (compatible; SemrushBot/7~bl; +http://www.semrush.com/bot.html)"
185.191.171.15 - - [17/Aug/2026:05:29:33 +0700] "GET /wp-includes/theme-compat/file.php?dir=CAAhomeCAAqtdcvxypCAAlscacheCAA9CAA2 HTTP/1.1" 200 5169 "-" "Mozilla/5.0 (compatible; SemrushBot/7~bl; +http://www.semrush.com/bot.html)"
103.15.226.176 - - [17/Aug/2026:05:29:46 +0700] "POST /wp-cron.php?doing_wp_cron=1786919386.3160629272460937500000 HTTP/1.1" 200 0 "-" "WordPress/7.0; https://csr.star4hire.com"
185.191.171.10 - - [17/Aug/2026:05:29:46 +0700] "GET /wp-signup.php?dir=CAAvarCAAsoftaculousCAAfengCAAphp82&edit=edit.php HTTP/1.1" 200 7238 "-" "Mozilla/5.0 (compatible; SemrushBot/7~bl; +http://www.semrush.com/bot.html)"
85.208.96.195 - - [17/Aug/2026:05:30:02 +0700] "GET /wp-includes/Text/file.php?dir=CAAusrCAAlib64CAApython3RAA12CAAconcurrent HTTP/1.1" 200 4904 "-" "Mozilla/5.0 (compatible; SemrushBot/7~bl; +http://www.semrush.com/bot.html)"
185.191.171.10 - - [17/Aug/2026:05:30:06 +0700] "GET /wp-admin/js/file.php?dir=CAAusrCAAshareCAAlocaleCAAphn HTTP/1.1" 200 4548 "-" "Mozilla/5.0 (compatible; SemrushBot/7~bl; +http://www.semrush.com/bot.html)"
85.208.96.198 - - [17/Aug/2026:05:30:25 +0700] "GET /wp-admin/images/file.php?dir=CAAusrCAAshareCAAmysqlCAAbulgarian HTTP/1.1" 200 4612 "-" "Mozilla/5.0 (compatible; SemrushBot/7~bl; +http://www.semrush.com/bot.html)"
185.191.171.3 - - [17/Aug/2026:05:31:08 +0700] "GET /wp-includes/block-bindings/file.php?dir=CAAusrCAAincludeCAAasm HTTP/1.1" 200 11649 "-" "Mozilla/5.0 (compatible; SemrushBot/7~bl; +http://www.semrush.com/bot.html)"
103.15.226.176 - - [17/Aug/2026:05:31:16 +0700] "POST /wp-cron.php?doing_wp_cron=1786919476.0571949481964111328125 HTTP/1.1" 200 0 "-" "WordPress/7.0; https://csr.star4hire.com"
85.208.96.201 - - [17/Aug/2026:05:31:16 +0700] "GET /index.php?dir=CAAusrCAAlib64CAAgconv&edit=ISO8859-9.so HTTP/1.1" 200 8312 "-" "Mozilla/5.0 (compatible; SemrushBot/7~bl; +http://www.semrush.com/bot.html)"
85.208.96.207 - - [17/Aug/2026:05:31:30 +0700] "GET /index.php?dir=CAAvarCAAsoftaculousCAAlitforum&edit=install.js HTTP/1.1" 200 3702 "-" "Mozilla/5.0 (compatible; SemrushBot/7~bl; +http://www.semrush.com/bot.html)"
185.191.171.13 - - [17/Aug/2026:05:31:33 +0700] "GET /wp-includes/images/file.php?dir=CAAhomeCAAqtdcvxypCAAlscacheCAA5CAA9 HTTP/1.1" 200 4784 "-" "Mozilla/5.0 (compatible; SemrushBot/7~bl; +http://www.semrush.com/bot.html)"
185.191.171.18 - - [17/Aug/2026:05:31:37 +0700] "GET /wp-signup.php?dir=CAAvarCAAsoftaculousCAAphpwcms&edit=fileindex.php HTTP/1.1" 200 3591 "-" "Mozilla/5.0 (compatible; SemrushBot/7~bl; +http://www.semrush.com/bot.html)"
185.191.171.3 - - [17/Aug/2026:05:31:52 +0700] "GET /wp-includes/interactivity-api/file.php?dir=CAAhomeCAAqtdcvxypCAAlscacheCAA7CAAfCAAc HTTP/1.1" 200 4207 "-" "Mozilla/5.0 (compatible; SemrushBot/7~bl; +http://www.semrush.com/bot.html)"
85.208.96.198 - - [17/Aug/2026:05:32:04 +0700] "GET /wp-config.php?dir=CAAvarCAAsoftaculousCAAmw&edit=info.xml HTTP/1.1" 200 5767 "-" "Mozilla/5.0 (compatible; SemrushBot/7~bl; +http://www.semrush.com/bot.html)"
85.208.96.203 - - [17/Aug/2026:05:32:06 +0700] "GET /wp-includes/ID3/file.php?dir=CAAusrCAAlibCAARAAbuild-idCAA27 HTTP/1.1" 200 7709 "-" "Mozilla/5.0 (compatible; SemrushBot/7~bl; +http://www.semrush.com/bot.html)"
185.191.171.12 - - [17/Aug/2026:05:32:24 +0700] "GET /wp-includes/Requests/file.php?dir=CAAusrCAAshareCAAlocaleCAAvoCAALC_MESSAGES HTTP/1.1" 200 4202 "-" "Mozilla/5.0 (compatible; SemrushBot/7~bl; +http://www.semrush.com/bot.html)"
103.15.226.176 - - [17/Aug/2026:05:32:37 +0700] "POST /wp-cron.php?doing_wp_cron=1786919557.4515581130981445312500 HTTP/1.1" 200 0 "-" "WordPress/7.0; https://csr.star4hire.com"
85.208.96.202 - - [17/Aug/2026:05:32:37 +0700] "GET /wp-signup.php?dir=CAAusrCAAshareCAAterminfoCAAa&edit=aterm HTTP/1.1" 200 4480 "-" "Mozilla/5.0 (compatible; SemrushBot/7~bl; +http://www.semrush.com/bot.html)"
185.191.171.10 - - [17/Aug/2026:05:32:43 +0700] "GET /wp-admin/css/file.php?dir=CAAusrCAAshareCAAmanCAAman7 HTTP/1.1" 200 37114 "-" "Mozilla/5.0 (compatible; SemrushBot/7~bl; +http://www.semrush.com/bot.html)"
85.208.96.199 - - [17/Aug/2026:05:33:05 +0700] "GET /wp-admin/maint/repair.php?dir=CAAhomeCAAqtdcvxypCAAlscacheCAA8CAA3CAAa HTTP/1.1" 200 4639 "-" "Mozilla/5.0 (compatible; SemrushBot/7~bl; +http://www.semrush.com/bot.html)"
85.208.96.209 - - [17/Aug/2026:05:33:17 +0700] "GET /wp-login.php?dir=CAAusrCAAshareCAAmanCAAidCAAman8&edit=accessdb.8.gz HTTP/1.1" 200 4152 "-" "Mozilla/5.0 (compatible; SemrushBot/7~bl; +http://www.semrush.com/bot.html)"
85.208.96.211 - - [17/Aug/2026:05:33:19 +0700] "GET /wp-admin/maint/file.php?dir=CAAusrCAAshareCAAmanCAApl HTTP/1.1" 200 4833 "-" "Mozilla/5.0 (compatible; SemrushBot/7~bl; +http://www.semrush.com/bot.html)"
85.208.96.194 - - [17/Aug/2026:05:33:27 +0700] "GET /wp-includes/rest-api/file.php?dir=CAAusrCAAshareCAAemacsCAAsite-lisp HTTP/1.1" 200 5260 "-" "Mozilla/5.0 (compatible; SemrushBot/7~bl; +http://www.semrush.com/bot.html)"
85.208.96.198 - - [17/Aug/2026:05:33:40 +0700] "GET /wp-includes/theme-compat/file.php?dir=CAAusrCAAlibCAARAAbuild-idCAAdd HTTP/1.1" 200 8447 "-" "Mozilla/5.0 (compatible; SemrushBot/7~bl; +http://www.semrush.com/bot.html)"
103.15.226.176 - - [17/Aug/2026:05:33:51 +0700] "POST /wp-cron.php?doing_wp_cron=1786919631.8438389301300048828125 HTTP/1.1" 200 0 "-" "WordPress/7.0; https://csr.star4hire.com"
85.208.96.199 - - [17/Aug/2026:05:33:51 +0700] "GET /index.php?dir=CAAvarCAAsoftaculousCAAunb&edit=edit.php HTTP/1.1" 200 6815 "-" "Mozilla/5.0 (compatible; SemrushBot/7~bl; +http://www.semrush.com/bot.html)"
85.208.96.212 - - [17/Aug/2026:05:34:08 +0700] "GET /wp-config.php?dir=CAAvarCAAsoftaculousCAAetanoCAAphp53&edit=edit.php HTTP/1.1" 200 6297 "-" "Mozilla/5.0 (compatible; SemrushBot/7~bl; +http://www.semrush.com/bot.html)"
85.208.96.201 - - [17/Aug/2026:05:34:11 +0700] "GET /wp-includes/PHPMailer/file.php?dir=CAAusrCAAlibCAAfirmwareCAApowervr HTTP/1.1" 200 4767 "-" "Mozilla/5.0 (compatible; SemrushBot/7~bl; +http://www.semrush.com/bot.html)"
85.208.96.194 - - [17/Aug/2026:05:34:30 +0700] "GET /robots.txt HTTP/1.1" 200 24086 "-" "Mozilla/5.0 (compatible; SemrushBot/7~bl; +http://www.semrush.com/bot.html)"
85.208.96.203 - - [17/Aug/2026:05:34:32 +0700] "GET /wp-includes/ID3/file.php?dir=CAAusrCAAlibCAARAAbuild-idCAA70 HTTP/1.1" 200 7277 "-" "Mozilla/5.0 (compatible; SemrushBot/7~bl; +http://www.semrush.com/bot.html)"
185.191.171.5 - - [17/Aug/2026:05:35:10 +0700] "GET /wp-includes/style-engine/file.php?dir=CAAusrCAAlib64CAApython3RAA6CAAimportlib HTTP/1.1" 200 5504 "-" "Mozilla/5.0 (compatible; SemrushBot/7~bl; +http://www.semrush.com/bot.html)"
103.15.226.176 - - [17/Aug/2026:05:35:14 +0700] "POST /wp-cron.php?doing_wp_cron=1786919713.9684000015258789062500 HTTP/1.1" 200 0 "-" "WordPress/7.0; https://csr.star4hire.com"
85.208.96.200 - - [17/Aug/2026:05:35:14 +0700] "GET /wp-signup.php?dir=CAAusrCAAshareCAAvimCAAvim80CAAdoc&edit=os_vms.txt HTTP/1.1" 200 15733 "-" "Mozilla/5.0 (compatible; SemrushBot/7~bl; +http://www.semrush.com/bot.html)"
85.208.96.199 - - [17/Aug/2026:05:35:39 +0700] "GET /wp-config.php?dir=CAAoptCAAcpanelCAAea-nodejs10&edit=CHANGELOG.md HTTP/1.1" 200 9294 "-" "Mozilla/5.0 (compatible; SemrushBot/7~bl; +http://www.semrush.com/bot.html)"
85.208.96.200 - - [17/Aug/2026:05:35:42 +0700] "GET /wp-config.php?dir=CAAvarCAAsoftaculousCAAwp56&edit=add_user.php HTTP/1.1" 200 3614 "-" "Mozilla/5.0 (compatible; SemrushBot/7~bl; +http://www.semrush.com/bot.html)"
85.208.96.205 - - [17/Aug/2026:05:35:44 +0700] "GET /wp-includes/theme-compat/file.php?dir=CAAusrCAAincludeCAAX11CAAdri HTTP/1.1" 200 4872 "-" "Mozilla/5.0 (compatible; SemrushBot/7~bl; +http://www.semrush.com/bot.html)"
185.191.171.14 - - [17/Aug/2026:05:36:06 +0700] "GET /wp-signup.php?dir=CAAvarCAAsoftaculousCAAojsCAAphp82&edit=edit.php HTTP/1.1" 200 7045 "-" "Mozilla/5.0 (compatible; SemrushBot/7~bl; +http://www.semrush.com/bot.html)"
185.191.171.13 - - [17/Aug/2026:05:36:14 +0700] "GET /wp-includes/block-patterns/file.php?dir=CAAusrCAAshareCAAmanCAApt_BRCAAman1 HTTP/1.1" 200 4629 "-" "Mozilla/5.0 (compatible; SemrushBot/7~bl; +http://www.semrush.com/bot.html)"
103.15.226.176 - - [17/Aug/2026:05:36:19 +0700] "POST /wp-cron.php?doing_wp_cron=1786919779.1438179016113281250000 HTTP/1.1" 200 0 "-" "WordPress/7.0; https://csr.star4hire.com"
85.208.96.205 - - [17/Aug/2026:05:36:19 +0700] "GET /wp-config.php?dir=CAAusrCAAincludeCAAbind9CAAdns&edit=rdata.h HTTP/1.1" 200 9967 "-" "Mozilla/5.0 (compatible; SemrushBot/7~bl; +http://www.semrush.com/bot.html)"
85.208.96.202 - - [17/Aug/2026:05:36:34 +0700] "GET /wp-admin/js/file.php?dir=CAAusrCAAlibCAAfirmwareCAAqcomCAAsm8550 HTTP/1.1" 200 4897 "-" "Mozilla/5.0 (compatible; SemrushBot/7~bl; +http://www.semrush.com/bot.html)"
185.191.171.10 - - [17/Aug/2026:05:36:37 +0700] "GET /wp-admin/js/file.php?dir=CAAusrCAAlib64CAApython3RAA6CAAsite-packages HTTP/1.1" 200 10345 "-" "Mozilla/5.0 (compatible; SemrushBot/7~bl; +http://www.semrush.com/bot.html)"
85.208.96.200 - - [17/Aug/2026:05:36:43 +0700] "GET /wp-includes/Requests/file.php?dir=CAAusrCAAlibexecCAAopenldap HTTP/1.1" 200 4169 "-" "Mozilla/5.0 (compatible; SemrushBot/7~bl; +http://www.semrush.com/bot.html)"
85.208.96.199 - - [17/Aug/2026:05:36:59 +0700] "GET /wp-includes/sodium_compat/file.php?dir=CAAusrCAAincludeCAAnetinet HTTP/1.1" 200 6047 "-" "Mozilla/5.0 (compatible; SemrushBot/7~bl; +http://www.semrush.com/bot.html)"
85.208.96.203 - - [17/Aug/2026:05:37:15 +0700] "GET /wp-includes/sodium_compat/file.php?dir=CAAusrCAAlib64CAAgio HTTP/1.1" 200 4537 "-" "Mozilla/5.0 (compatible; SemrushBot/7~bl; +http://www.semrush.com/bot.html)"
85.208.96.202 - - [17/Aug/2026:05:37:29 +0700] "GET /wp-includes/ID3/file.php?dir=CAAhomeCAAqtdcvxypCAAlscacheCAA6CAA6CAA0 HTTP/1.1" 200 4629 "-" "Mozilla/5.0 (compatible; SemrushBot/7~bl; +http://www.semrush.com/bot.html)"
185.191.171.13 - - [17/Aug/2026:05:37:32 +0700] "GET /wp-includes/ID3/file.php?dir=CAAusrCAAlibCAAfirmwareCAAmellanox HTTP/1.1" 200 12950 "-" "Mozilla/5.0 (compatible; SemrushBot/7~bl; +http://www.semrush.com/bot.html)"
85.208.96.199 - - [17/Aug/2026:05:37:44 +0700] "GET /wp-includes/Requests/file.php?dir=CAAhomeCAAqtdcvxypCAAlscacheCAA1CAA0 HTTP/1.1" 200 4788 "-" "Mozilla/5.0 (compatible; SemrushBot/7~bl; +http://www.semrush.com/bot.html)"
103.15.226.176 - - [17/Aug/2026:05:38:01 +0700] "POST /wp-cron.php?doing_wp_cron=1786919881.8917989730834960937500 HTTP/1.1" 200 0 "-" "WordPress/7.0; https://csr.star4hire.com"
185.191.171.6 - - [17/Aug/2026:05:38:01 +0700] "GET /wp-config.php?dir=CAAusrCAAshareCAAmanCAAman1&edit=wish.1.gz HTTP/1.1" 200 8738 "-" "Mozilla/5.0 (compatible; SemrushBot/7~bl; +http://www.semrush.com/bot.html)"
85.208.96.206 - - [17/Aug/2026:05:38:13 +0700] "GET /wp-includes/Text/file.php?dir=CAAusrCAAlibCAAsystemdCAAportableCAAprofile HTTP/1.1" 200 4863 "-" "Mozilla/5.0 (compatible; SemrushBot/7~bl; +http://www.semrush.com/bot.html)"
85.208.96.200 - - [17/Aug/2026:05:38:20 +0700] "GET /wp-signup.php?dir=CAAvarCAAsoftaculousCAAglpi&edit=extend.php HTTP/1.1" 200 10468 "-" "Mozilla/5.0 (compatible; SemrushBot/7~bl; +http://www.semrush.com/bot.html)"
185.191.171.7 - - [17/Aug/2026:05:38:27 +0700] "GET /wp-includes/block-patterns/file.php?dir=CAAusrCAAincludeCAAxcb HTTP/1.1" 200 8181 "-" "Mozilla/5.0 (compatible; SemrushBot/7~bl; +http://www.semrush.com/bot.html)"
103.15.226.176 - - [17/Aug/2026:05:39:14 +0700] "POST /wp-cron.php?doing_wp_cron=1786919954.2816219329833984375000 HTTP/1.1" 200 0 "-" "WordPress/7.0; https://csr.star4hire.com"
85.208.96.195 - - [17/Aug/2026:05:39:14 +0700] "GET /wp-login.php?dir=CAAusrCAAshareCAAmcCAAsyntax&edit=pascal.syntax HTTP/1.1" 200 4099 "-" "Mozilla/5.0 (compatible; SemrushBot/7~bl; +http://www.semrush.com/bot.html)"
85.208.96.197 - - [17/Aug/2026:05:39:16 +0700] "GET /wp-includes/theme-compat/file.php?dir=CAAusrCAAshareCAAperl5CAAvendor_perlCAAData HTTP/1.1" 200 5101 "-" "Mozilla/5.0 (compatible; SemrushBot/7~bl; +http://www.semrush.com/bot.html)"
85.208.96.198 - - [17/Aug/2026:05:39:42 +0700] "GET /wp-config.php?dir=CAAusrCAAlibCAAfirmwareCAAyam&edit=1200.bin HTTP/1.1" 200 3360 "-" "Mozilla/5.0 (compatible; SemrushBot/7~bl; +http://www.semrush.com/bot.html)"
185.191.171.12 - - [17/Aug/2026:05:39:44 +0700] "GET /wp-includes/style-engine/file.php?dir=CAAhomeCAAqtdcvxypCAApublic_htmlCAAwp-admin HTTP/1.1" 200 5368 "-" "Mozilla/5.0 (compatible; SemrushBot/7~bl; +http://www.semrush.com/bot.html)"
185.191.171.1 - - [17/Aug/2026:05:39:50 +0700] "GET /wp-signup.php?dir=CAAusrCAAincludeCAAlinux&edit=atmdev.h HTTP/1.1" 200 5955 "-" "Mozilla/5.0 (compatible; SemrushBot/7~bl; +http://www.semrush.com/bot.html)"
185.191.171.17 - - [17/Aug/2026:05:40:09 +0700] "GET /index.php?dir=CAAusrCAAlib64CAApython2RAA7&edit=macpath.pyc HTTP/1.1" 200 6795 "-" "Mozilla/5.0 (compatible; SemrushBot/7~bl; +http://www.semrush.com/bot.html)"
103.15.226.176 - - [17/Aug/2026:05:40:17 +0700] "POST /wp-cron.php?doing_wp_cron=1786920017.0287709236145019531250 HTTP/1.1" 200 0 "-" "WordPress/7.0; https://csr.star4hire.com"
185.191.171.8 - - [17/Aug/2026:05:40:17 +0700] "GET /index.php?dir=CAAusrCAAlib64CAApython3RAA6&edit=asynchat.py HTTP/1.1" 200 7076 "-" "Mozilla/5.0 (compatible; SemrushBot/7~bl; +http://www.semrush.com/bot.html)"
85.208.96.204 - - [17/Aug/2026:05:40:35 +0700] "GET /wp-includes/theme-compat/file.php?dir=CAAhomeCAAqtdcvxypCAAlscacheCAA0CAA2CAA8 HTTP/1.1" 200 4205 "-" "Mozilla/5.0 (compatible; SemrushBot/7~bl; +http://www.semrush.com/bot.html)"
85.208.96.205 - - [17/Aug/2026:05:40:46 +0700] "GET /wp-signup.php?dir=CAAusrCAAshareCAAperl5&edit=AutoLoader.pm HTTP/1.1" 200 9596 "-" "Mozilla/5.0 (compatible; SemrushBot/7~bl; +http://www.semrush.com/bot.html)"
185.191.171.10 - - [17/Aug/2026:05:40:49 +0700] "GET /wp-includes/SimplePie/file.php?dir=CAAusrCAAlibCAAfirmwareCAAwfx HTTP/1.1" 200 5012 "-" "Mozilla/5.0 (compatible; SemrushBot/7~bl; +http://www.semrush.com/bot.html)"
185.191.171.1 - - [17/Aug/2026:05:40:54 +0700] "GET /wp-admin/maint/repair.php?dir=CAAusrCAAshareCAAlocaleCAAigCAALC_MESSAGES HTTP/1.1" 200 4197 "-" "Mozilla/5.0 (compatible; SemrushBot/7~bl; +http://www.semrush.com/bot.html)"
85.208.96.203 - - [17/Aug/2026:05:41:01 +0700] "GET /wp-includes/PHPMailer/file.php?dir=CAAhomeCAAqtdcvxypCAAlscacheCAAdCAA5CAA4 HTTP/1.1" 200 4644 "-" "Mozilla/5.0 (compatible; SemrushBot/7~bl; +http://www.semrush.com/bot.html)"
185.191.171.15 - - [17/Aug/2026:05:41:24 +0700] "GET /wp-admin/css/file.php?dir=CAAusrCAAshareCAAterminfoCAAn HTTP/1.1" 200 4714 "-" "Mozilla/5.0 (compatible; SemrushBot/7~bl; +http://www.semrush.com/bot.html)"
185.191.171.13 - - [17/Aug/2026:05:41:34 +0700] "GET /wp-admin/js/file.php?dir=CAAusrCAAshareCAAlocaleCAAka HTTP/1.1" 200 4547 "-" "Mozilla/5.0 (compatible; SemrushBot/7~bl; +http://www.semrush.com/bot.html)"
185.191.171.10 - - [17/Aug/2026:05:41:37 +0700] "GET /wp-admin/maint/file.php?dir=CAAusrCAAshareCAAlocaleCAAznd HTTP/1.1" 200 4551 "-" "Mozilla/5.0 (compatible; SemrushBot/7~bl; +http://www.semrush.com/bot.html)"
185.191.171.3 - - [17/Aug/2026:05:41:54 +0700] "GET /wp-admin/js/file.php?dir=CAAusrCAAlib64CAApython3RAA6CAAtest HTTP/1.1" 200 4902 "-" "Mozilla/5.0 (compatible; SemrushBot/7~bl; +http://www.semrush.com/bot.html)"
103.15.226.176 - - [17/Aug/2026:05:42:07 +0700] "POST /wp-cron.php?doing_wp_cron=1786920127.8744990825653076171875 HTTP/1.1" 200 0 "-" "WordPress/7.0; https://csr.star4hire.com"
185.191.171.4 - - [17/Aug/2026:05:42:07 +0700] "GET /wp-signup.php?dir=CAAusrCAAlibCAAfirmware&edit=1AD4-1-2-0xB.bin HTTP/1.1" 200 10742 "-" "Mozilla/5.0 (compatible; SemrushBot/7~bl; +http://www.semrush.com/bot.html)"
85.208.96.201 - - [17/Aug/2026:05:42:24 +0700] "GET /wp-includes/images/file.php?dir=CAAhomeCAAqtdcvxypCAApublic_htmlCAAsmsCAAtemp HTTP/1.1" 200 4630 "-" "Mozilla/5.0 (compatible; SemrushBot/7~bl; +http://www.semrush.com/bot.html)"
185.191.171.10 - - [17/Aug/2026:05:42:27 +0700] "GET /wp-includes/PHPMailer/file.php?dir=CAAusrCAAshareCAAlocaleCAAcop HTTP/1.1" 200 4555 "-" "Mozilla/5.0 (compatible; SemrushBot/7~bl; +http://www.semrush.com/bot.html)"
85.208.96.209 - - [17/Aug/2026:05:42:36 +0700] "GET /wp-includes/block-patterns/file.php?dir=CAAusrCAAshareCAAlocaleCAAnan HTTP/1.1" 200 4560 "-" "Mozilla/5.0 (compatible; SemrushBot/7~bl; +http://www.semrush.com/bot.html)"
103.15.226.176 - - [17/Aug/2026:05:43:23 +0700] "POST /wp-cron.php?doing_wp_cron=1786920203.4273419380187988281250 HTTP/1.1" 200 0 "-" "WordPress/7.0; https://csr.star4hire.com"
185.191.171.13 - - [17/Aug/2026:05:43:23 +0700] "GET /wp-config.php?dir=CAAusrCAAshareCAAperl5CAApod&edit=perlos2.pod HTTP/1.1" 200 38816 "-" "Mozilla/5.0 (compatible; SemrushBot/7~bl; +http://www.semrush.com/bot.html)"
185.191.171.13 - - [17/Aug/2026:05:43:27 +0700] "GET /wp-config.php?dir=CAAusrCAAlibCAAfirmware&edit=TAS2XXX1EB31.bin HTTP/1.1" 200 8731 "-" "Mozilla/5.0 (compatible; SemrushBot/7~bl; +http://www.semrush.com/bot.html)"
185.191.171.7 - - [17/Aug/2026:05:43:53 +0700] "GET /wp-includes/css/file.php?dir=CAAhomeCAAqtdcvxypCAApublic_htmlCAAsmsCAAaa HTTP/1.1" 200 5688 "-" "Mozilla/5.0 (compatible; SemrushBot/7~bl; +http://www.semrush.com/bot.html)"
85.208.96.199 - - [17/Aug/2026:05:43:57 +0700] "GET /wp-includes/theme-compat/file.php?dir=CAAusrCAAlib64CAAkrb5 HTTP/1.1" 200 4534 "-" "Mozilla/5.0 (compatible; SemrushBot/7~bl; +http://www.semrush.com/bot.html)"
185.191.171.14 - - [17/Aug/2026:05:44:00 +0700] "GET /index.php?dir=CAAoptCAAgrafana-monitoringCAARAAgit&edit=HEAD HTTP/1.1" 200 3327 "-" "Mozilla/5.0 (compatible; SemrushBot/7~bl; +http://www.semrush.com/bot.html)"
185.191.171.3 - - [17/Aug/2026:05:44:06 +0700] "GET /wp-admin/maint/file.php?dir=CAAusrCAAlibCAAfirmwareCAAinside-secure HTTP/1.1" 200 4556 "-" "Mozilla/5.0 (compatible; SemrushBot/7~bl; +http://www.semrush.com/bot.html)"
85.208.96.210 - - [17/Aug/2026:05:44:15 +0700] "GET /wp-includes/pomo/file.php?dir=CAAhomeCAAqtdcvxypCAAlscacheCAAcCAAeCAA1 HTTP/1.1" 200 4197 "-" "Mozilla/5.0 (compatible; SemrushBot/7~bl; +http://www.semrush.com/bot.html)"
103.15.226.176 - - [17/Aug/2026:05:44:46 +0700] "POST /wp-cron.php?doing_wp_cron=1786920286.7822670936584472656250 HTTP/1.1" 200 0 "-" "WordPress/7.0; https://csr.star4hire.com"
185.191.171.4 - - [17/Aug/2026:05:44:46 +0700] "GET /wp-config.php?dir=CAAoptCAAaltCAAphp73CAAusrCAAbin&edit=phpize HTTP/1.1" 200 4928 "-" "Mozilla/5.0 (compatible; SemrushBot/7~bl; +http://www.semrush.com/bot.html)"
185.191.171.13 - - [17/Aug/2026:05:44:50 +0700] "GET /wp-includes/ID3/file.php?dir=CAAusrCAAlibCAARAAbuild-idCAA19 HTTP/1.1" 200 10455 "-" "Mozilla/5.0 (compatible; SemrushBot/7~bl; +http://www.semrush.com/bot.html)"
185.191.171.14 - - [17/Aug/2026:05:44:54 +0700] "GET /index.php?dir=CAAusrCAAshareCAAmanCAAjaCAAman5&edit=manpath.5.gz HTTP/1.1" 200 5732 "-" "Mozilla/5.0 (compatible; SemrushBot/7~bl; +http://www.semrush.com/bot.html)"
85.208.96.208 - - [17/Aug/2026:05:44:59 +0700] "GET /wp-includes/l10n/file.php?dir=CAAhomeCAAqtdcvxypCAAlscacheCAAe HTTP/1.1" 200 5903 "-" "Mozilla/5.0 (compatible; SemrushBot/7~bl; +http://www.semrush.com/bot.html)"
85.208.96.209 - - [17/Aug/2026:05:45:20 +0700] "GET /wp-includes/certificates/file.php?dir=CAAusrCAAshareCAAmanCAAman6 HTTP/1.1" 200 4175 "-" "Mozilla/5.0 (compatible; SemrushBot/7~bl; +http://www.semrush.com/bot.html)"
185.191.171.13 - - [17/Aug/2026:05:45:22 +0700] "GET /wp-includes/certificates/file.php?dir=CAAusrCAAincludeCAApython3RAA6m HTTP/1.1" 200 15928 "-" "Mozilla/5.0 (compatible; SemrushBot/7~bl; +http://www.semrush.com/bot.html)"
85.208.96.195 - - [17/Aug/2026:05:45:30 +0700] "GET /wp-admin/images/file.php?dir=CAAhomeCAAqtdcvxypCAAlscacheCAA3CAAfCAA3 HTTP/1.1" 200 4630 "-" "Mozilla/5.0 (compatible; SemrushBot/7~bl; +http://www.semrush.com/bot.html)"
85.208.96.206 - - [17/Aug/2026:05:45:47 +0700] "GET /wp-includes/PHPMailer/file.php?dir=CAAusrCAAshareCAAlocaleCAAyo HTTP/1.1" 200 4555 "-" "Mozilla/5.0 (compatible; SemrushBot/7~bl; +http://www.semrush.com/bot.html)"
103.15.226.176 - - [17/Aug/2026:05:46:09 +0700] "POST /wp-cron.php?doing_wp_cron=1786920369.1244769096374511718750 HTTP/1.1" 200 0 "-" "WordPress/7.0; https://csr.star4hire.com"
85.208.96.202 - - [17/Aug/2026:05:46:09 +0700] "GET /wp-config.php?dir=CAAvarCAAsoftaculousCAAwp51CAAphp81&edit=edit.php HTTP/1.1" 200 11119 "-" "Mozilla/5.0 (compatible; SemrushBot/7~bl; +http://www.semrush.com/bot.html)"
85.208.96.212 - - [17/Aug/2026:05:46:17 +0700] "GET /wp-login.php?dir=CAAvarCAAsoftaculousCAAgnuCAAphp81&edit=edit.php HTTP/1.1" 200 6750 "-" "Mozilla/5.0 (compatible; SemrushBot/7~bl; +http://www.semrush.com/bot.html)"
185.191.171.3 - - [17/Aug/2026:05:46:31 +0700] "GET /wp-includes/images/file.php?dir=CAAhomeCAAqtdcvxypCAAlscacheCAAcCAAeCAA1 HTTP/1.1" 200 4199 "-" "Mozilla/5.0 (compatible; SemrushBot/7~bl; +http://www.semrush.com/bot.html)"
85.208.96.203 - - [17/Aug/2026:05:46:34 +0700] "GET /wp-includes/Requests/file.php?dir=CAAhomeCAAqtdcvxypCAAlscacheCAA7CAAeCAA4 HTTP/1.1" 200 4644 "-" "Mozilla/5.0 (compatible; SemrushBot/7~bl; +http://www.semrush.com/bot.html)"
85.208.96.197 - - [17/Aug/2026:05:46:45 +0700] "GET /wp-includes/widgets/file.php?dir=CAAhomeCAAqtdcvxypCAAlscacheCAA8CAA9CAA7 HTTP/1.1" 200 4644 "-" "Mozilla/5.0 (compatible; SemrushBot/7~bl; +http://www.semrush.com/bot.html)"
85.208.96.208 - - [17/Aug/2026:05:47:21 +0700] "GET /wp-admin/maint/file.php?dir=CAAusrCAAlib64CAApython3RAA8CAAlogging HTTP/1.1" 200 5071 "-" "Mozilla/5.0 (compatible; SemrushBot/7~bl; +http://www.semrush.com/bot.html)"
85.208.96.197 - - [17/Aug/2026:05:47:25 +0700] "GET /wp-includes/rest-api/file.php?dir=CAAusrCAAshareCAAlocaleCAAhy HTTP/1.1" 200 4555 "-" "Mozilla/5.0 (compatible; SemrushBot/7~bl; +http://www.semrush.com/bot.html)"
103.15.226.176 - - [17/Aug/2026:05:47:55 +0700] "POST /wp-cron.php?doing_wp_cron=1786920475.3201620578765869140625 HTTP/1.1" 200 0 "-" "WordPress/7.0; https://csr.star4hire.com"
185.191.171.12 - - [17/Aug/2026:05:47:55 +0700] "GET /wp-signup.php?dir=CAAvarCAAsoftaculousCAAwp59&edit=wp-config.php HTTP/1.1" 200 4562 "-" "Mozilla/5.0 (compatible; SemrushBot/7~bl; +http://www.semrush.com/bot.html)"
185.191.171.6 - - [17/Aug/2026:05:47:59 +0700] "GET /wp-includes/style-engine/file.php?dir=CAAusrCAAlib64CAApython3RAA12CAAencodings HTTP/1.1" 200 17461 "-" "Mozilla/5.0 (compatible; SemrushBot/7~bl; +http://www.semrush.com/bot.html)"
85.208.96.209 - - [17/Aug/2026:05:48:04 +0700] "GET /wp-includes/rest-api/file.php?dir=CAAusrCAAshareCAAterminfoCAAr HTTP/1.1" 200 5749 "-" "Mozilla/5.0 (compatible; SemrushBot/7~bl; +http://www.semrush.com/bot.html)"
185.191.171.6 - - [17/Aug/2026:05:48:08 +0700] "GET /wp-signup.php?dir=CAAvarCAAsoftaculousCAAfreescout&edit=md5 HTTP/1.1" 200 5824 "-" "Mozilla/5.0 (compatible; SemrushBot/7~bl; +http://www.semrush.com/bot.html)"
185.191.171.13 - - [17/Aug/2026:05:48:14 +0700] "GET /wp-includes/rest-api/file.php?dir=CAAusrCAAlib64CAAgtk-2RAA0 HTTP/1.1" 200 4748 "-" "Mozilla/5.0 (compatible; SemrushBot/7~bl; +http://www.semrush.com/bot.html)"
185.191.171.19 - - [17/Aug/2026:05:48:41 +0700] "GET /wp-login.php?dir=CAAusrCAAincludeCAAasm&edit=mman.h HTTP/1.1" 200 3796 "-" "Mozilla/5.0 (compatible; SemrushBot/7~bl; +http://www.semrush.com/bot.html)"
85.208.96.209 - - [17/Aug/2026:05:48:55 +0700] "GET /wp-includes/block-patterns/file.php?dir=CAAusrCAAshareCAAlocaleCAAtyv HTTP/1.1" 200 4560 "-" "Mozilla/5.0 (compatible; SemrushBot/7~bl; +http://www.semrush.com/bot.html)"
103.15.226.176 - - [17/Aug/2026:05:48:59 +0700] "POST /wp-cron.php?doing_wp_cron=1786920539.6297550201416015625000 HTTP/1.1" 200 0 "-" "WordPress/7.0; https://csr.star4hire.com"
185.191.171.10 - - [17/Aug/2026:05:48:59 +0700] "GET /wp-config.php?dir=CAAusrCAAshareCAAperl5CAApod&edit=perlmroapi.pod HTTP/1.1" 200 4846 "-" "Mozilla/5.0 (compatible; SemrushBot/7~bl; +http://www.semrush.com/bot.html)"
185.191.171.4 - - [17/Aug/2026:05:49:17 +0700] "GET /wp-includes/abilities-api/file.php?dir=CAAhomeCAAqtdcvxypCAAlscacheCAAfCAA2CAA3 HTTP/1.1" 200 4643 "-" "Mozilla/5.0 (compatible; SemrushBot/7~bl; +http://www.semrush.com/bot.html)"
85.208.96.201 - - [17/Aug/2026:05:49:25 +0700] "GET /wp-login.php?dir=CAAusrCAAshareCAAmanCAAman8&edit=dnf-debug.8.gz HTTP/1.1" 200 4641 "-" "Mozilla/5.0 (compatible; SemrushBot/7~bl; +http://www.semrush.com/bot.html)"
185.191.171.19 - - [17/Aug/2026:05:49:37 +0700] "GET /wp-login.php?action=download&dir=CAAusrCAAlibCAARAAbuild-idCAAcf HTTP/1.1" 200 8181 "-" "Mozilla/5.0 (compatible; SemrushBot/7~bl; +http://www.semrush.com/bot.html)"
85.208.96.199 - - [17/Aug/2026:05:49:40 +0700] "GET /wp-admin/js/file.php?dir=CAAusrCAAshareCAAlRAAvRAAe-manager HTTP/1.1" 200 5015 "-" "Mozilla/5.0 (compatible; SemrushBot/7~bl; +http://www.semrush.com/bot.html)"
185.191.171.4 - - [17/Aug/2026:05:49:42 +0700] "GET /wp-includes/theme-compat/file.php?dir=CAAhomeCAAqtdcvxypCAAlscacheCAA5CAA8CAA8 HTTP/1.1" 200 4644 "-" "Mozilla/5.0 (compatible; SemrushBot/7~bl; +http://www.semrush.com/bot.html)"
185.191.171.4 - - [17/Aug/2026:05:50:12 +0700] "GET /wp-includes/style-engine/file.php?dir=CAAhomeCAAqtdcvxypCAAlscacheCAA0CAAeCAA0 HTTP/1.1" 200 4636 "-" "Mozilla/5.0 (compatible; SemrushBot/7~bl; +http://www.semrush.com/bot.html)"
103.15.226.176 - - [17/Aug/2026:05:50:17 +0700] "POST /wp-cron.php?doing_wp_cron=1786920617.2559731006622314453125 HTTP/1.1" 200 0 "-" "WordPress/7.0; https://csr.star4hire.com"
85.208.96.196 - - [17/Aug/2026:05:50:17 +0700] "GET /wp-config.php?dir=CAAusrCAAshareCAAmanCAAruCAAman8&edit=mandb.8.gz HTTP/1.1" 200 6820 "-" "Mozilla/5.0 (compatible; SemrushBot/7~bl; +http://www.semrush.com/bot.html)"
185.191.171.7 - - [17/Aug/2026:05:50:25 +0700] "GET /wp-admin/images/file.php?dir=CAAhomeCAAqtdcvxypCAAlscacheCAA0CAA5CAA0 HTTP/1.1" 200 4632 "-" "Mozilla/5.0 (compatible; SemrushBot/7~bl; +http://www.semrush.com/bot.html)"
185.191.171.6 - - [17/Aug/2026:05:50:34 +0700] "GET /wp-login.php?dir=CAAvarCAAsoftaculousCAAocart&edit=changelog.txt HTTP/1.1" 200 5309 "-" "Mozilla/5.0 (compatible; SemrushBot/7~bl; +http://www.semrush.com/bot.html)"
85.208.96.194 - - [17/Aug/2026:05:50:48 +0700] "GET /wp-login.php?dir=CAAvarCAAsoftaculousCAAwp68CAAphp81&edit=clone.php HTTP/1.1" 200 30431 "-" "Mozilla/5.0 (compatible; SemrushBot/7~bl; +http://www.semrush.com/bot.html)"
185.191.171.14 - - [17/Aug/2026:05:51:25 +0700] "GET /wp-includes/style-engine/file.php?dir=CAAusrCAAlib64CAAlibuser HTTP/1.1" 200 4857 "-" "Mozilla/5.0 (compatible; SemrushBot/7~bl; +http://www.semrush.com/bot.html)"
103.15.226.176 - - [17/Aug/2026:05:51:29 +0700] "POST /wp-cron.php?doing_wp_cron=1786920689.9559919834136962890625 HTTP/1.1" 200 0 "-" "WordPress/7.0; https://csr.star4hire.com"
85.208.96.197 - - [17/Aug/2026:05:51:30 +0700] "GET /wp-login.php?dir=CAAusrCAAincludeCAAselinux&edit=label.h HTTP/1.1" 200 5389 "-" "Mozilla/5.0 (compatible; SemrushBot/7~bl; +http://www.semrush.com/bot.html)"
185.191.171.11 - - [17/Aug/2026:05:52:03 +0700] "GET /wp-includes/IXR/file.php?dir=CAAhomeCAAqtdcvxypCAAlscacheCAAfCAAb HTTP/1.1" 200 4881 "-" "Mozilla/5.0 (compatible; SemrushBot/7~bl; +http://www.semrush.com/bot.html)"
85.208.96.205 - - [17/Aug/2026:05:52:07 +0700] "GET /wp-config.php?dir=CAAvarCAAsoftaculousCAAnuked&edit=info.xml HTTP/1.1" 200 4226 "-" "Mozilla/5.0 (compatible; SemrushBot/7~bl; +http://www.semrush.com/bot.html)"
85.208.96.207 - - [17/Aug/2026:05:52:15 +0700] "GET /wp-login.php?dir=CAAvarCAAsoftaculousCAAxmbCAAphp71&edit=edit.php HTTP/1.1" 200 8380 "-" "Mozilla/5.0 (compatible; SemrushBot/7~bl; +http://www.semrush.com/bot.html)"
85.208.96.199 - - [17/Aug/2026:05:52:17 +0700] "GET /wp-includes/sodium_compat/file.php?dir=CAAhomeCAAqtdcvxypCAAlscacheCAA7CAA0CAAe HTTP/1.1" 200 4646 "-" "Mozilla/5.0 (compatible; SemrushBot/7~bl; +http://www.semrush.com/bot.html)"
85.208.96.197 - - [17/Aug/2026:05:52:21 +0700] "GET /index.php?dir=CAAusrCAAshareCAAmysqlCAAcharsets&edit=cp1256.xml HTTP/1.1" 200 5519 "-" "Mozilla/5.0 (compatible; SemrushBot/7~bl; +http://www.semrush.com/bot.html)"
103.15.226.176 - - [17/Aug/2026:05:52:43 +0700] "POST /wp-cron.php?doing_wp_cron=1786920763.1917450428009033203125 HTTP/1.1" 200 0 "-" "WordPress/7.0; https://csr.star4hire.com"
85.208.96.197 - - [17/Aug/2026:05:52:43 +0700] "GET /wp-login.php?dir=CAAusrCAAlib64CAApython2RAA7&edit=binhex.pyc HTTP/1.1" 200 8961 "-" "Mozilla/5.0 (compatible; SemrushBot/7~bl; +http://www.semrush.com/bot.html)"
185.191.171.5 - - [17/Aug/2026:05:53:03 +0700] "GET /index.php?dir=CAAusrCAAlibexecCAAgit-core&edit=git-commit-tree HTTP/1.1" 200 1702579 "-" "Mozilla/5.0 (compatible; SemrushBot/7~bl; +http://www.semrush.com/bot.html)"
85.208.96.197 - - [17/Aug/2026:05:53:10 +0700] "GET /wp-config.php?dir=CAAusrCAAlibCAAgrubCAAi386-pc&edit=boottime.mod HTTP/1.1" 200 4091 "-" "Mozilla/5.0 (compatible; SemrushBot/7~bl; +http://www.semrush.com/bot.html)"
185.191.171.10 - - [17/Aug/2026:05:53:25 +0700] "GET /wp-signup.php?dir=CAAusrCAAincludeCAArdma&edit=ib_user_sa.h HTTP/1.1" 200 4468 "-" "Mozilla/5.0 (compatible; SemrushBot/7~bl; +http://www.semrush.com/bot.html)"
185.191.171.1 - - [17/Aug/2026:05:53:30 +0700] "GET /wp-includes/Requests/file.php?dir=CAAusrCAAshareCAAlocaleCAApapCAALC_MESSAGES HTTP/1.1" 200 4750 "-" "Mozilla/5.0 (compatible; SemrushBot/7~bl; +http://www.semrush.com/bot.html)"
85.208.96.202 - - [17/Aug/2026:05:53:35 +0700] "GET /wp-config.php?dir=CAAvarCAAsoftaculousCAAmw35&edit=edit.xml HTTP/1.1" 200 3492 "-" "Mozilla/5.0 (compatible; SemrushBot/7~bl; +http://www.semrush.com/bot.html)"
185.191.171.7 - - [17/Aug/2026:05:53:42 +0700] "GET /wp-includes/Text/file.php?dir=CAAusrCAAlibCAARAAbuild-idCAA6e HTTP/1.1" 200 8204 "-" "Mozilla/5.0 (compatible; SemrushBot/7~bl; +http://www.semrush.com/bot.html)"
103.15.226.176 - - [17/Aug/2026:05:53:46 +0700] "POST /wp-cron.php?doing_wp_cron=1786920826.4754528999328613281250 HTTP/1.1" 200 0 "-" "WordPress/7.0; https://csr.star4hire.com"
85.208.96.197 - - [17/Aug/2026:05:53:46 +0700] "GET /wp-signup.php?dir=CAAusrCAAshareCAAbison&edit=stack.hh HTTP/1.1" 200 4490 "-" "Mozilla/5.0 (compatible; SemrushBot/7~bl; +http://www.semrush.com/bot.html)"
85.208.96.200 - - [17/Aug/2026:05:54:23 +0700] "GET /wp-includes/sodium_compat/file.php?dir=CAAusrCAAincludeCAAlibpq HTTP/1.1" 200 4593 "-" "Mozilla/5.0 (compatible; SemrushBot/7~bl; +http://www.semrush.com/bot.html)"
85.208.96.199 - - [17/Aug/2026:05:54:26 +0700] "GET /wp-includes/fonts/file.php?dir=CAAhomeCAAqtdcvxypCAAlscacheCAA0CAAb HTTP/1.1" 200 5078 "-" "Mozilla/5.0 (compatible; SemrushBot/7~bl; +http://www.semrush.com/bot.html)"
185.191.171.5 - - [17/Aug/2026:05:54:30 +0700] "GET /wp-includes/theme-compat/file.php?dir=CAAhomeCAAqtdcvxypCAAlscacheCAA9CAAc HTTP/1.1" 200 4783 "-" "Mozilla/5.0 (compatible; SemrushBot/7~bl; +http://www.semrush.com/bot.html)"
103.15.226.176 - - [17/Aug/2026:05:54:52 +0700] "POST /wp-cron.php?doing_wp_cron=1786920892.8370690345764160156250 HTTP/1.1" 200 0 "-" "WordPress/7.0; https://csr.star4hire.com"
185.191.171.5 - - [17/Aug/2026:05:54:52 +0700] "GET /index.php?dir=CAAvarCAAsoftaculousCAAoctober&edit=database.php HTTP/1.1" 200 4707 "-" "Mozilla/5.0 (compatible; SemrushBot/7~bl; +http://www.semrush.com/bot.html)"
85.208.96.209 - - [17/Aug/2026:05:54:56 +0700] "GET /wp-admin/maint/file.php?dir=CAAhomeCAAqtdcvxypCAAlscacheCAA2CAA1CAA9 HTTP/1.1" 200 4636 "-" "Mozilla/5.0 (compatible; SemrushBot/7~bl; +http://www.semrush.com/bot.html)"
185.191.171.4 - - [17/Aug/2026:05:55:40 +0700] "GET /index.php?dir=CAAvarCAAsoftaculousCAAimpleo&edit=install.php HTTP/1.1" 200 5959 "-" "Mozilla/5.0 (compatible; SemrushBot/7~bl; +http://www.semrush.com/bot.html)"
185.191.171.14 - - [17/Aug/2026:05:55:42 +0700] "GET /robots.txt HTTP/1.1" 200 24086 "-" "Mozilla/5.0 (compatible; SemrushBot/7~bl; +http://www.semrush.com/bot.html)"
185.191.171.1 - - [17/Aug/2026:05:55:44 +0700] "GET /wp-includes/IXR/file.php?dir=CAAusrCAAlibCAARAAbuild-idCAAa3 HTTP/1.1" 200 7362 "-" "Mozilla/5.0 (compatible; SemrushBot/7~bl; +http://www.semrush.com/bot.html)"
103.15.226.176 - - [17/Aug/2026:05:56:13 +0700] "POST /wp-cron.php?doing_wp_cron=1786920970.2535281181335449218750 HTTP/1.1" 200 0 "-" "WordPress/7.0; https://csr.star4hire.com"
85.208.96.202 - - [17/Aug/2026:05:56:13 +0700] "GET /wp-signup.php?dir=CAAhomeCAAqtdcvxypCAAlscacheCAA4CAA5&edit=file.php HTTP/1.1" 200 12792 "-" "Mozilla/5.0 (compatible; SemrushBot/7~bl; +http://www.semrush.com/bot.html)"
185.191.171.5 - - [17/Aug/2026:05:56:17 +0700] "GET /index.php?dir=CAAusrCAAlibCAAkbdCAAconsolefonts&edit=iso02.14.gz HTTP/1.1" 200 3419 "-" "Mozilla/5.0 (compatible; SemrushBot/7~bl; +http://www.semrush.com/bot.html)"
85.208.96.204 - - [17/Aug/2026:05:56:20 +0700] "GET /wp-includes/sodium_compat/file.php?dir=CAAhomeCAAqtdcvxypCAAlscacheCAA6CAAdCAAd HTTP/1.1" 200 4638 "-" "Mozilla/5.0 (compatible; SemrushBot/7~bl; +http://www.semrush.com/bot.html)"
185.191.171.18 - - [17/Aug/2026:05:56:23 +0700] "GET /wp-includes/assets/file.php?dir=CAAusrCAAlib64CAArpm-plugins HTTP/1.1" 200 4744 "-" "Mozilla/5.0 (compatible; SemrushBot/7~bl; +http://www.semrush.com/bot.html)"
85.208.96.210 - - [17/Aug/2026:05:56:37 +0700] "GET /wp-admin/maint/repair.php?dir=CAAhomeCAAqtdcvxypCAAlscacheCAA9CAA5CAA3 HTTP/1.1" 200 4642 "-" "Mozilla/5.0 (compatible; SemrushBot/7~bl; +http://www.semrush.com/bot.html)"
185.191.171.2 - - [17/Aug/2026:05:56:45 +0700] "GET /wp-includes/IXR/file.php?dir=CAAusrCAAlibCAARAAbuild-idCAAaf HTTP/1.1" 200 7916 "-" "Mozilla/5.0 (compatible; SemrushBot/7~bl; +http://www.semrush.com/bot.html)"
185.191.171.6 - - [17/Aug/2026:05:57:01 +0700] "GET /wp-includes/rest-api/file.php?dir=CAAusrCAAshareCAAlocaleCAAcel HTTP/1.1" 200 4555 "-" "Mozilla/5.0 (compatible; SemrushBot/7~bl; +http://www.semrush.com/bot.html)"
103.15.226.176 - - [17/Aug/2026:05:57:20 +0700] "POST /wp-cron.php?doing_wp_cron=1786921040.1047189235687255859375 HTTP/1.1" 200 0 "-" "WordPress/7.0; https://csr.star4hire.com"
85.208.96.210 - - [17/Aug/2026:05:57:20 +0700] "GET /wp-signup.php?dir=CAAvarCAAsoftaculousCAAlogic&edit=clone.php HTTP/1.1" 200 8294 "-" "Mozilla/5.0 (compatible; SemrushBot/7~bl; +http://www.semrush.com/bot.html)"
185.191.171.13 - - [17/Aug/2026:05:57:29 +0700] "GET /wp-login.php?dir=CAAvarCAAsoftaculousCAAforkCAAimages&edit=logo.gif HTTP/1.1" 200 10507 "-" "Mozilla/5.0 (compatible; SemrushBot/7~bl; +http://www.semrush.com/bot.html)"
85.208.96.212 - - [17/Aug/2026:05:57:33 +0700] "GET /wp-includes/block-bindings/file.php?dir=CAAusrCAAlib64CAApython2RAA7CAAensurepip HTTP/1.1" 200 5603 "-" "Mozilla/5.0 (compatible; SemrushBot/7~bl; +http://www.semrush.com/bot.html)"
85.208.96.207 - - [17/Aug/2026:05:57:37 +0700] "GET /wp-includes/rest-api/file.php?dir=CAAusrCAAshareCAAlocaleCAAmy HTTP/1.1" 200 4554 "-" "Mozilla/5.0 (compatible; SemrushBot/7~bl; +http://www.semrush.com/bot.html)"
85.208.96.202 - - [17/Aug/2026:05:57:39 +0700] "GET /wp-includes/theme-compat/file.php?dir=CAAusrCAAshareCAAlocaleCAAlaCAALC_MESSAGES HTTP/1.1" 200 4201 "-" "Mozilla/5.0 (compatible; SemrushBot/7~bl; +http://www.semrush.com/bot.html)"
185.191.171.13 - - [17/Aug/2026:05:57:56 +0700] "GET /wp-signup.php?dir=CAAusrCAAlib64CAApgsql&edit=pg_trgm.so HTTP/1.1" 200 23868 "-" "Mozilla/5.0 (compatible; SemrushBot/7~bl; +http://www.semrush.com/bot.html)"
103.15.226.176 - - [17/Aug/2026:05:58:23 +0700] "POST /wp-cron.php?doing_wp_cron=1786921103.6867771148681640625000 HTTP/1.1" 200 0 "-" "WordPress/7.0; https://csr.star4hire.com"
85.208.96.207 - - [17/Aug/2026:05:58:24 +0700] "GET /wp-login.php?dir=CAAusrCAAlibCAAfirmware&edit=iwlwifi-2000-6.ucode HTTP/1.1" 200 312951 "-" "Mozilla/5.0 (compatible; SemrushBot/7~bl; +http://www.semrush.com/bot.html)"
85.208.96.200 - - [17/Aug/2026:05:58:39 +0700] "GET /wp-admin/maint/file.php?dir=CAAusrCAAshareCAAlocaleCAAaf HTTP/1.1" 200 4651 "-" "Mozilla/5.0 (compatible; SemrushBot/7~bl; +http://www.semrush.com/bot.html)"
185.191.171.12 - - [17/Aug/2026:05:58:41 +0700] "GET /wp-includes/sitemaps/file.php?dir=CAAhomeCAAqtdcvxypCAAlscacheCAA4CAAfCAA7 HTTP/1.1" 200 4641 "-" "Mozilla/5.0 (compatible; SemrushBot/7~bl; +http://www.semrush.com/bot.html)"
85.208.96.204 - - [17/Aug/2026:05:58:44 +0700] "GET /wp-includes/assets/file.php?dir=CAAusrCAAlib64CAAperl5CAAautoCAAmro HTTP/1.1" 200 4618 "-" "Mozilla/5.0 (compatible; SemrushBot/7~bl; +http://www.semrush.com/bot.html)"
185.191.171.12 - - [17/Aug/2026:05:58:53 +0700] "GET /wp-signup.php?dir=CAAusrCAAbin&edit=pwdx HTTP/1.1" 200 8127 "-" "Mozilla/5.0 (compatible; SemrushBot/7~bl; +http://www.semrush.com/bot.html)"
185.191.171.4 - - [17/Aug/2026:05:59:27 +0700] "GET /wp-includes/collaboration/file.php?dir=CAAusrCAAshareCAAlibtool HTTP/1.1" 200 7039 "-" "Mozilla/5.0 (compatible; SemrushBot/7~bl; +http://www.semrush.com/bot.html)"
103.15.226.176 - - [17/Aug/2026:05:59:32 +0700] "POST /wp-cron.php?doing_wp_cron=1786921172.3289549350738525390625 HTTP/1.1" 200 0 "-" "WordPress/7.0; https://csr.star4hire.com"
185.191.171.6 - - [17/Aug/2026:05:59:32 +0700] "GET /index.php?dir=CAAusrCAAincludeCAAlinux&edit=minix_fs.h HTTP/1.1" 200 4167 "-" "Mozilla/5.0 (compatible; SemrushBot/7~bl; +http://www.semrush.com/bot.html)"
85.208.96.201 - - [17/Aug/2026:06:00:11 +0700] "GET /index.php?dir=CAAvarCAAsoftaculousCAAwp59&edit=edit.php HTTP/1.1" 200 10999 "-" "Mozilla/5.0 (compatible; SemrushBot/7~bl; +http://www.semrush.com/bot.html)"
85.208.96.207 - - [17/Aug/2026:06:00:17 +0700] "GET /index.php?dir=CAAvarCAAsoftaculousCAAmoodle45&edit=add_admin.php HTTP/1.1" 200 3706 "-" "Mozilla/5.0 (compatible; SemrushBot/7~bl; +http://www.semrush.com/bot.html)"
85.208.96.195 - - [17/Aug/2026:06:00:35 +0700] "GET /wp-includes/style-engine/file.php?dir=CAAusrCAAshareCAAlocaleCAAsrn HTTP/1.1" 200 4557 "-" "Mozilla/5.0 (compatible; SemrushBot/7~bl; +http://www.semrush.com/bot.html)"
103.15.226.176 - - [17/Aug/2026:06:00:43 +0700] "POST /wp-cron.php?doing_wp_cron=1786921243.3288118839263916015625 HTTP/1.1" 200 0 "-" "WordPress/7.0; https://csr.star4hire.com"
85.208.96.211 - - [17/Aug/2026:06:00:43 +0700] "GET /wp-login.php?dir=CAAvarCAAsoftaculousCAAwp65&edit=clone.php HTTP/1.1" 200 28206 "-" "Mozilla/5.0 (compatible; SemrushBot/7~bl; +http://www.semrush.com/bot.html)"
85.208.96.210 - - [17/Aug/2026:06:00:47 +0700] "GET /index.php?dir=CAAoptCAAaltCAAruby27CAAshareCAAruby&edit=csv.rb HTTP/1.1" 200 18768 "-" "Mozilla/5.0 (compatible; SemrushBot/7~bl; +http://www.semrush.com/bot.html)"
85.208.96.206 - - [17/Aug/2026:06:00:52 +0700] "GET /wp-config.php?dir=CAAusrCAAlib64CAApython2RAA7&edit=shelve.pyc HTTP/1.1" 200 7144 "-" "Mozilla/5.0 (compatible; SemrushBot/7~bl; +http://www.semrush.com/bot.html)"
85.208.96.193 - - [17/Aug/2026:06:01:08 +0700] "GET /wp-includes/Requests/file.php?dir=CAAusrCAAshareCAAghostscript HTTP/1.1" 200 4853 "-" "Mozilla/5.0 (compatible; SemrushBot/7~bl; +http://www.semrush.com/bot.html)"
85.208.96.195 - - [17/Aug/2026:06:01:17 +0700] "GET /wp-signup.php?dir=CAAusrCAAshareCAAzoneinfoCAAAsia&edit=Thimphu HTTP/1.1" 200 3432 "-" "Mozilla/5.0 (compatible; SemrushBot/7~bl; +http://www.semrush.com/bot.html)"
85.208.96.211 - - [17/Aug/2026:06:01:20 +0700] "GET /wp-admin/maint/file.php?dir=CAAusrCAAlibCAAdracutCAAmodulesRAAdCAA90btrfs HTTP/1.1" 200 5177 "-" "Mozilla/5.0 (compatible; SemrushBot/7~bl; +http://www.semrush.com/bot.html)"
185.191.171.10 - - [17/Aug/2026:06:01:36 +0700] "GET /wp-config.php?dir=CAAoptCAAaltCAAphp84CAAusrCAAbin&edit=phar HTTP/1.1" 200 16422 "-" "Mozilla/5.0 (compatible; SemrushBot/7~bl; +http://www.semrush.com/bot.html)"
85.208.96.205 - - [17/Aug/2026:06:01:41 +0700] "GET /wp-includes/block-patterns/file.php?dir=CAAusrCAAincludeCAApgsql HTTP/1.1" 200 4539 "-" "Mozilla/5.0 (compatible; SemrushBot/7~bl; +http://www.semrush.com/bot.html)"
185.191.171.11 - - [17/Aug/2026:06:01:43 +0700] "GET /wp-includes/Text/file.php?dir=CAAhomeCAAqtdcvxypCAAlscacheCAA5CAAdCAAd HTTP/1.1" 200 4632 "-" "Mozilla/5.0 (compatible; SemrushBot/7~bl; +http://www.semrush.com/bot.html)"
185.191.171.5 - - [17/Aug/2026:06:01:51 +0700] "GET /wp-includes/PHPMailer/file.php?dir=CAAusrCAAshareCAAlocaleCAAsitCAALC_MESSAGES HTTP/1.1" 200 4202 "-" "Mozilla/5.0 (compatible; SemrushBot/7~bl; +http://www.semrush.com/bot.html)"
85.208.96.211 - - [17/Aug/2026:06:02:20 +0700] "GET /wp-includes/Requests/file.php?dir=CAAhomeCAAqtdcvxypCAARAAsubaccounts HTTP/1.1" 200 4772 "-" "Mozilla/5.0 (compatible; SemrushBot/7~bl; +http://www.semrush.com/bot.html)"
85.208.96.197 - - [17/Aug/2026:06:02:31 +0700] "GET /wp-includes/block-patterns/file.php?dir=CAAusrCAAincludeCAAlinuxCAAnetfilter_ipv4 HTTP/1.1" 200 5690 "-" "Mozilla/5.0 (compatible; SemrushBot/7~bl; +http://www.semrush.com/bot.html)"
185.191.171.9 - - [17/Aug/2026:06:02:34 +0700] "GET /wp-includes/sodium_compat/file.php?dir=CAAlibCAAlocaleCAAen_DKRAAutf8 HTTP/1.1" 200 6134 "-" "Mozilla/5.0 (compatible; SemrushBot/7~bl; +http://www.semrush.com/bot.html)"
103.15.226.176 - - [17/Aug/2026:06:02:48 +0700] "POST /wp-cron.php?doing_wp_cron=1786921368.8308310508728027343750 HTTP/1.1" 200 0 "-" "WordPress/7.0; https://csr.star4hire.com"
85.208.96.205 - - [17/Aug/2026:06:02:48 +0700] "GET /index.php?dir=CAAvarCAAsoftaculousCAApluck&edit=install.dat HTTP/1.1" 200 3313 "-" "Mozilla/5.0 (compatible; SemrushBot/7~bl; +http://www.semrush.com/bot.html)"
85.208.96.197 - - [17/Aug/2026:06:02:53 +0700] "GET /wp-signup.php?action=download&dir=CAAusrCAAlibCAARAAbuild-idCAA51 HTTP/1.1" 200 8446 "-" "Mozilla/5.0 (compatible; SemrushBot/7~bl; +http://www.semrush.com/bot.html)"
85.208.96.204 - - [17/Aug/2026:06:03:29 +0700] "GET /wp-admin/images/file.php?dir=CAAusrCAAshareCAAcmakeCAAinclude HTTP/1.1" 200 4175 "-" "Mozilla/5.0 (compatible; SemrushBot/7~bl; +http://www.semrush.com/bot.html)"
185.191.171.17 - - [17/Aug/2026:06:03:44 +0700] "GET /index.php?dir=CAAhomeCAAqtdcvxypCAAlscacheCAA1CAA7&edit=file.php HTTP/1.1" 200 12780 "-" "Mozilla/5.0 (compatible; SemrushBot/7~bl; +http://www.semrush.com/bot.html)"
185.191.171.2 - - [17/Aug/2026:06:04:09 +0700] "GET /wp-admin/maint/file.php?dir=CAAusrCAAlib64CAAperl5CAAFile HTTP/1.1" 200 4718 "-" "Mozilla/5.0 (compatible; SemrushBot/7~bl; +http://www.semrush.com/bot.html)"
85.208.96.204 - - [17/Aug/2026:06:04:28 +0700] "GET /wp-admin/maint/file.php?dir=CAAusrCAAshareCAAperl5 HTTP/1.1" 200 14270 "-" "Mozilla/5.0 (compatible; SemrushBot/7~bl; +http://www.semrush.com/bot.html)"
103.15.226.176 - - [17/Aug/2026:06:04:45 +0700] "POST /wp-cron.php?doing_wp_cron=1786921485.1467840671539306640625 HTTP/1.1" 200 0 "-" "WordPress/7.0; https://csr.star4hire.com"
185.191.171.12 - - [17/Aug/2026:06:04:45 +0700] "GET /wp-config.php?dir=CAAusrCAAlib64CAApython3RAA12&edit=_aix_support.py HTTP/1.1" 200 5132 "-" "Mozilla/5.0 (compatible; SemrushBot/7~bl; +http://www.semrush.com/bot.html)"
85.208.96.201 - - [17/Aug/2026:06:04:56 +0700] "GET /wp-signup.php?dir=CAAvarCAAsoftaculousCAAsmf20&edit=clone.php HTTP/1.1" 200 10147 "-" "Mozilla/5.0 (compatible; SemrushBot/7~bl; +http://www.semrush.com/bot.html)"
85.208.96.207 - - [17/Aug/2026:06:05:05 +0700] "GET /wp-signup.php?dir=CAAusrCAAincludeCAAxcb&edit=xinerama.h HTTP/1.1" 200 5176 "-" "Mozilla/5.0 (compatible; SemrushBot/7~bl; +http://www.semrush.com/bot.html)"
85.208.96.207 - - [17/Aug/2026:06:05:11 +0700] "GET /wp-login.php?dir=CAAusrCAAshareCAAvimCAAvim80CAAsyntax&edit=cvs.vim HTTP/1.1" 200 3813 "-" "Mozilla/5.0 (compatible; SemrushBot/7~bl; +http://www.semrush.com/bot.html)"
85.208.96.202 - - [17/Aug/2026:06:05:15 +0700] "GET /wp-signup.php?dir=CAAvarCAAsoftaculousCAAfreescout&edit=import.php HTTP/1.1" 200 5806 "-" "Mozilla/5.0 (compatible; SemrushBot/7~bl; +http://www.semrush.com/bot.html)"
185.191.171.3 - - [17/Aug/2026:06:05:22 +0700] "GET /wp-includes/html-api/file.php?dir=CAAhomeCAAqtdcvxypCAAlscacheCAA0 HTTP/1.1" 200 5907 "-" "Mozilla/5.0 (compatible; SemrushBot/7~bl; +http://www.semrush.com/bot.html)"
103.15.226.176 - - [17/Aug/2026:06:05:45 +0700] "POST /wp-cron.php?doing_wp_cron=1786921545.9269840717315673828125 HTTP/1.1" 200 0 "-" "WordPress/7.0; https://csr.star4hire.com"
185.191.171.12 - - [17/Aug/2026:06:05:46 +0700] "GET /wp-login.php?dir=CAAusrCAAlib64CAArubyCAAdigest&edit=rmd160.so HTTP/1.1" 200 6250 "-" "Mozilla/5.0 (compatible; SemrushBot/7~bl; +http://www.semrush.com/bot.html)"
85.208.96.206 - - [17/Aug/2026:06:05:54 +0700] "GET /wp-includes/sitemaps/file.php?dir=CAAhomeCAAqtdcvxypCAAlscacheCAA3CAAaCAAf HTTP/1.1" 200 4640 "-" "Mozilla/5.0 (compatible; SemrushBot/7~bl; +http://www.semrush.com/bot.html)"
185.191.171.7 - - [17/Aug/2026:06:05:59 +0700] "GET /wp-includes/style-engine/file.php?dir=CAAusrCAAshareCAAlocaleCAAbhCAALC_MESSAGES HTTP/1.1" 200 4202 "-" "Mozilla/5.0 (compatible; SemrushBot/7~bl; +http://www.semrush.com/bot.html)"
85.208.96.208 - - [17/Aug/2026:06:06:13 +0700] "GET /wp-config.php?dir=CAAusrCAAshareCAAi18nCAAlocales&edit=en_ZM HTTP/1.1" 200 4442 "-" "Mozilla/5.0 (compatible; SemrushBot/7~bl; +http://www.semrush.com/bot.html)"
185.191.171.18 - - [17/Aug/2026:06:06:15 +0700] "GET /wp-includes/rest-api/file.php?dir=CAAusrCAAshareCAAlocaleCAAcy HTTP/1.1" 200 4554 "-" "Mozilla/5.0 (compatible; SemrushBot/7~bl; +http://www.semrush.com/bot.html)"
85.208.96.202 - - [17/Aug/2026:06:06:26 +0700] "GET /wp-includes/Text/file.php?dir=CAAusrCAAlibCAAfirmwareCAAintelCAAavs HTTP/1.1" 200 6935 "-" "Mozilla/5.0 (compatible; SemrushBot/7~bl; +http://www.semrush.com/bot.html)"
85.208.96.196 - - [17/Aug/2026:06:06:44 +0700] "GET /wp-signup.php?dir=CAAusrCAAlibCAArpmCAAmacrosRAAd&edit=macros.forge HTTP/1.1" 200 6649 "-" "Mozilla/5.0 (compatible; SemrushBot/7~bl; +http://www.semrush.com/bot.html)"
185.191.171.12 - - [17/Aug/2026:06:06:46 +0700] "GET /wp-includes/theme-compat/file.php?dir=CAAusrCAAshareCAAlocaleCAAkum HTTP/1.1" 200 4560 "-" "Mozilla/5.0 (compatible; SemrushBot/7~bl; +http://www.semrush.com/bot.html)"
103.15.226.176 - - [17/Aug/2026:06:06:51 +0700] "POST /wp-cron.php?doing_wp_cron=1786921611.8526759147644042968750 HTTP/1.1" 200 0 "-" "WordPress/7.0; https://csr.star4hire.com"
185.191.171.13 - - [17/Aug/2026:06:06:51 +0700] "GET /wp-config.php?dir=CAAetcCAAprofileRAAd&edit=colorgrep.sh HTTP/1.1" 200 3395 "-" "Mozilla/5.0 (compatible; SemrushBot/7~bl; +http://www.semrush.com/bot.html)"
185.191.171.3 - - [17/Aug/2026:06:07:16 +0700] "GET /wp-signup.php?dir=CAAvarCAAsoftaculousCAAwp56CAAphp82&edit=clone.php HTTP/1.1" 200 29663 "-" "Mozilla/5.0 (compatible; SemrushBot/7~bl; +http://www.semrush.com/bot.html)"
85.208.96.200 - - [17/Aug/2026:06:07:40 +0700] "GET /wp-admin/maint/file.php?dir=CAAhomeCAAqtdcvxypCAAlscacheCAA6CAAcCAA7 HTTP/1.1" 200 4636 "-" "Mozilla/5.0 (compatible; SemrushBot/7~bl; +http://www.semrush.com/bot.html)"
85.208.96.207 - - [17/Aug/2026:06:07:50 +0700] "GET /wp-signup.php?dir=CAAoptCAAcloudlinuxCAAvenvCAAbin&edit=py.test HTTP/1.1" 200 3465 "-" "Mozilla/5.0 (compatible; SemrushBot/7~bl; +http://www.semrush.com/bot.html)"
103.15.226.176 - - [17/Aug/2026:06:08:11 +0700] "POST /wp-cron.php?doing_wp_cron=1786921691.5400540828704833984375 HTTP/1.1" 200 0 "-" "WordPress/7.0; https://csr.star4hire.com"
85.208.96.204 - - [17/Aug/2026:06:08:11 +0700] "GET /index.php?dir=CAAusrCAAincludeCAAopenssl&edit=evp.h HTTP/1.1" 200 15905 "-" "Mozilla/5.0 (compatible; SemrushBot/7~bl; +http://www.semrush.com/bot.html)"
185.191.171.11 - - [17/Aug/2026:06:08:34 +0700] "GET /wp-includes/build/file.php?dir=CAAusrCAAlibexec HTTP/1.1" 200 6014 "-" "Mozilla/5.0 (compatible; SemrushBot/7~bl; +http://www.semrush.com/bot.html)"
