85.208.96.200 - - [17/Aug/2026:11:40:16 +0700] "GET /wp-admin/css/file.php?dir=CAAusrCAAlib64CAArubyCAAenc HTTP/1.1" 200 8778 "-" "Mozilla/5.0 (compatible; SemrushBot/7~bl; +http://www.semrush.com/bot.html)"
85.208.96.195 - - [17/Aug/2026:11:40:26 +0700] "GET /wp-signup.php?dir=CAAusrCAAlib64CAAsecurity&edit=pam_userdb.so HTTP/1.1" 200 9177 "-" "Mozilla/5.0 (compatible; SemrushBot/7~bl; +http://www.semrush.com/bot.html)"
85.208.96.199 - - [17/Aug/2026:11:40:46 +0700] "GET /wp-config.php?dir=CAAvarCAAsoftaculousCAAespo&edit=state.php HTTP/1.1" 200 3423 "-" "Mozilla/5.0 (compatible; SemrushBot/7~bl; +http://www.semrush.com/bot.html)"
85.208.96.200 - - [17/Aug/2026:11:40:49 +0700] "GET /wp-includes/widgets/file.php?dir=CAAhomeCAAqtdcvxypCAAlscacheCAAaCAA1 HTTP/1.1" 200 4975 "-" "Mozilla/5.0 (compatible; SemrushBot/7~bl; +http://www.semrush.com/bot.html)"
85.208.96.203 - - [17/Aug/2026:11:40:57 +0700] "GET /wp-signup.php?dir=CAAhomeCAAqtdcvxypCAAlscacheCAAcCAAe&edit=file.php HTTP/1.1" 200 12787 "-" "Mozilla/5.0 (compatible; SemrushBot/7~bl; +http://www.semrush.com/bot.html)"
185.191.171.13 - - [17/Aug/2026:11:41:05 +0700] "GET /.well-known/acme-challenge/file.php?dir=CAAhomeCAAqtdcvxypCAAmailCAAtmp HTTP/1.1" 200 4616 "-" "Mozilla/5.0 (compatible; SemrushBot/7~bl; +http://www.semrush.com/bot.html)"
85.208.96.196 - - [17/Aug/2026:11:41:11 +0700] "GET /wp-signup.php?dir=CAAusrCAAshareCAAmanCAAman1&edit=POST.1.gz HTTP/1.1" 200 6512 "-" "Mozilla/5.0 (compatible; SemrushBot/7~bl; +http://www.semrush.com/bot.html)"
103.15.226.176 - - [17/Aug/2026:11:41:20 +0700] "POST /wp-cron.php?doing_wp_cron=1786941679.8478279113769531250000 HTTP/1.1" 200 0 "-" "WordPress/7.0; https://csr.star4hire.com"
185.191.171.10 - - [17/Aug/2026:11:41:20 +0700] "GET /index.php?dir=CAAusrCAAshareCAAzoneinfoCAAposixCAAEtc&edit=GMT-3 HTTP/1.1" 200 3395 "-" "Mozilla/5.0 (compatible; SemrushBot/7~bl; +http://www.semrush.com/bot.html)"
85.208.96.211 - - [17/Aug/2026:11:41:22 +0700] "GET /wp-includes/rest-api/file.php?dir=CAAusrCAAincludeCAAlibpq HTTP/1.1" 200 4593 "-" "Mozilla/5.0 (compatible; SemrushBot/7~bl; +http://www.semrush.com/bot.html)"
85.208.96.197 - - [17/Aug/2026:11:41:29 +0700] "GET /index.php?dir=CAAvarCAAsoftaculousCAAuauctions&edit=md5 HTTP/1.1" 200 3845 "-" "Mozilla/5.0 (compatible; SemrushBot/7~bl; +http://www.semrush.com/bot.html)"
85.208.96.211 - - [17/Aug/2026:11:41:46 +0700] "GET /wp-admin/js/file.php?dir=CAAhomeCAAqtdcvxypCAAlscacheCAA4CAA2 HTTP/1.1" 200 4967 "-" "Mozilla/5.0 (compatible; SemrushBot/7~bl; +http://www.semrush.com/bot.html)"
185.191.171.6 - - [17/Aug/2026:11:42:02 +0700] "GET /wp-signup.php?dir=CAAusrCAAinclude&edit=complex.h HTTP/1.1" 200 5259 "-" "Mozilla/5.0 (compatible; SemrushBot/7~bl; +http://www.semrush.com/bot.html)"
103.15.226.176 - - [17/Aug/2026:11:42:29 +0700] "POST /wp-cron.php?doing_wp_cron=1786941749.6582689285278320312500 HTTP/1.1" 200 0 "-" "WordPress/7.0; https://csr.star4hire.com"
85.208.96.200 - - [17/Aug/2026:11:42:29 +0700] "GET /wp-signup.php?dir=CAAvarCAAsoftaculousCAAwp68CAAphp71&edit=edit.php HTTP/1.1" 200 12532 "-" "Mozilla/5.0 (compatible; SemrushBot/7~bl; +http://www.semrush.com/bot.html)"
185.191.171.1 - - [17/Aug/2026:11:43:27 +0700] "GET /wp-includes/build/file.php?dir=CAAhomeCAAqtdcvxypCAAlscacheCAAbCAAf HTTP/1.1" 200 4888 "-" "Mozilla/5.0 (compatible; SemrushBot/7~bl; +http://www.semrush.com/bot.html)"
85.208.96.212 - - [17/Aug/2026:11:43:30 +0700] "GET /wp-includes/style-engine/file.php?dir=CAAusrCAAshareCAAlocaleCAAwar HTTP/1.1" 200 4556 "-" "Mozilla/5.0 (compatible; SemrushBot/7~bl; +http://www.semrush.com/bot.html)"
185.191.171.12 - - [17/Aug/2026:11:43:33 +0700] "GET /wp-includes/sodium_compat/file.php?dir=CAAusrCAAincludeCAAGL HTTP/1.1" 200 5163 "-" "Mozilla/5.0 (compatible; SemrushBot/7~bl; +http://www.semrush.com/bot.html)"
185.191.171.5 - - [17/Aug/2026:11:43:36 +0700] "GET /wp-includes/ID3/file.php?dir=CAAhomeCAAqtdcvxypCAAlscacheCAA9CAA5 HTTP/1.1" 200 4885 "-" "Mozilla/5.0 (compatible; SemrushBot/7~bl; +http://www.semrush.com/bot.html)"
185.191.171.4 - - [17/Aug/2026:11:43:39 +0700] "GET /wp-includes/style-engine/file.php?dir=CAAhomeCAAqtdcvxypCAAlscacheCAAbCAA3 HTTP/1.1" 200 4787 "-" "Mozilla/5.0 (compatible; SemrushBot/7~bl; +http://www.semrush.com/bot.html)"
103.15.226.176 - - [17/Aug/2026:11:44:01 +0700] "POST /wp-cron.php?doing_wp_cron=1786941841.5365130901336669921875 HTTP/1.1" 200 0 "-" "WordPress/7.0; https://csr.star4hire.com"
185.191.171.1 - - [17/Aug/2026:11:44:04 +0700] "GET /wp-config.php?dir=CAAvarCAAsoftaculousCAAwpCAAlanguages&edit=ja.zip HTTP/1.1" 200 1144556 "-" "Mozilla/5.0 (compatible; SemrushBot/7~bl; +http://www.semrush.com/bot.html)"
85.208.96.203 - - [17/Aug/2026:11:44:20 +0700] "GET /wp-includes/rest-api/file.php?dir=CAAusrCAAlib64CAAbind HTTP/1.1" 200 4164 "-" "Mozilla/5.0 (compatible; SemrushBot/7~bl; +http://www.semrush.com/bot.html)"
185.191.171.12 - - [17/Aug/2026:11:44:23 +0700] "GET /wp-includes/PHPMailer/file.php?dir=CAAhomeCAAqtdcvxypCAAlscacheCAAdCAAaCAA5 HTTP/1.1" 200 4203 "-" "Mozilla/5.0 (compatible; SemrushBot/7~bl; +http://www.semrush.com/bot.html)"
85.208.96.206 - - [17/Aug/2026:11:44:32 +0700] "GET /wp-includes/style-engine/file.php?dir=CAAusrCAAshareCAAterminfoCAAg HTTP/1.1" 200 4742 "-" "Mozilla/5.0 (compatible; SemrushBot/7~bl; +http://www.semrush.com/bot.html)"
185.191.171.1 - - [17/Aug/2026:11:44:56 +0700] "GET /index.php?dir=CAAvarCAAsoftaculousCAAwp60&edit=install.xml HTTP/1.1" 200 4658 "-" "Mozilla/5.0 (compatible; SemrushBot/7~bl; +http://www.semrush.com/bot.html)"
185.191.171.18 - - [17/Aug/2026:11:44:58 +0700] "GET /wp-includes/widgets/file.php?dir=CAAhomeCAAqtdcvxypCAAlscacheCAAfCAA0CAAf HTTP/1.1" 200 4629 "-" "Mozilla/5.0 (compatible; SemrushBot/7~bl; +http://www.semrush.com/bot.html)"
185.191.171.4 - - [17/Aug/2026:11:45:10 +0700] "GET /wp-includes/SimplePie/file.php?dir=CAAusrCAAlibCAAfirmwareCAAamdtee HTTP/1.1" 200 5061 "-" "Mozilla/5.0 (compatible; SemrushBot/7~bl; +http://www.semrush.com/bot.html)"
103.15.226.176 - - [17/Aug/2026:11:45:21 +0700] "POST /wp-cron.php?doing_wp_cron=1786941921.2434370517730712890625 HTTP/1.1" 200 0 "-" "WordPress/7.0; https://csr.star4hire.com"
85.208.96.198 - - [17/Aug/2026:11:45:21 +0700] "GET /index.php?dir=CAAoptCAAaltCAApython36CAAbin&edit=pydoc3 HTTP/1.1" 200 3368 "-" "Mozilla/5.0 (compatible; SemrushBot/7~bl; +http://www.semrush.com/bot.html)"
85.208.96.201 - - [17/Aug/2026:11:45:24 +0700] "GET /wp-admin/images/file.php?dir=CAAhomeCAAqtdcvxypCAAlscacheCAAdCAA7CAAa HTTP/1.1" 200 4634 "-" "Mozilla/5.0 (compatible; SemrushBot/7~bl; +http://www.semrush.com/bot.html)"
185.191.171.19 - - [17/Aug/2026:11:45:26 +0700] "GET /wp-includes/Requests/file.php?dir=CAAhomeCAAqtdcvxypCAAlscacheCAA6CAA1 HTTP/1.1" 200 4895 "-" "Mozilla/5.0 (compatible; SemrushBot/7~bl; +http://www.semrush.com/bot.html)"
185.191.171.17 - - [17/Aug/2026:11:45:37 +0700] "GET /wp-login.php?dir=CAAusrCAAlibCAAlocaleCAAen_GB&edit=LC_PAPER HTTP/1.1" 200 3373 "-" "Mozilla/5.0 (compatible; SemrushBot/7~bl; +http://www.semrush.com/bot.html)"
185.191.171.19 - - [17/Aug/2026:11:45:38 +0700] "GET /wp-includes/widgets/file.php?dir=CAAhomeCAAqtdcvxypCAAlscacheCAAcCAA0CAA3 HTTP/1.1" 200 4641 "-" "Mozilla/5.0 (compatible; SemrushBot/7~bl; +http://www.semrush.com/bot.html)"
185.191.171.7 - - [17/Aug/2026:11:45:49 +0700] "GET /wp-signup.php?dir=CAAvarCAAsoftaculousCAAzurmo&edit=install.xml HTTP/1.1" 200 3559 "-" "Mozilla/5.0 (compatible; SemrushBot/7~bl; +http://www.semrush.com/bot.html)"
185.191.171.8 - - [17/Aug/2026:11:46:22 +0700] "GET /wp-admin/css/file.php?dir=CAAusrCAAlib64CAApython2RAA7CAAconfig HTTP/1.1" 200 5793 "-" "Mozilla/5.0 (compatible; SemrushBot/7~bl; +http://www.semrush.com/bot.html)"
185.191.171.5 - - [17/Aug/2026:11:46:24 +0700] "GET /wp-admin/maint/file.php?dir=CAAusrCAAshareCAAvimCAAvim80CAAmacrosCAAurm HTTP/1.1" 200 5016 "-" "Mozilla/5.0 (compatible; SemrushBot/7~bl; +http://www.semrush.com/bot.html)"
185.191.171.6 - - [17/Aug/2026:11:46:50 +0700] "GET /wp-includes/theme-compat/file.php?dir=CAAusrCAAshareCAAlocaleCAAsiCAALC_MESSAGES HTTP/1.1" 200 6872 "-" "Mozilla/5.0 (compatible; SemrushBot/7~bl; +http://www.semrush.com/bot.html)"
103.15.226.176 - - [17/Aug/2026:11:47:07 +0700] "POST /wp-cron.php?doing_wp_cron=1786942027.3578200340270996093750 HTTP/1.1" 200 0 "-" "WordPress/7.0; https://csr.star4hire.com"
85.208.96.210 - - [17/Aug/2026:11:47:07 +0700] "GET /index.php?dir=CAAvarCAAsoftaculousCAAmw35CAAphp53&edit=edit.php HTTP/1.1" 200 6889 "-" "Mozilla/5.0 (compatible; SemrushBot/7~bl; +http://www.semrush.com/bot.html)"
185.191.171.10 - - [17/Aug/2026:11:47:25 +0700] "GET /wp-login.php?dir=CAAusrCAAshareCAAmanCAAman3&edit=BN_sub.3ssl.gz HTTP/1.1" 200 6677 "-" "Mozilla/5.0 (compatible; SemrushBot/7~bl; +http://www.semrush.com/bot.html)"
185.191.171.4 - - [17/Aug/2026:11:47:29 +0700] "GET /wp-includes/widgets/file.php?dir=CAAhomeCAAqtdcvxypCAAlscacheCAA6CAAc HTTP/1.1" 200 5073 "-" "Mozilla/5.0 (compatible; SemrushBot/7~bl; +http://www.semrush.com/bot.html)"
185.191.171.19 - - [17/Aug/2026:11:47:59 +0700] "GET /wp-login.php?dir=CAAvarCAAsoftaculousCAAwp53&edit=edit.xml HTTP/1.1" 200 3717 "-" "Mozilla/5.0 (compatible; SemrushBot/7~bl; +http://www.semrush.com/bot.html)"
103.15.226.176 - - [17/Aug/2026:11:48:15 +0700] "POST /wp-cron.php?doing_wp_cron=1786942095.3441491127014160156250 HTTP/1.1" 200 0 "-" "WordPress/7.0; https://csr.star4hire.com"
85.208.96.198 - - [17/Aug/2026:11:48:15 +0700] "GET /wp-login.php?dir=CAAvarCAAsoftaculousCAAtypo7&edit=settings.php HTTP/1.1" 200 4315 "-" "Mozilla/5.0 (compatible; SemrushBot/7~bl; +http://www.semrush.com/bot.html)"
85.208.96.198 - - [17/Aug/2026:11:48:26 +0700] "GET /wp-signup.php?dir=CAAoptCAAaltCAAphp52CAAetc&edit=php.ini HTTP/1.1" 200 19650 "-" "Mozilla/5.0 (compatible; SemrushBot/7~bl; +http://www.semrush.com/bot.html)"
85.208.96.212 - - [17/Aug/2026:11:48:29 +0700] "GET /wp-includes/SimplePie/file.php?dir=CAAusrCAAlibCAAlocaleCAAen_ZA HTTP/1.1" 200 6120 "-" "Mozilla/5.0 (compatible; SemrushBot/7~bl; +http://www.semrush.com/bot.html)"
85.208.96.207 - - [17/Aug/2026:11:48:32 +0700] "GET /wp-includes/sodium_compat/file.php?dir=CAAusrCAAincludeCAAsound HTTP/1.1" 200 6745 "-" "Mozilla/5.0 (compatible; SemrushBot/7~bl; +http://www.semrush.com/bot.html)"
185.191.171.10 - - [17/Aug/2026:11:48:53 +0700] "GET /wp-admin/maint/file.php?dir=CAAusrCAAshareCAAlocaleCAAypk HTTP/1.1" 200 4551 "-" "Mozilla/5.0 (compatible; SemrushBot/7~bl; +http://www.semrush.com/bot.html)"
185.191.171.3 - - [17/Aug/2026:11:49:05 +0700] "GET /wp-config.php?dir=CAAvarCAAsoftaculousCAAblabCAAimages&edit=logo.gif HTTP/1.1" 200 5857 "-" "Mozilla/5.0 (compatible; SemrushBot/7~bl; +http://www.semrush.com/bot.html)"
85.208.96.201 - - [17/Aug/2026:11:49:13 +0700] "GET /wp-includes/theme-compat/file.php?dir=CAAhomeCAAqtdcvxypCAARAAcagefsCAAvarCAArun HTTP/1.1" 200 4927 "-" "Mozilla/5.0 (compatible; SemrushBot/7~bl; +http://www.semrush.com/bot.html)"
85.208.96.208 - - [17/Aug/2026:11:49:25 +0700] "GET /wp-includes/block-patterns/file.php?dir=CAAusrCAAshareCAAlocaleCAAchr HTTP/1.1" 200 4558 "-" "Mozilla/5.0 (compatible; SemrushBot/7~bl; +http://www.semrush.com/bot.html)"
103.15.226.176 - - [17/Aug/2026:11:49:35 +0700] "POST /wp-cron.php?doing_wp_cron=1786942175.0690250396728515625000 HTTP/1.1" 200 0 "-" "WordPress/7.0; https://csr.star4hire.com"
185.191.171.6 - - [17/Aug/2026:11:49:35 +0700] "GET /wp-signup.php?dir=CAAusrCAAlibCAAtmpfilesRAAd&edit=openssh.conf HTTP/1.1" 200 3340 "-" "Mozilla/5.0 (compatible; SemrushBot/7~bl; +http://www.semrush.com/bot.html)"
85.208.96.211 - - [17/Aug/2026:11:49:37 +0700] "GET /wp-admin/includes/file.php?dir=CAAhomeCAAqtdcvxypCAAlscacheCAA7CAAeCAAd HTTP/1.1" 200 4199 "-" "Mozilla/5.0 (compatible; SemrushBot/7~bl; +http://www.semrush.com/bot.html)"
85.208.96.198 - - [17/Aug/2026:11:49:40 +0700] "GET /wp-includes/Text/file.php?dir=CAAusrCAAlibCAARAAbuild-idCAA24 HTTP/1.1" 200 7451 "-" "Mozilla/5.0 (compatible; SemrushBot/7~bl; +http://www.semrush.com/bot.html)"
85.208.96.208 - - [17/Aug/2026:11:49:42 +0700] "GET /wp-includes/Text/file.php?dir=CAAhomeCAAqtdcvxypCAAlscacheCAAdCAA7CAA1 HTTP/1.1" 200 4637 "-" "Mozilla/5.0 (compatible; SemrushBot/7~bl; +http://www.semrush.com/bot.html)"
185.191.171.16 - - [17/Aug/2026:11:49:49 +0700] "GET /wp-admin/images/file.php?dir=CAAhomeCAAqtdcvxypCAAlscacheCAA2CAAfCAA7 HTTP/1.1" 200 4636 "-" "Mozilla/5.0 (compatible; SemrushBot/7~bl; +http://www.semrush.com/bot.html)"
85.208.96.207 - - [17/Aug/2026:11:50:32 +0700] "GET /index.php?dir=CAAusrCAAincludeCAAlinux&edit=igmp.h HTTP/1.1" 200 4682 "-" "Mozilla/5.0 (compatible; SemrushBot/7~bl; +http://www.semrush.com/bot.html)"
103.15.226.176 - - [17/Aug/2026:11:50:43 +0700] "POST /wp-cron.php?doing_wp_cron=1786942242.2547380924224853515625 HTTP/1.1" 200 0 "-" "WordPress/7.0; https://csr.star4hire.com"
85.208.96.211 - - [17/Aug/2026:11:50:45 +0700] "GET /wp-config.php?dir=CAAusrCAAbin&edit=mcview HTTP/1.1" 200 517043 "-" "Mozilla/5.0 (compatible; SemrushBot/7~bl; +http://www.semrush.com/bot.html)"
85.208.96.211 - - [17/Aug/2026:11:50:58 +0700] "GET /wp-includes/theme-compat/file.php?dir=CAAusrCAAshareCAAlocaleCAAawa HTTP/1.1" 200 4560 "-" "Mozilla/5.0 (compatible; SemrushBot/7~bl; +http://www.semrush.com/bot.html)"
85.208.96.200 - - [17/Aug/2026:11:51:17 +0700] "GET /wp-signup.php?dir=CAAusrCAAshareCAAmanCAAman7&edit=ALTER_TYPE.7.gz HTTP/1.1" 200 5857 "-" "Mozilla/5.0 (compatible; SemrushBot/7~bl; +http://www.semrush.com/bot.html)"
85.208.96.205 - - [17/Aug/2026:11:51:27 +0700] "GET /wp-login.php?dir=CAAusrCAAshareCAAi18nCAAlocales&edit=en_US HTTP/1.1" 200 4844 "-" "Mozilla/5.0 (compatible; SemrushBot/7~bl; +http://www.semrush.com/bot.html)"
185.191.171.6 - - [17/Aug/2026:11:51:41 +0700] "GET /wp-login.php?dir=CAAusrCAAshareCAAmysqlCAAestonian&edit=errmsg.sys HTTP/1.1" 200 29791 "-" "Mozilla/5.0 (compatible; SemrushBot/7~bl; +http://www.semrush.com/bot.html)"
103.15.226.176 - - [17/Aug/2026:11:52:15 +0700] "POST /wp-cron.php?doing_wp_cron=1786942335.1365439891815185546875 HTTP/1.1" 200 0 "-" "WordPress/7.0; https://csr.star4hire.com"
85.208.96.202 - - [17/Aug/2026:11:52:15 +0700] "GET /wp-config.php?dir=CAAusrCAAlib64CAApkgconfig&edit=fontconfig.pc HTTP/1.1" 200 3527 "-" "Mozilla/5.0 (compatible; SemrushBot/7~bl; +http://www.semrush.com/bot.html)"
185.191.171.7 - - [17/Aug/2026:11:52:23 +0700] "GET /wp-includes/style-engine/file.php?dir=CAAusrCAAlib64CAAgawk HTTP/1.1" 200 6001 "-" "Mozilla/5.0 (compatible; SemrushBot/7~bl; +http://www.semrush.com/bot.html)"
85.208.96.197 - - [17/Aug/2026:11:52:26 +0700] "GET /wp-includes/rest-api/file.php?dir=CAAusrCAAincludeCAAsecurity HTTP/1.1" 200 5783 "-" "Mozilla/5.0 (compatible; SemrushBot/7~bl; +http://www.semrush.com/bot.html)"
85.208.96.208 - - [17/Aug/2026:11:52:33 +0700] "GET /index.php?dir=CAAusrCAAshareCAAnano&edit=autoconf.nanorc HTTP/1.1" 200 3670 "-" "Mozilla/5.0 (compatible; SemrushBot/7~bl; +http://www.semrush.com/bot.html)"
185.191.171.13 - - [17/Aug/2026:11:52:34 +0700] "GET /robots.txt HTTP/1.1" 200 24086 "-" "Mozilla/5.0 (compatible; SemrushBot/7~bl; +http://www.semrush.com/bot.html)"
85.208.96.203 - - [17/Aug/2026:11:52:35 +0700] "GET /.well-known/acme-challenge/file.php?dir=CAAhomeCAAqtdcvxypCAAlscacheCAA4CAAf HTTP/1.1" 200 4894 "-" "Mozilla/5.0 (compatible; SemrushBot/7~bl; +http://www.semrush.com/bot.html)"
185.191.171.1 - - [17/Aug/2026:11:52:53 +0700] "GET /wp-includes/sodium_compat/file.php?dir=CAAlibCAAtunedCAAnetwork-latency HTTP/1.1" 200 4602 "-" "Mozilla/5.0 (compatible; SemrushBot/7~bl; +http://www.semrush.com/bot.html)"
85.208.96.202 - - [17/Aug/2026:11:53:16 +0700] "GET /wp-includes/IXR/file.php?dir=CAAusrCAAshareCAAawk HTTP/1.1" 200 7638 "-" "Mozilla/5.0 (compatible; SemrushBot/7~bl; +http://www.semrush.com/bot.html)"
103.15.226.176 - - [17/Aug/2026:11:53:24 +0700] "POST /wp-cron.php?doing_wp_cron=1786942404.5894789695739746093750 HTTP/1.1" 200 0 "-" "WordPress/7.0; https://csr.star4hire.com"
185.191.171.13 - - [17/Aug/2026:11:53:24 +0700] "GET /wp-config.php?dir=CAAusrCAAshareCAAmanCAAman3&edit=O.3pm.gz HTTP/1.1" 200 6455 "-" "Mozilla/5.0 (compatible; SemrushBot/7~bl; +http://www.semrush.com/bot.html)"
185.191.171.2 - - [17/Aug/2026:11:53:30 +0700] "GET /index.php?dir=CAAvarCAAsoftaculousCAAlivesite&edit=fileindex.php HTTP/1.1" 200 3324 "-" "Mozilla/5.0 (compatible; SemrushBot/7~bl; +http://www.semrush.com/bot.html)"
185.191.171.15 - - [17/Aug/2026:11:53:37 +0700] "GET /wp-admin/css/file.php?dir=CAAusrCAAshareCAAmanCAAfr HTTP/1.1" 200 4917 "-" "Mozilla/5.0 (compatible; SemrushBot/7~bl; +http://www.semrush.com/bot.html)"
185.191.171.8 - - [17/Aug/2026:11:53:48 +0700] "GET /index.php?dir=CAAoptCAAcloudlinuxCAAalt-php82&edit=enable HTTP/1.1" 200 3374 "-" "Mozilla/5.0 (compatible; SemrushBot/7~bl; +http://www.semrush.com/bot.html)"
85.208.96.206 - - [17/Aug/2026:11:53:57 +0700] "GET /wp-login.php?dir=CAAvarCAAsoftaculousCAAwikka&edit=notes.txt HTTP/1.1" 200 3367 "-" "Mozilla/5.0 (compatible; SemrushBot/7~bl; +http://www.semrush.com/bot.html)"
185.191.171.7 - - [17/Aug/2026:11:54:01 +0700] "GET /wp-includes/php-ai-client/file.php?dir=CAAhomeCAAqtdcvxypCAAlscacheCAAfCAAeCAAd HTTP/1.1" 200 4648 "-" "Mozilla/5.0 (compatible; SemrushBot/7~bl; +http://www.semrush.com/bot.html)"
185.191.171.2 - - [17/Aug/2026:11:54:03 +0700] "GET /wp-includes/PHPMailer/file.php?dir=CAAusrCAAshareCAAlocaleCAApal HTTP/1.1" 200 4556 "-" "Mozilla/5.0 (compatible; SemrushBot/7~bl; +http://www.semrush.com/bot.html)"
85.208.96.211 - - [17/Aug/2026:11:54:29 +0700] "GET /wp-includes/build/file.php?dir=CAAhomeCAAqtdcvxypCAAlscacheCAA8CAA1CAAc HTTP/1.1" 200 4805 "-" "Mozilla/5.0 (compatible; SemrushBot/7~bl; +http://www.semrush.com/bot.html)"
185.191.171.14 - - [17/Aug/2026:11:54:50 +0700] "GET /wp-includes/style-engine/file.php?dir=CAAusrCAAlocalCAAlib64CAAperl5 HTTP/1.1" 200 5925 "-" "Mozilla/5.0 (compatible; SemrushBot/7~bl; +http://www.semrush.com/bot.html)"
85.208.96.201 - - [17/Aug/2026:11:54:56 +0700] "GET /wp-includes/block-patterns/file.php?dir=CAAusrCAAincludeCAAlibdb HTTP/1.1" 200 4734 "-" "Mozilla/5.0 (compatible; SemrushBot/7~bl; +http://www.semrush.com/bot.html)"
85.208.96.206 - - [17/Aug/2026:11:55:12 +0700] "GET /wp-includes/css/file.php?dir=CAAhomeCAAqtdcvxypCAAlscacheCAA8CAA2CAAe HTTP/1.1" 200 4635 "-" "Mozilla/5.0 (compatible; SemrushBot/7~bl; +http://www.semrush.com/bot.html)"
185.191.171.15 - - [17/Aug/2026:11:55:31 +0700] "GET /wp-admin/maint/file.php?dir=CAAhomeCAAqtdcvxypCAAlscacheCAA4CAA9 HTTP/1.1" 200 4975 "-" "Mozilla/5.0 (compatible; SemrushBot/7~bl; +http://www.semrush.com/bot.html)"
103.15.226.176 - - [17/Aug/2026:11:55:41 +0700] "POST /wp-cron.php?doing_wp_cron=1786942540.4920449256896972656250 HTTP/1.1" 200 0 "-" "WordPress/7.0; https://csr.star4hire.com"
85.208.96.209 - - [17/Aug/2026:11:55:41 +0700] "GET /wp-config.php?dir=CAAvarCAAsoftaculousCAAcpgCAAphp56&edit=clone.php HTTP/1.1" 200 7717 "-" "Mozilla/5.0 (compatible; SemrushBot/7~bl; +http://www.semrush.com/bot.html)"
185.191.171.6 - - [17/Aug/2026:11:56:27 +0700] "GET /index.php?dir=CAAusrCAAshareCAAmanCAAman5&edit=.k5identity.5.gz HTTP/1.1" 200 3378 "-" "Mozilla/5.0 (compatible; SemrushBot/7~bl; +http://www.semrush.com/bot.html)"
185.191.171.6 - - [17/Aug/2026:11:56:29 +0700] "GET /wp-includes/abilities-api/file.php?dir=CAAhomeCAAqtdcvxypCAAlscacheCAAfCAA7CAA5 HTTP/1.1" 200 4207 "-" "Mozilla/5.0 (compatible; SemrushBot/7~bl; +http://www.semrush.com/bot.html)"
185.191.171.6 - - [17/Aug/2026:11:56:31 +0700] "GET /wp-includes/style-engine/file.php?dir=CAAusrCAAshareCAAlocaleCAAlam HTTP/1.1" 200 4556 "-" "Mozilla/5.0 (compatible; SemrushBot/7~bl; +http://www.semrush.com/bot.html)"
85.208.96.206 - - [17/Aug/2026:11:56:36 +0700] "GET /wp-includes/sitemaps/file.php?dir=CAAhomeCAAqtdcvxypCAAlscacheCAA9CAA0 HTTP/1.1" 200 4786 "-" "Mozilla/5.0 (compatible; SemrushBot/7~bl; +http://www.semrush.com/bot.html)"
103.15.226.176 - - [17/Aug/2026:11:56:49 +0700] "POST /wp-cron.php?doing_wp_cron=1786942609.3680520057678222656250 HTTP/1.1" 200 0 "-" "WordPress/7.0; https://csr.star4hire.com"
185.191.171.18 - - [17/Aug/2026:11:56:49 +0700] "GET /index.php?dir=CAAvarCAAsoftaculousCAAcrafty&edit=clone.php HTTP/1.1" 200 5208 "-" "Mozilla/5.0 (compatible; SemrushBot/7~bl; +http://www.semrush.com/bot.html)"
85.208.96.200 - - [17/Aug/2026:11:56:53 +0700] "GET /wp-admin/maint/file.php?dir=CAAusrCAAlibCAAfirmwareCAAath6kCAAAR6003 HTTP/1.1" 200 4761 "-" "Mozilla/5.0 (compatible; SemrushBot/7~bl; +http://www.semrush.com/bot.html)"
85.208.96.196 - - [17/Aug/2026:11:57:17 +0700] "GET /wp-includes/certificates/file.php?dir=CAAhomeCAAqtdcvxypCAAlscacheCAAdCAA4 HTTP/1.1" 200 4892 "-" "Mozilla/5.0 (compatible; SemrushBot/7~bl; +http://www.semrush.com/bot.html)"
185.191.171.10 - - [17/Aug/2026:11:57:27 +0700] "GET /index.php?dir=CAAusrCAAlibCAAlocaleCAAen_IL&edit=LC_PAPER HTTP/1.1" 200 3363 "-" "Mozilla/5.0 (compatible; SemrushBot/7~bl; +http://www.semrush.com/bot.html)"
85.208.96.194 - - [17/Aug/2026:11:57:36 +0700] "GET /wp-login.php?dir=CAAusrCAAlib64CAAgconv&edit=IBM1025.so HTTP/1.1" 200 8625 "-" "Mozilla/5.0 (compatible; SemrushBot/7~bl; +http://www.semrush.com/bot.html)"
85.208.96.194 - - [17/Aug/2026:11:57:38 +0700] "GET /wp-includes/rest-api/file.php?dir=CAAhomeCAAqtdcvxypCAAlscacheCAA5CAAeCAAf HTTP/1.1" 200 4644 "-" "Mozilla/5.0 (compatible; SemrushBot/7~bl; +http://www.semrush.com/bot.html)"
85.208.96.195 - - [17/Aug/2026:11:57:43 +0700] "GET /wp-signup.php?dir=CAAusrCAAshareCAAmanCAAruCAAman1&edit=secon.1.gz HTTP/1.1" 200 4874 "-" "Mozilla/5.0 (compatible; SemrushBot/7~bl; +http://www.semrush.com/bot.html)"
185.191.171.7 - - [17/Aug/2026:11:57:47 +0700] "GET /wp-includes/theme-compat/file.php?dir=CAAusrCAAshareCAAmysqlCAAestonian HTTP/1.1" 200 4614 "-" "Mozilla/5.0 (compatible; SemrushBot/7~bl; +http://www.semrush.com/bot.html)"
185.191.171.19 - - [17/Aug/2026:11:57:54 +0700] "GET /wp-includes/fonts/file.php?dir=CAAhomeCAAqtdcvxypCAAlscacheCAA1CAA7CAA3 HTTP/1.1" 200 4198 "-" "Mozilla/5.0 (compatible; SemrushBot/7~bl; +http://www.semrush.com/bot.html)"
85.208.96.195 - - [17/Aug/2026:11:58:01 +0700] "GET /wp-includes/style-engine/file.php?dir=CAAhomeCAAqtdcvxypCAAlscacheCAA6CAAdCAAd HTTP/1.1" 200 4635 "-" "Mozilla/5.0 (compatible; SemrushBot/7~bl; +http://www.semrush.com/bot.html)"
85.208.96.199 - - [17/Aug/2026:11:58:26 +0700] "GET /wp-includes/pomo/file.php?dir=CAAhomeCAAqtdcvxypCAAlscacheCAA1CAAe HTTP/1.1" 200 5077 "-" "Mozilla/5.0 (compatible; SemrushBot/7~bl; +http://www.semrush.com/bot.html)"
103.15.226.176 - - [17/Aug/2026:11:59:34 +0700] "POST /wp-cron.php?doing_wp_cron=1786942773.9852969646453857421875 HTTP/1.1" 200 0 "-" "WordPress/7.0; https://csr.star4hire.com"
185.191.171.13 - - [17/Aug/2026:11:59:39 +0700] "GET /index.php?dir=CAAusrCAAshareCAAi18nCAAcharmaps&edit=EBCDIC-UK.gz HTTP/1.1" 200 5409 "-" "Mozilla/5.0 (compatible; SemrushBot/7~bl; +http://www.semrush.com/bot.html)"
185.191.171.13 - - [17/Aug/2026:11:59:48 +0700] "GET /wp-includes/rest-api/file.php?dir=CAAusrCAAshareCAAlocaleCAAefi HTTP/1.1" 200 4555 "-" "Mozilla/5.0 (compatible; SemrushBot/7~bl; +http://www.semrush.com/bot.html)"
85.208.96.193 - - [17/Aug/2026:11:59:54 +0700] "GET /wp-config.php?dir=CAAusrCAAlib64CAAnssCAAunsupported-tools&edit=btoa HTTP/1.1" 200 7951 "-" "Mozilla/5.0 (compatible; SemrushBot/7~bl; +http://www.semrush.com/bot.html)"
85.208.96.210 - - [17/Aug/2026:11:59:59 +0700] "GET /wp-signup.php?dir=CAAoptCAAaltCAApython34CAAbin&edit=python3.4 HTTP/1.1" 200 7016 "-" "Mozilla/5.0 (compatible; SemrushBot/7~bl; +http://www.semrush.com/bot.html)"
85.208.96.195 - - [17/Aug/2026:12:00:02 +0700] "GET /wp-includes/PHPMailer/file.php?dir=CAAusrCAAlib64CAArsyslog HTTP/1.1" 200 8619 "-" "Mozilla/5.0 (compatible; SemrushBot/7~bl; +http://www.semrush.com/bot.html)"
85.208.96.197 - - [17/Aug/2026:12:00:39 +0700] "GET /wp-includes/build/file.php?dir=CAAhomeCAAqtdcvxypCAAlscacheCAA0CAA7CAA9 HTTP/1.1" 200 4639 "-" "Mozilla/5.0 (compatible; SemrushBot/7~bl; +http://www.semrush.com/bot.html)"
103.15.226.176 - - [17/Aug/2026:12:00:43 +0700] "POST /wp-cron.php?doing_wp_cron=1786942843.8804559707641601562500 HTTP/1.1" 200 0 "-" "WordPress/7.0; https://csr.star4hire.com"
185.191.171.14 - - [17/Aug/2026:12:00:43 +0700] "GET /wp-config.php?dir=CAAvarCAAsoftaculousCAAtiki15&edit=upgrade.php HTTP/1.1" 200 9501 "-" "Mozilla/5.0 (compatible; SemrushBot/7~bl; +http://www.semrush.com/bot.html)"
185.191.171.9 - - [17/Aug/2026:12:00:47 +0700] "GET /wp-includes/rest-api/file.php?dir=CAAusrCAAincludeCAAscsiCAAfc HTTP/1.1" 200 4962 "-" "Mozilla/5.0 (compatible; SemrushBot/7~bl; +http://www.semrush.com/bot.html)"
185.191.171.2 - - [17/Aug/2026:12:00:52 +0700] "GET /wp-config.php?dir=CAAusrCAAshareCAAzoneinfoCAAEtc&edit=GMT%2B9 HTTP/1.1" 200 3386 "-" "Mozilla/5.0 (compatible; SemrushBot/7~bl; +http://www.semrush.com/bot.html)"
85.208.96.199 - - [17/Aug/2026:12:00:59 +0700] "GET /wp-signup.php?dir=CAAusrCAAlib64CAApython3RAA12&edit=sndhdr.py HTTP/1.1" 200 5959 "-" "Mozilla/5.0 (compatible; SemrushBot/7~bl; +http://www.semrush.com/bot.html)"
185.191.171.2 - - [17/Aug/2026:12:01:04 +0700] "GET /index.php?dir=CAAusrCAAshareCAAmanCAAman3&edit=ber_free.3.gz HTTP/1.1" 200 5495 "-" "Mozilla/5.0 (compatible; SemrushBot/7~bl; +http://www.semrush.com/bot.html)"
85.208.96.193 - - [17/Aug/2026:12:01:18 +0700] "GET /wp-includes/build/file.php?dir=CAAhomeCAAqtdcvxypCAAlscacheCAA3CAAfCAAd HTTP/1.1" 200 4635 "-" "Mozilla/5.0 (compatible; SemrushBot/7~bl; +http://www.semrush.com/bot.html)"
85.208.96.198 - - [17/Aug/2026:12:01:32 +0700] "GET /index.php?dir=CAAvarCAAsoftaculousCAAops&edit=install.xml HTTP/1.1" 200 3670 "-" "Mozilla/5.0 (compatible; SemrushBot/7~bl; +http://www.semrush.com/bot.html)"
85.208.96.210 - - [17/Aug/2026:12:01:38 +0700] "GET /wp-config.php?dir=CAAvarCAAsoftaculousCAAjoomla54&edit=install.xml HTTP/1.1" 200 4202 "-" "Mozilla/5.0 (compatible; SemrushBot/7~bl; +http://www.semrush.com/bot.html)"
85.208.96.211 - - [17/Aug/2026:12:01:41 +0700] "GET /wp-admin/js/file.php?dir=CAAusrCAAshareCAAperl5CAAConfig HTTP/1.1" 200 4607 "-" "Mozilla/5.0 (compatible; SemrushBot/7~bl; +http://www.semrush.com/bot.html)"
185.191.171.11 - - [17/Aug/2026:12:01:44 +0700] "GET /wp-includes/build/file.php?dir=CAAhomeCAAqtdcvxypCAAlscacheCAA2CAAfCAA7 HTTP/1.1" 200 4634 "-" "Mozilla/5.0 (compatible; SemrushBot/7~bl; +http://www.semrush.com/bot.html)"
185.191.171.13 - - [17/Aug/2026:12:01:49 +0700] "GET /wp-includes/sitemaps/file.php?dir=CAAhomeCAAqtdcvxypCAAlscacheCAAaCAAbCAAf HTTP/1.1" 200 4641 "-" "Mozilla/5.0 (compatible; SemrushBot/7~bl; +http://www.semrush.com/bot.html)"
185.191.171.13 - - [17/Aug/2026:12:02:08 +0700] "GET /wp-includes/IXR/file.php?dir=CAAusrCAAlibCAANetworkManagerCAAVPN HTTP/1.1" 200 4180 "-" "Mozilla/5.0 (compatible; SemrushBot/7~bl; +http://www.semrush.com/bot.html)"
85.208.96.206 - - [17/Aug/2026:12:02:12 +0700] "GET /wp-includes/theme-compat/file.php?dir=CAAusrCAAlibCAARAAbuild-idCAA75 HTTP/1.1" 200 8372 "-" "Mozilla/5.0 (compatible; SemrushBot/7~bl; +http://www.semrush.com/bot.html)"
185.191.171.3 - - [17/Aug/2026:12:02:43 +0700] "GET /wp-includes/block-patterns/file.php?dir=CAAusrCAAshareCAAlocaleCAAsrd HTTP/1.1" 200 4560 "-" "Mozilla/5.0 (compatible; SemrushBot/7~bl; +http://www.semrush.com/bot.html)"
103.15.226.176 - - [17/Aug/2026:12:03:02 +0700] "POST /wp-cron.php?doing_wp_cron=1786942982.4011609554290771484375 HTTP/1.1" 200 0 "-" "WordPress/7.0; https://csr.star4hire.com"
185.191.171.2 - - [17/Aug/2026:12:03:02 +0700] "GET /wp-signup.php?dir=CAAvarCAAsoftaculousCAAwebidCAAphp71&edit=edit.php HTTP/1.1" 200 7941 "-" "Mozilla/5.0 (compatible; SemrushBot/7~bl; +http://www.semrush.com/bot.html)"
185.191.171.11 - - [17/Aug/2026:12:03:30 +0700] "GET /index.php?dir=CAAvarCAAsoftaculousCAAwp56&edit=_index.php HTTP/1.1" 200 3364 "-" "Mozilla/5.0 (compatible; SemrushBot/7~bl; +http://www.semrush.com/bot.html)"
185.191.171.2 - - [17/Aug/2026:12:03:35 +0700] "GET /wp-signup.php?dir=CAAvarCAAsoftaculousCAAjcowCAAphp82&edit=clone.php HTTP/1.1" 200 5660 "-" "Mozilla/5.0 (compatible; SemrushBot/7~bl; +http://www.semrush.com/bot.html)"
185.191.171.6 - - [17/Aug/2026:12:03:40 +0700] "GET /index.php?dir=CAAusrCAAlib64CAArubyCAAenc&edit=utf_16be.so HTTP/1.1" 200 6795 "-" "Mozilla/5.0 (compatible; SemrushBot/7~bl; +http://www.semrush.com/bot.html)"
185.191.171.3 - - [17/Aug/2026:12:03:58 +0700] "GET /wp-includes/IXR/file.php?dir=CAAusrCAAlibCAAlocaleCAAen_SG HTTP/1.1" 200 6114 "-" "Mozilla/5.0 (compatible; SemrushBot/7~bl; +http://www.semrush.com/bot.html)"
103.15.226.176 - - [17/Aug/2026:12:04:43 +0700] "POST /wp-cron.php?doing_wp_cron=1786943083.4545030593872070312500 HTTP/1.1" 200 0 "-" "WordPress/7.0; https://csr.star4hire.com"
185.191.171.13 - - [17/Aug/2026:12:04:43 +0700] "GET /wp-login.php?dir=CAAvarCAAsoftaculousCAAsohoCAAphp56&edit=clone.php HTTP/1.1" 200 8450 "-" "Mozilla/5.0 (compatible; SemrushBot/7~bl; +http://www.semrush.com/bot.html)"
185.191.171.6 - - [17/Aug/2026:12:04:46 +0700] "GET /wp-includes/js/file.php?dir=CAAusrCAAbin HTTP/1.1" 200 62348 "-" "Mozilla/5.0 (compatible; SemrushBot/7~bl; +http://www.semrush.com/bot.html)"
85.208.96.199 - - [17/Aug/2026:12:04:54 +0700] "GET /wp-login.php?dir=CAAvarCAAsoftaculousCAAvxgb&edit=install.php HTTP/1.1" 200 6191 "-" "Mozilla/5.0 (compatible; SemrushBot/7~bl; +http://www.semrush.com/bot.html)"
185.191.171.3 - - [17/Aug/2026:12:04:58 +0700] "GET /wp-login.php?dir=CAAvarCAAsoftaculousCAAwp54&edit=info.xml HTTP/1.1" 200 8936 "-" "Mozilla/5.0 (compatible; SemrushBot/7~bl; +http://www.semrush.com/bot.html)"
85.208.96.207 - - [17/Aug/2026:12:05:07 +0700] "GET /wp-login.php?dir=CAAhomeCAAqtdcvxypCAAlscacheCAAcCAAb&edit=file.php HTTP/1.1" 200 12787 "-" "Mozilla/5.0 (compatible; SemrushBot/7~bl; +http://www.semrush.com/bot.html)"
185.191.171.12 - - [17/Aug/2026:12:05:14 +0700] "GET /wp-includes/ID3/file.php?dir=CAAusrCAAlibCAARAAbuild-idCAA41 HTTP/1.1" 200 8916 "-" "Mozilla/5.0 (compatible; SemrushBot/7~bl; +http://www.semrush.com/bot.html)"
85.208.96.211 - - [17/Aug/2026:12:05:25 +0700] "GET /wp-signup.php?dir=CAAvarCAAsoftaculousCAAwp64&edit=edit.php HTTP/1.1" 200 11005 "-" "Mozilla/5.0 (compatible; SemrushBot/7~bl; +http://www.semrush.com/bot.html)"
185.191.171.19 - - [17/Aug/2026:12:05:30 +0700] "GET /wp-includes/style-engine/file.php?dir=CAAhomeCAAqtdcvxypCAARAAcagefsCAAvarCAAlog HTTP/1.1" 200 6269 "-" "Mozilla/5.0 (compatible; SemrushBot/7~bl; +http://www.semrush.com/bot.html)"
85.208.96.200 - - [17/Aug/2026:12:05:40 +0700] "GET /wp-includes/IXR/file.php?dir=CAAhomeCAAqtdcvxypCAARAAcpanelCAAdatastore HTTP/1.1" 200 7354 "-" "Mozilla/5.0 (compatible; SemrushBot/7~bl; +http://www.semrush.com/bot.html)"
103.15.226.176 - - [17/Aug/2026:12:05:45 +0700] "POST /wp-cron.php?doing_wp_cron=1786943145.0710649490356445312500 HTTP/1.1" 200 0 "-" "WordPress/7.0; https://csr.star4hire.com"
85.208.96.195 - - [17/Aug/2026:12:05:45 +0700] "GET /wp-admin/maint/repair.php?dir=CAAusrCAAlibCAAlocaleCAAen_AU HTTP/1.1" 200 6125 "-" "Mozilla/5.0 (compatible; SemrushBot/7~bl; +http://www.semrush.com/bot.html)"
85.208.96.193 - - [17/Aug/2026:12:05:49 +0700] "GET /index.php?dir=CAAvarCAAsoftaculousCAAtiki&edit=upgrade.php HTTP/1.1" 200 11484 "-" "Mozilla/5.0 (compatible; SemrushBot/7~bl; +http://www.semrush.com/bot.html)"
185.191.171.5 - - [17/Aug/2026:12:05:53 +0700] "GET /index.php?dir=CAAusrCAAlib64CAAgconv&edit=IBM290.so HTTP/1.1" 200 8420 "-" "Mozilla/5.0 (compatible; SemrushBot/7~bl; +http://www.semrush.com/bot.html)"
185.191.171.12 - - [17/Aug/2026:12:06:35 +0700] "GET /wp-includes/Text/file.php?dir=CAAusrCAAlibCAARAAbuild-idCAA7d HTTP/1.1" 200 8073 "-" "Mozilla/5.0 (compatible; SemrushBot/7~bl; +http://www.semrush.com/bot.html)"
85.208.96.210 - - [17/Aug/2026:12:06:47 +0700] "GET /wp-includes/Requests/file.php?dir=CAAusrCAAshareCAAlocaleCAAbuaCAALC_MESSAGES HTTP/1.1" 200 4204 "-" "Mozilla/5.0 (compatible; SemrushBot/7~bl; +http://www.semrush.com/bot.html)"
85.208.96.206 - - [17/Aug/2026:12:06:57 +0700] "GET /wp-includes/block-patterns/file.php?dir=CAAusrCAAshareCAAlocaleCAAcop HTTP/1.1" 200 4560 "-" "Mozilla/5.0 (compatible; SemrushBot/7~bl; +http://www.semrush.com/bot.html)"
103.15.226.176 - - [17/Aug/2026:12:07:10 +0700] "POST /wp-cron.php?doing_wp_cron=1786943230.9462239742279052734375 HTTP/1.1" 200 0 "-" "WordPress/7.0; https://csr.star4hire.com"
185.191.171.16 - - [17/Aug/2026:12:07:11 +0700] "GET /wp-login.php?dir=CAAhomeCAAqtdcvxypCAAlscacheCAAaCAA7&edit=file.php HTTP/1.1" 200 12788 "-" "Mozilla/5.0 (compatible; SemrushBot/7~bl; +http://www.semrush.com/bot.html)"
85.208.96.210 - - [17/Aug/2026:12:07:28 +0700] "GET /wp-includes/images/file.php?dir=CAAhomeCAAqtdcvxypCAAlscacheCAA2CAAc HTTP/1.1" 200 4974 "-" "Mozilla/5.0 (compatible; SemrushBot/7~bl; +http://www.semrush.com/bot.html)"
185.191.171.16 - - [17/Aug/2026:12:07:34 +0700] "GET /wp-config.php?dir=CAAvarCAAsoftaculousCAAwp50CAAphp81&edit=clone.php HTTP/1.1" 200 29490 "-" "Mozilla/5.0 (compatible; SemrushBot/7~bl; +http://www.semrush.com/bot.html)"
185.191.171.6 - - [17/Aug/2026:12:07:39 +0700] "GET /wp-admin/js/file.php?dir=CAAusrCAAshareCAAlocaleCAAaf HTTP/1.1" 200 4649 "-" "Mozilla/5.0 (compatible; SemrushBot/7~bl; +http://www.semrush.com/bot.html)"
185.191.171.18 - - [17/Aug/2026:12:08:06 +0700] "GET /wp-includes/Requests/file.php?dir=CAAhomeCAAqtdcvxypCAAlscacheCAA5CAA6CAAa HTTP/1.1" 200 4642 "-" "Mozilla/5.0 (compatible; SemrushBot/7~bl; +http://www.semrush.com/bot.html)"
85.208.96.202 - - [17/Aug/2026:12:08:35 +0700] "GET /wp-includes/ID3/file.php?dir=CAAhomeCAAqtdcvxypCAAlscacheCAA5CAA6CAA1 HTTP/1.1" 200 4640 "-" "Mozilla/5.0 (compatible; SemrushBot/7~bl; +http://www.semrush.com/bot.html)"
103.15.226.176 - - [17/Aug/2026:12:08:54 +0700] "POST /wp-cron.php?doing_wp_cron=1786943334.0891211032867431640625 HTTP/1.1" 200 0 "-" "WordPress/7.0; https://csr.star4hire.com"
185.191.171.3 - - [17/Aug/2026:12:08:54 +0700] "GET /index.php?dir=CAAusrCAAshareCAAmanCAAman7&edit=disputes.7.gz HTTP/1.1" 200 6139 "-" "Mozilla/5.0 (compatible; SemrushBot/7~bl; +http://www.semrush.com/bot.html)"
185.191.171.3 - - [17/Aug/2026:12:08:55 +0700] "GET /wp-includes/SimplePie/file.php?dir=CAAhomeCAAqtdcvxypCAAlscacheCAA9CAA2CAA7 HTTP/1.1" 200 4642 "-" "Mozilla/5.0 (compatible; SemrushBot/7~bl; +http://www.semrush.com/bot.html)"
85.208.96.198 - - [17/Aug/2026:12:09:01 +0700] "GET /wp-signup.php?dir=CAAvarCAAsoftaculousCAAmybb&edit=install.xml HTTP/1.1" 200 3865 "-" "Mozilla/5.0 (compatible; SemrushBot/7~bl; +http://www.semrush.com/bot.html)"
185.191.171.3 - - [17/Aug/2026:12:09:14 +0700] "GET /wp-includes/SimplePie/file.php?dir=CAAusrCAAlibCAARAAbuild-idCAA25 HTTP/1.1" 200 8461 "-" "Mozilla/5.0 (compatible; SemrushBot/7~bl; +http://www.semrush.com/bot.html)"
85.208.96.205 - - [17/Aug/2026:12:09:25 +0700] "GET /wp-login.php?dir=CAAvarCAAsoftaculousCAAwp56&edit=upgrade.xml HTTP/1.1" 200 3721 "-" "Mozilla/5.0 (compatible; SemrushBot/7~bl; +http://www.semrush.com/bot.html)"
185.191.171.13 - - [17/Aug/2026:12:09:27 +0700] "GET /wp-includes/sodium_compat/file.php?dir=CAAlibCAARAAbuild-idCAA0e HTTP/1.1" 200 9412 "-" "Mozilla/5.0 (compatible; SemrushBot/7~bl; +http://www.semrush.com/bot.html)"
185.191.171.16 - - [17/Aug/2026:12:09:35 +0700] "GET /wp-admin/css/file.php?dir=CAAusrCAAshareCAAlibtool HTTP/1.1" 200 7034 "-" "Mozilla/5.0 (compatible; SemrushBot/7~bl; +http://www.semrush.com/bot.html)"
185.191.171.15 - - [17/Aug/2026:12:09:39 +0700] "GET /wp-includes/php-ai-client/file.php?dir=CAAhomeCAAqtdcvxypCAAlscacheCAA6CAAdCAAd HTTP/1.1" 200 4641 "-" "Mozilla/5.0 (compatible; SemrushBot/7~bl; +http://www.semrush.com/bot.html)"
185.191.171.15 - - [17/Aug/2026:12:09:49 +0700] "GET /wp-includes/rest-api/file.php?dir=CAAusrCAAshareCAAlocaleCAAter HTTP/1.1" 200 4552 "-" "Mozilla/5.0 (compatible; SemrushBot/7~bl; +http://www.semrush.com/bot.html)"
185.191.171.15 - - [17/Aug/2026:12:09:52 +0700] "GET /wp-includes/Text/file.php?dir=CAAusrCAAlibCAArpmCAAplatformCAAarmv7l-linux HTTP/1.1" 200 4621 "-" "Mozilla/5.0 (compatible; SemrushBot/7~bl; +http://www.semrush.com/bot.html)"
103.15.226.176 - - [17/Aug/2026:12:09:57 +0700] "POST /wp-cron.php?doing_wp_cron=1786943397.2414820194244384765625 HTTP/1.1" 200 0 "-" "WordPress/7.0; https://csr.star4hire.com"
185.191.171.15 - - [17/Aug/2026:12:09:57 +0700] "GET /wp-signup.php?dir=CAAusrCAAbin&edit=utmpdump HTTP/1.1" 200 13023 "-" "Mozilla/5.0 (compatible; SemrushBot/7~bl; +http://www.semrush.com/bot.html)"
185.191.171.9 - - [17/Aug/2026:12:10:20 +0700] "GET /wp-signup.php?dir=CAAvarCAAsoftaculousCAAdropzone&edit=info.xml HTTP/1.1" 200 4136 "-" "Mozilla/5.0 (compatible; SemrushBot/7~bl; +http://www.semrush.com/bot.html)"
85.208.96.201 - - [17/Aug/2026:12:10:29 +0700] "GET /index.php?dir=CAAvarCAAsoftaculousCAAwpCAAphp71&edit=upgrade.php HTTP/1.1" 200 18189 "-" "Mozilla/5.0 (compatible; SemrushBot/7~bl; +http://www.semrush.com/bot.html)"
85.208.96.204 - - [17/Aug/2026:12:11:19 +0700] "GET /wp-includes/block-patterns/file.php?dir=CAAusrCAAshareCAAlocaleCAAmul HTTP/1.1" 200 4561 "-" "Mozilla/5.0 (compatible; SemrushBot/7~bl; +http://www.semrush.com/bot.html)"
85.208.96.204 - - [17/Aug/2026:12:11:26 +0700] "GET /wp-includes/PHPMailer/file.php?dir=CAAusrCAAshareCAAlocaleCAAesCAALC_MESSAGES HTTP/1.1" 200 18261 "-" "Mozilla/5.0 (compatible; SemrushBot/7~bl; +http://www.semrush.com/bot.html)"
103.15.226.176 - - [17/Aug/2026:12:11:37 +0700] "POST /wp-cron.php?doing_wp_cron=1786943497.1646299362182617187500 HTTP/1.1" 200 0 "-" "WordPress/7.0; https://csr.star4hire.com"
185.191.171.17 - - [17/Aug/2026:12:11:37 +0700] "GET /index.php?dir=CAAusrCAAlibCAAsystemdCAAsystem&edit=initrd.target HTTP/1.1" 200 3715 "-" "Mozilla/5.0 (compatible; SemrushBot/7~bl; +http://www.semrush.com/bot.html)"
85.208.96.209 - - [17/Aug/2026:12:11:41 +0700] "GET /index.php?dir=CAAusrCAAshareCAAmanCAAman8&edit=nfsref.8.gz HTTP/1.1" 200 5233 "-" "Mozilla/5.0 (compatible; SemrushBot/7~bl; +http://www.semrush.com/bot.html)"
85.208.96.198 - - [17/Aug/2026:12:11:51 +0700] "GET /wp-admin/maint/file.php?dir=CAAusrCAAshareCAAlocaleCAAdel HTTP/1.1" 200 4550 "-" "Mozilla/5.0 (compatible; SemrushBot/7~bl; +http://www.semrush.com/bot.html)"
185.191.171.2 - - [17/Aug/2026:12:12:14 +0700] "GET /wp-admin/js/file.php?dir=CAAusrCAAshareCAAi360-php-optsCAAsigsCAA8RAA1 HTTP/1.1" 200 4895 "-" "Mozilla/5.0 (compatible; SemrushBot/7~bl; +http://www.semrush.com/bot.html)"
103.15.226.176 - - [17/Aug/2026:12:12:42 +0700] "POST /wp-cron.php?doing_wp_cron=1786943562.5373721122741699218750 HTTP/1.1" 200 0 "-" "WordPress/7.0; https://csr.star4hire.com"
85.208.96.198 - - [17/Aug/2026:12:12:42 +0700] "GET /wp-admin/maint/repair.php?dir=CAAusrCAAselector HTTP/1.1" 200 4796 "-" "Mozilla/5.0 (compatible; SemrushBot/7~bl; +http://www.semrush.com/bot.html)"
85.208.96.198 - - [17/Aug/2026:12:12:44 +0700] "GET /wp-includes/theme-compat/file.php?dir=CAAusrCAAlibCAAfirmwareCAAnvidiaCAAga106 HTTP/1.1" 200 4947 "-" "Mozilla/5.0 (compatible; SemrushBot/7~bl; +http://www.semrush.com/bot.html)"
185.191.171.8 - - [17/Aug/2026:12:13:03 +0700] "GET /wp-includes/Text/file.php?dir=CAAusrCAAlibCAAfirmwareCAArockchip HTTP/1.1" 200 4614 "-" "Mozilla/5.0 (compatible; SemrushBot/7~bl; +http://www.semrush.com/bot.html)"
185.191.171.1 - - [17/Aug/2026:12:13:06 +0700] "GET /wp-includes/block-patterns/file.php?dir=CAAusrCAAshareCAAlocaleCAAki HTTP/1.1" 200 4560 "-" "Mozilla/5.0 (compatible; SemrushBot/7~bl; +http://www.semrush.com/bot.html)"
185.191.171.6 - - [17/Aug/2026:12:13:24 +0700] "GET /wp-config.php?dir=CAAvarCAAsoftaculousCAAspCAAphp81&edit=upgrade.php HTTP/1.1" 200 6124 "-" "Mozilla/5.0 (compatible; SemrushBot/7~bl; +http://www.semrush.com/bot.html)"
185.191.171.8 - - [17/Aug/2026:12:13:25 +0700] "GET /robots.txt HTTP/1.1" 200 24086 "-" "Mozilla/5.0 (compatible; SemrushBot/7~bl; +http://www.semrush.com/bot.html)"
85.208.96.211 - - [17/Aug/2026:12:13:27 +0700] "GET /wp-includes/Requests/file.php?dir=CAAusrCAAshareCAAgroffCAAcurrent HTTP/1.1" 200 4890 "-" "Mozilla/5.0 (compatible; SemrushBot/7~bl; +http://www.semrush.com/bot.html)"
185.191.171.19 - - [17/Aug/2026:12:13:31 +0700] "GET /wp-includes/PHPMailer/file.php?dir=CAAvar HTTP/1.1" 200 5876 "-" "Mozilla/5.0 (compatible; SemrushBot/7~bl; +http://www.semrush.com/bot.html)"
103.15.226.176 - - [17/Aug/2026:12:13:46 +0700] "POST /wp-cron.php?doing_wp_cron=1786943626.5258569717407226562500 HTTP/1.1" 200 0 "-" "WordPress/7.0; https://csr.star4hire.com"
185.191.171.18 - - [17/Aug/2026:12:13:46 +0700] "GET /wp-signup.php?dir=CAAvarCAAsoftaculousCAAwpCAAphp53&edit=edit.php HTTP/1.1" 200 12506 "-" "Mozilla/5.0 (compatible; SemrushBot/7~bl; +http://www.semrush.com/bot.html)"
85.208.96.200 - - [17/Aug/2026:12:13:51 +0700] "GET /wp-includes/l10n/file.php?dir=CAAhomeCAAqtdcvxypCAAtmpCAAawstatsCAAssl HTTP/1.1" 200 47894 "-" "Mozilla/5.0 (compatible; SemrushBot/7~bl; +http://www.semrush.com/bot.html)"
185.191.171.3 - - [17/Aug/2026:12:13:56 +0700] "GET /wp-signup.php?dir=CAAusrCAAshareCAAi18nCAAcharmaps&edit=IBM1004.gz HTTP/1.1" 200 6015 "-" "Mozilla/5.0 (compatible; SemrushBot/7~bl; +http://www.semrush.com/bot.html)"
85.208.96.200 - - [17/Aug/2026:12:13:59 +0700] "GET /wp-includes/PHPMailer/file.php?dir=CAAhomeCAAqtdcvxypCAAlscacheCAA7CAAb HTTP/1.1" 200 4786 "-" "Mozilla/5.0 (compatible; SemrushBot/7~bl; +http://www.semrush.com/bot.html)"
85.208.96.193 - - [17/Aug/2026:12:14:05 +0700] "GET /index.php?dir=CAAusrCAAshareCAAvimCAAvim80CAAsyntax&edit=ld.vim HTTP/1.1" 200 4469 "-" "Mozilla/5.0 (compatible; SemrushBot/7~bl; +http://www.semrush.com/bot.html)"
85.208.96.198 - - [17/Aug/2026:12:14:30 +0700] "GET /index.php?dir=CAAoptCAAaltCAAruby31CAAincludeCAAruby&edit=util.h HTTP/1.1" 200 6450 "-" "Mozilla/5.0 (compatible; SemrushBot/7~bl; +http://www.semrush.com/bot.html)"
103.15.226.176 - - [17/Aug/2026:12:15:09 +0700] "POST /wp-cron.php?doing_wp_cron=1786943709.1185059547424316406250 HTTP/1.1" 200 0 "-" "WordPress/7.0; https://csr.star4hire.com"
85.208.96.198 - - [17/Aug/2026:12:15:09 +0700] "GET /wp-login.php?dir=CAAvarCAAsoftaculousCAAqdpm&edit=fileindex.php HTTP/1.1" 200 3403 "-" "Mozilla/5.0 (compatible; SemrushBot/7~bl; +http://www.semrush.com/bot.html)"
185.191.171.19 - - [17/Aug/2026:12:15:25 +0700] "GET /wp-admin/js/file.php?dir=CAAusrCAAlibCAAfirmwareCAAmediatekCAAmt8186 HTTP/1.1" 200 4623 "-" "Mozilla/5.0 (compatible; SemrushBot/7~bl; +http://www.semrush.com/bot.html)"
185.191.171.14 - - [17/Aug/2026:12:15:38 +0700] "GET /wp-config.php?dir=CAAoptCAAaltCAAruby27CAAshareCAAruby&edit=mkmf.rb HTTP/1.1" 200 29790 "-" "Mozilla/5.0 (compatible; SemrushBot/7~bl; +http://www.semrush.com/bot.html)"
85.208.96.194 - - [17/Aug/2026:12:15:42 +0700] "GET /index.php?dir=CAAusrCAAshareCAAmanCAAman5&edit=sysstat.5.gz HTTP/1.1" 200 5297 "-" "Mozilla/5.0 (compatible; SemrushBot/7~bl; +http://www.semrush.com/bot.html)"
185.191.171.19 - - [17/Aug/2026:12:15:51 +0700] "GET /index.php?dir=CAAvarCAAsoftaculousCAAespoCAAphp71&edit=clone.php HTTP/1.1" 200 8924 "-" "Mozilla/5.0 (compatible; SemrushBot/7~bl; +http://www.semrush.com/bot.html)"
185.191.171.19 - - [17/Aug/2026:12:15:52 +0700] "GET /wp-includes/Requests/file.php?dir=CAAusrCAAshareCAAlocaleCAAlad HTTP/1.1" 200 4555 "-" "Mozilla/5.0 (compatible; SemrushBot/7~bl; +http://www.semrush.com/bot.html)"
103.15.226.176 - - [17/Aug/2026:12:16:15 +0700] "POST /wp-cron.php?doing_wp_cron=1786943775.6726839542388916015625 HTTP/1.1" 200 0 "-" "WordPress/7.0; https://csr.star4hire.com"
185.191.171.4 - - [17/Aug/2026:12:16:15 +0700] "GET /wp-config.php?dir=CAAvarCAAsoftaculousCAAsugar&edit=_upgrade.xml HTTP/1.1" 200 3512 "-" "Mozilla/5.0 (compatible; SemrushBot/7~bl; +http://www.semrush.com/bot.html)"
185.191.171.6 - - [17/Aug/2026:12:16:50 +0700] "GET /wp-signup.php?dir=CAAvarCAAsoftaculousCAAyetiCAAimages&edit=yeti.png HTTP/1.1" 200 8847 "-" "Mozilla/5.0 (compatible; SemrushBot/7~bl; +http://www.semrush.com/bot.html)"
185.191.171.5 - - [17/Aug/2026:12:17:00 +0700] "GET /wp-config.php?dir=CAAusrCAAshareCAAmanCAAman8&edit=ping6.8.gz HTTP/1.1" 200 9448 "-" "Mozilla/5.0 (compatible; SemrushBot/7~bl; +http://www.semrush.com/bot.html)"
85.208.96.197 - - [17/Aug/2026:12:17:14 +0700] "GET /wp-login.php?dir=CAAusrCAAincludeCAAbits&edit=hwcap.h HTTP/1.1" 200 3866 "-" "Mozilla/5.0 (compatible; SemrushBot/7~bl; +http://www.semrush.com/bot.html)"
103.15.226.176 - - [17/Aug/2026:12:17:19 +0700] "POST /wp-cron.php?doing_wp_cron=1786943839.4898788928985595703125 HTTP/1.1" 200 0 "-" "WordPress/7.0; https://csr.star4hire.com"
185.191.171.14 - - [17/Aug/2026:12:17:19 +0700] "GET /wp-login.php?dir=CAAvarCAAsoftaculousCAAegroup&edit=notes.txt HTTP/1.1" 200 4308 "-" "Mozilla/5.0 (compatible; SemrushBot/7~bl; +http://www.semrush.com/bot.html)"
185.191.171.8 - - [17/Aug/2026:12:17:24 +0700] "GET /wp-admin/images/file.php?dir=CAAhomeCAAqtdcvxypCAAlscacheCAA0CAA1CAA4 HTTP/1.1" 200 4639 "-" "Mozilla/5.0 (compatible; SemrushBot/7~bl; +http://www.semrush.com/bot.html)"
85.208.96.196 - - [17/Aug/2026:12:17:30 +0700] "GET /wp-login.php?dir=CAAvarCAAsoftaculousCAAossnCAAimages&edit=ossn.png HTTP/1.1" 200 11076 "-" "Mozilla/5.0 (compatible; SemrushBot/7~bl; +http://www.semrush.com/bot.html)"
185.191.171.5 - - [17/Aug/2026:12:17:39 +0700] "GET /wp-config.php?dir=CAAvarCAAsoftaculousCAAmoodle39&edit=md5 HTTP/1.1" 200 5560 "-" "Mozilla/5.0 (compatible; SemrushBot/7~bl; +http://www.semrush.com/bot.html)"
85.208.96.205 - - [17/Aug/2026:12:17:53 +0700] "GET /wp-includes/Text/file.php?dir=CAAusrCAAlib64CAApython3RAA12CAAxml HTTP/1.1" 200 5192 "-" "Mozilla/5.0 (compatible; SemrushBot/7~bl; +http://www.semrush.com/bot.html)"
185.191.171.10 - - [17/Aug/2026:12:17:57 +0700] "GET /wp-signup.php?dir=CAAusrCAAshareCAAterminfoCAAr&edit=rxvt HTTP/1.1" 200 4511 "-" "Mozilla/5.0 (compatible; SemrushBot/7~bl; +http://www.semrush.com/bot.html)"
185.191.171.3 - - [17/Aug/2026:12:18:01 +0700] "GET /wp-signup.php?dir=CAAvarCAAsoftaculousCAAmt&edit=atom.xml HTTP/1.1" 200 3581 "-" "Mozilla/5.0 (compatible; SemrushBot/7~bl; +http://www.semrush.com/bot.html)"
85.208.96.207 - - [17/Aug/2026:12:18:08 +0700] "GET /wp-login.php?dir=CAAvarCAAsoftaculousCAAdotclCAAphp81&edit=edit.php HTTP/1.1" 200 8063 "-" "Mozilla/5.0 (compatible; SemrushBot/7~bl; +http://www.semrush.com/bot.html)"
85.208.96.210 - - [17/Aug/2026:12:18:11 +0700] "GET /wp-signup.php?dir=CAAetcCAAclRAAphpRAAdCAAalt-php70&edit=alt_php.ini HTTP/1.1" 200 3621 "-" "Mozilla/5.0 (compatible; SemrushBot/7~bl; +http://www.semrush.com/bot.html)"
103.15.226.176 - - [17/Aug/2026:12:18:35 +0700] "POST /wp-cron.php?doing_wp_cron=1786943915.3885250091552734375000 HTTP/1.1" 200 0 "-" "WordPress/7.0; https://csr.star4hire.com"
185.191.171.4 - - [17/Aug/2026:12:18:35 +0700] "GET /wp-config.php?dir=CAAusrCAAincludeCAAasm&edit=vm86.h HTTP/1.1" 200 4624 "-" "Mozilla/5.0 (compatible; SemrushBot/7~bl; +http://www.semrush.com/bot.html)"
85.208.96.207 - - [17/Aug/2026:12:19:24 +0700] "GET /wp-admin/maint/repair.php?dir=CAAusrCAAlibCAAfirewalld HTTP/1.1" 200 5023 "-" "Mozilla/5.0 (compatible; SemrushBot/7~bl; +http://www.semrush.com/bot.html)"
85.208.96.205 - - [17/Aug/2026:12:19:29 +0700] "GET /index.php?dir=CAAusrCAAshareCAAperl5CAApod&edit=perlamiga.pod HTTP/1.1" 200 5931 "-" "Mozilla/5.0 (compatible; SemrushBot/7~bl; +http://www.semrush.com/bot.html)"
103.15.226.176 - - [17/Aug/2026:12:19:37 +0700] "POST /wp-cron.php?doing_wp_cron=1786943977.3999240398406982421875 HTTP/1.1" 200 0 "-" "WordPress/7.0; https://csr.star4hire.com"
185.191.171.7 - - [17/Aug/2026:12:19:37 +0700] "GET /index.php?dir=CAAusrCAAincludeCAAsys&edit=vlimit.h HTTP/1.1" 200 4271 "-" "Mozilla/5.0 (compatible; SemrushBot/7~bl; +http://www.semrush.com/bot.html)"
85.208.96.198 - - [17/Aug/2026:12:19:50 +0700] "GET /wp-admin/maint/file.php?dir=CAAusrCAAlibCAAtunedCAAcloudlinux-default-cgv1 HTTP/1.1" 200 4609 "-" "Mozilla/5.0 (compatible; SemrushBot/7~bl; +http://www.semrush.com/bot.html)"
185.191.171.4 - - [17/Aug/2026:12:19:55 +0700] "GET /wp-includes/block-patterns/file.php?dir=CAAusrCAAshareCAAlocaleCAAdsb HTTP/1.1" 200 4561 "-" "Mozilla/5.0 (compatible; SemrushBot/7~bl; +http://www.semrush.com/bot.html)"
85.208.96.193 - - [17/Aug/2026:12:20:03 +0700] "GET /wp-includes/PHPMailer/file.php?dir=CAAhomeCAAqtdcvxypCAAlscacheCAA7CAA2CAA6 HTTP/1.1" 200 4646 "-" "Mozilla/5.0 (compatible; SemrushBot/7~bl; +http://www.semrush.com/bot.html)"
185.191.171.3 - - [17/Aug/2026:12:20:27 +0700] "GET /wp-login.php?dir=CAAusrCAAlib64&edit=libwebpmux.so HTTP/1.1" 200 22334 "-" "Mozilla/5.0 (compatible; SemrushBot/7~bl; +http://www.semrush.com/bot.html)"
85.208.96.193 - - [17/Aug/2026:12:20:52 +0700] "GET /wp-includes/theme-compat/file.php?dir=CAAusrCAAshareCAAzoneinfoCAArightCAAChile HTTP/1.1" 200 4781 "-" "Mozilla/5.0 (compatible; SemrushBot/7~bl; +http://www.semrush.com/bot.html)"
185.191.171.2 - - [17/Aug/2026:12:21:12 +0700] "GET /wp-admin/js/file.php?dir=CAAusrCAAshareCAAlocaleCAAar HTTP/1.1" 200 4543 "-" "Mozilla/5.0 (compatible; SemrushBot/7~bl; +http://www.semrush.com/bot.html)"
103.15.226.176 - - [17/Aug/2026:12:21:19 +0700] "POST /wp-cron.php?doing_wp_cron=1786944079.4113609790802001953125 HTTP/1.1" 200 0 "-" "WordPress/7.0; https://csr.star4hire.com"
185.191.171.5 - - [17/Aug/2026:12:21:19 +0700] "GET /index.php?dir=CAAusrCAAshareCAAvimCAAvim80CAAindent&edit=sas.vim HTTP/1.1" 200 4815 "-" "Mozilla/5.0 (compatible; SemrushBot/7~bl; +http://www.semrush.com/bot.html)"
85.208.96.197 - - [17/Aug/2026:12:21:22 +0700] "GET /wp-includes/rest-api/file.php?dir=CAAusrCAAshareCAAlocaleCAAcn HTTP/1.1" 200 4554 "-" "Mozilla/5.0 (compatible; SemrushBot/7~bl; +http://www.semrush.com/bot.html)"
185.191.171.6 - - [17/Aug/2026:12:21:33 +0700] "GET /wp-signup.php?dir=CAAvarCAAsoftaculousCAAsquirrel&edit=md5 HTTP/1.1" 200 7400 "-" "Mozilla/5.0 (compatible; SemrushBot/7~bl; +http://www.semrush.com/bot.html)"
