74.7.243.244 - - [09/Aug/2026:18:57:26 +0700] "GET /file.php?dir=CAAhomeCAAqtdcvxypCAARAAsoftaculousCAAbackups&edit=wp.26_90945.2026-06-05_17-55-01 HTTP/1.1" 200 4132 "https://culinary.star4hire.com/file.php?dir=CAAhomeCAAqtdcvxypCAARAAsoftaculousCAAbackups" "Mozilla/5.0 AppleWebKit/537.36 (KHTML, like Gecko; compatible; GPTBot/1.4; +https://openai.com/gptbot)"
74.7.243.244 - - [09/Aug/2026:18:57:39 +0700] "GET /file.php?dir=CAAhomeCAAqtdcvxypCAARAAsoftaculousCAAbackups&edit=wp.26_90945.2026-07-05_17-55-01 HTTP/1.1" 200 4131 "https://culinary.star4hire.com/file.php?dir=CAAhomeCAAqtdcvxypCAARAAsoftaculousCAAbackups" "Mozilla/5.0 AppleWebKit/537.36 (KHTML, like Gecko; compatible; GPTBot/1.4; +https://openai.com/gptbot)"
74.7.243.244 - - [09/Aug/2026:18:57:41 +0700] "GET /file.php?dir=CAAhomeCAAqtdcvxypCAARAAsoftaculousCAAbackups&edit=wp.26_61750.2026-01-07_21-28-10 HTTP/1.1" 200 3781 "https://culinary.star4hire.com/file.php?dir=CAAhomeCAAqtdcvxypCAARAAsoftaculousCAAbackups" "Mozilla/5.0 AppleWebKit/537.36 (KHTML, like Gecko; compatible; GPTBot/1.4; +https://openai.com/gptbot)"
173.252.107.116 - - [09/Aug/2026:19:04:00 +0700] "GET /robots.txt HTTP/1.1" 404 277 "-" "facebookexternalhit/1.1 (+http://www.facebook.com/externalhit_uatext.php)"
57.141.2.31 - - [09/Aug/2026:19:11:43 +0700] "GET /file.php?dir= HTTP/1.1" 200 5208 "-" "Mozilla/5.0 (X11; Linux x86_64) AppleWebKit/537.36 (KHTML, like Gecko) Chrome/145.0.0.0 Safari/537.36 (compatible; meta-externalagent/1.1 (+https://developers.facebook.com/docs/sharing/webmasters/crawler))"
74.7.243.244 - - [09/Aug/2026:19:33:47 +0700] "GET /file.php?dir=CAAhomeCAAqtdcvxypCAARAAcpanelCAAea-php-cli HTTP/1.1" 200 4432 "https://culinary.star4hire.com/file.php?dir=CAAhomeCAAqtdcvxypCAARAAcpanel" "Mozilla/5.0 AppleWebKit/537.36 (KHTML, like Gecko; compatible; GPTBot/1.4; +https://openai.com/gptbot)"
74.7.243.244 - - [09/Aug/2026:19:36:37 +0700] "GET /file.php?dir=CAAhomeCAAqtdcvxypCAApublic_htmlCAAfile HTTP/1.1" 200 4315 "https://culinary.star4hire.com/file.php?dir=CAAhomeCAAqtdcvxypCAApublic_html" "Mozilla/5.0 AppleWebKit/537.36 (KHTML, like Gecko; compatible; GPTBot/1.4; +https://openai.com/gptbot)"
74.7.243.244 - - [09/Aug/2026:19:37:31 +0700] "GET /file.php?dir=CAAhomeCAAqtdcvxypCAApublic_htmlCAAhello HTTP/1.1" 200 4320 "https://culinary.star4hire.com/file.php?dir=CAAhomeCAAqtdcvxypCAApublic_html" "Mozilla/5.0 AppleWebKit/537.36 (KHTML, like Gecko; compatible; GPTBot/1.4; +https://openai.com/gptbot)"
74.7.243.244 - - [09/Aug/2026:19:40:56 +0700] "GET /file.php?dir=CAAhomeCAAqtdcvxypCAARAAcpanelCAAea-php-cliCAAgminstituteRAAstar4hireRAAcom HTTP/1.1" 200 4388 "https://culinary.star4hire.com/file.php?dir=CAAhomeCAAqtdcvxypCAARAAcpanelCAAea-php-cli" "Mozilla/5.0 AppleWebKit/537.36 (KHTML, like Gecko; compatible; GPTBot/1.4; +https://openai.com/gptbot)"
74.7.243.244 - - [09/Aug/2026:19:42:59 +0700] "GET /file.php?dir=CAAhomeCAAqtdcvxypCAApublic_htmlCAAfile&edit=index.html HTTP/1.1" 200 3020 "https://culinary.star4hire.com/file.php?dir=CAAhomeCAAqtdcvxypCAApublic_htmlCAAfile" "Mozilla/5.0 AppleWebKit/537.36 (KHTML, like Gecko; compatible; GPTBot/1.4; +https://openai.com/gptbot)"
74.7.243.244 - - [09/Aug/2026:19:45:24 +0700] "GET /file.php?dir=CAAhomeCAAqtdcvxypCAApublic_htmlCAAwp-includesCAAfonts&edit=dashicons.woff2 HTTP/1.1" 429 267 "https://culinary.star4hire.com/file.php?dir=CAAhomeCAAqtdcvxypCAApublic_htmlCAAwp-includesCAAfonts" "Mozilla/5.0 AppleWebKit/537.36 (KHTML, like Gecko; compatible; GPTBot/1.4; +https://openai.com/gptbot)"
74.7.243.244 - - [09/Aug/2026:19:58:16 +0700] "GET /file.php?dir=CAAhomeCAAqtdcvxypCAAlscacheCAAcCAA9CAA6&edit=c966c3cc336c6625 HTTP/1.1" 200 28206 "https://culinary.star4hire.com/file.php?dir=CAAhomeCAAqtdcvxypCAAlscacheCAAcCAA9CAA6" "Mozilla/5.0 AppleWebKit/537.36 (KHTML, like Gecko; compatible; GPTBot/1.4; +https://openai.com/gptbot)"
74.7.244.10 - - [09/Aug/2026:20:30:06 +0700] "GET /robots.txt HTTP/1.1" 404 212 "-" "Mozilla/5.0 (Macintosh; Intel Mac OS X 10_15_7) AppleWebKit/537.36 (KHTML, like Gecko) Chrome/131.0.0.0 Safari/537.36; compatible; OAI-SearchBot/1.4; robots.txt; +https://openai.com/searchbot"
57.141.2.3 - - [09/Aug/2026:20:34:33 +0700] "GET /file.php?dir=CAAhomeCAAqtdcvxypCAApublic_ftp HTTP/1.1" 200 4753 "-" "Mozilla/5.0 (Windows NT 10.0; Win64; x64) AppleWebKit/537.36 (KHTML, like Gecko) Chrome/145.0.0.0 Safari/537.36 (compatible; meta-externalagent/1.1 (+https://developers.facebook.com/docs/sharing/webmasters/crawler))"
74.7.243.244 - - [09/Aug/2026:20:38:34 +0700] "GET /file.php?action=download&dir=CAAhomeCAAqtdcvxypCAApublic_htmlCAAwp-includes&file=utf8.php HTTP/1.1" 200 2418 "https://culinary.star4hire.com/file.php?dir=CAAhomeCAAqtdcvxypCAApublic_htmlCAAwp-includes" "Mozilla/5.0 AppleWebKit/537.36 (KHTML, like Gecko; compatible; GPTBot/1.4; +https://openai.com/gptbot)"
198.235.24.226 - - [09/Aug/2026:21:59:18 +0700] "GET /.well-known/security.txt HTTP/1.1" 404 355 "-" "Hello from Palo Alto Networks, find out more about our scans in https://docs-cortex.paloaltonetworks.com/r/1/Cortex-Xpanse/Scanning-activity"
74.7.244.10 - - [09/Aug/2026:22:02:14 +0700] "GET /robots.txt HTTP/1.1" 404 212 "-" "Mozilla/5.0 (Macintosh; Intel Mac OS X 10_15_7) AppleWebKit/537.36 (KHTML, like Gecko) Chrome/131.0.0.0 Safari/537.36; compatible; OAI-SearchBot/1.4; robots.txt; +https://openai.com/searchbot"
74.7.243.244 - - [09/Aug/2026:22:04:35 +0700] "GET /file.php?action=download&dir=CAAhomeCAAqtdcvxypCAAlogs&file=upskill.star4hire.com-ssl_log-Jul-2026_NGINX.gz HTTP/1.1" 200 5877 "https://culinary.star4hire.com/file.php?dir=CAAhomeCAAqtdcvxypCAAlogs" "Mozilla/5.0 AppleWebKit/537.36 (KHTML, like Gecko; compatible; GPTBot/1.4; +https://openai.com/gptbot)"
74.7.243.244 - - [09/Aug/2026:22:04:42 +0700] "GET /file.php?action=download&dir=CAAhomeCAAqtdcvxypCAAlogs&file=pertiwi.star4hire.com-ssl_log-Jul-2026_NGINX.gz HTTP/1.1" 200 4059 "https://culinary.star4hire.com/file.php?dir=CAAhomeCAAqtdcvxypCAAlogs" "Mozilla/5.0 AppleWebKit/537.36 (KHTML, like Gecko; compatible; GPTBot/1.4; +https://openai.com/gptbot)"
74.7.244.10 - - [09/Aug/2026:23:24:41 +0700] "GET /robots.txt HTTP/1.1" 404 212 "-" "Mozilla/5.0 (Macintosh; Intel Mac OS X 10_15_7) AppleWebKit/537.36 (KHTML, like Gecko) Chrome/131.0.0.0 Safari/537.36; compatible; OAI-SearchBot/1.4; robots.txt; +https://openai.com/searchbot"
74.7.243.244 - - [09/Aug/2026:23:30:47 +0700] "GET /file.php?dir=CAAhomeCAAqtdcvxypCAApublic_htmlCAAwp-includesCAAl10n&edit=error_log HTTP/1.1" 200 3184 "https://culinary.star4hire.com/file.php?dir=CAAhomeCAAqtdcvxypCAApublic_htmlCAAwp-includesCAAl10n" "Mozilla/5.0 AppleWebKit/537.36 (KHTML, like Gecko; compatible; GPTBot/1.4; +https://openai.com/gptbot)"
74.7.244.10 - - [10/Aug/2026:03:05:18 +0700] "GET /robots.txt HTTP/1.1" 404 212 "-" "Mozilla/5.0 (Macintosh; Intel Mac OS X 10_15_7) AppleWebKit/537.36 (KHTML, like Gecko) Chrome/131.0.0.0 Safari/537.36; compatible; OAI-SearchBot/1.4; robots.txt; +https://openai.com/searchbot"
74.7.227.136 - - [10/Aug/2026:03:05:31 +0700] "GET /file.php?action=download&dir=CAAhomeCAAqtdcvxypCAAmailCAARAATrash&file=file.php HTTP/1.1" 200 9247 "https://culinary.star4hire.com/file.php?dir=CAAhomeCAAqtdcvxypCAAmailCAARAATrash" "Mozilla/5.0 AppleWebKit/537.36 (KHTML, like Gecko; compatible; GPTBot/1.4; +https://openai.com/gptbot)"
74.7.227.136 - - [10/Aug/2026:03:05:38 +0700] "GET /file.php?action=download&dir=CAAhomeCAAqtdcvxypCAARAAcagefsCAAvar&file=file.php HTTP/1.1" 200 9247 "https://culinary.star4hire.com/file.php?dir=CAAhomeCAAqtdcvxypCAARAAcagefsCAAvar" "Mozilla/5.0 AppleWebKit/537.36 (KHTML, like Gecko; compatible; GPTBot/1.4; +https://openai.com/gptbot)"
74.7.227.136 - - [10/Aug/2026:03:05:40 +0700] "GET /file.php?action=download&dir=CAAhomeCAAqtdcvxypCAARAAcagefsCAAopt&file=file.php HTTP/1.1" 200 9247 "https://culinary.star4hire.com/file.php?dir=CAAhomeCAAqtdcvxypCAARAAcagefsCAAopt" "Mozilla/5.0 AppleWebKit/537.36 (KHTML, like Gecko; compatible; GPTBot/1.4; +https://openai.com/gptbot)"
74.7.227.136 - - [10/Aug/2026:03:05:42 +0700] "GET /file.php?action=download&dir=CAAhomeCAAqtdcvxypCAARAAspamassassin&file=file.php HTTP/1.1" 200 9247 "https://culinary.star4hire.com/file.php?dir=CAAhomeCAAqtdcvxypCAARAAspamassassin" "Mozilla/5.0 AppleWebKit/537.36 (KHTML, like Gecko; compatible; GPTBot/1.4; +https://openai.com/gptbot)"
74.7.227.136 - - [10/Aug/2026:03:05:53 +0700] "GET /file.php?dir=CAAhomeCAAqtdcvxypCAAlscacheCAA7CAAeCAA1&edit=7e168420208ad446 HTTP/1.1" 200 29795 "https://culinary.star4hire.com/file.php?dir=CAAhomeCAAqtdcvxypCAAlscacheCAA7CAAeCAA1" "Mozilla/5.0 AppleWebKit/537.36 (KHTML, like Gecko; compatible; GPTBot/1.4; +https://openai.com/gptbot)"
74.7.227.136 - - [10/Aug/2026:03:07:25 +0700] "GET /file.php?dir=CAAhomeCAAqtdcvxypCAAlscacheCAAbCAAe&edit=file.php HTTP/1.1" 200 10603 "https://culinary.star4hire.com/file.php?dir=CAAhomeCAAqtdcvxypCAAlscacheCAAbCAAe" "Mozilla/5.0 AppleWebKit/537.36 (KHTML, like Gecko; compatible; GPTBot/1.4; +https://openai.com/gptbot)"
74.7.227.136 - - [10/Aug/2026:03:07:27 +0700] "GET /file.php?dir=CAAhomeCAAqtdcvxypCAAlscacheCAAfCAAa&edit=file.php HTTP/1.1" 200 10602 "https://culinary.star4hire.com/file.php?dir=CAAhomeCAAqtdcvxypCAAlscacheCAAfCAAa" "Mozilla/5.0 AppleWebKit/537.36 (KHTML, like Gecko; compatible; GPTBot/1.4; +https://openai.com/gptbot)"
74.7.227.136 - - [10/Aug/2026:03:48:28 +0700] "GET /file.php?dir=CAAhomeCAAqtdcvxypCAApublic_htmlCAAwp-includesCAAl10n&edit=class-wp-translation-file-php.php HTTP/1.1" 200 3769 "https://culinary.star4hire.com/file.php?dir=CAAhomeCAAqtdcvxypCAApublic_htmlCAAwp-includesCAAl10n" "Mozilla/5.0 AppleWebKit/537.36 (KHTML, like Gecko; compatible; GPTBot/1.4; +https://openai.com/gptbot)"
74.7.227.136 - - [10/Aug/2026:03:53:56 +0700] "GET /file.php?dir=CAAhomeCAAqtdcvxypCAApublic_htmlCAAwp-includes&edit=post.php HTTP/1.1" 200 62640 "https://culinary.star4hire.com/file.php?dir=CAAhomeCAAqtdcvxypCAApublic_htmlCAAwp-includes" "Mozilla/5.0 AppleWebKit/537.36 (KHTML, like Gecko; compatible; GPTBot/1.4; +https://openai.com/gptbot)"
74.7.244.10 - - [10/Aug/2026:04:20:47 +0700] "GET /robots.txt HTTP/1.1" 404 212 "-" "Mozilla/5.0 (Macintosh; Intel Mac OS X 10_15_7) AppleWebKit/537.36 (KHTML, like Gecko) Chrome/131.0.0.0 Safari/537.36; compatible; OAI-SearchBot/1.4; robots.txt; +https://openai.com/searchbot"
74.7.227.136 - - [10/Aug/2026:04:25:44 +0700] "GET /'%20.%20esc_url(%20wp_login_url()%20)%20.%20' HTTP/1.1" 404 212 "https://culinary.star4hire.com/file.php?action=download&dir=CAAhomeCAAqtdcvxypCAApublic_html&file=wp-login.php" "Mozilla/5.0 AppleWebKit/537.36 (KHTML, like Gecko; compatible; GPTBot/1.4; +https://openai.com/gptbot)"
74.7.227.136 - - [10/Aug/2026:05:23:35 +0700] "GET /file.php?dir=CAAhomeCAAqtdcvxypCAAmailCAAstar4hireRAAcomCAAadminuserCAAnew&edit=1740369594.M823738P2253013.iix3001.idcloudhost.com%2CS%3D1465%2CW%3D1505 HTTP/1.1" 200 3724 "https://culinary.star4hire.com/file.php?dir=CAAhomeCAAqtdcvxypCAAmailCAAstar4hireRAAcomCAAadminuserCAAnew" "Mozilla/5.0 AppleWebKit/537.36 (KHTML, like Gecko; compatible; GPTBot/1.4; +https://openai.com/gptbot)"
74.7.227.136 - - [10/Aug/2026:05:24:05 +0700] "GET /file.php?dir=CAAhomeCAAqtdcvxypCAAmailCAAstar4hireRAAcomCAAadminuserCAAnew&edit=1746103685.M290855P212615.iix3001.idcloudhost.com%2CS%3D2158%2CW%3D2201 HTTP/1.1" 429 267 "https://culinary.star4hire.com/file.php?dir=CAAhomeCAAqtdcvxypCAAmailCAAstar4hireRAAcomCAAadminuserCAAnew" "Mozilla/5.0 AppleWebKit/537.36 (KHTML, like Gecko; compatible; GPTBot/1.4; +https://openai.com/gptbot)"
74.7.227.136 - - [10/Aug/2026:05:24:56 +0700] "GET /file.php?dir=CAAhomeCAAqtdcvxypCAAmailCAAstar4hireRAAcomCAAadminuserCAAnew&edit=1740369545.M138056P2253013.iix3001.idcloudhost.com%2CS%3D1464%2CW%3D1504 HTTP/1.1" 429 267 "https://culinary.star4hire.com/file.php?dir=CAAhomeCAAqtdcvxypCAAmailCAAstar4hireRAAcomCAAadminuserCAAnew" "Mozilla/5.0 AppleWebKit/537.36 (KHTML, like Gecko; compatible; GPTBot/1.4; +https://openai.com/gptbot)"
74.7.227.136 - - [10/Aug/2026:05:26:02 +0700] "GET /file.php?dir=CAAhomeCAAqtdcvxypCAAmailCAAstar4hireRAAcomCAAadminuserCAAnew&edit=1755354551.M587798P1961225.iix3001.idcloudhost.com%2CS%3D2173%2CW%3D2216 HTTP/1.1" 200 4006 "https://culinary.star4hire.com/file.php?dir=CAAhomeCAAqtdcvxypCAAmailCAAstar4hireRAAcomCAAadminuserCAAnew" "Mozilla/5.0 AppleWebKit/537.36 (KHTML, like Gecko; compatible; GPTBot/1.4; +https://openai.com/gptbot)"
74.7.227.136 - - [10/Aug/2026:05:27:03 +0700] "GET /file.php?dir=CAAhomeCAAqtdcvxypCAAmailCAAstar4hireRAAcomCAAadminuserCAAnew&edit=1760013901.M598550P1696176.iix3001.idcloudhost.com%2CS%3D2167%2CW%3D2210 HTTP/1.1" 200 3997 "https://culinary.star4hire.com/file.php?dir=CAAhomeCAAqtdcvxypCAAmailCAAstar4hireRAAcomCAAadminuserCAAnew" "Mozilla/5.0 AppleWebKit/537.36 (KHTML, like Gecko; compatible; GPTBot/1.4; +https://openai.com/gptbot)"
74.7.227.136 - - [10/Aug/2026:05:27:59 +0700] "GET /file.php?dir=CAAhomeCAAqtdcvxypCAAmailCAAstar4hireRAAcomCAAadminuserCAAnew&edit=1748559139.M708683P3659516.iix3001.idcloudhost.com%2CS%3D2165%2CW%3D2208 HTTP/1.1" 200 4011 "https://culinary.star4hire.com/file.php?dir=CAAhomeCAAqtdcvxypCAAmailCAAstar4hireRAAcomCAAadminuserCAAnew" "Mozilla/5.0 AppleWebKit/537.36 (KHTML, like Gecko; compatible; GPTBot/1.4; +https://openai.com/gptbot)"
74.7.244.10 - - [10/Aug/2026:05:28:00 +0700] "GET /robots.txt HTTP/1.1" 404 212 "-" "Mozilla/5.0 (Macintosh; Intel Mac OS X 10_15_7) AppleWebKit/537.36 (KHTML, like Gecko) Chrome/131.0.0.0 Safari/537.36; compatible; OAI-SearchBot/1.4; robots.txt; +https://openai.com/searchbot"
74.7.227.136 - - [10/Aug/2026:05:28:52 +0700] "GET /file.php?dir=CAAhomeCAAqtdcvxypCAAmailCAAstar4hireRAAcomCAAadminuserCAAnew&edit=1752849854.M159031P1985897.iix3001.idcloudhost.com%2CS%3D2274%2CW%3D2318 HTTP/1.1" 200 4066 "https://culinary.star4hire.com/file.php?dir=CAAhomeCAAqtdcvxypCAAmailCAAstar4hireRAAcomCAAadminuserCAAnew" "Mozilla/5.0 AppleWebKit/537.36 (KHTML, like Gecko; compatible; GPTBot/1.4; +https://openai.com/gptbot)"
74.7.227.136 - - [10/Aug/2026:05:29:40 +0700] "GET /file.php?dir=CAAhomeCAAqtdcvxypCAAmailCAAstar4hireRAAcomCAAadminuserCAAnew&edit=1746085943.M49677P3843206.iix3001.idcloudhost.com%2CS%3D2160%2CW%3D2203 HTTP/1.1" 200 3998 "https://culinary.star4hire.com/file.php?dir=CAAhomeCAAqtdcvxypCAAmailCAAstar4hireRAAcomCAAadminuserCAAnew" "Mozilla/5.0 AppleWebKit/537.36 (KHTML, like Gecko; compatible; GPTBot/1.4; +https://openai.com/gptbot)"
74.7.227.136 - - [10/Aug/2026:05:30:22 +0700] "GET /file.php?dir=CAAhomeCAAqtdcvxypCAAmailCAAstar4hireRAAcomCAAadminuserCAAnew&edit=1765385864.M236149P223510.iix3001.idcloudhost.com%2CS%3D2096%2CW%3D2139 HTTP/1.1" 200 3962 "https://culinary.star4hire.com/file.php?dir=CAAhomeCAAqtdcvxypCAAmailCAAstar4hireRAAcomCAAadminuserCAAnew" "Mozilla/5.0 AppleWebKit/537.36 (KHTML, like Gecko; compatible; GPTBot/1.4; +https://openai.com/gptbot)"
74.7.227.136 - - [10/Aug/2026:05:35:01 +0700] "GET /file.php?dir=CAAhomeCAAqtdcvxypCAAmailCAAstar4hireRAAcomCAAadminuserCAAnew&edit=1753936913.M760789P2251907.iix3001.idcloudhost.com%2CS%3D2165%2CW%3D2208 HTTP/1.1" 200 3993 "https://culinary.star4hire.com/file.php?dir=CAAhomeCAAqtdcvxypCAAmailCAAstar4hireRAAcomCAAadminuserCAAnew" "Mozilla/5.0 AppleWebKit/537.36 (KHTML, like Gecko; compatible; GPTBot/1.4; +https://openai.com/gptbot)"
74.7.227.136 - - [10/Aug/2026:05:36:47 +0700] "GET /file.php?dir=CAAhomeCAAqtdcvxypCAAmailCAAstar4hireRAAcomCAAadminuserCAAnew&edit=1756160242.M892799P2287929.iix3001.idcloudhost.com%2CS%3D2188%2CW%3D2231 HTTP/1.1" 200 4024 "https://culinary.star4hire.com/file.php?dir=CAAhomeCAAqtdcvxypCAAmailCAAstar4hireRAAcomCAAadminuserCAAnew" "Mozilla/5.0 AppleWebKit/537.36 (KHTML, like Gecko; compatible; GPTBot/1.4; +https://openai.com/gptbot)"
57.141.2.4 - - [10/Aug/2026:05:41:14 +0700] "GET /file.php?edit=file.php&dir=CAAhomeCAAqtdcvxypCAARAAkoality HTTP/1.1" 429 267 "-" "Mozilla/5.0 (Macintosh; Intel Mac OS X 10_15_7) AppleWebKit/537.36 (KHTML, like Gecko) Chrome/145.0.0.0 Safari/537.36 (compatible; meta-externalagent/1.1 (+https://developers.facebook.com/docs/sharing/webmasters/crawler))"
57.141.2.35 - - [10/Aug/2026:05:41:15 +0700] "GET /file.php?action=download&file=file.php&dir=CAAhomeCAAqtdcvxypCAARAAkoality HTTP/1.1" 429 267 "-" "Mozilla/5.0 (Macintosh; Intel Mac OS X 10_15_7) AppleWebKit/537.36 (KHTML, like Gecko) Chrome/145.0.0.0 Safari/537.36 (compatible; meta-externalagent/1.1 (+https://developers.facebook.com/docs/sharing/webmasters/crawler))"
74.7.227.136 - - [10/Aug/2026:06:20:31 +0700] "GET /%3C?php%20echo%20esc_url(%20$login_header_url%20);%20?%3E HTTP/1.1" 404 212 "https://culinary.star4hire.com/file.php?action=download&dir=CAAhomeCAAqtdcvxypCAApublic_html&file=wp-login.php" "Mozilla/5.0 AppleWebKit/537.36 (KHTML, like Gecko; compatible; GPTBot/1.4; +https://openai.com/gptbot)"
74.7.244.10 - - [10/Aug/2026:07:19:16 +0700] "GET /robots.txt HTTP/1.1" 404 212 "-" "Mozilla/5.0 (Macintosh; Intel Mac OS X 10_15_7) AppleWebKit/537.36 (KHTML, like Gecko) Chrome/131.0.0.0 Safari/537.36; compatible; OAI-SearchBot/1.4; robots.txt; +https://openai.com/searchbot"
74.7.227.136 - - [10/Aug/2026:07:29:04 +0700] "GET /file.php?dir=CAAhomeCAAqtdcvxypCAAlscmDataCAAlscacheCAA1CAAbCAA9&edit=1b91e550535cb38e HTTP/1.1" 429 267 "https://culinary.star4hire.com/file.php?dir=CAAhomeCAAqtdcvxypCAAlscmDataCAAlscacheCAA1CAAbCAA9" "Mozilla/5.0 AppleWebKit/537.36 (KHTML, like Gecko; compatible; GPTBot/1.4; +https://openai.com/gptbot)"
74.7.227.136 - - [10/Aug/2026:07:40:26 +0700] "GET /file.php?dir=CAAhomeCAAqtdcvxypCAApublic_htmlCAAwp-includes&edit=class-wp-user-request.php HTTP/1.1" 429 267 "https://culinary.star4hire.com/file.php?dir=CAAhomeCAAqtdcvxypCAApublic_htmlCAAwp-includes" "Mozilla/5.0 AppleWebKit/537.36 (KHTML, like Gecko; compatible; GPTBot/1.4; +https://openai.com/gptbot)"
74.7.227.136 - - [10/Aug/2026:07:41:24 +0700] "GET /file.php?dir=CAAhomeCAAqtdcvxypCAApublic_htmlCAAwp-includes&edit=class-wp-user-query.php HTTP/1.1" 200 12640 "https://culinary.star4hire.com/file.php?dir=CAAhomeCAAqtdcvxypCAApublic_htmlCAAwp-includes" "Mozilla/5.0 AppleWebKit/537.36 (KHTML, like Gecko; compatible; GPTBot/1.4; +https://openai.com/gptbot)"
74.7.227.136 - - [10/Aug/2026:08:11:26 +0700] "GET /file.php?action=download&dir=CAAhomeCAAqtdcvxypCAApublic_html&file=readme.html HTTP/1.1" 429 267 "https://culinary.star4hire.com/file.php?dir=CAAhomeCAAqtdcvxypCAApublic_html" "Mozilla/5.0 AppleWebKit/537.36 (KHTML, like Gecko; compatible; GPTBot/1.4; +https://openai.com/gptbot)"
74.7.244.10 - - [10/Aug/2026:10:14:49 +0700] "GET /robots.txt HTTP/1.1" 404 212 "-" "Mozilla/5.0 (Macintosh; Intel Mac OS X 10_15_7) AppleWebKit/537.36 (KHTML, like Gecko) Chrome/131.0.0.0 Safari/537.36; compatible; OAI-SearchBot/1.4; robots.txt; +https://openai.com/searchbot"
74.7.227.136 - - [10/Aug/2026:10:17:44 +0700] "GET /file.php?dir=CAAhomeCAAqtdcvxypCAARAAcpanelCAAea-php-cli&edit=file.php HTTP/1.1" 200 10606 "https://culinary.star4hire.com/file.php?dir=CAAhomeCAAqtdcvxypCAARAAcpanelCAAea-php-cli" "Mozilla/5.0 AppleWebKit/537.36 (KHTML, like Gecko; compatible; GPTBot/1.4; +https://openai.com/gptbot)"
74.7.227.136 - - [10/Aug/2026:10:23:09 +0700] "GET /file.php?dir=CAAhomeCAAqtdcvxypCAAlogs&edit=sms_star4hire_com.php.error.log HTTP/1.1" 200 24770 "https://culinary.star4hire.com/file.php?dir=CAAhomeCAAqtdcvxypCAAlogs" "Mozilla/5.0 AppleWebKit/537.36 (KHTML, like Gecko; compatible; GPTBot/1.4; +https://openai.com/gptbot)"
74.7.227.136 - - [10/Aug/2026:10:37:19 +0700] "GET /file.php?dir=CAAhomeCAAqtdcvxypCAAmailCAAstar4hireRAAcomCAAadminuser&edit=file.php HTTP/1.1" 200 10623 "https://culinary.star4hire.com/file.php?dir=CAAhomeCAAqtdcvxypCAAmailCAAstar4hireRAAcomCAAadminuser" "Mozilla/5.0 AppleWebKit/537.36 (KHTML, like Gecko; compatible; GPTBot/1.4; +https://openai.com/gptbot)"
74.7.227.136 - - [10/Aug/2026:10:39:12 +0700] "GET /file.php?dir=CAAhomeCAAqtdcvxypCAApublic_htmlCAAwp-includes&edit=template.php HTTP/1.1" 429 267 "https://culinary.star4hire.com/file.php?dir=CAAhomeCAAqtdcvxypCAApublic_htmlCAAwp-includes" "Mozilla/5.0 AppleWebKit/537.36 (KHTML, like Gecko; compatible; GPTBot/1.4; +https://openai.com/gptbot)"
74.7.244.10 - - [10/Aug/2026:14:18:32 +0700] "GET /robots.txt HTTP/1.1" 404 212 "-" "Mozilla/5.0 (Macintosh; Intel Mac OS X 10_15_7) AppleWebKit/537.36 (KHTML, like Gecko) Chrome/131.0.0.0 Safari/537.36; compatible; OAI-SearchBot/1.4; robots.txt; +https://openai.com/searchbot"
74.7.227.136 - - [10/Aug/2026:14:18:56 +0700] "GET /file.php?dir=CAAhomeCAAqtdcvxypCAAmailCAAstar4hireRAAcomCAAhrCAARAAJunk&edit=dovecot-uidlist HTTP/1.1" 200 3111 "https://culinary.star4hire.com/file.php?dir=CAAhomeCAAqtdcvxypCAAmailCAAstar4hireRAAcomCAAhrCAARAAJunk" "Mozilla/5.0 AppleWebKit/537.36 (KHTML, like Gecko; compatible; GPTBot/1.4; +https://openai.com/gptbot)"
74.7.227.136 - - [10/Aug/2026:14:18:56 +0700] "GET /file.php?dir=CAAhomeCAAqtdcvxypCAAmailCAAstar4hireRAAcomCAAeducation&edit=subscriptions HTTP/1.1" 200 3063 "https://culinary.star4hire.com/file.php?dir=CAAhomeCAAqtdcvxypCAAmailCAAstar4hireRAAcomCAAeducation" "Mozilla/5.0 AppleWebKit/537.36 (KHTML, like Gecko; compatible; GPTBot/1.4; +https://openai.com/gptbot)"
74.7.244.10 - - [10/Aug/2026:15:19:43 +0700] "GET /robots.txt HTTP/1.1" 404 212 "-" "Mozilla/5.0 (Macintosh; Intel Mac OS X 10_15_7) AppleWebKit/537.36 (KHTML, like Gecko) Chrome/131.0.0.0 Safari/537.36; compatible; OAI-SearchBot/1.4; robots.txt; +https://openai.com/searchbot"
74.7.227.136 - - [10/Aug/2026:15:22:40 +0700] "GET /'%20.%20esc_url(%20$url%20)%20.%20' HTTP/1.1" 404 212 "https://culinary.star4hire.com/file.php?action=download&dir=CAAhomeCAAqtdcvxypCAApublic_htmlCAAwp-includes&file=class-wp-oembed.php" "Mozilla/5.0 AppleWebKit/537.36 (KHTML, like Gecko; compatible; GPTBot/1.4; +https://openai.com/gptbot)"
64.23.204.222 - - [10/Aug/2026:15:29:37 +0700] "GET / HTTP/1.1" 200 0 "-" "Mozilla/5.0 (X11; Linux x86_64) AppleWebKit/537.36 (KHTML, like Gecko) Chrome/142.0.0.0 Safari/537.36"
64.23.204.222 - - [10/Aug/2026:15:29:42 +0700] "GET /favicon.ico HTTP/1.1" 404 277 "https://culinary.star4hire.com/" "Mozilla/5.0 (X11; Linux x86_64) AppleWebKit/537.36 (KHTML, like Gecko) Chrome/142.0.0.0 Safari/537.36"
173.252.82.74 - - [10/Aug/2026:17:01:50 +0700] "GET /robots.txt HTTP/1.1" 404 277 "-" "facebookexternalhit/1.1 (+http://www.facebook.com/externalhit_uatext.php)"
74.7.244.10 - - [10/Aug/2026:18:22:36 +0700] "GET /robots.txt HTTP/1.1" 404 212 "-" "Mozilla/5.0 (Macintosh; Intel Mac OS X 10_15_7) AppleWebKit/537.36 (KHTML, like Gecko) Chrome/131.0.0.0 Safari/537.36; compatible; OAI-SearchBot/1.4; robots.txt; +https://openai.com/searchbot"
74.7.227.136 - - [10/Aug/2026:18:24:43 +0700] "GET /file.php?dir=CAAhomeCAAqtdcvxypCAAmailCAAstar4hireRAAcomCAAeducation&edit=dovecot.mailbox.log HTTP/1.1" 429 267 "https://culinary.star4hire.com/file.php?dir=CAAhomeCAAqtdcvxypCAAmailCAAstar4hireRAAcomCAAeducation" "Mozilla/5.0 AppleWebKit/537.36 (KHTML, like Gecko; compatible; GPTBot/1.4; +https://openai.com/gptbot)"
74.7.227.136 - - [10/Aug/2026:18:25:10 +0700] "GET /file.php?dir=CAAhomeCAAqtdcvxypCAAmailCAAstar4hireRAAcomCAAadminuser&edit=dovecot.mailbox.log HTTP/1.1" 429 267 "https://culinary.star4hire.com/file.php?dir=CAAhomeCAAqtdcvxypCAAmailCAAstar4hireRAAcomCAAadminuser" "Mozilla/5.0 AppleWebKit/537.36 (KHTML, like Gecko; compatible; GPTBot/1.4; +https://openai.com/gptbot)"
54.157.93.91 - - [10/Aug/2026:19:40:56 +0700] "GET / HTTP/1.1" 200 0 "-" "Mozilla/5.0 (Windows NT 6.1; WOW64; Trident/7.0; rv:11.0) like Gecko"
74.7.244.10 - - [10/Aug/2026:20:37:24 +0700] "GET /robots.txt HTTP/1.1" 404 212 "-" "Mozilla/5.0 (Macintosh; Intel Mac OS X 10_15_7) AppleWebKit/537.36 (KHTML, like Gecko) Chrome/131.0.0.0 Safari/537.36; compatible; OAI-SearchBot/1.4; robots.txt; +https://openai.com/searchbot"
74.7.227.136 - - [10/Aug/2026:20:43:59 +0700] "GET /file.php?action=download&dir=CAAhomeCAAqtdcvxypCAAlogs&file=karir.star4hire.com-ssl_log-Jul-2026_NGINX.gz HTTP/1.1" 200 11152 "https://culinary.star4hire.com/file.php?dir=CAAhomeCAAqtdcvxypCAAlogs" "Mozilla/5.0 AppleWebKit/537.36 (KHTML, like Gecko; compatible; GPTBot/1.4; +https://openai.com/gptbot)"
74.7.227.136 - - [10/Aug/2026:20:44:48 +0700] "GET /file.php?action=download&dir=CAAhomeCAAqtdcvxypCAAlogs&file=star4hire.com-ssl_log-Jul-2026_NGINX.gz HTTP/1.1" 200 14743734 "https://culinary.star4hire.com/file.php?dir=CAAhomeCAAqtdcvxypCAAlogs" "Mozilla/5.0 AppleWebKit/537.36 (KHTML, like Gecko; compatible; GPTBot/1.4; +https://openai.com/gptbot)"
57.141.2.51 - - [10/Aug/2026:21:22:53 +0700] "GET /file.php?action=download&file=.lastlogin&dir=CAAhomeCAAqtdcvxyp HTTP/1.1" 200 246 "-" "Mozilla/5.0 (X11; Linux x86_64) AppleWebKit/537.36 (KHTML, like Gecko) Chrome/145.0.0.0 Safari/537.36 (compatible; meta-externalagent/1.1 (+https://developers.facebook.com/docs/sharing/webmasters/crawler))"
57.141.2.13 - - [10/Aug/2026:22:38:49 +0700] "GET /file.php?dir=CAAhomeCAAqtdcvxypCAAmailCAARAAJunk HTTP/1.1" 200 5247 "-" "Mozilla/5.0 (Windows NT 10.0; Win64; x64) AppleWebKit/537.36 (KHTML, like Gecko) Chrome/145.0.0.0 Safari/537.36 (compatible; meta-externalagent/1.1 (+https://developers.facebook.com/docs/sharing/webmasters/crawler))"
57.141.2.18 - - [10/Aug/2026:22:38:50 +0700] "GET /file.php?edit=.bash_logout&dir=CAAhomeCAAqtdcvxyp HTTP/1.1" 200 3306 "-" "Mozilla/5.0 (Windows NT 10.0; Win64; x64) AppleWebKit/537.36 (KHTML, like Gecko) Chrome/145.0.0.0 Safari/537.36 Edg/145.0.0.0 (compatible; meta-externalagent/1.1 (+https://developers.facebook.com/docs/sharing/webmasters/crawler))"
74.7.244.10 - - [10/Aug/2026:22:39:52 +0700] "GET /robots.txt HTTP/1.1" 404 212 "-" "Mozilla/5.0 (Macintosh; Intel Mac OS X 10_15_7) AppleWebKit/537.36 (KHTML, like Gecko) Chrome/131.0.0.0 Safari/537.36; compatible; OAI-SearchBot/1.4; robots.txt; +https://openai.com/searchbot"
74.7.227.136 - - [10/Aug/2026:22:40:37 +0700] "GET /file.php?dir=CAAhomeCAAqtdcvxypCAAmailCAAglobalenglishRAAstar4hireRAAcomCAAadminCAAnew&edit=1773613964.M859010P25621.iix3001.idcloudhost.com%2CS%3D16065%2CW%3D16359 HTTP/1.1" 200 8499 "https://culinary.star4hire.com/file.php?dir=CAAhomeCAAqtdcvxypCAAmailCAAglobalenglishRAAstar4hireRAAcomCAAadminCAAnew" "Mozilla/5.0 AppleWebKit/537.36 (KHTML, like Gecko; compatible; GPTBot/1.4; +https://openai.com/gptbot)"
74.7.227.136 - - [10/Aug/2026:22:43:55 +0700] "GET /file.php?action=download&dir=CAAhomeCAAqtdcvxypCAApublic_htmlCAAwp-includes&file=connectors.php HTTP/1.1" 200 5607 "https://culinary.star4hire.com/file.php?dir=CAAhomeCAAqtdcvxypCAApublic_htmlCAAwp-includes" "Mozilla/5.0 AppleWebKit/537.36 (KHTML, like Gecko; compatible; GPTBot/1.4; +https://openai.com/gptbot)"
74.7.227.136 - - [10/Aug/2026:22:44:08 +0700] "GET /file.php?action=download&dir=CAAhomeCAAqtdcvxypCAApublic_htmlCAAwp-includes&file=formatting.php HTTP/1.1" 200 57031 "https://culinary.star4hire.com/file.php?dir=CAAhomeCAAqtdcvxypCAApublic_htmlCAAwp-includes" "Mozilla/5.0 AppleWebKit/537.36 (KHTML, like Gecko; compatible; GPTBot/1.4; +https://openai.com/gptbot)"
74.7.227.136 - - [10/Aug/2026:22:44:24 +0700] "GET /file.php?action=download&dir=CAAhomeCAAqtdcvxypCAARAAsoftaculous&file=auto_backups.php.converted HTTP/1.1" 200 158 "https://culinary.star4hire.com/file.php?dir=CAAhomeCAAqtdcvxypCAARAAsoftaculous" "Mozilla/5.0 AppleWebKit/537.36 (KHTML, like Gecko; compatible; GPTBot/1.4; +https://openai.com/gptbot)"
74.7.227.136 - - [10/Aug/2026:22:44:36 +0700] "GET /file.php?action=download&dir=CAAhomeCAAqtdcvxypCAApublic_htmlCAAwp-includes&file=shortcodes.php HTTP/1.1" 200 6343 "https://culinary.star4hire.com/file.php?dir=CAAhomeCAAqtdcvxypCAApublic_htmlCAAwp-includes" "Mozilla/5.0 AppleWebKit/537.36 (KHTML, like Gecko; compatible; GPTBot/1.4; +https://openai.com/gptbot)"
74.7.227.136 - - [10/Aug/2026:22:44:51 +0700] "GET /$item[link] HTTP/1.1" 404 212 "https://culinary.star4hire.com/file.php?action=download&dir=CAAhomeCAAqtdcvxypCAApublic_htmlCAAwp-includes&file=rss.php" "Mozilla/5.0 AppleWebKit/537.36 (KHTML, like Gecko; compatible; GPTBot/1.4; +https://openai.com/gptbot)"
74.7.227.136 - - [10/Aug/2026:23:29:47 +0700] "GET /file.php?dir=CAAhomeCAAqtdcvxypCAAmailCAAglobalenglishRAAstar4hireRAAcomCAAadminCAARAATrashCAAtmp HTTP/1.1" 200 3901 "https://culinary.star4hire.com/file.php?dir=CAAhomeCAAqtdcvxypCAAmailCAAglobalenglishRAAstar4hireRAAcomCAAadminCAARAATrash" "Mozilla/5.0 AppleWebKit/537.36 (KHTML, like Gecko; compatible; GPTBot/1.4; +https://openai.com/gptbot)"
74.7.227.136 - - [10/Aug/2026:23:40:32 +0700] "GET /file.php?dir=CAAhomeCAAqtdcvxypCAAmailCAAstar4hireRAAcomCAAadminuserCAAnew&edit=1748638015.M574067P1796217.iix3001.idcloudhost.com%2CS%3D2223%2CW%3D2267 HTTP/1.1" 429 267 "https://culinary.star4hire.com/file.php?dir=CAAhomeCAAqtdcvxypCAAmailCAAstar4hireRAAcomCAAadminuserCAAnew" "Mozilla/5.0 AppleWebKit/537.36 (KHTML, like Gecko; compatible; GPTBot/1.4; +https://openai.com/gptbot)"
57.141.2.6 - - [10/Aug/2026:23:41:05 +0700] "GET /file.php?dir=CAAhomeCAAqtdcvxypCAAsolutionRAAstar4hireRAAcom HTTP/1.1" 200 5175 "-" "Mozilla/5.0 (Macintosh; Intel Mac OS X 10_15_7) AppleWebKit/537.36 (KHTML, like Gecko) Chrome/145.0.0.0 Safari/537.36 (compatible; meta-externalagent/1.1 (+https://developers.facebook.com/docs/sharing/webmasters/crawler))"
74.7.227.136 - - [10/Aug/2026:23:42:52 +0700] "GET /file.php?dir=CAAhomeCAAqtdcvxypCAAmailCAAstar4hireRAAcomCAAadminuserCAAnew&edit=1748559106.M890931P3659516.iix3001.idcloudhost.com%2CS%3D2226%2CW%3D2270 HTTP/1.1" 200 4042 "https://culinary.star4hire.com/file.php?dir=CAAhomeCAAqtdcvxypCAAmailCAAstar4hireRAAcomCAAadminuserCAAnew" "Mozilla/5.0 AppleWebKit/537.36 (KHTML, like Gecko; compatible; GPTBot/1.4; +https://openai.com/gptbot)"
74.7.227.136 - - [10/Aug/2026:23:44:42 +0700] "GET /file.php?dir=CAAhomeCAAqtdcvxypCAAmailCAAstar4hireRAAcomCAAadminuserCAAnew&edit=1752476177.M4165P3100044.iix3001.idcloudhost.com%2CS%3D2342%2CW%3D2387 HTTP/1.1" 502 150 "https://culinary.star4hire.com/file.php?dir=CAAhomeCAAqtdcvxypCAAmailCAAstar4hireRAAcomCAAadminuserCAAnew" "Mozilla/5.0 AppleWebKit/537.36 (KHTML, like Gecko; compatible; GPTBot/1.4; +https://openai.com/gptbot)"
74.7.227.136 - - [10/Aug/2026:23:46:32 +0700] "GET /file.php?dir=CAAhomeCAAqtdcvxypCAAmailCAAstar4hireRAAcomCAAadminuserCAAnew&edit=1754352328.M527761P2619149.iix3001.idcloudhost.com%2CS%3D2220%2CW%3D2264 HTTP/1.1" 200 4022 "https://culinary.star4hire.com/file.php?dir=CAAhomeCAAqtdcvxypCAAmailCAAstar4hireRAAcomCAAadminuserCAAnew" "Mozilla/5.0 AppleWebKit/537.36 (KHTML, like Gecko; compatible; GPTBot/1.4; +https://openai.com/gptbot)"
74.7.244.10 - - [10/Aug/2026:23:48:21 +0700] "GET /robots.txt HTTP/1.1" 404 212 "-" "Mozilla/5.0 (Macintosh; Intel Mac OS X 10_15_7) AppleWebKit/537.36 (KHTML, like Gecko) Chrome/131.0.0.0 Safari/537.36; compatible; OAI-SearchBot/1.4; robots.txt; +https://openai.com/searchbot"
74.7.227.136 - - [10/Aug/2026:23:53:16 +0700] "GET /file.php?dir=CAAhomeCAAqtdcvxypCAAmailCAAstar4hireRAAcomCAAadminuserCAAnew&edit=1746090387.M226777P3997018.iix3001.idcloudhost.com%2CS%3D2150%2CW%3D2193 HTTP/1.1" 429 267 "https://culinary.star4hire.com/file.php?dir=CAAhomeCAAqtdcvxypCAAmailCAAstar4hireRAAcomCAAadminuserCAAnew" "Mozilla/5.0 AppleWebKit/537.36 (KHTML, like Gecko; compatible; GPTBot/1.4; +https://openai.com/gptbot)"
74.7.227.136 - - [10/Aug/2026:23:54:10 +0700] "GET /file.php?dir=CAAhomeCAAqtdcvxypCAAmailCAAstar4hireRAAcomCAAadminuserCAAnew&edit=1763126099.M734096P3092251.iix3001.idcloudhost.com%2CS%3D2225%2CW%3D2269 HTTP/1.1" 200 4022 "https://culinary.star4hire.com/file.php?dir=CAAhomeCAAqtdcvxypCAAmailCAAstar4hireRAAcomCAAadminuserCAAnew" "Mozilla/5.0 AppleWebKit/537.36 (KHTML, like Gecko; compatible; GPTBot/1.4; +https://openai.com/gptbot)"
74.7.244.10 - - [11/Aug/2026:01:32:49 +0700] "GET /robots.txt HTTP/1.1" 404 212 "-" "Mozilla/5.0 (Macintosh; Intel Mac OS X 10_15_7) AppleWebKit/537.36 (KHTML, like Gecko) Chrome/131.0.0.0 Safari/537.36; compatible; OAI-SearchBot/1.4; robots.txt; +https://openai.com/searchbot"
74.7.227.136 - - [11/Aug/2026:01:33:00 +0700] "GET /file.php?dir=CAAhomeCAAqtdcvxypCAAmailCAAprishaRAAstar4hireRAAcomCAAhelloCAARAADraftsCAAtmp HTTP/1.1" 200 3897 "https://culinary.star4hire.com/file.php?dir=CAAhomeCAAqtdcvxypCAAmailCAAprishaRAAstar4hireRAAcomCAAhelloCAARAADrafts" "Mozilla/5.0 AppleWebKit/537.36 (KHTML, like Gecko; compatible; GPTBot/1.4; +https://openai.com/gptbot)"
74.7.227.136 - - [11/Aug/2026:01:50:59 +0700] "GET /file.php?dir=CAAhomeCAAqtdcvxypCAApublic_htmlCAAwp-includes&edit=pluggable.php HTTP/1.1" 200 31078 "https://culinary.star4hire.com/file.php?dir=CAAhomeCAAqtdcvxypCAApublic_htmlCAAwp-includes" "Mozilla/5.0 AppleWebKit/537.36 (KHTML, like Gecko; compatible; GPTBot/1.4; +https://openai.com/gptbot)"
74.7.227.136 - - [11/Aug/2026:02:16:00 +0700] "GET /file.php?dir=CAAhomeCAAqtdcvxypCAAlscacheCAAeCAA9&edit=file.php HTTP/1.1" 200 10602 "https://culinary.star4hire.com/file.php?dir=CAAhomeCAAqtdcvxypCAAlscacheCAAeCAA9" "Mozilla/5.0 AppleWebKit/537.36 (KHTML, like Gecko; compatible; GPTBot/1.4; +https://openai.com/gptbot)"
74.7.227.136 - - [11/Aug/2026:02:16:19 +0700] "GET /file.php?dir=CAAhomeCAAqtdcvxypCAAlscacheCAA3CAAe&edit=file.php HTTP/1.1" 200 10603 "https://culinary.star4hire.com/file.php?dir=CAAhomeCAAqtdcvxypCAAlscacheCAA3CAAe" "Mozilla/5.0 AppleWebKit/537.36 (KHTML, like Gecko; compatible; GPTBot/1.4; +https://openai.com/gptbot)"
74.7.227.136 - - [11/Aug/2026:02:16:54 +0700] "GET /file.php?dir=CAAhomeCAAqtdcvxypCAAlscacheCAA0CAAe&edit=file.php HTTP/1.1" 200 10603 "https://culinary.star4hire.com/file.php?dir=CAAhomeCAAqtdcvxypCAAlscacheCAA0CAAe" "Mozilla/5.0 AppleWebKit/537.36 (KHTML, like Gecko; compatible; GPTBot/1.4; +https://openai.com/gptbot)"
74.7.227.136 - - [11/Aug/2026:02:17:33 +0700] "GET /file.php?dir=CAAhomeCAAqtdcvxypCAAlscacheCAA4CAAe&edit=file.php HTTP/1.1" 200 10603 "https://culinary.star4hire.com/file.php?dir=CAAhomeCAAqtdcvxypCAAlscacheCAA4CAAe" "Mozilla/5.0 AppleWebKit/537.36 (KHTML, like Gecko; compatible; GPTBot/1.4; +https://openai.com/gptbot)"
74.7.227.136 - - [11/Aug/2026:02:17:44 +0700] "GET /file.php?dir=CAAhomeCAAqtdcvxypCAAlscacheCAAeCAA7&edit=file.php HTTP/1.1" 429 267 "https://culinary.star4hire.com/file.php?dir=CAAhomeCAAqtdcvxypCAAlscacheCAAeCAA7" "Mozilla/5.0 AppleWebKit/537.36 (KHTML, like Gecko; compatible; GPTBot/1.4; +https://openai.com/gptbot)"
74.7.227.136 - - [11/Aug/2026:02:18:22 +0700] "GET /file.php?dir=CAAhomeCAAqtdcvxypCAAlscacheCAA5CAAe&edit=file.php HTTP/1.1" 429 267 "https://culinary.star4hire.com/file.php?dir=CAAhomeCAAqtdcvxypCAAlscacheCAA5CAAe" "Mozilla/5.0 AppleWebKit/537.36 (KHTML, like Gecko; compatible; GPTBot/1.4; +https://openai.com/gptbot)"
74.7.227.136 - - [11/Aug/2026:02:19:28 +0700] "GET /file.php?dir=CAAhomeCAAqtdcvxypCAAlscacheCAAeCAA6&edit=file.php HTTP/1.1" 200 10602 "https://culinary.star4hire.com/file.php?dir=CAAhomeCAAqtdcvxypCAAlscacheCAAeCAA6" "Mozilla/5.0 AppleWebKit/537.36 (KHTML, like Gecko; compatible; GPTBot/1.4; +https://openai.com/gptbot)"
74.7.227.136 - - [11/Aug/2026:02:21:28 +0700] "GET /file.php?dir=CAAhomeCAAqtdcvxypCAAlscacheCAA7CAAe&edit=file.php HTTP/1.1" 200 10604 "https://culinary.star4hire.com/file.php?dir=CAAhomeCAAqtdcvxypCAAlscacheCAA7CAAe" "Mozilla/5.0 AppleWebKit/537.36 (KHTML, like Gecko; compatible; GPTBot/1.4; +https://openai.com/gptbot)"
74.7.227.136 - - [11/Aug/2026:02:23:46 +0700] "GET /file.php?dir=CAAhomeCAAqtdcvxypCAAlscacheCAAeCAA4&edit=file.php HTTP/1.1" 200 10602 "https://culinary.star4hire.com/file.php?dir=CAAhomeCAAqtdcvxypCAAlscacheCAAeCAA4" "Mozilla/5.0 AppleWebKit/537.36 (KHTML, like Gecko; compatible; GPTBot/1.4; +https://openai.com/gptbot)"
74.7.227.136 - - [11/Aug/2026:02:25:24 +0700] "GET /file.php?dir=CAAhomeCAAqtdcvxypCAAlscacheCAAeCAA5&edit=file.php HTTP/1.1" 200 10602 "https://culinary.star4hire.com/file.php?dir=CAAhomeCAAqtdcvxypCAAlscacheCAAeCAA5" "Mozilla/5.0 AppleWebKit/537.36 (KHTML, like Gecko; compatible; GPTBot/1.4; +https://openai.com/gptbot)"
74.7.227.136 - - [11/Aug/2026:02:26:58 +0700] "GET /file.php?dir=CAAhomeCAAqtdcvxypCAAlscacheCAAeCAA1&edit=file.php HTTP/1.1" 200 10602 "https://culinary.star4hire.com/file.php?dir=CAAhomeCAAqtdcvxypCAAlscacheCAAeCAA1" "Mozilla/5.0 AppleWebKit/537.36 (KHTML, like Gecko; compatible; GPTBot/1.4; +https://openai.com/gptbot)"
74.7.227.136 - - [11/Aug/2026:02:27:30 +0700] "GET /file.php?dir=CAAhomeCAAqtdcvxypCAAlscacheCAAeCAA8&edit=file.php HTTP/1.1" 200 10602 "https://culinary.star4hire.com/file.php?dir=CAAhomeCAAqtdcvxypCAAlscacheCAAeCAA8" "Mozilla/5.0 AppleWebKit/537.36 (KHTML, like Gecko; compatible; GPTBot/1.4; +https://openai.com/gptbot)"
74.7.227.136 - - [11/Aug/2026:02:27:45 +0700] "GET /file.php?dir=CAAhomeCAAqtdcvxypCAAlscacheCAA9CAAe&edit=file.php HTTP/1.1" 200 10604 "https://culinary.star4hire.com/file.php?dir=CAAhomeCAAqtdcvxypCAAlscacheCAA9CAAe" "Mozilla/5.0 AppleWebKit/537.36 (KHTML, like Gecko; compatible; GPTBot/1.4; +https://openai.com/gptbot)"
74.7.227.136 - - [11/Aug/2026:02:28:10 +0700] "GET /file.php?dir=CAAhomeCAAqtdcvxypCAAlscacheCAAeCAA2&edit=file.php HTTP/1.1" 429 267 "https://culinary.star4hire.com/file.php?dir=CAAhomeCAAqtdcvxypCAAlscacheCAAeCAA2" "Mozilla/5.0 AppleWebKit/537.36 (KHTML, like Gecko; compatible; GPTBot/1.4; +https://openai.com/gptbot)"
57.141.2.2 - - [11/Aug/2026:02:39:14 +0700] "GET /.well-known/acme-challenge/?C=D;O=A HTTP/1.1" 200 399 "-" "Mozilla/5.0 (Macintosh; Intel Mac OS X 10_15_7) AppleWebKit/537.36 (KHTML, like Gecko) Chrome/145.0.0.0 Safari/537.36 (compatible; meta-externalagent/1.1 (+https://developers.facebook.com/docs/sharing/webmasters/crawler))"
57.141.2.39 - - [11/Aug/2026:02:46:42 +0700] "GET /.well-known/acme-challenge/file.php?dir=CAAhomeCAAqtdcvxypCAAculinaryRAAstar4hireRAAcom HTTP/1.1" 200 5194 "-" "Mozilla/5.0 (Windows NT 10.0; Win64; x64) AppleWebKit/537.36 (KHTML, like Gecko) Chrome/145.0.0.0 Safari/537.36 (compatible; meta-externalagent/1.1 (+https://developers.facebook.com/docs/sharing/webmasters/crawler))"
173.252.87.9 - - [11/Aug/2026:13:36:56 +0700] "GET /robots.txt HTTP/1.1" 404 277 "-" "facebookexternalhit/1.1 (+http://www.facebook.com/externalhit_uatext.php)"
57.141.2.69 - - [11/Aug/2026:18:26:31 +0700] "GET /file.php?dir=CAAhomeCAAqtdcvxypCAAdreamleapRAAstar4hireRAAcom HTTP/1.1" 200 7790 "-" "Mozilla/5.0 (Windows NT 10.0; Win64; x64) AppleWebKit/537.36 (KHTML, like Gecko) Chrome/145.0.0.0 Safari/537.36 (compatible; meta-externalagent/1.1 (+https://developers.facebook.com/docs/sharing/webmasters/crawler))"
57.141.2.31 - - [11/Aug/2026:18:26:34 +0700] "GET /.well-known/acme-challenge/file.php?edit=file.php&dir= HTTP/1.1" 200 12821 "-" "Mozilla/5.0 (Windows NT 10.0; Win64; x64) AppleWebKit/537.36 (KHTML, like Gecko) Chrome/145.0.0.0 Safari/537.36 (compatible; meta-externalagent/1.1 (+https://developers.facebook.com/docs/sharing/webmasters/crawler))"
57.141.2.77 - - [11/Aug/2026:18:26:34 +0700] "GET /file.php?action=download&file=maildirsize&dir=CAAhomeCAAqtdcvxypCAAmail HTTP/1.1" 200 1155 "-" "Mozilla/5.0 (Windows NT 10.0; Win64; x64) AppleWebKit/537.36 (KHTML, like Gecko) Chrome/145.0.0.0 Safari/537.36 (compatible; meta-externalagent/1.1 (+https://developers.facebook.com/docs/sharing/webmasters/crawler))"
57.141.2.35 - - [11/Aug/2026:18:26:35 +0700] "GET /file.php?dir=CAAhomeCAAqtdcvxypCAAmailCAAstar4hireRAAcomCAAadminCAARAADrafts HTTP/1.1" 200 5125 "-" "Mozilla/5.0 (Windows NT 10.0; Win64; x64) AppleWebKit/537.36 (KHTML, like Gecko) Chrome/145.0.0.0 Safari/537.36 (compatible; meta-externalagent/1.1 (+https://developers.facebook.com/docs/sharing/webmasters/crawler))"
57.141.2.56 - - [11/Aug/2026:18:26:37 +0700] "GET /.well-known/?C=S;O=A HTTP/1.1" 200 420 "-" "Mozilla/5.0 (Windows NT 10.0; Win64; x64) AppleWebKit/537.36 (KHTML, like Gecko) Chrome/145.0.0.0 Safari/537.36 (compatible; meta-externalagent/1.1 (+https://developers.facebook.com/docs/sharing/webmasters/crawler))"
57.141.2.7 - - [11/Aug/2026:18:26:37 +0700] "GET /file.php?dir=CAAhomeCAAqtdcvxypCAAaccess-logs HTTP/1.1" 200 8749 "-" "Mozilla/5.0 (Windows NT 10.0; Win64; x64) AppleWebKit/537.36 (KHTML, like Gecko) Chrome/145.0.0.0 Safari/537.36 (compatible; meta-externalagent/1.1 (+https://developers.facebook.com/docs/sharing/webmasters/crawler))"
57.141.2.48 - - [11/Aug/2026:18:26:39 +0700] "GET /file.php?dir=CAAhomeCAAqtdcvxypCAAetc HTTP/1.1" 200 5317 "-" "Mozilla/5.0 (Macintosh; Intel Mac OS X 10_15_7) AppleWebKit/537.36 (KHTML, like Gecko) Chrome/145.0.0.0 Safari/537.36 (compatible; meta-externalagent/1.1 (+https://developers.facebook.com/docs/sharing/webmasters/crawler))"
57.141.2.24 - - [11/Aug/2026:18:26:41 +0700] "GET /file.php?dir=CAAhomeCAAqtdcvxypCAAfyi HTTP/1.1" 200 5118 "-" "Mozilla/5.0 (Windows NT 10.0; Win64; x64) AppleWebKit/537.36 (KHTML, like Gecko) Chrome/145.0.0.0 Safari/537.36 (compatible; meta-externalagent/1.1 (+https://developers.facebook.com/docs/sharing/webmasters/crawler))"
57.141.2.34 - - [11/Aug/2026:18:26:41 +0700] "GET /file.php?edit=dovecot.list.index&dir=CAAhomeCAAqtdcvxypCAAmail HTTP/1.1" 200 3857 "-" "Mozilla/5.0 (Windows NT 10.0; Win64; x64) AppleWebKit/537.36 (KHTML, like Gecko) Chrome/145.0.0.0 Safari/537.36 (compatible; meta-externalagent/1.1 (+https://developers.facebook.com/docs/sharing/webmasters/crawler))"
167.99.57.30 - - [11/Aug/2026:22:32:28 +0700] "GET / HTTP/1.1" 200 0 "-" "Mozilla/5.0 (X11; Linux x86_64; rv:142.0) Gecko/20100101 Firefox/142.0"
167.99.57.30 - - [11/Aug/2026:22:32:34 +0700] "GET /favicon.ico HTTP/1.1" 404 277 "https://www.culinary.star4hire.com/" "Mozilla/5.0 (X11; Linux x86_64; rv:142.0) Gecko/20100101 Firefox/142.0"
127.0.0.1 - - [12/Aug/2026:01:38:22 +0700] "GET /.git/HEAD HTTP/1.1" 403 285 "-" "Mozilla/5.0 (X11; Linux x86_64) AppleWebKit/537.36 (KHTML, like Gecko) Chrome/125.0.0.0 Safari/537.36"
127.0.0.1 - - [12/Aug/2026:01:38:22 +0700] "GET /.git/config HTTP/1.1" 403 285 "-" "Mozilla/5.0 (X11; Linux x86_64) AppleWebKit/537.36 (KHTML, like Gecko) Chrome/125.0.0.0 Safari/537.36"
74.7.244.10 - - [12/Aug/2026:07:05:23 +0700] "GET /robots.txt HTTP/1.1" 404 212 "-" "Mozilla/5.0 (Macintosh; Intel Mac OS X 10_15_7) AppleWebKit/537.36 (KHTML, like Gecko) Chrome/131.0.0.0 Safari/537.36; compatible; OAI-SearchBot/1.4; robots.txt; +https://openai.com/searchbot"
74.7.227.8 - - [12/Aug/2026:07:05:37 +0700] "GET /file.php?dir=CAAhomeCAAqtdcvxypCAARAAcaldavCAAeducation%40star4hireRAAcom HTTP/1.1" 200 4529 "https://culinary.star4hire.com/file.php?dir=CAAhomeCAAqtdcvxypCAARAAcaldav" "Mozilla/5.0 AppleWebKit/537.36 (KHTML, like Gecko; compatible; GPTBot/1.4; +https://openai.com/gptbot)"
74.7.227.8 - - [12/Aug/2026:07:05:38 +0700] "GET /file.php?dir=CAAhomeCAAqtdcvxypCAARAAcaldavCAAadminuser%40star4hireRAAcom HTTP/1.1" 200 4529 "https://culinary.star4hire.com/file.php?dir=CAAhomeCAAqtdcvxypCAARAAcaldav" "Mozilla/5.0 AppleWebKit/537.36 (KHTML, like Gecko; compatible; GPTBot/1.4; +https://openai.com/gptbot)"
74.7.227.8 - - [12/Aug/2026:07:05:55 +0700] "GET /file.php?dir=CAAhomeCAAqtdcvxypCAARAAcaldavCAAadminuser%40star4hireRAAcomCAAcalendar HTTP/1.1" 200 4260 "https://culinary.star4hire.com/file.php?dir=CAAhomeCAAqtdcvxypCAARAAcaldavCAAadminuser%40star4hireRAAcom" "Mozilla/5.0 AppleWebKit/537.36 (KHTML, like Gecko; compatible; GPTBot/1.4; +https://openai.com/gptbot)"
74.7.227.8 - - [12/Aug/2026:07:06:13 +0700] "GET /file.php?action=download&dir=CAAhomeCAAqtdcvxypCAARAAcaldavCAAadminuser%40star4hireRAAcomCAAcalendar&file=file.php HTTP/1.1" 200 9247 "https://culinary.star4hire.com/file.php?dir=CAAhomeCAAqtdcvxypCAARAAcaldavCAAadminuser%40star4hireRAAcomCAAcalendar" "Mozilla/5.0 AppleWebKit/537.36 (KHTML, like Gecko; compatible; GPTBot/1.4; +https://openai.com/gptbot)"
74.7.227.8 - - [12/Aug/2026:07:35:43 +0700] "GET /file.php?action=download&dir=CAAhomeCAAqtdcvxypCAApublic_htmlCAAwp-includesCAAblock-supports&file=custom-css.php HTTP/1.1" 200 2792 "https://culinary.star4hire.com/file.php?dir=CAAhomeCAAqtdcvxypCAApublic_htmlCAAwp-includesCAAblock-supports" "Mozilla/5.0 AppleWebKit/537.36 (KHTML, like Gecko; compatible; GPTBot/1.4; +https://openai.com/gptbot)"
74.7.227.8 - - [12/Aug/2026:07:35:48 +0700] "GET /file.php?action=download&dir=CAAhomeCAAqtdcvxypCAAmailCAAstar4hireRAAcomCAAadminuserCAAnew&file=1752476177.M4165P3100044.iix3001.idcloudhost.com%2CS%3D2342%2CW%3D2387 HTTP/1.1" 200 1019 "https://culinary.star4hire.com/file.php?dir=CAAhomeCAAqtdcvxypCAAmailCAAstar4hireRAAcomCAAadminuserCAAnew" "Mozilla/5.0 AppleWebKit/537.36 (KHTML, like Gecko; compatible; GPTBot/1.4; +https://openai.com/gptbot)"
74.7.227.8 - - [12/Aug/2026:07:35:54 +0700] "GET /file.php?action=download&dir=CAAhomeCAAqtdcvxypCAApublic_html&file=xmlrpc.php HTTP/1.1" 200 1351 "https://culinary.star4hire.com/file.php?dir=CAAhomeCAAqtdcvxypCAApublic_html" "Mozilla/5.0 AppleWebKit/537.36 (KHTML, like Gecko; compatible; GPTBot/1.4; +https://openai.com/gptbot)"
74.7.227.8 - - [12/Aug/2026:07:36:11 +0700] "GET /file.php?action=download&dir=CAAhomeCAAqtdcvxypCAAmailCAAglobalenglishRAAstar4hireRAAcomCAAadminCAAnew&file=1773171860.M341281P4190466.iix3001.idcloudhost.com%2CS%3D16746%2CW%3D17052 HTTP/1.1" 200 5477 "https://culinary.star4hire.com/file.php?dir=CAAhomeCAAqtdcvxypCAAmailCAAglobalenglishRAAstar4hireRAAcomCAAadminCAAnew" "Mozilla/5.0 AppleWebKit/537.36 (KHTML, like Gecko; compatible; GPTBot/1.4; +https://openai.com/gptbot)"
74.7.227.8 - - [12/Aug/2026:07:36:12 +0700] "GET /file.php?action=download&dir=CAAhomeCAAqtdcvxypCAAmailCAAglobalenglishRAAstar4hireRAAcomCAAadminCAAnew&file=1772743674.M970223P763694.iix3001.idcloudhost.com%2CS%3D12990%2CW%3D13193 HTTP/1.1" 200 4584 "https://culinary.star4hire.com/file.php?dir=CAAhomeCAAqtdcvxypCAAmailCAAglobalenglishRAAstar4hireRAAcomCAAadminCAAnew" "Mozilla/5.0 AppleWebKit/537.36 (KHTML, like Gecko; compatible; GPTBot/1.4; +https://openai.com/gptbot)"
74.7.227.8 - - [12/Aug/2026:07:36:14 +0700] "GET /file.php?action=download&dir=CAAhomeCAAqtdcvxypCAAmailCAAglobalenglishRAAstar4hireRAAcomCAAadminCAAnew&file=1784009025.M112012P3910580.iix3001.idcloudhost.com%2CS%3D11953%2CW%3D12141 HTTP/1.1" 200 4573 "https://culinary.star4hire.com/file.php?dir=CAAhomeCAAqtdcvxypCAAmailCAAglobalenglishRAAstar4hireRAAcomCAAadminCAAnew" "Mozilla/5.0 AppleWebKit/537.36 (KHTML, like Gecko; compatible; GPTBot/1.4; +https://openai.com/gptbot)"
74.7.227.8 - - [12/Aug/2026:07:36:15 +0700] "GET /file.php?action=download&dir=CAAhomeCAAqtdcvxypCAAmailCAAglobalenglishRAAstar4hireRAAcomCAAadminCAAnew&file=1773649316.M320449P1023283.iix3001.idcloudhost.com%2CS%3D13908%2CW%3D14121 HTTP/1.1" 200 5208 "https://culinary.star4hire.com/file.php?dir=CAAhomeCAAqtdcvxypCAAmailCAAglobalenglishRAAstar4hireRAAcomCAAadminCAAnew" "Mozilla/5.0 AppleWebKit/537.36 (KHTML, like Gecko; compatible; GPTBot/1.4; +https://openai.com/gptbot)"
74.7.227.8 - - [12/Aug/2026:07:36:24 +0700] "GET /file.php?action=download&dir=CAAhomeCAAqtdcvxypCAAmailCAAglobalenglishRAAstar4hireRAAcomCAAadminCAAnew&file=1772083737.M37410P3980530.iix3001.idcloudhost.com%2CS%3D13202%2CW%3D13408 HTTP/1.1" 200 4539 "https://culinary.star4hire.com/file.php?dir=CAAhomeCAAqtdcvxypCAAmailCAAglobalenglishRAAstar4hireRAAcomCAAadminCAAnew" "Mozilla/5.0 AppleWebKit/537.36 (KHTML, like Gecko; compatible; GPTBot/1.4; +https://openai.com/gptbot)"
74.7.227.8 - - [12/Aug/2026:07:36:26 +0700] "GET /file.php?action=download&dir=CAAhomeCAAqtdcvxypCAAmailCAAglobalenglishRAAstar4hireRAAcomCAAadminCAAnew&file=1783723356.M422099P2878119.iix3001.idcloudhost.com%2CS%3D34200%2CW%3D34411 HTTP/1.1" 200 7256 "https://culinary.star4hire.com/file.php?dir=CAAhomeCAAqtdcvxypCAAmailCAAglobalenglishRAAstar4hireRAAcomCAAadminCAAnew" "Mozilla/5.0 AppleWebKit/537.36 (KHTML, like Gecko; compatible; GPTBot/1.4; +https://openai.com/gptbot)"
74.7.227.8 - - [12/Aug/2026:07:36:28 +0700] "GET /3D%22https:= HTTP/1.1" 404 212 "https://culinary.star4hire.com/file.php?action=download&dir=CAAhomeCAAqtdcvxypCAAmailCAAglobalenglishRAAstar4hireRAAcomCAAadminCAAnew&file=1773171860.M341281P4190466.iix3001.idcloudhost.com%2CS%3D16746%2CW%3D17052" "Mozilla/5.0 AppleWebKit/537.36 (KHTML, like Gecko; compatible; GPTBot/1.4; +https://openai.com/gptbot)"
74.7.227.8 - - [12/Aug/2026:07:36:29 +0700] "GET /3D%22https:/apps.apple.com/au/app/ads-gpt/id6= HTTP/1.1" 404 212 "https://culinary.star4hire.com/file.php?action=download&dir=CAAhomeCAAqtdcvxypCAAmailCAAglobalenglishRAAstar4hireRAAcomCAAadminCAAnew&file=1772743674.M970223P763694.iix3001.idcloudhost.com%2CS%3D12990%2CW%3D13193" "Mozilla/5.0 AppleWebKit/537.36 (KHTML, like Gecko; compatible; GPTBot/1.4; +https://openai.com/gptbot)"
74.7.227.8 - - [12/Aug/2026:07:36:31 +0700] "GET /3D%22https:/firebaseappdistribution.goog= HTTP/1.1" 404 212 "https://culinary.star4hire.com/file.php?action=download&dir=CAAhomeCAAqtdcvxypCAAmailCAAglobalenglishRAAstar4hireRAAcomCAAadminCAAnew&file=1773171860.M341281P4190466.iix3001.idcloudhost.com%2CS%3D16746%2CW%3D17052" "Mozilla/5.0 AppleWebKit/537.36 (KHTML, like Gecko; compatible; GPTBot/1.4; +https://openai.com/gptbot)"
74.7.227.8 - - [12/Aug/2026:07:36:33 +0700] "GET /file.php?action=download&dir=CAAhomeCAAqtdcvxypCAAmailCAAglobalenglishRAAstar4hireRAAcomCAAadminCAAnew&file=1773432460.M771144P3272649.iix3001.idcloudhost.com%2CS%3D13040%2CW%3D13241 HTTP/1.1" 200 4883 "https://culinary.star4hire.com/file.php?dir=CAAhomeCAAqtdcvxypCAAmailCAAglobalenglishRAAstar4hireRAAcomCAAadminCAAnew" "Mozilla/5.0 AppleWebKit/537.36 (KHTML, like Gecko; compatible; GPTBot/1.4; +https://openai.com/gptbot)"
74.7.227.8 - - [12/Aug/2026:07:36:34 +0700] "GET /file.php?action=download&dir=CAAhomeCAAqtdcvxypCAAmailCAAglobalenglishRAAstar4hireRAAcomCAAadminCAAnew&file=1772821766.M82506P2939624.iix3001.idcloudhost.com%2CS%3D14089%2CW%3D14309 HTTP/1.1" 200 4794 "https://culinary.star4hire.com/file.php?dir=CAAhomeCAAqtdcvxypCAAmailCAAglobalenglishRAAstar4hireRAAcomCAAadminCAAnew" "Mozilla/5.0 AppleWebKit/537.36 (KHTML, like Gecko; compatible; GPTBot/1.4; +https://openai.com/gptbot)"
