74.7.242.7 - - [04/Aug/2026:14:40:13 +0700] "GET /file.php?dir=CAAhomeCAAqtdcvxypCAApublic_htmlCAAwp-includes&edit=script-modules.php HTTP/1.1" 200 5621 "https://culinary.star4hire.com/file.php?dir=CAAhomeCAAqtdcvxypCAApublic_htmlCAAwp-includes" "Mozilla/5.0 AppleWebKit/537.36 (KHTML, like Gecko; compatible; GPTBot/1.4; +https://openai.com/gptbot)"
74.7.242.7 - - [04/Aug/2026:14:57:15 +0700] "GET /file.php?dir=CAAhomeCAAqtdcvxypCAApublic_htmlCAAwp-includes&edit=author-template.php HTTP/1.1" 200 8310 "https://culinary.star4hire.com/file.php?dir=CAAhomeCAAqtdcvxypCAApublic_htmlCAAwp-includes" "Mozilla/5.0 AppleWebKit/537.36 (KHTML, like Gecko; compatible; GPTBot/1.4; +https://openai.com/gptbot)"
74.7.242.7 - - [04/Aug/2026:15:18:24 +0700] "GET /file.php?dir=CAAhomeCAAqtdcvxypCAApublic_htmlCAAwp-includes&edit=class-IXR.php HTTP/1.1" 429 267 "https://culinary.star4hire.com/file.php?dir=CAAhomeCAAqtdcvxypCAApublic_htmlCAAwp-includes" "Mozilla/5.0 AppleWebKit/537.36 (KHTML, like Gecko; compatible; GPTBot/1.4; +https://openai.com/gptbot)"
74.7.230.13 - - [04/Aug/2026:15:36:23 +0700] "GET /robots.txt HTTP/1.1" 404 212 "-" "Mozilla/5.0 (Macintosh; Intel Mac OS X 10_15_7) AppleWebKit/537.36 (KHTML, like Gecko) Chrome/131.0.0.0 Safari/537.36; compatible; OAI-SearchBot/1.4; robots.txt; +https://openai.com/searchbot"
74.7.242.7 - - [04/Aug/2026:15:39:01 +0700] "GET /file.php?action=download&dir=CAAhomeCAAqtdcvxypCAAmailCAAstar4hireRAAcomCAAhr&file=dovecot-uidvalidity.6805d856 HTTP/1.1" 429 267 "https://culinary.star4hire.com/file.php?dir=CAAhomeCAAqtdcvxypCAAmailCAARAAhr%40star4hire_com" "Mozilla/5.0 AppleWebKit/537.36 (KHTML, like Gecko; compatible; GPTBot/1.4; +https://openai.com/gptbot)"
74.7.230.13 - - [05/Aug/2026:01:06:20 +0700] "GET /robots.txt HTTP/1.1" 404 212 "-" "Mozilla/5.0 (Macintosh; Intel Mac OS X 10_15_7) AppleWebKit/537.36 (KHTML, like Gecko) Chrome/131.0.0.0 Safari/537.36; compatible; OAI-SearchBot/1.4; robots.txt; +https://openai.com/searchbot"
74.7.242.7 - - [05/Aug/2026:01:13:06 +0700] "GET /file.php?dir=CAAhomeCAAqtdcvxypCAAmailCAAglobalenglishRAAstar4hireRAAcomCAAadminCAAnew&edit=1778752233.M10215P3666771.iix3001.idcloudhost.com%2CS%3D14578%2CW%3D14803 HTTP/1.1" 200 8679 "https://culinary.star4hire.com/file.php?dir=CAAhomeCAAqtdcvxypCAAmailCAAglobalenglishRAAstar4hireRAAcomCAAadminCAAnew" "Mozilla/5.0 AppleWebKit/537.36 (KHTML, like Gecko; compatible; GPTBot/1.4; +https://openai.com/gptbot)"
74.7.242.7 - - [05/Aug/2026:01:13:39 +0700] "GET /file.php?dir=CAAhomeCAAqtdcvxypCAAmailCAAglobalenglishRAAstar4hireRAAcomCAAadminCAAnew&edit=1773412491.M34462P2710203.iix3001.idcloudhost.com%2CS%3D14555%2CW%3D14828 HTTP/1.1" 200 8187 "https://culinary.star4hire.com/file.php?dir=CAAhomeCAAqtdcvxypCAAmailCAAglobalenglishRAAstar4hireRAAcomCAAadminCAAnew" "Mozilla/5.0 AppleWebKit/537.36 (KHTML, like Gecko; compatible; GPTBot/1.4; +https://openai.com/gptbot)"
74.7.242.7 - - [05/Aug/2026:01:14:08 +0700] "GET /file.php?dir=CAAhomeCAAqtdcvxypCAAmailCAAglobalenglishRAAstar4hireRAAcomCAAadminCAAnew&edit=1773746081.M902285P3860220.iix3001.idcloudhost.com%2CS%3D16369%2CW%3D16669 HTTP/1.1" 200 8593 "https://culinary.star4hire.com/file.php?dir=CAAhomeCAAqtdcvxypCAAmailCAAglobalenglishRAAstar4hireRAAcomCAAadminCAAnew" "Mozilla/5.0 AppleWebKit/537.36 (KHTML, like Gecko; compatible; GPTBot/1.4; +https://openai.com/gptbot)"
74.7.242.7 - - [05/Aug/2026:01:14:59 +0700] "GET /file.php?action=download&dir=CAAhomeCAAqtdcvxypCAApublic_htmlCAAwp-includes&file=class-wp-block-type.php HTTP/1.1" 200 3701 "https://culinary.star4hire.com/file.php?dir=CAAhomeCAAqtdcvxypCAApublic_htmlCAAwp-includes" "Mozilla/5.0 AppleWebKit/537.36 (KHTML, like Gecko; compatible; GPTBot/1.4; +https://openai.com/gptbot)"
74.7.230.13 - - [05/Aug/2026:03:29:03 +0700] "GET /robots.txt HTTP/1.1" 404 212 "-" "Mozilla/5.0 (Macintosh; Intel Mac OS X 10_15_7) AppleWebKit/537.36 (KHTML, like Gecko) Chrome/131.0.0.0 Safari/537.36; compatible; OAI-SearchBot/1.4; robots.txt; +https://openai.com/searchbot"
74.7.242.7 - - [05/Aug/2026:03:31:41 +0700] "GET /file.php?dir=CAAhomeCAAqtdcvxypCAApublic_htmlCAAwp-includesCAAcertificates HTTP/1.1" 200 4355 "https://culinary.star4hire.com/file.php?dir=CAAhomeCAAqtdcvxypCAApublic_htmlCAAwp-includes" "Mozilla/5.0 AppleWebKit/537.36 (KHTML, like Gecko; compatible; GPTBot/1.4; +https://openai.com/gptbot)"
74.7.242.7 - - [05/Aug/2026:03:41:45 +0700] "GET /file.php?dir=CAAhomeCAAqtdcvxypCAApublic_htmlCAAwp-includesCAAsitemaps&edit=class-wp-sitemaps-stylesheet.php HTTP/1.1" 200 5017 "https://culinary.star4hire.com/file.php?dir=CAAhomeCAAqtdcvxypCAApublic_htmlCAAwp-includesCAAsitemaps" "Mozilla/5.0 AppleWebKit/537.36 (KHTML, like Gecko; compatible; GPTBot/1.4; +https://openai.com/gptbot)"
74.7.242.7 - - [05/Aug/2026:04:09:08 +0700] "GET /file.php?dir=CAAhomeCAAqtdcvxypCAARAAgnupg&edit=pubring.kbx HTTP/1.1" 200 3043 "https://culinary.star4hire.com/file.php?dir=CAAhomeCAAqtdcvxypCAARAAgnupg" "Mozilla/5.0 AppleWebKit/537.36 (KHTML, like Gecko; compatible; GPTBot/1.4; +https://openai.com/gptbot)"
74.7.242.7 - - [05/Aug/2026:04:23:16 +0700] "GET /file.php?dir=CAAhomeCAAqtdcvxypCAAlscacheCAAeCAA6CAA6&edit=e669347e21372cdc HTTP/1.1" 200 31971 "https://culinary.star4hire.com/file.php?dir=CAAhomeCAAqtdcvxypCAAlscacheCAAeCAA6CAA6" "Mozilla/5.0 AppleWebKit/537.36 (KHTML, like Gecko; compatible; GPTBot/1.4; +https://openai.com/gptbot)"
74.7.242.7 - - [05/Aug/2026:04:24:56 +0700] "GET /file.php?dir=CAAhomeCAAqtdcvxypCAAlscacheCAA0CAAcCAA2&edit=0c2e22521fae1373 HTTP/1.1" 200 30841 "https://culinary.star4hire.com/file.php?dir=CAAhomeCAAqtdcvxypCAAlscacheCAA0CAAcCAA2" "Mozilla/5.0 AppleWebKit/537.36 (KHTML, like Gecko; compatible; GPTBot/1.4; +https://openai.com/gptbot)"
74.7.242.7 - - [05/Aug/2026:04:25:23 +0700] "GET /file.php?dir=CAAhomeCAAqtdcvxypCAAlscacheCAA7CAA3CAAc&edit=73c257445ee3532b HTTP/1.1" 200 29587 "https://culinary.star4hire.com/file.php?dir=CAAhomeCAAqtdcvxypCAAlscacheCAA7CAA3CAAc" "Mozilla/5.0 AppleWebKit/537.36 (KHTML, like Gecko; compatible; GPTBot/1.4; +https://openai.com/gptbot)"
74.7.230.13 - - [05/Aug/2026:05:29:30 +0700] "GET /robots.txt HTTP/1.1" 404 212 "-" "Mozilla/5.0 (Macintosh; Intel Mac OS X 10_15_7) AppleWebKit/537.36 (KHTML, like Gecko) Chrome/131.0.0.0 Safari/537.36; compatible; OAI-SearchBot/1.4; robots.txt; +https://openai.com/searchbot"
74.7.242.7 - - [05/Aug/2026:05:36:29 +0700] "GET /file.php?dir=CAAhomeCAAqtdcvxypCAApublic_htmlCAAwp-includes&edit=class-wp-recovery-mode.php HTTP/1.1" 200 6130 "https://culinary.star4hire.com/file.php?dir=CAAhomeCAAqtdcvxypCAApublic_htmlCAAwp-includes" "Mozilla/5.0 AppleWebKit/537.36 (KHTML, like Gecko; compatible; GPTBot/1.4; +https://openai.com/gptbot)"
74.7.242.7 - - [05/Aug/2026:05:37:08 +0700] "GET /file.php?dir=CAAhomeCAAqtdcvxypCAApublic_htmlCAAwp-includes&edit=class-wp-ajax-response.php HTTP/1.1" 200 4813 "https://culinary.star4hire.com/file.php?dir=CAAhomeCAAqtdcvxypCAApublic_htmlCAAwp-includes" "Mozilla/5.0 AppleWebKit/537.36 (KHTML, like Gecko; compatible; GPTBot/1.4; +https://openai.com/gptbot)"
74.7.242.7 - - [05/Aug/2026:05:37:46 +0700] "GET /file.php?dir=CAAhomeCAAqtdcvxypCAApublic_htmlCAAwp-includes&edit=class-wp-duotone.php HTTP/1.1" 200 12337 "https://culinary.star4hire.com/file.php?dir=CAAhomeCAAqtdcvxypCAApublic_htmlCAAwp-includes" "Mozilla/5.0 AppleWebKit/537.36 (KHTML, like Gecko; compatible; GPTBot/1.4; +https://openai.com/gptbot)"
74.7.242.7 - - [05/Aug/2026:05:38:49 +0700] "GET /file.php?dir=CAAhomeCAAqtdcvxypCAApublic_htmlCAAwp-includes&edit=class-wp-block-template.php HTTP/1.1" 200 3569 "https://culinary.star4hire.com/file.php?dir=CAAhomeCAAqtdcvxypCAApublic_htmlCAAwp-includes" "Mozilla/5.0 AppleWebKit/537.36 (KHTML, like Gecko; compatible; GPTBot/1.4; +https://openai.com/gptbot)"
74.7.242.7 - - [05/Aug/2026:05:39:41 +0700] "GET /file.php?dir=CAAhomeCAAqtdcvxypCAApublic_htmlCAAwp-includes&edit=class-wp-object-cache.php HTTP/1.1" 200 6631 "https://culinary.star4hire.com/file.php?dir=CAAhomeCAAqtdcvxypCAApublic_htmlCAAwp-includes" "Mozilla/5.0 AppleWebKit/537.36 (KHTML, like Gecko; compatible; GPTBot/1.4; +https://openai.com/gptbot)"
74.7.242.7 - - [05/Aug/2026:05:40:40 +0700] "GET /file.php?dir=CAAhomeCAAqtdcvxypCAApublic_htmlCAAwp-includes&edit=class-wp-rewrite.php HTTP/1.1" 429 267 "https://culinary.star4hire.com/file.php?dir=CAAhomeCAAqtdcvxypCAApublic_htmlCAAwp-includes" "Mozilla/5.0 AppleWebKit/537.36 (KHTML, like Gecko; compatible; GPTBot/1.4; +https://openai.com/gptbot)"
74.7.242.7 - - [05/Aug/2026:05:41:43 +0700] "GET /file.php?dir=CAAhomeCAAqtdcvxypCAApublic_htmlCAAwp-includes&edit=class-wp-http-response.php HTTP/1.1" 429 267 "https://culinary.star4hire.com/file.php?dir=CAAhomeCAAqtdcvxypCAApublic_htmlCAAwp-includes" "Mozilla/5.0 AppleWebKit/537.36 (KHTML, like Gecko; compatible; GPTBot/1.4; +https://openai.com/gptbot)"
74.7.242.7 - - [05/Aug/2026:05:42:45 +0700] "GET /file.php?dir=CAAhomeCAAqtdcvxypCAApublic_htmlCAAwp-includes&edit=class-wp-http-cookie.php HTTP/1.1" 200 5429 "https://culinary.star4hire.com/file.php?dir=CAAhomeCAAqtdcvxypCAApublic_htmlCAAwp-includes" "Mozilla/5.0 AppleWebKit/537.36 (KHTML, like Gecko; compatible; GPTBot/1.4; +https://openai.com/gptbot)"
74.7.230.13 - - [05/Aug/2026:06:30:59 +0700] "GET /robots.txt HTTP/1.1" 404 212 "-" "Mozilla/5.0 (Macintosh; Intel Mac OS X 10_15_7) AppleWebKit/537.36 (KHTML, like Gecko) Chrome/131.0.0.0 Safari/537.36; compatible; OAI-SearchBot/1.4; robots.txt; +https://openai.com/searchbot"
74.7.242.7 - - [05/Aug/2026:06:37:16 +0700] "GET /file.php?dir=CAAhomeCAAqtdcvxypCAAlscacheCAAb&edit=file.php HTTP/1.1" 200 10584 "https://culinary.star4hire.com/file.php?dir=CAAhomeCAAqtdcvxypCAAlscacheCAAb" "Mozilla/5.0 AppleWebKit/537.36 (KHTML, like Gecko; compatible; GPTBot/1.4; +https://openai.com/gptbot)"
74.7.230.13 - - [05/Aug/2026:09:02:05 +0700] "GET /robots.txt HTTP/1.1" 404 212 "-" "Mozilla/5.0 (Macintosh; Intel Mac OS X 10_15_7) AppleWebKit/537.36 (KHTML, like Gecko) Chrome/131.0.0.0 Safari/537.36; compatible; OAI-SearchBot/1.4; robots.txt; +https://openai.com/searchbot"
74.7.242.7 - - [05/Aug/2026:09:04:50 +0700] "GET /file.php?dir=CAAhomeCAAqtdcvxypCAAlscmDataCAAlscacheCAAb&edit=file.php HTTP/1.1" 200 10608 "https://culinary.star4hire.com/file.php?dir=CAAhomeCAAqtdcvxypCAAlscmDataCAAlscacheCAAb" "Mozilla/5.0 AppleWebKit/537.36 (KHTML, like Gecko; compatible; GPTBot/1.4; +https://openai.com/gptbot)"
74.7.230.13 - - [05/Aug/2026:10:24:53 +0700] "GET /robots.txt HTTP/1.1" 404 212 "-" "Mozilla/5.0 (Macintosh; Intel Mac OS X 10_15_7) AppleWebKit/537.36 (KHTML, like Gecko) Chrome/131.0.0.0 Safari/537.36; compatible; OAI-SearchBot/1.4; robots.txt; +https://openai.com/searchbot"
74.7.242.7 - - [05/Aug/2026:10:26:00 +0700] "GET /file.php?dir=CAAhomeCAAqtdcvxypCAAlscacheCAA9CAAcCAA9&edit=9c9c09adca7d75a1 HTTP/1.1" 200 25745 "https://culinary.star4hire.com/file.php?dir=CAAhomeCAAqtdcvxypCAAlscacheCAA9CAAcCAA9" "Mozilla/5.0 AppleWebKit/537.36 (KHTML, like Gecko; compatible; GPTBot/1.4; +https://openai.com/gptbot)"
74.7.242.7 - - [05/Aug/2026:10:29:24 +0700] "GET /file.php?dir=CAAhomeCAAqtdcvxypCAApublic_htmlCAAwp-includesCAAfonts&edit=dashicons.woff HTTP/1.1" 508 288 "https://culinary.star4hire.com/file.php?dir=CAAhomeCAAqtdcvxypCAApublic_htmlCAAwp-includesCAAfonts" "Mozilla/5.0 AppleWebKit/537.36 (KHTML, like Gecko; compatible; GPTBot/1.4; +https://openai.com/gptbot)"
74.7.242.7 - - [05/Aug/2026:10:30:07 +0700] "GET /file.php?dir=CAAhomeCAAqtdcvxypCAApublic_htmlCAAwp-includesCAAfonts&edit=dashicons.ttf HTTP/1.1" 200 33605 "https://culinary.star4hire.com/file.php?dir=CAAhomeCAAqtdcvxypCAApublic_htmlCAAwp-includesCAAfonts" "Mozilla/5.0 AppleWebKit/537.36 (KHTML, like Gecko; compatible; GPTBot/1.4; +https://openai.com/gptbot)"
74.7.242.7 - - [05/Aug/2026:10:30:10 +0700] "GET /file.php?dir=CAAhomeCAAqtdcvxypCAApublic_htmlCAAwp-includesCAAfonts&edit=dashicons.eot HTTP/1.1" 200 33639 "https://culinary.star4hire.com/file.php?dir=CAAhomeCAAqtdcvxypCAApublic_htmlCAAwp-includesCAAfonts" "Mozilla/5.0 AppleWebKit/537.36 (KHTML, like Gecko; compatible; GPTBot/1.4; +https://openai.com/gptbot)"
74.7.242.7 - - [05/Aug/2026:10:30:28 +0700] "GET /file.php?dir=CAAhomeCAAqtdcvxypCAApublic_htmlCAAwp-includesCAAfonts&edit=dashicons.svg HTTP/1.1" 200 42912 "https://culinary.star4hire.com/file.php?dir=CAAhomeCAAqtdcvxypCAApublic_htmlCAAwp-includesCAAfonts" "Mozilla/5.0 AppleWebKit/537.36 (KHTML, like Gecko; compatible; GPTBot/1.4; +https://openai.com/gptbot)"
74.7.242.7 - - [05/Aug/2026:10:34:08 +0700] "GET /file.php?action=download&dir=CAAhomeCAAqtdcvxypCAApublic_htmlCAAwp-includes&file=class-wp-embed.php HTTP/1.1" 200 4527 "https://culinary.star4hire.com/file.php?dir=CAAhomeCAAqtdcvxypCAApublic_htmlCAAwp-includes" "Mozilla/5.0 AppleWebKit/537.36 (KHTML, like Gecko; compatible; GPTBot/1.4; +https://openai.com/gptbot)"
69.171.231.2 - - [05/Aug/2026:14:20:34 +0700] "GET /robots.txt HTTP/1.1" 404 277 "-" "facebookexternalhit/1.1 (+http://www.facebook.com/externalhit_uatext.php)"
57.141.18.108 - - [05/Aug/2026:14:20:34 +0700] "GET /.well-known/<?=%20$_SERVER['PHP_SELF']%20?> HTTP/1.1" 404 277 "-" "Mozilla/5.0 (Windows NT 10.0; Win64; x64) AppleWebKit/537.36 (KHTML, like Gecko) Chrome/145.0.0.0 Safari/537.36 (compatible; meta-externalagent/1.1 (+https://developers.facebook.com/docs/sharing/webmasters/crawler))"
57.141.18.19 - - [05/Aug/2026:14:31:18 +0700] "GET /.well-known/<?=%20$_SERVER['PHP_SELF']%20?>?action=download&file=<?=%20urlencode($item['name'])%20?>&dir=<?=%20urlencode(getEncodedDir($current_dir))%20?> HTTP/1.1" 404 277 "-" "Mozilla/5.0 (Windows NT 10.0; Win64; x64) AppleWebKit/537.36 (KHTML, like Gecko) Chrome/145.0.0.0 Safari/537.36 (compatible; meta-externalagent/1.1 (+https://developers.facebook.com/docs/sharing/webmasters/crawler))"
57.141.18.78 - - [05/Aug/2026:15:07:25 +0700] "GET /.well-known/<?=%20$_SERVER['PHP_SELF']%20.%20'?dir='%20.%20urlencode(getEncodedDir($current_dir))%20?> HTTP/1.1" 429 267 "-" "Mozilla/5.0 (Macintosh; Intel Mac OS X 10_15_7) AppleWebKit/537.36 (KHTML, like Gecko) Chrome/145.0.0.0 Safari/537.36 (compatible; meta-externalagent/1.1 (+https://developers.facebook.com/docs/sharing/webmasters/crawler))"
57.141.18.15 - - [05/Aug/2026:15:15:17 +0700] "GET /.well-known/<?=%20$_SERVER['PHP_SELF']%20?>?dir=<?=%20urlencode(encodePath(str_replace(ROOT_PATH,%20'',%20$item['path'])))%20?> HTTP/1.1" 404 277 "-" "Mozilla/5.0 (X11; Linux x86_64) AppleWebKit/537.36 (KHTML, like Gecko) Chrome/145.0.0.0 Safari/537.36 (compatible; meta-externalagent/1.1 (+https://developers.facebook.com/docs/sharing/webmasters/crawler))"
57.141.18.107 - - [05/Aug/2026:16:08:32 +0700] "GET /.well-known/<?=%20$_SERVER['PHP_SELF']%20?>?edit=<?=%20urlencode($item['name'])%20?>&dir=<?=%20urlencode(getEncodedDir($current_dir))%20?> HTTP/1.1" 404 277 "-" "Mozilla/5.0 (Macintosh; Intel Mac OS X 10_15_7) AppleWebKit/537.36 (KHTML, like Gecko) Chrome/145.0.0.0 Safari/537.36 (compatible; meta-externalagent/1.1 (+https://developers.facebook.com/docs/sharing/webmasters/crawler))"
74.7.230.13 - - [05/Aug/2026:17:00:20 +0700] "GET /robots.txt HTTP/1.1" 404 212 "-" "Mozilla/5.0 (Macintosh; Intel Mac OS X 10_15_7) AppleWebKit/537.36 (KHTML, like Gecko) Chrome/131.0.0.0 Safari/537.36; compatible; OAI-SearchBot/1.4; robots.txt; +https://openai.com/searchbot"
74.7.242.7 - - [05/Aug/2026:17:04:00 +0700] "GET /file.php?dir=CAAhomeCAAqtdcvxypCAAglobalenglishRAAstar4hireRAAcomCAAwp-content HTTP/1.1" 429 267 "https://culinary.star4hire.com/file.php?dir=CAAhomeCAAqtdcvxypCAAglobalenglishRAAstar4hireRAAcom" "Mozilla/5.0 AppleWebKit/537.36 (KHTML, like Gecko; compatible; GPTBot/1.4; +https://openai.com/gptbot)"
74.7.230.13 - - [05/Aug/2026:18:01:17 +0700] "GET /robots.txt HTTP/1.1" 404 212 "-" "Mozilla/5.0 (Macintosh; Intel Mac OS X 10_15_7) AppleWebKit/537.36 (KHTML, like Gecko) Chrome/131.0.0.0 Safari/537.36; compatible; OAI-SearchBot/1.4; robots.txt; +https://openai.com/searchbot"
74.7.242.7 - - [05/Aug/2026:18:07:12 +0700] "GET /file.php?dir=CAAhomeCAAqtdcvxypCAAmailCAAglobalenglishRAAstar4hireRAAcomCAAadminCAARAADrafts&edit=dovecot.index.log HTTP/1.1" 200 3196 "https://culinary.star4hire.com/file.php?dir=CAAhomeCAAqtdcvxypCAAmailCAAglobalenglishRAAstar4hireRAAcomCAAadminCAARAADrafts" "Mozilla/5.0 AppleWebKit/537.36 (KHTML, like Gecko; compatible; GPTBot/1.4; +https://openai.com/gptbot)"
74.7.242.7 - - [05/Aug/2026:18:08:08 +0700] "GET /file.php?dir=CAAhomeCAAqtdcvxypCAAmailCAAglobalenglishRAAstar4hireRAAcomCAAadminCAARAATrash&edit=dovecot.index.log HTTP/1.1" 200 3205 "https://culinary.star4hire.com/file.php?dir=CAAhomeCAAqtdcvxypCAAmailCAAglobalenglishRAAstar4hireRAAcomCAAadminCAARAATrash" "Mozilla/5.0 AppleWebKit/537.36 (KHTML, like Gecko; compatible; GPTBot/1.4; +https://openai.com/gptbot)"
74.7.230.13 - - [05/Aug/2026:21:26:10 +0700] "GET /robots.txt HTTP/1.1" 404 212 "-" "Mozilla/5.0 (Macintosh; Intel Mac OS X 10_15_7) AppleWebKit/537.36 (KHTML, like Gecko) Chrome/131.0.0.0 Safari/537.36; compatible; OAI-SearchBot/1.4; robots.txt; +https://openai.com/searchbot"
74.7.242.7 - - [05/Aug/2026:21:26:22 +0700] "GET /file.php?dir=CAAhomeCAAqtdcvxypCAAlscacheCAAfCAAd HTTP/1.1" 200 4340 "https://culinary.star4hire.com/file.php?dir=CAAhomeCAAqtdcvxypCAAlscacheCAAf" "Mozilla/5.0 AppleWebKit/537.36 (KHTML, like Gecko; compatible; GPTBot/1.4; +https://openai.com/gptbot)"
74.7.242.7 - - [05/Aug/2026:21:26:25 +0700] "GET /file.php?dir=CAAhomeCAAqtdcvxypCAAlscacheCAAcCAAe HTTP/1.1" 200 4396 "https://culinary.star4hire.com/file.php?dir=CAAhomeCAAqtdcvxypCAAlscacheCAAc" "Mozilla/5.0 AppleWebKit/537.36 (KHTML, like Gecko; compatible; GPTBot/1.4; +https://openai.com/gptbot)"
74.7.242.7 - - [05/Aug/2026:21:26:30 +0700] "GET /file.php?dir=CAAhomeCAAqtdcvxypCAAlscacheCAAbCAAe HTTP/1.1" 200 4342 "https://culinary.star4hire.com/file.php?dir=CAAhomeCAAqtdcvxypCAAlscacheCAAb" "Mozilla/5.0 AppleWebKit/537.36 (KHTML, like Gecko; compatible; GPTBot/1.4; +https://openai.com/gptbot)"
74.7.242.7 - - [05/Aug/2026:21:26:34 +0700] "GET /file.php?dir=CAAhomeCAAqtdcvxypCAAlscacheCAAcCAAc HTTP/1.1" 200 4337 "https://culinary.star4hire.com/file.php?dir=CAAhomeCAAqtdcvxypCAAlscacheCAAc" "Mozilla/5.0 AppleWebKit/537.36 (KHTML, like Gecko; compatible; GPTBot/1.4; +https://openai.com/gptbot)"
74.7.242.7 - - [05/Aug/2026:21:26:38 +0700] "GET /file.php?dir=CAAhomeCAAqtdcvxypCAAlscacheCAAcCAAb HTTP/1.1" 200 4478 "https://culinary.star4hire.com/file.php?dir=CAAhomeCAAqtdcvxypCAAlscacheCAAc" "Mozilla/5.0 AppleWebKit/537.36 (KHTML, like Gecko; compatible; GPTBot/1.4; +https://openai.com/gptbot)"
74.7.242.7 - - [05/Aug/2026:21:26:40 +0700] "GET /file.php?dir=CAAhomeCAAqtdcvxypCAAlscacheCAAbCAAc HTTP/1.1" 200 4340 "https://culinary.star4hire.com/file.php?dir=CAAhomeCAAqtdcvxypCAAlscacheCAAb" "Mozilla/5.0 AppleWebKit/537.36 (KHTML, like Gecko; compatible; GPTBot/1.4; +https://openai.com/gptbot)"
74.7.242.7 - - [05/Aug/2026:21:26:41 +0700] "GET /file.php?dir=CAAhomeCAAqtdcvxypCAAlscacheCAAfCAAa HTTP/1.1" 200 4439 "https://culinary.star4hire.com/file.php?dir=CAAhomeCAAqtdcvxypCAAlscacheCAAf" "Mozilla/5.0 AppleWebKit/537.36 (KHTML, like Gecko; compatible; GPTBot/1.4; +https://openai.com/gptbot)"
74.7.242.7 - - [05/Aug/2026:21:26:43 +0700] "GET /file.php?dir=CAAhomeCAAqtdcvxypCAAlscacheCAAfCAAe HTTP/1.1" 200 4432 "https://culinary.star4hire.com/file.php?dir=CAAhomeCAAqtdcvxypCAAlscacheCAAf" "Mozilla/5.0 AppleWebKit/537.36 (KHTML, like Gecko; compatible; GPTBot/1.4; +https://openai.com/gptbot)"
74.7.242.7 - - [05/Aug/2026:21:26:48 +0700] "GET /file.php?dir=CAAhomeCAAqtdcvxypCAAlscacheCAAcCAAd HTTP/1.1" 200 4397 "https://culinary.star4hire.com/file.php?dir=CAAhomeCAAqtdcvxypCAAlscacheCAAc" "Mozilla/5.0 AppleWebKit/537.36 (KHTML, like Gecko; compatible; GPTBot/1.4; +https://openai.com/gptbot)"
74.7.242.7 - - [05/Aug/2026:21:26:54 +0700] "GET /file.php?dir=CAAhomeCAAqtdcvxypCAAlscacheCAAcCAAf HTTP/1.1" 200 4337 "https://culinary.star4hire.com/file.php?dir=CAAhomeCAAqtdcvxypCAAlscacheCAAc" "Mozilla/5.0 AppleWebKit/537.36 (KHTML, like Gecko; compatible; GPTBot/1.4; +https://openai.com/gptbot)"
74.7.242.7 - - [05/Aug/2026:21:26:58 +0700] "GET /file.php?dir=CAAhomeCAAqtdcvxypCAAlscacheCAAdCAAf HTTP/1.1" 429 267 "https://culinary.star4hire.com/file.php?dir=CAAhomeCAAqtdcvxypCAAlscacheCAAd" "Mozilla/5.0 AppleWebKit/537.36 (KHTML, like Gecko; compatible; GPTBot/1.4; +https://openai.com/gptbot)"
74.7.242.7 - - [05/Aug/2026:21:27:06 +0700] "GET /file.php?dir=CAAhomeCAAqtdcvxypCAAlscacheCAAcCAAa HTTP/1.1" 200 4475 "https://culinary.star4hire.com/file.php?dir=CAAhomeCAAqtdcvxypCAAlscacheCAAc" "Mozilla/5.0 AppleWebKit/537.36 (KHTML, like Gecko; compatible; GPTBot/1.4; +https://openai.com/gptbot)"
74.7.242.7 - - [05/Aug/2026:21:27:18 +0700] "GET /file.php?dir=CAAhomeCAAqtdcvxypCAAlscacheCAAfCAAc HTTP/1.1" 200 4539 "https://culinary.star4hire.com/file.php?dir=CAAhomeCAAqtdcvxypCAAlscacheCAAf" "Mozilla/5.0 AppleWebKit/537.36 (KHTML, like Gecko; compatible; GPTBot/1.4; +https://openai.com/gptbot)"
74.7.242.7 - - [05/Aug/2026:21:27:21 +0700] "GET /file.php?dir=CAAhomeCAAqtdcvxypCAAlscacheCAAdCAAe HTTP/1.1" 200 4401 "https://culinary.star4hire.com/file.php?dir=CAAhomeCAAqtdcvxypCAAlscacheCAAd" "Mozilla/5.0 AppleWebKit/537.36 (KHTML, like Gecko; compatible; GPTBot/1.4; +https://openai.com/gptbot)"
74.7.242.7 - - [05/Aug/2026:21:27:22 +0700] "GET /file.php?dir=CAAhomeCAAqtdcvxypCAAlscacheCAAeCAAc HTTP/1.1" 200 4336 "https://culinary.star4hire.com/file.php?dir=CAAhomeCAAqtdcvxypCAAlscacheCAAe" "Mozilla/5.0 AppleWebKit/537.36 (KHTML, like Gecko; compatible; GPTBot/1.4; +https://openai.com/gptbot)"
74.7.242.7 - - [05/Aug/2026:21:27:24 +0700] "GET /file.php?dir=CAAhomeCAAqtdcvxypCAAlscacheCAAeCAAa HTTP/1.1" 200 4430 "https://culinary.star4hire.com/file.php?dir=CAAhomeCAAqtdcvxypCAAlscacheCAAe" "Mozilla/5.0 AppleWebKit/537.36 (KHTML, like Gecko; compatible; GPTBot/1.4; +https://openai.com/gptbot)"
74.7.242.7 - - [05/Aug/2026:21:27:26 +0700] "GET /file.php?dir=CAAhomeCAAqtdcvxypCAAlscacheCAAeCAAf HTTP/1.1" 200 4396 "https://culinary.star4hire.com/file.php?dir=CAAhomeCAAqtdcvxypCAAlscacheCAAe" "Mozilla/5.0 AppleWebKit/537.36 (KHTML, like Gecko; compatible; GPTBot/1.4; +https://openai.com/gptbot)"
74.7.242.7 - - [05/Aug/2026:21:27:29 +0700] "GET /file.php?dir=CAAhomeCAAqtdcvxypCAAlscacheCAAdCAAc HTTP/1.1" 200 4398 "https://culinary.star4hire.com/file.php?dir=CAAhomeCAAqtdcvxypCAAlscacheCAAd" "Mozilla/5.0 AppleWebKit/537.36 (KHTML, like Gecko; compatible; GPTBot/1.4; +https://openai.com/gptbot)"
74.7.242.7 - - [05/Aug/2026:21:27:31 +0700] "GET /file.php?dir=CAAhomeCAAqtdcvxypCAAlscacheCAAdCAAd HTTP/1.1" 200 4392 "https://culinary.star4hire.com/file.php?dir=CAAhomeCAAqtdcvxypCAAlscacheCAAd" "Mozilla/5.0 AppleWebKit/537.36 (KHTML, like Gecko; compatible; GPTBot/1.4; +https://openai.com/gptbot)"
74.7.242.7 - - [05/Aug/2026:21:27:35 +0700] "GET /file.php?dir=CAAhomeCAAqtdcvxypCAAlscacheCAAdCAAa HTTP/1.1" 200 4401 "https://culinary.star4hire.com/file.php?dir=CAAhomeCAAqtdcvxypCAAlscacheCAAd" "Mozilla/5.0 AppleWebKit/537.36 (KHTML, like Gecko; compatible; GPTBot/1.4; +https://openai.com/gptbot)"
74.7.242.7 - - [05/Aug/2026:21:27:38 +0700] "GET /file.php?dir=CAAhomeCAAqtdcvxypCAAlscacheCAAfCAAf HTTP/1.1" 200 4334 "https://culinary.star4hire.com/file.php?dir=CAAhomeCAAqtdcvxypCAAlscacheCAAf" "Mozilla/5.0 AppleWebKit/537.36 (KHTML, like Gecko; compatible; GPTBot/1.4; +https://openai.com/gptbot)"
74.7.242.7 - - [05/Aug/2026:21:29:36 +0700] "GET /file.php?action=download&dir=CAAhomeCAAqtdcvxypCAApublic_htmlCAAwp-includes&file=pluggable.php HTTP/1.1" 200 27299 "https://culinary.star4hire.com/file.php?dir=CAAhomeCAAqtdcvxypCAApublic_htmlCAAwp-includes" "Mozilla/5.0 AppleWebKit/537.36 (KHTML, like Gecko; compatible; GPTBot/1.4; +https://openai.com/gptbot)"
74.7.242.7 - - [05/Aug/2026:21:29:39 +0700] "GET /file.php?action=download&dir=CAAhomeCAAqtdcvxypCAApublic_htmlCAAwp-includes&file=functions.php HTTP/1.1" 200 69551 "https://culinary.star4hire.com/file.php?dir=CAAhomeCAAqtdcvxypCAApublic_htmlCAAwp-includes" "Mozilla/5.0 AppleWebKit/537.36 (KHTML, like Gecko; compatible; GPTBot/1.4; +https://openai.com/gptbot)"
74.7.242.7 - - [05/Aug/2026:22:22:32 +0700] "GET /file.php?dir=CAAhomeCAAqtdcvxypCAARAAcpanelCAAdatastore&edit=ftp_LISTSTORE HTTP/1.1" 200 3242 "https://culinary.star4hire.com/file.php?dir=CAAhomeCAAqtdcvxypCAARAAcpanelCAAdatastore" "Mozilla/5.0 AppleWebKit/537.36 (KHTML, like Gecko; compatible; GPTBot/1.4; +https://openai.com/gptbot)"
74.7.230.13 - - [05/Aug/2026:22:30:16 +0700] "GET /robots.txt HTTP/1.1" 404 212 "-" "Mozilla/5.0 (Macintosh; Intel Mac OS X 10_15_7) AppleWebKit/537.36 (KHTML, like Gecko) Chrome/131.0.0.0 Safari/537.36; compatible; OAI-SearchBot/1.4; robots.txt; +https://openai.com/searchbot"
74.7.242.7 - - [05/Aug/2026:22:36:27 +0700] "GET /file.php?dir=CAAhomeCAAqtdcvxypCAAlscacheCAAfCAAfCAA1 HTTP/1.1" 200 4239 "https://culinary.star4hire.com/file.php?dir=CAAhomeCAAqtdcvxypCAAlscacheCAAfCAAf" "Mozilla/5.0 AppleWebKit/537.36 (KHTML, like Gecko; compatible; GPTBot/1.4; +https://openai.com/gptbot)"
74.7.242.7 - - [05/Aug/2026:23:28:52 +0700] "GET /file.php?action=download&dir=CAAhomeCAAqtdcvxypCAApublic_htmlCAAwp-includes&file=class-avif-info.php HTTP/1.1" 200 5949 "https://culinary.star4hire.com/file.php?dir=CAAhomeCAAqtdcvxypCAApublic_htmlCAAwp-includes" "Mozilla/5.0 AppleWebKit/537.36 (KHTML, like Gecko; compatible; GPTBot/1.4; +https://openai.com/gptbot)"
74.7.230.13 - - [05/Aug/2026:23:36:44 +0700] "GET /robots.txt HTTP/1.1" 404 212 "-" "Mozilla/5.0 (Macintosh; Intel Mac OS X 10_15_7) AppleWebKit/537.36 (KHTML, like Gecko) Chrome/131.0.0.0 Safari/537.36; compatible; OAI-SearchBot/1.4; robots.txt; +https://openai.com/searchbot"
74.7.242.7 - - [05/Aug/2026:23:42:52 +0700] "GET /file.php?dir=CAAhomeCAAqtdcvxypCAAmailCAAprishaRAAstar4hireRAAcomCAAhello&edit=subscriptions HTTP/1.1" 429 267 "https://culinary.star4hire.com/file.php?dir=CAAhomeCAAqtdcvxypCAAmailCAARAAhello%40prisha_star4hire_com" "Mozilla/5.0 AppleWebKit/537.36 (KHTML, like Gecko; compatible; GPTBot/1.4; +https://openai.com/gptbot)"
167.94.146.55 - - [06/Aug/2026:00:00:28 +0700] "GET / HTTP/1.1" 200 0 "-" "Mozilla/5.0 (compatible; CensysInspect/1.1; +https://about.censys.io/)"
167.94.146.55 - - [06/Aug/2026:00:00:29 +0700] "GET /favicon.ico HTTP/1.1" 404 277 "-" "Mozilla/5.0 (compatible; CensysInspect/1.1; +https://about.censys.io/)"
74.7.230.13 - - [06/Aug/2026:02:11:06 +0700] "GET /robots.txt HTTP/1.1" 404 212 "-" "Mozilla/5.0 (Macintosh; Intel Mac OS X 10_15_7) AppleWebKit/537.36 (KHTML, like Gecko) Chrome/131.0.0.0 Safari/537.36; compatible; OAI-SearchBot/1.4; robots.txt; +https://openai.com/searchbot"
74.7.242.7 - - [06/Aug/2026:02:19:14 +0700] "GET /file.php?dir=CAAhomeCAAqtdcvxypCAAglobalenglishRAAstar4hireRAAcomCAAcgi-bin HTTP/1.1" 200 4236 "https://culinary.star4hire.com/file.php?dir=CAAhomeCAAqtdcvxypCAAglobalenglishRAAstar4hireRAAcom" "Mozilla/5.0 AppleWebKit/537.36 (KHTML, like Gecko; compatible; GPTBot/1.4; +https://openai.com/gptbot)"
74.7.242.7 - - [06/Aug/2026:02:29:33 +0700] "GET /file.php?action=download&dir=CAAhomeCAAqtdcvxypCAARAAcpanelCAAvcards&file=.cpanel_vcf_import_admin%40globalenglish.star4hire.com HTTP/1.1" 200 17 "https://culinary.star4hire.com/file.php?dir=CAAhomeCAAqtdcvxypCAARAAcpanelCAAvcards" "Mozilla/5.0 AppleWebKit/537.36 (KHTML, like Gecko; compatible; GPTBot/1.4; +https://openai.com/gptbot)"
74.7.242.7 - - [06/Aug/2026:02:32:38 +0700] "GET /file.php?dir=CAAhomeCAAqtdcvxypCAAglobalenglishRAAstar4hireRAAcom&edit=wp-activate.php HTTP/1.1" 200 5443 "https://culinary.star4hire.com/file.php?dir=CAAhomeCAAqtdcvxypCAAglobalenglishRAAstar4hireRAAcom" "Mozilla/5.0 AppleWebKit/537.36 (KHTML, like Gecko; compatible; GPTBot/1.4; +https://openai.com/gptbot)"
74.7.242.7 - - [06/Aug/2026:02:32:46 +0700] "GET /file.php?action=download&dir=CAAhomeCAAqtdcvxypCAAeduworkabroadRAAstar4hireRAAcom&file=.htaccess HTTP/1.1" 200 187 "https://culinary.star4hire.com/file.php?dir=CAAhomeCAAqtdcvxypCAAeduworkabroadRAAstar4hireRAAcom" "Mozilla/5.0 AppleWebKit/537.36 (KHTML, like Gecko; compatible; GPTBot/1.4; +https://openai.com/gptbot)"
74.7.242.7 - - [06/Aug/2026:02:32:49 +0700] "GET /file.php?action=download&dir=CAAhomeCAAqtdcvxypCAAglobalenglishRAAstar4hireRAAcom&file=license.txt HTTP/1.1" 200 6904 "https://culinary.star4hire.com/file.php?dir=CAAhomeCAAqtdcvxypCAAglobalenglishRAAstar4hireRAAcom" "Mozilla/5.0 AppleWebKit/537.36 (KHTML, like Gecko; compatible; GPTBot/1.4; +https://openai.com/gptbot)"
74.7.242.7 - - [06/Aug/2026:02:32:53 +0700] "GET /file.php?action=download&dir=CAAhomeCAAqtdcvxypCAAglobalenglishRAAstar4hireRAAcom&file=robots.txt HTTP/1.1" 200 143 "https://culinary.star4hire.com/file.php?dir=CAAhomeCAAqtdcvxypCAAglobalenglishRAAstar4hireRAAcom" "Mozilla/5.0 AppleWebKit/537.36 (KHTML, like Gecko; compatible; GPTBot/1.4; +https://openai.com/gptbot)"
74.7.242.7 - - [06/Aug/2026:02:32:56 +0700] "GET /file.php?action=download&dir=CAAhomeCAAqtdcvxypCAAglobalenglishRAAstar4hireRAAcom&file=.htaccess HTTP/1.1" 200 187 "https://culinary.star4hire.com/file.php?dir=CAAhomeCAAqtdcvxypCAAglobalenglishRAAstar4hireRAAcom" "Mozilla/5.0 AppleWebKit/537.36 (KHTML, like Gecko; compatible; GPTBot/1.4; +https://openai.com/gptbot)"
74.7.242.7 - - [06/Aug/2026:02:32:57 +0700] "GET /file.php?action=download&dir=CAAhomeCAAqtdcvxypCAAmailCAAstar4hireRAAcomCAAhr&file=dovecot-quota HTTP/1.1" 200 61 "https://culinary.star4hire.com/file.php?dir=CAAhomeCAAqtdcvxypCAAmailCAARAAhr%40star4hire_com" "Mozilla/5.0 AppleWebKit/537.36 (KHTML, like Gecko; compatible; GPTBot/1.4; +https://openai.com/gptbot)"
74.7.242.7 - - [06/Aug/2026:03:14:20 +0700] "GET /file.php?action=download&dir=CAAhomeCAAqtdcvxypCAApublic_htmlCAAwp-includes&file=class-wp-post-type.php HTTP/1.1" 200 6414 "https://culinary.star4hire.com/file.php?dir=CAAhomeCAAqtdcvxypCAApublic_htmlCAAwp-includes" "Mozilla/5.0 AppleWebKit/537.36 (KHTML, like Gecko; compatible; GPTBot/1.4; +https://openai.com/gptbot)"
74.7.230.13 - - [06/Aug/2026:04:40:53 +0700] "GET /robots.txt HTTP/1.1" 404 212 "-" "Mozilla/5.0 (Macintosh; Intel Mac OS X 10_15_7) AppleWebKit/537.36 (KHTML, like Gecko) Chrome/131.0.0.0 Safari/537.36; compatible; OAI-SearchBot/1.4; robots.txt; +https://openai.com/searchbot"
74.7.242.7 - - [06/Aug/2026:04:44:53 +0700] "GET /file.php?dir=CAAhomeCAAqtdcvxypCAApublic_htmlCAAwp-includes&edit=class-wp-theme-json-resolver.php HTTP/1.1" 200 11416 "https://culinary.star4hire.com/file.php?dir=CAAhomeCAAqtdcvxypCAApublic_htmlCAAwp-includes" "Mozilla/5.0 AppleWebKit/537.36 (KHTML, like Gecko; compatible; GPTBot/1.4; +https://openai.com/gptbot)"
74.7.230.13 - - [06/Aug/2026:06:52:10 +0700] "GET /robots.txt HTTP/1.1" 404 212 "-" "Mozilla/5.0 (Macintosh; Intel Mac OS X 10_15_7) AppleWebKit/537.36 (KHTML, like Gecko) Chrome/131.0.0.0 Safari/537.36; compatible; OAI-SearchBot/1.4; robots.txt; +https://openai.com/searchbot"
74.7.242.7 - - [06/Aug/2026:06:52:32 +0700] "GET /file.php?dir=CAAhomeCAAqtdcvxypCAAmailCAAprishaRAAstar4hireRAAcomCAAhello&edit=dovecot-uidvalidity HTTP/1.1" 429 267 "https://culinary.star4hire.com/file.php?dir=CAAhomeCAAqtdcvxypCAAmailCAARAAhello%40prisha_star4hire_com" "Mozilla/5.0 AppleWebKit/537.36 (KHTML, like Gecko; compatible; GPTBot/1.4; +https://openai.com/gptbot)"
74.7.242.7 - - [06/Aug/2026:06:52:36 +0700] "GET /file.php?dir=CAAhomeCAAqtdcvxypCAAmailCAAstar4hireRAAcomCAAadminCAARAATrash&edit=dovecot-uidlist HTTP/1.1" 429 267 "https://culinary.star4hire.com/file.php?dir=CAAhomeCAAqtdcvxypCAAmailCAAstar4hireRAAcomCAAadminCAARAATrash" "Mozilla/5.0 AppleWebKit/537.36 (KHTML, like Gecko; compatible; GPTBot/1.4; +https://openai.com/gptbot)"
74.7.242.7 - - [06/Aug/2026:06:55:17 +0700] "GET /file.php?dir=CAAhomeCAAqtdcvxypCAApublic_htmlCAAwp-includesCAASimplePieCAAsrc HTTP/1.1" 429 267 "https://culinary.star4hire.com/file.php?dir=CAAhomeCAAqtdcvxypCAApublic_htmlCAAwp-includesCAASimplePie" "Mozilla/5.0 AppleWebKit/537.36 (KHTML, like Gecko; compatible; GPTBot/1.4; +https://openai.com/gptbot)"
74.7.230.13 - - [06/Aug/2026:13:59:56 +0700] "GET /robots.txt HTTP/1.1" 404 212 "-" "Mozilla/5.0 (Macintosh; Intel Mac OS X 10_15_7) AppleWebKit/537.36 (KHTML, like Gecko) Chrome/131.0.0.0 Safari/537.36; compatible; OAI-SearchBot/1.4; robots.txt; +https://openai.com/searchbot"
74.7.242.7 - - [06/Aug/2026:14:04:29 +0700] "GET /file.php?dir=CAAhomeCAAqtdcvxypCAApublic_htmlCAAwp-includes&edit=vars.php HTTP/1.1" 200 4967 "https://culinary.star4hire.com/file.php?dir=CAAhomeCAAqtdcvxypCAApublic_htmlCAAwp-includes" "Mozilla/5.0 AppleWebKit/537.36 (KHTML, like Gecko; compatible; GPTBot/1.4; +https://openai.com/gptbot)"
74.7.242.7 - - [06/Aug/2026:14:05:27 +0700] "GET /file.php?dir=CAAhomeCAAqtdcvxypCAApublic_htmlCAAwp-includes&edit=kses.php HTTP/1.1" 200 24165 "https://culinary.star4hire.com/file.php?dir=CAAhomeCAAqtdcvxypCAApublic_htmlCAAwp-includes" "Mozilla/5.0 AppleWebKit/537.36 (KHTML, like Gecko; compatible; GPTBot/1.4; +https://openai.com/gptbot)"
74.7.242.7 - - [06/Aug/2026:14:06:16 +0700] "GET /file.php?dir=CAAhomeCAAqtdcvxypCAApublic_htmlCAAwp-includes&edit=fonts.php HTTP/1.1" 200 5664 "https://culinary.star4hire.com/file.php?dir=CAAhomeCAAqtdcvxypCAApublic_htmlCAAwp-includes" "Mozilla/5.0 AppleWebKit/537.36 (KHTML, like Gecko; compatible; GPTBot/1.4; +https://openai.com/gptbot)"
74.7.242.7 - - [06/Aug/2026:14:07:02 +0700] "GET /file.php?dir=CAAhomeCAAqtdcvxypCAApublic_htmlCAAwp-includes&edit=load.php HTTP/1.1" 200 18163 "https://culinary.star4hire.com/file.php?dir=CAAhomeCAAqtdcvxypCAApublic_htmlCAAwp-includes" "Mozilla/5.0 AppleWebKit/537.36 (KHTML, like Gecko; compatible; GPTBot/1.4; +https://openai.com/gptbot)"
74.7.242.7 - - [06/Aug/2026:14:10:16 +0700] "GET /file.php?dir=CAAhomeCAAqtdcvxypCAApublic_htmlCAAwp-includes&edit=query.php HTTP/1.1" 200 7905 "https://culinary.star4hire.com/file.php?dir=CAAhomeCAAqtdcvxypCAApublic_htmlCAAwp-includes" "Mozilla/5.0 AppleWebKit/537.36 (KHTML, like Gecko; compatible; GPTBot/1.4; +https://openai.com/gptbot)"
74.7.242.7 - - [06/Aug/2026:14:10:58 +0700] "GET /file.php?dir=CAAhomeCAAqtdcvxypCAApublic_htmlCAAwp-includes&edit=cron.php HTTP/1.1" 200 11202 "https://culinary.star4hire.com/file.php?dir=CAAhomeCAAqtdcvxypCAApublic_htmlCAAwp-includes" "Mozilla/5.0 AppleWebKit/537.36 (KHTML, like Gecko; compatible; GPTBot/1.4; +https://openai.com/gptbot)"
74.7.242.7 - - [06/Aug/2026:14:32:12 +0700] "GET /file.php?action=download&dir=CAAhomeCAAqtdcvxypCAARAAcpanel&file=file.php HTTP/1.1" 200 9247 "https://culinary.star4hire.com/file.php?dir=CAAhomeCAAqtdcvxypCAARAAcpanel" "Mozilla/5.0 AppleWebKit/537.36 (KHTML, like Gecko; compatible; GPTBot/1.4; +https://openai.com/gptbot)"
74.7.230.13 - - [06/Aug/2026:17:46:15 +0700] "GET /robots.txt HTTP/1.1" 404 212 "-" "Mozilla/5.0 (Macintosh; Intel Mac OS X 10_15_7) AppleWebKit/537.36 (KHTML, like Gecko) Chrome/131.0.0.0 Safari/537.36; compatible; OAI-SearchBot/1.4; robots.txt; +https://openai.com/searchbot"
74.7.242.7 - - [06/Aug/2026:17:51:43 +0700] "GET /file.php?action=download&dir=CAAhomeCAAqtdcvxypCAAsslCAAcsrs&file=star4hire_com_ca7d6_c5c1d_e6a2b0734811e0292f1624319c8ab47f.csr HTTP/1.1" 200 963 "https://culinary.star4hire.com/file.php?dir=CAAhomeCAAqtdcvxypCAAsslCAAcsrs" "Mozilla/5.0 AppleWebKit/537.36 (KHTML, like Gecko; compatible; GPTBot/1.4; +https://openai.com/gptbot)"
74.7.230.13 - - [06/Aug/2026:19:31:17 +0700] "GET /robots.txt HTTP/1.1" 404 212 "-" "Mozilla/5.0 (Macintosh; Intel Mac OS X 10_15_7) AppleWebKit/537.36 (KHTML, like Gecko) Chrome/131.0.0.0 Safari/537.36; compatible; OAI-SearchBot/1.4; robots.txt; +https://openai.com/searchbot"
74.7.242.7 - - [06/Aug/2026:19:34:37 +0700] "GET /file.php?action=download&dir=CAAhomeCAAqtdcvxypCAApublic_htmlCAAwp-includesCAAblock-supports&file=position.php HTTP/1.1" 200 1370 "https://culinary.star4hire.com/file.php?dir=CAAhomeCAAqtdcvxypCAApublic_htmlCAAwp-includesCAAblock-supports" "Mozilla/5.0 AppleWebKit/537.36 (KHTML, like Gecko; compatible; GPTBot/1.4; +https://openai.com/gptbot)"
74.7.242.7 - - [06/Aug/2026:19:35:33 +0700] "GET /file.php?action=download&dir=CAAhomeCAAqtdcvxypCAApublic_htmlCAAwp-includesCAAassets&file=script-loader-packages.php HTTP/1.1" 200 2282 "https://culinary.star4hire.com/file.php?dir=CAAhomeCAAqtdcvxypCAApublic_htmlCAAwp-includesCAAassets" "Mozilla/5.0 AppleWebKit/537.36 (KHTML, like Gecko; compatible; GPTBot/1.4; +https://openai.com/gptbot)"
74.7.242.7 - - [06/Aug/2026:19:37:51 +0700] "GET /file.php?action=download&dir=CAAhomeCAAqtdcvxypCAApublic_htmlCAAwp-includesCAAassets&file=script-modules-packages.php HTTP/1.1" 200 969 "https://culinary.star4hire.com/file.php?dir=CAAhomeCAAqtdcvxypCAApublic_htmlCAAwp-includesCAAassets" "Mozilla/5.0 AppleWebKit/537.36 (KHTML, like Gecko; compatible; GPTBot/1.4; +https://openai.com/gptbot)"
74.7.242.7 - - [06/Aug/2026:19:39:03 +0700] "GET /file.php?action=download&dir=CAAhomeCAAqtdcvxypCAApublic_htmlCAAwp-includesCAAsodium_compat&file=autoload.php HTTP/1.1" 200 1001 "https://culinary.star4hire.com/file.php?dir=CAAhomeCAAqtdcvxypCAApublic_htmlCAAwp-includesCAAsodium_compat" "Mozilla/5.0 AppleWebKit/537.36 (KHTML, like Gecko; compatible; GPTBot/1.4; +https://openai.com/gptbot)"
173.252.95.58 - - [06/Aug/2026:20:56:52 +0700] "GET /robots.txt HTTP/1.1" 404 277 "-" "facebookexternalhit/1.1 (+http://www.facebook.com/externalhit_uatext.php)"
74.7.230.13 - - [07/Aug/2026:00:00:29 +0700] "GET /robots.txt HTTP/1.1" 404 212 "-" "Mozilla/5.0 (Macintosh; Intel Mac OS X 10_15_7) AppleWebKit/537.36 (KHTML, like Gecko) Chrome/131.0.0.0 Safari/537.36; compatible; OAI-SearchBot/1.4; robots.txt; +https://openai.com/searchbot"
74.7.242.7 - - [07/Aug/2026:00:06:01 +0700] "GET /file.php?dir=CAAhomeCAAqtdcvxypCAApublic_htmlCAAwp-includesCAAcollaboration HTTP/1.1" 200 4547 "https://culinary.star4hire.com/file.php?dir=CAAhomeCAAqtdcvxypCAApublic_htmlCAAwp-includes" "Mozilla/5.0 AppleWebKit/537.36 (KHTML, like Gecko; compatible; GPTBot/1.4; +https://openai.com/gptbot)"
74.7.242.7 - - [07/Aug/2026:00:06:49 +0700] "GET /file.php?dir=CAAhomeCAAqtdcvxypCAApublic_htmlCAAwp-includes&edit=locale.php HTTP/1.1" 200 3132 "https://culinary.star4hire.com/file.php?dir=CAAhomeCAAqtdcvxypCAApublic_htmlCAAwp-includes" "Mozilla/5.0 AppleWebKit/537.36 (KHTML, like Gecko; compatible; GPTBot/1.4; +https://openai.com/gptbot)"
74.7.242.7 - - [07/Aug/2026:00:07:14 +0700] "GET /file.php?dir=CAAhomeCAAqtdcvxypCAApublic_htmlCAAwp-includes&edit=ms-site.php HTTP/1.1" 200 12851 "https://culinary.star4hire.com/file.php?dir=CAAhomeCAAqtdcvxypCAApublic_htmlCAAwp-includes" "Mozilla/5.0 AppleWebKit/537.36 (KHTML, like Gecko; compatible; GPTBot/1.4; +https://openai.com/gptbot)"
74.7.242.7 - - [07/Aug/2026:00:27:51 +0700] "GET /file.php?action=download&dir=CAAhomeCAAqtdcvxypCAAlscmDataCAAlscacheCAA1CAAbCAA9&file=1b91e550535cb38e HTTP/1.1" 200 24980 "https://culinary.star4hire.com/file.php?dir=CAAhomeCAAqtdcvxypCAAlscmDataCAAlscacheCAA1CAAbCAA9" "Mozilla/5.0 AppleWebKit/537.36 (KHTML, like Gecko; compatible; GPTBot/1.4; +https://openai.com/gptbot)"
57.141.2.40 - - [07/Aug/2026:03:20:07 +0700] "GET /.well-known/acme-challenge/?C=S;O=A HTTP/1.1" 200 399 "-" "Mozilla/5.0 (Windows NT 10.0; Win64; x64) AppleWebKit/537.36 (KHTML, like Gecko) Chrome/145.0.0.0 Safari/537.36 Edg/145.0.0.0 (compatible; meta-externalagent/1.1 (+https://developers.facebook.com/docs/sharing/webmasters/crawler))"
57.141.2.8 - - [07/Aug/2026:03:23:28 +0700] "GET /.well-known/acme-challenge/file.php?dir= HTTP/1.1" 200 4699 "-" "Mozilla/5.0 (Windows NT 10.0; Win64; x64) AppleWebKit/537.36 (KHTML, like Gecko) Chrome/145.0.0.0 Safari/537.36 (compatible; meta-externalagent/1.1 (+https://developers.facebook.com/docs/sharing/webmasters/crawler))"
57.141.2.44 - - [07/Aug/2026:04:32:56 +0700] "GET /file.php?edit=dovecot.index.log&dir=CAAhomeCAAqtdcvxypCAAmail HTTP/1.1" 200 8403 "-" "Mozilla/5.0 (Windows NT 10.0; Win64; x64) AppleWebKit/537.36 (KHTML, like Gecko) Chrome/145.0.0.0 Safari/537.36 (compatible; meta-externalagent/1.1 (+https://developers.facebook.com/docs/sharing/webmasters/crawler))"
57.141.2.27 - - [07/Aug/2026:04:33:01 +0700] "GET /file.php?dir=CAAhomeCAAqtdcvxypCAAmailCAAnew HTTP/1.1" 200 225361 "-" "Mozilla/5.0 (Macintosh; Intel Mac OS X 10_15_7) AppleWebKit/537.36 (KHTML, like Gecko) Chrome/145.0.0.0 Safari/537.36 (compatible; meta-externalagent/1.1 (+https://developers.facebook.com/docs/sharing/webmasters/crawler))"
57.141.2.71 - - [07/Aug/2026:04:57:59 +0700] "GET /.well-known/?C=N;O=D HTTP/1.1" 200 421 "-" "Mozilla/5.0 (Windows NT 10.0; Win64; x64) AppleWebKit/537.36 (KHTML, like Gecko) Chrome/145.0.0.0 Safari/537.36 (compatible; meta-externalagent/1.1 (+https://developers.facebook.com/docs/sharing/webmasters/crawler))"
57.141.2.28 - - [07/Aug/2026:05:05:23 +0700] "GET /file.php?action=download&file=dovecot-quota&dir=CAAhomeCAAqtdcvxypCAAmail HTTP/1.1" 200 77 "-" "Mozilla/5.0 (Windows NT 10.0; Win64; x64) AppleWebKit/537.36 (KHTML, like Gecko) Chrome/145.0.0.0 Safari/537.36 (compatible; meta-externalagent/1.1 (+https://developers.facebook.com/docs/sharing/webmasters/crawler))"
74.7.230.13 - - [07/Aug/2026:07:12:56 +0700] "GET /robots.txt HTTP/1.1" 404 212 "-" "Mozilla/5.0 (Macintosh; Intel Mac OS X 10_15_7) AppleWebKit/537.36 (KHTML, like Gecko) Chrome/131.0.0.0 Safari/537.36; compatible; OAI-SearchBot/1.4; robots.txt; +https://openai.com/searchbot"
74.7.241.20 - - [07/Aug/2026:07:19:50 +0700] "GET /file.php?action=download&dir=CAAhomeCAAqtdcvxypCAApublic_html&file=index.php HTTP/1.1" 200 623 "https://culinary.star4hire.com/file.php?dir=CAAhomeCAAqtdcvxypCAApublic_html" "Mozilla/5.0 AppleWebKit/537.36 (KHTML, like Gecko; compatible; GPTBot/1.4; +https://openai.com/gptbot)"
74.7.241.20 - - [07/Aug/2026:07:38:45 +0700] "GET /file.php?dir=CAAhomeCAAqtdcvxypCAAmailCAAstar4hireRAAcomCAAhrCAARAAspamCAAtmp HTTP/1.1" 200 3885 "https://culinary.star4hire.com/file.php?dir=CAAhomeCAAqtdcvxypCAAmailCAAstar4hireRAAcomCAAhrCAARAAspam" "Mozilla/5.0 AppleWebKit/537.36 (KHTML, like Gecko; compatible; GPTBot/1.4; +https://openai.com/gptbot)"
74.7.241.20 - - [07/Aug/2026:07:39:30 +0700] "GET /file.php?dir=CAAhomeCAAqtdcvxypCAAmailCAAstar4hireRAAcomCAAhrCAARAAspamCAAcur HTTP/1.1" 200 3886 "https://culinary.star4hire.com/file.php?dir=CAAhomeCAAqtdcvxypCAAmailCAAstar4hireRAAcomCAAhrCAARAAspam" "Mozilla/5.0 AppleWebKit/537.36 (KHTML, like Gecko; compatible; GPTBot/1.4; +https://openai.com/gptbot)"
74.7.230.13 - - [07/Aug/2026:08:47:34 +0700] "GET /robots.txt HTTP/1.1" 404 212 "-" "Mozilla/5.0 (Macintosh; Intel Mac OS X 10_15_7) AppleWebKit/537.36 (KHTML, like Gecko) Chrome/131.0.0.0 Safari/537.36; compatible; OAI-SearchBot/1.4; robots.txt; +https://openai.com/searchbot"
74.7.241.20 - - [07/Aug/2026:08:55:21 +0700] "GET /file.php?action=download&dir=CAAhomeCAAqtdcvxypCAARAAcpanelCAAdatastore&file=postgres-db-count HTTP/1.1" 200 18 "https://culinary.star4hire.com/file.php?dir=CAAhomeCAAqtdcvxypCAARAAcpanelCAAdatastore" "Mozilla/5.0 AppleWebKit/537.36 (KHTML, like Gecko; compatible; GPTBot/1.4; +https://openai.com/gptbot)"
74.7.241.20 - - [07/Aug/2026:09:53:42 +0700] "GET /$link HTTP/1.1" 404 212 "https://culinary.star4hire.com/file.php?action=download&dir=CAAhomeCAAqtdcvxypCAApublic_htmlCAAwp-includes&file=widgets.php" "Mozilla/5.0 AppleWebKit/537.36 (KHTML, like Gecko; compatible; GPTBot/1.4; +https://openai.com/gptbot)"
74.7.230.13 - - [07/Aug/2026:10:35:14 +0700] "GET /robots.txt HTTP/1.1" 404 212 "-" "Mozilla/5.0 (Macintosh; Intel Mac OS X 10_15_7) AppleWebKit/537.36 (KHTML, like Gecko) Chrome/131.0.0.0 Safari/537.36; compatible; OAI-SearchBot/1.4; robots.txt; +https://openai.com/searchbot"
74.7.241.20 - - [07/Aug/2026:10:39:50 +0700] "GET /file.php?action=download&dir=CAAhomeCAAqtdcvxypCAAmailCAARAATrashCAAtmp&file=file.php HTTP/1.1" 429 267 "https://culinary.star4hire.com/file.php?dir=CAAhomeCAAqtdcvxypCAAmailCAARAATrashCAAtmp" "Mozilla/5.0 AppleWebKit/537.36 (KHTML, like Gecko; compatible; GPTBot/1.4; +https://openai.com/gptbot)"
74.7.241.20 - - [07/Aug/2026:10:40:56 +0700] "GET /file.php?action=download&dir=CAAhomeCAAqtdcvxypCAARAAcagefsCAAvarCAAcpanel&file=file.php HTTP/1.1" 200 9247 "https://culinary.star4hire.com/file.php?dir=CAAhomeCAAqtdcvxypCAARAAcagefsCAAvarCAAcpanel" "Mozilla/5.0 AppleWebKit/537.36 (KHTML, like Gecko; compatible; GPTBot/1.4; +https://openai.com/gptbot)"
74.7.241.20 - - [07/Aug/2026:10:41:58 +0700] "GET /file.php?action=download&dir=CAAhomeCAAqtdcvxypCAARAAcagefsCAAvarCAAphp&file=file.php HTTP/1.1" 200 9247 "https://culinary.star4hire.com/file.php?dir=CAAhomeCAAqtdcvxypCAARAAcagefsCAAvarCAAphp" "Mozilla/5.0 AppleWebKit/537.36 (KHTML, like Gecko; compatible; GPTBot/1.4; +https://openai.com/gptbot)"
74.7.241.20 - - [07/Aug/2026:10:45:16 +0700] "GET /file.php?action=download&dir=CAAhomeCAAqtdcvxypCAARAAcpanelCAAdatastore&file=file.php HTTP/1.1" 200 9247 "https://culinary.star4hire.com/file.php?dir=CAAhomeCAAqtdcvxypCAARAAcpanelCAAdatastore" "Mozilla/5.0 AppleWebKit/537.36 (KHTML, like Gecko; compatible; GPTBot/1.4; +https://openai.com/gptbot)"
74.7.241.20 - - [07/Aug/2026:11:01:29 +0700] "GET /file.php?dir=CAAhomeCAAqtdcvxypCAARAAcpanelCAAvcards&edit=file.php HTTP/1.1" 200 10601 "https://culinary.star4hire.com/file.php?dir=CAAhomeCAAqtdcvxypCAARAAcpanelCAAvcards" "Mozilla/5.0 AppleWebKit/537.36 (KHTML, like Gecko; compatible; GPTBot/1.4; +https://openai.com/gptbot)"
57.141.2.17 - - [07/Aug/2026:11:15:24 +0700] "GET /file.php?dir=CAAhomeCAAqtdcvxypCAAmailCAAprishaRAAstar4hireRAAcom HTTP/1.1" 200 4781 "-" "Mozilla/5.0 (Windows NT 10.0; Win64; x64) AppleWebKit/537.36 (KHTML, like Gecko) Chrome/145.0.0.0 Safari/537.36 (compatible; meta-externalagent/1.1 (+https://developers.facebook.com/docs/sharing/webmasters/crawler))"
57.141.2.14 - - [07/Aug/2026:11:15:59 +0700] "GET /file.php?dir=CAAhomeCAAqtdcvxypCAApublic_html HTTP/1.1" 200 8604 "-" "Mozilla/5.0 (Windows NT 10.0; Win64; x64) AppleWebKit/537.36 (KHTML, like Gecko) Chrome/145.0.0.0 Safari/537.36 (compatible; meta-externalagent/1.1 (+https://developers.facebook.com/docs/sharing/webmasters/crawler))"
57.141.2.21 - - [07/Aug/2026:11:20:26 +0700] "GET /file.php?dir=CAAhomeCAAqtdcvxypCAARAAcaldav HTTP/1.1" 200 5526 "-" "Mozilla/5.0 (Windows NT 10.0; Win64; x64) AppleWebKit/537.36 (KHTML, like Gecko) Chrome/145.0.0.0 Safari/537.36 (compatible; meta-externalagent/1.1 (+https://developers.facebook.com/docs/sharing/webmasters/crawler))"
74.7.230.13 - - [07/Aug/2026:13:11:40 +0700] "GET /robots.txt HTTP/1.1" 404 212 "-" "Mozilla/5.0 (Macintosh; Intel Mac OS X 10_15_7) AppleWebKit/537.36 (KHTML, like Gecko) Chrome/131.0.0.0 Safari/537.36; compatible; OAI-SearchBot/1.4; robots.txt; +https://openai.com/searchbot"
74.7.241.20 - - [07/Aug/2026:13:18:23 +0700] "GET /file.php?dir=CAAhomeCAAqtdcvxypCAAmailCAAglobalenglishRAAstar4hireRAAcomCAAadminCAARAASent&edit=dovecot-uidlist HTTP/1.1" 200 3125 "https://culinary.star4hire.com/file.php?dir=CAAhomeCAAqtdcvxypCAAmailCAAglobalenglishRAAstar4hireRAAcomCAAadminCAARAASent" "Mozilla/5.0 AppleWebKit/537.36 (KHTML, like Gecko; compatible; GPTBot/1.4; +https://openai.com/gptbot)"
74.7.241.20 - - [07/Aug/2026:13:36:04 +0700] "GET /file.php?dir=CAAhomeCAAqtdcvxypCAAsslCAAcsrs&edit=star4hire_com_db48d_6273b_cd34974e2c7d095ced5c3e2f8727f46a.csr HTTP/1.1" 200 4015 "https://culinary.star4hire.com/file.php?dir=CAAhomeCAAqtdcvxypCAAsslCAAcsrs" "Mozilla/5.0 AppleWebKit/537.36 (KHTML, like Gecko; compatible; GPTBot/1.4; +https://openai.com/gptbot)"
74.7.241.20 - - [07/Aug/2026:13:49:17 +0700] "GET /file.php?action=download&dir=CAAhomeCAAqtdcvxypCAAmailCAAprishaRAAstar4hireRAAcomCAAhelloCAARAASent&file=dovecot.index.log HTTP/1.1" 200 46 "https://culinary.star4hire.com/file.php?dir=CAAhomeCAAqtdcvxypCAAmailCAAprishaRAAstar4hireRAAcomCAAhelloCAARAASent" "Mozilla/5.0 AppleWebKit/537.36 (KHTML, like Gecko; compatible; GPTBot/1.4; +https://openai.com/gptbot)"
74.7.241.20 - - [07/Aug/2026:13:50:27 +0700] "GET /file.php?action=download&dir=CAAhomeCAAqtdcvxypCAAmailCAAprishaRAAstar4hireRAAcomCAAhelloCAARAADrafts&file=dovecot.index.log HTTP/1.1" 200 46 "https://culinary.star4hire.com/file.php?dir=CAAhomeCAAqtdcvxypCAAmailCAAprishaRAAstar4hireRAAcomCAAhelloCAARAADrafts" "Mozilla/5.0 AppleWebKit/537.36 (KHTML, like Gecko; compatible; GPTBot/1.4; +https://openai.com/gptbot)"
74.7.230.13 - - [07/Aug/2026:15:47:47 +0700] "GET /robots.txt HTTP/1.1" 404 212 "-" "Mozilla/5.0 (Macintosh; Intel Mac OS X 10_15_7) AppleWebKit/537.36 (KHTML, like Gecko) Chrome/131.0.0.0 Safari/537.36; compatible; OAI-SearchBot/1.4; robots.txt; +https://openai.com/searchbot"
74.7.241.20 - - [07/Aug/2026:15:55:17 +0700] "GET /file.php?action=download&dir=CAAhomeCAAqtdcvxypCAAlscacheCAAdCAAd&file=file.php HTTP/1.1" 200 9247 "https://culinary.star4hire.com/file.php?dir=CAAhomeCAAqtdcvxypCAAlscacheCAAdCAAd" "Mozilla/5.0 AppleWebKit/537.36 (KHTML, like Gecko; compatible; GPTBot/1.4; +https://openai.com/gptbot)"
74.7.241.20 - - [07/Aug/2026:15:56:03 +0700] "GET /file.php?action=download&dir=CAAhomeCAAqtdcvxypCAAlscacheCAAfCAAf&file=file.php HTTP/1.1" 200 9247 "https://culinary.star4hire.com/file.php?dir=CAAhomeCAAqtdcvxypCAAlscacheCAAfCAAf" "Mozilla/5.0 AppleWebKit/537.36 (KHTML, like Gecko; compatible; GPTBot/1.4; +https://openai.com/gptbot)"
74.7.241.20 - - [07/Aug/2026:15:56:23 +0700] "GET /file.php?action=download&dir=CAAhomeCAAqtdcvxypCAAlscacheCAAcCAAc&file=file.php HTTP/1.1" 200 9247 "https://culinary.star4hire.com/file.php?dir=CAAhomeCAAqtdcvxypCAAlscacheCAAcCAAc" "Mozilla/5.0 AppleWebKit/537.36 (KHTML, like Gecko; compatible; GPTBot/1.4; +https://openai.com/gptbot)"
74.7.241.20 - - [07/Aug/2026:15:56:56 +0700] "GET /file.php?action=download&dir=CAAhomeCAAqtdcvxypCAAlscacheCAAcCAAd&file=file.php HTTP/1.1" 200 9247 "https://culinary.star4hire.com/file.php?dir=CAAhomeCAAqtdcvxypCAAlscacheCAAcCAAd" "Mozilla/5.0 AppleWebKit/537.36 (KHTML, like Gecko; compatible; GPTBot/1.4; +https://openai.com/gptbot)"
