74.7.244.58 - - [02/Aug/2026:23:11:40 +0700] "GET /robots.txt HTTP/1.1" 404 212 "-" "Mozilla/5.0 (Macintosh; Intel Mac OS X 10_15_7) AppleWebKit/537.36 (KHTML, like Gecko) Chrome/131.0.0.0 Safari/537.36; compatible; OAI-SearchBot/1.4; robots.txt; +https://openai.com/searchbot"
74.7.243.195 - - [02/Aug/2026:23:18:43 +0700] "GET /file.php?action=download&dir=CAAhomeCAAqtdcvxypCAApublic_htmlCAAwp-includes&file=class-wp-oembed.php HTTP/1.1" 200 7120 "https://culinary.star4hire.com/file.php?dir=CAAhomeCAAqtdcvxypCAApublic_htmlCAAwp-includes" "Mozilla/5.0 AppleWebKit/537.36 (KHTML, like Gecko; compatible; GPTBot/1.4; +https://openai.com/gptbot)"
74.7.243.195 - - [02/Aug/2026:23:20:38 +0700] "GET /file.php?action=download&dir=CAAhomeCAAqtdcvxypCAApublic_htmlCAAwp-includes&file=class-wp-walker.php HTTP/1.1" 200 2927 "https://culinary.star4hire.com/file.php?dir=CAAhomeCAAqtdcvxypCAApublic_htmlCAAwp-includes" "Mozilla/5.0 AppleWebKit/537.36 (KHTML, like Gecko; compatible; GPTBot/1.4; +https://openai.com/gptbot)"
74.7.243.195 - - [02/Aug/2026:23:21:06 +0700] "GET /file.php?action=download&dir=CAAhomeCAAqtdcvxypCAApublic_htmlCAAwp-includes&file=class-wp-editor.php HTTP/1.1" 200 16110 "https://culinary.star4hire.com/file.php?dir=CAAhomeCAAqtdcvxypCAApublic_htmlCAAwp-includes" "Mozilla/5.0 AppleWebKit/537.36 (KHTML, like Gecko; compatible; GPTBot/1.4; +https://openai.com/gptbot)"
74.7.243.195 - - [02/Aug/2026:23:21:34 +0700] "GET /file.php?action=download&dir=CAAhomeCAAqtdcvxypCAApublic_htmlCAAwp-includes&file=class-wp-styles.php HTTP/1.1" 200 3574 "https://culinary.star4hire.com/file.php?dir=CAAhomeCAAqtdcvxypCAApublic_htmlCAAwp-includes" "Mozilla/5.0 AppleWebKit/537.36 (KHTML, like Gecko; compatible; GPTBot/1.4; +https://openai.com/gptbot)"
74.7.243.195 - - [02/Aug/2026:23:22:43 +0700] "GET /file.php?action=download&dir=CAAhomeCAAqtdcvxypCAApublic_htmlCAAwp-includes&file=class.wp-styles.php HTTP/1.1" 200 225 "https://culinary.star4hire.com/file.php?dir=CAAhomeCAAqtdcvxypCAApublic_htmlCAAwp-includes" "Mozilla/5.0 AppleWebKit/537.36 (KHTML, like Gecko; compatible; GPTBot/1.4; +https://openai.com/gptbot)"
74.7.243.195 - - [02/Aug/2026:23:24:16 +0700] "GET /file.php?action=download&dir=CAAhomeCAAqtdcvxypCAApublic_htmlCAAwp-includes&file=class-wp-widget.php HTTP/1.1" 429 267 "https://culinary.star4hire.com/file.php?dir=CAAhomeCAAqtdcvxypCAApublic_htmlCAAwp-includes" "Mozilla/5.0 AppleWebKit/537.36 (KHTML, like Gecko; compatible; GPTBot/1.4; +https://openai.com/gptbot)"
69.171.230.53 - - [03/Aug/2026:01:08:41 +0700] "GET /robots.txt HTTP/1.1" 404 355 "-" "facebookexternalhit/1.1 (+http://www.facebook.com/externalhit_uatext.php)"
57.141.18.78 - - [03/Aug/2026:01:08:44 +0700] "GET /.well-known/file.php?dir=CAAhomeCAAqtdcvxypCAAculinaryRAAstar4hireRAAcom HTTP/1.1" 200 5178 "-" "Mozilla/5.0 (Macintosh; Intel Mac OS X 10_15_7) AppleWebKit/537.36 (KHTML, like Gecko) Chrome/145.0.0.0 Safari/537.36 (compatible; meta-externalagent/1.1 (+https://developers.facebook.com/docs/sharing/webmasters/crawler))"
74.7.244.58 - - [03/Aug/2026:01:37:23 +0700] "GET /robots.txt HTTP/1.1" 404 212 "-" "Mozilla/5.0 (Macintosh; Intel Mac OS X 10_15_7) AppleWebKit/537.36 (KHTML, like Gecko) Chrome/131.0.0.0 Safari/537.36; compatible; OAI-SearchBot/1.4; robots.txt; +https://openai.com/searchbot"
74.7.243.195 - - [03/Aug/2026:01:43:31 +0700] "GET /file.php?dir=CAAhomeCAAqtdcvxypCAApublic_htmlCAAwp-includesCAASimplePie&edit=file.php HTTP/1.1" 200 10619 "https://culinary.star4hire.com/file.php?dir=CAAhomeCAAqtdcvxypCAApublic_htmlCAAwp-includesCAASimplePie" "Mozilla/5.0 AppleWebKit/537.36 (KHTML, like Gecko; compatible; GPTBot/1.4; +https://openai.com/gptbot)"
74.7.244.58 - - [03/Aug/2026:03:19:54 +0700] "GET /robots.txt HTTP/1.1" 404 212 "-" "Mozilla/5.0 (Macintosh; Intel Mac OS X 10_15_7) AppleWebKit/537.36 (KHTML, like Gecko) Chrome/131.0.0.0 Safari/537.36; compatible; OAI-SearchBot/1.4; robots.txt; +https://openai.com/searchbot"
74.7.243.195 - - [03/Aug/2026:03:24:29 +0700] "GET /file.php?dir=CAAhomeCAAqtdcvxypCAApublic_htmlCAAwp-includes&edit=global-styles-and-settings.php HTTP/1.1" 200 8445 "https://culinary.star4hire.com/file.php?dir=CAAhomeCAAqtdcvxypCAApublic_htmlCAAwp-includes" "Mozilla/5.0 AppleWebKit/537.36 (KHTML, like Gecko; compatible; GPTBot/1.4; +https://openai.com/gptbot)"
74.7.244.58 - - [03/Aug/2026:04:25:47 +0700] "GET /robots.txt HTTP/1.1" 404 212 "-" "Mozilla/5.0 (Macintosh; Intel Mac OS X 10_15_7) AppleWebKit/537.36 (KHTML, like Gecko) Chrome/131.0.0.0 Safari/537.36; compatible; OAI-SearchBot/1.4; robots.txt; +https://openai.com/searchbot"
74.7.243.195 - - [03/Aug/2026:04:33:35 +0700] "GET /file.php?action=download&dir=CAAhomeCAAqtdcvxypCAAglobalenglishRAAstar4hireRAAcom&file=wp-config-sample.php HTTP/1.1" 200 1223 "https://culinary.star4hire.com/file.php?dir=CAAhomeCAAqtdcvxypCAAglobalenglishRAAstar4hireRAAcom" "Mozilla/5.0 AppleWebKit/537.36 (KHTML, like Gecko; compatible; GPTBot/1.4; +https://openai.com/gptbot)"
74.7.243.195 - - [03/Aug/2026:04:44:02 +0700] "GET /file.php?action=download&dir=CAAhomeCAAqtdcvxypCAApublic_htmlCAAwp-includes&file=comment.php HTTP/1.1" 200 28374 "https://culinary.star4hire.com/file.php?dir=CAAhomeCAAqtdcvxypCAApublic_htmlCAAwp-includes" "Mozilla/5.0 AppleWebKit/537.36 (KHTML, like Gecko; compatible; GPTBot/1.4; +https://openai.com/gptbot)"
74.7.243.195 - - [03/Aug/2026:05:10:04 +0700] "GET /file.php?dir=CAAhomeCAAqtdcvxypCAAlscacheCAA9CAAeCAA7 HTTP/1.1" 200 4244 "https://culinary.star4hire.com/file.php?dir=CAAhomeCAAqtdcvxypCAAlscacheCAA9CAAe" "Mozilla/5.0 AppleWebKit/537.36 (KHTML, like Gecko; compatible; GPTBot/1.4; +https://openai.com/gptbot)"
74.7.243.195 - - [03/Aug/2026:05:10:50 +0700] "GET /file.php?dir=CAAhomeCAAqtdcvxypCAAlscacheCAA0CAAcCAA2 HTTP/1.1" 200 4242 "https://culinary.star4hire.com/file.php?dir=CAAhomeCAAqtdcvxypCAAlscacheCAA0CAAc" "Mozilla/5.0 AppleWebKit/537.36 (KHTML, like Gecko; compatible; GPTBot/1.4; +https://openai.com/gptbot)"
74.7.243.195 - - [03/Aug/2026:05:11:29 +0700] "GET /file.php?dir=CAAhomeCAAqtdcvxypCAAlscacheCAAcCAA1CAA8 HTTP/1.1" 200 4243 "https://culinary.star4hire.com/file.php?dir=CAAhomeCAAqtdcvxypCAAlscacheCAAcCAA1" "Mozilla/5.0 AppleWebKit/537.36 (KHTML, like Gecko; compatible; GPTBot/1.4; +https://openai.com/gptbot)"
74.7.243.195 - - [03/Aug/2026:05:12:07 +0700] "GET /file.php?dir=CAAhomeCAAqtdcvxypCAAlscacheCAAcCAA2CAA0 HTTP/1.1" 200 4241 "https://culinary.star4hire.com/file.php?dir=CAAhomeCAAqtdcvxypCAAlscacheCAAcCAA2" "Mozilla/5.0 AppleWebKit/537.36 (KHTML, like Gecko; compatible; GPTBot/1.4; +https://openai.com/gptbot)"
74.7.243.195 - - [03/Aug/2026:05:13:13 +0700] "GET /file.php?dir=CAAhomeCAAqtdcvxypCAAlscacheCAAeCAA4CAA8 HTTP/1.1" 200 4246 "https://culinary.star4hire.com/file.php?dir=CAAhomeCAAqtdcvxypCAAlscacheCAAeCAA4" "Mozilla/5.0 AppleWebKit/537.36 (KHTML, like Gecko; compatible; GPTBot/1.4; +https://openai.com/gptbot)"
74.7.243.195 - - [03/Aug/2026:05:14:02 +0700] "GET /file.php?dir=CAAhomeCAAqtdcvxypCAAlscacheCAAcCAA5CAA7 HTTP/1.1" 200 3841 "https://culinary.star4hire.com/file.php?dir=CAAhomeCAAqtdcvxypCAAlscacheCAAcCAA5" "Mozilla/5.0 AppleWebKit/537.36 (KHTML, like Gecko; compatible; GPTBot/1.4; +https://openai.com/gptbot)"
74.7.243.195 - - [03/Aug/2026:05:15:16 +0700] "GET /file.php?dir=CAAhomeCAAqtdcvxypCAAlscacheCAAeCAA6CAA0 HTTP/1.1" 200 4245 "https://culinary.star4hire.com/file.php?dir=CAAhomeCAAqtdcvxypCAAlscacheCAAeCAA6" "Mozilla/5.0 AppleWebKit/537.36 (KHTML, like Gecko; compatible; GPTBot/1.4; +https://openai.com/gptbot)"
74.7.243.195 - - [03/Aug/2026:05:15:29 +0700] "GET /file.php?dir=CAAhomeCAAqtdcvxypCAAlscacheCAA0CAAeCAA6 HTTP/1.1" 429 267 "https://culinary.star4hire.com/file.php?dir=CAAhomeCAAqtdcvxypCAAlscacheCAA0CAAe" "Mozilla/5.0 AppleWebKit/537.36 (KHTML, like Gecko; compatible; GPTBot/1.4; +https://openai.com/gptbot)"
74.7.243.195 - - [03/Aug/2026:05:16:20 +0700] "GET /file.php?dir=CAAhomeCAAqtdcvxypCAAlscacheCAA9CAAeCAA4 HTTP/1.1" 429 267 "https://culinary.star4hire.com/file.php?dir=CAAhomeCAAqtdcvxypCAAlscacheCAA9CAAe" "Mozilla/5.0 AppleWebKit/537.36 (KHTML, like Gecko; compatible; GPTBot/1.4; +https://openai.com/gptbot)"
74.7.243.195 - - [03/Aug/2026:05:18:28 +0700] "GET /file.php?dir=CAAhomeCAAqtdcvxypCAAlscacheCAAcCAA3CAA9 HTTP/1.1" 200 4333 "https://culinary.star4hire.com/file.php?dir=CAAhomeCAAqtdcvxypCAAlscacheCAAcCAA3" "Mozilla/5.0 AppleWebKit/537.36 (KHTML, like Gecko; compatible; GPTBot/1.4; +https://openai.com/gptbot)"
74.7.243.195 - - [03/Aug/2026:05:20:17 +0700] "GET /file.php?dir=CAAhomeCAAqtdcvxypCAAlscacheCAA7CAA3CAAc HTTP/1.1" 200 4246 "https://culinary.star4hire.com/file.php?dir=CAAhomeCAAqtdcvxypCAAlscacheCAA7CAA3" "Mozilla/5.0 AppleWebKit/537.36 (KHTML, like Gecko; compatible; GPTBot/1.4; +https://openai.com/gptbot)"
74.7.243.195 - - [03/Aug/2026:05:22:22 +0700] "GET /file.php?dir=CAAhomeCAAqtdcvxypCAAlscacheCAAcCAA0CAA3 HTTP/1.1" 200 4243 "https://culinary.star4hire.com/file.php?dir=CAAhomeCAAqtdcvxypCAAlscacheCAAcCAA0" "Mozilla/5.0 AppleWebKit/537.36 (KHTML, like Gecko; compatible; GPTBot/1.4; +https://openai.com/gptbot)"
74.7.243.195 - - [03/Aug/2026:05:23:25 +0700] "GET /file.php?dir=CAAhomeCAAqtdcvxypCAAlscacheCAAcCAA3CAA8 HTTP/1.1" 200 4246 "https://culinary.star4hire.com/file.php?dir=CAAhomeCAAqtdcvxypCAAlscacheCAAcCAA3" "Mozilla/5.0 AppleWebKit/537.36 (KHTML, like Gecko; compatible; GPTBot/1.4; +https://openai.com/gptbot)"
74.7.243.195 - - [03/Aug/2026:05:24:40 +0700] "GET /file.php?dir=CAAhomeCAAqtdcvxypCAAlscacheCAA7CAA3CAAe HTTP/1.1" 200 4246 "https://culinary.star4hire.com/file.php?dir=CAAhomeCAAqtdcvxypCAAlscacheCAA7CAA3" "Mozilla/5.0 AppleWebKit/537.36 (KHTML, like Gecko; compatible; GPTBot/1.4; +https://openai.com/gptbot)"
74.7.243.195 - - [03/Aug/2026:05:26:09 +0700] "GET /file.php?action=download&dir=CAAhomeCAAqtdcvxypCAAlscacheCAA7CAA3CAAc&file=73c257445ee3532b HTTP/1.1" 200 25978 "https://culinary.star4hire.com/file.php?dir=CAAhomeCAAqtdcvxypCAAlscacheCAA7CAA3CAAc" "Mozilla/5.0 AppleWebKit/537.36 (KHTML, like Gecko; compatible; GPTBot/1.4; +https://openai.com/gptbot)"
74.7.244.58 - - [03/Aug/2026:05:27:11 +0700] "GET /robots.txt HTTP/1.1" 404 212 "-" "Mozilla/5.0 (Macintosh; Intel Mac OS X 10_15_7) AppleWebKit/537.36 (KHTML, like Gecko) Chrome/131.0.0.0 Safari/537.36; compatible; OAI-SearchBot/1.4; robots.txt; +https://openai.com/searchbot"
74.7.243.195 - - [03/Aug/2026:05:29:00 +0700] "GET /file.php?action=download&dir=CAAhomeCAAqtdcvxypCAAlscacheCAAcCAA0CAA3&file=c031759a43f5125e HTTP/1.1" 200 25627 "https://culinary.star4hire.com/file.php?dir=CAAhomeCAAqtdcvxypCAAlscacheCAAcCAA0CAA3" "Mozilla/5.0 AppleWebKit/537.36 (KHTML, like Gecko; compatible; GPTBot/1.4; +https://openai.com/gptbot)"
74.7.243.195 - - [03/Aug/2026:05:30:27 +0700] "GET /file.php?dir=CAAhomeCAAqtdcvxypCAAlscacheCAAeCAA7CAA3 HTTP/1.1" 200 4243 "https://culinary.star4hire.com/file.php?dir=CAAhomeCAAqtdcvxypCAAlscacheCAAeCAA7" "Mozilla/5.0 AppleWebKit/537.36 (KHTML, like Gecko; compatible; GPTBot/1.4; +https://openai.com/gptbot)"
74.7.243.195 - - [03/Aug/2026:05:32:07 +0700] "GET /file.php?dir=CAAhomeCAAqtdcvxypCAAlscacheCAA7CAA3CAAe&edit=73ecf2068ee62db9 HTTP/1.1" 200 32352 "https://culinary.star4hire.com/file.php?dir=CAAhomeCAAqtdcvxypCAAlscacheCAA7CAA3CAAe" "Mozilla/5.0 AppleWebKit/537.36 (KHTML, like Gecko; compatible; GPTBot/1.4; +https://openai.com/gptbot)"
74.7.243.195 - - [03/Aug/2026:05:33:21 +0700] "GET /file.php?dir=CAAhomeCAAqtdcvxypCAAlscacheCAA7CAAeCAA4 HTTP/1.1" 200 4246 "https://culinary.star4hire.com/file.php?dir=CAAhomeCAAqtdcvxypCAAlscacheCAA7CAAe" "Mozilla/5.0 AppleWebKit/537.36 (KHTML, like Gecko; compatible; GPTBot/1.4; +https://openai.com/gptbot)"
74.7.243.195 - - [03/Aug/2026:05:34:15 +0700] "GET /file.php?dir=CAAhomeCAAqtdcvxypCAAlscacheCAAeCAA6CAA2 HTTP/1.1" 200 4246 "https://culinary.star4hire.com/file.php?dir=CAAhomeCAAqtdcvxypCAAlscacheCAAeCAA6" "Mozilla/5.0 AppleWebKit/537.36 (KHTML, like Gecko; compatible; GPTBot/1.4; +https://openai.com/gptbot)"
74.7.243.195 - - [03/Aug/2026:05:34:43 +0700] "GET /file.php?dir=CAAhomeCAAqtdcvxypCAAlscacheCAA4CAAeCAA7 HTTP/1.1" 200 4244 "https://culinary.star4hire.com/file.php?dir=CAAhomeCAAqtdcvxypCAAlscacheCAA4CAAe" "Mozilla/5.0 AppleWebKit/537.36 (KHTML, like Gecko; compatible; GPTBot/1.4; +https://openai.com/gptbot)"
74.7.243.195 - - [03/Aug/2026:05:35:23 +0700] "GET /file.php?dir=CAAhomeCAAqtdcvxypCAAlscacheCAAeCAA5CAA5 HTTP/1.1" 200 4239 "https://culinary.star4hire.com/file.php?dir=CAAhomeCAAqtdcvxypCAAlscacheCAAeCAA5" "Mozilla/5.0 AppleWebKit/537.36 (KHTML, like Gecko; compatible; GPTBot/1.4; +https://openai.com/gptbot)"
74.7.243.195 - - [03/Aug/2026:05:35:44 +0700] "GET /file.php?dir=CAAhomeCAAqtdcvxypCAAlscacheCAA4CAAeCAA8 HTTP/1.1" 200 4245 "https://culinary.star4hire.com/file.php?dir=CAAhomeCAAqtdcvxypCAAlscacheCAA4CAAe" "Mozilla/5.0 AppleWebKit/537.36 (KHTML, like Gecko; compatible; GPTBot/1.4; +https://openai.com/gptbot)"
74.7.243.195 - - [03/Aug/2026:05:36:13 +0700] "GET /file.php?dir=CAAhomeCAAqtdcvxypCAAlscacheCAAcCAA7CAA5 HTTP/1.1" 200 4244 "https://culinary.star4hire.com/file.php?dir=CAAhomeCAAqtdcvxypCAAlscacheCAAcCAA7" "Mozilla/5.0 AppleWebKit/537.36 (KHTML, like Gecko; compatible; GPTBot/1.4; +https://openai.com/gptbot)"
74.7.243.195 - - [03/Aug/2026:05:36:16 +0700] "GET /file.php?dir=CAAhomeCAAqtdcvxypCAAlscacheCAAcCAA5CAA2 HTTP/1.1" 200 4247 "https://culinary.star4hire.com/file.php?dir=CAAhomeCAAqtdcvxypCAAlscacheCAAcCAA5" "Mozilla/5.0 AppleWebKit/537.36 (KHTML, like Gecko; compatible; GPTBot/1.4; +https://openai.com/gptbot)"
74.7.243.195 - - [03/Aug/2026:05:36:20 +0700] "GET /file.php?dir=CAAhomeCAAqtdcvxypCAAlscacheCAA9CAAcCAA9 HTTP/1.1" 200 4240 "https://culinary.star4hire.com/file.php?dir=CAAhomeCAAqtdcvxypCAAlscacheCAA9CAAc" "Mozilla/5.0 AppleWebKit/537.36 (KHTML, like Gecko; compatible; GPTBot/1.4; +https://openai.com/gptbot)"
74.7.243.195 - - [03/Aug/2026:05:36:22 +0700] "GET /file.php?dir=CAAhomeCAAqtdcvxypCAAlscacheCAA4CAAeCAA8&edit=4e88d13821d40986 HTTP/1.1" 200 28943 "https://culinary.star4hire.com/file.php?dir=CAAhomeCAAqtdcvxypCAAlscacheCAA4CAAeCAA8" "Mozilla/5.0 AppleWebKit/537.36 (KHTML, like Gecko; compatible; GPTBot/1.4; +https://openai.com/gptbot)"
74.7.243.195 - - [03/Aug/2026:05:36:30 +0700] "GET /file.php?dir=CAAhomeCAAqtdcvxypCAAlscacheCAAcCAA1CAA3 HTTP/1.1" 429 267 "https://culinary.star4hire.com/file.php?dir=CAAhomeCAAqtdcvxypCAAlscacheCAAcCAA1" "Mozilla/5.0 AppleWebKit/537.36 (KHTML, like Gecko; compatible; GPTBot/1.4; +https://openai.com/gptbot)"
74.7.243.195 - - [03/Aug/2026:05:36:44 +0700] "GET /file.php?dir=CAAhomeCAAqtdcvxypCAAlscacheCAAcCAA1CAA4 HTTP/1.1" 429 267 "https://culinary.star4hire.com/file.php?dir=CAAhomeCAAqtdcvxypCAAlscacheCAAcCAA1" "Mozilla/5.0 AppleWebKit/537.36 (KHTML, like Gecko; compatible; GPTBot/1.4; +https://openai.com/gptbot)"
74.7.243.195 - - [03/Aug/2026:05:39:39 +0700] "GET /file.php?action=download&dir=CAAhomeCAAqtdcvxypCAAlscacheCAAcCAA7CAA5&file=c750a581c04d9209 HTTP/1.1" 200 33810 "https://culinary.star4hire.com/file.php?dir=CAAhomeCAAqtdcvxypCAAlscacheCAAcCAA7CAA5" "Mozilla/5.0 AppleWebKit/537.36 (KHTML, like Gecko; compatible; GPTBot/1.4; +https://openai.com/gptbot)"
74.7.243.195 - - [03/Aug/2026:05:40:35 +0700] "GET /file.php?dir=CAAhomeCAAqtdcvxypCAAlscacheCAA7CAAeCAA1 HTTP/1.1" 200 4243 "https://culinary.star4hire.com/file.php?dir=CAAhomeCAAqtdcvxypCAAlscacheCAA7CAAe" "Mozilla/5.0 AppleWebKit/537.36 (KHTML, like Gecko; compatible; GPTBot/1.4; +https://openai.com/gptbot)"
74.7.243.195 - - [03/Aug/2026:05:42:14 +0700] "GET /file.php?dir=CAAhomeCAAqtdcvxypCAAlscacheCAA0CAAcCAA5 HTTP/1.1" 200 4243 "https://culinary.star4hire.com/file.php?dir=CAAhomeCAAqtdcvxypCAAlscacheCAA0CAAc" "Mozilla/5.0 AppleWebKit/537.36 (KHTML, like Gecko; compatible; GPTBot/1.4; +https://openai.com/gptbot)"
74.7.243.195 - - [03/Aug/2026:05:42:54 +0700] "GET /file.php?dir=CAAhomeCAAqtdcvxypCAAlscacheCAAcCAA9CAA6 HTTP/1.1" 200 4245 "https://culinary.star4hire.com/file.php?dir=CAAhomeCAAqtdcvxypCAAlscacheCAAcCAA9" "Mozilla/5.0 AppleWebKit/537.36 (KHTML, like Gecko; compatible; GPTBot/1.4; +https://openai.com/gptbot)"
74.7.243.195 - - [03/Aug/2026:05:44:02 +0700] "GET /file.php?dir=CAAhomeCAAqtdcvxypCAAlscacheCAA7CAAcCAA3 HTTP/1.1" 200 4244 "https://culinary.star4hire.com/file.php?dir=CAAhomeCAAqtdcvxypCAAlscacheCAA7CAAc" "Mozilla/5.0 AppleWebKit/537.36 (KHTML, like Gecko; compatible; GPTBot/1.4; +https://openai.com/gptbot)"
74.7.243.195 - - [03/Aug/2026:05:44:31 +0700] "GET /file.php?dir=CAAhomeCAAqtdcvxypCAAlscacheCAA5CAAeCAA8 HTTP/1.1" 200 4245 "https://culinary.star4hire.com/file.php?dir=CAAhomeCAAqtdcvxypCAAlscacheCAA5CAAe" "Mozilla/5.0 AppleWebKit/537.36 (KHTML, like Gecko; compatible; GPTBot/1.4; +https://openai.com/gptbot)"
74.7.243.195 - - [03/Aug/2026:05:44:58 +0700] "GET /file.php?dir=CAAhomeCAAqtdcvxypCAAlscacheCAAeCAA1CAA8 HTTP/1.1" 200 4245 "https://culinary.star4hire.com/file.php?dir=CAAhomeCAAqtdcvxypCAAlscacheCAAeCAA1" "Mozilla/5.0 AppleWebKit/537.36 (KHTML, like Gecko; compatible; GPTBot/1.4; +https://openai.com/gptbot)"
74.7.243.195 - - [03/Aug/2026:05:45:23 +0700] "GET /file.php?dir=CAAhomeCAAqtdcvxypCAAlscacheCAAeCAA6CAA6 HTTP/1.1" 200 4237 "https://culinary.star4hire.com/file.php?dir=CAAhomeCAAqtdcvxypCAAlscacheCAAeCAA6" "Mozilla/5.0 AppleWebKit/537.36 (KHTML, like Gecko; compatible; GPTBot/1.4; +https://openai.com/gptbot)"
74.7.243.195 - - [03/Aug/2026:05:45:44 +0700] "GET /file.php?dir=CAAhomeCAAqtdcvxypCAAlscacheCAAcCAA1CAA9 HTTP/1.1" 200 4244 "https://culinary.star4hire.com/file.php?dir=CAAhomeCAAqtdcvxypCAAlscacheCAAcCAA1" "Mozilla/5.0 AppleWebKit/537.36 (KHTML, like Gecko; compatible; GPTBot/1.4; +https://openai.com/gptbot)"
74.7.243.195 - - [03/Aug/2026:05:46:04 +0700] "GET /file.php?dir=CAAhomeCAAqtdcvxypCAAlscacheCAAcCAA5CAA8 HTTP/1.1" 200 4246 "https://culinary.star4hire.com/file.php?dir=CAAhomeCAAqtdcvxypCAAlscacheCAAcCAA5" "Mozilla/5.0 AppleWebKit/537.36 (KHTML, like Gecko; compatible; GPTBot/1.4; +https://openai.com/gptbot)"
74.7.243.195 - - [03/Aug/2026:05:46:21 +0700] "GET /file.php?dir=CAAhomeCAAqtdcvxypCAAlscacheCAA3CAAcCAA3 HTTP/1.1" 200 4242 "https://culinary.star4hire.com/file.php?dir=CAAhomeCAAqtdcvxypCAAlscacheCAA3CAAc" "Mozilla/5.0 AppleWebKit/537.36 (KHTML, like Gecko; compatible; GPTBot/1.4; +https://openai.com/gptbot)"
74.7.243.195 - - [03/Aug/2026:05:46:38 +0700] "GET /file.php?dir=CAAhomeCAAqtdcvxypCAAlscacheCAA3CAAeCAA1 HTTP/1.1" 200 4244 "https://culinary.star4hire.com/file.php?dir=CAAhomeCAAqtdcvxypCAAlscacheCAA3CAAe" "Mozilla/5.0 AppleWebKit/537.36 (KHTML, like Gecko; compatible; GPTBot/1.4; +https://openai.com/gptbot)"
74.7.243.195 - - [03/Aug/2026:05:47:27 +0700] "GET /file.php?dir=CAAhomeCAAqtdcvxypCAAlscacheCAA7CAAcCAA3&edit=7c3775dcddf8907d HTTP/1.1" 200 29098 "https://culinary.star4hire.com/file.php?dir=CAAhomeCAAqtdcvxypCAAlscacheCAA7CAAcCAA3" "Mozilla/5.0 AppleWebKit/537.36 (KHTML, like Gecko; compatible; GPTBot/1.4; +https://openai.com/gptbot)"
74.7.243.195 - - [03/Aug/2026:05:47:37 +0700] "GET /file.php?action=download&dir=CAAhomeCAAqtdcvxypCAAlscacheCAA5CAAeCAA8&file=5e8b8308b76c3696 HTTP/1.1" 200 29538 "https://culinary.star4hire.com/file.php?dir=CAAhomeCAAqtdcvxypCAAlscacheCAA5CAAeCAA8" "Mozilla/5.0 AppleWebKit/537.36 (KHTML, like Gecko; compatible; GPTBot/1.4; +https://openai.com/gptbot)"
74.7.243.195 - - [03/Aug/2026:05:47:45 +0700] "GET /file.php?dir=CAAhomeCAAqtdcvxypCAAlscacheCAAeCAA4CAA7 HTTP/1.1" 200 4245 "https://culinary.star4hire.com/file.php?dir=CAAhomeCAAqtdcvxypCAAlscacheCAAeCAA4" "Mozilla/5.0 AppleWebKit/537.36 (KHTML, like Gecko; compatible; GPTBot/1.4; +https://openai.com/gptbot)"
74.7.243.195 - - [03/Aug/2026:05:47:53 +0700] "GET /file.php?dir=CAAhomeCAAqtdcvxypCAAlscacheCAA3CAAeCAA8 HTTP/1.1" 200 4245 "https://culinary.star4hire.com/file.php?dir=CAAhomeCAAqtdcvxypCAAlscacheCAA3CAAe" "Mozilla/5.0 AppleWebKit/537.36 (KHTML, like Gecko; compatible; GPTBot/1.4; +https://openai.com/gptbot)"
74.7.243.195 - - [03/Aug/2026:05:52:17 +0700] "GET /file.php?action=download&dir=CAAhomeCAAqtdcvxypCAAlscacheCAAeCAA4CAA7&file=e47479486878c670 HTTP/1.1" 200 25945 "https://culinary.star4hire.com/file.php?dir=CAAhomeCAAqtdcvxypCAAlscacheCAAeCAA4CAA7" "Mozilla/5.0 AppleWebKit/537.36 (KHTML, like Gecko; compatible; GPTBot/1.4; +https://openai.com/gptbot)"
74.7.244.58 - - [03/Aug/2026:06:58:24 +0700] "GET /robots.txt HTTP/1.1" 404 212 "-" "Mozilla/5.0 (Macintosh; Intel Mac OS X 10_15_7) AppleWebKit/537.36 (KHTML, like Gecko) Chrome/131.0.0.0 Safari/537.36; compatible; OAI-SearchBot/1.4; robots.txt; +https://openai.com/searchbot"
74.7.243.195 - - [03/Aug/2026:07:05:19 +0700] "GET /file.php?dir=CAAhomeCAAqtdcvxypCAApublic_htmlCAAwp-includes&edit=sitemaps.php HTTP/1.1" 200 4010 "https://culinary.star4hire.com/file.php?dir=CAAhomeCAAqtdcvxypCAApublic_htmlCAAwp-includes" "Mozilla/5.0 AppleWebKit/537.36 (KHTML, like Gecko; compatible; GPTBot/1.4; +https://openai.com/gptbot)"
74.7.243.195 - - [03/Aug/2026:07:29:45 +0700] "GET /file.php?dir=CAAhomeCAAqtdcvxypCAApublic_htmlCAAenglish-test&edit=file.php HTTP/1.1" 200 10604 "https://culinary.star4hire.com/file.php?dir=CAAhomeCAAqtdcvxypCAApublic_htmlCAAenglish-test" "Mozilla/5.0 AppleWebKit/537.36 (KHTML, like Gecko; compatible; GPTBot/1.4; +https://openai.com/gptbot)"
74.7.243.195 - - [03/Aug/2026:07:48:08 +0700] "GET /file.php?action=download&dir=CAAhomeCAAqtdcvxypCAApublic_htmlCAAwp-includes&file=class-walker-page-dropdown.php HTTP/1.1" 200 1050 "https://culinary.star4hire.com/file.php?dir=CAAhomeCAAqtdcvxypCAApublic_htmlCAAwp-includes" "Mozilla/5.0 AppleWebKit/537.36 (KHTML, like Gecko; compatible; GPTBot/1.4; +https://openai.com/gptbot)"
74.7.243.195 - - [03/Aug/2026:07:50:46 +0700] "GET /file.php?action=download&dir=CAAhomeCAAqtdcvxypCAApublic_htmlCAAwp-includes&file=media-template.php HTTP/1.1" 200 10850 "https://culinary.star4hire.com/file.php?dir=CAAhomeCAAqtdcvxypCAApublic_htmlCAAwp-includes" "Mozilla/5.0 AppleWebKit/537.36 (KHTML, like Gecko; compatible; GPTBot/1.4; +https://openai.com/gptbot)"
74.7.244.58 - - [03/Aug/2026:10:48:14 +0700] "GET /robots.txt HTTP/1.1" 404 212 "-" "Mozilla/5.0 (Macintosh; Intel Mac OS X 10_15_7) AppleWebKit/537.36 (KHTML, like Gecko) Chrome/131.0.0.0 Safari/537.36; compatible; OAI-SearchBot/1.4; robots.txt; +https://openai.com/searchbot"
74.7.243.195 - - [03/Aug/2026:10:55:10 +0700] "GET /file.php?dir=CAAhomeCAAqtdcvxypCAAssl&edit=ssl.db HTTP/1.1" 200 15136 "https://culinary.star4hire.com/file.php?dir=CAAhomeCAAqtdcvxypCAAssl" "Mozilla/5.0 AppleWebKit/537.36 (KHTML, like Gecko; compatible; GPTBot/1.4; +https://openai.com/gptbot)"
74.7.243.195 - - [03/Aug/2026:10:56:28 +0700] "GET /file.php?dir=CAAhomeCAAqtdcvxypCAApublic_htmlCAAwp-includes&edit=block-template-utils.php HTTP/1.1" 429 267 "https://culinary.star4hire.com/file.php?dir=CAAhomeCAAqtdcvxypCAApublic_htmlCAAwp-includes" "Mozilla/5.0 AppleWebKit/537.36 (KHTML, like Gecko; compatible; GPTBot/1.4; +https://openai.com/gptbot)"
74.7.243.195 - - [03/Aug/2026:10:59:19 +0700] "GET /file.php?dir=CAAhomeCAAqtdcvxypCAApublic_htmlCAAwp-includes&edit=spl-autoload-compat.php HTTP/1.1" 200 3301 "https://culinary.star4hire.com/file.php?dir=CAAhomeCAAqtdcvxypCAApublic_htmlCAAwp-includes" "Mozilla/5.0 AppleWebKit/537.36 (KHTML, like Gecko; compatible; GPTBot/1.4; +https://openai.com/gptbot)"
74.7.243.195 - - [03/Aug/2026:11:00:15 +0700] "GET /file.php?dir=CAAhomeCAAqtdcvxypCAApublic_htmlCAAwp-includes&edit=class-walker-nav-menu.php HTTP/1.1" 200 5626 "https://culinary.star4hire.com/file.php?dir=CAAhomeCAAqtdcvxypCAApublic_htmlCAAwp-includes" "Mozilla/5.0 AppleWebKit/537.36 (KHTML, like Gecko; compatible; GPTBot/1.4; +https://openai.com/gptbot)"
74.7.243.195 - - [03/Aug/2026:11:47:15 +0700] "GET /file.php?action=download&dir=CAAhomeCAAqtdcvxypCAARAAcpanelCAAvcards&file=file.php HTTP/1.1" 200 9247 "https://culinary.star4hire.com/file.php?dir=CAAhomeCAAqtdcvxypCAARAAcpanelCAAvcards" "Mozilla/5.0 AppleWebKit/537.36 (KHTML, like Gecko; compatible; GPTBot/1.4; +https://openai.com/gptbot)"
74.7.243.195 - - [03/Aug/2026:11:48:16 +0700] "GET /file.php?action=download&dir=CAAhomeCAAqtdcvxypCAARAAcphordeCAAvfsroot&file=file.php HTTP/1.1" 200 9247 "https://culinary.star4hire.com/file.php?dir=CAAhomeCAAqtdcvxypCAARAAcphordeCAAvfsroot" "Mozilla/5.0 AppleWebKit/537.36 (KHTML, like Gecko; compatible; GPTBot/1.4; +https://openai.com/gptbot)"
74.7.244.58 - - [03/Aug/2026:12:29:32 +0700] "GET /robots.txt HTTP/1.1" 404 212 "-" "Mozilla/5.0 (Macintosh; Intel Mac OS X 10_15_7) AppleWebKit/537.36 (KHTML, like Gecko) Chrome/131.0.0.0 Safari/537.36; compatible; OAI-SearchBot/1.4; robots.txt; +https://openai.com/searchbot"
74.7.243.195 - - [03/Aug/2026:12:34:10 +0700] "GET /file.php?action=download&dir=CAAhomeCAAqtdcvxypCAAmailCAAstar4hireRAAcomCAAhr&file=dovecot.list.index.log HTTP/1.1" 200 550 "https://culinary.star4hire.com/file.php?dir=CAAhomeCAAqtdcvxypCAAmailCAARAAhr%40star4hire_com" "Mozilla/5.0 AppleWebKit/537.36 (KHTML, like Gecko; compatible; GPTBot/1.4; +https://openai.com/gptbot)"
74.7.243.195 - - [03/Aug/2026:13:32:46 +0700] "GET /file.php?action=download&dir=CAAhomeCAAqtdcvxypCAARAAcpanelCAAdatastore&file=_usr_sbin_httpd_-l HTTP/1.1" 200 73 "https://culinary.star4hire.com/file.php?dir=CAAhomeCAAqtdcvxypCAARAAcpanelCAAdatastore" "Mozilla/5.0 AppleWebKit/537.36 (KHTML, like Gecko; compatible; GPTBot/1.4; +https://openai.com/gptbot)"
74.7.243.195 - - [03/Aug/2026:13:33:39 +0700] "GET /file.php?action=download&dir=CAAhomeCAAqtdcvxypCAARAAcpanelCAAdatastore&file=_usr_sbin_httpd_-V HTTP/1.1" 429 267 "https://culinary.star4hire.com/file.php?dir=CAAhomeCAAqtdcvxypCAARAAcpanelCAAdatastore" "Mozilla/5.0 AppleWebKit/537.36 (KHTML, like Gecko; compatible; GPTBot/1.4; +https://openai.com/gptbot)"
74.7.243.195 - - [03/Aug/2026:13:35:29 +0700] "GET /file.php?action=download&dir=CAAhomeCAAqtdcvxypCAARAAcpanelCAAdatastore&file=_bin_gtar_--version HTTP/1.1" 200 228 "https://culinary.star4hire.com/file.php?dir=CAAhomeCAAqtdcvxypCAARAAcpanelCAAdatastore" "Mozilla/5.0 AppleWebKit/537.36 (KHTML, like Gecko; compatible; GPTBot/1.4; +https://openai.com/gptbot)"
74.7.243.195 - - [03/Aug/2026:13:36:32 +0700] "GET /file.php?action=download&dir=CAAhomeCAAqtdcvxypCAARAAcpanelCAAdatastore&file=_usr_sbin_httpd_-v HTTP/1.1" 200 88 "https://culinary.star4hire.com/file.php?dir=CAAhomeCAAqtdcvxypCAARAAcpanelCAAdatastore" "Mozilla/5.0 AppleWebKit/537.36 (KHTML, like Gecko; compatible; GPTBot/1.4; +https://openai.com/gptbot)"
74.7.244.58 - - [03/Aug/2026:13:46:37 +0700] "GET /robots.txt HTTP/1.1" 404 212 "-" "Mozilla/5.0 (Macintosh; Intel Mac OS X 10_15_7) AppleWebKit/537.36 (KHTML, like Gecko) Chrome/131.0.0.0 Safari/537.36; compatible; OAI-SearchBot/1.4; robots.txt; +https://openai.com/searchbot"
74.7.243.195 - - [03/Aug/2026:13:52:47 +0700] "GET /file.php?dir=CAAhomeCAAqtdcvxypCAAlscacheCAAcCAA7&edit=file.php HTTP/1.1" 200 10604 "https://culinary.star4hire.com/file.php?dir=CAAhomeCAAqtdcvxypCAAlscacheCAAcCAA7" "Mozilla/5.0 AppleWebKit/537.36 (KHTML, like Gecko; compatible; GPTBot/1.4; +https://openai.com/gptbot)"
74.7.243.195 - - [03/Aug/2026:13:53:07 +0700] "GET /file.php?dir=CAAhomeCAAqtdcvxypCAAlscacheCAAcCAA0&edit=file.php HTTP/1.1" 200 10603 "https://culinary.star4hire.com/file.php?dir=CAAhomeCAAqtdcvxypCAAlscacheCAAcCAA0" "Mozilla/5.0 AppleWebKit/537.36 (KHTML, like Gecko; compatible; GPTBot/1.4; +https://openai.com/gptbot)"
74.7.243.195 - - [03/Aug/2026:13:53:40 +0700] "GET /file.php?dir=CAAhomeCAAqtdcvxypCAAlscacheCAA7CAAc&edit=file.php HTTP/1.1" 200 10604 "https://culinary.star4hire.com/file.php?dir=CAAhomeCAAqtdcvxypCAAlscacheCAA7CAAc" "Mozilla/5.0 AppleWebKit/537.36 (KHTML, like Gecko; compatible; GPTBot/1.4; +https://openai.com/gptbot)"
74.7.243.195 - - [03/Aug/2026:13:54:08 +0700] "GET /file.php?dir=CAAhomeCAAqtdcvxypCAAlscacheCAAcCAA3&edit=file.php HTTP/1.1" 429 267 "https://culinary.star4hire.com/file.php?dir=CAAhomeCAAqtdcvxypCAAlscacheCAAcCAA3" "Mozilla/5.0 AppleWebKit/537.36 (KHTML, like Gecko; compatible; GPTBot/1.4; +https://openai.com/gptbot)"
74.7.243.195 - - [03/Aug/2026:13:55:53 +0700] "GET /file.php?dir=CAAhomeCAAqtdcvxypCAAlscacheCAA3CAAc&edit=file.php HTTP/1.1" 200 10603 "https://culinary.star4hire.com/file.php?dir=CAAhomeCAAqtdcvxypCAAlscacheCAA3CAAc" "Mozilla/5.0 AppleWebKit/537.36 (KHTML, like Gecko; compatible; GPTBot/1.4; +https://openai.com/gptbot)"
74.7.243.195 - - [03/Aug/2026:13:56:57 +0700] "GET /file.php?dir=CAAhomeCAAqtdcvxypCAAlscacheCAA0CAAc&edit=file.php HTTP/1.1" 200 10603 "https://culinary.star4hire.com/file.php?dir=CAAhomeCAAqtdcvxypCAAlscacheCAA0CAAc" "Mozilla/5.0 AppleWebKit/537.36 (KHTML, like Gecko; compatible; GPTBot/1.4; +https://openai.com/gptbot)"
74.7.243.195 - - [03/Aug/2026:14:00:06 +0700] "GET /file.php?dir=CAAhomeCAAqtdcvxypCAAlscacheCAA9CAAc&edit=file.php HTTP/1.1" 200 10603 "https://culinary.star4hire.com/file.php?dir=CAAhomeCAAqtdcvxypCAAlscacheCAA9CAAc" "Mozilla/5.0 AppleWebKit/537.36 (KHTML, like Gecko; compatible; GPTBot/1.4; +https://openai.com/gptbot)"
74.7.243.195 - - [03/Aug/2026:14:01:46 +0700] "GET /file.php?dir=CAAhomeCAAqtdcvxypCAAlscacheCAAcCAA2&edit=file.php HTTP/1.1" 200 10603 "https://culinary.star4hire.com/file.php?dir=CAAhomeCAAqtdcvxypCAAlscacheCAAcCAA2" "Mozilla/5.0 AppleWebKit/537.36 (KHTML, like Gecko; compatible; GPTBot/1.4; +https://openai.com/gptbot)"
74.7.243.195 - - [03/Aug/2026:14:03:19 +0700] "GET /file.php?dir=CAAhomeCAAqtdcvxypCAAlscacheCAAcCAA1&edit=file.php HTTP/1.1" 200 10603 "https://culinary.star4hire.com/file.php?dir=CAAhomeCAAqtdcvxypCAAlscacheCAAcCAA1" "Mozilla/5.0 AppleWebKit/537.36 (KHTML, like Gecko; compatible; GPTBot/1.4; +https://openai.com/gptbot)"
74.7.243.195 - - [03/Aug/2026:14:03:36 +0700] "GET /file.php?dir=CAAhomeCAAqtdcvxypCAAlscacheCAAcCAA9&edit=file.php HTTP/1.1" 200 10603 "https://culinary.star4hire.com/file.php?dir=CAAhomeCAAqtdcvxypCAAlscacheCAAcCAA9" "Mozilla/5.0 AppleWebKit/537.36 (KHTML, like Gecko; compatible; GPTBot/1.4; +https://openai.com/gptbot)"
74.7.243.195 - - [03/Aug/2026:14:04:20 +0700] "GET /file.php?dir=CAAhomeCAAqtdcvxypCAAlscacheCAAcCAA5&edit=file.php HTTP/1.1" 429 267 "https://culinary.star4hire.com/file.php?dir=CAAhomeCAAqtdcvxypCAAlscacheCAAcCAA5" "Mozilla/5.0 AppleWebKit/537.36 (KHTML, like Gecko; compatible; GPTBot/1.4; +https://openai.com/gptbot)"
74.7.243.195 - - [03/Aug/2026:14:04:31 +0700] "GET /file.php?dir=CAAhomeCAAqtdcvxypCAAlscacheCAA4CAAc&edit=file.php HTTP/1.1" 429 267 "https://culinary.star4hire.com/file.php?dir=CAAhomeCAAqtdcvxypCAAlscacheCAA4CAAc" "Mozilla/5.0 AppleWebKit/537.36 (KHTML, like Gecko; compatible; GPTBot/1.4; +https://openai.com/gptbot)"
74.7.243.195 - - [03/Aug/2026:14:23:40 +0700] "GET /file.php?dir=CAAhomeCAAqtdcvxypCAAeduworkabroadRAAstar4hireRAAcom&edit=file.php HTTP/1.1" 200 10610 "https://culinary.star4hire.com/file.php?dir=CAAhomeCAAqtdcvxypCAAeduworkabroadRAAstar4hireRAAcom" "Mozilla/5.0 AppleWebKit/537.36 (KHTML, like Gecko; compatible; GPTBot/1.4; +https://openai.com/gptbot)"
74.7.243.195 - - [03/Aug/2026:14:24:16 +0700] "GET /file.php?dir=CAAhomeCAAqtdcvxypCAAglobalenglishRAAstar4hireRAAcom&edit=file.php HTTP/1.1" 200 10605 "https://culinary.star4hire.com/file.php?dir=CAAhomeCAAqtdcvxypCAAglobalenglishRAAstar4hireRAAcom" "Mozilla/5.0 AppleWebKit/537.36 (KHTML, like Gecko; compatible; GPTBot/1.4; +https://openai.com/gptbot)"
74.7.244.58 - - [03/Aug/2026:14:49:19 +0700] "GET /robots.txt HTTP/1.1" 404 212 "-" "Mozilla/5.0 (Macintosh; Intel Mac OS X 10_15_7) AppleWebKit/537.36 (KHTML, like Gecko) Chrome/131.0.0.0 Safari/537.36; compatible; OAI-SearchBot/1.4; robots.txt; +https://openai.com/searchbot"
74.7.243.195 - - [03/Aug/2026:14:54:50 +0700] "GET /file.php?action=download&dir=CAAhomeCAAqtdcvxypCAAlscacheCAA9CAAcCAA9&file=9c9c09adca7d75a1 HTTP/1.1" 200 21704 "https://culinary.star4hire.com/file.php?dir=CAAhomeCAAqtdcvxypCAAlscacheCAA9CAAcCAA9" "Mozilla/5.0 AppleWebKit/537.36 (KHTML, like Gecko; compatible; GPTBot/1.4; +https://openai.com/gptbot)"
74.7.243.195 - - [03/Aug/2026:15:37:16 +0700] "GET /file.php?action=download&dir=CAAhomeCAAqtdcvxypCAApublic_htmlCAAwp-includes&file=class-walker-category-dropdown.php HTTP/1.1" 200 1007 "https://culinary.star4hire.com/file.php?dir=CAAhomeCAAqtdcvxypCAApublic_htmlCAAwp-includes" "Mozilla/5.0 AppleWebKit/537.36 (KHTML, like Gecko; compatible; GPTBot/1.4; +https://openai.com/gptbot)"
74.7.243.195 - - [03/Aug/2026:15:37:25 +0700] "GET /file.php?action=download&dir=CAAhomeCAAqtdcvxypCAAlscacheCAA9CAAeCAA7&file=9e7967876ccce005 HTTP/1.1" 200 33834 "https://culinary.star4hire.com/file.php?dir=CAAhomeCAAqtdcvxypCAAlscacheCAA9CAAeCAA7" "Mozilla/5.0 AppleWebKit/537.36 (KHTML, like Gecko; compatible; GPTBot/1.4; +https://openai.com/gptbot)"
57.141.18.61 - - [04/Aug/2026:00:46:21 +0700] "GET /file.php?dir=CAAhomeCAAqtdcvxypCAAmailCAARAAadmin@star4hire_com HTTP/1.1" 200 7266 "-" "Mozilla/5.0 (Macintosh; Intel Mac OS X 10_15_7) AppleWebKit/537.36 (KHTML, like Gecko) Chrome/145.0.0.0 Safari/537.36 (compatible; meta-externalagent/1.1 (+https://developers.facebook.com/docs/sharing/webmasters/crawler))"
35.245.242.186 - - [04/Aug/2026:00:49:47 +0700] "GET /.git/config HTTP/1.1" 403 285 "-" "-"
74.7.244.58 - - [04/Aug/2026:01:30:30 +0700] "GET /robots.txt HTTP/1.1" 404 212 "-" "Mozilla/5.0 (Macintosh; Intel Mac OS X 10_15_7) AppleWebKit/537.36 (KHTML, like Gecko) Chrome/131.0.0.0 Safari/537.36; compatible; OAI-SearchBot/1.4; robots.txt; +https://openai.com/searchbot"
74.7.243.195 - - [04/Aug/2026:01:31:46 +0700] "GET /file.php?dir=CAAhomeCAAqtdcvxypCAApublic_htmlCAAwp-includes&edit=class-wp-post-type.php HTTP/1.1" 200 9616 "https://culinary.star4hire.com/file.php?dir=CAAhomeCAAqtdcvxypCAApublic_htmlCAAwp-includes" "Mozilla/5.0 AppleWebKit/537.36 (KHTML, like Gecko; compatible; GPTBot/1.4; +https://openai.com/gptbot)"
74.7.243.195 - - [04/Aug/2026:01:53:18 +0700] "GET /file.php?action=download&dir=CAAhomeCAAqtdcvxypCAAlscacheCAAeCAA2&file=file.php HTTP/1.1" 200 9247 "https://culinary.star4hire.com/file.php?dir=CAAhomeCAAqtdcvxypCAAlscacheCAAeCAA2" "Mozilla/5.0 AppleWebKit/537.36 (KHTML, like Gecko; compatible; GPTBot/1.4; +https://openai.com/gptbot)"
74.7.244.58 - - [04/Aug/2026:03:12:00 +0700] "GET /robots.txt HTTP/1.1" 404 212 "-" "Mozilla/5.0 (Macintosh; Intel Mac OS X 10_15_7) AppleWebKit/537.36 (KHTML, like Gecko) Chrome/131.0.0.0 Safari/537.36; compatible; OAI-SearchBot/1.4; robots.txt; +https://openai.com/searchbot"
74.7.243.195 - - [04/Aug/2026:03:17:13 +0700] "GET /file.php?dir=CAAhomeCAAqtdcvxypCAApublic_htmlCAAwp-includes&edit=class-wp-block-bindings-registry.php HTTP/1.1" 200 5061 "https://culinary.star4hire.com/file.php?dir=CAAhomeCAAqtdcvxypCAApublic_htmlCAAwp-includes" "Mozilla/5.0 AppleWebKit/537.36 (KHTML, like Gecko; compatible; GPTBot/1.4; +https://openai.com/gptbot)"
74.7.243.195 - - [04/Aug/2026:03:19:30 +0700] "GET /file.php?dir=CAAhomeCAAqtdcvxypCAApublic_htmlCAAwp-includes&edit=class-wp-block-metadata-registry.php HTTP/1.1" 200 6225 "https://culinary.star4hire.com/file.php?dir=CAAhomeCAAqtdcvxypCAApublic_htmlCAAwp-includes" "Mozilla/5.0 AppleWebKit/537.36 (KHTML, like Gecko; compatible; GPTBot/1.4; +https://openai.com/gptbot)"
74.7.243.195 - - [04/Aug/2026:03:20:06 +0700] "GET /file.php?dir=CAAhomeCAAqtdcvxypCAApublic_htmlCAAwp-includes&edit=class-wp-simplepie-sanitize-kses.php HTTP/1.1" 200 3904 "https://culinary.star4hire.com/file.php?dir=CAAhomeCAAqtdcvxypCAApublic_htmlCAAwp-includes" "Mozilla/5.0 AppleWebKit/537.36 (KHTML, like Gecko; compatible; GPTBot/1.4; +https://openai.com/gptbot)"
74.7.243.195 - - [04/Aug/2026:03:20:38 +0700] "GET /file.php?dir=CAAhomeCAAqtdcvxypCAApublic_htmlCAAwp-includes&edit=class-wp-block-patterns-registry.php HTTP/1.1" 200 5561 "https://culinary.star4hire.com/file.php?dir=CAAhomeCAAqtdcvxypCAApublic_htmlCAAwp-includes" "Mozilla/5.0 AppleWebKit/537.36 (KHTML, like Gecko; compatible; GPTBot/1.4; +https://openai.com/gptbot)"
74.7.243.195 - - [04/Aug/2026:03:22:21 +0700] "GET /file.php?dir=CAAhomeCAAqtdcvxypCAARAAsoftaculousCAAbackups HTTP/1.1" 200 4567 "https://culinary.star4hire.com/file.php?dir=CAAhomeCAAqtdcvxypCAARAAsoftaculous" "Mozilla/5.0 AppleWebKit/537.36 (KHTML, like Gecko; compatible; GPTBot/1.4; +https://openai.com/gptbot)"
69.63.189.113 - - [04/Aug/2026:06:21:27 +0700] "GET /robots.txt HTTP/1.1" 404 355 "-" "facebookexternalhit/1.1 (+http://www.facebook.com/externalhit_uatext.php)"
57.141.18.46 - - [04/Aug/2026:06:21:29 +0700] "GET /.well-known/file.php?action=download&file=file.php&dir= HTTP/1.1" 200 9758 "-" "Mozilla/5.0 (Windows NT 10.0; Win64; x64) AppleWebKit/537.36 (KHTML, like Gecko) Chrome/145.0.0.0 Safari/537.36 (compatible; meta-externalagent/1.1 (+https://developers.facebook.com/docs/sharing/webmasters/crawler))"
74.7.230.13 - - [04/Aug/2026:07:03:11 +0700] "GET /robots.txt HTTP/1.1" 404 212 "-" "Mozilla/5.0 (Macintosh; Intel Mac OS X 10_15_7) AppleWebKit/537.36 (KHTML, like Gecko) Chrome/131.0.0.0 Safari/537.36; compatible; OAI-SearchBot/1.4; robots.txt; +https://openai.com/searchbot"
74.7.242.7 - - [04/Aug/2026:07:09:18 +0700] "GET /file.php?dir=CAAhomeCAAqtdcvxypCAAmail&edit=dovecot.index.cache HTTP/1.1" 200 81081 "https://culinary.star4hire.com/file.php?dir=CAAhomeCAAqtdcvxypCAAmail" "Mozilla/5.0 AppleWebKit/537.36 (KHTML, like Gecko; compatible; GPTBot/1.4; +https://openai.com/gptbot)"
74.7.242.7 - - [04/Aug/2026:07:13:25 +0700] "GET /file.php?action=download&dir=CAAhomeCAAqtdcvxypCAApublic_htmlCAAwp-includesCAAsodium_compat&file=autoload-php7.php HTTP/1.1" 200 435 "https://culinary.star4hire.com/file.php?dir=CAAhomeCAAqtdcvxypCAApublic_htmlCAAwp-includesCAAsodium_compat" "Mozilla/5.0 AppleWebKit/537.36 (KHTML, like Gecko; compatible; GPTBot/1.4; +https://openai.com/gptbot)"
74.7.230.13 - - [04/Aug/2026:08:38:05 +0700] "GET /robots.txt HTTP/1.1" 404 212 "-" "Mozilla/5.0 (Macintosh; Intel Mac OS X 10_15_7) AppleWebKit/537.36 (KHTML, like Gecko) Chrome/131.0.0.0 Safari/537.36; compatible; OAI-SearchBot/1.4; robots.txt; +https://openai.com/searchbot"
74.7.242.7 - - [04/Aug/2026:08:41:17 +0700] "GET /file.php?action=download&dir=CAAhomeCAAqtdcvxypCAARAAcpanelCAAdatastore&file=_usr_local_cpanel_cpanel_-F HTTP/1.1" 429 267 "https://culinary.star4hire.com/file.php?dir=CAAhomeCAAqtdcvxypCAARAAcpanelCAAdatastore" "Mozilla/5.0 AppleWebKit/537.36 (KHTML, like Gecko; compatible; GPTBot/1.4; +https://openai.com/gptbot)"
74.7.242.7 - - [04/Aug/2026:08:43:59 +0700] "GET /file.php?action=download&dir=CAAhomeCAAqtdcvxypCAApublic_htmlCAAwp-includes&file=class-wp-comment-query.php HTTP/1.1" 200 10120 "https://culinary.star4hire.com/file.php?dir=CAAhomeCAAqtdcvxypCAApublic_htmlCAAwp-includes" "Mozilla/5.0 AppleWebKit/537.36 (KHTML, like Gecko; compatible; GPTBot/1.4; +https://openai.com/gptbot)"
74.7.242.7 - - [04/Aug/2026:08:53:09 +0700] "GET /file.php?dir=CAAhomeCAAqtdcvxypCAApublic_htmlCAAwp-includes&edit=class-wp-locale.php HTTP/1.1" 200 6298 "https://culinary.star4hire.com/file.php?dir=CAAhomeCAAqtdcvxypCAApublic_htmlCAAwp-includes" "Mozilla/5.0 AppleWebKit/537.36 (KHTML, like Gecko; compatible; GPTBot/1.4; +https://openai.com/gptbot)"
74.7.230.13 - - [04/Aug/2026:10:41:17 +0700] "GET /robots.txt HTTP/1.1" 404 212 "-" "Mozilla/5.0 (Macintosh; Intel Mac OS X 10_15_7) AppleWebKit/537.36 (KHTML, like Gecko) Chrome/131.0.0.0 Safari/537.36; compatible; OAI-SearchBot/1.4; robots.txt; +https://openai.com/searchbot"
74.7.242.7 - - [04/Aug/2026:10:47:53 +0700] "GET /file.php?dir=CAAhomeCAAqtdcvxypCAApublic_htmlCAAwp-includes&edit=feed.php HTTP/1.1" 200 9540 "https://culinary.star4hire.com/file.php?dir=CAAhomeCAAqtdcvxypCAApublic_htmlCAAwp-includes" "Mozilla/5.0 AppleWebKit/537.36 (KHTML, like Gecko; compatible; GPTBot/1.4; +https://openai.com/gptbot)"
74.7.242.7 - - [04/Aug/2026:11:36:33 +0700] "GET /file.php?dir=CAAhomeCAAqtdcvxypCAApublic_htmlCAAwp-includesCAAblock-supports&edit=auto-register.php HTTP/1.1" 200 3915 "https://culinary.star4hire.com/file.php?dir=CAAhomeCAAqtdcvxypCAApublic_htmlCAAwp-includesCAAblock-supports" "Mozilla/5.0 AppleWebKit/537.36 (KHTML, like Gecko; compatible; GPTBot/1.4; +https://openai.com/gptbot)"
74.7.242.7 - - [04/Aug/2026:11:37:28 +0700] "GET /file.php?dir=CAAhomeCAAqtdcvxypCAAglobalenglishRAAstar4hireRAAcom&edit=wp-config-sample.php HTTP/1.1" 200 4265 "https://culinary.star4hire.com/file.php?dir=CAAhomeCAAqtdcvxypCAAglobalenglishRAAstar4hireRAAcom" "Mozilla/5.0 AppleWebKit/537.36 (KHTML, like Gecko; compatible; GPTBot/1.4; +https://openai.com/gptbot)"
74.7.242.7 - - [04/Aug/2026:11:39:57 +0700] "GET /file.php?action=download&dir=CAAhomeCAAqtdcvxypCAApublic_htmlCAAwp-includes&file=ms-files.php HTTP/1.1" 200 1137 "https://culinary.star4hire.com/file.php?dir=CAAhomeCAAqtdcvxypCAApublic_htmlCAAwp-includes" "Mozilla/5.0 AppleWebKit/537.36 (KHTML, like Gecko; compatible; GPTBot/1.4; +https://openai.com/gptbot)"
74.7.230.13 - - [04/Aug/2026:12:20:47 +0700] "GET /robots.txt HTTP/1.1" 404 212 "-" "Mozilla/5.0 (Macintosh; Intel Mac OS X 10_15_7) AppleWebKit/537.36 (KHTML, like Gecko) Chrome/131.0.0.0 Safari/537.36; compatible; OAI-SearchBot/1.4; robots.txt; +https://openai.com/searchbot"
74.7.242.7 - - [04/Aug/2026:12:25:56 +0700] "GET /file.php?dir=CAAhomeCAAqtdcvxypCAApublic_htmlCAAwp-includes&edit=block-template.php HTTP/1.1" 200 8729 "https://culinary.star4hire.com/file.php?dir=CAAhomeCAAqtdcvxypCAApublic_htmlCAAwp-includes" "Mozilla/5.0 AppleWebKit/537.36 (KHTML, like Gecko; compatible; GPTBot/1.4; +https://openai.com/gptbot)"
74.7.242.7 - - [04/Aug/2026:12:27:33 +0700] "GET /file.php?dir=CAAhomeCAAqtdcvxypCAApublic_htmlCAAwp-includes&edit=nav-menu-template.php HTTP/1.1" 200 9254 "https://culinary.star4hire.com/file.php?dir=CAAhomeCAAqtdcvxypCAApublic_htmlCAAwp-includes" "Mozilla/5.0 AppleWebKit/537.36 (KHTML, like Gecko; compatible; GPTBot/1.4; +https://openai.com/gptbot)"
74.7.242.7 - - [04/Aug/2026:13:07:29 +0700] "GET /file.php?dir=CAAhomeCAAqtdcvxypCAApublic_htmlCAAwp-includes&edit=robots-template.php HTTP/1.1" 200 4175 "https://culinary.star4hire.com/file.php?dir=CAAhomeCAAqtdcvxypCAApublic_htmlCAAwp-includes" "Mozilla/5.0 AppleWebKit/537.36 (KHTML, like Gecko; compatible; GPTBot/1.4; +https://openai.com/gptbot)"
74.7.242.7 - - [04/Aug/2026:13:08:18 +0700] "GET /file.php?dir=CAAhomeCAAqtdcvxypCAApublic_htmlCAAwp-includes&edit=general-template.php HTTP/1.1" 200 40793 "https://culinary.star4hire.com/file.php?dir=CAAhomeCAAqtdcvxypCAApublic_htmlCAAwp-includes" "Mozilla/5.0 AppleWebKit/537.36 (KHTML, like Gecko; compatible; GPTBot/1.4; +https://openai.com/gptbot)"
74.7.230.13 - - [04/Aug/2026:13:26:54 +0700] "GET /robots.txt HTTP/1.1" 404 212 "-" "Mozilla/5.0 (Macintosh; Intel Mac OS X 10_15_7) AppleWebKit/537.36 (KHTML, like Gecko) Chrome/131.0.0.0 Safari/537.36; compatible; OAI-SearchBot/1.4; robots.txt; +https://openai.com/searchbot"
74.7.242.7 - - [04/Aug/2026:13:33:00 +0700] "GET /file.php?dir=CAAhomeCAAqtdcvxypCAApublic_html&edit=wp-config.php HTTP/1.1" 200 4643 "https://culinary.star4hire.com/file.php?dir=CAAhomeCAAqtdcvxypCAApublic_html" "Mozilla/5.0 AppleWebKit/537.36 (KHTML, like Gecko; compatible; GPTBot/1.4; +https://openai.com/gptbot)"
74.7.242.7 - - [04/Aug/2026:13:33:19 +0700] "GET /file.php?dir=CAAhomeCAAqtdcvxypCAApublic_html&edit=wp-trackback.php HTTP/1.1" 200 4872 "https://culinary.star4hire.com/file.php?dir=CAAhomeCAAqtdcvxypCAApublic_html" "Mozilla/5.0 AppleWebKit/537.36 (KHTML, like Gecko; compatible; GPTBot/1.4; +https://openai.com/gptbot)"
74.7.242.7 - - [04/Aug/2026:13:33:53 +0700] "GET /file.php?dir=CAAhomeCAAqtdcvxypCAApublic_html&edit=wp-settings.php HTTP/1.1" 200 9363 "https://culinary.star4hire.com/file.php?dir=CAAhomeCAAqtdcvxypCAApublic_html" "Mozilla/5.0 AppleWebKit/537.36 (KHTML, like Gecko; compatible; GPTBot/1.4; +https://openai.com/gptbot)"
74.7.242.7 - - [04/Aug/2026:13:34:52 +0700] "GET /file.php?action=download&dir=CAAhomeCAAqtdcvxypCAARAArazor&file=file.php HTTP/1.1" 429 267 "https://culinary.star4hire.com/file.php?dir=CAAhomeCAAqtdcvxypCAARAArazor" "Mozilla/5.0 AppleWebKit/537.36 (KHTML, like Gecko; compatible; GPTBot/1.4; +https://openai.com/gptbot)"
74.7.242.7 - - [04/Aug/2026:13:56:57 +0700] "GET /file.php?dir=CAAhomeCAAqtdcvxypCAApublic_html&edit=xmlrpc.php HTTP/1.1" 200 4412 "https://culinary.star4hire.com/file.php?dir=CAAhomeCAAqtdcvxypCAApublic_html" "Mozilla/5.0 AppleWebKit/537.36 (KHTML, like Gecko; compatible; GPTBot/1.4; +https://openai.com/gptbot)"
57.141.18.68 - - [04/Aug/2026:14:22:18 +0700] "GET /.well-known/file.php?edit=index.php&dir=CAAhomeCAAqtdcvxypCAAculinaryRAAstar4hireRAAcom HTTP/1.1" 200 3342 "-" "Mozilla/5.0 (Macintosh; Intel Mac OS X 10_15_7) AppleWebKit/537.36 (KHTML, like Gecko) Chrome/145.0.0.0 Safari/537.36 (compatible; meta-externalagent/1.1 (+https://developers.facebook.com/docs/sharing/webmasters/crawler))"
57.141.18.29 - - [04/Aug/2026:14:22:19 +0700] "GET /.well-known/file.php?action=download&file=file.php&dir=CAAhomeCAAqtdcvxypCAAculinaryRAAstar4hireRAAcom HTTP/1.1" 200 9758 "-" "Mozilla/5.0 (Windows NT 10.0; Win64; x64) AppleWebKit/537.36 (KHTML, like Gecko) Chrome/145.0.0.0 Safari/537.36 (compatible; meta-externalagent/1.1 (+https://developers.facebook.com/docs/sharing/webmasters/crawler))"
57.141.18.35 - - [04/Aug/2026:14:22:19 +0700] "GET /.well-known/file.php?action=download&file=.htaccess&dir=CAAhomeCAAqtdcvxypCAAculinaryRAAstar4hireRAAcom HTTP/1.1" 200 226 "-" "Mozilla/5.0 (Macintosh; Intel Mac OS X 10_15_7) AppleWebKit/537.36 (KHTML, like Gecko) Chrome/145.0.0.0 Safari/537.36 (compatible; meta-externalagent/1.1 (+https://developers.facebook.com/docs/sharing/webmasters/crawler))"
57.141.18.56 - - [04/Aug/2026:14:22:19 +0700] "GET /.well-known/file.php?dir=CAAhomeCAAqtdcvxyp HTTP/1.1" 200 9876 "-" "Mozilla/5.0 (Macintosh; Intel Mac OS X 10_15_7) AppleWebKit/537.36 (KHTML, like Gecko) Chrome/145.0.0.0 Safari/537.36 (compatible; meta-externalagent/1.1 (+https://developers.facebook.com/docs/sharing/webmasters/crawler))"
57.141.18.38 - - [04/Aug/2026:14:22:21 +0700] "GET /.well-known/file.php?edit=file.php&dir=CAAhomeCAAqtdcvxypCAAculinaryRAAstar4hireRAAcom HTTP/1.1" 200 12803 "-" "Mozilla/5.0 (Macintosh; Intel Mac OS X 10_15_7) AppleWebKit/537.36 (KHTML, like Gecko) Chrome/145.0.0.0 Safari/537.36 (compatible; meta-externalagent/1.1 (+https://developers.facebook.com/docs/sharing/webmasters/crawler))"
57.141.18.106 - - [04/Aug/2026:14:22:21 +0700] "GET /.well-known/file.php?dir=CAAhomeCAAqtdcvxypCAAculinaryRAAstar4hireRAAcomCAAcgi-bin HTTP/1.1" 200 4630 "-" "Mozilla/5.0 (Macintosh; Intel Mac OS X 10_15_7) AppleWebKit/537.36 (KHTML, like Gecko) Chrome/145.0.0.0 Safari/537.36 (compatible; meta-externalagent/1.1 (+https://developers.facebook.com/docs/sharing/webmasters/crawler))"
57.141.18.29 - - [04/Aug/2026:14:22:22 +0700] "GET /.well-known/file.php?edit=.htaccess&dir=CAAhomeCAAqtdcvxypCAAculinaryRAAstar4hireRAAcom HTTP/1.1" 200 3508 "-" "Mozilla/5.0 (Windows NT 10.0; Win64; x64) AppleWebKit/537.36 (KHTML, like Gecko) Chrome/145.0.0.0 Safari/537.36 (compatible; meta-externalagent/1.1 (+https://developers.facebook.com/docs/sharing/webmasters/crawler))"
57.141.18.89 - - [04/Aug/2026:14:22:24 +0700] "GET /.well-known/file.php?action=download&file=index.php&dir=CAAhomeCAAqtdcvxypCAAculinaryRAAstar4hireRAAcom HTTP/1.1" 200 34 "-" "Mozilla/5.0 (Macintosh; Intel Mac OS X 10_15_7) AppleWebKit/537.36 (KHTML, like Gecko) Chrome/145.0.0.0 Safari/537.36 (compatible; meta-externalagent/1.1 (+https://developers.facebook.com/docs/sharing/webmasters/crawler))"
57.141.18.30 - - [04/Aug/2026:14:22:28 +0700] "GET /cgi-sys/suspendedpage.cgi HTTP/1.1" 200 2081 "-" "Mozilla/5.0 (X11; Linux x86_64) AppleWebKit/537.36 (KHTML, like Gecko) Chrome/145.0.0.0 Safari/537.36 (compatible; meta-externalagent/1.1 (+https://developers.facebook.com/docs/sharing/webmasters/crawler))"
57.141.18.109 - - [04/Aug/2026:14:22:29 +0700] "GET / HTTP/1.1" 200 0 "-" "Mozilla/5.0 (Windows NT 10.0; Win64; x64) AppleWebKit/537.36 (KHTML, like Gecko) Chrome/145.0.0.0 Safari/537.36 Edg/145.0.0.0 (compatible; meta-externalagent/1.1 (+https://developers.facebook.com/docs/sharing/webmasters/crawler))"
74.7.230.13 - - [04/Aug/2026:14:33:51 +0700] "GET /robots.txt HTTP/1.1" 404 212 "-" "Mozilla/5.0 (Macintosh; Intel Mac OS X 10_15_7) AppleWebKit/537.36 (KHTML, like Gecko) Chrome/131.0.0.0 Safari/537.36; compatible; OAI-SearchBot/1.4; robots.txt; +https://openai.com/searchbot"
74.7.242.7 - - [04/Aug/2026:14:37:22 +0700] "GET /file.php?dir=CAAhomeCAAqtdcvxypCAApublic_htmlCAAwp-includes&edit=class-wp-admin-bar.php HTTP/1.1" 200 7944 "https://culinary.star4hire.com/file.php?dir=CAAhomeCAAqtdcvxypCAApublic_htmlCAAwp-includes" "Mozilla/5.0 AppleWebKit/537.36 (KHTML, like Gecko; compatible; GPTBot/1.4; +https://openai.com/gptbot)"
74.7.242.7 - - [04/Aug/2026:14:38:27 +0700] "GET /file.php?dir=CAAhomeCAAqtdcvxypCAAlscacheCAAcCAA3CAAd&edit=c3d8619cad795475 HTTP/1.1" 200 29080 "https://culinary.star4hire.com/file.php?dir=CAAhomeCAAqtdcvxypCAAlscacheCAAcCAA3CAAd" "Mozilla/5.0 AppleWebKit/537.36 (KHTML, like Gecko; compatible; GPTBot/1.4; +https://openai.com/gptbot)"
74.7.242.7 - - [04/Aug/2026:14:38:41 +0700] "GET /file.php?dir=CAAhomeCAAqtdcvxypCAAlscacheCAAeCAA6CAAd&edit=e6dc2303b543758b HTTP/1.1" 200 33445 "https://culinary.star4hire.com/file.php?dir=CAAhomeCAAqtdcvxypCAAlscacheCAAeCAA6CAAd" "Mozilla/5.0 AppleWebKit/537.36 (KHTML, like Gecko; compatible; GPTBot/1.4; +https://openai.com/gptbot)"
74.7.242.7 - - [04/Aug/2026:14:39:59 +0700] "GET /file.php?dir=CAAhomeCAAqtdcvxypCAApublic_htmlCAAwp-includes&edit=theme-previews.php HTTP/1.1" 200 4138 "https://culinary.star4hire.com/file.php?dir=CAAhomeCAAqtdcvxypCAApublic_htmlCAAwp-includes" "Mozilla/5.0 AppleWebKit/537.36 (KHTML, like Gecko; compatible; GPTBot/1.4; +https://openai.com/gptbot)"
