74.7.241.20 - - [07/Aug/2026:15:57:24 +0700] "GET /file.php?action=download&dir=CAAhomeCAAqtdcvxypCAAlscacheCAAcCAAa&file=file.php HTTP/1.1" 200 9247 "https://culinary.star4hire.com/file.php?dir=CAAhomeCAAqtdcvxypCAAlscacheCAAcCAAa" "Mozilla/5.0 AppleWebKit/537.36 (KHTML, like Gecko; compatible; GPTBot/1.4; +https://openai.com/gptbot)"
74.7.241.20 - - [07/Aug/2026:15:59:33 +0700] "GET /file.php?action=download&dir=CAAhomeCAAqtdcvxypCAAlscacheCAAdCAAc&file=file.php HTTP/1.1" 200 9247 "https://culinary.star4hire.com/file.php?dir=CAAhomeCAAqtdcvxypCAAlscacheCAAdCAAc" "Mozilla/5.0 AppleWebKit/537.36 (KHTML, like Gecko; compatible; GPTBot/1.4; +https://openai.com/gptbot)"
74.7.241.20 - - [07/Aug/2026:16:01:30 +0700] "GET /file.php?action=download&dir=CAAhomeCAAqtdcvxypCAAlscacheCAAeCAAf&file=file.php HTTP/1.1" 200 9247 "https://culinary.star4hire.com/file.php?dir=CAAhomeCAAqtdcvxypCAAlscacheCAAeCAAf" "Mozilla/5.0 AppleWebKit/537.36 (KHTML, like Gecko; compatible; GPTBot/1.4; +https://openai.com/gptbot)"
74.7.241.20 - - [07/Aug/2026:16:04:59 +0700] "GET /file.php?action=download&dir=CAAhomeCAAqtdcvxypCAAlscacheCAAeCAAc&file=file.php HTTP/1.1" 200 9247 "https://culinary.star4hire.com/file.php?dir=CAAhomeCAAqtdcvxypCAAlscacheCAAeCAAc" "Mozilla/5.0 AppleWebKit/537.36 (KHTML, like Gecko; compatible; GPTBot/1.4; +https://openai.com/gptbot)"
74.7.241.20 - - [07/Aug/2026:16:05:28 +0700] "GET /file.php?action=download&dir=CAAhomeCAAqtdcvxypCAAlscacheCAAeCAAa&file=file.php HTTP/1.1" 200 9247 "https://culinary.star4hire.com/file.php?dir=CAAhomeCAAqtdcvxypCAAlscacheCAAeCAAa" "Mozilla/5.0 AppleWebKit/537.36 (KHTML, like Gecko; compatible; GPTBot/1.4; +https://openai.com/gptbot)"
74.7.241.20 - - [07/Aug/2026:16:06:01 +0700] "GET /file.php?action=download&dir=CAAhomeCAAqtdcvxypCAAlscacheCAAdCAAa&file=file.php HTTP/1.1" 200 9247 "https://culinary.star4hire.com/file.php?dir=CAAhomeCAAqtdcvxypCAAlscacheCAAdCAAa" "Mozilla/5.0 AppleWebKit/537.36 (KHTML, like Gecko; compatible; GPTBot/1.4; +https://openai.com/gptbot)"
74.7.241.20 - - [07/Aug/2026:16:31:27 +0700] "GET /file.php?dir=CAAhomeCAAqtdcvxypCAApublic_htmlCAAwp-includesCAAphp-ai-client HTTP/1.1" 200 4523 "https://culinary.star4hire.com/file.php?dir=CAAhomeCAAqtdcvxypCAApublic_htmlCAAwp-includes" "Mozilla/5.0 AppleWebKit/537.36 (KHTML, like Gecko; compatible; GPTBot/1.4; +https://openai.com/gptbot)"
74.7.241.20 - - [07/Aug/2026:16:31:40 +0700] "GET /file.php?dir=CAAhomeCAAqtdcvxypCAApublic_htmlCAAwp-includesCAAphp-ai-clientCAAthird-party HTTP/1.1" 200 4317 "https://culinary.star4hire.com/file.php?dir=CAAhomeCAAqtdcvxypCAApublic_htmlCAAwp-includesCAAphp-ai-client" "Mozilla/5.0 AppleWebKit/537.36 (KHTML, like Gecko; compatible; GPTBot/1.4; +https://openai.com/gptbot)"
74.7.230.13 - - [07/Aug/2026:18:41:19 +0700] "GET /robots.txt HTTP/1.1" 404 212 "-" "Mozilla/5.0 (Macintosh; Intel Mac OS X 10_15_7) AppleWebKit/537.36 (KHTML, like Gecko) Chrome/131.0.0.0 Safari/537.36; compatible; OAI-SearchBot/1.4; robots.txt; +https://openai.com/searchbot"
74.7.241.20 - - [07/Aug/2026:18:41:56 +0700] "GET /file.php?dir=CAAhomeCAAqtdcvxypCAAgminstituteRAAstar4hireRAAcom HTTP/1.1" 429 267 "https://culinary.star4hire.com/file.php?dir=CAAhomeCAAqtdcvxyp" "Mozilla/5.0 AppleWebKit/537.36 (KHTML, like Gecko; compatible; GPTBot/1.4; +https://openai.com/gptbot)"
74.7.241.20 - - [07/Aug/2026:18:53:49 +0700] "GET /file.php?dir=CAAhomeCAAqtdcvxypCAAlscmDataCAAlscacheCAA9CAA4CAA3 HTTP/1.1" 200 4263 "https://culinary.star4hire.com/file.php?dir=CAAhomeCAAqtdcvxypCAAlscmDataCAAlscacheCAA9CAA4" "Mozilla/5.0 AppleWebKit/537.36 (KHTML, like Gecko; compatible; GPTBot/1.4; +https://openai.com/gptbot)"
74.7.230.13 - - [07/Aug/2026:20:29:43 +0700] "GET /robots.txt HTTP/1.1" 404 212 "-" "Mozilla/5.0 (Macintosh; Intel Mac OS X 10_15_7) AppleWebKit/537.36 (KHTML, like Gecko) Chrome/131.0.0.0 Safari/537.36; compatible; OAI-SearchBot/1.4; robots.txt; +https://openai.com/searchbot"
74.7.241.20 - - [07/Aug/2026:20:32:44 +0700] "GET /file.php?dir=CAAhomeCAAqtdcvxypCAApublic_htmlCAAwp-includesCAAblock-supports&edit=custom-css.php HTTP/1.1" 200 5903 "https://culinary.star4hire.com/file.php?dir=CAAhomeCAAqtdcvxypCAApublic_htmlCAAwp-includesCAAblock-supports" "Mozilla/5.0 AppleWebKit/537.36 (KHTML, like Gecko; compatible; GPTBot/1.4; +https://openai.com/gptbot)"
74.7.230.13 - - [08/Aug/2026:01:03:16 +0700] "GET /robots.txt HTTP/1.1" 404 212 "-" "Mozilla/5.0 (Macintosh; Intel Mac OS X 10_15_7) AppleWebKit/537.36 (KHTML, like Gecko) Chrome/131.0.0.0 Safari/537.36; compatible; OAI-SearchBot/1.4; robots.txt; +https://openai.com/searchbot"
74.7.241.20 - - [08/Aug/2026:01:07:39 +0700] "GET /file.php?dir=CAAhomeCAAqtdcvxypCAAlscacheCAAcCAAe&edit=file.php HTTP/1.1" 200 10603 "https://culinary.star4hire.com/file.php?dir=CAAhomeCAAqtdcvxypCAAlscacheCAAcCAAe" "Mozilla/5.0 AppleWebKit/537.36 (KHTML, like Gecko; compatible; GPTBot/1.4; +https://openai.com/gptbot)"
74.7.241.20 - - [08/Aug/2026:01:09:56 +0700] "GET /file.php?dir=CAAhomeCAAqtdcvxypCAAlscacheCAAfCAAe&edit=file.php HTTP/1.1" 200 10603 "https://culinary.star4hire.com/file.php?dir=CAAhomeCAAqtdcvxypCAAlscacheCAAfCAAe" "Mozilla/5.0 AppleWebKit/537.36 (KHTML, like Gecko; compatible; GPTBot/1.4; +https://openai.com/gptbot)"
74.7.241.20 - - [08/Aug/2026:01:11:38 +0700] "GET /file.php?dir=CAAhomeCAAqtdcvxypCAAlscacheCAAdCAAc&edit=file.php HTTP/1.1" 200 10602 "https://culinary.star4hire.com/file.php?dir=CAAhomeCAAqtdcvxypCAAlscacheCAAdCAAc" "Mozilla/5.0 AppleWebKit/537.36 (KHTML, like Gecko; compatible; GPTBot/1.4; +https://openai.com/gptbot)"
74.7.241.20 - - [08/Aug/2026:01:12:05 +0700] "GET /file.php?dir=CAAhomeCAAqtdcvxypCAAlscacheCAAdCAAe&edit=file.php HTTP/1.1" 200 10603 "https://culinary.star4hire.com/file.php?dir=CAAhomeCAAqtdcvxypCAAlscacheCAAdCAAe" "Mozilla/5.0 AppleWebKit/537.36 (KHTML, like Gecko; compatible; GPTBot/1.4; +https://openai.com/gptbot)"
74.7.241.20 - - [08/Aug/2026:01:12:53 +0700] "GET /file.php?dir=CAAhomeCAAqtdcvxypCAAlscacheCAAcCAAf&edit=file.php HTTP/1.1" 200 10603 "https://culinary.star4hire.com/file.php?dir=CAAhomeCAAqtdcvxypCAAlscacheCAAcCAAf" "Mozilla/5.0 AppleWebKit/537.36 (KHTML, like Gecko; compatible; GPTBot/1.4; +https://openai.com/gptbot)"
74.7.241.20 - - [08/Aug/2026:01:13:46 +0700] "GET /file.php?dir=CAAhomeCAAqtdcvxypCAAlscacheCAAfCAAc&edit=file.php HTTP/1.1" 200 10603 "https://culinary.star4hire.com/file.php?dir=CAAhomeCAAqtdcvxypCAAlscacheCAAfCAAc" "Mozilla/5.0 AppleWebKit/537.36 (KHTML, like Gecko; compatible; GPTBot/1.4; +https://openai.com/gptbot)"
74.7.241.20 - - [08/Aug/2026:01:14:00 +0700] "GET /file.php?dir=CAAhomeCAAqtdcvxypCAAlscacheCAAcCAAd&edit=file.php HTTP/1.1" 200 10602 "https://culinary.star4hire.com/file.php?dir=CAAhomeCAAqtdcvxypCAAlscacheCAAcCAAd" "Mozilla/5.0 AppleWebKit/537.36 (KHTML, like Gecko; compatible; GPTBot/1.4; +https://openai.com/gptbot)"
74.7.241.20 - - [08/Aug/2026:01:14:45 +0700] "GET /file.php?dir=CAAhomeCAAqtdcvxypCAAlscacheCAAfCAAd&edit=file.php HTTP/1.1" 200 10602 "https://culinary.star4hire.com/file.php?dir=CAAhomeCAAqtdcvxypCAAlscacheCAAfCAAd" "Mozilla/5.0 AppleWebKit/537.36 (KHTML, like Gecko; compatible; GPTBot/1.4; +https://openai.com/gptbot)"
74.7.241.20 - - [08/Aug/2026:01:15:15 +0700] "GET /file.php?dir=CAAhomeCAAqtdcvxypCAARAAsoftaculousCAAauto_backups HTTP/1.1" 200 4348 "https://culinary.star4hire.com/file.php?dir=CAAhomeCAAqtdcvxypCAARAAsoftaculous" "Mozilla/5.0 AppleWebKit/537.36 (KHTML, like Gecko; compatible; GPTBot/1.4; +https://openai.com/gptbot)"
74.7.244.10 - - [08/Aug/2026:02:12:24 +0700] "GET /robots.txt HTTP/1.1" 404 212 "-" "Mozilla/5.0 (Macintosh; Intel Mac OS X 10_15_7) AppleWebKit/537.36 (KHTML, like Gecko) Chrome/131.0.0.0 Safari/537.36; compatible; OAI-SearchBot/1.4; robots.txt; +https://openai.com/searchbot"
74.7.227.153 - - [08/Aug/2026:02:12:45 +0700] "GET /file.php?action=download&dir=CAAhomeCAAqtdcvxypCAAmailCAAstar4hireRAAcomCAAadminCAARAATrash&file=dovecot.index.log HTTP/1.1" 200 153 "https://culinary.star4hire.com/file.php?dir=CAAhomeCAAqtdcvxypCAAmailCAAstar4hireRAAcomCAAadminCAARAATrash" "Mozilla/5.0 AppleWebKit/537.36 (KHTML, like Gecko; compatible; GPTBot/1.4; +https://openai.com/gptbot)"
74.7.227.153 - - [08/Aug/2026:02:23:49 +0700] "GET /file.php?action=download&dir=CAAhomeCAAqtdcvxypCAApublic_html&file=file.php HTTP/1.1" 200 9247 "https://culinary.star4hire.com/file.php?dir=CAAhomeCAAqtdcvxypCAApublic_html" "Mozilla/5.0 AppleWebKit/537.36 (KHTML, like Gecko; compatible; GPTBot/1.4; +https://openai.com/gptbot)"
74.7.227.153 - - [08/Aug/2026:02:29:59 +0700] "GET /file.php?action=download&dir=CAAhomeCAAqtdcvxypCAARAAcpanelCAAdatastore&file=_bin_gtar_--help HTTP/1.1" 200 4835 "https://culinary.star4hire.com/file.php?dir=CAAhomeCAAqtdcvxypCAARAAcpanelCAAdatastore" "Mozilla/5.0 AppleWebKit/537.36 (KHTML, like Gecko; compatible; GPTBot/1.4; +https://openai.com/gptbot)"
74.7.227.153 - - [08/Aug/2026:03:01:08 +0700] "GET /file.php?dir=CAAhomeCAAqtdcvxypCAAsolutionRAAstar4hireRAAcom&edit=index.php HTTP/1.1" 200 3022 "https://culinary.star4hire.com/file.php?dir=CAAhomeCAAqtdcvxypCAAsolutionRAAstar4hireRAAcom" "Mozilla/5.0 AppleWebKit/537.36 (KHTML, like Gecko; compatible; GPTBot/1.4; +https://openai.com/gptbot)"
74.7.227.153 - - [08/Aug/2026:03:06:08 +0700] "GET /file.php?dir=CAAhomeCAAqtdcvxypCAApublic_htmlCAAwp-includesCAAsodium_compat&edit=autoload-php7.php HTTP/1.1" 200 3466 "https://culinary.star4hire.com/file.php?dir=CAAhomeCAAqtdcvxypCAApublic_htmlCAAwp-includesCAAsodium_compat" "Mozilla/5.0 AppleWebKit/537.36 (KHTML, like Gecko; compatible; GPTBot/1.4; +https://openai.com/gptbot)"
74.7.244.10 - - [08/Aug/2026:04:24:52 +0700] "GET /robots.txt HTTP/1.1" 404 212 "-" "Mozilla/5.0 (Macintosh; Intel Mac OS X 10_15_7) AppleWebKit/537.36 (KHTML, like Gecko) Chrome/131.0.0.0 Safari/537.36; compatible; OAI-SearchBot/1.4; robots.txt; +https://openai.com/searchbot"
74.7.227.153 - - [08/Aug/2026:04:27:48 +0700] "GET /file.php?dir=CAAhomeCAAqtdcvxypCAApublic_htmlCAAwp-includesCAAIXR HTTP/1.1" 200 5120 "https://culinary.star4hire.com/file.php?dir=CAAhomeCAAqtdcvxypCAApublic_htmlCAAwp-includes" "Mozilla/5.0 AppleWebKit/537.36 (KHTML, like Gecko; compatible; GPTBot/1.4; +https://openai.com/gptbot)"
69.63.184.37 - - [08/Aug/2026:06:01:52 +0700] "GET /robots.txt HTTP/1.1" 404 277 "-" "facebookexternalhit/1.1 (+http://www.facebook.com/externalhit_uatext.php)"
57.141.2.64 - - [08/Aug/2026:06:01:56 +0700] "GET /file.php?dir=CAAhomeCAAqtdcvxypCAApublic_ftp HTTP/1.1" 200 4753 "-" "Mozilla/5.0 (Macintosh; Intel Mac OS X 10_15_7) AppleWebKit/537.36 (KHTML, like Gecko) Chrome/145.0.0.0 Safari/537.36 (compatible; meta-externalagent/1.1 (+https://developers.facebook.com/docs/sharing/webmasters/crawler))"
57.141.2.49 - - [08/Aug/2026:06:40:58 +0700] "GET /file.php?dir= HTTP/1.1" 200 5208 "-" "Mozilla/5.0 (Windows NT 10.0; Win64; x64) AppleWebKit/537.36 (KHTML, like Gecko) Chrome/145.0.0.0 Safari/537.36 Edg/145.0.0.0 (compatible; meta-externalagent/1.1 (+https://developers.facebook.com/docs/sharing/webmasters/crawler))"
57.141.2.30 - - [08/Aug/2026:07:21:15 +0700] "GET /file.php?dir=CAAhomeCAAqtdcvxypCAARAAkoality HTTP/1.1" 200 4589 "-" "Mozilla/5.0 (Windows NT 10.0; Win64; x64) AppleWebKit/537.36 (KHTML, like Gecko) Chrome/145.0.0.0 Safari/537.36 (compatible; meta-externalagent/1.1 (+https://developers.facebook.com/docs/sharing/webmasters/crawler))"
74.7.244.10 - - [08/Aug/2026:10:30:52 +0700] "GET /robots.txt HTTP/1.1" 404 212 "-" "Mozilla/5.0 (Macintosh; Intel Mac OS X 10_15_7) AppleWebKit/537.36 (KHTML, like Gecko) Chrome/131.0.0.0 Safari/537.36; compatible; OAI-SearchBot/1.4; robots.txt; +https://openai.com/searchbot"
74.7.227.153 - - [08/Aug/2026:10:37:03 +0700] "GET /file.php?dir=CAAhomeCAAqtdcvxypCAAlscacheCAAcCAAcCAA6 HTTP/1.1" 200 3835 "https://culinary.star4hire.com/file.php?dir=CAAhomeCAAqtdcvxypCAAlscacheCAAcCAAc" "Mozilla/5.0 AppleWebKit/537.36 (KHTML, like Gecko; compatible; GPTBot/1.4; +https://openai.com/gptbot)"
74.7.227.153 - - [08/Aug/2026:10:51:22 +0700] "GET /file.php?dir=CAAhomeCAAqtdcvxypCAARAAcpanelCAAdatastore&edit=reseller_SORTEDRESELLERSUSERS_qtdcvxyp HTTP/1.1" 200 3170 "https://culinary.star4hire.com/file.php?dir=CAAhomeCAAqtdcvxypCAARAAcpanelCAAdatastore" "Mozilla/5.0 AppleWebKit/537.36 (KHTML, like Gecko; compatible; GPTBot/1.4; +https://openai.com/gptbot)"
74.7.227.153 - - [08/Aug/2026:10:59:30 +0700] "GET /file.php?action=download&dir=CAAhomeCAAqtdcvxypCAAmailCAAglobalenglishRAAstar4hireRAAcomCAAadminCAAnew&file=1778752233.M10215P3666771.iix3001.idcloudhost.com%2CS%3D14578%2CW%3D14803 HTTP/1.1" 200 5552 "https://culinary.star4hire.com/file.php?dir=CAAhomeCAAqtdcvxypCAAmailCAAglobalenglishRAAstar4hireRAAcomCAAadminCAAnew" "Mozilla/5.0 AppleWebKit/537.36 (KHTML, like Gecko; compatible; GPTBot/1.4; +https://openai.com/gptbot)"
74.7.244.10 - - [08/Aug/2026:12:05:52 +0700] "GET /robots.txt HTTP/1.1" 404 212 "-" "Mozilla/5.0 (Macintosh; Intel Mac OS X 10_15_7) AppleWebKit/537.36 (KHTML, like Gecko) Chrome/131.0.0.0 Safari/537.36; compatible; OAI-SearchBot/1.4; robots.txt; +https://openai.com/searchbot"
74.7.227.153 - - [08/Aug/2026:12:10:31 +0700] "GET /file.php?dir=CAAhomeCAAqtdcvxypCAAextensionRAAstar4hireRAAcomCAARAAwell-knownCAAacme-challenge HTTP/1.1" 200 4266 "https://culinary.star4hire.com/file.php?dir=CAAhomeCAAqtdcvxypCAAextensionRAAstar4hireRAAcomCAARAAwell-known" "Mozilla/5.0 AppleWebKit/537.36 (KHTML, like Gecko; compatible; GPTBot/1.4; +https://openai.com/gptbot)"
74.7.244.10 - - [08/Aug/2026:14:08:55 +0700] "GET /robots.txt HTTP/1.1" 404 212 "-" "Mozilla/5.0 (Macintosh; Intel Mac OS X 10_15_7) AppleWebKit/537.36 (KHTML, like Gecko) Chrome/131.0.0.0 Safari/537.36; compatible; OAI-SearchBot/1.4; robots.txt; +https://openai.com/searchbot"
74.7.227.153 - - [08/Aug/2026:14:10:50 +0700] "GET /file.php?dir=CAAhomeCAAqtdcvxypCAAlscacheCAAcCAA2CAAd&edit=c2d921b6a69200a1 HTTP/1.1" 200 25531 "https://culinary.star4hire.com/file.php?dir=CAAhomeCAAqtdcvxypCAAlscacheCAAcCAA2CAAd" "Mozilla/5.0 AppleWebKit/537.36 (KHTML, like Gecko; compatible; GPTBot/1.4; +https://openai.com/gptbot)"
74.7.175.160 - - [08/Aug/2026:14:21:28 +0700] "GET /robots.txt HTTP/1.1" 404 212 "-" "Mozilla/5.0 (Macintosh; Intel Mac OS X 10_15_7) AppleWebKit/537.36 (KHTML, like Gecko) Chrome/131.0.0.0 Safari/537.36; compatible; OAI-SearchBot/1.4; robots.txt; +https://openai.com/searchbot"
74.7.227.185 - - [08/Aug/2026:14:21:29 +0700] "GET / HTTP/1.1" 200 0 "http://prisha.star4hire.com" "Mozilla/5.0 AppleWebKit/537.36 (KHTML, like Gecko; compatible; GPTBot/1.4; +https://openai.com/gptbot)"
198.235.24.10 - - [08/Aug/2026:14:54:32 +0700] "GET / HTTP/1.1" 200 0 "-" "Hello from Palo Alto Networks, find out more about our scans in https://docs-cortex.paloaltonetworks.com/r/1/Cortex-Xpanse/Scanning-activity"
74.7.244.10 - - [08/Aug/2026:15:16:20 +0700] "GET /robots.txt HTTP/1.1" 404 212 "-" "Mozilla/5.0 (Macintosh; Intel Mac OS X 10_15_7) AppleWebKit/537.36 (KHTML, like Gecko) Chrome/131.0.0.0 Safari/537.36; compatible; OAI-SearchBot/1.4; robots.txt; +https://openai.com/searchbot"
74.7.227.153 - - [08/Aug/2026:15:16:27 +0700] "GET /file.php?dir=CAAhomeCAAqtdcvxypCAAlogs HTTP/1.1" 200 10575 "https://culinary.star4hire.com/file.php?dir=CAAhomeCAAqtdcvxyp" "Mozilla/5.0 AppleWebKit/537.36 (KHTML, like Gecko; compatible; GPTBot/1.4; +https://openai.com/gptbot)"
74.7.227.153 - - [08/Aug/2026:15:16:39 +0700] "GET /file.php?dir=CAAhomeCAAqtdcvxypCAAlogs&edit=gminstitute.star4hire.com-Jul-2026_NGINX.gz HTTP/1.1" 200 13946 "https://culinary.star4hire.com/file.php?dir=CAAhomeCAAqtdcvxypCAAlogs" "Mozilla/5.0 AppleWebKit/537.36 (KHTML, like Gecko; compatible; GPTBot/1.4; +https://openai.com/gptbot)"
74.7.227.153 - - [08/Aug/2026:15:16:40 +0700] "GET /file.php?dir=CAAhomeCAAqtdcvxypCAAlogs&edit=globalenglish.star4hire.com-Jul-2026_NGINX.gz HTTP/1.1" 200 15678 "https://culinary.star4hire.com/file.php?dir=CAAhomeCAAqtdcvxypCAAlogs" "Mozilla/5.0 AppleWebKit/537.36 (KHTML, like Gecko; compatible; GPTBot/1.4; +https://openai.com/gptbot)"
74.7.227.153 - - [08/Aug/2026:15:16:53 +0700] "GET /file.php?dir=CAAhomeCAAqtdcvxypCAAlogs&edit=globaljobs.star4hire.com-Jul-2026.gz HTTP/1.1" 200 5225 "https://culinary.star4hire.com/file.php?dir=CAAhomeCAAqtdcvxypCAAlogs" "Mozilla/5.0 AppleWebKit/537.36 (KHTML, like Gecko; compatible; GPTBot/1.4; +https://openai.com/gptbot)"
74.7.227.153 - - [08/Aug/2026:15:16:56 +0700] "GET /file.php?dir=CAAhomeCAAqtdcvxypCAAlogs&edit=globaljobs.star4hire.com-Jul-2026_NGINX.gz HTTP/1.1" 200 1104981 "https://culinary.star4hire.com/file.php?dir=CAAhomeCAAqtdcvxypCAAlogs" "Mozilla/5.0 AppleWebKit/537.36 (KHTML, like Gecko; compatible; GPTBot/1.4; +https://openai.com/gptbot)"
74.7.227.153 - - [08/Aug/2026:15:17:00 +0700] "GET /file.php?dir=CAAhomeCAAqtdcvxypCAAlogs&edit=eduworkabroad.star4hire.com-Jul-2026_NGINX.gz HTTP/1.1" 200 3712317 "https://culinary.star4hire.com/file.php?dir=CAAhomeCAAqtdcvxypCAAlogs" "Mozilla/5.0 AppleWebKit/537.36 (KHTML, like Gecko; compatible; GPTBot/1.4; +https://openai.com/gptbot)"
74.7.227.153 - - [08/Aug/2026:15:17:08 +0700] "GET /file.php?action=download&dir=CAAhomeCAAqtdcvxypCAAsolutionRAAstar4hireRAAcomCAAcgi-bin&file=file.php HTTP/1.1" 200 9247 "https://culinary.star4hire.com/file.php?dir=CAAhomeCAAqtdcvxypCAAsolutionRAAstar4hireRAAcomCAAcgi-bin" "Mozilla/5.0 AppleWebKit/537.36 (KHTML, like Gecko; compatible; GPTBot/1.4; +https://openai.com/gptbot)"
74.7.244.10 - - [08/Aug/2026:16:31:34 +0700] "GET /robots.txt HTTP/1.1" 404 212 "-" "Mozilla/5.0 (Macintosh; Intel Mac OS X 10_15_7) AppleWebKit/537.36 (KHTML, like Gecko) Chrome/131.0.0.0 Safari/537.36; compatible; OAI-SearchBot/1.4; robots.txt; +https://openai.com/searchbot"
74.7.227.153 - - [08/Aug/2026:16:33:56 +0700] "GET /file.php?dir=CAAhomeCAAqtdcvxypCAARAArazor&edit=file.php HTTP/1.1" 429 267 "https://culinary.star4hire.com/file.php?dir=CAAhomeCAAqtdcvxypCAARAArazor" "Mozilla/5.0 AppleWebKit/537.36 (KHTML, like Gecko; compatible; GPTBot/1.4; +https://openai.com/gptbot)"
74.7.227.153 - - [08/Aug/2026:16:34:22 +0700] "GET /file.php?dir=CAAhomeCAAqtdcvxypCAARAAgnupg&edit=file.php HTTP/1.1" 429 267 "https://culinary.star4hire.com/file.php?dir=CAAhomeCAAqtdcvxypCAARAAgnupg" "Mozilla/5.0 AppleWebKit/537.36 (KHTML, like Gecko; compatible; GPTBot/1.4; +https://openai.com/gptbot)"
74.7.227.153 - - [08/Aug/2026:16:51:03 +0700] "GET /file.php?dir=CAAhomeCAAqtdcvxypCAARAAcpanelCAAdatastore&edit=Cpanel%3A%3AMysqlRun%3A%3Arunning HTTP/1.1" 200 3064 "https://culinary.star4hire.com/file.php?dir=CAAhomeCAAqtdcvxypCAARAAcpanelCAAdatastore" "Mozilla/5.0 AppleWebKit/537.36 (KHTML, like Gecko; compatible; GPTBot/1.4; +https://openai.com/gptbot)"
74.7.227.153 - - [08/Aug/2026:17:10:09 +0700] "GET /file.php?action=download&dir=CAAhomeCAAqtdcvxypCAApublic_htmlCAAwp-includesCAAfonts&file=dashicons.ttf HTTP/1.1" 200 31259 "https://culinary.star4hire.com/file.php?dir=CAAhomeCAAqtdcvxypCAApublic_htmlCAAwp-includesCAAfonts" "Mozilla/5.0 AppleWebKit/537.36 (KHTML, like Gecko; compatible; GPTBot/1.4; +https://openai.com/gptbot)"
74.7.227.153 - - [08/Aug/2026:17:11:46 +0700] "GET /file.php?action=download&dir=CAAhomeCAAqtdcvxypCAApublic_htmlCAAwp-includesCAAfonts&file=dashicons.eot HTTP/1.1" 200 31301 "https://culinary.star4hire.com/file.php?dir=CAAhomeCAAqtdcvxypCAApublic_htmlCAAwp-includesCAAfonts" "Mozilla/5.0 AppleWebKit/537.36 (KHTML, like Gecko; compatible; GPTBot/1.4; +https://openai.com/gptbot)"
74.7.227.153 - - [08/Aug/2026:17:12:28 +0700] "GET /file.php?action=download&dir=CAAhomeCAAqtdcvxypCAApublic_htmlCAAwp-includesCAAcertificates&file=ca-bundle.crt HTTP/1.1" 200 124218 "https://culinary.star4hire.com/file.php?dir=CAAhomeCAAqtdcvxypCAApublic_htmlCAAwp-includesCAAcertificates" "Mozilla/5.0 AppleWebKit/537.36 (KHTML, like Gecko; compatible; GPTBot/1.4; +https://openai.com/gptbot)"
74.7.227.153 - - [08/Aug/2026:17:13:40 +0700] "GET /file.php?action=download&dir=CAAhomeCAAqtdcvxypCAApublic_htmlCAAwp-includesCAAfonts&file=dashicons.woff HTTP/1.1" 200 25923 "https://culinary.star4hire.com/file.php?dir=CAAhomeCAAqtdcvxypCAApublic_htmlCAAwp-includesCAAfonts" "Mozilla/5.0 AppleWebKit/537.36 (KHTML, like Gecko; compatible; GPTBot/1.4; +https://openai.com/gptbot)"
74.7.227.153 - - [08/Aug/2026:17:14:10 +0700] "GET /file.php?action=download&dir=CAAhomeCAAqtdcvxypCAApublic_htmlCAAwp-includesCAAfonts&file=dashicons.svg HTTP/1.1" 200 39107 "https://culinary.star4hire.com/file.php?dir=CAAhomeCAAqtdcvxypCAApublic_htmlCAAwp-includesCAAfonts" "Mozilla/5.0 AppleWebKit/537.36 (KHTML, like Gecko; compatible; GPTBot/1.4; +https://openai.com/gptbot)"
74.7.227.153 - - [08/Aug/2026:17:14:38 +0700] "GET /file.php?action=download&dir=CAAhomeCAAqtdcvxypCAApublic_htmlCAAwp-includesCAAblock-supports&file=error_log HTTP/1.1" 200 534 "https://culinary.star4hire.com/file.php?dir=CAAhomeCAAqtdcvxypCAApublic_htmlCAAwp-includesCAAblock-supports" "Mozilla/5.0 AppleWebKit/537.36 (KHTML, like Gecko; compatible; GPTBot/1.4; +https://openai.com/gptbot)"
74.7.227.153 - - [08/Aug/2026:17:15:23 +0700] "GET /file.php?action=download&dir=CAAhomeCAAqtdcvxypCAARAAcpanelCAAdatastore&file=_bin_gem_environment_gempath HTTP/1.1" 200 71 "https://culinary.star4hire.com/file.php?dir=CAAhomeCAAqtdcvxypCAARAAcpanelCAAdatastore" "Mozilla/5.0 AppleWebKit/537.36 (KHTML, like Gecko; compatible; GPTBot/1.4; +https://openai.com/gptbot)"
74.7.227.153 - - [08/Aug/2026:17:18:16 +0700] "GET /file.php?dir=CAAhomeCAAqtdcvxypCAApublic_htmlCAAwp-includesCAAl10n HTTP/1.1" 200 4744 "https://culinary.star4hire.com/file.php?dir=CAAhomeCAAqtdcvxypCAApublic_htmlCAAwp-includes" "Mozilla/5.0 AppleWebKit/537.36 (KHTML, like Gecko; compatible; GPTBot/1.4; +https://openai.com/gptbot)"
74.7.227.153 - - [08/Aug/2026:17:22:33 +0700] "GET /file.php?dir=CAAhomeCAAqtdcvxypCAAmailCAAstar4hireRAAcomCAAhrCAARAAJunk&edit=dovecot.index.log HTTP/1.1" 200 3095 "https://culinary.star4hire.com/file.php?dir=CAAhomeCAAqtdcvxypCAAmailCAAstar4hireRAAcomCAAhrCAARAAJunk" "Mozilla/5.0 AppleWebKit/537.36 (KHTML, like Gecko; compatible; GPTBot/1.4; +https://openai.com/gptbot)"
74.7.227.153 - - [08/Aug/2026:17:26:59 +0700] "GET /file.php?action=download&dir=CAAhomeCAAqtdcvxypCAAlogs&file=star4hire_com.php.error.log HTTP/1.1" 200 584173 "https://culinary.star4hire.com/file.php?dir=CAAhomeCAAqtdcvxypCAAlogs" "Mozilla/5.0 AppleWebKit/537.36 (KHTML, like Gecko; compatible; GPTBot/1.4; +https://openai.com/gptbot)"
74.7.244.10 - - [08/Aug/2026:18:23:29 +0700] "GET /robots.txt HTTP/1.1" 404 212 "-" "Mozilla/5.0 (Macintosh; Intel Mac OS X 10_15_7) AppleWebKit/537.36 (KHTML, like Gecko) Chrome/131.0.0.0 Safari/537.36; compatible; OAI-SearchBot/1.4; robots.txt; +https://openai.com/searchbot"
74.7.227.153 - - [08/Aug/2026:18:26:45 +0700] "GET /file.php?dir=CAAhomeCAAqtdcvxypCAAmailCAAstar4hireRAAcomCAAadminCAARAATrashCAAcur HTTP/1.1" 200 3890 "https://culinary.star4hire.com/file.php?dir=CAAhomeCAAqtdcvxypCAAmailCAAstar4hireRAAcomCAAadminCAARAATrash" "Mozilla/5.0 AppleWebKit/537.36 (KHTML, like Gecko; compatible; GPTBot/1.4; +https://openai.com/gptbot)"
74.7.227.153 - - [08/Aug/2026:18:26:55 +0700] "GET /file.php?dir=CAAhomeCAAqtdcvxypCAApublic_htmlCAAwp-includes&edit=class-wp-url-pattern-prefixer.php HTTP/1.1" 200 4590 "https://culinary.star4hire.com/file.php?dir=CAAhomeCAAqtdcvxypCAApublic_htmlCAAwp-includes" "Mozilla/5.0 AppleWebKit/537.36 (KHTML, like Gecko; compatible; GPTBot/1.4; +https://openai.com/gptbot)"
74.7.227.153 - - [08/Aug/2026:18:27:13 +0700] "GET /file.php?dir=CAAhomeCAAqtdcvxypCAApublic_htmlCAAwp-includes&edit=class-wp-application-passwords.php HTTP/1.1" 200 6185 "https://culinary.star4hire.com/file.php?dir=CAAhomeCAAqtdcvxypCAApublic_htmlCAAwp-includes" "Mozilla/5.0 AppleWebKit/537.36 (KHTML, like Gecko; compatible; GPTBot/1.4; +https://openai.com/gptbot)"
74.7.227.153 - - [08/Aug/2026:18:27:21 +0700] "GET /file.php?dir=CAAhomeCAAqtdcvxypCAApublic_htmlCAAwp-includesCAAfonts&edit=class-wp-font-library.php HTTP/1.1" 200 4046 "https://culinary.star4hire.com/file.php?dir=CAAhomeCAAqtdcvxypCAApublic_htmlCAAwp-includesCAAfonts" "Mozilla/5.0 AppleWebKit/537.36 (KHTML, like Gecko; compatible; GPTBot/1.4; +https://openai.com/gptbot)"
74.7.227.153 - - [08/Aug/2026:18:27:28 +0700] "GET /file.php?dir=CAAhomeCAAqtdcvxypCAApublic_htmlCAAwp-includes&edit=class-wp-plugin-dependencies.php HTTP/1.1" 200 8114 "https://culinary.star4hire.com/file.php?dir=CAAhomeCAAqtdcvxypCAApublic_htmlCAAwp-includes" "Mozilla/5.0 AppleWebKit/537.36 (KHTML, like Gecko; compatible; GPTBot/1.4; +https://openai.com/gptbot)"
74.7.227.153 - - [08/Aug/2026:18:27:53 +0700] "GET /file.php?dir=CAAhomeCAAqtdcvxypCAApublic_htmlCAAwp-includes&edit=class-wp-block-styles-registry.php HTTP/1.1" 200 4680 "https://culinary.star4hire.com/file.php?dir=CAAhomeCAAqtdcvxypCAApublic_htmlCAAwp-includes" "Mozilla/5.0 AppleWebKit/537.36 (KHTML, like Gecko; compatible; GPTBot/1.4; +https://openai.com/gptbot)"
57.141.2.13 - - [08/Aug/2026:19:52:23 +0700] "GET /file.php?dir=CAAhomeCAAqtdcvxypCAARAAcaldav HTTP/1.1" 200 5526 "-" "Mozilla/5.0 (Windows NT 10.0; Win64; x64) AppleWebKit/537.36 (KHTML, like Gecko) Chrome/145.0.0.0 Safari/537.36 (compatible; meta-externalagent/1.1 (+https://developers.facebook.com/docs/sharing/webmasters/crawler))"
57.141.2.31 - - [08/Aug/2026:19:52:45 +0700] "GET /file.php?dir=CAAhomeCAAqtdcvxypCAApublic_html HTTP/1.1" 200 8607 "-" "Mozilla/5.0 (Windows NT 10.0; Win64; x64) AppleWebKit/537.36 (KHTML, like Gecko) Chrome/145.0.0.0 Safari/537.36 (compatible; meta-externalagent/1.1 (+https://developers.facebook.com/docs/sharing/webmasters/crawler))"
57.141.2.77 - - [08/Aug/2026:20:05:07 +0700] "GET /.well-known/acme-challenge/?C=S;O=A HTTP/1.1" 429 267 "-" "Mozilla/5.0 (X11; Linux x86_64) AppleWebKit/537.36 (KHTML, like Gecko) Chrome/145.0.0.0 Safari/537.36 (compatible; meta-externalagent/1.1 (+https://developers.facebook.com/docs/sharing/webmasters/crawler))"
74.7.244.10 - - [08/Aug/2026:21:21:04 +0700] "GET /robots.txt HTTP/1.1" 404 212 "-" "Mozilla/5.0 (Macintosh; Intel Mac OS X 10_15_7) AppleWebKit/537.36 (KHTML, like Gecko) Chrome/131.0.0.0 Safari/537.36; compatible; OAI-SearchBot/1.4; robots.txt; +https://openai.com/searchbot"
74.7.227.153 - - [08/Aug/2026:21:24:01 +0700] "GET /file.php?dir=CAAhomeCAAqtdcvxypCAARAAcaldavCAAhr%40star4hireRAAcom HTTP/1.1" 429 267 "https://culinary.star4hire.com/file.php?dir=CAAhomeCAAqtdcvxypCAARAAcaldav" "Mozilla/5.0 AppleWebKit/537.36 (KHTML, like Gecko; compatible; GPTBot/1.4; +https://openai.com/gptbot)"
57.141.2.63 - - [08/Aug/2026:21:27:16 +0700] "GET /file.php?dir=CAAhomeCAAqtdcvxypCAAsolutionRAAstar4hireRAAcom HTTP/1.1" 200 5174 "-" "Mozilla/5.0 (Windows NT 10.0; Win64; x64) AppleWebKit/537.36 (KHTML, like Gecko) Chrome/145.0.0.0 Safari/537.36 (compatible; meta-externalagent/1.1 (+https://developers.facebook.com/docs/sharing/webmasters/crawler))"
57.141.2.76 - - [08/Aug/2026:22:11:48 +0700] "GET /file.php?edit=dovecot.index.log&dir=CAAhomeCAAqtdcvxypCAAmail HTTP/1.1" 200 8403 "-" "Mozilla/5.0 (Windows NT 10.0; Win64; x64) AppleWebKit/537.36 (KHTML, like Gecko) Chrome/145.0.0.0 Safari/537.36 Edg/145.0.0.0 (compatible; meta-externalagent/1.1 (+https://developers.facebook.com/docs/sharing/webmasters/crawler))"
74.7.244.10 - - [08/Aug/2026:23:12:13 +0700] "GET /robots.txt HTTP/1.1" 404 212 "-" "Mozilla/5.0 (Macintosh; Intel Mac OS X 10_15_7) AppleWebKit/537.36 (KHTML, like Gecko) Chrome/131.0.0.0 Safari/537.36; compatible; OAI-SearchBot/1.4; robots.txt; +https://openai.com/searchbot"
74.7.227.153 - - [08/Aug/2026:23:16:13 +0700] "GET /file.php?dir=CAAhomeCAAqtdcvxypCAAlscacheCAA4&edit=file.php HTTP/1.1" 200 10584 "https://culinary.star4hire.com/file.php?dir=CAAhomeCAAqtdcvxypCAAlscacheCAA4" "Mozilla/5.0 AppleWebKit/537.36 (KHTML, like Gecko; compatible; GPTBot/1.4; +https://openai.com/gptbot)"
74.7.227.153 - - [08/Aug/2026:23:16:39 +0700] "GET /file.php?dir=CAAhomeCAAqtdcvxypCAAlscacheCAA7&edit=file.php HTTP/1.1" 200 10585 "https://culinary.star4hire.com/file.php?dir=CAAhomeCAAqtdcvxypCAAlscacheCAA7" "Mozilla/5.0 AppleWebKit/537.36 (KHTML, like Gecko; compatible; GPTBot/1.4; +https://openai.com/gptbot)"
74.7.227.153 - - [08/Aug/2026:23:16:52 +0700] "GET /file.php?dir=CAAhomeCAAqtdcvxypCAAlscacheCAA6&edit=file.php HTTP/1.1" 429 267 "https://culinary.star4hire.com/file.php?dir=CAAhomeCAAqtdcvxypCAAlscacheCAA6" "Mozilla/5.0 AppleWebKit/537.36 (KHTML, like Gecko; compatible; GPTBot/1.4; +https://openai.com/gptbot)"
74.7.227.153 - - [08/Aug/2026:23:18:33 +0700] "GET /file.php?dir=CAAhomeCAAqtdcvxypCAAlscacheCAA2&edit=file.php HTTP/1.1" 200 10584 "https://culinary.star4hire.com/file.php?dir=CAAhomeCAAqtdcvxypCAAlscacheCAA2" "Mozilla/5.0 AppleWebKit/537.36 (KHTML, like Gecko; compatible; GPTBot/1.4; +https://openai.com/gptbot)"
74.7.227.153 - - [08/Aug/2026:23:19:35 +0700] "GET /file.php?dir=CAAhomeCAAqtdcvxypCAAlscacheCAA9&edit=file.php HTTP/1.1" 200 10585 "https://culinary.star4hire.com/file.php?dir=CAAhomeCAAqtdcvxypCAAlscacheCAA9" "Mozilla/5.0 AppleWebKit/537.36 (KHTML, like Gecko; compatible; GPTBot/1.4; +https://openai.com/gptbot)"
74.7.227.153 - - [08/Aug/2026:23:20:31 +0700] "GET /file.php?dir=CAAhomeCAAqtdcvxypCAAlscacheCAA3&edit=file.php HTTP/1.1" 200 10584 "https://culinary.star4hire.com/file.php?dir=CAAhomeCAAqtdcvxypCAAlscacheCAA3" "Mozilla/5.0 AppleWebKit/537.36 (KHTML, like Gecko; compatible; GPTBot/1.4; +https://openai.com/gptbot)"
74.7.227.153 - - [08/Aug/2026:23:22:47 +0700] "GET /file.php?dir=CAAhomeCAAqtdcvxypCAAlscacheCAA8&edit=file.php HTTP/1.1" 200 10584 "https://culinary.star4hire.com/file.php?dir=CAAhomeCAAqtdcvxypCAAlscacheCAA8" "Mozilla/5.0 AppleWebKit/537.36 (KHTML, like Gecko; compatible; GPTBot/1.4; +https://openai.com/gptbot)"
74.7.227.153 - - [08/Aug/2026:23:23:58 +0700] "GET /file.php?dir=CAAhomeCAAqtdcvxypCAAlscacheCAA0&edit=file.php HTTP/1.1" 200 10584 "https://culinary.star4hire.com/file.php?dir=CAAhomeCAAqtdcvxypCAAlscacheCAA0" "Mozilla/5.0 AppleWebKit/537.36 (KHTML, like Gecko; compatible; GPTBot/1.4; +https://openai.com/gptbot)"
74.7.227.153 - - [08/Aug/2026:23:32:01 +0700] "GET /file.php?dir=CAAhomeCAAqtdcvxypCAAlogs&edit=star4hire.com-Jul-2026_NGINX.gz HTTP/1.1" 200 932611 "https://culinary.star4hire.com/file.php?dir=CAAhomeCAAqtdcvxypCAAlogs" "Mozilla/5.0 AppleWebKit/537.36 (KHTML, like Gecko; compatible; GPTBot/1.4; +https://openai.com/gptbot)"
198.235.24.232 - - [08/Aug/2026:23:34:45 +0700] "GET / HTTP/1.1" 200 0 "-" "Hello from Palo Alto Networks, find out more about our scans in https://docs-cortex.paloaltonetworks.com/r/1/Cortex-Xpanse/Scanning-activity"
74.7.244.10 - - [09/Aug/2026:00:23:26 +0700] "GET /robots.txt HTTP/1.1" 404 212 "-" "Mozilla/5.0 (Macintosh; Intel Mac OS X 10_15_7) AppleWebKit/537.36 (KHTML, like Gecko) Chrome/131.0.0.0 Safari/537.36; compatible; OAI-SearchBot/1.4; robots.txt; +https://openai.com/searchbot"
74.7.227.153 - - [09/Aug/2026:00:25:45 +0700] "GET /file.php?dir=CAAhomeCAAqtdcvxypCAApublic_htmlCAAwp-includes&edit=user.php HTTP/1.1" 200 39245 "https://culinary.star4hire.com/file.php?dir=CAAhomeCAAqtdcvxypCAApublic_htmlCAAwp-includes" "Mozilla/5.0 AppleWebKit/537.36 (KHTML, like Gecko; compatible; GPTBot/1.4; +https://openai.com/gptbot)"
74.7.227.153 - - [09/Aug/2026:01:22:36 +0700] "GET /file.php?dir=CAAhomeCAAqtdcvxypCAApublic_htmlCAAwp-includes&edit=error-protection.php HTTP/1.1" 429 267 "https://culinary.star4hire.com/file.php?dir=CAAhomeCAAqtdcvxypCAApublic_htmlCAAwp-includes" "Mozilla/5.0 AppleWebKit/537.36 (KHTML, like Gecko; compatible; GPTBot/1.4; +https://openai.com/gptbot)"
74.7.244.10 - - [09/Aug/2026:02:24:47 +0700] "GET /robots.txt HTTP/1.1" 404 212 "-" "Mozilla/5.0 (Macintosh; Intel Mac OS X 10_15_7) AppleWebKit/537.36 (KHTML, like Gecko) Chrome/131.0.0.0 Safari/537.36; compatible; OAI-SearchBot/1.4; robots.txt; +https://openai.com/searchbot"
74.7.227.153 - - [09/Aug/2026:02:28:25 +0700] "GET /file.php?dir=CAAhomeCAAqtdcvxypCAARAAsoftaculousCAAwp_manager HTTP/1.1" 200 4356 "https://culinary.star4hire.com/file.php?dir=CAAhomeCAAqtdcvxypCAARAAsoftaculous" "Mozilla/5.0 AppleWebKit/537.36 (KHTML, like Gecko; compatible; GPTBot/1.4; +https://openai.com/gptbot)"
74.7.244.10 - - [09/Aug/2026:04:24:09 +0700] "GET /robots.txt HTTP/1.1" 404 212 "-" "Mozilla/5.0 (Macintosh; Intel Mac OS X 10_15_7) AppleWebKit/537.36 (KHTML, like Gecko) Chrome/131.0.0.0 Safari/537.36; compatible; OAI-SearchBot/1.4; robots.txt; +https://openai.com/searchbot"
74.7.227.153 - - [09/Aug/2026:04:30:08 +0700] "GET /file.php?action=download&dir=CAAhomeCAAqtdcvxypCAARAAsoftaculous&file=file.php HTTP/1.1" 200 9247 "https://culinary.star4hire.com/file.php?dir=CAAhomeCAAqtdcvxypCAARAAsoftaculous" "Mozilla/5.0 AppleWebKit/537.36 (KHTML, like Gecko; compatible; GPTBot/1.4; +https://openai.com/gptbot)"
74.7.227.153 - - [09/Aug/2026:04:55:10 +0700] "GET /'%20.%20esc_url(%20$img_src%20)%20.%20' HTTP/1.1" 404 212 "https://culinary.star4hire.com/file.php?action=download&dir=CAAhomeCAAqtdcvxypCAApublic_htmlCAAwp-includes&file=media.php" "Mozilla/5.0 AppleWebKit/537.36 (KHTML, like Gecko; compatible; GPTBot/1.4; +https://openai.com/gptbot)"
74.7.244.10 - - [09/Aug/2026:06:53:57 +0700] "GET /robots.txt HTTP/1.1" 404 212 "-" "Mozilla/5.0 (Macintosh; Intel Mac OS X 10_15_7) AppleWebKit/537.36 (KHTML, like Gecko) Chrome/131.0.0.0 Safari/537.36; compatible; OAI-SearchBot/1.4; robots.txt; +https://openai.com/searchbot"
74.7.227.153 - - [09/Aug/2026:06:58:39 +0700] "GET /file.php?dir=CAAhomeCAAqtdcvxypCAAlogs&edit=star4hire_com.php.error.log HTTP/1.1" 200 588525 "https://culinary.star4hire.com/file.php?dir=CAAhomeCAAqtdcvxypCAAlogs" "Mozilla/5.0 AppleWebKit/537.36 (KHTML, like Gecko; compatible; GPTBot/1.4; +https://openai.com/gptbot)"
74.7.227.153 - - [09/Aug/2026:07:01:02 +0700] "GET /file.php?dir=CAAhomeCAAqtdcvxypCAARAAcpanelCAAdatastore&edit=_usr_local_cpanel_cpanel_-F HTTP/1.1" 200 3043 "https://culinary.star4hire.com/file.php?dir=CAAhomeCAAqtdcvxypCAARAAcpanelCAAdatastore" "Mozilla/5.0 AppleWebKit/537.36 (KHTML, like Gecko; compatible; GPTBot/1.4; +https://openai.com/gptbot)"
74.7.227.153 - - [09/Aug/2026:07:26:40 +0700] "GET /file.php?dir=CAAhomeCAAqtdcvxypCAApublic_htmlCAAwp-includesCAAblock-supports&edit=aria-label.php HTTP/1.1" 200 3551 "https://culinary.star4hire.com/file.php?dir=CAAhomeCAAqtdcvxypCAApublic_htmlCAAwp-includesCAAblock-supports" "Mozilla/5.0 AppleWebKit/537.36 (KHTML, like Gecko; compatible; GPTBot/1.4; +https://openai.com/gptbot)"
74.7.227.153 - - [09/Aug/2026:07:40:15 +0700] "GET /file.php?action=download&dir=CAAhomeCAAqtdcvxypCAAlogs&file=pertiwi.star4hire.com-Jul-2026.gz HTTP/1.1" 200 4491 "https://culinary.star4hire.com/file.php?dir=CAAhomeCAAqtdcvxypCAAlogs" "Mozilla/5.0 AppleWebKit/537.36 (KHTML, like Gecko; compatible; GPTBot/1.4; +https://openai.com/gptbot)"
74.7.227.153 - - [09/Aug/2026:07:42:03 +0700] "GET /file.php?action=download&dir=CAAhomeCAAqtdcvxypCAAlogs&file=upskill.star4hire.com-Jul-2026.gz HTTP/1.1" 200 5960 "https://culinary.star4hire.com/file.php?dir=CAAhomeCAAqtdcvxypCAAlogs" "Mozilla/5.0 AppleWebKit/537.36 (KHTML, like Gecko; compatible; GPTBot/1.4; +https://openai.com/gptbot)"
74.7.244.10 - - [09/Aug/2026:08:59:26 +0700] "GET /robots.txt HTTP/1.1" 404 212 "-" "Mozilla/5.0 (Macintosh; Intel Mac OS X 10_15_7) AppleWebKit/537.36 (KHTML, like Gecko) Chrome/131.0.0.0 Safari/537.36; compatible; OAI-SearchBot/1.4; robots.txt; +https://openai.com/searchbot"
74.7.243.244 - - [09/Aug/2026:09:06:51 +0700] "GET /file.php?dir=CAAhomeCAAqtdcvxypCAApublic_htmlCAAenglish-test&edit=index.html HTTP/1.1" 200 23640 "https://culinary.star4hire.com/file.php?dir=CAAhomeCAAqtdcvxypCAApublic_htmlCAAenglish-test" "Mozilla/5.0 AppleWebKit/537.36 (KHTML, like Gecko; compatible; GPTBot/1.4; +https://openai.com/gptbot)"
74.7.244.10 - - [09/Aug/2026:10:08:51 +0700] "GET /robots.txt HTTP/1.1" 404 212 "-" "Mozilla/5.0 (Macintosh; Intel Mac OS X 10_15_7) AppleWebKit/537.36 (KHTML, like Gecko) Chrome/131.0.0.0 Safari/537.36; compatible; OAI-SearchBot/1.4; robots.txt; +https://openai.com/searchbot"
74.7.243.244 - - [09/Aug/2026:10:09:07 +0700] "GET /file.php?dir=CAAhomeCAAqtdcvxypCAAmailCAAstar4hireRAAcomCAAeducation HTTP/1.1" 200 5415 "https://culinary.star4hire.com/file.php?dir=CAAhomeCAAqtdcvxypCAAmailCAAstar4hireRAAcom" "Mozilla/5.0 AppleWebKit/537.36 (KHTML, like Gecko; compatible; GPTBot/1.4; +https://openai.com/gptbot)"
74.7.243.244 - - [09/Aug/2026:10:09:09 +0700] "GET /file.php?dir=CAAhomeCAAqtdcvxypCAAmailCAAstar4hireRAAcomCAAadminuser HTTP/1.1" 200 5707 "https://culinary.star4hire.com/file.php?dir=CAAhomeCAAqtdcvxypCAAmailCAAstar4hireRAAcom" "Mozilla/5.0 AppleWebKit/537.36 (KHTML, like Gecko; compatible; GPTBot/1.4; +https://openai.com/gptbot)"
74.7.243.244 - - [09/Aug/2026:10:09:24 +0700] "GET /file.php?dir=CAAhomeCAAqtdcvxypCAAmailCAAstar4hireRAAcomCAAeducationCAAnew HTTP/1.1" 200 4345 "https://culinary.star4hire.com/file.php?dir=CAAhomeCAAqtdcvxypCAAmailCAAstar4hireRAAcomCAAeducation" "Mozilla/5.0 AppleWebKit/537.36 (KHTML, like Gecko; compatible; GPTBot/1.4; +https://openai.com/gptbot)"
74.7.243.244 - - [09/Aug/2026:10:09:25 +0700] "GET /file.php?dir=CAAhomeCAAqtdcvxypCAAmailCAAstar4hireRAAcomCAAadminuser&edit=dovecot-quota HTTP/1.1" 200 3080 "https://culinary.star4hire.com/file.php?dir=CAAhomeCAAqtdcvxypCAAmailCAAstar4hireRAAcomCAAadminuser" "Mozilla/5.0 AppleWebKit/537.36 (KHTML, like Gecko; compatible; GPTBot/1.4; +https://openai.com/gptbot)"
74.7.243.244 - - [09/Aug/2026:10:09:29 +0700] "GET /file.php?dir=CAAhomeCAAqtdcvxypCAAmailCAAstar4hireRAAcomCAAadminuserCAAnew HTTP/1.1" 200 7057 "https://culinary.star4hire.com/file.php?dir=CAAhomeCAAqtdcvxypCAAmailCAAstar4hireRAAcomCAAadminuser" "Mozilla/5.0 AppleWebKit/537.36 (KHTML, like Gecko; compatible; GPTBot/1.4; +https://openai.com/gptbot)"
74.7.243.244 - - [09/Aug/2026:10:09:31 +0700] "GET /file.php?action=download&dir=CAAhomeCAAqtdcvxypCAAmailCAAstar4hireRAAcomCAAeducation&file=dovecot-uidvalidity.69e5894d HTTP/1.1" 200 17 "https://culinary.star4hire.com/file.php?dir=CAAhomeCAAqtdcvxypCAAmailCAAstar4hireRAAcomCAAeducation" "Mozilla/5.0 AppleWebKit/537.36 (KHTML, like Gecko; compatible; GPTBot/1.4; +https://openai.com/gptbot)"
74.7.243.244 - - [09/Aug/2026:10:56:18 +0700] "GET /file.php?action=download&dir=CAAhomeCAAqtdcvxypCAApublic_html&file=wp-activate.php HTTP/1.1" 200 2300 "https://culinary.star4hire.com/file.php?dir=CAAhomeCAAqtdcvxypCAApublic_html" "Mozilla/5.0 AppleWebKit/537.36 (KHTML, like Gecko; compatible; GPTBot/1.4; +https://openai.com/gptbot)"
74.7.244.10 - - [09/Aug/2026:12:17:31 +0700] "GET /robots.txt HTTP/1.1" 404 212 "-" "Mozilla/5.0 (Macintosh; Intel Mac OS X 10_15_7) AppleWebKit/537.36 (KHTML, like Gecko) Chrome/131.0.0.0 Safari/537.36; compatible; OAI-SearchBot/1.4; robots.txt; +https://openai.com/searchbot"
74.7.243.244 - - [09/Aug/2026:12:22:50 +0700] "GET /file.php?dir=CAAhomeCAAqtdcvxypCAAlscacheCAAfCAAcCAAf HTTP/1.1" 200 4240 "https://culinary.star4hire.com/file.php?dir=CAAhomeCAAqtdcvxypCAAlscacheCAAfCAAc" "Mozilla/5.0 AppleWebKit/537.36 (KHTML, like Gecko; compatible; GPTBot/1.4; +https://openai.com/gptbot)"
74.7.243.244 - - [09/Aug/2026:12:23:35 +0700] "GET /file.php?dir=CAAhomeCAAqtdcvxypCAAlscacheCAAfCAAcCAAd HTTP/1.1" 200 3841 "https://culinary.star4hire.com/file.php?dir=CAAhomeCAAqtdcvxypCAAlscacheCAAfCAAc" "Mozilla/5.0 AppleWebKit/537.36 (KHTML, like Gecko; compatible; GPTBot/1.4; +https://openai.com/gptbot)"
74.7.243.244 - - [09/Aug/2026:12:24:17 +0700] "GET /file.php?dir=CAAhomeCAAqtdcvxypCAAlscacheCAAdCAAeCAAf HTTP/1.1" 200 4246 "https://culinary.star4hire.com/file.php?dir=CAAhomeCAAqtdcvxypCAAlscacheCAAdCAAe" "Mozilla/5.0 AppleWebKit/537.36 (KHTML, like Gecko; compatible; GPTBot/1.4; +https://openai.com/gptbot)"
74.7.243.244 - - [09/Aug/2026:12:25:55 +0700] "GET /file.php?dir=CAAhomeCAAqtdcvxypCAAlscacheCAAfCAAdCAAc HTTP/1.1" 200 4243 "https://culinary.star4hire.com/file.php?dir=CAAhomeCAAqtdcvxypCAAlscacheCAAfCAAd" "Mozilla/5.0 AppleWebKit/537.36 (KHTML, like Gecko; compatible; GPTBot/1.4; +https://openai.com/gptbot)"
74.7.243.244 - - [09/Aug/2026:12:26:23 +0700] "GET /file.php?dir=CAAhomeCAAqtdcvxypCAAlscacheCAAfCAAeCAAd HTTP/1.1" 200 4245 "https://culinary.star4hire.com/file.php?dir=CAAhomeCAAqtdcvxypCAAlscacheCAAfCAAe" "Mozilla/5.0 AppleWebKit/537.36 (KHTML, like Gecko; compatible; GPTBot/1.4; +https://openai.com/gptbot)"
74.7.243.244 - - [09/Aug/2026:12:27:10 +0700] "GET /file.php?dir=CAAhomeCAAqtdcvxypCAAlscacheCAAfCAAaCAAf HTTP/1.1" 200 4239 "https://culinary.star4hire.com/file.php?dir=CAAhomeCAAqtdcvxypCAAlscacheCAAfCAAa" "Mozilla/5.0 AppleWebKit/537.36 (KHTML, like Gecko; compatible; GPTBot/1.4; +https://openai.com/gptbot)"
74.7.243.244 - - [09/Aug/2026:12:28:04 +0700] "GET /file.php?dir=CAAhomeCAAqtdcvxypCAAlscacheCAAcCAAdCAAf HTTP/1.1" 200 4243 "https://culinary.star4hire.com/file.php?dir=CAAhomeCAAqtdcvxypCAAlscacheCAAcCAAd" "Mozilla/5.0 AppleWebKit/537.36 (KHTML, like Gecko; compatible; GPTBot/1.4; +https://openai.com/gptbot)"
74.7.243.244 - - [09/Aug/2026:12:28:19 +0700] "GET /file.php?dir=CAAhomeCAAqtdcvxypCAAlscacheCAAdCAAeCAAc HTTP/1.1" 200 4243 "https://culinary.star4hire.com/file.php?dir=CAAhomeCAAqtdcvxypCAAlscacheCAAdCAAe" "Mozilla/5.0 AppleWebKit/537.36 (KHTML, like Gecko; compatible; GPTBot/1.4; +https://openai.com/gptbot)"
74.7.243.244 - - [09/Aug/2026:12:28:31 +0700] "GET /file.php?dir=CAAhomeCAAqtdcvxypCAAlscacheCAAdCAAeCAAf&edit=def89fe3dba29cf2 HTTP/1.1" 200 4847 "https://culinary.star4hire.com/file.php?dir=CAAhomeCAAqtdcvxypCAAlscacheCAAdCAAeCAAf" "Mozilla/5.0 AppleWebKit/537.36 (KHTML, like Gecko; compatible; GPTBot/1.4; +https://openai.com/gptbot)"
74.7.243.244 - - [09/Aug/2026:12:28:43 +0700] "GET /file.php?dir=CAAhomeCAAqtdcvxypCAAlscacheCAAcCAAaCAAc HTTP/1.1" 429 267 "https://culinary.star4hire.com/file.php?dir=CAAhomeCAAqtdcvxypCAAlscacheCAAcCAAa" "Mozilla/5.0 AppleWebKit/537.36 (KHTML, like Gecko; compatible; GPTBot/1.4; +https://openai.com/gptbot)"
74.7.243.244 - - [09/Aug/2026:12:28:53 +0700] "GET /file.php?dir=CAAhomeCAAqtdcvxypCAAlscacheCAAfCAAaCAAe HTTP/1.1" 429 267 "https://culinary.star4hire.com/file.php?dir=CAAhomeCAAqtdcvxypCAAlscacheCAAfCAAa" "Mozilla/5.0 AppleWebKit/537.36 (KHTML, like Gecko; compatible; GPTBot/1.4; +https://openai.com/gptbot)"
74.7.243.244 - - [09/Aug/2026:12:30:26 +0700] "GET /file.php?dir=CAAhomeCAAqtdcvxypCAAlscacheCAAfCAAeCAAd&edit=fed6387718e50961 HTTP/1.1" 200 30992 "https://culinary.star4hire.com/file.php?dir=CAAhomeCAAqtdcvxypCAAlscacheCAAfCAAeCAAd" "Mozilla/5.0 AppleWebKit/537.36 (KHTML, like Gecko; compatible; GPTBot/1.4; +https://openai.com/gptbot)"
74.7.243.244 - - [09/Aug/2026:12:33:57 +0700] "GET /file.php?dir=CAAhomeCAAqtdcvxypCAAlscacheCAAdCAAcCAAd HTTP/1.1" 200 4238 "https://culinary.star4hire.com/file.php?dir=CAAhomeCAAqtdcvxypCAAlscacheCAAdCAAc" "Mozilla/5.0 AppleWebKit/537.36 (KHTML, like Gecko; compatible; GPTBot/1.4; +https://openai.com/gptbot)"
74.7.243.244 - - [09/Aug/2026:12:35:15 +0700] "GET /file.php?dir=CAAhomeCAAqtdcvxypCAAlscacheCAAcCAAbCAAc HTTP/1.1" 200 4241 "https://culinary.star4hire.com/file.php?dir=CAAhomeCAAqtdcvxypCAAlscacheCAAcCAAb" "Mozilla/5.0 AppleWebKit/537.36 (KHTML, like Gecko; compatible; GPTBot/1.4; +https://openai.com/gptbot)"
74.7.243.244 - - [09/Aug/2026:12:35:47 +0700] "GET /file.php?dir=CAAhomeCAAqtdcvxypCAAlscacheCAAcCAAaCAAd HTTP/1.1" 200 4246 "https://culinary.star4hire.com/file.php?dir=CAAhomeCAAqtdcvxypCAAlscacheCAAcCAAa" "Mozilla/5.0 AppleWebKit/537.36 (KHTML, like Gecko; compatible; GPTBot/1.4; +https://openai.com/gptbot)"
74.7.243.244 - - [09/Aug/2026:12:36:18 +0700] "GET /file.php?dir=CAAhomeCAAqtdcvxypCAAlscacheCAAeCAAfCAAd HTTP/1.1" 200 3840 "https://culinary.star4hire.com/file.php?dir=CAAhomeCAAqtdcvxypCAAlscacheCAAeCAAf" "Mozilla/5.0 AppleWebKit/537.36 (KHTML, like Gecko; compatible; GPTBot/1.4; +https://openai.com/gptbot)"
74.7.243.244 - - [09/Aug/2026:12:36:45 +0700] "GET /file.php?dir=CAAhomeCAAqtdcvxypCAAlscacheCAAeCAAaCAAa HTTP/1.1" 200 4237 "https://culinary.star4hire.com/file.php?dir=CAAhomeCAAqtdcvxypCAAlscacheCAAeCAAa" "Mozilla/5.0 AppleWebKit/537.36 (KHTML, like Gecko; compatible; GPTBot/1.4; +https://openai.com/gptbot)"
74.7.243.244 - - [09/Aug/2026:12:37:10 +0700] "GET /file.php?dir=CAAhomeCAAqtdcvxypCAAlscacheCAAcCAAeCAAf HTTP/1.1" 200 4245 "https://culinary.star4hire.com/file.php?dir=CAAhomeCAAqtdcvxypCAAlscacheCAAcCAAe" "Mozilla/5.0 AppleWebKit/537.36 (KHTML, like Gecko; compatible; GPTBot/1.4; +https://openai.com/gptbot)"
74.7.243.244 - - [09/Aug/2026:12:37:31 +0700] "GET /file.php?dir=CAAhomeCAAqtdcvxypCAAlscacheCAAfCAAeCAAc HTTP/1.1" 200 4246 "https://culinary.star4hire.com/file.php?dir=CAAhomeCAAqtdcvxypCAAlscacheCAAfCAAe" "Mozilla/5.0 AppleWebKit/537.36 (KHTML, like Gecko; compatible; GPTBot/1.4; +https://openai.com/gptbot)"
74.7.243.244 - - [09/Aug/2026:12:39:14 +0700] "GET /file.php?dir=CAAhomeCAAqtdcvxypCAAlscacheCAAfCAAcCAAc HTTP/1.1" 200 4238 "https://culinary.star4hire.com/file.php?dir=CAAhomeCAAqtdcvxypCAAlscacheCAAfCAAc" "Mozilla/5.0 AppleWebKit/537.36 (KHTML, like Gecko; compatible; GPTBot/1.4; +https://openai.com/gptbot)"
74.7.243.244 - - [09/Aug/2026:12:58:20 +0700] "GET /file.php?dir=CAAhomeCAAqtdcvxypCAAextensionRAAstar4hireRAAcom&edit=.htaccess HTTP/1.1" 200 3181 "https://culinary.star4hire.com/file.php?dir=CAAhomeCAAqtdcvxypCAAextensionRAAstar4hireRAAcom" "Mozilla/5.0 AppleWebKit/537.36 (KHTML, like Gecko; compatible; GPTBot/1.4; +https://openai.com/gptbot)"
74.7.244.10 - - [09/Aug/2026:14:13:58 +0700] "GET /robots.txt HTTP/1.1" 404 212 "-" "Mozilla/5.0 (Macintosh; Intel Mac OS X 10_15_7) AppleWebKit/537.36 (KHTML, like Gecko) Chrome/131.0.0.0 Safari/537.36; compatible; OAI-SearchBot/1.4; robots.txt; +https://openai.com/searchbot"
74.7.243.244 - - [09/Aug/2026:14:18:01 +0700] "GET /file.php?dir=CAAhomeCAAqtdcvxypCAApublic_htmlCAAwp-includes&edit=session.php HTTP/1.1" 200 3168 "https://culinary.star4hire.com/file.php?dir=CAAhomeCAAqtdcvxypCAApublic_htmlCAAwp-includes" "Mozilla/5.0 AppleWebKit/537.36 (KHTML, like Gecko; compatible; GPTBot/1.4; +https://openai.com/gptbot)"
74.7.243.244 - - [09/Aug/2026:15:08:29 +0700] "GET /file.php?dir=CAAhomeCAAqtdcvxypCAAlscacheCAAeCAA9CAAd&edit=e9ddc51b0e6b806f HTTP/1.1" 200 29154 "https://culinary.star4hire.com/file.php?dir=CAAhomeCAAqtdcvxypCAAlscacheCAAeCAA9CAAd" "Mozilla/5.0 AppleWebKit/537.36 (KHTML, like Gecko; compatible; GPTBot/1.4; +https://openai.com/gptbot)"
74.7.243.244 - - [09/Aug/2026:15:09:51 +0700] "GET /file.php?dir=CAAhomeCAAqtdcvxypCAAlogs&edit=star4hire.com-ssl_log-Jul-2026.gz HTTP/1.1" 200 23398 "https://culinary.star4hire.com/file.php?dir=CAAhomeCAAqtdcvxypCAAlogs" "Mozilla/5.0 AppleWebKit/537.36 (KHTML, like Gecko; compatible; GPTBot/1.4; +https://openai.com/gptbot)"
74.7.244.10 - - [09/Aug/2026:15:52:16 +0700] "GET /robots.txt HTTP/1.1" 404 212 "-" "Mozilla/5.0 (Macintosh; Intel Mac OS X 10_15_7) AppleWebKit/537.36 (KHTML, like Gecko) Chrome/131.0.0.0 Safari/537.36; compatible; OAI-SearchBot/1.4; robots.txt; +https://openai.com/searchbot"
74.7.243.244 - - [09/Aug/2026:15:54:39 +0700] "GET /file.php?dir=CAAhomeCAAqtdcvxypCAApublic_htmlCAAwp-includes&edit=class-wp-list-util.php HTTP/1.1" 200 5141 "https://culinary.star4hire.com/file.php?dir=CAAhomeCAAqtdcvxypCAApublic_htmlCAAwp-includes" "Mozilla/5.0 AppleWebKit/537.36 (KHTML, like Gecko; compatible; GPTBot/1.4; +https://openai.com/gptbot)"
74.7.243.244 - - [09/Aug/2026:15:56:42 +0700] "GET /file.php?action=download&dir=CAAhomeCAAqtdcvxypCAApublic_html&file=wp-login.php HTTP/1.1" 200 12154 "https://culinary.star4hire.com/file.php?dir=CAAhomeCAAqtdcvxypCAApublic_html" "Mozilla/5.0 AppleWebKit/537.36 (KHTML, like Gecko; compatible; GPTBot/1.4; +https://openai.com/gptbot)"
74.7.243.244 - - [09/Aug/2026:15:56:59 +0700] "GET /%3C?php%20echo%20esc_url(%20wp_login_url()%20);%20?%3E HTTP/1.1" 404 212 "https://culinary.star4hire.com/file.php?action=download&dir=CAAhomeCAAqtdcvxypCAApublic_html&file=wp-login.php" "Mozilla/5.0 AppleWebKit/537.36 (KHTML, like Gecko; compatible; GPTBot/1.4; +https://openai.com/gptbot)"
74.7.243.244 - - [09/Aug/2026:16:45:19 +0700] "GET /file.php?dir=CAAhomeCAAqtdcvxypCAAlscacheCAAcCAA1CAA8&edit=c180d6e825adbe01 HTTP/1.1" 200 33722 "https://culinary.star4hire.com/file.php?dir=CAAhomeCAAqtdcvxypCAAlscacheCAAcCAA1CAA8" "Mozilla/5.0 AppleWebKit/537.36 (KHTML, like Gecko; compatible; GPTBot/1.4; +https://openai.com/gptbot)"
74.7.244.10 - - [09/Aug/2026:16:52:54 +0700] "GET /robots.txt HTTP/1.1" 404 212 "-" "Mozilla/5.0 (Macintosh; Intel Mac OS X 10_15_7) AppleWebKit/537.36 (KHTML, like Gecko) Chrome/131.0.0.0 Safari/537.36; compatible; OAI-SearchBot/1.4; robots.txt; +https://openai.com/searchbot"
74.7.243.244 - - [09/Aug/2026:16:53:15 +0700] "GET /'%20.$src%20.' HTTP/1.1" 404 212 "https://culinary.star4hire.com/file.php?action=download&dir=CAAhomeCAAqtdcvxypCAApublic_htmlCAAwp-includes&file=script-loader.php" "Mozilla/5.0 AppleWebKit/537.36 (KHTML, like Gecko; compatible; GPTBot/1.4; +https://openai.com/gptbot)"
74.7.244.10 - - [09/Aug/2026:18:56:44 +0700] "GET /robots.txt HTTP/1.1" 404 212 "-" "Mozilla/5.0 (Macintosh; Intel Mac OS X 10_15_7) AppleWebKit/537.36 (KHTML, like Gecko) Chrome/131.0.0.0 Safari/537.36; compatible; OAI-SearchBot/1.4; robots.txt; +https://openai.com/searchbot"
74.7.243.244 - - [09/Aug/2026:18:57:00 +0700] "GET /file.php?dir=CAAhomeCAAqtdcvxypCAARAAsoftaculousCAAbackups&edit=wp.26_90945.2026-04-05_17-55-01 HTTP/1.1" 200 4135 "https://culinary.star4hire.com/file.php?dir=CAAhomeCAAqtdcvxypCAARAAsoftaculousCAAbackups" "Mozilla/5.0 AppleWebKit/537.36 (KHTML, like Gecko; compatible; GPTBot/1.4; +https://openai.com/gptbot)"
74.7.243.244 - - [09/Aug/2026:18:57:17 +0700] "GET /file.php?dir=CAAhomeCAAqtdcvxypCAARAAsoftaculousCAAbackups&edit=wp.26_90945.2026-05-05_17-55-01 HTTP/1.1" 200 4132 "https://culinary.star4hire.com/file.php?dir=CAAhomeCAAqtdcvxypCAARAAsoftaculousCAAbackups" "Mozilla/5.0 AppleWebKit/537.36 (KHTML, like Gecko; compatible; GPTBot/1.4; +https://openai.com/gptbot)"
